Apr 15 02:09:03.647122 np0000166345 devstack@g-api.service[116111]: DEBUG oslo_db.sqlalchemy.engines [None req-e3144e65-4d81-4d61-9c59-8eb3de571868 None None] MySQL server mode set to STRICT_TRANS_TABLES,STRICT_ALL_TABLES,NO_ZERO_IN_DATE,NO_ZERO_DATE,ERROR_FOR_DIVISION_BY_ZERO,TRADITIONAL,NO_ENGINE_SUBSTITUTION {{(pid=116111) _check_effective_sql_mode /opt/stack/data/venv/lib/python3.12/site-packages/oslo_db/sqlalchemy/engines.py:325}}
Apr 15 02:09:03.648014 np0000166345 devstack@g-api.service[116109]: DEBUG glance.image_cache.drivers.centralized_db [None req-c44796ee-08f2-4fb7-b5db-a89361c59011 None None] Node reference is already recorded, ignoring it {{(pid=116109) configure /opt/stack/glance/glance/image_cache/drivers/centralized_db.py:71}}
Apr 15 02:09:03.650688 np0000166345 devstack@g-api.service[116110]: DEBUG glance.image_cache.drivers.centralized_db [None req-87d99ae5-fd7e-43a9-b8a4-e9feae7826ff None None] Node reference is already recorded, ignoring it {{(pid=116110) configure /opt/stack/glance/glance/image_cache/drivers/centralized_db.py:71}}
Apr 15 02:09:03.653862 np0000166345 devstack@g-api.service[116112]: DEBUG glance.api.v2.cached_images [None req-dd99504d-ba10-4eef-b27f-e7d329b78581 None None] Started cache worker thread {{(pid=116112) __init__ /opt/stack/glance/glance/api/v2/cached_images.py:69}}
Apr 15 02:09:03.654602 np0000166345 devstack@g-api.service[116109]: DEBUG glance.api.v2.cached_images [None req-c44796ee-08f2-4fb7-b5db-a89361c59011 None None] Started cache worker thread {{(pid=116109) __init__ /opt/stack/glance/glance/api/v2/cached_images.py:69}}
Apr 15 02:09:03.654678 np0000166345 devstack@g-api.service[116112]: INFO glance.image_cache [None req-dd99504d-ba10-4eef-b27f-e7d329b78581 None None] Image cache loaded driver 'centralized_db'.
Apr 15 02:09:03.655287 np0000166345 devstack@g-api.service[116109]: INFO glance.image_cache [None req-c44796ee-08f2-4fb7-b5db-a89361c59011 None None] Image cache loaded driver 'centralized_db'.
Apr 15 02:09:03.657275 np0000166345 devstack@g-api.service[116110]: DEBUG glance.api.v2.cached_images [None req-87d99ae5-fd7e-43a9-b8a4-e9feae7826ff None None] Started cache worker thread {{(pid=116110) __init__ /opt/stack/glance/glance/api/v2/cached_images.py:69}}
Apr 15 02:09:03.657971 np0000166345 devstack@g-api.service[116110]: INFO glance.image_cache [None req-87d99ae5-fd7e-43a9-b8a4-e9feae7826ff None None] Image cache loaded driver 'centralized_db'.
Apr 15 02:09:03.664394 np0000166345 devstack@g-api.service[116112]: DEBUG glance.image_cache.drivers.centralized_db [None req-dd99504d-ba10-4eef-b27f-e7d329b78581 None None] Node reference is already recorded, ignoring it {{(pid=116112) configure /opt/stack/glance/glance/image_cache/drivers/centralized_db.py:71}}
Apr 15 02:09:03.665404 np0000166345 devstack@g-api.service[116109]: DEBUG glance.image_cache.drivers.centralized_db [None req-c44796ee-08f2-4fb7-b5db-a89361c59011 None None] Node reference is already recorded, ignoring it {{(pid=116109) configure /opt/stack/glance/glance/image_cache/drivers/centralized_db.py:71}}
Apr 15 02:09:03.667066 np0000166345 devstack@g-api.service[116110]: DEBUG glance.image_cache.drivers.centralized_db [None req-87d99ae5-fd7e-43a9-b8a4-e9feae7826ff None None] Node reference is already recorded, ignoring it {{(pid=116110) configure /opt/stack/glance/glance/image_cache/drivers/centralized_db.py:71}}
Apr 15 02:09:03.670471 np0000166345 devstack@g-api.service[116109]: INFO glance.api.middleware.cache_manage [None req-c44796ee-08f2-4fb7-b5db-a89361c59011 None None] Initialized image cache management middleware
Apr 15 02:09:03.670685 np0000166345 devstack@g-api.service[116109]: INFO glance.image_cache [None req-c44796ee-08f2-4fb7-b5db-a89361c59011 None None] Image cache loaded driver 'centralized_db'.
Apr 15 02:09:03.673040 np0000166345 devstack@g-api.service[116110]: INFO glance.api.middleware.cache_manage [None req-87d99ae5-fd7e-43a9-b8a4-e9feae7826ff None None] Initialized image cache management middleware
Apr 15 02:09:03.673237 np0000166345 devstack@g-api.service[116110]: INFO glance.image_cache [None req-87d99ae5-fd7e-43a9-b8a4-e9feae7826ff None None] Image cache loaded driver 'centralized_db'.
Apr 15 02:09:03.673355 np0000166345 devstack@g-api.service[116112]: INFO glance.api.middleware.cache_manage [None req-dd99504d-ba10-4eef-b27f-e7d329b78581 None None] Initialized image cache management middleware
Apr 15 02:09:03.673600 np0000166345 devstack@g-api.service[116111]: DEBUG dbcounter [-] [116111] Writer thread running {{(pid=116111) stat_writer /opt/stack/data/venv/lib/python3.12/site-packages/dbcounter.py:102}}
Apr 15 02:09:03.673715 np0000166345 devstack@g-api.service[116112]: INFO glance.image_cache [None req-dd99504d-ba10-4eef-b27f-e7d329b78581 None None] Image cache loaded driver 'centralized_db'.
Apr 15 02:09:03.677765 np0000166345 devstack@g-api.service[116111]: DEBUG glance.image_cache.drivers.centralized_db [None req-e3144e65-4d81-4d61-9c59-8eb3de571868 None None] Node reference is already recorded, ignoring it {{(pid=116111) configure /opt/stack/glance/glance/image_cache/drivers/centralized_db.py:71}}
Apr 15 02:09:03.681906 np0000166345 devstack@g-api.service[116109]: DEBUG glance.image_cache.drivers.centralized_db [None req-c44796ee-08f2-4fb7-b5db-a89361c59011 None None] Node reference is already recorded, ignoring it {{(pid=116109) configure /opt/stack/glance/glance/image_cache/drivers/centralized_db.py:71}}
Apr 15 02:09:03.686104 np0000166345 devstack@g-api.service[116111]: INFO glance.image_cache [None req-e3144e65-4d81-4d61-9c59-8eb3de571868 None None] Image cache loaded driver 'centralized_db'.
Apr 15 02:09:03.686418 np0000166345 devstack@g-api.service[116109]: INFO glance.api.middleware.cache [None req-c44796ee-08f2-4fb7-b5db-a89361c59011 None None] Initialized image cache middleware
Apr 15 02:09:03.694147 np0000166345 devstack@g-api.service[116112]: DEBUG glance.image_cache.drivers.centralized_db [None req-dd99504d-ba10-4eef-b27f-e7d329b78581 None None] Node reference is already recorded, ignoring it {{(pid=116112) configure /opt/stack/glance/glance/image_cache/drivers/centralized_db.py:71}}
Apr 15 02:09:03.694303 np0000166345 devstack@g-api.service[116110]: DEBUG glance.image_cache.drivers.centralized_db [None req-87d99ae5-fd7e-43a9-b8a4-e9feae7826ff None None] Node reference is already recorded, ignoring it {{(pid=116110) configure /opt/stack/glance/glance/image_cache/drivers/centralized_db.py:71}}
Apr 15 02:09:03.695320 np0000166345 devstack@g-api.service[116109]: WARNING keystonemiddleware.auth_token [None req-c44796ee-08f2-4fb7-b5db-a89361c59011 None None] AuthToken middleware is set with keystone_authtoken.service_token_roles_required set to False. This is backwards compatible but deprecated behaviour. Please set this to True.
Apr 15 02:09:03.698657 np0000166345 devstack@g-api.service[116111]: DEBUG glance.image_cache.drivers.centralized_db [None req-e3144e65-4d81-4d61-9c59-8eb3de571868 None None] Node reference is already recorded, ignoring it {{(pid=116111) configure /opt/stack/glance/glance/image_cache/drivers/centralized_db.py:71}}
Apr 15 02:09:03.701248 np0000166345 devstack@g-api.service[116109]: DEBUG glance.common.config [None req-c44796ee-08f2-4fb7-b5db-a89361c59011 None None] ******************************************************************************** {{(pid=116109) log_opt_values /opt/stack/data/venv/lib/python3.12/site-packages/oslo_config/cfg.py:2979}}
Apr 15 02:09:03.701378 np0000166345 devstack@g-api.service[116109]: DEBUG glance.common.config [None req-c44796ee-08f2-4fb7-b5db-a89361c59011 None None] Configuration options gathered from: {{(pid=116109) log_opt_values /opt/stack/data/venv/lib/python3.12/site-packages/oslo_config/cfg.py:2980}}
Apr 15 02:09:03.701754 np0000166345 devstack@g-api.service[116109]: DEBUG glance.common.config [None req-c44796ee-08f2-4fb7-b5db-a89361c59011 None None] command line args: [] {{(pid=116109) log_opt_values /opt/stack/data/venv/lib/python3.12/site-packages/oslo_config/cfg.py:2981}}
Apr 15 02:09:03.701883 np0000166345 devstack@g-api.service[116109]: DEBUG glance.common.config [None req-c44796ee-08f2-4fb7-b5db-a89361c59011 None None] config files: ['/etc/glance/glance-image-import.conf', '/etc/glance/glance-api.conf'] {{(pid=116109) log_opt_values /opt/stack/data/venv/lib/python3.12/site-packages/oslo_config/cfg.py:2982}}
Apr 15 02:09:03.701962 np0000166345 devstack@g-api.service[116109]: DEBUG glance.common.config [None req-c44796ee-08f2-4fb7-b5db-a89361c59011 None None] ================================================================================ {{(pid=116109) log_opt_values /opt/stack/data/venv/lib/python3.12/site-packages/oslo_config/cfg.py:2987}}
Apr 15 02:09:03.702086 np0000166345 devstack@g-api.service[116109]: DEBUG glance.common.config [None req-c44796ee-08f2-4fb7-b5db-a89361c59011 None None] allow_anonymous_access = False {{(pid=116109) log_opt_values /opt/stack/data/venv/lib/python3.12/site-packages/oslo_config/cfg.py:2995}}
Apr 15 02:09:03.702185 np0000166345 devstack@g-api.service[116109]: DEBUG glance.common.config [None req-c44796ee-08f2-4fb7-b5db-a89361c59011 None None] api_limit_max = 1000 {{(pid=116109) log_opt_values /opt/stack/data/venv/lib/python3.12/site-packages/oslo_config/cfg.py:2995}}
Apr 15 02:09:03.702301 np0000166345 devstack@g-api.service[116109]: DEBUG glance.common.config [None req-c44796ee-08f2-4fb7-b5db-a89361c59011 None None] backlog = 4096 {{(pid=116109) log_opt_values /opt/stack/data/venv/lib/python3.12/site-packages/oslo_config/cfg.py:2995}}
Apr 15 02:09:03.702344 np0000166345 devstack@g-api.service[116110]: INFO glance.api.middleware.cache [None req-87d99ae5-fd7e-43a9-b8a4-e9feae7826ff None None] Initialized image cache middleware
Apr 15 02:09:03.702440 np0000166345 devstack@g-api.service[116109]: DEBUG glance.common.config [None req-c44796ee-08f2-4fb7-b5db-a89361c59011 None None] bind_host = 0.0.0.0 {{(pid=116109) log_opt_values /opt/stack/data/venv/lib/python3.12/site-packages/oslo_config/cfg.py:2995}}
Apr 15 02:09:03.702555 np0000166345 devstack@g-api.service[116109]: DEBUG glance.common.config [None req-c44796ee-08f2-4fb7-b5db-a89361c59011 None None] bind_port = 19292 {{(pid=116109) log_opt_values /opt/stack/data/venv/lib/python3.12/site-packages/oslo_config/cfg.py:2995}}
Apr 15 02:09:03.702658 np0000166345 devstack@g-api.service[116109]: DEBUG glance.common.config [None req-c44796ee-08f2-4fb7-b5db-a89361c59011 None None] client_socket_timeout = 900 {{(pid=116109) log_opt_values /opt/stack/data/venv/lib/python3.12/site-packages/oslo_config/cfg.py:2995}}
Apr 15 02:09:03.702763 np0000166345 devstack@g-api.service[116109]: DEBUG glance.common.config [None req-c44796ee-08f2-4fb7-b5db-a89361c59011 None None] config_dir = [] {{(pid=116109) log_opt_values /opt/stack/data/venv/lib/python3.12/site-packages/oslo_config/cfg.py:2995}}
Apr 15 02:09:03.702843 np0000166345 devstack@g-api.service[116109]: DEBUG glance.common.config [None req-c44796ee-08f2-4fb7-b5db-a89361c59011 None None] config_file = ['/etc/glance/glance-image-import.conf', '/etc/glance/glance-api.conf'] {{(pid=116109) log_opt_values /opt/stack/data/venv/lib/python3.12/site-packages/oslo_config/cfg.py:2995}}
Apr 15 02:09:03.702899 np0000166345 devstack@g-api.service[116112]: INFO glance.api.middleware.cache [None req-dd99504d-ba10-4eef-b27f-e7d329b78581 None None] Initialized image cache middleware
Apr 15 02:09:03.702950 np0000166345 devstack@g-api.service[116109]: DEBUG glance.common.config [None req-c44796ee-08f2-4fb7-b5db-a89361c59011 None None] config_source = [] {{(pid=116109) log_opt_values /opt/stack/data/venv/lib/python3.12/site-packages/oslo_config/cfg.py:2995}}
Apr 15 02:09:03.703051 np0000166345 devstack@g-api.service[116109]: DEBUG glance.common.config [None req-c44796ee-08f2-4fb7-b5db-a89361c59011 None None] control_exchange = glance {{(pid=116109) log_opt_values /opt/stack/data/venv/lib/python3.12/site-packages/oslo_config/cfg.py:2995}}
Apr 15 02:09:03.703122 np0000166345 devstack@g-api.service[116109]: DEBUG glance.common.config [None req-c44796ee-08f2-4fb7-b5db-a89361c59011 None None] debug = True {{(pid=116109) log_opt_values /opt/stack/data/venv/lib/python3.12/site-packages/oslo_config/cfg.py:2995}}
Apr 15 02:09:03.703296 np0000166345 devstack@g-api.service[116109]: DEBUG glance.common.config [None req-c44796ee-08f2-4fb7-b5db-a89361c59011 None None] default_log_levels = ['amqp=WARN', 'boto=WARN', 'sqlalchemy=WARN', 'suds=INFO', 'oslo.messaging=INFO', 'oslo_messaging=INFO', 'iso8601=WARN', 'requests.packages.urllib3.connectionpool=WARN', 'urllib3.connectionpool=WARN', 'websocket=WARN', 'requests.packages.urllib3.util.retry=WARN', 'urllib3.util.retry=WARN', 'keystonemiddleware=WARN', 'routes.middleware=WARN', 'stevedore=WARN', 'taskflow=WARN', 'keystoneauth=WARN', 'oslo.cache=INFO', 'oslo_policy=INFO', 'dogpile.core.dogpile=INFO'] {{(pid=116109) log_opt_values /opt/stack/data/venv/lib/python3.12/site-packages/oslo_config/cfg.py:2995}}
Apr 15 02:09:03.703421 np0000166345 devstack@g-api.service[116109]: DEBUG glance.common.config [None req-c44796ee-08f2-4fb7-b5db-a89361c59011 None None] default_publisher_id = image.localhost {{(pid=116109) log_opt_values /opt/stack/data/venv/lib/python3.12/site-packages/oslo_config/cfg.py:2995}}
Apr 15 02:09:03.703514 np0000166345 devstack@g-api.service[116109]: DEBUG glance.common.config [None req-c44796ee-08f2-4fb7-b5db-a89361c59011 None None] delayed_delete = False {{(pid=116109) log_opt_values /opt/stack/data/venv/lib/python3.12/site-packages/oslo_config/cfg.py:2995}}
Apr 15 02:09:03.703621 np0000166345 devstack@g-api.service[116109]: DEBUG glance.common.config [None req-c44796ee-08f2-4fb7-b5db-a89361c59011 None None] digest_algorithm = sha256 {{(pid=116109) log_opt_values /opt/stack/data/venv/lib/python3.12/site-packages/oslo_config/cfg.py:2995}}
Apr 15 02:09:03.703723 np0000166345 devstack@g-api.service[116109]: DEBUG glance.common.config [None req-c44796ee-08f2-4fb7-b5db-a89361c59011 None None] disabled_notifications = [] {{(pid=116109) log_opt_values /opt/stack/data/venv/lib/python3.12/site-packages/oslo_config/cfg.py:2995}}
Apr 15 02:09:03.703822 np0000166345 devstack@g-api.service[116109]: DEBUG glance.common.config [None req-c44796ee-08f2-4fb7-b5db-a89361c59011 None None] do_secure_hash = True {{(pid=116109) log_opt_values /opt/stack/data/venv/lib/python3.12/site-packages/oslo_config/cfg.py:2995}}
Apr 15 02:09:03.703925 np0000166345 devstack@g-api.service[116109]: DEBUG glance.common.config [None req-c44796ee-08f2-4fb7-b5db-a89361c59011 None None] enabled_backends = None {{(pid=116109) log_opt_values /opt/stack/data/venv/lib/python3.12/site-packages/oslo_config/cfg.py:2995}}
Apr 15 02:09:03.704040 np0000166345 devstack@g-api.service[116109]: DEBUG glance.common.config [None req-c44796ee-08f2-4fb7-b5db-a89361c59011 None None] enabled_import_methods = ['glance-direct', 'web-download', 'copy-image'] {{(pid=116109) log_opt_values /opt/stack/data/venv/lib/python3.12/site-packages/oslo_config/cfg.py:2995}}
Apr 15 02:09:03.704145 np0000166345 devstack@g-api.service[116109]: DEBUG glance.common.config [None req-c44796ee-08f2-4fb7-b5db-a89361c59011 None None] hashing_algorithm = sha512 {{(pid=116109) log_opt_values /opt/stack/data/venv/lib/python3.12/site-packages/oslo_config/cfg.py:2995}}
Apr 15 02:09:03.704244 np0000166345 devstack@g-api.service[116109]: DEBUG glance.common.config [None req-c44796ee-08f2-4fb7-b5db-a89361c59011 None None] http_keepalive = True {{(pid=116109) log_opt_values /opt/stack/data/venv/lib/python3.12/site-packages/oslo_config/cfg.py:2995}}
Apr 15 02:09:03.704359 np0000166345 devstack@g-api.service[116109]: DEBUG glance.common.config [None req-c44796ee-08f2-4fb7-b5db-a89361c59011 None None] http_retries = 3 {{(pid=116109) log_opt_values /opt/stack/data/venv/lib/python3.12/site-packages/oslo_config/cfg.py:2995}}
Apr 15 02:09:03.704464 np0000166345 devstack@g-api.service[116109]: DEBUG glance.common.config [None req-c44796ee-08f2-4fb7-b5db-a89361c59011 None None] image_cache_dir = /opt/stack/data/glance/cache/ {{(pid=116109) log_opt_values /opt/stack/data/venv/lib/python3.12/site-packages/oslo_config/cfg.py:2995}}
Apr 15 02:09:03.704568 np0000166345 devstack@g-api.service[116109]: DEBUG glance.common.config [None req-c44796ee-08f2-4fb7-b5db-a89361c59011 None None] image_cache_driver = centralized_db {{(pid=116109) log_opt_values /opt/stack/data/venv/lib/python3.12/site-packages/oslo_config/cfg.py:2995}}
Apr 15 02:09:03.704667 np0000166345 devstack@g-api.service[116109]: DEBUG glance.common.config [None req-c44796ee-08f2-4fb7-b5db-a89361c59011 None None] image_cache_max_size = 10737418240 {{(pid=116109) log_opt_values /opt/stack/data/venv/lib/python3.12/site-packages/oslo_config/cfg.py:2995}}
Apr 15 02:09:03.704770 np0000166345 devstack@g-api.service[116109]: DEBUG glance.common.config [None req-c44796ee-08f2-4fb7-b5db-a89361c59011 None None] image_cache_sqlite_db = cache.db {{(pid=116109) log_opt_values /opt/stack/data/venv/lib/python3.12/site-packages/oslo_config/cfg.py:2995}}
Apr 15 02:09:03.704872 np0000166345 devstack@g-api.service[116109]: DEBUG glance.common.config [None req-c44796ee-08f2-4fb7-b5db-a89361c59011 None None] image_cache_stall_time = 86400 {{(pid=116109) log_opt_values /opt/stack/data/venv/lib/python3.12/site-packages/oslo_config/cfg.py:2995}}
Apr 15 02:09:03.704970 np0000166345 devstack@g-api.service[116109]: DEBUG glance.common.config [None req-c44796ee-08f2-4fb7-b5db-a89361c59011 None None] image_location_quota = 10 {{(pid=116109) log_opt_values /opt/stack/data/venv/lib/python3.12/site-packages/oslo_config/cfg.py:2995}}
Apr 15 02:09:03.705083 np0000166345 devstack@g-api.service[116109]: DEBUG glance.common.config [None req-c44796ee-08f2-4fb7-b5db-a89361c59011 None None] image_member_quota = 128 {{(pid=116109) log_opt_values /opt/stack/data/venv/lib/python3.12/site-packages/oslo_config/cfg.py:2995}}
Apr 15 02:09:03.705171 np0000166345 devstack@g-api.service[116109]: DEBUG glance.common.config [None req-c44796ee-08f2-4fb7-b5db-a89361c59011 None None] image_property_quota = 128 {{(pid=116109) log_opt_values /opt/stack/data/venv/lib/python3.12/site-packages/oslo_config/cfg.py:2995}}
Apr 15 02:09:03.705268 np0000166345 devstack@g-api.service[116109]: DEBUG glance.common.config [None req-c44796ee-08f2-4fb7-b5db-a89361c59011 None None] image_size_cap = 1099511627776 {{(pid=116109) log_opt_values /opt/stack/data/venv/lib/python3.12/site-packages/oslo_config/cfg.py:2995}}
Apr 15 02:09:03.705413 np0000166345 devstack@g-api.service[116109]: DEBUG glance.common.config [None req-c44796ee-08f2-4fb7-b5db-a89361c59011 None None] image_tag_quota = 128 {{(pid=116109) log_opt_values /opt/stack/data/venv/lib/python3.12/site-packages/oslo_config/cfg.py:2995}}
Apr 15 02:09:03.705519 np0000166345 devstack@g-api.service[116109]: DEBUG glance.common.config [None req-c44796ee-08f2-4fb7-b5db-a89361c59011 None None] instance_format = [instance: %(uuid)s] {{(pid=116109) log_opt_values /opt/stack/data/venv/lib/python3.12/site-packages/oslo_config/cfg.py:2995}}
Apr 15 02:09:03.705622 np0000166345 devstack@g-api.service[116109]: DEBUG glance.common.config [None req-c44796ee-08f2-4fb7-b5db-a89361c59011 None None] instance_uuid_format = [instance: %(uuid)s] {{(pid=116109) log_opt_values /opt/stack/data/venv/lib/python3.12/site-packages/oslo_config/cfg.py:2995}}
Apr 15 02:09:03.705666 np0000166345 devstack@g-api.service[116111]: DEBUG glance.api.v2.cached_images [None req-e3144e65-4d81-4d61-9c59-8eb3de571868 None None] Started cache worker thread {{(pid=116111) __init__ /opt/stack/glance/glance/api/v2/cached_images.py:69}}
Apr 15 02:09:03.705708 np0000166345 devstack@g-api.service[116109]: DEBUG glance.common.config [None req-c44796ee-08f2-4fb7-b5db-a89361c59011 None None] limit_param_default = 25 {{(pid=116109) log_opt_values /opt/stack/data/venv/lib/python3.12/site-packages/oslo_config/cfg.py:2995}}
Apr 15 02:09:03.705821 np0000166345 devstack@g-api.service[116109]: DEBUG glance.common.config [None req-c44796ee-08f2-4fb7-b5db-a89361c59011 None None] log_color = False {{(pid=116109) log_opt_values /opt/stack/data/venv/lib/python3.12/site-packages/oslo_config/cfg.py:2995}}
Apr 15 02:09:03.705923 np0000166345 devstack@g-api.service[116109]: DEBUG glance.common.config [None req-c44796ee-08f2-4fb7-b5db-a89361c59011 None None] log_config_append = None {{(pid=116109) log_opt_values /opt/stack/data/venv/lib/python3.12/site-packages/oslo_config/cfg.py:2995}}
Apr 15 02:09:03.706029 np0000166345 devstack@g-api.service[116109]: DEBUG glance.common.config [None req-c44796ee-08f2-4fb7-b5db-a89361c59011 None None] log_date_format = %Y-%m-%d %H:%M:%S {{(pid=116109) log_opt_values /opt/stack/data/venv/lib/python3.12/site-packages/oslo_config/cfg.py:2995}}
Apr 15 02:09:03.706130 np0000166345 devstack@g-api.service[116109]: DEBUG glance.common.config [None req-c44796ee-08f2-4fb7-b5db-a89361c59011 None None] log_dir = None {{(pid=116109) log_opt_values /opt/stack/data/venv/lib/python3.12/site-packages/oslo_config/cfg.py:2995}}
Apr 15 02:09:03.706230 np0000166345 devstack@g-api.service[116109]: DEBUG glance.common.config [None req-c44796ee-08f2-4fb7-b5db-a89361c59011 None None] log_file = None {{(pid=116109) log_opt_values /opt/stack/data/venv/lib/python3.12/site-packages/oslo_config/cfg.py:2995}}
Apr 15 02:09:03.706272 np0000166345 devstack@g-api.service[116111]: INFO glance.image_cache [None req-e3144e65-4d81-4d61-9c59-8eb3de571868 None None] Image cache loaded driver 'centralized_db'.
Apr 15 02:09:03.706348 np0000166345 devstack@g-api.service[116109]: DEBUG glance.common.config [None req-c44796ee-08f2-4fb7-b5db-a89361c59011 None None] log_rotate_interval = 1 {{(pid=116109) log_opt_values /opt/stack/data/venv/lib/python3.12/site-packages/oslo_config/cfg.py:2995}}
Apr 15 02:09:03.706458 np0000166345 devstack@g-api.service[116109]: DEBUG glance.common.config [None req-c44796ee-08f2-4fb7-b5db-a89361c59011 None None] log_rotate_interval_type = days {{(pid=116109) log_opt_values /opt/stack/data/venv/lib/python3.12/site-packages/oslo_config/cfg.py:2995}}
Apr 15 02:09:03.706561 np0000166345 devstack@g-api.service[116109]: DEBUG glance.common.config [None req-c44796ee-08f2-4fb7-b5db-a89361c59011 None None] log_rotation_type = none {{(pid=116109) log_opt_values /opt/stack/data/venv/lib/python3.12/site-packages/oslo_config/cfg.py:2995}}
Apr 15 02:09:03.706635 np0000166345 devstack@g-api.service[116109]: DEBUG glance.common.config [None req-c44796ee-08f2-4fb7-b5db-a89361c59011 None None] logging_context_format_string = %(color)s%(levelname)s %(name)s [%(global_request_id)s %(request_id)s %(project_name)s %(user_name)s%(color)s] %(instance)s%(color)s%(message)s {{(pid=116109) log_opt_values /opt/stack/data/venv/lib/python3.12/site-packages/oslo_config/cfg.py:2995}}
Apr 15 02:09:03.706708 np0000166345 devstack@g-api.service[116109]: DEBUG glance.common.config [None req-c44796ee-08f2-4fb7-b5db-a89361c59011 None None] logging_debug_format_suffix = {{(pid=%(process)d) %(funcName)s %(pathname)s:%(lineno)d}} {{(pid=116109) log_opt_values /opt/stack/data/venv/lib/python3.12/site-packages/oslo_config/cfg.py:2995}}
Apr 15 02:09:03.706811 np0000166345 devstack@g-api.service[116109]: DEBUG glance.common.config [None req-c44796ee-08f2-4fb7-b5db-a89361c59011 None None] logging_default_format_string = %(color)s%(levelname)s %(name)s [-%(color)s] %(instance)s%(color)s%(message)s {{(pid=116109) log_opt_values /opt/stack/data/venv/lib/python3.12/site-packages/oslo_config/cfg.py:2995}}
Apr 15 02:09:03.706913 np0000166345 devstack@g-api.service[116109]: DEBUG glance.common.config [None req-c44796ee-08f2-4fb7-b5db-a89361c59011 None None] logging_exception_prefix = ERROR %(name)s %(instance)s {{(pid=116109) log_opt_values /opt/stack/data/venv/lib/python3.12/site-packages/oslo_config/cfg.py:2995}}
Apr 15 02:09:03.706989 np0000166345 devstack@g-api.service[116109]: DEBUG glance.common.config [None req-c44796ee-08f2-4fb7-b5db-a89361c59011 None None] logging_user_identity_format = %(user)s %(project)s %(domain)s %(system_scope)s %(user_domain)s %(project_domain)s {{(pid=116109) log_opt_values /opt/stack/data/venv/lib/python3.12/site-packages/oslo_config/cfg.py:2995}}
Apr 15 02:09:03.707087 np0000166345 devstack@g-api.service[116109]: DEBUG glance.common.config [None req-c44796ee-08f2-4fb7-b5db-a89361c59011 None None] max_header_line = 16384 {{(pid=116109) log_opt_values /opt/stack/data/venv/lib/python3.12/site-packages/oslo_config/cfg.py:2995}}
Apr 15 02:09:03.707185 np0000166345 devstack@g-api.service[116109]: DEBUG glance.common.config [None req-c44796ee-08f2-4fb7-b5db-a89361c59011 None None] max_logfile_count = 30 {{(pid=116109) log_opt_values /opt/stack/data/venv/lib/python3.12/site-packages/oslo_config/cfg.py:2995}}
Apr 15 02:09:03.707284 np0000166345 devstack@g-api.service[116109]: DEBUG glance.common.config [None req-c44796ee-08f2-4fb7-b5db-a89361c59011 None None] max_logfile_size_mb = 200 {{(pid=116109) log_opt_values /opt/stack/data/venv/lib/python3.12/site-packages/oslo_config/cfg.py:2995}}
Apr 15 02:09:03.707404 np0000166345 devstack@g-api.service[116109]: DEBUG glance.common.config [None req-c44796ee-08f2-4fb7-b5db-a89361c59011 None None] max_request_id_length = 64 {{(pid=116109) log_opt_values /opt/stack/data/venv/lib/python3.12/site-packages/oslo_config/cfg.py:2995}}
Apr 15 02:09:03.707503 np0000166345 devstack@g-api.service[116109]: DEBUG glance.common.config [None req-c44796ee-08f2-4fb7-b5db-a89361c59011 None None] metadata_encryption_key = **** {{(pid=116109) log_opt_values /opt/stack/data/venv/lib/python3.12/site-packages/oslo_config/cfg.py:2995}}
Apr 15 02:09:03.707605 np0000166345 devstack@g-api.service[116109]: DEBUG glance.common.config [None req-c44796ee-08f2-4fb7-b5db-a89361c59011 None None] node_staging_uri = file:///tmp/staging/ {{(pid=116109) log_opt_values /opt/stack/data/venv/lib/python3.12/site-packages/oslo_config/cfg.py:2995}}
Apr 15 02:09:03.707703 np0000166345 devstack@g-api.service[116109]: DEBUG glance.common.config [None req-c44796ee-08f2-4fb7-b5db-a89361c59011 None None] property_protection_file = None {{(pid=116109) log_opt_values /opt/stack/data/venv/lib/python3.12/site-packages/oslo_config/cfg.py:2995}}
Apr 15 02:09:03.707809 np0000166345 devstack@g-api.service[116109]: DEBUG glance.common.config [None req-c44796ee-08f2-4fb7-b5db-a89361c59011 None None] property_protection_rule_format = roles {{(pid=116109) log_opt_values /opt/stack/data/venv/lib/python3.12/site-packages/oslo_config/cfg.py:2995}}
Apr 15 02:09:03.707910 np0000166345 devstack@g-api.service[116109]: DEBUG glance.common.config [None req-c44796ee-08f2-4fb7-b5db-a89361c59011 None None] public_endpoint = https://199.204.45.102/image {{(pid=116109) log_opt_values /opt/stack/data/venv/lib/python3.12/site-packages/oslo_config/cfg.py:2995}}
Apr 15 02:09:03.708009 np0000166345 devstack@g-api.service[116109]: DEBUG glance.common.config [None req-c44796ee-08f2-4fb7-b5db-a89361c59011 None None] publish_errors = False {{(pid=116109) log_opt_values /opt/stack/data/venv/lib/python3.12/site-packages/oslo_config/cfg.py:2995}}
Apr 15 02:09:03.708106 np0000166345 devstack@g-api.service[116109]: DEBUG glance.common.config [None req-c44796ee-08f2-4fb7-b5db-a89361c59011 None None] pydev_worker_debug_host = None {{(pid=116109) log_opt_values /opt/stack/data/venv/lib/python3.12/site-packages/oslo_config/cfg.py:2995}}
Apr 15 02:09:03.708205 np0000166345 devstack@g-api.service[116109]: DEBUG glance.common.config [None req-c44796ee-08f2-4fb7-b5db-a89361c59011 None None] pydev_worker_debug_port = 5678 {{(pid=116109) log_opt_values /opt/stack/data/venv/lib/python3.12/site-packages/oslo_config/cfg.py:2995}}
Apr 15 02:09:03.708302 np0000166345 devstack@g-api.service[116109]: DEBUG glance.common.config [None req-c44796ee-08f2-4fb7-b5db-a89361c59011 None None] rate_limit_burst = 0 {{(pid=116109) log_opt_values /opt/stack/data/venv/lib/python3.12/site-packages/oslo_config/cfg.py:2995}}
Apr 15 02:09:03.708423 np0000166345 devstack@g-api.service[116109]: DEBUG glance.common.config [None req-c44796ee-08f2-4fb7-b5db-a89361c59011 None None] rate_limit_except_level = CRITICAL {{(pid=116109) log_opt_values /opt/stack/data/venv/lib/python3.12/site-packages/oslo_config/cfg.py:2995}}
Apr 15 02:09:03.708521 np0000166345 devstack@g-api.service[116109]: DEBUG glance.common.config [None req-c44796ee-08f2-4fb7-b5db-a89361c59011 None None] rate_limit_interval = 0 {{(pid=116109) log_opt_values /opt/stack/data/venv/lib/python3.12/site-packages/oslo_config/cfg.py:2995}}
Apr 15 02:09:03.708619 np0000166345 devstack@g-api.service[116109]: DEBUG glance.common.config [None req-c44796ee-08f2-4fb7-b5db-a89361c59011 None None] scrub_pool_size = 1 {{(pid=116109) log_opt_values /opt/stack/data/venv/lib/python3.12/site-packages/oslo_config/cfg.py:2995}}
Apr 15 02:09:03.708716 np0000166345 devstack@g-api.service[116109]: DEBUG glance.common.config [None req-c44796ee-08f2-4fb7-b5db-a89361c59011 None None] scrub_time = 0 {{(pid=116109) log_opt_values /opt/stack/data/venv/lib/python3.12/site-packages/oslo_config/cfg.py:2995}}
Apr 15 02:09:03.708778 np0000166345 devstack@g-api.service[116110]: WARNING keystonemiddleware.auth_token [None req-87d99ae5-fd7e-43a9-b8a4-e9feae7826ff None None] AuthToken middleware is set with keystone_authtoken.service_token_roles_required set to False. This is backwards compatible but deprecated behaviour. Please set this to True.
Apr 15 02:09:03.708827 np0000166345 devstack@g-api.service[116109]: DEBUG glance.common.config [None req-c44796ee-08f2-4fb7-b5db-a89361c59011 None None] shell_completion = None {{(pid=116109) log_opt_values /opt/stack/data/venv/lib/python3.12/site-packages/oslo_config/cfg.py:2995}}
Apr 15 02:09:03.708914 np0000166345 devstack@g-api.service[116109]: DEBUG glance.common.config [None req-c44796ee-08f2-4fb7-b5db-a89361c59011 None None] show_image_direct_url = False {{(pid=116109) log_opt_values /opt/stack/data/venv/lib/python3.12/site-packages/oslo_config/cfg.py:2995}}
Apr 15 02:09:03.709097 np0000166345 devstack@g-api.service[116112]: WARNING keystonemiddleware.auth_token [None req-dd99504d-ba10-4eef-b27f-e7d329b78581 None None] AuthToken middleware is set with keystone_authtoken.service_token_roles_required set to False. This is backwards compatible but deprecated behaviour. Please set this to True.
Apr 15 02:09:03.709150 np0000166345 devstack@g-api.service[116109]: WARNING oslo_config.cfg [None req-c44796ee-08f2-4fb7-b5db-a89361c59011 None None] Deprecated: Option "show_multiple_locations" from group "DEFAULT" is deprecated for removal (Use of this option, deprecated since Newton, is a security risk and will be removed once we figure out a way to satisfy those use cases that currently require it. An earlier announcement that the same functionality can be achieved with greater granularity by using policies is incorrect. You cannot work around this option via policy configuration at the present time, though that is the direction we believe the fix will take. Please keep an eye on the Glance release notes to stay up to date on progress in addressing this issue.). Its value may be silently ignored in the future.
Apr 15 02:09:03.709241 np0000166345 devstack@g-api.service[116109]: DEBUG glance.common.config [None req-c44796ee-08f2-4fb7-b5db-a89361c59011 None None] show_multiple_locations = False {{(pid=116109) log_opt_values /opt/stack/data/venv/lib/python3.12/site-packages/oslo_config/cfg.py:2995}}
Apr 15 02:09:03.709362 np0000166345 devstack@g-api.service[116109]: DEBUG glance.common.config [None req-c44796ee-08f2-4fb7-b5db-a89361c59011 None None] syslog_log_facility = LOG_USER {{(pid=116109) log_opt_values /opt/stack/data/venv/lib/python3.12/site-packages/oslo_config/cfg.py:2995}}
Apr 15 02:09:03.709478 np0000166345 devstack@g-api.service[116109]: DEBUG glance.common.config [None req-c44796ee-08f2-4fb7-b5db-a89361c59011 None None] tcp_keepidle = 600 {{(pid=116109) log_opt_values /opt/stack/data/venv/lib/python3.12/site-packages/oslo_config/cfg.py:2995}}
Apr 15 02:09:03.709581 np0000166345 devstack@g-api.service[116109]: DEBUG glance.common.config [None req-c44796ee-08f2-4fb7-b5db-a89361c59011 None None] transport_url = **** {{(pid=116109) log_opt_values /opt/stack/data/venv/lib/python3.12/site-packages/oslo_config/cfg.py:2995}}
Apr 15 02:09:03.709681 np0000166345 devstack@g-api.service[116109]: DEBUG glance.common.config [None req-c44796ee-08f2-4fb7-b5db-a89361c59011 None None] use_journal = False {{(pid=116109) log_opt_values /opt/stack/data/venv/lib/python3.12/site-packages/oslo_config/cfg.py:2995}}
Apr 15 02:09:03.709779 np0000166345 devstack@g-api.service[116109]: DEBUG glance.common.config [None req-c44796ee-08f2-4fb7-b5db-a89361c59011 None None] use_json = False {{(pid=116109) log_opt_values /opt/stack/data/venv/lib/python3.12/site-packages/oslo_config/cfg.py:2995}}
Apr 15 02:09:03.709882 np0000166345 devstack@g-api.service[116109]: DEBUG glance.common.config [None req-c44796ee-08f2-4fb7-b5db-a89361c59011 None None] use_keystone_limits = True {{(pid=116109) log_opt_values /opt/stack/data/venv/lib/python3.12/site-packages/oslo_config/cfg.py:2995}}
Apr 15 02:09:03.709981 np0000166345 devstack@g-api.service[116109]: DEBUG glance.common.config [None req-c44796ee-08f2-4fb7-b5db-a89361c59011 None None] use_stderr = False {{(pid=116109) log_opt_values /opt/stack/data/venv/lib/python3.12/site-packages/oslo_config/cfg.py:2995}}
Apr 15 02:09:03.710082 np0000166345 devstack@g-api.service[116109]: DEBUG glance.common.config [None req-c44796ee-08f2-4fb7-b5db-a89361c59011 None None] use_syslog = False {{(pid=116109) log_opt_values /opt/stack/data/venv/lib/python3.12/site-packages/oslo_config/cfg.py:2995}}
Apr 15 02:09:03.710185 np0000166345 devstack@g-api.service[116109]: DEBUG glance.common.config [None req-c44796ee-08f2-4fb7-b5db-a89361c59011 None None] user_storage_quota = 0 {{(pid=116109) log_opt_values /opt/stack/data/venv/lib/python3.12/site-packages/oslo_config/cfg.py:2995}}
Apr 15 02:09:03.710285 np0000166345 devstack@g-api.service[116109]: DEBUG glance.common.config [None req-c44796ee-08f2-4fb7-b5db-a89361c59011 None None] worker_self_reference_url = http://127.0.0.1:60999 {{(pid=116109) log_opt_values /opt/stack/data/venv/lib/python3.12/site-packages/oslo_config/cfg.py:2995}}
Apr 15 02:09:03.710402 np0000166345 devstack@g-api.service[116109]: DEBUG glance.common.config [None req-c44796ee-08f2-4fb7-b5db-a89361c59011 None None] workers = None {{(pid=116109) log_opt_values /opt/stack/data/venv/lib/python3.12/site-packages/oslo_config/cfg.py:2995}}
Apr 15 02:09:03.710510 np0000166345 devstack@g-api.service[116109]: DEBUG glance.common.config [None req-c44796ee-08f2-4fb7-b5db-a89361c59011 None None] oslo_concurrency.disable_process_locking = False {{(pid=116109) log_opt_values /opt/stack/data/venv/lib/python3.12/site-packages/oslo_config/cfg.py:3006}}
Apr 15 02:09:03.710617 np0000166345 devstack@g-api.service[116109]: DEBUG glance.common.config [None req-c44796ee-08f2-4fb7-b5db-a89361c59011 None None] oslo_concurrency.lock_path = /opt/stack/data/glance/locks {{(pid=116109) log_opt_values /opt/stack/data/venv/lib/python3.12/site-packages/oslo_config/cfg.py:3006}}
Apr 15 02:09:03.710723 np0000166345 devstack@g-api.service[116109]: DEBUG glance.common.config [None req-c44796ee-08f2-4fb7-b5db-a89361c59011 None None] oslo_middleware.enable_proxy_headers_parsing = False {{(pid=116109) log_opt_values /opt/stack/data/venv/lib/python3.12/site-packages/oslo_config/cfg.py:3006}}
Apr 15 02:09:03.710829 np0000166345 devstack@g-api.service[116109]: DEBUG glance.common.config [None req-c44796ee-08f2-4fb7-b5db-a89361c59011 None None] oslo_middleware.http_basic_auth_user_file = /etc/htpasswd {{(pid=116109) log_opt_values /opt/stack/data/venv/lib/python3.12/site-packages/oslo_config/cfg.py:3006}}
Apr 15 02:09:03.710933 np0000166345 devstack@g-api.service[116109]: DEBUG glance.common.config [None req-c44796ee-08f2-4fb7-b5db-a89361c59011 None None] paste_deploy.config_file = None {{(pid=116109) log_opt_values /opt/stack/data/venv/lib/python3.12/site-packages/oslo_config/cfg.py:3006}}
Apr 15 02:09:03.711038 np0000166345 devstack@g-api.service[116109]: DEBUG glance.common.config [None req-c44796ee-08f2-4fb7-b5db-a89361c59011 None None] paste_deploy.flavor = keystone+cachemanagement {{(pid=116109) log_opt_values /opt/stack/data/venv/lib/python3.12/site-packages/oslo_config/cfg.py:3006}}
Apr 15 02:09:03.711178 np0000166345 devstack@g-api.service[116109]: DEBUG glance.common.config [None req-c44796ee-08f2-4fb7-b5db-a89361c59011 None None] image_format.container_formats = ['ami', 'ari', 'aki', 'bare', 'ovf', 'ova', 'docker', 'compressed'] {{(pid=116109) log_opt_values /opt/stack/data/venv/lib/python3.12/site-packages/oslo_config/cfg.py:3006}}
Apr 15 02:09:03.711327 np0000166345 devstack@g-api.service[116109]: DEBUG glance.common.config [None req-c44796ee-08f2-4fb7-b5db-a89361c59011 None None] image_format.disk_formats = ['ami', 'ari', 'aki', 'vhd', 'vhdx', 'vmdk', 'raw', 'qcow2', 'vdi', 'iso', 'ploop'] {{(pid=116109) log_opt_values /opt/stack/data/venv/lib/python3.12/site-packages/oslo_config/cfg.py:3006}}
Apr 15 02:09:03.711456 np0000166345 devstack@g-api.service[116109]: DEBUG glance.common.config [None req-c44796ee-08f2-4fb7-b5db-a89361c59011 None None] image_format.gpt_safety_checks_nonfatal = ['mbr'] {{(pid=116109) log_opt_values /opt/stack/data/venv/lib/python3.12/site-packages/oslo_config/cfg.py:3006}}
Apr 15 02:09:03.711560 np0000166345 devstack@g-api.service[116109]: DEBUG glance.common.config [None req-c44796ee-08f2-4fb7-b5db-a89361c59011 None None] image_format.require_image_format_match = True {{(pid=116109) log_opt_values /opt/stack/data/venv/lib/python3.12/site-packages/oslo_config/cfg.py:3006}}
Apr 15 02:09:03.711672 np0000166345 devstack@g-api.service[116109]: DEBUG glance.common.config [None req-c44796ee-08f2-4fb7-b5db-a89361c59011 None None] image_format.vmdk_allowed_types = ['streamOptimized', 'monolithicSparse'] {{(pid=116109) log_opt_values /opt/stack/data/venv/lib/python3.12/site-packages/oslo_config/cfg.py:3006}}
Apr 15 02:09:03.711782 np0000166345 devstack@g-api.service[116109]: DEBUG glance.common.config [None req-c44796ee-08f2-4fb7-b5db-a89361c59011 None None] task.task_executor = taskflow {{(pid=116109) log_opt_values /opt/stack/data/venv/lib/python3.12/site-packages/oslo_config/cfg.py:3006}}
Apr 15 02:09:03.711886 np0000166345 devstack@g-api.service[116109]: DEBUG glance.common.config [None req-c44796ee-08f2-4fb7-b5db-a89361c59011 None None] task.task_time_to_live = 48 {{(pid=116109) log_opt_values /opt/stack/data/venv/lib/python3.12/site-packages/oslo_config/cfg.py:3006}}
Apr 15 02:09:03.711985 np0000166345 devstack@g-api.service[116109]: DEBUG glance.common.config [None req-c44796ee-08f2-4fb7-b5db-a89361c59011 None None] task.work_dir = None {{(pid=116109) log_opt_values /opt/stack/data/venv/lib/python3.12/site-packages/oslo_config/cfg.py:3006}}
Apr 15 02:09:03.712094 np0000166345 devstack@g-api.service[116109]: DEBUG glance.common.config [None req-c44796ee-08f2-4fb7-b5db-a89361c59011 None None] wsgi.python_interpreter = /opt/stack/data/venv/bin/python3 {{(pid=116109) log_opt_values /opt/stack/data/venv/lib/python3.12/site-packages/oslo_config/cfg.py:3006}}
Apr 15 02:09:03.712194 np0000166345 devstack@g-api.service[116109]: DEBUG glance.common.config [None req-c44796ee-08f2-4fb7-b5db-a89361c59011 None None] wsgi.task_pool_threads = 16 {{(pid=116109) log_opt_values /opt/stack/data/venv/lib/python3.12/site-packages/oslo_config/cfg.py:3006}}
Apr 15 02:09:03.712305 np0000166345 devstack@g-api.service[116109]: DEBUG glance.common.config [None req-c44796ee-08f2-4fb7-b5db-a89361c59011 None None] profiler.connection_string = messaging:// {{(pid=116109) log_opt_values /opt/stack/data/venv/lib/python3.12/site-packages/oslo_config/cfg.py:3006}}
Apr 15 02:09:03.712427 np0000166345 devstack@g-api.service[116109]: DEBUG glance.common.config [None req-c44796ee-08f2-4fb7-b5db-a89361c59011 None None] profiler.enabled = False {{(pid=116109) log_opt_values /opt/stack/data/venv/lib/python3.12/site-packages/oslo_config/cfg.py:3006}}
Apr 15 02:09:03.712531 np0000166345 devstack@g-api.service[116109]: DEBUG glance.common.config [None req-c44796ee-08f2-4fb7-b5db-a89361c59011 None None] profiler.es_doc_type = notification {{(pid=116109) log_opt_values /opt/stack/data/venv/lib/python3.12/site-packages/oslo_config/cfg.py:3006}}
Apr 15 02:09:03.712632 np0000166345 devstack@g-api.service[116109]: DEBUG glance.common.config [None req-c44796ee-08f2-4fb7-b5db-a89361c59011 None None] profiler.es_scroll_size = 10000 {{(pid=116109) log_opt_values /opt/stack/data/venv/lib/python3.12/site-packages/oslo_config/cfg.py:3006}}
Apr 15 02:09:03.999614 np0000166345 devstack@g-api.service[116109]: DEBUG glance.common.config [None req-c44796ee-08f2-4fb7-b5db-a89361c59011 None None] profiler.es_scroll_time = 2m {{(pid=116109) log_opt_values /opt/stack/data/venv/lib/python3.12/site-packages/oslo_config/cfg.py:3006}}
Apr 15 02:09:03.999614 np0000166345 devstack@g-api.service[116109]: DEBUG glance.common.config [None req-c44796ee-08f2-4fb7-b5db-a89361c59011 None None] profiler.filter_error_trace = False {{(pid=116109) log_opt_values /opt/stack/data/venv/lib/python3.12/site-packages/oslo_config/cfg.py:3006}}
Apr 15 02:09:03.999614 np0000166345 devstack@g-api.service[116109]: DEBUG glance.common.config [None req-c44796ee-08f2-4fb7-b5db-a89361c59011 None None] profiler.hmac_keys = **** {{(pid=116109) log_opt_values /opt/stack/data/venv/lib/python3.12/site-packages/oslo_config/cfg.py:3006}}
Apr 15 02:09:03.999614 np0000166345 devstack@g-api.service[116109]: DEBUG glance.common.config [None req-c44796ee-08f2-4fb7-b5db-a89361c59011 None None] profiler.sentinel_service_name = mymaster {{(pid=116109) log_opt_values /opt/stack/data/venv/lib/python3.12/site-packages/oslo_config/cfg.py:3006}}
Apr 15 02:09:03.999614 np0000166345 devstack@g-api.service[116109]: DEBUG glance.common.config [None req-c44796ee-08f2-4fb7-b5db-a89361c59011 None None] profiler.socket_timeout = 0.1 {{(pid=116109) log_opt_values /opt/stack/data/venv/lib/python3.12/site-packages/oslo_config/cfg.py:3006}}
Apr 15 02:09:03.999614 np0000166345 devstack@g-api.service[116109]: DEBUG glance.common.config [None req-c44796ee-08f2-4fb7-b5db-a89361c59011 None None] profiler.trace_requests = False {{(pid=116109) log_opt_values /opt/stack/data/venv/lib/python3.12/site-packages/oslo_config/cfg.py:3006}}
Apr 15 02:09:03.999614 np0000166345 devstack@g-api.service[116109]: DEBUG glance.common.config [None req-c44796ee-08f2-4fb7-b5db-a89361c59011 None None] profiler.trace_sqlalchemy = False {{(pid=116109) log_opt_values /opt/stack/data/venv/lib/python3.12/site-packages/oslo_config/cfg.py:3006}}
Apr 15 02:09:04.000432 np0000166345 devstack@g-api.service[116109]: DEBUG glance.common.config [None req-c44796ee-08f2-4fb7-b5db-a89361c59011 None None] profiler_jaeger.process_tags = {} {{(pid=116109) log_opt_values /opt/stack/data/venv/lib/python3.12/site-packages/oslo_config/cfg.py:3006}}
Apr 15 02:09:04.000432 np0000166345 devstack@g-api.service[116109]: DEBUG glance.common.config [None req-c44796ee-08f2-4fb7-b5db-a89361c59011 None None] profiler_jaeger.service_name_prefix = None {{(pid=116109) log_opt_values /opt/stack/data/venv/lib/python3.12/site-packages/oslo_config/cfg.py:3006}}
Apr 15 02:09:04.000432 np0000166345 devstack@g-api.service[116109]: DEBUG glance.common.config [None req-c44796ee-08f2-4fb7-b5db-a89361c59011 None None] profiler_otlp.service_name_prefix = None {{(pid=116109) log_opt_values /opt/stack/data/venv/lib/python3.12/site-packages/oslo_config/cfg.py:3006}}
Apr 15 02:09:04.000432 np0000166345 devstack@g-api.service[116109]: DEBUG glance.common.config [None req-c44796ee-08f2-4fb7-b5db-a89361c59011 None None] import_filtering_opts.allowed_hosts = [] {{(pid=116109) log_opt_values /opt/stack/data/venv/lib/python3.12/site-packages/oslo_config/cfg.py:3006}}
Apr 15 02:09:04.000432 np0000166345 devstack@g-api.service[116109]: DEBUG glance.common.config [None req-c44796ee-08f2-4fb7-b5db-a89361c59011 None None] import_filtering_opts.allowed_ports = [80, 443] {{(pid=116109) log_opt_values /opt/stack/data/venv/lib/python3.12/site-packages/oslo_config/cfg.py:3006}}
Apr 15 02:09:04.000432 np0000166345 devstack@g-api.service[116109]: DEBUG glance.common.config [None req-c44796ee-08f2-4fb7-b5db-a89361c59011 None None] import_filtering_opts.allowed_schemes = ['http', 'https'] {{(pid=116109) log_opt_values /opt/stack/data/venv/lib/python3.12/site-packages/oslo_config/cfg.py:3006}}
Apr 15 02:09:04.000432 np0000166345 devstack@g-api.service[116109]: DEBUG glance.common.config [None req-c44796ee-08f2-4fb7-b5db-a89361c59011 None None] import_filtering_opts.disallowed_hosts = [] {{(pid=116109) log_opt_values /opt/stack/data/venv/lib/python3.12/site-packages/oslo_config/cfg.py:3006}}
Apr 15 02:09:04.000784 np0000166345 devstack@g-api.service[116109]: DEBUG glance.common.config [None req-c44796ee-08f2-4fb7-b5db-a89361c59011 None None] import_filtering_opts.disallowed_ports = [] {{(pid=116109) log_opt_values /opt/stack/data/venv/lib/python3.12/site-packages/oslo_config/cfg.py:3006}}
Apr 15 02:09:04.000784 np0000166345 devstack@g-api.service[116109]: DEBUG glance.common.config [None req-c44796ee-08f2-4fb7-b5db-a89361c59011 None None] import_filtering_opts.disallowed_schemes = [] {{(pid=116109) log_opt_values /opt/stack/data/venv/lib/python3.12/site-packages/oslo_config/cfg.py:3006}}
Apr 15 02:09:04.000784 np0000166345 devstack@g-api.service[116109]: DEBUG glance.common.config [None req-c44796ee-08f2-4fb7-b5db-a89361c59011 None None] oslo_messaging_metrics.metrics_buffer_size = 1000 {{(pid=116109) log_opt_values /opt/stack/data/venv/lib/python3.12/site-packages/oslo_config/cfg.py:3006}}
Apr 15 02:09:04.000784 np0000166345 devstack@g-api.service[116109]: DEBUG glance.common.config [None req-c44796ee-08f2-4fb7-b5db-a89361c59011 None None] oslo_messaging_metrics.metrics_enabled = False {{(pid=116109) log_opt_values /opt/stack/data/venv/lib/python3.12/site-packages/oslo_config/cfg.py:3006}}
Apr 15 02:09:04.000784 np0000166345 devstack@g-api.service[116109]: DEBUG glance.common.config [None req-c44796ee-08f2-4fb7-b5db-a89361c59011 None None] oslo_messaging_metrics.metrics_process_name = {{(pid=116109) log_opt_values /opt/stack/data/venv/lib/python3.12/site-packages/oslo_config/cfg.py:3006}}
Apr 15 02:09:04.000784 np0000166345 devstack@g-api.service[116109]: DEBUG glance.common.config [None req-c44796ee-08f2-4fb7-b5db-a89361c59011 None None] oslo_messaging_metrics.metrics_socket_file = /var/tmp/metrics_collector.sock {{(pid=116109) log_opt_values /opt/stack/data/venv/lib/python3.12/site-packages/oslo_config/cfg.py:3006}}
Apr 15 02:09:04.000784 np0000166345 devstack@g-api.service[116109]: DEBUG glance.common.config [None req-c44796ee-08f2-4fb7-b5db-a89361c59011 None None] oslo_messaging_metrics.metrics_thread_stop_timeout = 10 {{(pid=116109) log_opt_values /opt/stack/data/venv/lib/python3.12/site-packages/oslo_config/cfg.py:3006}}
Apr 15 02:09:04.000939 np0000166345 devstack@g-api.service[116109]: DEBUG glance.common.config [None req-c44796ee-08f2-4fb7-b5db-a89361c59011 None None] os_brick.lightos_discovery_client_address = localhost {{(pid=116109) log_opt_values /opt/stack/data/venv/lib/python3.12/site-packages/oslo_config/cfg.py:3006}}
Apr 15 02:09:04.000939 np0000166345 devstack@g-api.service[116109]: DEBUG glance.common.config [None req-c44796ee-08f2-4fb7-b5db-a89361c59011 None None] os_brick.lightos_discovery_client_dir_path = /etc/discovery-client/discovery.d/ {{(pid=116109) log_opt_values /opt/stack/data/venv/lib/python3.12/site-packages/oslo_config/cfg.py:3006}}
Apr 15 02:09:04.000939 np0000166345 devstack@g-api.service[116109]: DEBUG glance.common.config [None req-c44796ee-08f2-4fb7-b5db-a89361c59011 None None] os_brick.lightos_discovery_client_port = 6060 {{(pid=116109) log_opt_values /opt/stack/data/venv/lib/python3.12/site-packages/oslo_config/cfg.py:3006}}
Apr 15 02:09:04.000939 np0000166345 devstack@g-api.service[116109]: DEBUG glance.common.config [None req-c44796ee-08f2-4fb7-b5db-a89361c59011 None None] os_brick.lock_path = /opt/stack/data/os_brick {{(pid=116109) log_opt_values /opt/stack/data/venv/lib/python3.12/site-packages/oslo_config/cfg.py:3006}}
Apr 15 02:09:04.000939 np0000166345 devstack@g-api.service[116109]: DEBUG glance.common.config [None req-c44796ee-08f2-4fb7-b5db-a89361c59011 None None] os_brick.wait_mpath_device_attempts = 4 {{(pid=116109) log_opt_values /opt/stack/data/venv/lib/python3.12/site-packages/oslo_config/cfg.py:3006}}
Apr 15 02:09:04.000939 np0000166345 devstack@g-api.service[116109]: DEBUG glance.common.config [None req-c44796ee-08f2-4fb7-b5db-a89361c59011 None None] os_brick.wait_mpath_device_interval = 1 {{(pid=116109) log_opt_values /opt/stack/data/venv/lib/python3.12/site-packages/oslo_config/cfg.py:3006}}
Apr 15 02:09:04.000939 np0000166345 devstack@g-api.service[116109]: DEBUG glance.common.config [None req-c44796ee-08f2-4fb7-b5db-a89361c59011 None None] privsep_osbrick.capabilities = [21, 2] {{(pid=116109) log_opt_values /opt/stack/data/venv/lib/python3.12/site-packages/oslo_config/cfg.py:3006}}
Apr 15 02:09:04.001088 np0000166345 devstack@g-api.service[116109]: DEBUG glance.common.config [None req-c44796ee-08f2-4fb7-b5db-a89361c59011 None None] privsep_osbrick.group = None {{(pid=116109) log_opt_values /opt/stack/data/venv/lib/python3.12/site-packages/oslo_config/cfg.py:3006}}
Apr 15 02:09:04.001088 np0000166345 devstack@g-api.service[116109]: DEBUG glance.common.config [None req-c44796ee-08f2-4fb7-b5db-a89361c59011 None None] privsep_osbrick.helper_command = None {{(pid=116109) log_opt_values /opt/stack/data/venv/lib/python3.12/site-packages/oslo_config/cfg.py:3006}}
