Apr 15 02:08:29.997978 np0000166345 systemd[1]: Starting devstack@n-api-meta.service - Devstack devstack@n-api-meta.service...
Apr 15 02:08:30.011353 np0000166345 devstack@n-api-meta.service[109219]: [uWSGI] getting INI configuration from /etc/nova/nova-metadata-uwsgi.ini
Apr 15 02:08:30.011353 np0000166345 devstack@n-api-meta.service[109219]: open("./http_plugin.so"): No such file or directory [core/utils.c line 3709]
Apr 15 02:08:30.011353 np0000166345 devstack@n-api-meta.service[109219]: !!! UNABLE to load uWSGI plugin: ./http_plugin.so: cannot open shared object file: No such file or directory !!!
Apr 15 02:08:30.011353 np0000166345 devstack@n-api-meta.service[109219]: open("./python3_plugin.so"): No such file or directory [core/utils.c line 3709]
Apr 15 02:08:30.012186 np0000166345 devstack@n-api-meta.service[109219]: !!! UNABLE to load uWSGI plugin: ./python3_plugin.so: cannot open shared object file: No such file or directory !!!
Apr 15 02:08:30.012186 np0000166345 devstack@n-api-meta.service[109219]: *** Starting uWSGI 2.0.31 (64bit) on [Wed Apr 15 02:08:30 2026] ***
Apr 15 02:08:30.012186 np0000166345 devstack@n-api-meta.service[109219]: compiled with version: 13.3.0 on 15 April 2026 01:57:37
Apr 15 02:08:30.012186 np0000166345 devstack@n-api-meta.service[109219]: os: Linux-6.8.0-107-generic #107-Ubuntu SMP PREEMPT_DYNAMIC Fri Mar 13 19:51:50 UTC 2026
Apr 15 02:08:30.012186 np0000166345 devstack@n-api-meta.service[109219]: nodename: np0000166345
Apr 15 02:08:30.012186 np0000166345 devstack@n-api-meta.service[109219]: machine: x86_64
Apr 15 02:08:30.012186 np0000166345 devstack@n-api-meta.service[109219]: clock source: unix
Apr 15 02:08:30.012186 np0000166345 devstack@n-api-meta.service[109219]: pcre jit disabled
Apr 15 02:08:30.012186 np0000166345 devstack@n-api-meta.service[109219]: detected number of CPU cores: 16
Apr 15 02:08:30.012186 np0000166345 devstack@n-api-meta.service[109219]: current working directory: /
Apr 15 02:08:30.012186 np0000166345 devstack@n-api-meta.service[109219]: detected binary path: /opt/stack/data/venv/bin/uwsgi
Apr 15 02:08:30.012186 np0000166345 devstack@n-api-meta.service[109219]: your processes number limit is 256917
Apr 15 02:08:30.012186 np0000166345 devstack@n-api-meta.service[109219]: your memory page size is 4096 bytes
Apr 15 02:08:30.012186 np0000166345 devstack@n-api-meta.service[109219]: detected max file descriptor number: 2048
Apr 15 02:08:30.012186 np0000166345 devstack@n-api-meta.service[109219]: lock engine: pthread robust mutexes
Apr 15 02:08:30.012186 np0000166345 devstack@n-api-meta.service[109219]: thunder lock: enabled
Apr 15 02:08:30.012186 np0000166345 devstack@n-api-meta.service[109219]: uWSGI http bound on 0.0.0.0:8775 fd 5
Apr 15 02:08:30.012186 np0000166345 devstack@n-api-meta.service[109219]: uwsgi socket 0 bound to TCP address 127.0.0.1:35915 (port auto-assigned) fd 4
Apr 15 02:08:30.012186 np0000166345 devstack@n-api-meta.service[109219]: Python version: 3.12.3 (main, Mar 3 2026, 12:15:18) [GCC 13.3.0]
Apr 15 02:08:30.012186 np0000166345 devstack@n-api-meta.service[109219]: PEP 405 virtualenv detected: /opt/stack/data/venv
Apr 15 02:08:30.012186 np0000166345 devstack@n-api-meta.service[109219]: Set PythonHome to /opt/stack/data/venv
Apr 15 02:08:30.047158 np0000166345 devstack@n-api-meta.service[109219]: Python main interpreter initialized at 0x79fa82ca3668
Apr 15 02:08:30.047158 np0000166345 devstack@n-api-meta.service[109219]: python threads support enabled
Apr 15 02:08:30.047158 np0000166345 devstack@n-api-meta.service[109219]: your server socket listen backlog is limited to 100 connections
Apr 15 02:08:30.047158 np0000166345 devstack@n-api-meta.service[109219]: your mercy for graceful operations on workers is 80 seconds
Apr 15 02:08:30.047695 np0000166345 devstack@n-api-meta.service[109219]: mapped 671795 bytes (656 KB) for 4 cores
Apr 15 02:08:30.047851 np0000166345 devstack@n-api-meta.service[109219]: *** Operational MODE: preforking ***
Apr 15 02:08:30.048077 np0000166345 devstack@n-api-meta.service[109219]: *** uWSGI is running in multiple interpreter mode ***
Apr 15 02:08:30.048077 np0000166345 devstack@n-api-meta.service[109219]: spawned uWSGI master process (pid: 109219)
Apr 15 02:08:30.048264 np0000166345 systemd[1]: Started devstack@n-api-meta.service - Devstack devstack@n-api-meta.service.
Apr 15 02:08:30.048970 np0000166345 devstack@n-api-meta.service[109219]: spawned uWSGI worker 1 (pid: 109220, cores: 1)
Apr 15 02:08:30.049496 np0000166345 devstack@n-api-meta.service[109219]: spawned uWSGI worker 2 (pid: 109221, cores: 1)
Apr 15 02:08:30.050028 np0000166345 devstack@n-api-meta.service[109219]: spawned uWSGI worker 3 (pid: 109222, cores: 1)
Apr 15 02:08:30.050626 np0000166345 devstack@n-api-meta.service[109219]: spawned uWSGI worker 4 (pid: 109223, cores: 1)
Apr 15 02:08:30.050972 np0000166345 devstack@n-api-meta.service[109219]: spawned uWSGI http 1 (pid: 109224)
Apr 15 02:08:30.050972 np0000166345 devstack@n-api-meta.service[109219]: running "unix_signal:15 gracefully_kill_them_all" (master-start)...
Apr 15 02:08:30.374549 np0000166345 devstack@n-api-meta.service[109222]: /opt/stack/data/venv/lib/python3.12/site-packages/oslo_concurrency/lockutils.py:41: EventletDeprecationWarning:
Apr 15 02:08:30.374549 np0000166345 devstack@n-api-meta.service[109222]: Eventlet is deprecated. It is currently being maintained in bugfix mode, and
Apr 15 02:08:30.374549 np0000166345 devstack@n-api-meta.service[109222]: we strongly recommend against using it for new projects.
Apr 15 02:08:30.374549 np0000166345 devstack@n-api-meta.service[109222]: If you are already using Eventlet, we recommend migrating to a different
Apr 15 02:08:30.374549 np0000166345 devstack@n-api-meta.service[109222]: framework. For more detail see
Apr 15 02:08:30.374549 np0000166345 devstack@n-api-meta.service[109222]: https://eventlet.readthedocs.io/en/latest/asyncio/migration.html
Apr 15 02:08:30.374549 np0000166345 devstack@n-api-meta.service[109222]: import eventlet
Apr 15 02:08:30.378353 np0000166345 devstack@n-api-meta.service[109220]: /opt/stack/data/venv/lib/python3.12/site-packages/oslo_concurrency/lockutils.py:41: EventletDeprecationWarning:
Apr 15 02:08:30.378353 np0000166345 devstack@n-api-meta.service[109220]: Eventlet is deprecated. It is currently being maintained in bugfix mode, and
Apr 15 02:08:30.378353 np0000166345 devstack@n-api-meta.service[109220]: we strongly recommend against using it for new projects.
Apr 15 02:08:30.378353 np0000166345 devstack@n-api-meta.service[109220]: If you are already using Eventlet, we recommend migrating to a different
Apr 15 02:08:30.378353 np0000166345 devstack@n-api-meta.service[109220]: framework. For more detail see
Apr 15 02:08:30.378353 np0000166345 devstack@n-api-meta.service[109220]: https://eventlet.readthedocs.io/en/latest/asyncio/migration.html
Apr 15 02:08:30.378353 np0000166345 devstack@n-api-meta.service[109220]: import eventlet
Apr 15 02:08:30.378699 np0000166345 devstack@n-api-meta.service[109221]: /opt/stack/data/venv/lib/python3.12/site-packages/oslo_concurrency/lockutils.py:41: EventletDeprecationWarning:
Apr 15 02:08:30.378699 np0000166345 devstack@n-api-meta.service[109221]: Eventlet is deprecated. It is currently being maintained in bugfix mode, and
Apr 15 02:08:30.378699 np0000166345 devstack@n-api-meta.service[109221]: we strongly recommend against using it for new projects.
Apr 15 02:08:30.378699 np0000166345 devstack@n-api-meta.service[109221]: If you are already using Eventlet, we recommend migrating to a different
Apr 15 02:08:30.378699 np0000166345 devstack@n-api-meta.service[109221]: framework. For more detail see
Apr 15 02:08:30.378699 np0000166345 devstack@n-api-meta.service[109221]: https://eventlet.readthedocs.io/en/latest/asyncio/migration.html
Apr 15 02:08:30.378699 np0000166345 devstack@n-api-meta.service[109221]: import eventlet
Apr 15 02:08:30.386895 np0000166345 devstack@n-api-meta.service[109223]: /opt/stack/data/venv/lib/python3.12/site-packages/oslo_concurrency/lockutils.py:41: EventletDeprecationWarning:
Apr 15 02:08:30.386895 np0000166345 devstack@n-api-meta.service[109223]: Eventlet is deprecated. It is currently being maintained in bugfix mode, and
Apr 15 02:08:30.386895 np0000166345 devstack@n-api-meta.service[109223]: we strongly recommend against using it for new projects.
Apr 15 02:08:30.386895 np0000166345 devstack@n-api-meta.service[109223]: If you are already using Eventlet, we recommend migrating to a different
Apr 15 02:08:30.386895 np0000166345 devstack@n-api-meta.service[109223]: framework. For more detail see
Apr 15 02:08:30.386895 np0000166345 devstack@n-api-meta.service[109223]: https://eventlet.readthedocs.io/en/latest/asyncio/migration.html
Apr 15 02:08:30.386895 np0000166345 devstack@n-api-meta.service[109223]: import eventlet
Apr 15 02:08:30.421775 np0000166345 devstack@n-api-meta.service[109222]: Service is starting with native threading. This is currently experimental. Do not use it in production without first testing it in pre-production.
Apr 15 02:08:30.425275 np0000166345 devstack@n-api-meta.service[109221]: Service is starting with native threading. This is currently experimental. Do not use it in production without first testing it in pre-production.
Apr 15 02:08:30.428818 np0000166345 devstack@n-api-meta.service[109220]: Service is starting with native threading. This is currently experimental. Do not use it in production without first testing it in pre-production.
Apr 15 02:08:30.434658 np0000166345 devstack@n-api-meta.service[109223]: Service is starting with native threading. This is currently experimental. Do not use it in production without first testing it in pre-production.
Apr 15 02:08:31.892942 np0000166345 devstack@n-api-meta.service[109222]: INFO dbcounter [None req-5d0b4628-76bc-414a-8fb1-83ea375ea520 None None] Registered counter for database nova_api
Apr 15 02:08:31.909169 np0000166345 devstack@n-api-meta.service[109222]: DEBUG oslo_db.sqlalchemy.engines [None req-5d0b4628-76bc-414a-8fb1-83ea375ea520 None None] MySQL server mode set to STRICT_TRANS_TABLES,STRICT_ALL_TABLES,NO_ZERO_IN_DATE,NO_ZERO_DATE,ERROR_FOR_DIVISION_BY_ZERO,TRADITIONAL,NO_ENGINE_SUBSTITUTION {{(pid=109222) _check_effective_sql_mode /opt/stack/data/venv/lib/python3.12/site-packages/oslo_db/sqlalchemy/engines.py:325}}
Apr 15 02:08:31.916153 np0000166345 devstack@n-api-meta.service[109221]: INFO dbcounter [None req-a19f4d6e-ae4a-4e41-829e-3e7d48c91142 None None] Registered counter for database nova_api
Apr 15 02:08:31.934157 np0000166345 devstack@n-api-meta.service[109221]: DEBUG oslo_db.sqlalchemy.engines [None req-a19f4d6e-ae4a-4e41-829e-3e7d48c91142 None None] MySQL server mode set to STRICT_TRANS_TABLES,STRICT_ALL_TABLES,NO_ZERO_IN_DATE,NO_ZERO_DATE,ERROR_FOR_DIVISION_BY_ZERO,TRADITIONAL,NO_ENGINE_SUBSTITUTION {{(pid=109221) _check_effective_sql_mode /opt/stack/data/venv/lib/python3.12/site-packages/oslo_db/sqlalchemy/engines.py:325}}
Apr 15 02:08:31.948395 np0000166345 devstack@n-api-meta.service[109222]: DEBUG dbcounter [-] [109222] Writer thread running {{(pid=109222) stat_writer /opt/stack/data/venv/lib/python3.12/site-packages/dbcounter.py:102}}
Apr 15 02:08:31.950670 np0000166345 devstack@n-api-meta.service[109222]: DEBUG nova.context [None req-5d0b4628-76bc-414a-8fb1-83ea375ea520 None None] Found 2 cells: 00000000-0000-0000-0000-000000000000(cell0),5b6d4768-5879-4219-acf9-df2c11488934(cell1) {{(pid=109222) load_cells /opt/stack/nova/nova/context.py:509}}
Apr 15 02:08:31.950874 np0000166345 devstack@n-api-meta.service[109222]: INFO nova.utils [None req-5d0b4628-76bc-414a-8fb1-83ea375ea520 None None] The cell worker thread pool MainProcess.cell_worker is initialized
Apr 15 02:08:31.952877 np0000166345 devstack@n-api-meta.service[109222]: DEBUG oslo_concurrency.lockutils [None req-5d0b4628-76bc-414a-8fb1-83ea375ea520 None None] Acquiring lock "00000000-0000-0000-0000-000000000000" by "nova.context.set_target_cell..get_or_set_cached_cell_and_set_connections" {{(pid=109222) inner /opt/stack/data/venv/lib/python3.12/site-packages/oslo_concurrency/lockutils.py:506}}
Apr 15 02:08:31.953086 np0000166345 devstack@n-api-meta.service[109222]: DEBUG oslo_concurrency.lockutils [None req-5d0b4628-76bc-414a-8fb1-83ea375ea520 None None] Lock "00000000-0000-0000-0000-000000000000" acquired by "nova.context.set_target_cell..get_or_set_cached_cell_and_set_connections" :: waited 0.000s {{(pid=109222) inner /opt/stack/data/venv/lib/python3.12/site-packages/oslo_concurrency/lockutils.py:519}}
Apr 15 02:08:31.953608 np0000166345 devstack@n-api-meta.service[109222]: DEBUG oslo_concurrency.lockutils [None req-5d0b4628-76bc-414a-8fb1-83ea375ea520 None None] Lock "00000000-0000-0000-0000-000000000000" "released" by "nova.context.set_target_cell..get_or_set_cached_cell_and_set_connections" :: held 0.000s {{(pid=109222) inner /opt/stack/data/venv/lib/python3.12/site-packages/oslo_concurrency/lockutils.py:538}}
Apr 15 02:08:31.953961 np0000166345 devstack@n-api-meta.service[109223]: INFO dbcounter [None req-d6802c52-1de2-4dc9-98ce-afb35e0a3b93 None None] Registered counter for database nova_api
Apr 15 02:08:31.954603 np0000166345 devstack@n-api-meta.service[109222]: DEBUG oslo_concurrency.lockutils [None req-5d0b4628-76bc-414a-8fb1-83ea375ea520 None None] Acquiring lock "5b6d4768-5879-4219-acf9-df2c11488934" by "nova.context.set_target_cell..get_or_set_cached_cell_and_set_connections" {{(pid=109222) inner /opt/stack/data/venv/lib/python3.12/site-packages/oslo_concurrency/lockutils.py:506}}
Apr 15 02:08:31.954766 np0000166345 devstack@n-api-meta.service[109222]: DEBUG oslo_concurrency.lockutils [None req-5d0b4628-76bc-414a-8fb1-83ea375ea520 None None] Lock "5b6d4768-5879-4219-acf9-df2c11488934" acquired by "nova.context.set_target_cell..get_or_set_cached_cell_and_set_connections" :: waited 0.000s {{(pid=109222) inner /opt/stack/data/venv/lib/python3.12/site-packages/oslo_concurrency/lockutils.py:519}}
Apr 15 02:08:31.955866 np0000166345 devstack@n-api-meta.service[109222]: DEBUG oslo_concurrency.lockutils [None req-5d0b4628-76bc-414a-8fb1-83ea375ea520 None None] Lock "5b6d4768-5879-4219-acf9-df2c11488934" "released" by "nova.context.set_target_cell..get_or_set_cached_cell_and_set_connections" :: held 0.001s {{(pid=109222) inner /opt/stack/data/venv/lib/python3.12/site-packages/oslo_concurrency/lockutils.py:538}}
Apr 15 02:08:31.959998 np0000166345 devstack@n-api-meta.service[109222]: INFO dbcounter [None req-5d0b4628-76bc-414a-8fb1-83ea375ea520 None None] Registered counter for database nova_cell0
Apr 15 02:08:31.963773 np0000166345 devstack@n-api-meta.service[109222]: INFO dbcounter [None req-5d0b4628-76bc-414a-8fb1-83ea375ea520 None None] Registered counter for database nova_cell1
Apr 15 02:08:31.968044 np0000166345 devstack@n-api-meta.service[109221]: DEBUG dbcounter [-] [109221] Writer thread running {{(pid=109221) stat_writer /opt/stack/data/venv/lib/python3.12/site-packages/dbcounter.py:102}}
Apr 15 02:08:31.970565 np0000166345 devstack@n-api-meta.service[109220]: INFO dbcounter [None req-66e8092e-8e78-4004-bd0b-58cc613830c9 None None] Registered counter for database nova_api
Apr 15 02:08:31.971094 np0000166345 devstack@n-api-meta.service[109221]: DEBUG nova.context [None req-a19f4d6e-ae4a-4e41-829e-3e7d48c91142 None None] Found 2 cells: 00000000-0000-0000-0000-000000000000(cell0),5b6d4768-5879-4219-acf9-df2c11488934(cell1) {{(pid=109221) load_cells /opt/stack/nova/nova/context.py:509}}
Apr 15 02:08:31.971094 np0000166345 devstack@n-api-meta.service[109221]: INFO nova.utils [None req-a19f4d6e-ae4a-4e41-829e-3e7d48c91142 None None] The cell worker thread pool MainProcess.cell_worker is initialized
Apr 15 02:08:31.972977 np0000166345 devstack@n-api-meta.service[109221]: DEBUG oslo_concurrency.lockutils [None req-a19f4d6e-ae4a-4e41-829e-3e7d48c91142 None None] Acquiring lock "00000000-0000-0000-0000-000000000000" by "nova.context.set_target_cell..get_or_set_cached_cell_and_set_connections" {{(pid=109221) inner /opt/stack/data/venv/lib/python3.12/site-packages/oslo_concurrency/lockutils.py:506}}
Apr 15 02:08:31.973114 np0000166345 devstack@n-api-meta.service[109221]: DEBUG oslo_concurrency.lockutils [None req-a19f4d6e-ae4a-4e41-829e-3e7d48c91142 None None] Lock "00000000-0000-0000-0000-000000000000" acquired by "nova.context.set_target_cell..get_or_set_cached_cell_and_set_connections" :: waited 0.000s {{(pid=109221) inner /opt/stack/data/venv/lib/python3.12/site-packages/oslo_concurrency/lockutils.py:519}}
Apr 15 02:08:31.973182 np0000166345 devstack@n-api-meta.service[109222]: DEBUG oslo_db.sqlalchemy.engines [None req-5d0b4628-76bc-414a-8fb1-83ea375ea520 None None] MySQL server mode set to STRICT_TRANS_TABLES,STRICT_ALL_TABLES,NO_ZERO_IN_DATE,NO_ZERO_DATE,ERROR_FOR_DIVISION_BY_ZERO,TRADITIONAL,NO_ENGINE_SUBSTITUTION {{(pid=109222) _check_effective_sql_mode /opt/stack/data/venv/lib/python3.12/site-packages/oslo_db/sqlalchemy/engines.py:325}}
Apr 15 02:08:31.973516 np0000166345 devstack@n-api-meta.service[109221]: DEBUG oslo_concurrency.lockutils [None req-a19f4d6e-ae4a-4e41-829e-3e7d48c91142 None None] Lock "00000000-0000-0000-0000-000000000000" "released" by "nova.context.set_target_cell..get_or_set_cached_cell_and_set_connections" :: held 0.000s {{(pid=109221) inner /opt/stack/data/venv/lib/python3.12/site-packages/oslo_concurrency/lockutils.py:538}}
Apr 15 02:08:31.974262 np0000166345 devstack@n-api-meta.service[109221]: DEBUG oslo_concurrency.lockutils [None req-a19f4d6e-ae4a-4e41-829e-3e7d48c91142 None None] Acquiring lock "5b6d4768-5879-4219-acf9-df2c11488934" by "nova.context.set_target_cell..get_or_set_cached_cell_and_set_connections" {{(pid=109221) inner /opt/stack/data/venv/lib/python3.12/site-packages/oslo_concurrency/lockutils.py:506}}
Apr 15 02:08:31.976370 np0000166345 devstack@n-api-meta.service[109221]: INFO dbcounter [None req-a19f4d6e-ae4a-4e41-829e-3e7d48c91142 None None] Registered counter for database nova_cell0
Apr 15 02:08:31.977772 np0000166345 devstack@n-api-meta.service[109221]: DEBUG oslo_concurrency.lockutils [None req-a19f4d6e-ae4a-4e41-829e-3e7d48c91142 None None] Lock "5b6d4768-5879-4219-acf9-df2c11488934" acquired by "nova.context.set_target_cell..get_or_set_cached_cell_and_set_connections" :: waited 0.002s {{(pid=109221) inner /opt/stack/data/venv/lib/python3.12/site-packages/oslo_concurrency/lockutils.py:519}}
Apr 15 02:08:31.981342 np0000166345 devstack@n-api-meta.service[109221]: DEBUG oslo_concurrency.lockutils [None req-a19f4d6e-ae4a-4e41-829e-3e7d48c91142 None None] Lock "5b6d4768-5879-4219-acf9-df2c11488934" "released" by "nova.context.set_target_cell..get_or_set_cached_cell_and_set_connections" :: held 0.003s {{(pid=109221) inner /opt/stack/data/venv/lib/python3.12/site-packages/oslo_concurrency/lockutils.py:538}}
Apr 15 02:08:31.981437 np0000166345 devstack@n-api-meta.service[109223]: DEBUG oslo_db.sqlalchemy.engines [None req-d6802c52-1de2-4dc9-98ce-afb35e0a3b93 None None] MySQL server mode set to STRICT_TRANS_TABLES,STRICT_ALL_TABLES,NO_ZERO_IN_DATE,NO_ZERO_DATE,ERROR_FOR_DIVISION_BY_ZERO,TRADITIONAL,NO_ENGINE_SUBSTITUTION {{(pid=109223) _check_effective_sql_mode /opt/stack/data/venv/lib/python3.12/site-packages/oslo_db/sqlalchemy/engines.py:325}}
Apr 15 02:08:31.982341 np0000166345 devstack@n-api-meta.service[109221]: INFO dbcounter [None req-a19f4d6e-ae4a-4e41-829e-3e7d48c91142 None None] Registered counter for database nova_cell1
Apr 15 02:08:31.988708 np0000166345 devstack@n-api-meta.service[109220]: DEBUG oslo_db.sqlalchemy.engines [None req-66e8092e-8e78-4004-bd0b-58cc613830c9 None None] MySQL server mode set to STRICT_TRANS_TABLES,STRICT_ALL_TABLES,NO_ZERO_IN_DATE,NO_ZERO_DATE,ERROR_FOR_DIVISION_BY_ZERO,TRADITIONAL,NO_ENGINE_SUBSTITUTION {{(pid=109220) _check_effective_sql_mode /opt/stack/data/venv/lib/python3.12/site-packages/oslo_db/sqlalchemy/engines.py:325}}
Apr 15 02:08:31.992309 np0000166345 devstack@n-api-meta.service[109221]: DEBUG oslo_db.sqlalchemy.engines [None req-a19f4d6e-ae4a-4e41-829e-3e7d48c91142 None None] MySQL server mode set to STRICT_TRANS_TABLES,STRICT_ALL_TABLES,NO_ZERO_IN_DATE,NO_ZERO_DATE,ERROR_FOR_DIVISION_BY_ZERO,TRADITIONAL,NO_ENGINE_SUBSTITUTION {{(pid=109221) _check_effective_sql_mode /opt/stack/data/venv/lib/python3.12/site-packages/oslo_db/sqlalchemy/engines.py:325}}
Apr 15 02:08:31.994173 np0000166345 devstack@n-api-meta.service[109222]: DEBUG oslo_db.sqlalchemy.engines [None req-5d0b4628-76bc-414a-8fb1-83ea375ea520 None None] MySQL server mode set to STRICT_TRANS_TABLES,STRICT_ALL_TABLES,NO_ZERO_IN_DATE,NO_ZERO_DATE,ERROR_FOR_DIVISION_BY_ZERO,TRADITIONAL,NO_ENGINE_SUBSTITUTION {{(pid=109222) _check_effective_sql_mode /opt/stack/data/venv/lib/python3.12/site-packages/oslo_db/sqlalchemy/engines.py:325}}
Apr 15 02:08:31.997344 np0000166345 devstack@n-api-meta.service[109221]: DEBUG oslo_db.sqlalchemy.engines [None req-a19f4d6e-ae4a-4e41-829e-3e7d48c91142 None None] MySQL server mode set to STRICT_TRANS_TABLES,STRICT_ALL_TABLES,NO_ZERO_IN_DATE,NO_ZERO_DATE,ERROR_FOR_DIVISION_BY_ZERO,TRADITIONAL,NO_ENGINE_SUBSTITUTION {{(pid=109221) _check_effective_sql_mode /opt/stack/data/venv/lib/python3.12/site-packages/oslo_db/sqlalchemy/engines.py:325}}
Apr 15 02:08:32.017151 np0000166345 devstack@n-api-meta.service[109223]: DEBUG dbcounter [-] [109223] Writer thread running {{(pid=109223) stat_writer /opt/stack/data/venv/lib/python3.12/site-packages/dbcounter.py:102}}
Apr 15 02:08:32.023342 np0000166345 devstack@n-api-meta.service[109223]: DEBUG nova.context [None req-d6802c52-1de2-4dc9-98ce-afb35e0a3b93 None None] Found 2 cells: 00000000-0000-0000-0000-000000000000(cell0),5b6d4768-5879-4219-acf9-df2c11488934(cell1) {{(pid=109223) load_cells /opt/stack/nova/nova/context.py:509}}
Apr 15 02:08:32.024210 np0000166345 devstack@n-api-meta.service[109223]: INFO nova.utils [None req-d6802c52-1de2-4dc9-98ce-afb35e0a3b93 None None] The cell worker thread pool MainProcess.cell_worker is initialized
Apr 15 02:08:32.026471 np0000166345 devstack@n-api-meta.service[109223]: DEBUG oslo_concurrency.lockutils [None req-d6802c52-1de2-4dc9-98ce-afb35e0a3b93 None None] Acquiring lock "00000000-0000-0000-0000-000000000000" by "nova.context.set_target_cell..get_or_set_cached_cell_and_set_connections" {{(pid=109223) inner /opt/stack/data/venv/lib/python3.12/site-packages/oslo_concurrency/lockutils.py:506}}
Apr 15 02:08:32.027378 np0000166345 devstack@n-api-meta.service[109223]: DEBUG oslo_concurrency.lockutils [None req-d6802c52-1de2-4dc9-98ce-afb35e0a3b93 None None] Lock "00000000-0000-0000-0000-000000000000" acquired by "nova.context.set_target_cell..get_or_set_cached_cell_and_set_connections" :: waited 0.000s {{(pid=109223) inner /opt/stack/data/venv/lib/python3.12/site-packages/oslo_concurrency/lockutils.py:519}}
Apr 15 02:08:32.027378 np0000166345 devstack@n-api-meta.service[109223]: DEBUG oslo_concurrency.lockutils [None req-d6802c52-1de2-4dc9-98ce-afb35e0a3b93 None None] Lock "00000000-0000-0000-0000-000000000000" "released" by "nova.context.set_target_cell..get_or_set_cached_cell_and_set_connections" :: held 0.001s {{(pid=109223) inner /opt/stack/data/venv/lib/python3.12/site-packages/oslo_concurrency/lockutils.py:538}}
Apr 15 02:08:32.028325 np0000166345 devstack@n-api-meta.service[109223]: DEBUG oslo_concurrency.lockutils [None req-d6802c52-1de2-4dc9-98ce-afb35e0a3b93 None None] Acquiring lock "5b6d4768-5879-4219-acf9-df2c11488934" by "nova.context.set_target_cell..get_or_set_cached_cell_and_set_connections" {{(pid=109223) inner /opt/stack/data/venv/lib/python3.12/site-packages/oslo_concurrency/lockutils.py:506}}
Apr 15 02:08:32.028990 np0000166345 devstack@n-api-meta.service[109223]: DEBUG oslo_concurrency.lockutils [None req-d6802c52-1de2-4dc9-98ce-afb35e0a3b93 None None] Lock "5b6d4768-5879-4219-acf9-df2c11488934" acquired by "nova.context.set_target_cell..get_or_set_cached_cell_and_set_connections" :: waited 0.000s {{(pid=109223) inner /opt/stack/data/venv/lib/python3.12/site-packages/oslo_concurrency/lockutils.py:519}}
Apr 15 02:08:32.029541 np0000166345 devstack@n-api-meta.service[109220]: DEBUG dbcounter [-] [109220] Writer thread running {{(pid=109220) stat_writer /opt/stack/data/venv/lib/python3.12/site-packages/dbcounter.py:102}}
Apr 15 02:08:32.032181 np0000166345 devstack@n-api-meta.service[109223]: INFO dbcounter [None req-d6802c52-1de2-4dc9-98ce-afb35e0a3b93 None None] Registered counter for database nova_cell0
Apr 15 02:08:32.033511 np0000166345 devstack@n-api-meta.service[109220]: DEBUG nova.context [None req-66e8092e-8e78-4004-bd0b-58cc613830c9 None None] Found 2 cells: 00000000-0000-0000-0000-000000000000(cell0),5b6d4768-5879-4219-acf9-df2c11488934(cell1) {{(pid=109220) load_cells /opt/stack/nova/nova/context.py:509}}
Apr 15 02:08:32.033909 np0000166345 devstack@n-api-meta.service[109220]: INFO nova.utils [None req-66e8092e-8e78-4004-bd0b-58cc613830c9 None None] The cell worker thread pool MainProcess.cell_worker is initialized
Apr 15 02:08:32.034287 np0000166345 devstack@n-api-meta.service[109223]: DEBUG oslo_concurrency.lockutils [None req-d6802c52-1de2-4dc9-98ce-afb35e0a3b93 None None] Lock "5b6d4768-5879-4219-acf9-df2c11488934" "released" by "nova.context.set_target_cell..get_or_set_cached_cell_and_set_connections" :: held 0.003s {{(pid=109223) inner /opt/stack/data/venv/lib/python3.12/site-packages/oslo_concurrency/lockutils.py:538}}
Apr 15 02:08:32.036384 np0000166345 devstack@n-api-meta.service[109220]: DEBUG oslo_concurrency.lockutils [None req-66e8092e-8e78-4004-bd0b-58cc613830c9 None None] Acquiring lock "00000000-0000-0000-0000-000000000000" by "nova.context.set_target_cell..get_or_set_cached_cell_and_set_connections" {{(pid=109220) inner /opt/stack/data/venv/lib/python3.12/site-packages/oslo_concurrency/lockutils.py:506}}
Apr 15 02:08:32.036643 np0000166345 devstack@n-api-meta.service[109220]: DEBUG oslo_concurrency.lockutils [None req-66e8092e-8e78-4004-bd0b-58cc613830c9 None None] Lock "00000000-0000-0000-0000-000000000000" acquired by "nova.context.set_target_cell..get_or_set_cached_cell_and_set_connections" :: waited 0.000s {{(pid=109220) inner /opt/stack/data/venv/lib/python3.12/site-packages/oslo_concurrency/lockutils.py:519}}
Apr 15 02:08:32.037207 np0000166345 devstack@n-api-meta.service[109223]: INFO dbcounter [None req-d6802c52-1de2-4dc9-98ce-afb35e0a3b93 None None] Registered counter for database nova_cell1
Apr 15 02:08:32.037408 np0000166345 devstack@n-api-meta.service[109220]: DEBUG oslo_concurrency.lockutils [None req-66e8092e-8e78-4004-bd0b-58cc613830c9 None None] Lock "00000000-0000-0000-0000-000000000000" "released" by "nova.context.set_target_cell..get_or_set_cached_cell_and_set_connections" :: held 0.001s {{(pid=109220) inner /opt/stack/data/venv/lib/python3.12/site-packages/oslo_concurrency/lockutils.py:538}}
Apr 15 02:08:32.038287 np0000166345 devstack@n-api-meta.service[109220]: DEBUG oslo_concurrency.lockutils [None req-66e8092e-8e78-4004-bd0b-58cc613830c9 None None] Acquiring lock "5b6d4768-5879-4219-acf9-df2c11488934" by "nova.context.set_target_cell..get_or_set_cached_cell_and_set_connections" {{(pid=109220) inner /opt/stack/data/venv/lib/python3.12/site-packages/oslo_concurrency/lockutils.py:506}}
Apr 15 02:08:32.040575 np0000166345 devstack@n-api-meta.service[109220]: INFO dbcounter [None req-66e8092e-8e78-4004-bd0b-58cc613830c9 None None] Registered counter for database nova_cell0
Apr 15 02:08:32.043267 np0000166345 devstack@n-api-meta.service[109220]: DEBUG oslo_concurrency.lockutils [None req-66e8092e-8e78-4004-bd0b-58cc613830c9 None None] Lock "5b6d4768-5879-4219-acf9-df2c11488934" acquired by "nova.context.set_target_cell..get_or_set_cached_cell_and_set_connections" :: waited 0.002s {{(pid=109220) inner /opt/stack/data/venv/lib/python3.12/site-packages/oslo_concurrency/lockutils.py:519}}
Apr 15 02:08:32.045456 np0000166345 devstack@n-api-meta.service[109220]: DEBUG oslo_concurrency.lockutils [None req-66e8092e-8e78-4004-bd0b-58cc613830c9 None None] Lock "5b6d4768-5879-4219-acf9-df2c11488934" "released" by "nova.context.set_target_cell..get_or_set_cached_cell_and_set_connections" :: held 0.005s {{(pid=109220) inner /opt/stack/data/venv/lib/python3.12/site-packages/oslo_concurrency/lockutils.py:538}}
Apr 15 02:08:32.045986 np0000166345 devstack@n-api-meta.service[109223]: DEBUG oslo_db.sqlalchemy.engines [None req-d6802c52-1de2-4dc9-98ce-afb35e0a3b93 None None] MySQL server mode set to STRICT_TRANS_TABLES,STRICT_ALL_TABLES,NO_ZERO_IN_DATE,NO_ZERO_DATE,ERROR_FOR_DIVISION_BY_ZERO,TRADITIONAL,NO_ENGINE_SUBSTITUTION {{(pid=109223) _check_effective_sql_mode /opt/stack/data/venv/lib/python3.12/site-packages/oslo_db/sqlalchemy/engines.py:325}}
Apr 15 02:08:32.048010 np0000166345 devstack@n-api-meta.service[109220]: INFO dbcounter [None req-66e8092e-8e78-4004-bd0b-58cc613830c9 None None] Registered counter for database nova_cell1
Apr 15 02:08:32.053297 np0000166345 devstack@n-api-meta.service[109223]: DEBUG oslo_db.sqlalchemy.engines [None req-d6802c52-1de2-4dc9-98ce-afb35e0a3b93 None None] MySQL server mode set to STRICT_TRANS_TABLES,STRICT_ALL_TABLES,NO_ZERO_IN_DATE,NO_ZERO_DATE,ERROR_FOR_DIVISION_BY_ZERO,TRADITIONAL,NO_ENGINE_SUBSTITUTION {{(pid=109223) _check_effective_sql_mode /opt/stack/data/venv/lib/python3.12/site-packages/oslo_db/sqlalchemy/engines.py:325}}
Apr 15 02:08:32.056991 np0000166345 devstack@n-api-meta.service[109220]: DEBUG oslo_db.sqlalchemy.engines [None req-66e8092e-8e78-4004-bd0b-58cc613830c9 None None] MySQL server mode set to STRICT_TRANS_TABLES,STRICT_ALL_TABLES,NO_ZERO_IN_DATE,NO_ZERO_DATE,ERROR_FOR_DIVISION_BY_ZERO,TRADITIONAL,NO_ENGINE_SUBSTITUTION {{(pid=109220) _check_effective_sql_mode /opt/stack/data/venv/lib/python3.12/site-packages/oslo_db/sqlalchemy/engines.py:325}}
Apr 15 02:08:32.062266 np0000166345 devstack@n-api-meta.service[109220]: DEBUG oslo_db.sqlalchemy.engines [None req-66e8092e-8e78-4004-bd0b-58cc613830c9 None None] MySQL server mode set to STRICT_TRANS_TABLES,STRICT_ALL_TABLES,NO_ZERO_IN_DATE,NO_ZERO_DATE,ERROR_FOR_DIVISION_BY_ZERO,TRADITIONAL,NO_ENGINE_SUBSTITUTION {{(pid=109220) _check_effective_sql_mode /opt/stack/data/venv/lib/python3.12/site-packages/oslo_db/sqlalchemy/engines.py:325}}
Apr 15 02:08:32.080211 np0000166345 devstack@n-api-meta.service[109222]: DEBUG dbcounter [-] [109222] Writer thread running {{(pid=109222) stat_writer /opt/stack/data/venv/lib/python3.12/site-packages/dbcounter.py:102}}
Apr 15 02:08:32.087173 np0000166345 devstack@n-api-meta.service[109222]: DEBUG dbcounter [-] [109222] Writer thread running {{(pid=109222) stat_writer /opt/stack/data/venv/lib/python3.12/site-packages/dbcounter.py:102}}
Apr 15 02:08:32.092965 np0000166345 devstack@n-api-meta.service[109222]: INFO dbcounter [None req-5d0b4628-76bc-414a-8fb1-83ea375ea520 None None] Registered counter for database nova_cell0
Apr 15 02:08:32.104815 np0000166345 devstack@n-api-meta.service[109222]: DEBUG oslo_db.sqlalchemy.engines [None req-5d0b4628-76bc-414a-8fb1-83ea375ea520 None None] MySQL server mode set to STRICT_TRANS_TABLES,STRICT_ALL_TABLES,NO_ZERO_IN_DATE,NO_ZERO_DATE,ERROR_FOR_DIVISION_BY_ZERO,TRADITIONAL,NO_ENGINE_SUBSTITUTION {{(pid=109222) _check_effective_sql_mode /opt/stack/data/venv/lib/python3.12/site-packages/oslo_db/sqlalchemy/engines.py:325}}
Apr 15 02:08:32.106366 np0000166345 devstack@n-api-meta.service[109221]: DEBUG dbcounter [-] [109221] Writer thread running {{(pid=109221) stat_writer /opt/stack/data/venv/lib/python3.12/site-packages/dbcounter.py:102}}
Apr 15 02:08:32.107640 np0000166345 devstack@n-api-meta.service[109221]: DEBUG dbcounter [-] [109221] Writer thread running {{(pid=109221) stat_writer /opt/stack/data/venv/lib/python3.12/site-packages/dbcounter.py:102}}
Apr 15 02:08:32.115329 np0000166345 devstack@n-api-meta.service[109221]: INFO dbcounter [None req-a19f4d6e-ae4a-4e41-829e-3e7d48c91142 None None] Registered counter for database nova_cell0
Apr 15 02:08:32.116340 np0000166345 devstack@n-api-meta.service[109222]: DEBUG dbcounter [-] [109222] Writer thread running {{(pid=109222) stat_writer /opt/stack/data/venv/lib/python3.12/site-packages/dbcounter.py:102}}
Apr 15 02:08:32.125681 np0000166345 devstack@n-api-meta.service[109221]: DEBUG oslo_db.sqlalchemy.engines [None req-a19f4d6e-ae4a-4e41-829e-3e7d48c91142 None None] MySQL server mode set to STRICT_TRANS_TABLES,STRICT_ALL_TABLES,NO_ZERO_IN_DATE,NO_ZERO_DATE,ERROR_FOR_DIVISION_BY_ZERO,TRADITIONAL,NO_ENGINE_SUBSTITUTION {{(pid=109221) _check_effective_sql_mode /opt/stack/data/venv/lib/python3.12/site-packages/oslo_db/sqlalchemy/engines.py:325}}
Apr 15 02:08:32.134904 np0000166345 devstack@n-api-meta.service[109221]: DEBUG dbcounter [-] [109221] Writer thread running {{(pid=109221) stat_writer /opt/stack/data/venv/lib/python3.12/site-packages/dbcounter.py:102}}
Apr 15 02:08:32.151448 np0000166345 devstack@n-api-meta.service[109220]: DEBUG dbcounter [-] [109220] Writer thread running {{(pid=109220) stat_writer /opt/stack/data/venv/lib/python3.12/site-packages/dbcounter.py:102}}
Apr 15 02:08:32.156495 np0000166345 devstack@n-api-meta.service[109220]: DEBUG dbcounter [-] [109220] Writer thread running {{(pid=109220) stat_writer /opt/stack/data/venv/lib/python3.12/site-packages/dbcounter.py:102}}
Apr 15 02:08:32.160695 np0000166345 devstack@n-api-meta.service[109223]: DEBUG dbcounter [-] [109223] Writer thread running {{(pid=109223) stat_writer /opt/stack/data/venv/lib/python3.12/site-packages/dbcounter.py:102}}
Apr 15 02:08:32.161398 np0000166345 devstack@n-api-meta.service[109223]: DEBUG dbcounter [-] [109223] Writer thread running {{(pid=109223) stat_writer /opt/stack/data/venv/lib/python3.12/site-packages/dbcounter.py:102}}
Apr 15 02:08:32.162770 np0000166345 devstack@n-api-meta.service[109220]: INFO dbcounter [None req-66e8092e-8e78-4004-bd0b-58cc613830c9 None None] Registered counter for database nova_cell0
Apr 15 02:08:32.168091 np0000166345 devstack@n-api-meta.service[109223]: INFO dbcounter [None req-d6802c52-1de2-4dc9-98ce-afb35e0a3b93 None None] Registered counter for database nova_cell0
Apr 15 02:08:32.175352 np0000166345 devstack@n-api-meta.service[109220]: DEBUG oslo_db.sqlalchemy.engines [None req-66e8092e-8e78-4004-bd0b-58cc613830c9 None None] MySQL server mode set to STRICT_TRANS_TABLES,STRICT_ALL_TABLES,NO_ZERO_IN_DATE,NO_ZERO_DATE,ERROR_FOR_DIVISION_BY_ZERO,TRADITIONAL,NO_ENGINE_SUBSTITUTION {{(pid=109220) _check_effective_sql_mode /opt/stack/data/venv/lib/python3.12/site-packages/oslo_db/sqlalchemy/engines.py:325}}
Apr 15 02:08:32.181338 np0000166345 devstack@n-api-meta.service[109223]: DEBUG oslo_db.sqlalchemy.engines [None req-d6802c52-1de2-4dc9-98ce-afb35e0a3b93 None None] MySQL server mode set to STRICT_TRANS_TABLES,STRICT_ALL_TABLES,NO_ZERO_IN_DATE,NO_ZERO_DATE,ERROR_FOR_DIVISION_BY_ZERO,TRADITIONAL,NO_ENGINE_SUBSTITUTION {{(pid=109223) _check_effective_sql_mode /opt/stack/data/venv/lib/python3.12/site-packages/oslo_db/sqlalchemy/engines.py:325}}
Apr 15 02:08:32.186664 np0000166345 devstack@n-api-meta.service[109220]: DEBUG dbcounter [-] [109220] Writer thread running {{(pid=109220) stat_writer /opt/stack/data/venv/lib/python3.12/site-packages/dbcounter.py:102}}
Apr 15 02:08:32.191621 np0000166345 devstack@n-api-meta.service[109223]: DEBUG dbcounter [-] [109223] Writer thread running {{(pid=109223) stat_writer /opt/stack/data/venv/lib/python3.12/site-packages/dbcounter.py:102}}
Apr 15 02:08:32.225123 np0000166345 devstack@n-api-meta.service[109222]: WARNING nova.api.metadata.handler [None req-5d0b4628-76bc-414a-8fb1-83ea375ea520 None None] metadata_proxy_shared_secret is not configured, the metadata information returned by the proxy cannot be trusted
Apr 15 02:08:32.227613 np0000166345 devstack@n-api-meta.service[109222]: DEBUG nova.api.openstack.wsgi_app [None req-5d0b4628-76bc-414a-8fb1-83ea375ea520 None None] ******************************************************************************** {{(pid=109222) log_opt_values /opt/stack/data/venv/lib/python3.12/site-packages/oslo_config/cfg.py:2979}}
Apr 15 02:08:32.227817 np0000166345 devstack@n-api-meta.service[109222]: DEBUG nova.api.openstack.wsgi_app [None req-5d0b4628-76bc-414a-8fb1-83ea375ea520 None None] Configuration options gathered from: {{(pid=109222) log_opt_values /opt/stack/data/venv/lib/python3.12/site-packages/oslo_config/cfg.py:2980}}
Apr 15 02:08:32.228033 np0000166345 devstack@n-api-meta.service[109222]: DEBUG nova.api.openstack.wsgi_app [None req-5d0b4628-76bc-414a-8fb1-83ea375ea520 None None] command line args: [] {{(pid=109222) log_opt_values /opt/stack/data/venv/lib/python3.12/site-packages/oslo_config/cfg.py:2981}}
Apr 15 02:08:32.228264 np0000166345 devstack@n-api-meta.service[109222]: DEBUG nova.api.openstack.wsgi_app [None req-5d0b4628-76bc-414a-8fb1-83ea375ea520 None None] config files: ['/etc/nova/api-paste.ini', '/etc/nova/nova.conf'] {{(pid=109222) log_opt_values /opt/stack/data/venv/lib/python3.12/site-packages/oslo_config/cfg.py:2982}}
Apr 15 02:08:32.228525 np0000166345 devstack@n-api-meta.service[109222]: DEBUG nova.api.openstack.wsgi_app [None req-5d0b4628-76bc-414a-8fb1-83ea375ea520 None None] ================================================================================ {{(pid=109222) log_opt_values /opt/stack/data/venv/lib/python3.12/site-packages/oslo_config/cfg.py:2987}}
Apr 15 02:08:32.228777 np0000166345 devstack@n-api-meta.service[109222]: DEBUG nova.api.openstack.wsgi_app [None req-5d0b4628-76bc-414a-8fb1-83ea375ea520 None None] allow_resize_to_same_host = True {{(pid=109222) log_opt_values /opt/stack/data/venv/lib/python3.12/site-packages/oslo_config/cfg.py:2995}}
Apr 15 02:08:32.229015 np0000166345 devstack@n-api-meta.service[109222]: DEBUG nova.api.openstack.wsgi_app [None req-5d0b4628-76bc-414a-8fb1-83ea375ea520 None None] arq_binding_timeout = 300 {{(pid=109222) log_opt_values /opt/stack/data/venv/lib/python3.12/site-packages/oslo_config/cfg.py:2995}}
Apr 15 02:08:32.229227 np0000166345 devstack@n-api-meta.service[109222]: DEBUG nova.api.openstack.wsgi_app [None req-5d0b4628-76bc-414a-8fb1-83ea375ea520 None None] block_device_allocate_retries = 60 {{(pid=109222) log_opt_values /opt/stack/data/venv/lib/python3.12/site-packages/oslo_config/cfg.py:2995}}
Apr 15 02:08:32.229463 np0000166345 devstack@n-api-meta.service[109222]: DEBUG nova.api.openstack.wsgi_app [None req-5d0b4628-76bc-414a-8fb1-83ea375ea520 None None] block_device_allocate_retries_interval = 3 {{(pid=109222) log_opt_values /opt/stack/data/venv/lib/python3.12/site-packages/oslo_config/cfg.py:2995}}
Apr 15 02:08:32.229673 np0000166345 devstack@n-api-meta.service[109222]: DEBUG nova.api.openstack.wsgi_app [None req-5d0b4628-76bc-414a-8fb1-83ea375ea520 None None] cell_worker_thread_pool_size = 5 {{(pid=109222) log_opt_values /opt/stack/data/venv/lib/python3.12/site-packages/oslo_config/cfg.py:2995}}
Apr 15 02:08:32.229945 np0000166345 devstack@n-api-meta.service[109222]: DEBUG nova.api.openstack.wsgi_app [None req-5d0b4628-76bc-414a-8fb1-83ea375ea520 None None] cert = self.pem {{(pid=109222) log_opt_values /opt/stack/data/venv/lib/python3.12/site-packages/oslo_config/cfg.py:2995}}
Apr 15 02:08:32.230178 np0000166345 devstack@n-api-meta.service[109222]: DEBUG nova.api.openstack.wsgi_app [None req-5d0b4628-76bc-414a-8fb1-83ea375ea520 None None] compute_driver = libvirt.LibvirtDriver {{(pid=109222) log_opt_values /opt/stack/data/venv/lib/python3.12/site-packages/oslo_config/cfg.py:2995}}
Apr 15 02:08:32.230413 np0000166345 devstack@n-api-meta.service[109222]: DEBUG nova.api.openstack.wsgi_app [None req-5d0b4628-76bc-414a-8fb1-83ea375ea520 None None] compute_monitors = [] {{(pid=109222) log_opt_values /opt/stack/data/venv/lib/python3.12/site-packages/oslo_config/cfg.py:2995}}
Apr 15 02:08:32.230626 np0000166345 devstack@n-api-meta.service[109222]: DEBUG nova.api.openstack.wsgi_app [None req-5d0b4628-76bc-414a-8fb1-83ea375ea520 None None] config_dir = [] {{(pid=109222) log_opt_values /opt/stack/data/venv/lib/python3.12/site-packages/oslo_config/cfg.py:2995}}
Apr 15 02:08:32.230842 np0000166345 devstack@n-api-meta.service[109222]: DEBUG nova.api.openstack.wsgi_app [None req-5d0b4628-76bc-414a-8fb1-83ea375ea520 None None] config_drive_format = iso9660 {{(pid=109222) log_opt_values /opt/stack/data/venv/lib/python3.12/site-packages/oslo_config/cfg.py:2995}}
Apr 15 02:08:32.231039 np0000166345 devstack@n-api-meta.service[109222]: DEBUG nova.api.openstack.wsgi_app [None req-5d0b4628-76bc-414a-8fb1-83ea375ea520 None None] config_file = ['/etc/nova/api-paste.ini', '/etc/nova/nova.conf'] {{(pid=109222) log_opt_values /opt/stack/data/venv/lib/python3.12/site-packages/oslo_config/cfg.py:2995}}
Apr 15 02:08:32.231255 np0000166345 devstack@n-api-meta.service[109222]: DEBUG nova.api.openstack.wsgi_app [None req-5d0b4628-76bc-414a-8fb1-83ea375ea520 None None] config_source = [] {{(pid=109222) log_opt_values /opt/stack/data/venv/lib/python3.12/site-packages/oslo_config/cfg.py:2995}}
Apr 15 02:08:32.231491 np0000166345 devstack@n-api-meta.service[109222]: DEBUG nova.api.openstack.wsgi_app [None req-5d0b4628-76bc-414a-8fb1-83ea375ea520 None None] console_host = np0000166345 {{(pid=109222) log_opt_values /opt/stack/data/venv/lib/python3.12/site-packages/oslo_config/cfg.py:2995}}
Apr 15 02:08:32.231705 np0000166345 devstack@n-api-meta.service[109222]: DEBUG nova.api.openstack.wsgi_app [None req-5d0b4628-76bc-414a-8fb1-83ea375ea520 None None] control_exchange = nova {{(pid=109222) log_opt_values /opt/stack/data/venv/lib/python3.12/site-packages/oslo_config/cfg.py:2995}}
Apr 15 02:08:32.231908 np0000166345 devstack@n-api-meta.service[109222]: DEBUG nova.api.openstack.wsgi_app [None req-5d0b4628-76bc-414a-8fb1-83ea375ea520 None None] cpu_allocation_ratio = None {{(pid=109222) log_opt_values /opt/stack/data/venv/lib/python3.12/site-packages/oslo_config/cfg.py:2995}}
Apr 15 02:08:32.232123 np0000166345 devstack@n-api-meta.service[109222]: DEBUG nova.api.openstack.wsgi_app [None req-5d0b4628-76bc-414a-8fb1-83ea375ea520 None None] daemon = False {{(pid=109222) log_opt_values /opt/stack/data/venv/lib/python3.12/site-packages/oslo_config/cfg.py:2995}}
Apr 15 02:08:32.232356 np0000166345 devstack@n-api-meta.service[109222]: DEBUG nova.api.openstack.wsgi_app [None req-5d0b4628-76bc-414a-8fb1-83ea375ea520 None None] debug = True {{(pid=109222) log_opt_values /opt/stack/data/venv/lib/python3.12/site-packages/oslo_config/cfg.py:2995}}
Apr 15 02:08:32.232564 np0000166345 devstack@n-api-meta.service[109222]: DEBUG nova.api.openstack.wsgi_app [None req-5d0b4628-76bc-414a-8fb1-83ea375ea520 None None] default_access_ip_network_name = None {{(pid=109222) log_opt_values /opt/stack/data/venv/lib/python3.12/site-packages/oslo_config/cfg.py:2995}}
Apr 15 02:08:32.232774 np0000166345 devstack@n-api-meta.service[109222]: DEBUG nova.api.openstack.wsgi_app [None req-5d0b4628-76bc-414a-8fb1-83ea375ea520 None None] default_availability_zone = nova {{(pid=109222) log_opt_values /opt/stack/data/venv/lib/python3.12/site-packages/oslo_config/cfg.py:2995}}
Apr 15 02:08:32.233005 np0000166345 devstack@n-api-meta.service[109222]: DEBUG nova.api.openstack.wsgi_app [None req-5d0b4628-76bc-414a-8fb1-83ea375ea520 None None] default_ephemeral_format = ext4 {{(pid=109222) log_opt_values /opt/stack/data/venv/lib/python3.12/site-packages/oslo_config/cfg.py:2995}}
Apr 15 02:08:32.233217 np0000166345 devstack@n-api-meta.service[109222]: DEBUG nova.api.openstack.wsgi_app [None req-5d0b4628-76bc-414a-8fb1-83ea375ea520 None None] default_green_pool_size = 1000 {{(pid=109222) log_opt_values /opt/stack/data/venv/lib/python3.12/site-packages/oslo_config/cfg.py:2995}}
Apr 15 02:08:32.233530 np0000166345 devstack@n-api-meta.service[109222]: DEBUG nova.api.openstack.wsgi_app [None req-5d0b4628-76bc-414a-8fb1-83ea375ea520 None None] default_log_levels = ['amqp=WARN', 'boto=WARN', 'sqlalchemy=WARN', 'suds=INFO', 'oslo.messaging=INFO', 'oslo_messaging=INFO', 'iso8601=WARN', 'requests.packages.urllib3.connectionpool=WARN', 'urllib3.connectionpool=WARN', 'websocket=WARN', 'requests.packages.urllib3.util.retry=WARN', 'urllib3.util.retry=WARN', 'keystonemiddleware=WARN', 'routes.middleware=WARN', 'stevedore=WARN', 'taskflow=WARN', 'keystoneauth=WARN', 'oslo.cache=INFO', 'oslo_policy=INFO', 'dogpile.core.dogpile=INFO', 'glanceclient=WARN', 'oslo.privsep.daemon=INFO'] {{(pid=109222) log_opt_values /opt/stack/data/venv/lib/python3.12/site-packages/oslo_config/cfg.py:2995}}
Apr 15 02:08:32.233815 np0000166345 devstack@n-api-meta.service[109222]: DEBUG nova.api.openstack.wsgi_app [None req-5d0b4628-76bc-414a-8fb1-83ea375ea520 None None] default_schedule_zone = None {{(pid=109222) log_opt_values /opt/stack/data/venv/lib/python3.12/site-packages/oslo_config/cfg.py:2995}}
Apr 15 02:08:32.234024 np0000166345 devstack@n-api-meta.service[109222]: DEBUG nova.api.openstack.wsgi_app [None req-5d0b4628-76bc-414a-8fb1-83ea375ea520 None None] default_thread_pool_size = 10 {{(pid=109222) log_opt_values /opt/stack/data/venv/lib/python3.12/site-packages/oslo_config/cfg.py:2995}}
Apr 15 02:08:32.234228 np0000166345 devstack@n-api-meta.service[109222]: DEBUG nova.api.openstack.wsgi_app [None req-5d0b4628-76bc-414a-8fb1-83ea375ea520 None None] disk_allocation_ratio = None {{(pid=109222) log_opt_values /opt/stack/data/venv/lib/python3.12/site-packages/oslo_config/cfg.py:2995}}
Apr 15 02:08:32.234461 np0000166345 devstack@n-api-meta.service[109222]: DEBUG nova.api.openstack.wsgi_app [None req-5d0b4628-76bc-414a-8fb1-83ea375ea520 None None] enable_new_services = True {{(pid=109222) log_opt_values /opt/stack/data/venv/lib/python3.12/site-packages/oslo_config/cfg.py:2995}}
Apr 15 02:08:32.234669 np0000166345 devstack@n-api-meta.service[109222]: DEBUG nova.api.openstack.wsgi_app [None req-5d0b4628-76bc-414a-8fb1-83ea375ea520 None None] flat_injected = False {{(pid=109222) log_opt_values /opt/stack/data/venv/lib/python3.12/site-packages/oslo_config/cfg.py:2995}}
Apr 15 02:08:32.234889 np0000166345 devstack@n-api-meta.service[109222]: DEBUG nova.api.openstack.wsgi_app [None req-5d0b4628-76bc-414a-8fb1-83ea375ea520 None None] force_config_drive = False {{(pid=109222) log_opt_values /opt/stack/data/venv/lib/python3.12/site-packages/oslo_config/cfg.py:2995}}
Apr 15 02:08:32.235124 np0000166345 devstack@n-api-meta.service[109222]: DEBUG nova.api.openstack.wsgi_app [None req-5d0b4628-76bc-414a-8fb1-83ea375ea520 None None] force_raw_images = True {{(pid=109222) log_opt_values /opt/stack/data/venv/lib/python3.12/site-packages/oslo_config/cfg.py:2995}}
Apr 15 02:08:32.235363 np0000166345 devstack@n-api-meta.service[109222]: DEBUG nova.api.openstack.wsgi_app [None req-5d0b4628-76bc-414a-8fb1-83ea375ea520 None None] graceful_shutdown_timeout = 5 {{(pid=109222) log_opt_values /opt/stack/data/venv/lib/python3.12/site-packages/oslo_config/cfg.py:2995}}
Apr 15 02:08:32.238122 np0000166345 devstack@n-api-meta.service[109222]: DEBUG nova.api.openstack.wsgi_app [None req-5d0b4628-76bc-414a-8fb1-83ea375ea520 None None] heal_instance_info_cache_interval = -1 {{(pid=109222) log_opt_values /opt/stack/data/venv/lib/python3.12/site-packages/oslo_config/cfg.py:2995}}
Apr 15 02:08:32.238122 np0000166345 devstack@n-api-meta.service[109222]: DEBUG nova.api.openstack.wsgi_app [None req-5d0b4628-76bc-414a-8fb1-83ea375ea520 None None] host = np0000166345 {{(pid=109222) log_opt_values /opt/stack/data/venv/lib/python3.12/site-packages/oslo_config/cfg.py:2995}}
Apr 15 02:08:32.238122 np0000166345 devstack@n-api-meta.service[109222]: DEBUG nova.api.openstack.wsgi_app [None req-5d0b4628-76bc-414a-8fb1-83ea375ea520 None None] initial_cpu_allocation_ratio = 4.0 {{(pid=109222) log_opt_values /opt/stack/data/venv/lib/python3.12/site-packages/oslo_config/cfg.py:2995}}
Apr 15 02:08:32.238122 np0000166345 devstack@n-api-meta.service[109222]: DEBUG nova.api.openstack.wsgi_app [None req-5d0b4628-76bc-414a-8fb1-83ea375ea520 None None] initial_disk_allocation_ratio = 1.0 {{(pid=109222) log_opt_values /opt/stack/data/venv/lib/python3.12/site-packages/oslo_config/cfg.py:2995}}
Apr 15 02:08:32.238122 np0000166345 devstack@n-api-meta.service[109222]: DEBUG nova.api.openstack.wsgi_app [None req-5d0b4628-76bc-414a-8fb1-83ea375ea520 None None] initial_ram_allocation_ratio = 1.0 {{(pid=109222) log_opt_values /opt/stack/data/venv/lib/python3.12/site-packages/oslo_config/cfg.py:2995}}
Apr 15 02:08:32.238122 np0000166345 devstack@n-api-meta.service[109222]: DEBUG nova.api.openstack.wsgi_app [None req-5d0b4628-76bc-414a-8fb1-83ea375ea520 None None] injected_network_template = /opt/stack/nova/nova/virt/interfaces.template {{(pid=109222) log_opt_values /opt/stack/data/venv/lib/python3.12/site-packages/oslo_config/cfg.py:2995}}
Apr 15 02:08:32.238122 np0000166345 devstack@n-api-meta.service[109222]: DEBUG nova.api.openstack.wsgi_app [None req-5d0b4628-76bc-414a-8fb1-83ea375ea520 None None] instance_build_timeout = 0 {{(pid=109222) log_opt_values /opt/stack/data/venv/lib/python3.12/site-packages/oslo_config/cfg.py:2995}}
Apr 15 02:08:32.238387 np0000166345 devstack@n-api-meta.service[109222]: DEBUG nova.api.openstack.wsgi_app [None req-5d0b4628-76bc-414a-8fb1-83ea375ea520 None None] instance_delete_interval = 300 {{(pid=109222) log_opt_values /opt/stack/data/venv/lib/python3.12/site-packages/oslo_config/cfg.py:2995}}
Apr 15 02:08:32.238387 np0000166345 devstack@n-api-meta.service[109222]: DEBUG nova.api.openstack.wsgi_app [None req-5d0b4628-76bc-414a-8fb1-83ea375ea520 None None] instance_format = [instance: %(uuid)s] {{(pid=109222) log_opt_values /opt/stack/data/venv/lib/python3.12/site-packages/oslo_config/cfg.py:2995}}
Apr 15 02:08:32.238387 np0000166345 devstack@n-api-meta.service[109222]: DEBUG nova.api.openstack.wsgi_app [None req-5d0b4628-76bc-414a-8fb1-83ea375ea520 None None] instance_name_template = instance-%08x {{(pid=109222) log_opt_values /opt/stack/data/venv/lib/python3.12/site-packages/oslo_config/cfg.py:2995}}
