2026-03-09 14:49:35.813 8 INFO neutron.db.ovn_revision_numbers_db [None req-0469d197-418f-42ac-85d0-f93b3aa81c99 036f591f836948ea92b774d98c609f1d 9e91c2219cf34c00a88d7d966489a684 - - default default] Successfully bumped revision number for resource 4368f5e4-3529-4649-8377-29f15871ecb0 (type: security_group_rules) to 0
2026-03-09 14:49:35.825 8 INFO neutron.db.ovn_revision_numbers_db [None req-0469d197-418f-42ac-85d0-f93b3aa81c99 036f591f836948ea92b774d98c609f1d 9e91c2219cf34c00a88d7d966489a684 - - default default] Successfully bumped revision number for resource c046d155-ae5e-478c-92c7-dc4fbef89066 (type: security_group_rules) to 0
2026-03-09 14:49:35.913 8 INFO neutron.db.segments_db [None req-0469d197-418f-42ac-85d0-f93b3aa81c99 036f591f836948ea92b774d98c609f1d 9e91c2219cf34c00a88d7d966489a684 - - default default] Added segment 9ea4feda-4a70-4e3c-b46a-b3f5df033b34 of type geneve for network 8c327a62-9b91-4ff5-b7f3-b3b108e65262
2026-03-09 14:49:36.050 8 INFO neutron.db.ovn_revision_numbers_db [None req-0469d197-418f-42ac-85d0-f93b3aa81c99 036f591f836948ea92b774d98c609f1d 9e91c2219cf34c00a88d7d966489a684 - - default default] Successfully bumped revision number for resource 8c327a62-9b91-4ff5-b7f3-b3b108e65262 (type: networks) to 1 [pid: 7|app: 0|req: 1251/2478] 10.0.0.120 () {34 vars in 789 bytes} [Mon Mar 9 14:49:35 2026] PUT /v2.0/routers/fac505df-15ca-48c0-8d58-3b13300a62a6/remove_router_interface => generated 309 bytes in 936 msecs (HTTP/1.1 200) 4 headers in 157 bytes (1 switches on core 0) /var/lib/openstack/lib/python3.12/site-packages/pycadf/identifier.py:70: UserWarning: Invalid uuid: neutron. To ensure interoperability, identifiers should be a valid uuid. warnings.warn(('Invalid uuid: %s. To ensure interoperability, '
2026-03-09 14:49:36.250 8 WARNING neutron.scheduler.dhcp_agent_scheduler [None req-0469d197-418f-42ac-85d0-f93b3aa81c99 036f591f836948ea92b774d98c609f1d 9e91c2219cf34c00a88d7d966489a684 - - default default] No more DHCP agents
2026-03-09 14:49:36.251 8 WARNING neutron.api.rpc.agentnotifiers.dhcp_rpc_agent_api [None req-0469d197-418f-42ac-85d0-f93b3aa81c99 036f591f836948ea92b774d98c609f1d 9e91c2219cf34c00a88d7d966489a684 - - default default] Unable to schedule network 8c327a62-9b91-4ff5-b7f3-b3b108e65262: no agents available; will retry on subsequent port and subnet creation events. [pid: 7|app: 0|req: 1252/2479] 10.0.0.120 () {32 vars in 729 bytes} [Mon Mar 9 14:49:36 2026] GET /v2.0/floatingips/f83ff7d6-b3b5-464a-995e-2142f1e9f53c => generated 858 bytes in 93 msecs (HTTP/1.1 200) 4 headers in 157 bytes (1 switches on core 0)
2026-03-09 14:49:36.357 8 INFO neutron.db.ovn_revision_numbers_db [None req-0469d197-418f-42ac-85d0-f93b3aa81c99 036f591f836948ea92b774d98c609f1d 9e91c2219cf34c00a88d7d966489a684 - - default default] Successfully bumped revision number for resource db71376d-ee6e-4e12-bf2b-5a7eb03c9319 (type: ports) to 1 [pid: 8|app: 0|req: 1228/2480] 10.0.0.120 () {34 vars in 671 bytes} [Mon Mar 9 14:49:35 2026] POST /v2.0/networks => generated 762 bytes in 819 msecs (HTTP/1.1 201) 4 headers in 162 bytes (1 switches on core 0) [pid: 7|app: 0|req: 1253/2481] 199.204.45.140 () {34 vars in 1080 bytes} [Mon Mar 9 14:49:36 2026] GET /v2.0/ports?tenant_id=c0638de765224c3b89393beda417e300&device_id=cc822b60-f8f4-41c5-9972-ae10218b4aa7 => generated 1213 bytes in 106 msecs (HTTP/1.1 200) 4 headers in 158 bytes (1 switches on core 0)
2026-03-09 14:49:36.529 7 WARNING neutron.scheduler.dhcp_agent_scheduler [None req-8da91e40-ed6f-4474-890c-ffb641f2880e 036f591f836948ea92b774d98c609f1d 9e91c2219cf34c00a88d7d966489a684 - - default default] No more DHCP agents
2026-03-09 14:49:36.530 7 WARNING neutron.api.rpc.agentnotifiers.dhcp_rpc_agent_api [None req-8da91e40-ed6f-4474-890c-ffb641f2880e 036f591f836948ea92b774d98c609f1d 9e91c2219cf34c00a88d7d966489a684 - - default default] Unable to schedule network 8c327a62-9b91-4ff5-b7f3-b3b108e65262: no agents available; will retry on subsequent port and subnet creation events.
2026-03-09 14:49:36.542 8 WARNING neutron.plugins.ml2.drivers.ovn.mech_driver.ovsdb.ovn_client [None req-446fb31a-2278-4351-af12-299f038ef49c - - - - - -] No hosting information found for port 4896425d-8111-41fd-8bfe-2525aa83b362: RuntimeError: No hosting information found for port 4896425d-8111-41fd-8bfe-2525aa83b362
2026-03-09 14:49:36.543 8 INFO neutron.plugins.ml2.drivers.ovn.mech_driver.mech_driver [None req-446fb31a-2278-4351-af12-299f038ef49c - - - - - -] OVN reports status down for port: 392b2241-e9b4-45c4-8d2d-a6bf7120bf85
2026-03-09 14:49:36.626 8 WARNING neutron.plugins.ml2.drivers.ovn.mech_driver.ovsdb.ovn_client [None req-446fb31a-2278-4351-af12-299f038ef49c - - - - - -] Logical_Switch_Port %s host information not removed, the port state is up
2026-03-09 14:49:36.627 8 INFO neutron.plugins.ml2.drivers.ovn.mech_driver.mech_driver [None req-446fb31a-2278-4351-af12-299f038ef49c - - - - - -] OVN reports status up for port: 392b2241-e9b4-45c4-8d2d-a6bf7120bf85
2026-03-09 14:49:36.643 8 INFO neutron.plugins.ml2.plugin [None req-446fb31a-2278-4351-af12-299f038ef49c - - - - - -] Attempt 1 to provision port 392b2241-e9b4-45c4-8d2d-a6bf7120bf85
2026-03-09 14:49:36.705 8 INFO neutron_taas.services.taas.taas_plugin [None req-02ba0536-38fb-467c-a24a-44a6b91feb80 84c3de60a5d244cdaec7d9863a56f497 657cd3d79111451c897269d552d3b0b5 - - default default] TaaS: Handle Delete Port: 2958abb4-8851-4bef-b2b1-124e244498a9
2026-03-09 14:49:36.709 8 INFO neutron_taas.services.taas.tap_mirror_plugin [None req-02ba0536-38fb-467c-a24a-44a6b91feb80 84c3de60a5d244cdaec7d9863a56f497 657cd3d79111451c897269d552d3b0b5 - - default default] Tap Mirror: Handle Delete Port: 2958abb4-8851-4bef-b2b1-124e244498a9
2026-03-09 14:49:36.961 7 INFO neutron.db.ovn_revision_numbers_db [None req-28cf01aa-60f6-4d52-b30c-8b9f576790b1 - - - - - -] Successfully bumped revision number for resource db71376d-ee6e-4e12-bf2b-5a7eb03c9319 (type: ports) to 2
2026-03-09 14:49:36.990 7 INFO neutron.db.ovn_revision_numbers_db [None req-28cf01aa-60f6-4d52-b30c-8b9f576790b1 - - - - - -] Successfully bumped revision number for resource 30fe96cc-4344-4ad6-bff4-4881f27409ac (type: subnets) to 0 [pid: 7|app: 0|req: 1254/2482] 10.0.0.120 () {34 vars in 669 bytes} [Mon Mar 9 14:49:36 2026] POST /v2.0/subnets => generated 687 bytes in 618 msecs (HTTP/1.1 201) 4 headers in 162 bytes (1 switches on core 0) [pid: 7|app: 0|req: 1255/2483] 199.204.45.140 () {34 vars in 986 bytes} [Mon Mar 9 14:49:37 2026] GET /v2.0/networks?id=90cf7de7-88c3-4c76-a1e4-f225bbfccc69 => generated 798 bytes in 76 msecs (HTTP/1.1 200) 4 headers in 157 bytes (1 switches on core 0)
2026-03-09 14:49:37.384 8 INFO neutron.db.ovn_revision_numbers_db [None req-446fb31a-2278-4351-af12-299f038ef49c - - - - - -] Successfully bumped revision number for resource 392b2241-e9b4-45c4-8d2d-a6bf7120bf85 (type: ports) to 2 [pid: 8|app: 0|req: 1229/2484] 10.0.0.120 () {32 vars in 724 bytes} [Mon Mar 9 14:49:36 2026] DELETE /v2.0/routers/fac505df-15ca-48c0-8d58-3b13300a62a6 => generated 0 bytes in 1079 msecs (HTTP/1.1 204) 2 headers in 112 bytes (1 switches on core 0) [pid: 8|app: 0|req: 1230/2485] 199.204.45.140 () {34 vars in 1060 bytes} [Mon Mar 9 14:49:37 2026] GET /v2.0/floatingips?fixed_ip_address=10.100.0.11&port_id=c8ba4ed3-2b63-4431-a854-f9c48d476ec6 => generated 861 bytes in 59 msecs (HTTP/1.1 200) 4 headers in 157 bytes (1 switches on core 0)
2026-03-09 14:49:37.522 7 WARNING neutron.scheduler.dhcp_agent_scheduler [None req-f4cfa7c5-701a-4f1d-a977-516494189933 036f591f836948ea92b774d98c609f1d 9e91c2219cf34c00a88d7d966489a684 - - default default] No more DHCP agents
2026-03-09 14:49:37.523 7 WARNING neutron.api.rpc.agentnotifiers.dhcp_rpc_agent_api [None req-f4cfa7c5-701a-4f1d-a977-516494189933 036f591f836948ea92b774d98c609f1d 9e91c2219cf34c00a88d7d966489a684 - - default default] Unable to schedule network fb22e67c-b4e7-408d-9f12-8008fa360c0e: no agents available; will retry on subsequent port and subnet creation events. [pid: 8|app: 0|req: 1231/2486] 10.0.0.120 () {32 vars in 721 bytes} [Mon Mar 9 14:49:37 2026] GET /v2.0/routers/b11e1abd-5d42-41f2-840d-d6cf8edf9f07 => generated 943 bytes in 51 msecs (HTTP/1.1 200) 4 headers in 157 bytes (1 switches on core 0) [pid: 8|app: 0|req: 1232/2487] 199.204.45.140 () {34 vars in 984 bytes} [Mon Mar 9 14:49:37 2026] GET /v2.0/subnets?id=6d979021-a207-42f0-8cec-889350ff5270 => generated 677 bytes in 19 msecs (HTTP/1.1 200) 4 headers in 157 bytes (1 switches on core 0)
2026-03-09 14:49:37.676 7 INFO neutron.db.ovn_revision_numbers_db [None req-f4cfa7c5-701a-4f1d-a977-516494189933 036f591f836948ea92b774d98c609f1d 9e91c2219cf34c00a88d7d966489a684 - - default default] Successfully bumped revision number for resource cd2f8c34-1337-4e24-b8f5-3d407bfca0e1 (type: ports) to 1
2026-03-09 14:49:38.213 7 INFO neutron.plugins.ml2.drivers.ovn.mech_driver.ovsdb.commands [-] Schedule LRP lrp-cd2f8c34-1337-4e24-b8f5-3d407bfca0e1 on gateway a083e5ec-1f37-4b2e-ba9a-42340bb6785a with priority 1
2026-03-09 14:49:38.362 7 INFO neutron.db.ovn_revision_numbers_db [None req-f4cfa7c5-701a-4f1d-a977-516494189933 036f591f836948ea92b774d98c609f1d 9e91c2219cf34c00a88d7d966489a684 - - default default] Successfully bumped revision number for resource cd2f8c34-1337-4e24-b8f5-3d407bfca0e1 (type: router_ports) to 1
2026-03-09 14:49:38.428 7 INFO neutron.db.ovn_revision_numbers_db [None req-f4cfa7c5-701a-4f1d-a977-516494189933 036f591f836948ea92b774d98c609f1d 9e91c2219cf34c00a88d7d966489a684 - - default default] Successfully bumped revision number for resource 45a6efa8-47cc-4402-b015-346c0d0510fa (type: routers) to 2 [pid: 7|app: 0|req: 1256/2488] 10.0.0.120 () {34 vars in 669 bytes} [Mon Mar 9 14:49:37 2026] POST /v2.0/routers => generated 965 bytes in 1363 msecs (HTTP/1.1 201) 4 headers in 162 bytes (1 switches on core 0) [pid: 7|app: 0|req: 1257/2489] 199.204.45.140 () {34 vars in 1052 bytes} [Mon Mar 9 14:49:38 2026] GET /v2.0/ports?network_id=90cf7de7-88c3-4c76-a1e4-f225bbfccc69&device_owner=network%3Adhcp => generated 12 bytes in 35 msecs (HTTP/1.1 200) 4 headers in 156 bytes (1 switches on core 0)
2026-03-09 14:49:38.588 8 INFO neutron.plugins.ml2.drivers.ovn.mech_driver.ovsdb.ovsdb_monitor [None req-7ffc375c-9360-4582-b584-5a1b3ff20687 - - - - - -] Router 45a6efa8-47cc-4402-b015-346c0d0510fa is bound to host instance
2026-03-09 14:49:38.884 7 WARNING neutron.scheduler.dhcp_agent_scheduler [None req-df0d2085-920f-4a80-9f46-a7e01679099f 036f591f836948ea92b774d98c609f1d 9e91c2219cf34c00a88d7d966489a684 - - default default] No more DHCP agents
2026-03-09 14:49:38.885 7 WARNING neutron.api.rpc.agentnotifiers.dhcp_rpc_agent_api [None req-df0d2085-920f-4a80-9f46-a7e01679099f 036f591f836948ea92b774d98c609f1d 9e91c2219cf34c00a88d7d966489a684 - - default default] Unable to schedule network 8c327a62-9b91-4ff5-b7f3-b3b108e65262: no agents available; will retry on subsequent port and subnet creation events.
2026-03-09 14:49:39.017 8 INFO neutron.db.ovn_revision_numbers_db [None req-debe648f-bf43-467a-8e21-332fff4b551d 84c3de60a5d244cdaec7d9863a56f497 657cd3d79111451c897269d552d3b0b5 - - default default] Successfully bumped revision number for resource b11e1abd-5d42-41f2-840d-d6cf8edf9f07 (type: routers) to 5 [pid: 8|app: 0|req: 1233/2490] 10.0.0.120 () {34 vars in 742 bytes} [Mon Mar 9 14:49:37 2026] PUT /v2.0/routers/b11e1abd-5d42-41f2-840d-d6cf8edf9f07 => generated 943 bytes in 1449 msecs (HTTP/1.1 200) 4 headers in 157 bytes (1 switches on core 0)
2026-03-09 14:49:39.044 7 INFO neutron.db.ovn_revision_numbers_db [None req-df0d2085-920f-4a80-9f46-a7e01679099f 036f591f836948ea92b774d98c609f1d 9e91c2219cf34c00a88d7d966489a684 - - default default] Successfully bumped revision number for resource 55205cee-3900-4d94-bb12-69961054323b (type: ports) to 1 [pid: 8|app: 0|req: 1234/2491] 199.204.45.140 () {34 vars in 1012 bytes} [Mon Mar 9 14:49:39 2026] GET /v2.0/networks/90cf7de7-88c3-4c76-a1e4-f225bbfccc69?fields=segments => generated 14 bytes in 111 msecs (HTTP/1.1 200) 4 headers in 156 bytes (1 switches on core 0) [pid: 8|app: 0|req: 1235/2492] 10.0.0.120 () {32 vars in 736 bytes} [Mon Mar 9 14:49:39 2026] GET /v2.0/ports?device_id=b11e1abd-5d42-41f2-840d-d6cf8edf9f07 => generated 950 bytes in 145 msecs (HTTP/1.1 200) 4 headers in 157 bytes (1 switches on core 0) [pid: 8|app: 0|req: 1236/2493] 199.204.45.140 () {34 vars in 1112 bytes} [Mon Mar 9 14:49:39 2026] GET /v2.0/networks/90cf7de7-88c3-4c76-a1e4-f225bbfccc69?fields=provider%3Aphysical_network&fields=provider%3Anetwork_type => generated 79 bytes in 79 msecs (HTTP/1.1 200) 4 headers in 156 bytes (1 switches on core 0)
2026-03-09 14:49:39.727 7 WARNING neutron.scheduler.dhcp_agent_scheduler [None req-df0d2085-920f-4a80-9f46-a7e01679099f 036f591f836948ea92b774d98c609f1d 9e91c2219cf34c00a88d7d966489a684 - - default default] No more DHCP agents
2026-03-09 14:49:39.729 7 WARNING neutron.api.rpc.agentnotifiers.dhcp_rpc_agent_api [None req-df0d2085-920f-4a80-9f46-a7e01679099f 036f591f836948ea92b774d98c609f1d 9e91c2219cf34c00a88d7d966489a684 - - default default] Unable to schedule network 8c327a62-9b91-4ff5-b7f3-b3b108e65262: no agents available; will retry on subsequent port and subnet creation events.
2026-03-09 14:49:39.923 8 INFO neutron_taas.services.taas.taas_plugin [None req-105719b1-6564-43ee-a9fa-e2763ad38714 84c3de60a5d244cdaec7d9863a56f497 657cd3d79111451c897269d552d3b0b5 - - default default] TaaS: Handle Delete Port: eccb6c92-dda7-4b3a-80a1-f3e9ccb8aaa4
2026-03-09 14:49:39.930 8 INFO neutron_taas.services.taas.tap_mirror_plugin [None req-105719b1-6564-43ee-a9fa-e2763ad38714 84c3de60a5d244cdaec7d9863a56f497 657cd3d79111451c897269d552d3b0b5 - - default default] Tap Mirror: Handle Delete Port: eccb6c92-dda7-4b3a-80a1-f3e9ccb8aaa4
2026-03-09 14:49:40.167 8 INFO neutron.db.ovn_revision_numbers_db [None req-b1ebdcfb-9f33-4dc5-849f-5e2f18031181 - - - - - -] Successfully bumped revision number for resource cd2f8c34-1337-4e24-b8f5-3d407bfca0e1 (type: ports) to 4
2026-03-09 14:49:40.256 7 INFO neutron.db.ovn_revision_numbers_db [None req-df0d2085-920f-4a80-9f46-a7e01679099f 036f591f836948ea92b774d98c609f1d 9e91c2219cf34c00a88d7d966489a684 - - default default] Successfully bumped revision number for resource 55205cee-3900-4d94-bb12-69961054323b (type: router_ports) to 1 [pid: 7|app: 0|req: 1258/2494] 10.0.0.120 () {34 vars in 783 bytes} [Mon Mar 9 14:49:38 2026] PUT /v2.0/routers/45a6efa8-47cc-4402-b015-346c0d0510fa/add_router_interface => generated 309 bytes in 1780 msecs (HTTP/1.1 200) 4 headers in 157 bytes (1 switches on core 0) [pid: 7|app: 0|req: 1259/2495] 10.0.0.100 () {34 vars in 990 bytes} [Mon Mar 9 14:49:40 2026] GET /v2.0/ports?device_id=cc822b60-f8f4-41c5-9972-ae10218b4aa7 => generated 1213 bytes in 37 msecs (HTTP/1.1 200) 4 headers in 158 bytes (1 switches on core 0) [pid: 7|app: 0|req: 1260/2496] 10.0.0.100 () {34 vars in 1040 bytes} [Mon Mar 9 14:49:40 2026] GET /v2.0/security-groups?id=ab4171f3-39b4-452e-a306-57975e586c8c&fields=id&fields=name => generated 113 bytes in 26 msecs (HTTP/1.1 200) 4 headers in 157 bytes (1 switches on core 0)
2026-03-09 14:49:40.912 8 INFO neutron.db.ovn_revision_numbers_db [None req-b1ebdcfb-9f33-4dc5-849f-5e2f18031181 - - - - - -] Successfully bumped revision number for resource cd2f8c34-1337-4e24-b8f5-3d407bfca0e1 (type: ports) to 5
2026-03-09 14:49:41.034 7 INFO neutron.db.ovn_revision_numbers_db [None req-3495f089-999e-46ee-b968-d5391feee970 23cfeec3442246b9be75ef60fc41cee2 ae3ff7f9619c40ee8e936fdcd6b9ba5e - - default default] Successfully bumped revision number for resource fa557188-24db-42d1-87fc-d3e1d41e5afb (type: security_groups) to 1 [pid: 8|app: 0|req: 1237/2497] 10.0.0.120 () {34 vars in 789 bytes} [Mon Mar 9 14:49:39 2026] PUT /v2.0/routers/b11e1abd-5d42-41f2-840d-d6cf8edf9f07/remove_router_interface => generated 309 bytes in 1669 msecs (HTTP/1.1 200) 4 headers in 157 bytes (1 switches on core 0)
2026-03-09 14:49:41.044 7 INFO neutron.db.ovn_revision_numbers_db [None req-3495f089-999e-46ee-b968-d5391feee970 23cfeec3442246b9be75ef60fc41cee2 ae3ff7f9619c40ee8e936fdcd6b9ba5e - - default default] Successfully bumped revision number for resource 692c6601-a895-48a8-a95c-0ef02641af2e (type: security_group_rules) to 0 /var/lib/openstack/lib/python3.12/site-packages/pycadf/identifier.py:70: UserWarning: Invalid uuid: neutron. To ensure interoperability, identifiers should be a valid uuid. warnings.warn(('Invalid uuid: %s. To ensure interoperability, '
2026-03-09 14:49:41.054 7 INFO neutron.db.ovn_revision_numbers_db [None req-3495f089-999e-46ee-b968-d5391feee970 23cfeec3442246b9be75ef60fc41cee2 ae3ff7f9619c40ee8e936fdcd6b9ba5e - - default default] Successfully bumped revision number for resource 9b1cc93b-37a4-482b-866a-951935f50708 (type: security_group_rules) to 0 [pid: 7|app: 0|req: 1261/2498] 10.0.0.120 () {34 vars in 685 bytes} [Mon Mar 9 14:49:40 2026] POST /v2.0/security-groups => generated 1675 bytes in 188 msecs (HTTP/1.1 201) 4 headers in 163 bytes (1 switches on core 0)
2026-03-09 14:49:41.252 7 INFO neutron.db.ovn_revision_numbers_db [None req-503d0c59-1ec9-4931-8753-d34e78d2436a 23cfeec3442246b9be75ef60fc41cee2 ae3ff7f9619c40ee8e936fdcd6b9ba5e - - default default] Successfully bumped revision number for resource 3ba0ded5-777c-4a05-97e6-8b49ca1674ca (type: security_group_rules) to 0 [pid: 7|app: 0|req: 1262/2499] 10.0.0.120 () {34 vars in 695 bytes} [Mon Mar 9 14:49:41 2026] POST /v2.0/security-group-rules => generated 597 bytes in 193 msecs (HTTP/1.1 201) 4 headers in 162 bytes (1 switches on core 0)
2026-03-09 14:49:41.373 8 INFO neutron_taas.services.taas.taas_plugin [None req-5a8d124d-b0cb-47aa-a253-1fc8cf5515f6 84c3de60a5d244cdaec7d9863a56f497 657cd3d79111451c897269d552d3b0b5 - - default default] TaaS: Handle Delete Port: a743681e-0220-4aa5-bb26-a3d1843dd0e0
2026-03-09 14:49:41.376 8 INFO neutron_taas.services.taas.tap_mirror_plugin [None req-5a8d124d-b0cb-47aa-a253-1fc8cf5515f6 84c3de60a5d244cdaec7d9863a56f497 657cd3d79111451c897269d552d3b0b5 - - default default] Tap Mirror: Handle Delete Port: a743681e-0220-4aa5-bb26-a3d1843dd0e0
2026-03-09 14:49:41.442 7 INFO neutron.db.ovn_revision_numbers_db [None req-787aeb03-bce6-4ef6-a21c-780b66481341 23cfeec3442246b9be75ef60fc41cee2 ae3ff7f9619c40ee8e936fdcd6b9ba5e - - default default] Successfully bumped revision number for resource d4d9b21d-e763-463c-8b9e-b080d0dd8f0f (type: security_group_rules) to 0 [pid: 7|app: 0|req: 1263/2500] 10.0.0.120 () {34 vars in 695 bytes} [Mon Mar 9 14:49:41 2026] POST /v2.0/security-group-rules => generated 596 bytes in 189 msecs (HTTP/1.1 201) 4 headers in 162 bytes (1 switches on core 0)
2026-03-09 14:49:41.734 7 INFO neutron.db.ovn_revision_numbers_db [None req-65225a86-c611-433e-8756-dd058802e388 23cfeec3442246b9be75ef60fc41cee2 ae3ff7f9619c40ee8e936fdcd6b9ba5e - - default default] Successfully bumped revision number for resource 1857e620-1f14-48cd-8712-6db03135724d (type: security_group_rules) to 0 [pid: 7|app: 0|req: 1264/2501] 10.0.0.120 () {34 vars in 695 bytes} [Mon Mar 9 14:49:41 2026] POST /v2.0/security-group-rules => generated 602 bytes in 288 msecs (HTTP/1.1 201) 4 headers in 162 bytes (1 switches on core 0) [pid: 8|app: 0|req: 1238/2502] 10.0.0.120 () {32 vars in 724 bytes} [Mon Mar 9 14:49:41 2026] DELETE /v2.0/routers/b11e1abd-5d42-41f2-840d-d6cf8edf9f07 => generated 0 bytes in 874 msecs (HTTP/1.1 204) 2 headers in 112 bytes (1 switches on core 0)
2026-03-09 14:49:42.043 7 INFO neutron.db.ovn_revision_numbers_db [None req-4785fbba-2f0d-44c3-b4d2-2b8be24283f6 23cfeec3442246b9be75ef60fc41cee2 ae3ff7f9619c40ee8e936fdcd6b9ba5e - - default default] Successfully bumped revision number for resource 87f2976a-0a13-4f35-a54b-b91acc276b04 (type: security_group_rules) to 0 [pid: 8|app: 0|req: 1239/2503] 10.0.0.120 () {32 vars in 721 bytes} [Mon Mar 9 14:49:41 2026] GET /v2.0/routers/7c8a299d-1cb0-47a4-8014-5026799b75f8 => generated 942 bytes in 124 msecs (HTTP/1.1 200) 4 headers in 157 bytes (1 switches on core 0) [pid: 7|app: 0|req: 1265/2504] 10.0.0.120 () {34 vars in 695 bytes} [Mon Mar 9 14:49:41 2026] POST /v2.0/security-group-rules => generated 601 bytes in 290 msecs (HTTP/1.1 201) 4 headers in 162 bytes (1 switches on core 0)
2026-03-09 14:49:42.114 7 INFO neutron.db.securitygroups_db [None req-2c32cc98-b8fe-49fd-9158-2384aed890e3 23cfeec3442246b9be75ef60fc41cee2 ae3ff7f9619c40ee8e936fdcd6b9ba5e - - default default] Project ae3ff7f9619c40ee8e936fdcd6b9ba5e added a security group rule with legacy IPv6 ICMP protocol name icmp, ipv6-icmp should be used instead. It was automatically converted.
2026-03-09 14:49:42.231 7 INFO neutron.db.ovn_revision_numbers_db [None req-2c32cc98-b8fe-49fd-9158-2384aed890e3 23cfeec3442246b9be75ef60fc41cee2 ae3ff7f9619c40ee8e936fdcd6b9ba5e - - default default] Successfully bumped revision number for resource 43d88f1a-4966-4b1d-80a4-e878d2c2b311 (type: security_group_rules) to 0 [pid: 7|app: 0|req: 1266/2505] 10.0.0.120 () {34 vars in 695 bytes} [Mon Mar 9 14:49:42 2026] POST /v2.0/security-group-rules => generated 607 bytes in 186 msecs (HTTP/1.1 201) 4 headers in 162 bytes (1 switches on core 0)
2026-03-09 14:49:42.301 7 INFO neutron.db.securitygroups_db [None req-19640397-4a00-40d2-89bd-cec727e957da 23cfeec3442246b9be75ef60fc41cee2 ae3ff7f9619c40ee8e936fdcd6b9ba5e - - default default] Project ae3ff7f9619c40ee8e936fdcd6b9ba5e added a security group rule with legacy IPv6 ICMP protocol name icmp, ipv6-icmp should be used instead. It was automatically converted.
2026-03-09 14:49:42.425 7 INFO neutron.db.ovn_revision_numbers_db [None req-19640397-4a00-40d2-89bd-cec727e957da 23cfeec3442246b9be75ef60fc41cee2 ae3ff7f9619c40ee8e936fdcd6b9ba5e - - default default] Successfully bumped revision number for resource 6e57548d-6d00-4d92-a2d6-073ff930cb7c (type: security_group_rules) to 0 [pid: 7|app: 0|req: 1267/2506] 10.0.0.120 () {34 vars in 695 bytes} [Mon Mar 9 14:49:42 2026] POST /v2.0/security-group-rules => generated 606 bytes in 181 msecs (HTTP/1.1 201) 4 headers in 162 bytes (1 switches on core 0)
2026-03-09 14:49:42.736 8 INFO neutron.db.ovn_revision_numbers_db [None req-c9f8b997-a97f-4ae9-87f7-48b7f5d93569 84c3de60a5d244cdaec7d9863a56f497 657cd3d79111451c897269d552d3b0b5 - - default default] Successfully bumped revision number for resource 7c8a299d-1cb0-47a4-8014-5026799b75f8 (type: routers) to 5 [pid: 8|app: 0|req: 1240/2507] 10.0.0.120 () {34 vars in 742 bytes} [Mon Mar 9 14:49:42 2026] PUT /v2.0/routers/7c8a299d-1cb0-47a4-8014-5026799b75f8 => generated 942 bytes in 689 msecs (HTTP/1.1 200) 4 headers in 157 bytes (1 switches on core 0) [pid: 7|app: 0|req: 1268/2508] 10.0.0.120 () {32 vars in 736 bytes} [Mon Mar 9 14:49:42 2026] GET /v2.0/ports?device_id=7c8a299d-1cb0-47a4-8014-5026799b75f8 => generated 950 bytes in 69 msecs (HTTP/1.1 200) 4 headers in 157 bytes (1 switches on core 0)
2026-03-09 14:49:42.952 8 WARNING neutron.plugins.ml2.drivers.ovn.mech_driver.ovsdb.ovn_client [None req-94c520c6-7f08-45c6-ba3c-0ba7db91389a - - - - - -] No hosting information found for port 392b2241-e9b4-45c4-8d2d-a6bf7120bf85: RuntimeError: No hosting information found for port 392b2241-e9b4-45c4-8d2d-a6bf7120bf85
2026-03-09 14:49:42.970 8 INFO neutron.db.ovn_revision_numbers_db [None req-f8561379-52bf-4d9a-ab29-8fb328cf4496 23cfeec3442246b9be75ef60fc41cee2 ae3ff7f9619c40ee8e936fdcd6b9ba5e - - default default] Successfully bumped revision number for resource 471aefc3-9b2e-44bd-8a4b-62a15e190f92 (type: security_groups) to 1
2026-03-09 14:49:42.994 8 INFO neutron.db.ovn_revision_numbers_db [None req-f8561379-52bf-4d9a-ab29-8fb328cf4496 23cfeec3442246b9be75ef60fc41cee2 ae3ff7f9619c40ee8e936fdcd6b9ba5e - - default default] Successfully bumped revision number for resource 366145b2-6ebc-41be-a8f9-181ee22fa737 (type: security_group_rules) to 0
2026-03-09 14:49:43.013 8 INFO neutron.db.ovn_revision_numbers_db [None req-f8561379-52bf-4d9a-ab29-8fb328cf4496 23cfeec3442246b9be75ef60fc41cee2 ae3ff7f9619c40ee8e936fdcd6b9ba5e - - default default] Successfully bumped revision number for resource fcd88ae3-82da-452b-b799-4e4f6f21d9cd (type: security_group_rules) to 0 [pid: 8|app: 0|req: 1241/2509] 10.0.0.120 () {34 vars in 685 bytes} [Mon Mar 9 14:49:42 2026] POST /v2.0/security-groups => generated 1660 bytes in 280 msecs (HTTP/1.1 201) 4 headers in 163 bytes (1 switches on core 0)
2026-03-09 14:49:43.082 8 INFO neutron.db.ovn_revision_numbers_db [None req-94c520c6-7f08-45c6-ba3c-0ba7db91389a - - - - - -] Successfully bumped revision number for resource 392b2241-e9b4-45c4-8d2d-a6bf7120bf85 (type: router_ports) to 2
2026-03-09 14:49:43.082 8 INFO neutron.plugins.ml2.drivers.ovn.mech_driver.mech_driver [None req-94c520c6-7f08-45c6-ba3c-0ba7db91389a - - - - - -] OVN reports status down for port: dd98b0d8-ac94-4e1a-ada7-a3df98ea7f4d
2026-03-09 14:49:43.092 7 INFO neutron_taas.services.taas.taas_plugin [None req-696c0235-b7db-4957-bed4-0037f81d73e0 84c3de60a5d244cdaec7d9863a56f497 657cd3d79111451c897269d552d3b0b5 - - default default] TaaS: Handle Delete Port: 392b2241-e9b4-45c4-8d2d-a6bf7120bf85
2026-03-09 14:49:43.094 8 INFO neutron.plugins.ml2.drivers.ovn.mech_driver.mech_driver [None req-94c520c6-7f08-45c6-ba3c-0ba7db91389a - - - - - -] OVN reports status down for port: f404ac67-9bc0-42d4-a3e5-c06d7376cee5
2026-03-09 14:49:43.095 7 INFO neutron_taas.services.taas.tap_mirror_plugin [None req-696c0235-b7db-4957-bed4-0037f81d73e0 84c3de60a5d244cdaec7d9863a56f497 657cd3d79111451c897269d552d3b0b5 - - default default] Tap Mirror: Handle Delete Port: 392b2241-e9b4-45c4-8d2d-a6bf7120bf85
2026-03-09 14:49:43.106 8 INFO neutron.plugins.ml2.drivers.ovn.mech_driver.mech_driver [None req-94c520c6-7f08-45c6-ba3c-0ba7db91389a - - - - - -] OVN reports status down for port: dd1622fa-237c-491b-8005-b6e7a63734b0
2026-03-09 14:49:43.132 8 INFO neutron.plugins.ml2.drivers.ovn.mech_driver.mech_driver [None req-94c520c6-7f08-45c6-ba3c-0ba7db91389a - - - - - -] OVN reports status up for port: dd1622fa-237c-491b-8005-b6e7a63734b0
2026-03-09 14:49:43.162 8 INFO neutron.plugins.ml2.drivers.ovn.mech_driver.mech_driver [None req-94c520c6-7f08-45c6-ba3c-0ba7db91389a - - - - - -] OVN reports status down for port: 66366f72-770c-45ce-adaf-ab5d159d8bf4
2026-03-09 14:49:43.170 8 INFO neutron.plugins.ml2.drivers.ovn.mech_driver.mech_driver [None req-94c520c6-7f08-45c6-ba3c-0ba7db91389a - - - - - -] OVN reports status down for port: dcdfa7dc-7033-401f-bfba-1e2d77eceac0
2026-03-09 14:49:43.191 8 INFO neutron.plugins.ml2.drivers.ovn.mech_driver.mech_driver [None req-94c520c6-7f08-45c6-ba3c-0ba7db91389a - - - - - -] OVN reports status down for port: 5d7dad6a-40af-4a5d-83f6-ac0003ac43f6
2026-03-09 14:49:43.206 8 INFO neutron.plugins.ml2.drivers.ovn.mech_driver.mech_driver [None req-94c520c6-7f08-45c6-ba3c-0ba7db91389a - - - - - -] OVN reports status down for port: 49f7c9cb-4400-4f6a-b9d6-4b295a2e38b3
2026-03-09 14:49:43.222 8 INFO neutron.plugins.ml2.drivers.ovn.mech_driver.mech_driver [None req-94c520c6-7f08-45c6-ba3c-0ba7db91389a - - - - - -] OVN reports status down for port: d26db82a-dbcb-4ea8-a276-3ccd47dafad0
2026-03-09 14:49:43.349 8 INFO neutron.plugins.ml2.drivers.ovn.mech_driver.mech_driver [None req-94c520c6-7f08-45c6-ba3c-0ba7db91389a - - - - - -] OVN reports status up for port: 49f7c9cb-4400-4f6a-b9d6-4b295a2e38b3
2026-03-09 14:49:43.363 8 INFO neutron.db.ovn_revision_numbers_db [None req-7cbcfae6-e5b4-43a5-9aca-a7a1ba79c464 23cfeec3442246b9be75ef60fc41cee2 ae3ff7f9619c40ee8e936fdcd6b9ba5e - - default default] Successfully bumped revision number for resource 5149dad4-4847-45b9-bbdf-3a9e1b47501e (type: security_group_rules) to 0
2026-03-09 14:49:43.376 8 INFO neutron.plugins.ml2.drivers.ovn.mech_driver.mech_driver [None req-94c520c6-7f08-45c6-ba3c-0ba7db91389a - - - - - -] OVN reports status down for port: e6e36e9b-f49e-4aeb-9909-ed9787423dd1 [pid: 8|app: 0|req: 1242/2510] 10.0.0.120 () {34 vars in 695 bytes} [Mon Mar 9 14:49:43 2026] POST /v2.0/security-group-rules => generated 597 bytes in 352 msecs (HTTP/1.1 201) 4 headers in 162 bytes (1 switches on core 0) [pid: 7|app: 0|req: 1269/2511] 10.0.0.120 () {34 vars in 789 bytes} [Mon Mar 9 14:49:42 2026] PUT /v2.0/routers/7c8a299d-1cb0-47a4-8014-5026799b75f8/remove_router_interface => generated 309 bytes in 839 msecs (HTTP/1.1 200) 4 headers in 157 bytes (1 switches on core 0) /var/lib/openstack/lib/python3.12/site-packages/pycadf/identifier.py:70: UserWarning: Invalid uuid: neutron. To ensure interoperability, identifiers should be a valid uuid. warnings.warn(('Invalid uuid: %s. To ensure interoperability, '
2026-03-09 14:49:43.726 8 INFO neutron.db.ovn_revision_numbers_db [None req-e0b80459-c249-4b25-b6d2-2c385f5302a1 23cfeec3442246b9be75ef60fc41cee2 ae3ff7f9619c40ee8e936fdcd6b9ba5e - - default default] Successfully bumped revision number for resource 745f8206-80d9-4a31-a262-cb94ba9fe3b7 (type: security_group_rules) to 0 [pid: 7|app: 0|req: 1270/2512] 10.0.0.120 () {32 vars in 826 bytes} [Mon Mar 9 14:49:43 2026] GET /v2.0/ports?project_id=c0638de765224c3b89393beda417e300&network_id=90cf7de7-88c3-4c76-a1e4-f225bbfccc69 => generated 3319 bytes in 88 msecs (HTTP/1.1 200) 4 headers in 158 bytes (1 switches on core 0) [pid: 8|app: 0|req: 1243/2513] 10.0.0.120 () {34 vars in 695 bytes} [Mon Mar 9 14:49:43 2026] POST /v2.0/security-group-rules => generated 602 bytes in 360 msecs (HTTP/1.1 201) 4 headers in 162 bytes (1 switches on core 0)
2026-03-09 14:49:43.958 8 INFO neutron.db.ovn_revision_numbers_db [None req-94c520c6-7f08-45c6-ba3c-0ba7db91389a - - - - - -] Successfully bumped revision number for resource e6e36e9b-f49e-4aeb-9909-ed9787423dd1 (type: ports) to 6
2026-03-09 14:49:44.148 8 WARNING neutron.plugins.ml2.drivers.ovn.mech_driver.ovsdb.ovn_client [None req-0ed2fcc3-28e9-4a32-8da9-15c4e9b72390 - - - - - -] Logical_Switch_Port %s host information not removed, the port state is up
2026-03-09 14:49:44.149 8 INFO neutron.plugins.ml2.drivers.ovn.mech_driver.mech_driver [None req-0ed2fcc3-28e9-4a32-8da9-15c4e9b72390 - - - - - -] OVN reports status up for port: e6e36e9b-f49e-4aeb-9909-ed9787423dd1
2026-03-09 14:49:44.166 8 INFO neutron.plugins.ml2.plugin [None req-0ed2fcc3-28e9-4a32-8da9-15c4e9b72390 - - - - - -] Attempt 1 to provision port e6e36e9b-f49e-4aeb-9909-ed9787423dd1
2026-03-09 14:49:44.225 8 WARNING neutron.scheduler.dhcp_agent_scheduler [None req-c04ffbe7-9de3-430f-a865-a40939744a98 23cfeec3442246b9be75ef60fc41cee2 ae3ff7f9619c40ee8e936fdcd6b9ba5e - - default default] No more DHCP agents
2026-03-09 14:49:44.228 8 WARNING neutron.api.rpc.agentnotifiers.dhcp_rpc_agent_api [None req-c04ffbe7-9de3-430f-a865-a40939744a98 23cfeec3442246b9be75ef60fc41cee2 ae3ff7f9619c40ee8e936fdcd6b9ba5e - - default default] Unable to schedule network fb22e67c-b4e7-408d-9f12-8008fa360c0e: no agents available; will retry on subsequent port and subnet creation events.
2026-03-09 14:49:44.747 8 INFO neutron.db.ovn_revision_numbers_db [None req-0ed2fcc3-28e9-4a32-8da9-15c4e9b72390 - - - - - -] Successfully bumped revision number for resource e6e36e9b-f49e-4aeb-9909-ed9787423dd1 (type: ports) to 7 [pid: 8|app: 0|req: 1244/2514] 10.0.0.120 () {34 vars in 676 bytes} [Mon Mar 9 14:49:43 2026] POST /v2.0/floatingips => generated 552 bytes in 976 msecs (HTTP/1.1 201) 4 headers in 162 bytes (1 switches on core 0) [pid: 8|app: 0|req: 1245/2515] 10.0.0.120 () {32 vars in 742 bytes} [Mon Mar 9 14:49:44 2026] GET /v2.0/subnets?network_id=fb22e67c-b4e7-408d-9f12-8008fa360c0e => generated 667 bytes in 49 msecs (HTTP/1.1 200) 4 headers in 157 bytes (1 switches on core 0)
2026-03-09 14:49:44.867 8 INFO neutron.plugins.ml2.drivers.ovn.mech_driver.mech_driver [None req-f859cabe-3954-4671-965b-fdd702cf2f20 - - - - - -] OVN reports status down for port: 5bd05ec4-ef02-4e08-99e0-e36d69bc27e3
2026-03-09 14:49:44.895 7 INFO neutron_taas.services.taas.taas_plugin [None req-7d6770d0-f336-4271-a313-fe81fbde5f71 84c3de60a5d244cdaec7d9863a56f497 657cd3d79111451c897269d552d3b0b5 - - default default] TaaS: Handle Delete Port: 4896425d-8111-41fd-8bfe-2525aa83b362
2026-03-09 14:49:44.899 7 INFO neutron_taas.services.taas.tap_mirror_plugin [None req-7d6770d0-f336-4271-a313-fe81fbde5f71 84c3de60a5d244cdaec7d9863a56f497 657cd3d79111451c897269d552d3b0b5 - - default default] Tap Mirror: Handle Delete Port: 4896425d-8111-41fd-8bfe-2525aa83b362 [pid: 8|app: 0|req: 1246/2516] 10.0.0.187 () {34 vars in 1100 bytes} [Mon Mar 9 14:49:44 2026] GET /v2.0/security-groups?name=tempest-secgroup-smoke-2030876050&fields=id&tenant_id=ae3ff7f9619c40ee8e936fdcd6b9ba5e => generated 69 bytes in 46 msecs (HTTP/1.1 200) 4 headers in 156 bytes (1 switches on core 0)
2026-03-09 14:49:44.955 8 WARNING neutron.plugins.ml2.drivers.ovn.mech_driver.ovsdb.ovn_client [None req-f859cabe-3954-4671-965b-fdd702cf2f20 - - - - - -] Logical_Switch_Port %s host information not removed, the port state is up
2026-03-09 14:49:44.955 8 INFO neutron.plugins.ml2.drivers.ovn.mech_driver.mech_driver [None req-f859cabe-3954-4671-965b-fdd702cf2f20 - - - - - -] OVN reports status up for port: 5bd05ec4-ef02-4e08-99e0-e36d69bc27e3 [pid: 8|app: 0|req: 1247/2517] 10.0.0.187 () {34 vars in 1100 bytes} [Mon Mar 9 14:49:44 2026] GET /v2.0/security-groups?name=tempest-securitygroup--1038893703&fields=id&tenant_id=ae3ff7f9619c40ee8e936fdcd6b9ba5e => generated 69 bytes in 50 msecs (HTTP/1.1 200) 4 headers in 156 bytes (1 switches on core 0)
2026-03-09 14:49:44.968 8 INFO neutron.plugins.ml2.plugin [None req-f859cabe-3954-4671-965b-fdd702cf2f20 - - - - - -] Attempt 1 to provision port 5bd05ec4-ef02-4e08-99e0-e36d69bc27e3 [pid: 8|app: 0|req: 1248/2518] 10.0.0.187 () {34 vars in 982 bytes} [Mon Mar 9 14:49:44 2026] GET /v2.0/networks?id=172c0120-6ac3-470b-a0be-26110a7b4c5c => generated 711 bytes in 78 msecs (HTTP/1.1 200) 4 headers in 157 bytes (1 switches on core 0) [pid: 7|app: 0|req: 1271/2519] 10.0.0.120 () {32 vars in 724 bytes} [Mon Mar 9 14:49:43 2026] DELETE /v2.0/routers/7c8a299d-1cb0-47a4-8014-5026799b75f8 => generated 0 bytes in 1560 msecs (HTTP/1.1 204) 2 headers in 112 bytes (1 switches on core 0) [pid: 7|app: 0|req: 1272/2520] 10.0.0.187 () {34 vars in 965 bytes} [Mon Mar 9 14:49:45 2026] GET /v2.0/quotas/ae3ff7f9619c40ee8e936fdcd6b9ba5e => generated 292 bytes in 9 msecs (HTTP/1.1 200) 4 headers in 157 bytes (1 switches on core 0)
2026-03-09 14:49:45.337 7 INFO neutron.api.v2.resource [None req-73479723-793b-4caa-8333-556f03fe1ff9 84c3de60a5d244cdaec7d9863a56f497 657cd3d79111451c897269d552d3b0b5 - - default default] show failed (client error): The resource could not be found. [pid: 7|app: 0|req: 1273/2521] 10.0.0.120 () {32 vars in 721 bytes} [Mon Mar 9 14:49:45 2026] GET /v2.0/routers/3c3ff5aa-ef1d-4ea7-b5c7-0a701fd566b6 => generated 135 bytes in 18 msecs (HTTP/1.1 404) 4 headers in 164 bytes (1 switches on core 0) [pid: 7|app: 0|req: 1274/2522] 10.0.0.187 () {34 vars in 1002 bytes} [Mon Mar 9 14:49:45 2026] GET /v2.0/ports?tenant_id=ae3ff7f9619c40ee8e936fdcd6b9ba5e&fields=id => generated 103 bytes in 125 msecs (HTTP/1.1 200) 4 headers in 157 bytes (1 switches on core 0)
2026-03-09 14:49:45.528 8 INFO neutron.db.ovn_revision_numbers_db [None req-d269c9bd-8315-432e-aeb0-b30da001b033 7eff76eacac14082b4be17f71b2c8beb c0638de765224c3b89393beda417e300 - - default default] Successfully bumped revision number for resource f83ff7d6-b3b5-464a-995e-2142f1e9f53c (type: floatingips) to 2
2026-03-09 14:49:45.621 8 INFO neutron.db.l3_db [None req-d269c9bd-8315-432e-aeb0-b30da001b033 7eff76eacac14082b4be17f71b2c8beb c0638de765224c3b89393beda417e300 - - default default] Floating IP f83ff7d6-b3b5-464a-995e-2142f1e9f53c disassociated. External IP: 10.96.250.217, port: c8ba4ed3-2b63-4431-a854-f9c48d476ec6. [pid: 7|app: 0|req: 1275/2523] 10.0.0.120 () {32 vars in 724 bytes} [Mon Mar 9 14:49:45 2026] DELETE /v2.0/subnets/a3273bd4-02c5-4a30-882c-e995aa5ad226 => generated 0 bytes in 192 msecs (HTTP/1.1 204) 3 headers in 131 bytes (1 switches on core 0) [pid: 8|app: 0|req: 1249/2524] 10.0.0.120 () {34 vars in 749 bytes} [Mon Mar 9 14:49:45 2026] PUT /v2.0/floatingips/f83ff7d6-b3b5-464a-995e-2142f1e9f53c => generated 554 bytes in 643 msecs (HTTP/1.1 200) 4 headers in 157 bytes (1 switches on core 0) [pid: 7|app: 0|req: 1276/2525] 10.0.0.187 () {34 vars in 1008 bytes} [Mon Mar 9 14:49:45 2026] GET /v2.0/networks/172c0120-6ac3-470b-a0be-26110a7b4c5c?fields=segments => generated 14 bytes in 61 msecs (HTTP/1.1 200) 4 headers in 156 bytes (1 switches on core 0) [pid: 7|app: 0|req: 1277/2526] 10.0.0.120 () {32 vars in 729 bytes} [Mon Mar 9 14:49:45 2026] GET /v2.0/floatingips/f83ff7d6-b3b5-464a-995e-2142f1e9f53c => generated 552 bytes in 26 msecs (HTTP/1.1 200) 4 headers in 157 bytes (1 switches on core 0)
2026-03-09 14:49:45.748 8 INFO neutron.notifiers.nova [-] Nova event matching ['req-e16d7c43-e3c9-4cfc-920b-2c98fa8a5672'] response: {'name': 'network-changed', 'server_uuid': 'cc822b60-f8f4-41c5-9972-ae10218b4aa7', 'tag': 'c8ba4ed3-2b63-4431-a854-f9c48d476ec6', 'status': 'completed', 'code': 200} [pid: 7|app: 0|req: 1278/2527] 10.0.0.187 () {34 vars in 1108 bytes} [Mon Mar 9 14:49:45 2026] GET /v2.0/networks/172c0120-6ac3-470b-a0be-26110a7b4c5c?fields=provider%3Aphysical_network&fields=provider%3Anetwork_type => generated 79 bytes in 39 msecs (HTTP/1.1 200) 4 headers in 156 bytes (1 switches on core 0)
2026-03-09 14:49:45.867 8 INFO neutron.db.ovn_revision_numbers_db [None req-f859cabe-3954-4671-965b-fdd702cf2f20 - - - - - -] Successfully bumped revision number for resource 5bd05ec4-ef02-4e08-99e0-e36d69bc27e3 (type: ports) to 2 [pid: 7|app: 0|req: 1279/2528] 10.0.0.187 () {34 vars in 990 bytes} [Mon Mar 9 14:49:45 2026] GET /v2.0/ports?device_id=0819b3c8-c6f1-4fb4-a834-be9448298e19 => generated 12 bytes in 16 msecs (HTTP/1.1 200) 4 headers in 156 bytes (1 switches on core 0) [pid: 8|app: 0|req: 1250/2529] 10.0.0.120 () {32 vars in 724 bytes} [Mon Mar 9 14:49:45 2026] DELETE /v2.0/subnets/e34a1487-7810-4530-bba3-731a5478b274 => generated 0 bytes in 336 msecs (HTTP/1.1 204) 3 headers in 131 bytes (1 switches on core 0) [pid: 7|app: 0|req: 1280/2530] 10.0.0.120 () {32 vars in 724 bytes} [Mon Mar 9 14:49:46 2026] DELETE /v2.0/subnets/286b9c5c-60b9-43d7-a605-418ec08934bb => generated 0 bytes in 201 msecs (HTTP/1.1 204) 3 headers in 131 bytes (1 switches on core 0)
2026-03-09 14:49:46.255 8 INFO neutron.pecan_wsgi.hooks.translation [None req-9962b8dc-0982-43b5-9962-9f156f6a2e74 84c3de60a5d244cdaec7d9863a56f497 657cd3d79111451c897269d552d3b0b5 - - default default] DELETE failed (client error): The resource could not be found. [pid: 8|app: 0|req: 1251/2531] 10.0.0.120 () {32 vars in 724 bytes} [Mon Mar 9 14:49:46 2026] DELETE /v2.0/subnets/1eb74d18-3a30-4350-b132-9a546ba8eb8b => generated 136 bytes in 20 msecs (HTTP/1.1 404) 4 headers in 164 bytes (1 switches on core 0) [pid: 7|app: 0|req: 1281/2532] 199.204.45.140 () {34 vars in 1080 bytes} [Mon Mar 9 14:49:46 2026] GET /v2.0/ports?tenant_id=c0638de765224c3b89393beda417e300&device_id=cc822b60-f8f4-41c5-9972-ae10218b4aa7 => generated 1213 bytes in 37 msecs (HTTP/1.1 200) 4 headers in 158 bytes (1 switches on core 0) [pid: 7|app: 0|req: 1282/2533] 199.204.45.140 () {34 vars in 986 bytes} [Mon Mar 9 14:49:46 2026] GET /v2.0/networks?id=90cf7de7-88c3-4c76-a1e4-f225bbfccc69 => generated 798 bytes in 41 msecs (HTTP/1.1 200) 4 headers in 157 bytes (1 switches on core 0)
2026-03-09 14:49:46.370 8 INFO neutron_taas.services.taas.taas_plugin [None req-b17795bc-543f-436d-92e0-f2532abcacd5 84c3de60a5d244cdaec7d9863a56f497 657cd3d79111451c897269d552d3b0b5 - - default default] TaaS: Handle Delete Port: b26aeece-799a-4da5-8b3c-044062514731
2026-03-09 14:49:46.372 8 INFO neutron_taas.services.taas.tap_mirror_plugin [None req-b17795bc-543f-436d-92e0-f2532abcacd5 84c3de60a5d244cdaec7d9863a56f497 657cd3d79111451c897269d552d3b0b5 - - default default] Tap Mirror: Handle Delete Port: b26aeece-799a-4da5-8b3c-044062514731 [pid: 7|app: 0|req: 1283/2534] 199.204.45.140 () {34 vars in 1060 bytes} [Mon Mar 9 14:49:46 2026] GET /v2.0/floatingips?fixed_ip_address=10.100.0.11&port_id=c8ba4ed3-2b63-4431-a854-f9c48d476ec6 => generated 19 bytes in 39 msecs (HTTP/1.1 200) 4 headers in 156 bytes (1 switches on core 0) [pid: 7|app: 0|req: 1284/2535] 199.204.45.140 () {34 vars in 984 bytes} [Mon Mar 9 14:49:46 2026] GET /v2.0/subnets?id=6d979021-a207-42f0-8cec-889350ff5270 => generated 677 bytes in 39 msecs (HTTP/1.1 200) 4 headers in 157 bytes (1 switches on core 0) [pid: 7|app: 0|req: 1285/2536] 199.204.45.140 () {34 vars in 1052 bytes} [Mon Mar 9 14:49:46 2026] GET /v2.0/ports?network_id=90cf7de7-88c3-4c76-a1e4-f225bbfccc69&device_owner=network%3Adhcp => generated 12 bytes in 35 msecs (HTTP/1.1 200) 4 headers in 156 bytes (1 switches on core 0) [pid: 7|app: 0|req: 1286/2537] 199.204.45.140 () {34 vars in 1012 bytes} [Mon Mar 9 14:49:46 2026] GET /v2.0/networks/90cf7de7-88c3-4c76-a1e4-f225bbfccc69?fields=segments => generated 14 bytes in 44 msecs (HTTP/1.1 200) 4 headers in 156 bytes (1 switches on core 0)
2026-03-09 14:49:46.546 8 INFO neutron.services.segments.plugin [-] Segment 1a07e500-1562-44fc-b782-1057d093db4f resource provider aggregate not found
2026-03-09 14:49:46.555 8 INFO neutron.services.segments.plugin [-] Segment 1a07e500-1562-44fc-b782-1057d093db4f resource provider aggregate not found
2026-03-09 14:49:46.568 8 INFO neutron.services.segments.plugin [-] Segment 1a07e500-1562-44fc-b782-1057d093db4f resource provider not found; error: Placement Client Error (4xx): {"errors": [{"status": 404, "title": "Not Found", "detail": "The resource could not be found.\n\n No resource provider with uuid 1a07e500-1562-44fc-b782-1057d093db4f found for delete ", "request_id": "req-4093244a-fcd5-4a2e-92b4-51d5aa3e3c26"}]}
2026-03-09 14:49:46.570 8 INFO neutron.services.segments.plugin [-] Segment 1a07e500-1562-44fc-b782-1057d093db4f resource provider not found; error: Placement Client Error (4xx): {"errors": [{"status": 404, "title": "Not Found", "detail": "The resource could not be found.\n\n No resource provider with uuid 1a07e500-1562-44fc-b782-1057d093db4f found for delete ", "request_id": "req-48c4341d-dbb9-4622-9e8f-da9300ffee87"}]} [pid: 7|app: 0|req: 1287/2538] 199.204.45.140 () {34 vars in 1112 bytes} [Mon Mar 9 14:49:46 2026] GET /v2.0/networks/90cf7de7-88c3-4c76-a1e4-f225bbfccc69?fields=provider%3Aphysical_network&fields=provider%3Anetwork_type => generated 79 bytes in 67 msecs (HTTP/1.1 200) 4 headers in 156 bytes (1 switches on core 0) [pid: 8|app: 0|req: 1252/2539] 10.0.0.120 () {32 vars in 726 bytes} [Mon Mar 9 14:49:46 2026] DELETE /v2.0/networks/69a48ee2-b7d9-430a-912c-ad9082ffbd1f => generated 0 bytes in 344 msecs (HTTP/1.1 204) 3 headers in 131 bytes (1 switches on core 0)
2026-03-09 14:49:46.742 7 INFO neutron_taas.services.taas.taas_plugin [None req-8965abaa-af89-428f-a961-c9fafae8df73 84c3de60a5d244cdaec7d9863a56f497 657cd3d79111451c897269d552d3b0b5 - - default default] TaaS: Handle Delete Port: 48621282-e707-4671-9289-b300e9048b35
2026-03-09 14:49:46.744 7 INFO neutron_taas.services.taas.tap_mirror_plugin [None req-8965abaa-af89-428f-a961-c9fafae8df73 84c3de60a5d244cdaec7d9863a56f497 657cd3d79111451c897269d552d3b0b5 - - default default] Tap Mirror: Handle Delete Port: 48621282-e707-4671-9289-b300e9048b35
2026-03-09 14:49:46.969 8 INFO neutron.db.ovn_revision_numbers_db [None req-dc56435a-80f1-4bde-bed9-392002519fc9 7eff76eacac14082b4be17f71b2c8beb c0638de765224c3b89393beda417e300 - - default default] Successfully bumped revision number for resource ee9b11e7-5654-44e5-833b-317b2613906c (type: security_groups) to 1
2026-03-09 14:49:46.974 7 INFO neutron.services.segments.plugin [-] Segment e73e99b7-bcad-4b43-9760-7f0fd9b01c18 resource provider aggregate not found
2026-03-09 14:49:46.981 8 INFO neutron.db.ovn_revision_numbers_db [None req-dc56435a-80f1-4bde-bed9-392002519fc9 7eff76eacac14082b4be17f71b2c8beb c0638de765224c3b89393beda417e300 - - default default] Successfully bumped revision number for resource 51779069-8b2f-4681-8171-8d6129ebc953 (type: security_group_rules) to 0
2026-03-09 14:49:46.986 7 INFO neutron.services.segments.plugin [-] Segment e73e99b7-bcad-4b43-9760-7f0fd9b01c18 resource provider aggregate not found
2026-03-09 14:49:46.994 8 INFO neutron.db.ovn_revision_numbers_db [None req-dc56435a-80f1-4bde-bed9-392002519fc9 7eff76eacac14082b4be17f71b2c8beb c0638de765224c3b89393beda417e300 - - default default] Successfully bumped revision number for resource 6a4ec010-0d24-4c23-b6ad-b8aac0c97a88 (type: security_group_rules) to 0
2026-03-09 14:49:47.000 7 INFO neutron.services.segments.plugin [-] Segment e73e99b7-bcad-4b43-9760-7f0fd9b01c18 resource provider not found; error: Placement Client Error (4xx): {"errors": [{"status": 404, "title": "Not Found", "detail": "The resource could not be found.\n\n No resource provider with uuid e73e99b7-bcad-4b43-9760-7f0fd9b01c18 found for delete ", "request_id": "req-abcf9ac9-e379-4154-a347-9999ebc7600d"}]}
2026-03-09 14:49:47.005 7 INFO neutron.services.segments.plugin [-] Segment e73e99b7-bcad-4b43-9760-7f0fd9b01c18 resource provider not found; error: Placement Client Error (4xx): {"errors": [{"status": 404, "title": "Not Found", "detail": "The resource could not be found.\n\n No resource provider with uuid e73e99b7-bcad-4b43-9760-7f0fd9b01c18 found for delete ", "request_id": "req-85d3c1ff-558e-45b7-943b-9eec04b4b7d5"}]} [pid: 8|app: 0|req: 1253/2540] 10.0.0.120 () {34 vars in 685 bytes} [Mon Mar 9 14:49:46 2026] POST /v2.0/security-groups => generated 1675 bytes in 253 msecs (HTTP/1.1 201) 4 headers in 163 bytes (1 switches on core 0) [pid: 7|app: 0|req: 1288/2541] 10.0.0.120 () {32 vars in 726 bytes} [Mon Mar 9 14:49:46 2026] DELETE /v2.0/networks/a8dd4cd8-1a20-450e-b1f8-1c4e9933ab4d => generated 0 bytes in 444 msecs (HTTP/1.1 204) 3 headers in 131 bytes (1 switches on core 0) [pid: 8|app: 0|req: 1254/2542] 10.0.0.187 () {34 vars in 990 bytes} [Mon Mar 9 14:49:47 2026] GET /v2.0/ports?device_id=0819b3c8-c6f1-4fb4-a834-be9448298e19 => generated 12 bytes in 19 msecs (HTTP/1.1 200) 4 headers in 156 bytes (1 switches on core 0)
2026-03-09 14:49:47.222 8 INFO neutron_taas.services.taas.taas_plugin [None req-2d1f654c-2e81-42ba-9c64-63a8b316e600 84c3de60a5d244cdaec7d9863a56f497 657cd3d79111451c897269d552d3b0b5 - - default default] TaaS: Handle Delete Port: 1af5ae06-195b-4420-b5ed-7dea255f1abe
2026-03-09 14:49:47.225 8 INFO neutron_taas.services.taas.tap_mirror_plugin [None req-2d1f654c-2e81-42ba-9c64-63a8b316e600 84c3de60a5d244cdaec7d9863a56f497 657cd3d79111451c897269d552d3b0b5 - - default default] Tap Mirror: Handle Delete Port: 1af5ae06-195b-4420-b5ed-7dea255f1abe
2026-03-09 14:49:47.231 7 INFO neutron.db.ovn_revision_numbers_db [None req-3fde339f-62af-43ce-bc9e-4e783c631aef 7eff76eacac14082b4be17f71b2c8beb c0638de765224c3b89393beda417e300 - - default default] Successfully bumped revision number for resource 8b415cc8-5d0d-4d45-8619-ec8212426874 (type: security_group_rules) to 0 [pid: 7|app: 0|req: 1289/2543] 10.0.0.120 () {34 vars in 695 bytes} [Mon Mar 9 14:49:47 2026] POST /v2.0/security-group-rules => generated 597 bytes in 209 msecs (HTTP/1.1 201) 4 headers in 162 bytes (1 switches on core 0)
2026-03-09 14:49:47.424 7 INFO neutron.db.ovn_revision_numbers_db [None req-48d48308-d0dd-4fb9-8872-423c9ddb7434 7eff76eacac14082b4be17f71b2c8beb c0638de765224c3b89393beda417e300 - - default default] Successfully bumped revision number for resource 1128edc7-2a64-458e-b6ef-0eb6650b38b8 (type: security_group_rules) to 0 [pid: 7|app: 0|req: 1290/2544] 10.0.0.120 () {34 vars in 695 bytes} [Mon Mar 9 14:49:47 2026] POST /v2.0/security-group-rules => generated 596 bytes in 190 msecs (HTTP/1.1 201) 4 headers in 162 bytes (1 switches on core 0) [pid: 8|app: 0|req: 1255/2545] 10.0.0.120 () {32 vars in 726 bytes} [Mon Mar 9 14:49:47 2026] DELETE /v2.0/networks/5b6eae77-f138-4f86-9f0c-4b7d5bce92d1 => generated 0 bytes in 431 msecs (HTTP/1.1 204) 3 headers in 131 bytes (1 switches on core 0)
2026-03-09 14:49:47.515 8 INFO neutron.pecan_wsgi.hooks.translation [None req-1de90a20-7964-45fc-abc7-e5f287875137 84c3de60a5d244cdaec7d9863a56f497 657cd3d79111451c897269d552d3b0b5 - - default default] DELETE failed (client error): The resource could not be found. [pid: 8|app: 0|req: 1256/2546] 10.0.0.120 () {32 vars in 726 bytes} [Mon Mar 9 14:49:47 2026] DELETE /v2.0/networks/1357af1e-af31-4bca-b701-08243359991d => generated 138 bytes in 12 msecs (HTTP/1.1 404) 4 headers in 164 bytes (1 switches on core 0)
2026-03-09 14:49:47.634 7 INFO neutron.db.ovn_revision_numbers_db [None req-b5fe2149-843d-4fea-aa63-72cf10d9c348 7eff76eacac14082b4be17f71b2c8beb c0638de765224c3b89393beda417e300 - - default default] Successfully bumped revision number for resource 31e123e9-d333-48ff-9ef0-3a227607f8ea (type: security_group_rules) to 0 [pid: 7|app: 0|req: 1291/2547] 10.0.0.120 () {34 vars in 695 bytes} [Mon Mar 9 14:49:47 2026] POST /v2.0/security-group-rules => generated 602 bytes in 205 msecs (HTTP/1.1 201) 4 headers in 162 bytes (1 switches on core 0)
2026-03-09 14:49:47.823 8 INFO neutron.db.ovn_revision_numbers_db [None req-f99222b2-b555-465b-a9bf-e1c12dad645a 7eff76eacac14082b4be17f71b2c8beb c0638de765224c3b89393beda417e300 - - default default] Successfully bumped revision number for resource a8517b06-ba12-4000-aea4-b718d2b0b3ba (type: security_group_rules) to 0 [pid: 8|app: 0|req: 1257/2548] 10.0.0.120 () {34 vars in 695 bytes} [Mon Mar 9 14:49:47 2026] POST /v2.0/security-group-rules => generated 601 bytes in 183 msecs (HTTP/1.1 201) 4 headers in 162 bytes (1 switches on core 0)
2026-03-09 14:49:47.894 7 INFO neutron.db.securitygroups_db [None req-0172fc28-749c-4c39-b52d-c49335056814 7eff76eacac14082b4be17f71b2c8beb c0638de765224c3b89393beda417e300 - - default default] Project c0638de765224c3b89393beda417e300 added a security group rule with legacy IPv6 ICMP protocol name icmp, ipv6-icmp should be used instead. It was automatically converted.
