2026-03-09 14:47:45.914 8 WARNING neutron.api.rpc.agentnotifiers.dhcp_rpc_agent_api [None req-e526f52c-9070-4973-a2c1-b67d6a2a44e8 a31a2fcbc65f462f8e28aba7224ddf74 d83545134be64869ba889c0f6c2bc5fe - - default default] Unable to schedule network 931fd5a5-237a-4af2-aefc-f7e280e7038c: no agents available; will retry on subsequent port and subnet creation events.
2026-03-09 14:47:45.996 8 INFO neutron.plugins.ml2.drivers.ovn.mech_driver.mech_driver [None req-515178ef-b58e-4289-8044-c1dd6ceb1383 - - - - - -] OVN reports status down for port: 6de69ec2-90bd-435b-9498-217906bf8c27 [pid: 7|app: 0|req: 859/1629] 10.0.0.120 () {32 vars in 726 bytes} [Mon Mar 9 14:47:45 2026] DELETE /v2.0/networks/a4b5ff4b-b75c-4280-8586-cdfe4d9d0ddc => generated 0 bytes in 387 msecs (HTTP/1.1 204) 3 headers in 131 bytes (1 switches on core 0) [pid: 7|app: 0|req: 860/1630] 10.0.0.120 () {32 vars in 723 bytes} [Mon Mar 9 14:47:46 2026] GET /v2.0/networks/9f8bdaa4-03e9-4be9-aff8-14b548916b4c => generated 710 bytes in 47 msecs (HTTP/1.1 200) 4 headers in 157 bytes (1 switches on core 0)
2026-03-09 14:47:46.064 8 INFO neutron.db.ovn_revision_numbers_db [None req-e526f52c-9070-4973-a2c1-b67d6a2a44e8 a31a2fcbc65f462f8e28aba7224ddf74 d83545134be64869ba889c0f6c2bc5fe - - default default] Successfully bumped revision number for resource 6de69ec2-90bd-435b-9498-217906bf8c27 (type: ports) to 1 [pid: 8|app: 0|req: 771/1631] 10.0.0.120 () {34 vars in 670 bytes} [Mon Mar 9 14:47:45 2026] POST /v2.0/networks => generated 650 bytes in 580 msecs (HTTP/1.1 201) 4 headers in 162 bytes (1 switches on core 0) [pid: 8|app: 0|req: 772/1632] 10.0.0.120 () {32 vars in 721 bytes} [Mon Mar 9 14:47:46 2026] GET /v2.0/subnets/99bf2b6e-e512-4693-a50e-4dd721861333 => generated 673 bytes in 21 msecs (HTTP/1.1 200) 4 headers in 157 bytes (1 switches on core 0)
2026-03-09 14:47:46.227 7 WARNING neutron.scheduler.dhcp_agent_scheduler [None req-cc8d731b-a7bc-4041-9395-718f752af300 f91d2447371c450285f9d897a1398349 938e0a361f944535a5b551d00cdb6c6e - - default default] No more DHCP agents
2026-03-09 14:47:46.228 7 WARNING neutron.api.rpc.agentnotifiers.dhcp_rpc_agent_api [None req-cc8d731b-a7bc-4041-9395-718f752af300 f91d2447371c450285f9d897a1398349 938e0a361f944535a5b551d00cdb6c6e - - default default] Unable to schedule network 4e997646-0c9e-48a3-8bf0-97a86057baab: no agents available; will retry on subsequent port and subnet creation events.
2026-03-09 14:47:46.288 8 INFO neutron.plugins.ml2.drivers.ovn.mech_driver.mech_driver [None req-515178ef-b58e-4289-8044-c1dd6ceb1383 - - - - - -] OVN reports status down for port: c93c3bcf-0e5f-4f98-9dd2-dd0a1c886187
2026-03-09 14:47:46.342 7 INFO neutron.db.ovn_revision_numbers_db [None req-cc8d731b-a7bc-4041-9395-718f752af300 f91d2447371c450285f9d897a1398349 938e0a361f944535a5b551d00cdb6c6e - - default default] Successfully bumped revision number for resource c93c3bcf-0e5f-4f98-9dd2-dd0a1c886187 (type: ports) to 1 [pid: 7|app: 0|req: 861/1633] 10.0.0.120 () {34 vars in 665 bytes} [Mon Mar 9 14:47:46 2026] POST /v2.0/ports => generated 777 bytes in 334 msecs (HTTP/1.1 201) 4 headers in 162 bytes (1 switches on core 0) /var/lib/openstack/lib/python3.12/site-packages/pycadf/identifier.py:70: UserWarning: Invalid uuid: neutron. To ensure interoperability, identifiers should be a valid uuid. warnings.warn(('Invalid uuid: %s. To ensure interoperability, '
2026-03-09 14:47:46.398 7 INFO neutron.pecan_wsgi.hooks.translation [None req-448ec2b1-1d80-4249-b72d-c94aeca4ae33 143110d5edc947ac98afd91125bee310 7dd0633501bb4f5ca4894d9daa85dccc - - default default] DELETE failed (client error): The resource could not be found. [pid: 7|app: 0|req: 862/1634] 10.0.0.120 () {32 vars in 724 bytes} [Mon Mar 9 14:47:46 2026] DELETE /v2.0/subnets/fac15615-8c89-46c9-bcc4-6016db42c68c => generated 136 bytes in 13 msecs (HTTP/1.1 404) 4 headers in 164 bytes (1 switches on core 0)
2026-03-09 14:47:46.431 8 WARNING neutron.scheduler.dhcp_agent_scheduler [None req-3da7c471-25dc-4e22-9e87-86ae26c9bdd7 a31a2fcbc65f462f8e28aba7224ddf74 d83545134be64869ba889c0f6c2bc5fe - - default default] No more DHCP agents
2026-03-09 14:47:46.433 8 WARNING neutron.api.rpc.agentnotifiers.dhcp_rpc_agent_api [None req-3da7c471-25dc-4e22-9e87-86ae26c9bdd7 a31a2fcbc65f462f8e28aba7224ddf74 d83545134be64869ba889c0f6c2bc5fe - - default default] Unable to schedule network 931fd5a5-237a-4af2-aefc-f7e280e7038c: no agents available; will retry on subsequent port and subnet creation events.
2026-03-09 14:47:46.451 7 INFO neutron.services.segments.plugin [-] Segment 3ed451d2-972b-44c3-802f-6e9c803ce37f resource provider aggregate not found
2026-03-09 14:47:46.465 7 INFO neutron.services.segments.plugin [-] Segment 3ed451d2-972b-44c3-802f-6e9c803ce37f resource provider aggregate not found
2026-03-09 14:47:46.471 7 INFO neutron.services.segments.plugin [-] Segment 3ed451d2-972b-44c3-802f-6e9c803ce37f resource provider not found; error: Placement Client Error (4xx): {"errors": [{"status": 404, "title": "Not Found", "detail": "The resource could not be found.\n\n No resource provider with uuid 3ed451d2-972b-44c3-802f-6e9c803ce37f found for delete ", "request_id": "req-35dcbcb1-6e39-4899-9762-4570d2f7c5b4"}]}
2026-03-09 14:47:46.492 7 INFO neutron.services.segments.plugin [-] Segment 3ed451d2-972b-44c3-802f-6e9c803ce37f resource provider not found; error: Placement Client Error (4xx): {"errors": [{"status": 404, "title": "Not Found", "detail": "The resource could not be found.\n\n No resource provider with uuid 3ed451d2-972b-44c3-802f-6e9c803ce37f found for delete ", "request_id": "req-0b982a56-34a0-45f6-a765-740fdf276e91"}]}
2026-03-09 14:47:46.515 8 INFO neutron.plugins.ml2.drivers.ovn.mech_driver.mech_driver [None req-515178ef-b58e-4289-8044-c1dd6ceb1383 - - - - - -] OVN reports status down for port: c07e68bf-f2f7-4cb5-9183-e3e93227125b
2026-03-09 14:47:46.591 8 INFO neutron.db.ovn_revision_numbers_db [None req-3da7c471-25dc-4e22-9e87-86ae26c9bdd7 a31a2fcbc65f462f8e28aba7224ddf74 d83545134be64869ba889c0f6c2bc5fe - - default default] Successfully bumped revision number for resource c07e68bf-f2f7-4cb5-9183-e3e93227125b (type: ports) to 1 [pid: 8|app: 0|req: 773/1635] 10.0.0.120 () {34 vars in 664 bytes} [Mon Mar 9 14:47:46 2026] POST /v2.0/ports => generated 743 bytes in 541 msecs (HTTP/1.1 201) 4 headers in 162 bytes (1 switches on core 0) /var/lib/openstack/lib/python3.12/site-packages/pycadf/identifier.py:70: UserWarning: Invalid uuid: neutron. To ensure interoperability, identifiers should be a valid uuid. warnings.warn(('Invalid uuid: %s. To ensure interoperability, '
2026-03-09 14:47:46.705 8 INFO neutron.pecan_wsgi.hooks.translation [None req-8014d26c-21f4-457f-8780-154c7b8274c1 143110d5edc947ac98afd91125bee310 7dd0633501bb4f5ca4894d9daa85dccc - - default default] DELETE failed (client error): The resource could not be found. [pid: 8|app: 0|req: 774/1636] 10.0.0.120 () {32 vars in 726 bytes} [Mon Mar 9 14:47:46 2026] DELETE /v2.0/networks/c31abcc4-92d4-49be-bc6b-6f08fe5bb1a8 => generated 138 bytes in 38 msecs (HTTP/1.1 404) 4 headers in 164 bytes (1 switches on core 0)
2026-03-09 14:47:46.724 8 INFO neutron.plugins.ml2.drivers.ovn.mech_driver.mech_driver [None req-515178ef-b58e-4289-8044-c1dd6ceb1383 - - - - - -] OVN reports status down for port: c93c3bcf-0e5f-4f98-9dd2-dd0a1c886187
2026-03-09 14:47:46.732 7 INFO neutron.db.ovn_revision_numbers_db [None req-eb5281eb-f608-44a4-a67e-28fd6b9cc38f f91d2447371c450285f9d897a1398349 938e0a361f944535a5b551d00cdb6c6e - - default default] Successfully bumped revision number for resource c93c3bcf-0e5f-4f98-9dd2-dd0a1c886187 (type: ports) to 2 [pid: 7|app: 0|req: 863/1637] 10.0.0.120 () {34 vars in 737 bytes} [Mon Mar 9 14:47:46 2026] PUT /v2.0/ports/c93c3bcf-0e5f-4f98-9dd2-dd0a1c886187 => generated 752 bytes in 351 msecs (HTTP/1.1 200) 4 headers in 157 bytes (1 switches on core 0) /var/lib/openstack/lib/python3.12/site-packages/pycadf/identifier.py:70: UserWarning: Invalid uuid: neutron. To ensure interoperability, identifiers should be a valid uuid. warnings.warn(('Invalid uuid: %s. To ensure interoperability, ' [pid: 8|app: 0|req: 775/1638] 10.0.0.120 () {34 vars in 747 bytes} [Mon Mar 9 14:47:46 2026] PUT /v2.0/ports/5e209a15-b057-4192-a45e-1ff8ae96face/tags => generated 17 bytes in 109 msecs (HTTP/1.1 200) 4 headers in 156 bytes (1 switches on core 0) /var/lib/openstack/lib/python3.12/site-packages/pycadf/identifier.py:70: UserWarning: Invalid uuid: neutron. To ensure interoperability, identifiers should be a valid uuid. warnings.warn(('Invalid uuid: %s. To ensure interoperability, ' [pid: 7|app: 0|req: 864/1639] 10.0.0.120 () {32 vars in 724 bytes} [Mon Mar 9 14:47:46 2026] DELETE /v2.0/subnets/99bf2b6e-e512-4693-a50e-4dd721861333 => generated 0 bytes in 138 msecs (HTTP/1.1 204) 3 headers in 131 bytes (1 switches on core 0) [pid: 7|app: 0|req: 865/1640] 10.0.0.120 () {34 vars in 747 bytes} [Mon Mar 9 14:47:46 2026] PUT /v2.0/ports/42886d20-faae-4eeb-9d8a-9b72cc6d2355/tags => generated 25 bytes in 61 msecs (HTTP/1.1 200) 4 headers in 156 bytes (1 switches on core 0) /var/lib/openstack/lib/python3.12/site-packages/pycadf/identifier.py:70: UserWarning: Invalid uuid: neutron. To ensure interoperability, identifiers should be a valid uuid. warnings.warn(('Invalid uuid: %s. To ensure interoperability, '
2026-03-09 14:47:46.975 8 INFO neutron_taas.services.taas.taas_plugin [None req-0ca4c774-c59f-4081-b6f2-5c692e1b4736 f91d2447371c450285f9d897a1398349 938e0a361f944535a5b551d00cdb6c6e - - default default] TaaS: Handle Delete Port: c93c3bcf-0e5f-4f98-9dd2-dd0a1c886187
2026-03-09 14:47:46.979 8 INFO neutron_taas.services.taas.tap_mirror_plugin [None req-0ca4c774-c59f-4081-b6f2-5c692e1b4736 f91d2447371c450285f9d897a1398349 938e0a361f944535a5b551d00cdb6c6e - - default default] Tap Mirror: Handle Delete Port: c93c3bcf-0e5f-4f98-9dd2-dd0a1c886187
2026-03-09 14:47:47.065 7 INFO neutron_taas.services.taas.taas_plugin [None req-b4d90444-efe0-42cf-b359-47f8fc3c235b 143110d5edc947ac98afd91125bee310 7dd0633501bb4f5ca4894d9daa85dccc - - default default] TaaS: Handle Delete Port: 71d587af-b132-4a66-a9c4-96d5390e7f8e
2026-03-09 14:47:47.068 7 INFO neutron_taas.services.taas.tap_mirror_plugin [None req-b4d90444-efe0-42cf-b359-47f8fc3c235b 143110d5edc947ac98afd91125bee310 7dd0633501bb4f5ca4894d9daa85dccc - - default default] Tap Mirror: Handle Delete Port: 71d587af-b132-4a66-a9c4-96d5390e7f8e [pid: 8|app: 0|req: 776/1641] 10.0.0.120 () {32 vars in 720 bytes} [Mon Mar 9 14:47:46 2026] DELETE /v2.0/ports/c93c3bcf-0e5f-4f98-9dd2-dd0a1c886187 => generated 0 bytes in 315 msecs (HTTP/1.1 204) 3 headers in 131 bytes (1 switches on core 0) [pid: 8|app: 0|req: 777/1642] 10.0.0.120 () {34 vars in 747 bytes} [Mon Mar 9 14:47:47 2026] PUT /v2.0/ports/75efd58f-12ed-4ddc-9771-a0ce141f82ee/tags => generated 34 bytes in 72 msecs (HTTP/1.1 200) 4 headers in 156 bytes (1 switches on core 0) /var/lib/openstack/lib/python3.12/site-packages/pycadf/identifier.py:70: UserWarning: Invalid uuid: neutron. To ensure interoperability, identifiers should be a valid uuid. warnings.warn(('Invalid uuid: %s. To ensure interoperability, ' [pid: 8|app: 0|req: 778/1643] 10.0.0.120 () {32 vars in 643 bytes} [Mon Mar 9 14:47:47 2026] GET /v2.0/ports => generated 1538 bytes in 61 msecs (HTTP/1.1 200) 4 headers in 158 bytes (1 switches on core 0) [pid: 8|app: 0|req: 779/1644] 10.0.0.120 () {34 vars in 747 bytes} [Mon Mar 9 14:47:47 2026] PUT /v2.0/ports/63de63cb-8f6e-4efd-97ab-9cb119ef0f7b/tags => generated 19 bytes in 78 msecs (HTTP/1.1 200) 4 headers in 156 bytes (1 switches on core 0) /var/lib/openstack/lib/python3.12/site-packages/pycadf/identifier.py:70: UserWarning: Invalid uuid: neutron. To ensure interoperability, identifiers should be a valid uuid. warnings.warn(('Invalid uuid: %s. To ensure interoperability, ' [pid: 7|app: 0|req: 866/1645] 10.0.0.120 () {32 vars in 726 bytes} [Mon Mar 9 14:47:46 2026] DELETE /v2.0/networks/9f8bdaa4-03e9-4be9-aff8-14b548916b4c => generated 0 bytes in 401 msecs (HTTP/1.1 204) 3 headers in 131 bytes (1 switches on core 0)
2026-03-09 14:47:47.364 8 INFO neutron.pecan_wsgi.hooks.translation [None req-c544bda6-d9f7-4e25-a4d5-2cc8bd284b1f f91d2447371c450285f9d897a1398349 938e0a361f944535a5b551d00cdb6c6e - - default default] GET failed (client error): The resource could not be found. [pid: 8|app: 0|req: 780/1646] 10.0.0.120 () {32 vars in 717 bytes} [Mon Mar 9 14:47:47 2026] GET /v2.0/ports/c93c3bcf-0e5f-4f98-9dd2-dd0a1c886187 => generated 132 bytes in 18 msecs (HTTP/1.1 404) 4 headers in 164 bytes (1 switches on core 0) [pid: 8|app: 0|req: 781/1647] 10.0.0.120 () {32 vars in 643 bytes} [Mon Mar 9 14:47:47 2026] GET /v2.0/ports => generated 1538 bytes in 43 msecs (HTTP/1.1 200) 4 headers in 158 bytes (1 switches on core 0) [pid: 8|app: 0|req: 782/1648] 10.0.0.120 () {32 vars in 717 bytes} [Mon Mar 9 14:47:47 2026] GET /v2.0/ports/a4ff702a-53af-4c3a-aab5-93f5bf2c2ea7 => generated 779 bytes in 44 msecs (HTTP/1.1 200) 4 headers in 157 bytes (1 switches on core 0)
2026-03-09 14:47:47.491 8 INFO neutron.pecan_wsgi.hooks.translation [None req-8bbe87c8-fba6-42fd-91d1-f329ab15e3c2 f91d2447371c450285f9d897a1398349 938e0a361f944535a5b551d00cdb6c6e - - default default] DELETE failed (client error): The resource could not be found. [pid: 8|app: 0|req: 783/1649] 10.0.0.120 () {32 vars in 720 bytes} [Mon Mar 9 14:47:47 2026] DELETE /v2.0/ports/f57cb79a-7d0a-4569-ab7a-353e341060a4 => generated 132 bytes in 20 msecs (HTTP/1.1 404) 4 headers in 164 bytes (1 switches on core 0)
2026-03-09 14:47:47.511 8 INFO neutron.pecan_wsgi.hooks.translation [None req-e3925c0d-8b0c-4516-93db-8508f8180d94 f91d2447371c450285f9d897a1398349 938e0a361f944535a5b551d00cdb6c6e - - default default] DELETE failed (client error): The resource could not be found. [pid: 7|app: 0|req: 867/1650] 10.0.0.120 () {32 vars in 660 bytes} [Mon Mar 9 14:47:47 2026] GET /v2.0/ports?tags=red => generated 2253 bytes in 157 msecs (HTTP/1.1 200) 4 headers in 158 bytes (1 switches on core 0) [pid: 8|app: 0|req: 784/1651] 10.0.0.120 () {32 vars in 724 bytes} [Mon Mar 9 14:47:47 2026] DELETE /v2.0/subnets/9e8c8e6c-86df-4d7c-95f7-0660e1de0e11 => generated 136 bytes in 15 msecs (HTTP/1.1 404) 4 headers in 164 bytes (1 switches on core 0)
2026-03-09 14:47:47.540 8 INFO neutron.pecan_wsgi.hooks.translation [None req-8cc6751d-a839-4741-8f5a-5ad7b7890697 f91d2447371c450285f9d897a1398349 938e0a361f944535a5b551d00cdb6c6e - - default default] DELETE failed (client error): The resource could not be found. [pid: 8|app: 0|req: 785/1652] 10.0.0.120 () {32 vars in 724 bytes} [Mon Mar 9 14:47:47 2026] DELETE /v2.0/subnets/cb292a85-6a74-4453-beeb-9025da09b72a => generated 136 bytes in 28 msecs (HTTP/1.1 404) 4 headers in 164 bytes (1 switches on core 0) [pid: 7|app: 0|req: 868/1653] 10.0.0.120 () {32 vars in 674 bytes} [Mon Mar 9 14:47:47 2026] GET /v2.0/ports?tags=red%2Cblue => generated 1513 bytes in 69 msecs (HTTP/1.1 200) 4 headers in 158 bytes (1 switches on core 0) [pid: 7|app: 0|req: 869/1654] 10.0.0.120 () {32 vars in 670 bytes} [Mon Mar 9 14:47:47 2026] GET /v2.0/ports?tags-any=blue => generated 1513 bytes in 61 msecs (HTTP/1.1 200) 4 headers in 158 bytes (1 switches on core 0)
2026-03-09 14:47:47.659 8 INFO neutron_taas.services.taas.taas_plugin [None req-50131b06-f23f-4dff-ae02-9a2b3bdfc0a2 f91d2447371c450285f9d897a1398349 938e0a361f944535a5b551d00cdb6c6e - - default default] TaaS: Handle Delete Port: a4ff702a-53af-4c3a-aab5-93f5bf2c2ea7
2026-03-09 14:47:47.662 8 INFO neutron_taas.services.taas.tap_mirror_plugin [None req-50131b06-f23f-4dff-ae02-9a2b3bdfc0a2 f91d2447371c450285f9d897a1398349 938e0a361f944535a5b551d00cdb6c6e - - default default] Tap Mirror: Handle Delete Port: a4ff702a-53af-4c3a-aab5-93f5bf2c2ea7 [pid: 7|app: 0|req: 870/1655] 10.0.0.120 () {32 vars in 682 bytes} [Mon Mar 9 14:47:47 2026] GET /v2.0/ports?tags-any=red%2Cblue => generated 2253 bytes in 57 msecs (HTTP/1.1 200) 4 headers in 158 bytes (1 switches on core 0) [pid: 8|app: 0|req: 786/1656] 10.0.0.120 () {32 vars in 720 bytes} [Mon Mar 9 14:47:47 2026] DELETE /v2.0/ports/a4ff702a-53af-4c3a-aab5-93f5bf2c2ea7 => generated 0 bytes in 269 msecs (HTTP/1.1 204) 3 headers in 131 bytes (1 switches on core 0) [pid: 7|app: 0|req: 871/1657] 10.0.0.120 () {32 vars in 668 bytes} [Mon Mar 9 14:47:47 2026] GET /v2.0/ports?not-tags=red => generated 5268 bytes in 189 msecs (HTTP/1.1 200) 4 headers in 158 bytes (1 switches on core 0)
2026-03-09 14:47:47.935 8 INFO neutron_taas.services.taas.taas_plugin [None req-e5d12a29-3ef5-4cdb-a3f1-7c1b82dede6e f91d2447371c450285f9d897a1398349 938e0a361f944535a5b551d00cdb6c6e - - default default] TaaS: Handle Delete Port: 9bd66001-a227-4b42-8aec-22e180325f22
2026-03-09 14:47:47.937 8 INFO neutron_taas.services.taas.tap_mirror_plugin [None req-e5d12a29-3ef5-4cdb-a3f1-7c1b82dede6e f91d2447371c450285f9d897a1398349 938e0a361f944535a5b551d00cdb6c6e - - default default] Tap Mirror: Handle Delete Port: 9bd66001-a227-4b42-8aec-22e180325f22 [pid: 7|app: 0|req: 872/1658] 10.0.0.120 () {32 vars in 774 bytes} [Mon Mar 9 14:47:47 2026] GET /v2.0/security-groups?tenant_id=7dd0633501bb4f5ca4894d9daa85dccc&name=default => generated 2925 bytes in 137 msecs (HTTP/1.1 200) 4 headers in 158 bytes (1 switches on core 0)
2026-03-09 14:47:48.108 8 INFO neutron.services.segments.plugin [-] Segment 38b2ad09-65b6-4e39-8d32-d89d046e4086 resource provider aggregate not found
2026-03-09 14:47:48.116 8 INFO neutron.services.segments.plugin [-] Segment 38b2ad09-65b6-4e39-8d32-d89d046e4086 resource provider aggregate not found
2026-03-09 14:47:48.132 8 INFO neutron.services.segments.plugin [-] Segment 38b2ad09-65b6-4e39-8d32-d89d046e4086 resource provider not found; error: Placement Client Error (4xx): {"errors": [{"status": 404, "title": "Not Found", "detail": "The resource could not be found.\n\n No resource provider with uuid 38b2ad09-65b6-4e39-8d32-d89d046e4086 found for delete ", "request_id": "req-7576a9a3-da9d-4030-8611-4358b0f7ea44"}]}
2026-03-09 14:47:48.135 8 INFO neutron.services.segments.plugin [-] Segment 38b2ad09-65b6-4e39-8d32-d89d046e4086 resource provider not found; error: Placement Client Error (4xx): {"errors": [{"status": 404, "title": "Not Found", "detail": "The resource could not be found.\n\n No resource provider with uuid 38b2ad09-65b6-4e39-8d32-d89d046e4086 found for delete ", "request_id": "req-4f141e71-f810-4bfe-92e9-a315ae1ad63e"}]} [pid: 8|app: 0|req: 787/1659] 10.0.0.120 () {32 vars in 726 bytes} [Mon Mar 9 14:47:47 2026] DELETE /v2.0/networks/4e997646-0c9e-48a3-8bf0-97a86057baab => generated 0 bytes in 342 msecs (HTTP/1.1 204) 3 headers in 131 bytes (1 switches on core 0) [pid: 7|app: 0|req: 873/1660] 10.0.0.120 () {32 vars in 682 bytes} [Mon Mar 9 14:47:48 2026] GET /v2.0/ports?not-tags=red%2Cblue => generated 6008 bytes in 118 msecs (HTTP/1.1 200) 4 headers in 158 bytes (1 switches on core 0) [pid: 7|app: 0|req: 874/1661] 10.0.0.120 () {32 vars in 678 bytes} [Mon Mar 9 14:47:48 2026] GET /v2.0/ports?not-tags-any=blue => generated 6008 bytes in 87 msecs (HTTP/1.1 200) 4 headers in 158 bytes (1 switches on core 0) [pid: 7|app: 0|req: 875/1662] 10.0.0.120 () {32 vars in 690 bytes} [Mon Mar 9 14:47:48 2026] GET /v2.0/ports?not-tags-any=red%2Cblue => generated 5268 bytes in 90 msecs (HTTP/1.1 200) 4 headers in 158 bytes (1 switches on core 0) [pid: 8|app: 0|req: 788/1663] 10.0.0.120 () {32 vars in 740 bytes} [Mon Mar 9 14:47:48 2026] DELETE /v2.0/security-groups/bc31feb5-a1ba-48ca-ada4-d1d790652108 => generated 0 bytes in 267 msecs (HTTP/1.1 204) 2 headers in 112 bytes (1 switches on core 0)
2026-03-09 14:47:48.499 7 INFO neutron.services.segments.plugin [-] Segment 8fdb674d-cacc-44b6-b4e9-9639d218bbb3 resource provider aggregate not found
2026-03-09 14:47:48.518 7 INFO neutron.services.segments.plugin [-] Segment 8fdb674d-cacc-44b6-b4e9-9639d218bbb3 resource provider aggregate not found
2026-03-09 14:47:48.535 7 INFO neutron.services.segments.plugin [-] Segment 8fdb674d-cacc-44b6-b4e9-9639d218bbb3 resource provider not found; error: Placement Client Error (4xx): {"errors": [{"status": 404, "title": "Not Found", "detail": "The resource could not be found.\n\n No resource provider with uuid 8fdb674d-cacc-44b6-b4e9-9639d218bbb3 found for delete ", "request_id": "req-5f093206-9afe-4e5b-93e6-be49a612a6d1"}]}
2026-03-09 14:47:48.536 7 INFO neutron_taas.services.taas.taas_plugin [None req-69d0b435-ce7a-4e96-873f-a4e12ce7fb5c a31a2fcbc65f462f8e28aba7224ddf74 d83545134be64869ba889c0f6c2bc5fe - - default default] TaaS: Handle Delete Port: 5e209a15-b057-4192-a45e-1ff8ae96face
2026-03-09 14:47:48.540 7 INFO neutron_taas.services.taas.tap_mirror_plugin [None req-69d0b435-ce7a-4e96-873f-a4e12ce7fb5c a31a2fcbc65f462f8e28aba7224ddf74 d83545134be64869ba889c0f6c2bc5fe - - default default] Tap Mirror: Handle Delete Port: 5e209a15-b057-4192-a45e-1ff8ae96face
2026-03-09 14:47:48.544 7 INFO neutron.services.segments.plugin [-] Segment 8fdb674d-cacc-44b6-b4e9-9639d218bbb3 resource provider not found; error: Placement Client Error (4xx): {"errors": [{"status": 404, "title": "Not Found", "detail": "The resource could not be found.\n\n No resource provider with uuid 8fdb674d-cacc-44b6-b4e9-9639d218bbb3 found for delete ", "request_id": "req-3623e8ea-94b2-4095-ae16-3c440179569f"}]} [pid: 7|app: 0|req: 876/1664] 10.0.0.120 () {32 vars in 720 bytes} [Mon Mar 9 14:47:48 2026] DELETE /v2.0/ports/5e209a15-b057-4192-a45e-1ff8ae96face => generated 0 bytes in 318 msecs (HTTP/1.1 204) 3 headers in 131 bytes (1 switches on core 0)
2026-03-09 14:47:48.855 8 INFO neutron_taas.services.taas.taas_plugin [None req-55333fd4-84a4-4f49-9d2d-8e447b311017 a31a2fcbc65f462f8e28aba7224ddf74 d83545134be64869ba889c0f6c2bc5fe - - default default] TaaS: Handle Delete Port: 42886d20-faae-4eeb-9d8a-9b72cc6d2355
2026-03-09 14:47:48.857 8 INFO neutron_taas.services.taas.tap_mirror_plugin [None req-55333fd4-84a4-4f49-9d2d-8e447b311017 a31a2fcbc65f462f8e28aba7224ddf74 d83545134be64869ba889c0f6c2bc5fe - - default default] Tap Mirror: Handle Delete Port: 42886d20-faae-4eeb-9d8a-9b72cc6d2355 [pid: 7|app: 0|req: 877/1665] 10.0.0.120 () {32 vars in 774 bytes} [Mon Mar 9 14:47:48 2026] GET /v2.0/security-groups?tenant_id=938e0a361f944535a5b551d00cdb6c6e&name=default => generated 2925 bytes in 161 msecs (HTTP/1.1 200) 4 headers in 158 bytes (1 switches on core 0) [pid: 8|app: 0|req: 789/1666] 10.0.0.120 () {32 vars in 720 bytes} [Mon Mar 9 14:47:48 2026] DELETE /v2.0/ports/42886d20-faae-4eeb-9d8a-9b72cc6d2355 => generated 0 bytes in 275 msecs (HTTP/1.1 204) 3 headers in 131 bytes (1 switches on core 0)
2026-03-09 14:47:49.151 7 INFO neutron.db.ovn_revision_numbers_db [None req-6a45421e-f37f-4055-bb03-bd7f231101d2 036f591f836948ea92b774d98c609f1d 9e91c2219cf34c00a88d7d966489a684 - - default default] Successfully bumped revision number for resource 98d32718-d591-4630-9e62-b90e8441d140 (type: security_groups) to 1
2026-03-09 14:47:49.170 7 INFO neutron.db.ovn_revision_numbers_db [None req-6a45421e-f37f-4055-bb03-bd7f231101d2 036f591f836948ea92b774d98c609f1d 9e91c2219cf34c00a88d7d966489a684 - - default default] Successfully bumped revision number for resource 0f1a652f-66ab-4c05-87c5-079014f6da7f (type: security_group_rules) to 0
2026-03-09 14:47:49.195 7 INFO neutron.db.ovn_revision_numbers_db [None req-6a45421e-f37f-4055-bb03-bd7f231101d2 036f591f836948ea92b774d98c609f1d 9e91c2219cf34c00a88d7d966489a684 - - default default] Successfully bumped revision number for resource 216e5f44-724e-4c39-b650-e1ee7d1bef8e (type: security_group_rules) to 0
2026-03-09 14:47:49.220 7 INFO neutron.db.ovn_revision_numbers_db [None req-6a45421e-f37f-4055-bb03-bd7f231101d2 036f591f836948ea92b774d98c609f1d 9e91c2219cf34c00a88d7d966489a684 - - default default] Successfully bumped revision number for resource 3d6d1a31-0109-4b8d-8cb5-46cca30194cd (type: security_group_rules) to 0
2026-03-09 14:47:49.244 7 INFO neutron.db.ovn_revision_numbers_db [None req-6a45421e-f37f-4055-bb03-bd7f231101d2 036f591f836948ea92b774d98c609f1d 9e91c2219cf34c00a88d7d966489a684 - - default default] Successfully bumped revision number for resource bdc5e716-e245-42cc-9f98-dea87a19e4f8 (type: security_group_rules) to 0 [pid: 7|app: 0|req: 878/1667] 10.0.0.120 () {32 vars in 774 bytes} [Mon Mar 9 14:47:48 2026] GET /v2.0/security-groups?tenant_id=698940a618b3430db6be5914d36050b0&name=default => generated 2925 bytes in 419 msecs (HTTP/1.1 200) 4 headers in 158 bytes (1 switches on core 0) [pid: 8|app: 0|req: 790/1668] 10.0.0.120 () {32 vars in 740 bytes} [Mon Mar 9 14:47:48 2026] DELETE /v2.0/security-groups/c64585ff-7a74-48aa-ae77-3f846c8e1b6b => generated 0 bytes in 380 msecs (HTTP/1.1 204) 2 headers in 112 bytes (1 switches on core 0)
2026-03-09 14:47:49.504 7 INFO neutron_taas.services.taas.taas_plugin [None req-534cde9a-2b51-4386-bad9-42518b14282a a31a2fcbc65f462f8e28aba7224ddf74 d83545134be64869ba889c0f6c2bc5fe - - default default] TaaS: Handle Delete Port: 75efd58f-12ed-4ddc-9771-a0ce141f82ee
2026-03-09 14:47:49.510 7 INFO neutron_taas.services.taas.tap_mirror_plugin [None req-534cde9a-2b51-4386-bad9-42518b14282a a31a2fcbc65f462f8e28aba7224ddf74 d83545134be64869ba889c0f6c2bc5fe - - default default] Tap Mirror: Handle Delete Port: 75efd58f-12ed-4ddc-9771-a0ce141f82ee [pid: 8|app: 0|req: 791/1669] 10.0.0.120 () {32 vars in 740 bytes} [Mon Mar 9 14:47:49 2026] DELETE /v2.0/security-groups/98d32718-d591-4630-9e62-b90e8441d140 => generated 0 bytes in 315 msecs (HTTP/1.1 204) 2 headers in 112 bytes (1 switches on core 0) [pid: 7|app: 0|req: 879/1670] 10.0.0.120 () {32 vars in 720 bytes} [Mon Mar 9 14:47:49 2026] DELETE /v2.0/ports/75efd58f-12ed-4ddc-9771-a0ce141f82ee => generated 0 bytes in 388 msecs (HTTP/1.1 204) 3 headers in 131 bytes (1 switches on core 0)
2026-03-09 14:47:49.847 8 INFO neutron_taas.services.taas.taas_plugin [None req-a1e9a51f-7210-459d-8d6f-466e569dcf37 a31a2fcbc65f462f8e28aba7224ddf74 d83545134be64869ba889c0f6c2bc5fe - - default default] TaaS: Handle Delete Port: 63de63cb-8f6e-4efd-97ab-9cb119ef0f7b
2026-03-09 14:47:49.852 8 INFO neutron_taas.services.taas.tap_mirror_plugin [None req-a1e9a51f-7210-459d-8d6f-466e569dcf37 a31a2fcbc65f462f8e28aba7224ddf74 d83545134be64869ba889c0f6c2bc5fe - - default default] Tap Mirror: Handle Delete Port: 63de63cb-8f6e-4efd-97ab-9cb119ef0f7b
2026-03-09 14:47:50.045 7 INFO neutron.db.ovn_revision_numbers_db [None req-effab7a1-4d51-4a09-b5aa-c72dd327cf15 036f591f836948ea92b774d98c609f1d 9e91c2219cf34c00a88d7d966489a684 - - default default] Successfully bumped revision number for resource 3597483c-648d-4839-bb8d-f61c68e7ace5 (type: security_groups) to 1 [pid: 8|app: 0|req: 792/1671] 10.0.0.120 () {32 vars in 720 bytes} [Mon Mar 9 14:47:49 2026] DELETE /v2.0/ports/63de63cb-8f6e-4efd-97ab-9cb119ef0f7b => generated 0 bytes in 364 msecs (HTTP/1.1 204) 3 headers in 131 bytes (1 switches on core 0)
2026-03-09 14:47:50.083 7 INFO neutron.db.ovn_revision_numbers_db [None req-effab7a1-4d51-4a09-b5aa-c72dd327cf15 036f591f836948ea92b774d98c609f1d 9e91c2219cf34c00a88d7d966489a684 - - default default] Successfully bumped revision number for resource 11fd1ffe-5bc4-4049-b318-daf495caa4ec (type: security_group_rules) to 0
2026-03-09 14:47:50.101 7 INFO neutron.db.ovn_revision_numbers_db [None req-effab7a1-4d51-4a09-b5aa-c72dd327cf15 036f591f836948ea92b774d98c609f1d 9e91c2219cf34c00a88d7d966489a684 - - default default] Successfully bumped revision number for resource 9c54d365-2216-4f5d-96c0-cbcae94fdcd8 (type: security_group_rules) to 0
2026-03-09 14:47:50.117 7 INFO neutron.db.ovn_revision_numbers_db [None req-effab7a1-4d51-4a09-b5aa-c72dd327cf15 036f591f836948ea92b774d98c609f1d 9e91c2219cf34c00a88d7d966489a684 - - default default] Successfully bumped revision number for resource bc5d2795-6d85-41c4-b893-ba3f9c951a93 (type: security_group_rules) to 0
2026-03-09 14:47:50.145 7 INFO neutron.db.ovn_revision_numbers_db [None req-effab7a1-4d51-4a09-b5aa-c72dd327cf15 036f591f836948ea92b774d98c609f1d 9e91c2219cf34c00a88d7d966489a684 - - default default] Successfully bumped revision number for resource eab61d16-fa54-4e65-b6c0-818a99110f70 (type: security_group_rules) to 0 [pid: 7|app: 0|req: 880/1672] 10.0.0.120 () {32 vars in 774 bytes} [Mon Mar 9 14:47:49 2026] GET /v2.0/security-groups?tenant_id=fe09ebb8c5484d60b5b03ab6e056d02d&name=default => generated 2925 bytes in 352 msecs (HTTP/1.1 200) 4 headers in 158 bytes (1 switches on core 0)
2026-03-09 14:47:50.192 8 INFO neutron_taas.services.taas.taas_plugin [None req-e40c4fe9-fa92-41b0-acde-961e6d02cde4 a31a2fcbc65f462f8e28aba7224ddf74 d83545134be64869ba889c0f6c2bc5fe - - default default] TaaS: Handle Delete Port: c07e68bf-f2f7-4cb5-9183-e3e93227125b
2026-03-09 14:47:50.197 8 INFO neutron_taas.services.taas.tap_mirror_plugin [None req-e40c4fe9-fa92-41b0-acde-961e6d02cde4 a31a2fcbc65f462f8e28aba7224ddf74 d83545134be64869ba889c0f6c2bc5fe - - default default] Tap Mirror: Handle Delete Port: c07e68bf-f2f7-4cb5-9183-e3e93227125b [pid: 8|app: 0|req: 793/1675] 10.0.0.120 () {32 vars in 720 bytes} [Mon Mar 9 14:47:50 2026] DELETE /v2.0/ports/c07e68bf-f2f7-4cb5-9183-e3e93227125b => generated 0 bytes in 283 msecs (HTTP/1.1 204) 3 headers in 131 bytes (1 switches on core 0) [pid: 7|app: 0|req: 883/1676] 10.0.0.120 () {32 vars in 740 bytes} [Mon Mar 9 14:47:50 2026] DELETE /v2.0/security-groups/3597483c-648d-4839-bb8d-f61c68e7ace5 => generated 0 bytes in 346 msecs (HTTP/1.1 204) 2 headers in 112 bytes (1 switches on core 0)
2026-03-09 14:47:50.538 8 INFO neutron_taas.services.taas.taas_plugin [None req-1427336c-1a76-4f68-9bb3-7370f1fd1e5b a31a2fcbc65f462f8e28aba7224ddf74 d83545134be64869ba889c0f6c2bc5fe - - default default] TaaS: Handle Delete Port: 78dcc87c-26a0-4af9-8b15-5a0b871f1902
2026-03-09 14:47:50.541 8 INFO neutron_taas.services.taas.tap_mirror_plugin [None req-1427336c-1a76-4f68-9bb3-7370f1fd1e5b a31a2fcbc65f462f8e28aba7224ddf74 d83545134be64869ba889c0f6c2bc5fe - - default default] Tap Mirror: Handle Delete Port: 78dcc87c-26a0-4af9-8b15-5a0b871f1902
2026-03-09 14:47:50.737 8 INFO neutron.services.segments.plugin [-] Segment 47e4091c-f7f2-4082-ad8e-f1345e7e4a6b resource provider aggregate not found
2026-03-09 14:47:50.741 8 INFO neutron.services.segments.plugin [-] Segment 47e4091c-f7f2-4082-ad8e-f1345e7e4a6b resource provider aggregate not found
2026-03-09 14:47:50.757 8 INFO neutron.services.segments.plugin [-] Segment 47e4091c-f7f2-4082-ad8e-f1345e7e4a6b resource provider not found; error: Placement Client Error (4xx): {"errors": [{"status": 404, "title": "Not Found", "detail": "The resource could not be found.\n\n No resource provider with uuid 47e4091c-f7f2-4082-ad8e-f1345e7e4a6b found for delete ", "request_id": "req-37606925-f854-4557-a445-21130fa621a0"}]}
2026-03-09 14:47:50.778 8 INFO neutron.services.segments.plugin [-] Segment 47e4091c-f7f2-4082-ad8e-f1345e7e4a6b resource provider not found; error: Placement Client Error (4xx): {"errors": [{"status": 404, "title": "Not Found", "detail": "The resource could not be found.\n\n No resource provider with uuid 47e4091c-f7f2-4082-ad8e-f1345e7e4a6b found for delete ", "request_id": "req-4d2e6de3-b667-45ec-9d9c-48ebeae34764"}]} [pid: 8|app: 0|req: 794/1677] 10.0.0.120 () {32 vars in 726 bytes} [Mon Mar 9 14:47:50 2026] DELETE /v2.0/networks/9ea327f3-b7b7-453b-b314-bde18322ebed => generated 0 bytes in 451 msecs (HTTP/1.1 204) 3 headers in 131 bytes (1 switches on core 0)
2026-03-09 14:47:50.941 7 INFO neutron_taas.services.taas.taas_plugin [None req-49de49dc-0baf-42c5-aee5-77149f74661f a31a2fcbc65f462f8e28aba7224ddf74 d83545134be64869ba889c0f6c2bc5fe - - default default] TaaS: Handle Delete Port: 088e6db4-5e2b-4023-bb2e-51e5783deefb
2026-03-09 14:47:50.943 7 INFO neutron_taas.services.taas.tap_mirror_plugin [None req-49de49dc-0baf-42c5-aee5-77149f74661f a31a2fcbc65f462f8e28aba7224ddf74 d83545134be64869ba889c0f6c2bc5fe - - default default] Tap Mirror: Handle Delete Port: 088e6db4-5e2b-4023-bb2e-51e5783deefb
2026-03-09 14:47:51.124 7 INFO neutron.services.segments.plugin [-] Segment fa8cce9b-3cc4-472b-af24-f81f61e20850 resource provider aggregate not found
2026-03-09 14:47:51.133 7 INFO neutron.services.segments.plugin [-] Segment fa8cce9b-3cc4-472b-af24-f81f61e20850 resource provider aggregate not found
2026-03-09 14:47:51.140 7 INFO neutron.services.segments.plugin [-] Segment fa8cce9b-3cc4-472b-af24-f81f61e20850 resource provider not found; error: Placement Client Error (4xx): {"errors": [{"status": 404, "title": "Not Found", "detail": "The resource could not be found.\n\n No resource provider with uuid fa8cce9b-3cc4-472b-af24-f81f61e20850 found for delete ", "request_id": "req-dcd39a75-7705-4197-9adf-4dcdb3e9a6b0"}]}
2026-03-09 14:47:51.166 7 INFO neutron.services.segments.plugin [-] Segment fa8cce9b-3cc4-472b-af24-f81f61e20850 resource provider not found; error: Placement Client Error (4xx): {"errors": [{"status": 404, "title": "Not Found", "detail": "The resource could not be found.\n\n No resource provider with uuid fa8cce9b-3cc4-472b-af24-f81f61e20850 found for delete ", "request_id": "req-26d13958-6601-412e-9e53-702f5c9259f2"}]} [pid: 7|app: 0|req: 884/1678] 10.0.0.120 () {32 vars in 726 bytes} [Mon Mar 9 14:47:50 2026] DELETE /v2.0/networks/b372ee39-8606-46da-8277-64faba3db82e => generated 0 bytes in 371 msecs (HTTP/1.1 204) 3 headers in 131 bytes (1 switches on core 0)
2026-03-09 14:47:51.295 8 INFO neutron_taas.services.taas.taas_plugin [None req-e6740a0e-bc82-412a-87a6-e40ed4d3db37 a31a2fcbc65f462f8e28aba7224ddf74 d83545134be64869ba889c0f6c2bc5fe - - default default] TaaS: Handle Delete Port: fcdc916e-cd52-435e-b492-fc7a6b71e722
2026-03-09 14:47:51.302 8 INFO neutron_taas.services.taas.tap_mirror_plugin [None req-e6740a0e-bc82-412a-87a6-e40ed4d3db37 a31a2fcbc65f462f8e28aba7224ddf74 d83545134be64869ba889c0f6c2bc5fe - - default default] Tap Mirror: Handle Delete Port: fcdc916e-cd52-435e-b492-fc7a6b71e722 [pid: 8|app: 0|req: 795/1679] 10.0.0.120 () {32 vars in 726 bytes} [Mon Mar 9 14:47:51 2026] DELETE /v2.0/networks/8f4c8f90-3a73-4b5a-a586-bc037f421d65 => generated 0 bytes in 348 msecs (HTTP/1.1 204) 3 headers in 131 bytes (1 switches on core 0)
2026-03-09 14:47:51.662 7 INFO neutron.db.ovn_revision_numbers_db [None req-21e064b8-7d1e-48cd-a23f-421c43e318c5 ac8660e7877c48c0896a63170d3781a9 cda3042522084e6daa40800c8acba978 - - default default] Successfully bumped revision number for resource 1826bc65-ef86-4dd7-9a00-d44be900c4f5 (type: security_groups) to 1
2026-03-09 14:47:51.672 7 INFO neutron.db.ovn_revision_numbers_db [None req-21e064b8-7d1e-48cd-a23f-421c43e318c5 ac8660e7877c48c0896a63170d3781a9 cda3042522084e6daa40800c8acba978 - - default default] Successfully bumped revision number for resource 2c36b6ed-2c10-4d62-b7b4-15bdae127b85 (type: security_group_rules) to 0
2026-03-09 14:47:51.685 7 INFO neutron.db.ovn_revision_numbers_db [None req-21e064b8-7d1e-48cd-a23f-421c43e318c5 ac8660e7877c48c0896a63170d3781a9 cda3042522084e6daa40800c8acba978 - - default default] Successfully bumped revision number for resource 555ed16d-b8c7-43b7-8836-be66be30d3f2 (type: security_group_rules) to 0
2026-03-09 14:47:51.701 7 INFO neutron.db.ovn_revision_numbers_db [None req-21e064b8-7d1e-48cd-a23f-421c43e318c5 ac8660e7877c48c0896a63170d3781a9 cda3042522084e6daa40800c8acba978 - - default default] Successfully bumped revision number for resource 764d4b75-40aa-4733-aeee-224165b66a7b (type: security_group_rules) to 0
2026-03-09 14:47:51.717 7 INFO neutron.db.ovn_revision_numbers_db [None req-21e064b8-7d1e-48cd-a23f-421c43e318c5 ac8660e7877c48c0896a63170d3781a9 cda3042522084e6daa40800c8acba978 - - default default] Successfully bumped revision number for resource bf64103c-2413-4091-b2ea-17dcb03edd9a (type: security_group_rules) to 0
2026-03-09 14:47:51.720 8 INFO neutron_taas.services.taas.taas_plugin [None req-ba582800-55e0-489e-8974-2e71b4666fa3 a31a2fcbc65f462f8e28aba7224ddf74 d83545134be64869ba889c0f6c2bc5fe - - default default] TaaS: Handle Delete Port: f19e53d6-4d60-4452-acd6-07de18d39362
2026-03-09 14:47:51.723 8 INFO neutron_taas.services.taas.tap_mirror_plugin [None req-ba582800-55e0-489e-8974-2e71b4666fa3 a31a2fcbc65f462f8e28aba7224ddf74 d83545134be64869ba889c0f6c2bc5fe - - default default] Tap Mirror: Handle Delete Port: f19e53d6-4d60-4452-acd6-07de18d39362
2026-03-09 14:47:51.800 7 INFO neutron.db.segments_db [None req-21e064b8-7d1e-48cd-a23f-421c43e318c5 ac8660e7877c48c0896a63170d3781a9 cda3042522084e6daa40800c8acba978 - - default default] Added segment 5d1e1003-2f47-4049-8c06-a1dc1395fb3e of type geneve for network 2060607d-abd7-47da-85b0-34532488104e [pid: 8|app: 0|req: 796/1680] 10.0.0.120 () {32 vars in 726 bytes} [Mon Mar 9 14:47:51 2026] DELETE /v2.0/networks/f523158f-c85e-4e79-ad81-74f9fbacb244 => generated 0 bytes in 422 msecs (HTTP/1.1 204) 3 headers in 131 bytes (1 switches on core 0)
2026-03-09 14:47:52.002 7 INFO neutron.db.ovn_revision_numbers_db [None req-21e064b8-7d1e-48cd-a23f-421c43e318c5 ac8660e7877c48c0896a63170d3781a9 cda3042522084e6daa40800c8acba978 - - default default] Successfully bumped revision number for resource 2060607d-abd7-47da-85b0-34532488104e (type: networks) to 1
2026-03-09 14:47:52.117 8 INFO neutron_taas.services.taas.taas_plugin [None req-61c422eb-6bf1-4bee-8db9-2e7fa57c4a20 a31a2fcbc65f462f8e28aba7224ddf74 d83545134be64869ba889c0f6c2bc5fe - - default default] TaaS: Handle Delete Port: 6de69ec2-90bd-435b-9498-217906bf8c27
2026-03-09 14:47:52.122 8 INFO neutron_taas.services.taas.tap_mirror_plugin [None req-61c422eb-6bf1-4bee-8db9-2e7fa57c4a20 a31a2fcbc65f462f8e28aba7224ddf74 d83545134be64869ba889c0f6c2bc5fe - - default default] Tap Mirror: Handle Delete Port: 6de69ec2-90bd-435b-9498-217906bf8c27
2026-03-09 14:47:52.180 7 WARNING neutron.scheduler.dhcp_agent_scheduler [None req-21e064b8-7d1e-48cd-a23f-421c43e318c5 ac8660e7877c48c0896a63170d3781a9 cda3042522084e6daa40800c8acba978 - - default default] No more DHCP agents
2026-03-09 14:47:52.183 7 WARNING neutron.api.rpc.agentnotifiers.dhcp_rpc_agent_api [None req-21e064b8-7d1e-48cd-a23f-421c43e318c5 ac8660e7877c48c0896a63170d3781a9 cda3042522084e6daa40800c8acba978 - - default default] Unable to schedule network 2060607d-abd7-47da-85b0-34532488104e: no agents available; will retry on subsequent port and subnet creation events.
2026-03-09 14:47:52.276 8 INFO neutron.plugins.ml2.drivers.ovn.mech_driver.mech_driver [None req-515178ef-b58e-4289-8044-c1dd6ceb1383 - - - - - -] OVN reports status down for port: 5cd296ef-61b1-4308-8ee2-0052016e1e6b
2026-03-09 14:47:52.314 7 INFO neutron.db.ovn_revision_numbers_db [None req-21e064b8-7d1e-48cd-a23f-421c43e318c5 ac8660e7877c48c0896a63170d3781a9 cda3042522084e6daa40800c8acba978 - - default default] Successfully bumped revision number for resource 5cd296ef-61b1-4308-8ee2-0052016e1e6b (type: ports) to 1 [pid: 7|app: 0|req: 885/1681] 10.0.0.120 () {34 vars in 670 bytes} [Mon Mar 9 14:47:51 2026] POST /v2.0/networks => generated 664 bytes in 1011 msecs (HTTP/1.1 201) 4 headers in 162 bytes (1 switches on core 0) [pid: 8|app: 0|req: 797/1682] 10.0.0.120 () {32 vars in 726 bytes} [Mon Mar 9 14:47:51 2026] DELETE /v2.0/networks/931fd5a5-237a-4af2-aefc-f7e280e7038c => generated 0 bytes in 483 msecs (HTTP/1.1 204) 3 headers in 131 bytes (1 switches on core 0)
2026-03-09 14:47:52.559 7 WARNING neutron.scheduler.dhcp_agent_scheduler [None req-8b904062-68bf-452d-8d84-87a8d9b1a526 ac8660e7877c48c0896a63170d3781a9 cda3042522084e6daa40800c8acba978 - - default default] No more DHCP agents
2026-03-09 14:47:52.561 7 WARNING neutron.api.rpc.agentnotifiers.dhcp_rpc_agent_api [None req-8b904062-68bf-452d-8d84-87a8d9b1a526 ac8660e7877c48c0896a63170d3781a9 cda3042522084e6daa40800c8acba978 - - default default] Unable to schedule network 2060607d-abd7-47da-85b0-34532488104e: no agents available; will retry on subsequent port and subnet creation events.
2026-03-09 14:47:52.630 8 INFO neutron.plugins.ml2.drivers.ovn.mech_driver.mech_driver [None req-515178ef-b58e-4289-8044-c1dd6ceb1383 - - - - - -] OVN reports status down for port: 183a8775-0866-4ace-8844-610a1a489671
2026-03-09 14:47:52.680 7 INFO neutron.db.ovn_revision_numbers_db [None req-8b904062-68bf-452d-8d84-87a8d9b1a526 ac8660e7877c48c0896a63170d3781a9 cda3042522084e6daa40800c8acba978 - - default default] Successfully bumped revision number for resource 183a8775-0866-4ace-8844-610a1a489671 (type: ports) to 1 [pid: 7|app: 0|req: 886/1683] 10.0.0.120 () {34 vars in 665 bytes} [Mon Mar 9 14:47:52 2026] POST /v2.0/ports => generated 774 bytes in 393 msecs (HTTP/1.1 201) 4 headers in 162 bytes (1 switches on core 0)
2026-03-09 14:47:52.783 8 INFO neutron.services.segments.plugin [-] Segment 60368df3-9a7c-4155-8616-f78bc3b36927 resource provider aggregate not found
2026-03-09 14:47:52.806 8 INFO neutron.services.segments.plugin [-] Segment 60368df3-9a7c-4155-8616-f78bc3b36927 resource provider aggregate not found
2026-03-09 14:47:52.808 8 INFO neutron.services.segments.plugin [-] Segment 60368df3-9a7c-4155-8616-f78bc3b36927 resource provider not found; error: Placement Client Error (4xx): {"errors": [{"status": 404, "title": "Not Found", "detail": "The resource could not be found.\n\n No resource provider with uuid 60368df3-9a7c-4155-8616-f78bc3b36927 found for delete ", "request_id": "req-461f55f3-fe7a-4db7-b813-ab227da8982f"}]}
2026-03-09 14:47:52.830 8 INFO neutron.services.segments.plugin [-] Segment 60368df3-9a7c-4155-8616-f78bc3b36927 resource provider not found; error: Placement Client Error (4xx): {"errors": [{"status": 404, "title": "Not Found", "detail": "The resource could not be found.\n\n No resource provider with uuid 60368df3-9a7c-4155-8616-f78bc3b36927 found for delete ", "request_id": "req-af97503d-6f7c-4f6c-99f2-0a5bff68b372"}]}
2026-03-09 14:47:52.837 8 INFO neutron.services.segments.plugin [-] Segment 51fe3749-d71f-4120-bc8f-a934076c3eb7 resource provider aggregate not found
2026-03-09 14:47:52.851 8 INFO neutron.services.segments.plugin [-] Segment 51fe3749-d71f-4120-bc8f-a934076c3eb7 resource provider not found; error: Placement Client Error (4xx): {"errors": [{"status": 404, "title": "Not Found", "detail": "The resource could not be found.\n\n No resource provider with uuid 51fe3749-d71f-4120-bc8f-a934076c3eb7 found for delete ", "request_id": "req-a86c0bbe-464a-440f-9537-fb3b805f18b7"}]}
2026-03-09 14:47:52.851 8 INFO neutron.services.segments.plugin [-] Segment 51fe3749-d71f-4120-bc8f-a934076c3eb7 resource provider aggregate not found
2026-03-09 14:47:52.871 8 INFO neutron.services.segments.plugin [-] Segment e4e13580-e77b-4ce0-ab06-a3d2886a33a7 resource provider aggregate not found
2026-03-09 14:47:52.874 8 INFO neutron.db.segments_db [None req-ba91f8d1-ba59-4640-844a-1f47fb0d38a3 ac8660e7877c48c0896a63170d3781a9 cda3042522084e6daa40800c8acba978 - - default default] Added segment 7d9e6a82-77db-4685-af39-8f324c3a1fd8 of type geneve for network 79ebbc48-ddcd-4eec-b640-6b04f411dc5d
2026-03-09 14:47:52.877 8 INFO neutron.services.segments.plugin [-] Segment 51fe3749-d71f-4120-bc8f-a934076c3eb7 resource provider not found; error: Placement Client Error (4xx): {"errors": [{"status": 404, "title": "Not Found", "detail": "The resource could not be found.\n\n No resource provider with uuid 51fe3749-d71f-4120-bc8f-a934076c3eb7 found for delete ", "request_id": "req-73627a73-086a-4cdb-82c3-feadf1421507"}]}
2026-03-09 14:47:52.891 8 INFO neutron.services.segments.plugin [-] Segment e4e13580-e77b-4ce0-ab06-a3d2886a33a7 resource provider not found; error: Placement Client Error (4xx): {"errors": [{"status": 404, "title": "Not Found", "detail": "The resource could not be found.\n\n No resource provider with uuid e4e13580-e77b-4ce0-ab06-a3d2886a33a7 found for delete ", "request_id": "req-da5fc88f-691e-44f2-bcd9-202a967919a9"}]}
2026-03-09 14:47:52.895 8 INFO neutron.services.segments.plugin [-] Segment e4e13580-e77b-4ce0-ab06-a3d2886a33a7 resource provider aggregate not found
2026-03-09 14:47:52.917 8 INFO neutron.services.segments.plugin [-] Segment e4e13580-e77b-4ce0-ab06-a3d2886a33a7 resource provider not found; error: Placement Client Error (4xx): {"errors": [{"status": 404, "title": "Not Found", "detail": "The resource could not be found.\n\n No resource provider with uuid e4e13580-e77b-4ce0-ab06-a3d2886a33a7 found for delete ", "request_id": "req-13239857-216b-48e7-9f4f-838ed6866c27"}]}
2026-03-09 14:47:53.000 8 INFO neutron.db.ovn_revision_numbers_db [None req-ba91f8d1-ba59-4640-844a-1f47fb0d38a3 ac8660e7877c48c0896a63170d3781a9 cda3042522084e6daa40800c8acba978 - - default default] Successfully bumped revision number for resource 79ebbc48-ddcd-4eec-b640-6b04f411dc5d (type: networks) to 1 /var/lib/openstack/lib/python3.12/site-packages/pycadf/identifier.py:70: UserWarning: Invalid uuid: neutron. To ensure interoperability, identifiers should be a valid uuid. warnings.warn(('Invalid uuid: %s. To ensure interoperability, '
2026-03-09 14:47:53.159 8 WARNING neutron.scheduler.dhcp_agent_scheduler [None req-ba91f8d1-ba59-4640-844a-1f47fb0d38a3 ac8660e7877c48c0896a63170d3781a9 cda3042522084e6daa40800c8acba978 - - default default] No more DHCP agents
2026-03-09 14:47:53.163 8 WARNING neutron.api.rpc.agentnotifiers.dhcp_rpc_agent_api [None req-ba91f8d1-ba59-4640-844a-1f47fb0d38a3 ac8660e7877c48c0896a63170d3781a9 cda3042522084e6daa40800c8acba978 - - default default] Unable to schedule network 79ebbc48-ddcd-4eec-b640-6b04f411dc5d: no agents available; will retry on subsequent port and subnet creation events.
2026-03-09 14:47:53.222 7 INFO neutron.db.ovn_revision_numbers_db [None req-7fcd1548-2441-4272-82f2-6d2173def95a 036f591f836948ea92b774d98c609f1d 9e91c2219cf34c00a88d7d966489a684 - - default default] Successfully bumped revision number for resource db9dce6d-8db3-4209-ab24-a75069f5b9c4 (type: security_groups) to 1
2026-03-09 14:47:53.235 7 INFO neutron.db.ovn_revision_numbers_db [None req-7fcd1548-2441-4272-82f2-6d2173def95a 036f591f836948ea92b774d98c609f1d 9e91c2219cf34c00a88d7d966489a684 - - default default] Successfully bumped revision number for resource 033026b0-01d1-4015-a6ae-f5ac9af8c40e (type: security_group_rules) to 0
2026-03-09 14:47:53.258 7 INFO neutron.db.ovn_revision_numbers_db [None req-7fcd1548-2441-4272-82f2-6d2173def95a 036f591f836948ea92b774d98c609f1d 9e91c2219cf34c00a88d7d966489a684 - - default default] Successfully bumped revision number for resource 3533631d-2962-494e-b673-d5295f0a4937 (type: security_group_rules) to 0
2026-03-09 14:47:53.280 7 INFO neutron.db.ovn_revision_numbers_db [None req-7fcd1548-2441-4272-82f2-6d2173def95a 036f591f836948ea92b774d98c609f1d 9e91c2219cf34c00a88d7d966489a684 - - default default] Successfully bumped revision number for resource 5fc82f1f-745b-493d-b764-f6894c28a573 (type: security_group_rules) to 0
2026-03-09 14:47:53.282 8 INFO neutron.plugins.ml2.drivers.ovn.mech_driver.mech_driver [None req-515178ef-b58e-4289-8044-c1dd6ceb1383 - - - - - -] OVN reports status down for port: 8f99bcb5-d4ed-41ff-9cc5-55be28615152
2026-03-09 14:47:53.292 7 INFO neutron.db.ovn_revision_numbers_db [None req-7fcd1548-2441-4272-82f2-6d2173def95a 036f591f836948ea92b774d98c609f1d 9e91c2219cf34c00a88d7d966489a684 - - default default] Successfully bumped revision number for resource d4a10dcd-db95-44ea-b06b-260bbc698dff (type: security_group_rules) to 0 [pid: 7|app: 0|req: 887/1684] 10.0.0.120 () {32 vars in 774 bytes} [Mon Mar 9 14:47:52 2026] GET /v2.0/security-groups?tenant_id=f42dce7f3f614b66ab5bc83e9581a1fe&name=default => generated 2925 bytes in 482 msecs (HTTP/1.1 200) 4 headers in 158 bytes (1 switches on core 0)
2026-03-09 14:47:53.346 8 INFO neutron.db.ovn_revision_numbers_db [None req-ba91f8d1-ba59-4640-844a-1f47fb0d38a3 ac8660e7877c48c0896a63170d3781a9 cda3042522084e6daa40800c8acba978 - - default default] Successfully bumped revision number for resource 8f99bcb5-d4ed-41ff-9cc5-55be28615152 (type: ports) to 1 [pid: 8|app: 0|req: 798/1685] 10.0.0.120 () {34 vars in 670 bytes} [Mon Mar 9 14:47:52 2026] POST /v2.0/networks => generated 651 bytes in 640 msecs (HTTP/1.1 201) 4 headers in 162 bytes (1 switches on core 0) [pid: 7|app: 0|req: 888/1686] 10.0.0.120 () {32 vars in 774 bytes} [Mon Mar 9 14:47:53 2026] GET /v2.0/security-groups?tenant_id=d83545134be64869ba889c0f6c2bc5fe&name=default => generated 2925 bytes in 173 msecs (HTTP/1.1 200) 4 headers in 158 bytes (1 switches on core 0) [pid: 8|app: 0|req: 799/1687] 10.0.0.120 () {32 vars in 740 bytes} [Mon Mar 9 14:47:53 2026] DELETE /v2.0/security-groups/db9dce6d-8db3-4209-ab24-a75069f5b9c4 => generated 0 bytes in 285 msecs (HTTP/1.1 204) 2 headers in 112 bytes (1 switches on core 0)
2026-03-09 14:47:53.729 7 WARNING neutron.scheduler.dhcp_agent_scheduler [None req-067f7975-6d58-4519-8df6-541a8db9c943 ac8660e7877c48c0896a63170d3781a9 cda3042522084e6daa40800c8acba978 - - default default] No more DHCP agents
2026-03-09 14:47:53.730 7 WARNING neutron.api.rpc.agentnotifiers.dhcp_rpc_agent_api [None req-067f7975-6d58-4519-8df6-541a8db9c943 ac8660e7877c48c0896a63170d3781a9 cda3042522084e6daa40800c8acba978 - - default default] Unable to schedule network 79ebbc48-ddcd-4eec-b640-6b04f411dc5d: no agents available; will retry on subsequent port and subnet creation events. [pid: 8|app: 0|req: 800/1688] 10.0.0.120 () {32 vars in 740 bytes} [Mon Mar 9 14:47:53 2026] DELETE /v2.0/security-groups/eddc7dcf-664f-44b7-a05b-3ce658f9f723 => generated 0 bytes in 290 msecs (HTTP/1.1 204) 2 headers in 112 bytes (1 switches on core 0)
2026-03-09 14:47:54.110 8 INFO neutron.db.ovn_revision_numbers_db [None req-59bfb6cb-c90c-41b9-86e8-752953130640 036f591f836948ea92b774d98c609f1d 9e91c2219cf34c00a88d7d966489a684 - - default default] Successfully bumped revision number for resource 218bb0b5-89f2-4aa9-9858-6a39adf815f8 (type: security_groups) to 1
