2026-05-21 21:03:14.292 10 INFO neutron.plugins.ml2.plugin [None req-12ac4b93-0844-4f0b-8305-b9b5cd030cf4 - - - - - -] Attempt 1 to provision port 613f2ac2-bd69-49c9-a206-df2f54724f82
2026-05-21 21:03:14.616 9 INFO neutron.plugins.ml2.plugin [None req-fd050755-81a3-4a04-b1ab-14d6c458b134 - - - - - -] Attempt 1 to provision port 1ad2e4ca-0ce9-4fe9-ae3d-b2e1ac2b159d
2026-05-21 21:03:15.189 9 INFO neutron.plugins.ml2.plugin [None req-fd050755-81a3-4a04-b1ab-14d6c458b134 - - - - - -] Attempt 1 to provision port 0935f432-af05-45b7-abac-16a8b348ad0c
2026-05-21 21:03:16.641 10 INFO neutron.plugins.ml2.plugin [None req-fd050755-81a3-4a04-b1ab-14d6c458b134 - - - - - -] Attempt 1 to provision port 86953734-ea24-4604-aec1-16a0c05cb083
2026-05-21 21:03:17.077 10 INFO neutron.plugins.ml2.plugin [None req-fd050755-81a3-4a04-b1ab-14d6c458b134 - - - - - -] Attempt 1 to provision port 1ad2e4ca-0ce9-4fe9-ae3d-b2e1ac2b159d
2026-05-21 21:03:17.406 10 INFO neutron.plugins.ml2.plugin [None req-fd050755-81a3-4a04-b1ab-14d6c458b134 - - - - - -] Attempt 1 to provision port d91d02f4-ddf7-4352-b2eb-9ba4b3a5b7a5
2026-05-21 21:03:18.720 9 INFO neutron.plugins.ml2.plugin [None req-fd050755-81a3-4a04-b1ab-14d6c458b134 - - - - - -] Attempt 1 to provision port d91d02f4-ddf7-4352-b2eb-9ba4b3a5b7a5
2026-05-21 21:03:19.024 9 INFO neutron.plugins.ml2.plugin [None req-fd050755-81a3-4a04-b1ab-14d6c458b134 - - - - - -] Attempt 1 to provision port 86953734-ea24-4604-aec1-16a0c05cb083
2026-05-21 21:03:20.562 10 INFO neutron.notifiers.nova [-] Nova event matching ['req-ad7ca64e-6515-46eb-a99e-a19161c0a806'] response: {'server_uuid': '33ac3d1d-4afb-49c1-a241-27e4b3904c8d', 'name': 'network-vif-unplugged', 'status': 'completed', 'tag': '7156345f-8937-4eb3-b8ef-85718bbf3f1e', 'code': 200}
2026-05-21 21:03:21.369 10 INFO neutron.plugins.ml2.plugin [None req-fd050755-81a3-4a04-b1ab-14d6c458b134 - - - - - -] Attempt 1 to provision port 7156345f-8937-4eb3-b8ef-85718bbf3f1e
2026-05-21 21:03:22.487 9 INFO neutron.plugins.ml2.plugin [None req-fd050755-81a3-4a04-b1ab-14d6c458b134 - - - - - -] Attempt 1 to provision port 7156345f-8937-4eb3-b8ef-85718bbf3f1e
2026-05-21 21:03:22.620 10 INFO neutron.notifiers.nova [-] Nova event matching ['req-9327f73d-637d-423e-b2d9-7404b7e75e91'] response: {'server_uuid': '33ac3d1d-4afb-49c1-a241-27e4b3904c8d', 'name': 'network-vif-plugged', 'status': 'completed', 'tag': '7156345f-8937-4eb3-b8ef-85718bbf3f1e', 'code': 200}
2026-05-21 21:03:29.777 10 INFO neutron.plugins.ml2.plugin [None req-e4e703d2-e5c5-4936-826f-45a337e1fc90 - - - - - -] Attempt 1 to provision port b100bf00-bc5c-4489-b765-c33c3b64d86f
2026-05-21 21:03:32.671 10 INFO neutron.plugins.ml2.plugin [None req-fd050755-81a3-4a04-b1ab-14d6c458b134 - - - - - -] Attempt 1 to provision port f202607f-0d75-4235-8905-d726a938b503
2026-05-21 21:03:33.516 10 INFO neutron.plugins.ml2.plugin [None req-fd050755-81a3-4a04-b1ab-14d6c458b134 - - - - - -] Attempt 1 to provision port b100bf00-bc5c-4489-b765-c33c3b64d86f
2026-05-21 21:03:33.804 10 INFO neutron.notifiers.nova [-] Nova event matching ['req-7f7e1495-d465-4ea9-831f-b06d2573ed2b'] response: {'server_uuid': '04297176-67c6-4c88-9cd8-5c72e921eb4d', 'name': 'network-vif-plugged', 'status': 'completed', 'tag': 'b100bf00-bc5c-4489-b765-c33c3b64d86f', 'code': 200}
2026-05-21 21:03:34.317 10 INFO neutron.plugins.ml2.plugin [None req-fd050755-81a3-4a04-b1ab-14d6c458b134 - - - - - -] Attempt 1 to provision port 613f2ac2-bd69-49c9-a206-df2f54724f82
2026-05-21 21:03:35.020 9 INFO neutron.plugins.ml2.plugin [None req-fd050755-81a3-4a04-b1ab-14d6c458b134 - - - - - -] Attempt 1 to provision port f202607f-0d75-4235-8905-d726a938b503
2026-05-21 21:03:35.254 9 INFO neutron.plugins.ml2.plugin [None req-fd050755-81a3-4a04-b1ab-14d6c458b134 - - - - - -] Attempt 1 to provision port b100bf00-bc5c-4489-b765-c33c3b64d86f
2026-05-21 21:03:35.585 9 INFO neutron.plugins.ml2.plugin [None req-fd050755-81a3-4a04-b1ab-14d6c458b134 - - - - - -] Attempt 1 to provision port 613f2ac2-bd69-49c9-a206-df2f54724f82
2026-05-21 21:03:39.394 10 INFO neutron.notifiers.nova [-] Nova event matching ['req-ceb8d116-572b-4040-a310-cc32d1acea7e'] response: {'server_uuid': '33ac3d1d-4afb-49c1-a241-27e4b3904c8d', 'name': 'network-vif-unplugged', 'status': 'completed', 'tag': '7156345f-8937-4eb3-b8ef-85718bbf3f1e', 'code': 200}
2026-05-21 21:03:42.441 10 INFO neutron.plugins.ml2.plugin [None req-47ad5123-72fb-4893-b6c3-fa03d110b549 - - - - - -] Attempt 1 to provision port dfe14303-76f6-41b8-94f4-917c12ebeec9
2026-05-21 21:03:42.956 9 INFO neutron.plugins.ml2.plugin [None req-fd050755-81a3-4a04-b1ab-14d6c458b134 - - - - - -] Attempt 1 to provision port df778a5a-9901-49e7-b6a1-28fbec00cfc8
2026-05-21 21:03:44.785 10 INFO neutron.plugins.ml2.plugin [None req-49974ee9-f4b6-478b-9b05-904d4f2132ac - - - - - -] Attempt 1 to provision port 31457aa6-06af-4c9a-b8c5-00bb290de32e
2026-05-21 21:03:45.121 9 INFO neutron.plugins.ml2.plugin [None req-fd050755-81a3-4a04-b1ab-14d6c458b134 - - - - - -] Attempt 1 to provision port 31457aa6-06af-4c9a-b8c5-00bb290de32e
2026-05-21 21:03:47.331 9 INFO neutron.plugins.ml2.plugin [None req-fd050755-81a3-4a04-b1ab-14d6c458b134 - - - - - -] Attempt 1 to provision port ee64f5a9-e50e-42e8-a511-e0aaf9f31966
2026-05-21 21:03:47.574 9 INFO neutron.plugins.ml2.plugin [None req-47938898-d6e8-438e-9d02-e6c987520e89 - - - - - -] Attempt 1 to provision port ee64f5a9-e50e-42e8-a511-e0aaf9f31966
2026-05-21 21:03:47.873 9 INFO neutron.plugins.ml2.plugin [None req-fd050755-81a3-4a04-b1ab-14d6c458b134 - - - - - -] Attempt 1 to provision port 31457aa6-06af-4c9a-b8c5-00bb290de32e /var/lib/openstack/lib/python3.10/site-packages/oslo_db/sqlalchemy/enginefacade.py:664: SAWarning: DELETE statement on table 'portsecuritybindings' expected to delete 1 row(s); 0 were matched. Please set confirm_deleted_rows=False within the mapper configuration to prevent this warning. self.session.flush() /var/lib/openstack/lib/python3.10/site-packages/oslo_db/sqlalchemy/enginefacade.py:664: SAWarning: DELETE statement on table 'ml2_port_bindings' expected to delete 1 row(s); 0 were matched. Please set confirm_deleted_rows=False within the mapper configuration to prevent this warning. self.session.flush() /var/lib/openstack/lib/python3.10/site-packages/oslo_db/sqlalchemy/enginefacade.py:664: SAWarning: DELETE statement on table 'ml2_port_binding_levels' expected to delete 1 row(s); 0 were matched. Please set confirm_deleted_rows=False within the mapper configuration to prevent this warning. self.session.flush() /var/lib/openstack/lib/python3.10/site-packages/oslo_db/sqlalchemy/enginefacade.py:664: SAWarning: DELETE statement on table 'ports' expected to delete 1 row(s); 0 were matched. Please set confirm_deleted_rows=False within the mapper configuration to prevent this warning. self.session.flush()
2026-05-21 21:03:53.244 9 INFO neutron.plugins.ml2.plugin [None req-38a12097-2baa-4363-9697-d2d5778be610 - - - - - -] Attempt 1 to provision port d440aeb8-dca5-4aaf-b8e1-4ea6921275f4
2026-05-21 21:03:54.218 10 INFO neutron.plugins.ml2.plugin [None req-a338cabe-e40c-4296-a8e0-b6d722903196 - - - - - -] Attempt 1 to provision port 7f5d19c3-fc4c-42f2-ae92-c080af4ad9a6
2026-05-21 21:03:54.779 10 INFO neutron.plugins.ml2.plugin [None req-4be47404-9b5d-4625-a6c0-6b1862b1480f - - - - - -] Attempt 1 to provision port 740a6a38-79cb-457c-95b8-174624010260
2026-05-21 21:03:54.978 10 INFO neutron.plugins.ml2.plugin [None req-fd050755-81a3-4a04-b1ab-14d6c458b134 - - - - - -] Attempt 1 to provision port 7f5d19c3-fc4c-42f2-ae92-c080af4ad9a6
2026-05-21 21:03:55.716 10 INFO neutron.plugins.ml2.plugin [None req-fd050755-81a3-4a04-b1ab-14d6c458b134 - - - - - -] Attempt 1 to provision port 740a6a38-79cb-457c-95b8-174624010260
2026-05-21 21:03:56.869 9 INFO neutron.plugins.ml2.plugin [None req-7051a98a-e16b-4a63-b011-056e55553171 - - - - - -] Attempt 1 to provision port 327e5c7f-d49a-41da-b25e-3e517fbbb2d0
2026-05-21 21:03:57.164 10 INFO neutron.plugins.ml2.plugin [None req-fd050755-81a3-4a04-b1ab-14d6c458b134 - - - - - -] Attempt 1 to provision port 740a6a38-79cb-457c-95b8-174624010260
2026-05-21 21:03:57.526 10 INFO neutron.plugins.ml2.plugin [None req-fd050755-81a3-4a04-b1ab-14d6c458b134 - - - - - -] Attempt 1 to provision port a8fde10f-0ca7-4493-b818-88f5d3aaee16
2026-05-21 21:03:57.620 9 INFO neutron.plugins.ml2.plugin [None req-feb3d050-e9cf-4121-970b-cb76c376c0a9 - - - - - -] Attempt 1 to provision port 327e5c7f-d49a-41da-b25e-3e517fbbb2d0
2026-05-21 21:03:57.992 10 INFO neutron.plugins.ml2.plugin [None req-a7bc6b35-bf68-4495-9ee3-ea27f85ebfed - - - - - -] Attempt 1 to provision port a8fde10f-0ca7-4493-b818-88f5d3aaee16
2026-05-21 21:03:59.003 9 INFO neutron.plugins.ml2.plugin [None req-fd050755-81a3-4a04-b1ab-14d6c458b134 - - - - - -] Attempt 1 to provision port 446f6233-9c8d-4464-ada0-1a88a5f69175
2026-05-21 21:04:01.352 9 INFO neutron.plugins.ml2.plugin [None req-fd050755-81a3-4a04-b1ab-14d6c458b134 - - - - - -] Attempt 1 to provision port 446f6233-9c8d-4464-ada0-1a88a5f69175
2026-05-21 21:04:01.694 9 INFO neutron.plugins.ml2.plugin [None req-fd050755-81a3-4a04-b1ab-14d6c458b134 - - - - - -] Attempt 1 to provision port f1f50097-4e66-4f60-a042-a0cb0af99b6c
2026-05-21 21:04:02.103 9 INFO neutron.plugins.ml2.plugin [None req-fd050755-81a3-4a04-b1ab-14d6c458b134 - - - - - -] No ports have port_id starting with f1f50097-4e66-4f60-a042-a0cb0af99b6c
2026-05-21 21:04:04.161 10 INFO neutron.plugins.ml2.plugin [None req-703de7d9-1bdb-49bd-94de-adfc00b247f7 - - - - - -] Attempt 1 to provision port 99c56b29-e9bd-4deb-a341-6725d05718e0
2026-05-21 21:04:07.037 9 INFO neutron.plugins.ml2.plugin [None req-6e08a7d4-5a9e-4d72-84e2-6201f00df382 - - - - - -] Attempt 1 to provision port 606fb63b-e654-4de0-92ad-6ecfebfe5eac
2026-05-21 21:04:07.237 10 INFO neutron.plugins.ml2.plugin [None req-fd050755-81a3-4a04-b1ab-14d6c458b134 - - - - - -] Attempt 1 to provision port 99c56b29-e9bd-4deb-a341-6725d05718e0
2026-05-21 21:04:07.441 10 INFO neutron.notifiers.nova [-] Nova event matching ['req-b9724fc1-28ca-479d-9646-69768d9f23db'] response: {'server_uuid': 'be25491e-9763-4865-84f4-30b20fafb80a', 'name': 'network-vif-plugged', 'status': 'completed', 'tag': '99c56b29-e9bd-4deb-a341-6725d05718e0', 'code': 200}
2026-05-21 21:04:07.837 10 INFO neutron.plugins.ml2.plugin [None req-fd050755-81a3-4a04-b1ab-14d6c458b134 - - - - - -] Attempt 1 to provision port 606fb63b-e654-4de0-92ad-6ecfebfe5eac
2026-05-21 21:04:08.229 10 INFO neutron.plugins.ml2.plugin [None req-85e915da-0204-467d-b56a-da84af3697fd - - - - - -] Attempt 1 to provision port b8dca7ec-3de3-4a8a-8691-72e7563ba5cb
2026-05-21 21:04:09.020 10 INFO neutron.plugins.ml2.plugin [None req-654b8eae-f000-4d00-aba9-18933edd6a87 - - - - - -] Attempt 1 to provision port 377d0a88-0a2b-4bac-90c6-de59dc7c7c27
2026-05-21 21:04:09.061 9 INFO neutron.plugins.ml2.plugin [None req-fd050755-81a3-4a04-b1ab-14d6c458b134 - - - - - -] Attempt 1 to provision port 99c56b29-e9bd-4deb-a341-6725d05718e0
2026-05-21 21:04:09.412 9 INFO neutron.plugins.ml2.plugin [None req-fd050755-81a3-4a04-b1ab-14d6c458b134 - - - - - -] Attempt 1 to provision port b8dca7ec-3de3-4a8a-8691-72e7563ba5cb
2026-05-21 21:04:09.706 9 INFO neutron.plugins.ml2.plugin [None req-c5b00be3-9a28-4b4e-96e2-1069e8aa9ea5 - - - - - -] Attempt 1 to provision port 377d0a88-0a2b-4bac-90c6-de59dc7c7c27
2026-05-21 21:04:09.792 9 INFO neutron.plugins.ml2.plugin [None req-fd050755-81a3-4a04-b1ab-14d6c458b134 - - - - - -] Attempt 1 to provision port 606fb63b-e654-4de0-92ad-6ecfebfe5eac
2026-05-21 21:04:10.794 10 INFO neutron.plugins.ml2.plugin [None req-98f7fd58-44da-4657-8ffd-3b9e85016348 - - - - - -] Attempt 1 to provision port de350e5d-b6dd-4182-a3ab-925f1b9640c4
2026-05-21 21:04:11.135 9 INFO neutron.notifiers.nova [-] Nova event matching ['req-c81af594-4d6e-4181-be5d-a251d66cbe6e'] response: {'server_uuid': 'be25491e-9763-4865-84f4-30b20fafb80a', 'name': 'network-vif-unplugged', 'status': 'completed', 'tag': '99c56b29-e9bd-4deb-a341-6725d05718e0', 'code': 200}
2026-05-21 21:04:11.556 10 INFO neutron.plugins.ml2.plugin [None req-4e36b2e4-ae65-4d82-8b27-e69bb18454c9 - - - - - -] Attempt 1 to provision port de350e5d-b6dd-4182-a3ab-925f1b9640c4
2026-05-21 21:04:14.982 10 INFO neutron.plugins.ml2.plugin [None req-fd050755-81a3-4a04-b1ab-14d6c458b134 - - - - - -] Attempt 1 to provision port d440aeb8-dca5-4aaf-b8e1-4ea6921275f4
2026-05-21 21:04:15.373 10 INFO neutron.plugins.ml2.plugin [None req-fd050755-81a3-4a04-b1ab-14d6c458b134 - - - - - -] Attempt 1 to provision port 327e5c7f-d49a-41da-b25e-3e517fbbb2d0 /var/lib/openstack/lib/python3.10/site-packages/oslo_db/sqlalchemy/enginefacade.py:664: SAWarning: DELETE statement on table 'portsecuritybindings' expected to delete 1 row(s); 0 were matched. Please set confirm_deleted_rows=False within the mapper configuration to prevent this warning. self.session.flush() /var/lib/openstack/lib/python3.10/site-packages/oslo_db/sqlalchemy/enginefacade.py:664: SAWarning: DELETE statement on table 'ml2_port_bindings' expected to delete 1 row(s); 0 were matched. Please set confirm_deleted_rows=False within the mapper configuration to prevent this warning. self.session.flush() /var/lib/openstack/lib/python3.10/site-packages/oslo_db/sqlalchemy/enginefacade.py:664: SAWarning: DELETE statement on table 'ml2_port_binding_levels' expected to delete 1 row(s); 0 were matched. Please set confirm_deleted_rows=False within the mapper configuration to prevent this warning. self.session.flush() /var/lib/openstack/lib/python3.10/site-packages/oslo_db/sqlalchemy/enginefacade.py:664: SAWarning: DELETE statement on table 'ports' expected to delete 1 row(s); 0 were matched. Please set confirm_deleted_rows=False within the mapper configuration to prevent this warning. self.session.flush()
2026-05-21 21:04:19.092 9 INFO neutron.plugins.ml2.plugin [None req-fd050755-81a3-4a04-b1ab-14d6c458b134 - - - - - -] Attempt 1 to provision port a1ee0170-74eb-4477-b8f4-ac3f031d4015
2026-05-21 21:04:19.767 10 INFO neutron.plugins.ml2.plugin [None req-377030c2-561f-4a9a-9d44-58436cbc7c0a - - - - - -] Attempt 1 to provision port a1ee0170-74eb-4477-b8f4-ac3f031d4015
2026-05-21 21:04:20.905 9 INFO neutron.plugins.ml2.plugin [None req-fd050755-81a3-4a04-b1ab-14d6c458b134 - - - - - -] Attempt 1 to provision port a1ee0170-74eb-4477-b8f4-ac3f031d4015
2026-05-21 21:04:21.664 10 INFO neutron.plugins.ml2.plugin [None req-35498472-d2f2-4de8-8076-7b2250ad0767 - - - - - -] Attempt 1 to provision port ff57c2d7-39e6-40d4-a40e-7253e1e8ca98
2026-05-21 21:04:22.025 10 INFO neutron.plugins.ml2.plugin [None req-f6d7ce55-f5ab-4423-8bf5-6841470166b5 - - - - - -] Attempt 1 to provision port ff57c2d7-39e6-40d4-a40e-7253e1e8ca98
2026-05-21 21:04:29.022 10 INFO neutron.plugins.ml2.plugin [None req-25355dda-c0b3-477f-876c-ef209ebd13c3 - - - - - -] Attempt 1 to provision port 96b1b234-ef15-4966-882a-40746adcb66e
2026-05-21 21:04:29.029 9 INFO neutron.plugins.ml2.plugin [None req-fd050755-81a3-4a04-b1ab-14d6c458b134 - - - - - -] Attempt 1 to provision port 96b1b234-ef15-4966-882a-40746adcb66e
2026-05-21 21:04:29.672 9 INFO neutron.plugins.ml2.plugin [None req-fd050755-81a3-4a04-b1ab-14d6c458b134 - - - - - -] Attempt 1 to provision port 076b00fb-36c9-4bbb-a5e5-b7d14b93ee98
2026-05-21 21:04:30.021 10 INFO neutron.plugins.ml2.plugin [None req-1b9c911b-b533-48a0-915b-3122d17e5aca - - - - - -] Attempt 1 to provision port 06a28f32-b411-45bf-82f2-31097c2d0638
2026-05-21 21:04:30.213 9 INFO neutron.plugins.ml2.plugin [None req-fd050755-81a3-4a04-b1ab-14d6c458b134 - - - - - -] Attempt 1 to provision port 06a28f32-b411-45bf-82f2-31097c2d0638
2026-05-21 21:04:30.422 9 INFO neutron.plugins.ml2.plugin [None req-a4356c92-f6e1-4b46-b2b4-da79c0cd88e4 - - - - - -] Attempt 1 to provision port 8f8da019-376b-43b6-b072-1a81c25bf43f
2026-05-21 21:04:30.468 9 INFO neutron.plugins.ml2.plugin [None req-a4356c92-f6e1-4b46-b2b4-da79c0cd88e4 - - - - - -] Attempt 1 to provision port 076b00fb-36c9-4bbb-a5e5-b7d14b93ee98
2026-05-21 21:04:30.779 9 INFO neutron.plugins.ml2.plugin [None req-1c215f78-c474-4d70-8eac-d9829dbe0081 - - - - - -] Attempt 1 to provision port e79c2c52-f84b-4c3a-8244-f59274c866c9
2026-05-21 21:04:31.066 10 INFO neutron.plugins.ml2.plugin [None req-fd050755-81a3-4a04-b1ab-14d6c458b134 - - - - - -] Attempt 1 to provision port e79c2c52-f84b-4c3a-8244-f59274c866c9
2026-05-21 21:04:31.168 9 INFO neutron.plugins.ml2.plugin [None req-98e395cf-ae55-4284-a178-41c81ab104df - - - - - -] Attempt 1 to provision port 8f8da019-376b-43b6-b072-1a81c25bf43f
2026-05-21 21:04:31.320 10 INFO neutron.plugins.ml2.plugin [None req-fd050755-81a3-4a04-b1ab-14d6c458b134 - - - - - -] Attempt 1 to provision port 96b1b234-ef15-4966-882a-40746adcb66e
2026-05-21 21:04:31.612 9 INFO neutron.plugins.ml2.plugin [None req-a5d86df8-fc12-4ecb-85e9-2379081ffb6b - - - - - -] Attempt 1 to provision port 4f3ae9b7-ccd0-438c-889c-99d571d43f4d
2026-05-21 21:04:31.661 10 INFO neutron.plugins.ml2.plugin [None req-fd050755-81a3-4a04-b1ab-14d6c458b134 - - - - - -] Attempt 1 to provision port 076b00fb-36c9-4bbb-a5e5-b7d14b93ee98
2026-05-21 21:04:31.986 10 INFO neutron.plugins.ml2.plugin [None req-fd050755-81a3-4a04-b1ab-14d6c458b134 - - - - - -] Attempt 1 to provision port 06a28f32-b411-45bf-82f2-31097c2d0638
2026-05-21 21:04:32.487 9 INFO neutron.plugins.ml2.plugin [None req-fe505d39-d90f-495c-b7fe-8a9166594a10 - - - - - -] Attempt 1 to provision port 4f3ae9b7-ccd0-438c-889c-99d571d43f4d
2026-05-21 21:04:32.971 9 INFO neutron.plugins.ml2.plugin [None req-fd050755-81a3-4a04-b1ab-14d6c458b134 - - - - - -] Attempt 1 to provision port e79c2c52-f84b-4c3a-8244-f59274c866c9
2026-05-21 21:04:34.144 10 INFO neutron.plugins.ml2.plugin [None req-9982402f-e0c2-47cd-b488-32b700f87d1f - - - - - -] Attempt 1 to provision port 16ac07fc-03fc-415f-a93f-b2fdf5770fb6
2026-05-21 21:04:34.900 10 INFO neutron.plugins.ml2.plugin [None req-fa20e4ab-5c8d-4986-a815-dfb79c1ddcc4 - - - - - -] Attempt 1 to provision port 16ac07fc-03fc-415f-a93f-b2fdf5770fb6
2026-05-21 21:04:35.090 9 INFO neutron.plugins.ml2.plugin [None req-fd050755-81a3-4a04-b1ab-14d6c458b134 - - - - - -] Attempt 1 to provision port 82343209-33c8-45f4-8948-1922b2656596
2026-05-21 21:04:36.064 10 INFO neutron.plugins.ml2.plugin [None req-0f278dbf-0f3b-4eba-9894-a8a0739b85fc - - - - - -] Attempt 1 to provision port 82343209-33c8-45f4-8948-1922b2656596 /var/lib/openstack/lib/python3.10/site-packages/oslo_db/sqlalchemy/enginefacade.py:664: SAWarning: DELETE statement on table 'portsecuritybindings' expected to delete 1 row(s); 0 were matched. Please set confirm_deleted_rows=False within the mapper configuration to prevent this warning. self.session.flush() /var/lib/openstack/lib/python3.10/site-packages/oslo_db/sqlalchemy/enginefacade.py:664: SAWarning: DELETE statement on table 'ml2_port_bindings' expected to delete 1 row(s); 0 were matched. Please set confirm_deleted_rows=False within the mapper configuration to prevent this warning. self.session.flush() /var/lib/openstack/lib/python3.10/site-packages/oslo_db/sqlalchemy/enginefacade.py:664: SAWarning: DELETE statement on table 'ml2_port_binding_levels' expected to delete 1 row(s); 0 were matched. Please set confirm_deleted_rows=False within the mapper configuration to prevent this warning. self.session.flush() /var/lib/openstack/lib/python3.10/site-packages/oslo_db/sqlalchemy/enginefacade.py:664: SAWarning: DELETE statement on table 'ports' expected to delete 1 row(s); 0 were matched. Please set confirm_deleted_rows=False within the mapper configuration to prevent this warning. self.session.flush()
2026-05-21 21:04:37.991 9 INFO neutron.plugins.ml2.plugin [None req-86579840-5a73-497c-a09e-25fd34af4489 - - - - - -] Attempt 1 to provision port c41fe677-01d2-4737-b18f-f0713364a349
2026-05-21 21:04:43.096 9 INFO neutron.plugins.ml2.plugin [None req-fd050755-81a3-4a04-b1ab-14d6c458b134 - - - - - -] Attempt 1 to provision port f5adefdf-dd07-4e63-87ec-c77aa187b605
2026-05-21 21:04:43.996 9 INFO neutron.plugins.ml2.plugin [None req-923c2ea5-004d-40f8-bc05-8f33e206c152 - - - - - -] Attempt 1 to provision port f5adefdf-dd07-4e63-87ec-c77aa187b605
2026-05-21 21:04:44.476 9 INFO neutron.plugins.ml2.plugin [None req-46b0ca2a-f592-4a61-bf8c-c38c131ac2c1 - - - - - -] Attempt 1 to provision port 7320e3a0-6623-4c44-be43-c0e77bc1cc0f
2026-05-21 21:04:44.940 10 INFO neutron.plugins.ml2.plugin [None req-fd050755-81a3-4a04-b1ab-14d6c458b134 - - - - - -] Attempt 1 to provision port f5adefdf-dd07-4e63-87ec-c77aa187b605
2026-05-21 21:04:46.367 10 INFO neutron.plugins.ml2.plugin [None req-6421eb06-005d-41da-9630-e5ca6cc37c29 - - - - - -] Attempt 1 to provision port 7320e3a0-6623-4c44-be43-c0e77bc1cc0f
2026-05-21 21:04:52.273 10 INFO neutron.plugins.ml2.plugin [None req-0c977662-b469-425c-a4d3-fb1b812779ed - - - - - -] Attempt 1 to provision port 23c2063a-e51f-4dd9-8c6f-01104403423e
2026-05-21 21:04:52.766 10 INFO neutron.plugins.ml2.plugin [None req-19b70d80-a638-4f3c-b841-eb52d979f1a5 - - - - - -] Attempt 1 to provision port 5f4ab130-86bf-4852-a452-c76a93b6d655
2026-05-21 21:04:52.958 9 INFO neutron.plugins.ml2.plugin [None req-fd050755-81a3-4a04-b1ab-14d6c458b134 - - - - - -] Attempt 1 to provision port 23c2063a-e51f-4dd9-8c6f-01104403423e
2026-05-21 21:04:53.418 9 INFO neutron.plugins.ml2.plugin [None req-aa45e1c6-a718-4eb5-8d91-4d270c669255 - - - - - -] Attempt 1 to provision port 5f4ab130-86bf-4852-a452-c76a93b6d655
2026-05-21 21:04:57.620 10 INFO neutron.plugins.ml2.plugin [None req-b7739ab5-286c-4581-aefc-05073145548e - - - - - -] Attempt 1 to provision port fe330629-7961-44e3-9176-35a617deed93
2026-05-21 21:05:32.080 9 INFO neutron.plugins.ml2.plugin [None req-20ae0880-42f3-4e5d-bbc3-ff6c02ecaf35 - - - - - -] Attempt 1 to provision port 810f684d-43ea-423c-8901-85279fc8186d
2026-05-21 21:05:36.989 9 INFO neutron.plugins.ml2.plugin [None req-fd050755-81a3-4a04-b1ab-14d6c458b134 - - - - - -] Attempt 1 to provision port dc27025a-744f-4cf7-995c-cd5256ad11ac
2026-05-21 21:05:37.478 9 INFO neutron.plugins.ml2.plugin [None req-4d599dfa-6632-4c79-8ee6-8f888c4deff8 - - - - - -] Attempt 1 to provision port fc733dbe-9189-4724-ba14-d2cb49fa809f
2026-05-21 21:05:37.541 9 INFO neutron.plugins.ml2.plugin [None req-4d599dfa-6632-4c79-8ee6-8f888c4deff8 - - - - - -] Attempt 1 to provision port 65cfca0f-91df-446b-ba2b-678b1c3fa973
2026-05-21 21:05:37.565 9 INFO neutron.plugins.ml2.plugin [None req-fd050755-81a3-4a04-b1ab-14d6c458b134 - - - - - -] Attempt 1 to provision port 65cfca0f-91df-446b-ba2b-678b1c3fa973
2026-05-21 21:05:37.944 9 INFO neutron.plugins.ml2.plugin [None req-122ed86c-b51b-4451-b6c1-bddd148cb733 - - - - - -] Attempt 1 to provision port fc733dbe-9189-4724-ba14-d2cb49fa809f
2026-05-21 21:05:38.102 10 INFO neutron.plugins.ml2.plugin [None req-3ebece34-61f9-49da-b66a-d8cd441e7e6c - - - - - -] Attempt 1 to provision port fc733dbe-9189-4724-ba14-d2cb49fa809f
2026-05-21 21:05:38.987 9 INFO neutron.plugins.ml2.plugin [None req-fd050755-81a3-4a04-b1ab-14d6c458b134 - - - - - -] Attempt 1 to provision port dc27025a-744f-4cf7-995c-cd5256ad11ac
2026-05-21 21:05:39.411 9 INFO neutron.plugins.ml2.plugin [None req-fd050755-81a3-4a04-b1ab-14d6c458b134 - - - - - -] Attempt 1 to provision port 65cfca0f-91df-446b-ba2b-678b1c3fa973
2026-05-21 21:05:43.158 10 INFO neutron.plugins.ml2.plugin [None req-fd050755-81a3-4a04-b1ab-14d6c458b134 - - - - - -] Attempt 1 to provision port 6ddd5649-32cb-4629-aa5a-d26f2d2073c8
2026-05-21 21:05:43.504 10 INFO neutron.plugins.ml2.plugin [None req-5815a827-8103-4302-bcd6-f5c5d2480309 - - - - - -] Attempt 1 to provision port 8a7d3b04-c93c-4818-8b82-bd9cc59e31ff
2026-05-21 21:05:43.920 10 INFO neutron.plugins.ml2.plugin [None req-fd050755-81a3-4a04-b1ab-14d6c458b134 - - - - - -] Attempt 1 to provision port 462475d3-900a-4d8a-b155-f53b5b6bd3e6
2026-05-21 21:05:44.279 10 INFO neutron.plugins.ml2.plugin [None req-9ce6a6fc-9a39-4bea-87cc-b48bad49b545 - - - - - -] Attempt 1 to provision port 6ddd5649-32cb-4629-aa5a-d26f2d2073c8
2026-05-21 21:05:44.484 10 INFO neutron.plugins.ml2.plugin [None req-cd4b90e3-1918-45e6-ad46-2ac08125b12f - - - - - -] Attempt 1 to provision port cec42f6e-c9a7-4fb1-aba7-3f77e436d24c
2026-05-21 21:05:44.658 10 INFO neutron.plugins.ml2.plugin [None req-51072351-b87f-494c-8d44-0e003983f20a - - - - - -] Attempt 1 to provision port 462475d3-900a-4d8a-b155-f53b5b6bd3e6
2026-05-21 21:05:45.059 10 INFO neutron.plugins.ml2.plugin [None req-fd050755-81a3-4a04-b1ab-14d6c458b134 - - - - - -] Attempt 1 to provision port 6ddd5649-32cb-4629-aa5a-d26f2d2073c8
2026-05-21 21:05:45.368 10 INFO neutron.plugins.ml2.plugin [None req-fd050755-81a3-4a04-b1ab-14d6c458b134 - - - - - -] Attempt 1 to provision port 58451ef7-c262-46f3-8444-54dd95443b3d
2026-05-21 21:05:46.098 10 INFO neutron.plugins.ml2.plugin [None req-fd050755-81a3-4a04-b1ab-14d6c458b134 - - - - - -] Attempt 1 to provision port 462475d3-900a-4d8a-b155-f53b5b6bd3e6
2026-05-21 21:05:46.266 10 INFO neutron.plugins.ml2.plugin [None req-a36e847c-e4e2-49b9-9964-3ef8ec31365e - - - - - -] Attempt 1 to provision port 6ddd5649-32cb-4629-aa5a-d26f2d2073c8
2026-05-21 21:05:46.491 9 INFO neutron.plugins.ml2.plugin [None req-dc715117-673a-42e2-b309-d1fb0f11fcc2 - - - - - -] Attempt 1 to provision port 58451ef7-c262-46f3-8444-54dd95443b3d
2026-05-21 21:05:47.089 9 INFO neutron.plugins.ml2.plugin [None req-fd050755-81a3-4a04-b1ab-14d6c458b134 - - - - - -] Attempt 1 to provision port efd6e26a-97f4-46d6-943f-2e183df51a38
2026-05-21 21:05:47.876 10 INFO neutron.plugins.ml2.plugin [None req-6a1e6466-2263-43a6-ba30-ca2c4857fbc1 - - - - - -] Attempt 1 to provision port 58451ef7-c262-46f3-8444-54dd95443b3d
2026-05-21 21:05:48.113 9 INFO neutron.plugins.ml2.plugin [None req-fd050755-81a3-4a04-b1ab-14d6c458b134 - - - - - -] Attempt 1 to provision port 58451ef7-c262-46f3-8444-54dd95443b3d
2026-05-21 21:05:48.887 10 INFO neutron.plugins.ml2.plugin [None req-e8a0c231-0639-44bc-8a0f-090eeb49c8ed - - - - - -] Attempt 1 to provision port 54b422f8-a4a1-4055-8349-192d0fcb94b7
2026-05-21 21:05:49.046 10 INFO neutron.plugins.ml2.plugin [None req-bf185a99-483b-4628-8d84-6fdbb2ded9ce - - - - - -] Attempt 1 to provision port efd6e26a-97f4-46d6-943f-2e183df51a38
2026-05-21 21:05:49.052 9 INFO neutron.plugins.ml2.plugin [None req-fd050755-81a3-4a04-b1ab-14d6c458b134 - - - - - -] Attempt 1 to provision port efd6e26a-97f4-46d6-943f-2e183df51a38
2026-05-21 21:05:49.350 9 INFO neutron.plugins.ml2.plugin [None req-fd050755-81a3-4a04-b1ab-14d6c458b134 - - - - - -] Attempt 1 to provision port e41234ab-71c8-4bb1-ab32-a9352cd5e467
2026-05-21 21:05:49.760 9 INFO neutron.plugins.ml2.plugin [None req-6aeec2e4-1e98-427e-9805-1d7618665299 - - - - - -] Attempt 1 to provision port 54b422f8-a4a1-4055-8349-192d0fcb94b7
2026-05-21 21:05:49.784 9 INFO neutron.plugins.ml2.plugin [None req-6aeec2e4-1e98-427e-9805-1d7618665299 - - - - - -] Attempt 1 to provision port a14a9aa2-6140-4b1a-9a99-3edbb0002e5d
2026-05-21 21:05:50.956 10 INFO neutron.plugins.ml2.plugin [None req-77c19a28-5ee9-451b-a395-2a7e6cb44f06 - - - - - -] Attempt 1 to provision port efd6e26a-97f4-46d6-943f-2e183df51a38
2026-05-21 21:05:50.997 9 INFO neutron.plugins.ml2.plugin [None req-fd050755-81a3-4a04-b1ab-14d6c458b134 - - - - - -] Attempt 1 to provision port e41234ab-71c8-4bb1-ab32-a9352cd5e467
2026-05-21 21:05:52.763 9 INFO neutron.plugins.ml2.plugin [None req-583669d4-47e0-4432-afcd-f7296ff93214 - - - - - -] Attempt 1 to provision port e2baa3a6-8e8f-4b1b-9c0a-417a30e6f45b
2026-05-21 21:05:53.242 9 INFO neutron.plugins.ml2.plugin [None req-fd050755-81a3-4a04-b1ab-14d6c458b134 - - - - - -] Attempt 1 to provision port cec42f6e-c9a7-4fb1-aba7-3f77e436d24c
2026-05-21 21:05:53.400 9 INFO neutron.notifiers.nova [-] Nova event matching ['req-bf293774-9143-43a9-a870-ea6243d3686a'] response: {'server_uuid': '53149dce-d164-48d0-9978-43c1423adc31', 'name': 'network-vif-plugged', 'status': 'completed', 'tag': 'cec42f6e-c9a7-4fb1-aba7-3f77e436d24c', 'code': 200}
2026-05-21 21:05:53.697 9 INFO neutron.plugins.ml2.plugin [None req-1210bb85-630c-4e0f-b330-85f02d5d8596 - - - - - -] Attempt 1 to provision port e2baa3a6-8e8f-4b1b-9c0a-417a30e6f45b
2026-05-21 21:05:53.992 9 INFO neutron.plugins.ml2.plugin [None req-fd050755-81a3-4a04-b1ab-14d6c458b134 - - - - - -] Attempt 1 to provision port fc733dbe-9189-4724-ba14-d2cb49fa809f
2026-05-21 21:05:54.419 9 INFO neutron.plugins.ml2.plugin [None req-fd050755-81a3-4a04-b1ab-14d6c458b134 - - - - - -] Attempt 1 to provision port 810f684d-43ea-423c-8901-85279fc8186d
2026-05-21 21:05:54.978 9 INFO neutron.plugins.ml2.plugin [None req-e8e6fb48-4cc7-4966-a6c0-417a21e5d5cb - - - - - -] Attempt 1 to provision port 961e7c5c-8867-4e08-accf-3e65617eca8d
2026-05-21 21:05:55.104 10 INFO neutron.plugins.ml2.plugin [None req-fd050755-81a3-4a04-b1ab-14d6c458b134 - - - - - -] Attempt 1 to provision port 92c60e88-a4a0-4ab5-b2de-5c6aff74e0b3
2026-05-21 21:05:55.648 9 INFO neutron.plugins.ml2.plugin [None req-3c5d9c3f-88c0-4a89-86a3-5918233c8f0c - - - - - -] Attempt 1 to provision port d6af899a-6330-4771-b3ee-ee75c51c9075
2026-05-21 21:05:55.667 10 INFO neutron.plugins.ml2.plugin [None req-fd050755-81a3-4a04-b1ab-14d6c458b134 - - - - - -] Attempt 1 to provision port cec42f6e-c9a7-4fb1-aba7-3f77e436d24c
2026-05-21 21:05:55.801 10 INFO neutron.plugins.ml2.plugin [None req-bf4b9518-9c44-481a-b020-9c84a5fe584d - - - - - -] Attempt 1 to provision port 961e7c5c-8867-4e08-accf-3e65617eca8d
2026-05-21 21:05:55.979 10 INFO neutron.plugins.ml2.plugin [None req-fd050755-81a3-4a04-b1ab-14d6c458b134 - - - - - -] Attempt 1 to provision port fc733dbe-9189-4724-ba14-d2cb49fa809f
2026-05-21 21:05:56.266 10 INFO neutron.plugins.ml2.plugin [None req-fd050755-81a3-4a04-b1ab-14d6c458b134 - - - - - -] Attempt 1 to provision port 810f684d-43ea-423c-8901-85279fc8186d
2026-05-21 21:05:57.130 9 INFO neutron.plugins.ml2.plugin [None req-fd050755-81a3-4a04-b1ab-14d6c458b134 - - - - - -] Attempt 1 to provision port 92c60e88-a4a0-4ab5-b2de-5c6aff74e0b3
2026-05-21 21:05:57.874 9 INFO neutron.plugins.ml2.plugin [None req-549a13b3-2cd7-4cf8-a940-f88ded7254c6 - - - - - -] Attempt 1 to provision port dfc7fd18-132b-411e-b5cd-fc9b64954a33
2026-05-21 21:05:58.745 9 INFO neutron.plugins.ml2.plugin [None req-04098d6c-a62a-472f-b487-47fe15099c6c - - - - - -] Attempt 1 to provision port dfc7fd18-132b-411e-b5cd-fc9b64954a33
2026-05-21 21:06:01.200 10 INFO neutron.plugins.ml2.plugin [None req-fd050755-81a3-4a04-b1ab-14d6c458b134 - - - - - -] Attempt 1 to provision port d6af899a-6330-4771-b3ee-ee75c51c9075
2026-05-21 21:06:01.348 10 INFO neutron.notifiers.nova [-] Nova event matching ['req-629f2224-5b91-4db5-b4a6-8f9915c06daa'] response: {'server_uuid': '00ab8be1-dd9e-4f8b-ac2c-be4ad7bba497', 'name': 'network-vif-plugged', 'status': 'completed', 'tag': 'd6af899a-6330-4771-b3ee-ee75c51c9075', 'code': 200}
2026-05-21 21:06:03.102 9 INFO neutron.plugins.ml2.plugin [None req-fd050755-81a3-4a04-b1ab-14d6c458b134 - - - - - -] Attempt 1 to provision port d6af899a-6330-4771-b3ee-ee75c51c9075
2026-05-21 21:06:05.198 10 INFO neutron.plugins.ml2.plugin [None req-cd6fba5e-3080-4a83-ad65-b2dbbefe2c7c - - - - - -] Attempt 1 to provision port 1db4d5bc-7b80-45bf-a07b-5e9006d2dda9
2026-05-21 21:06:05.403 10 INFO neutron.plugins.ml2.plugin [None req-fd050755-81a3-4a04-b1ab-14d6c458b134 - - - - - -] Attempt 1 to provision port 95defc07-5019-4222-b35e-edaa5292c258
2026-05-21 21:06:05.980 9 INFO neutron.plugins.ml2.plugin [None req-3a18cb65-5caa-4174-83ea-95c3d2b731bf - - - - - -] Attempt 1 to provision port 95defc07-5019-4222-b35e-edaa5292c258
2026-05-21 21:06:06.241 10 INFO neutron.plugins.ml2.plugin [None req-fd050755-81a3-4a04-b1ab-14d6c458b134 - - - - - -] Attempt 1 to provision port 68b6c5ea-2082-4bf1-b707-f43a21b69ff1
2026-05-21 21:06:06.544 9 INFO neutron.plugins.ml2.plugin [None req-bf37fed3-c22c-4b7e-8c86-851d023bc3a1 - - - - - -] Attempt 1 to provision port 68b6c5ea-2082-4bf1-b707-f43a21b69ff1
2026-05-21 21:06:07.075 10 INFO neutron.plugins.ml2.plugin [None req-fd050755-81a3-4a04-b1ab-14d6c458b134 - - - - - -] Attempt 1 to provision port 1db4d5bc-7b80-45bf-a07b-5e9006d2dda9
2026-05-21 21:06:07.721 10 INFO neutron.plugins.ml2.plugin [None req-1f3e2127-ec8b-4ff9-bf17-04ae7046e146 - - - - - -] Attempt 1 to provision port 2bfa1a16-ea5e-4fd5-b622-e93e9c97532a
2026-05-21 21:06:08.173 9 INFO neutron.plugins.ml2.plugin [None req-fd050755-81a3-4a04-b1ab-14d6c458b134 - - - - - -] Attempt 1 to provision port 06d29cb9-602f-441a-b5e3-4fcc5c1e57ca
2026-05-21 21:06:08.327 10 INFO neutron.plugins.ml2.plugin [None req-2be185ee-e4f5-46d1-8c1f-fc5e377e06e0 - - - - - -] Attempt 1 to provision port 06d29cb9-602f-441a-b5e3-4fcc5c1e57ca
2026-05-21 21:06:09.042 9 INFO neutron.plugins.ml2.plugin [None req-fd050755-81a3-4a04-b1ab-14d6c458b134 - - - - - -] Attempt 1 to provision port 95771167-8062-41c3-812a-6b4bd22daede
2026-05-21 21:06:09.185 9 INFO neutron.notifiers.nova [-] Nova event matching ['req-6452d3eb-40a6-4fee-881d-3977ea1a67ec'] response: {'server_uuid': 'c7fb6dfd-bfd7-43ad-8205-07fdb96ea3ed', 'name': 'network-vif-plugged', 'status': 'completed', 'tag': '95771167-8062-41c3-812a-6b4bd22daede', 'code': 200}
2026-05-21 21:06:10.415 9 INFO neutron.plugins.ml2.plugin [None req-fd050755-81a3-4a04-b1ab-14d6c458b134 - - - - - -] Attempt 1 to provision port 95771167-8062-41c3-812a-6b4bd22daede /var/lib/openstack/lib/python3.10/site-packages/oslo_db/sqlalchemy/enginefacade.py:664: SAWarning: DELETE statement on table 'portsecuritybindings' expected to delete 1 row(s); 0 were matched. Please set confirm_deleted_rows=False within the mapper configuration to prevent this warning. self.session.flush() /var/lib/openstack/lib/python3.10/site-packages/oslo_db/sqlalchemy/enginefacade.py:664: SAWarning: DELETE statement on table 'ml2_port_bindings' expected to delete 1 row(s); 0 were matched. Please set confirm_deleted_rows=False within the mapper configuration to prevent this warning. self.session.flush() /var/lib/openstack/lib/python3.10/site-packages/oslo_db/sqlalchemy/enginefacade.py:664: SAWarning: DELETE statement on table 'ml2_port_binding_levels' expected to delete 1 row(s); 0 were matched. Please set confirm_deleted_rows=False within the mapper configuration to prevent this warning. self.session.flush() /var/lib/openstack/lib/python3.10/site-packages/oslo_db/sqlalchemy/enginefacade.py:664: SAWarning: DELETE statement on table 'ports' expected to delete 1 row(s); 0 were matched. Please set confirm_deleted_rows=False within the mapper configuration to prevent this warning. self.session.flush()
2026-05-21 21:06:14.121 10 INFO neutron.plugins.ml2.plugin [None req-fd050755-81a3-4a04-b1ab-14d6c458b134 - - - - - -] Attempt 1 to provision port a14a9aa2-6140-4b1a-9a99-3edbb0002e5d
2026-05-21 21:06:14.594 10 INFO neutron.plugins.ml2.plugin [None req-fd050755-81a3-4a04-b1ab-14d6c458b134 - - - - - -] Attempt 1 to provision port 961e7c5c-8867-4e08-accf-3e65617eca8d
2026-05-21 21:06:15.075 10 INFO neutron.plugins.ml2.plugin [None req-fd050755-81a3-4a04-b1ab-14d6c458b134 - - - - - -] Attempt 1 to provision port dfc7fd18-132b-411e-b5cd-fc9b64954a33
2026-05-21 21:06:15.670 10 INFO neutron.plugins.ml2.plugin [None req-fd050755-81a3-4a04-b1ab-14d6c458b134 - - - - - -] Attempt 1 to provision port e2baa3a6-8e8f-4b1b-9c0a-417a30e6f45b
2026-05-21 21:06:16.313 9 INFO neutron.plugins.ml2.plugin [None req-fd050755-81a3-4a04-b1ab-14d6c458b134 - - - - - -] Attempt 1 to provision port a14a9aa2-6140-4b1a-9a99-3edbb0002e5d
2026-05-21 21:06:16.555 9 INFO neutron.plugins.ml2.plugin [None req-fd050755-81a3-4a04-b1ab-14d6c458b134 - - - - - -] Attempt 1 to provision port 961e7c5c-8867-4e08-accf-3e65617eca8d
2026-05-21 21:06:16.902 9 INFO neutron.plugins.ml2.plugin [None req-fd050755-81a3-4a04-b1ab-14d6c458b134 - - - - - -] Attempt 1 to provision port dfc7fd18-132b-411e-b5cd-fc9b64954a33
2026-05-21 21:06:17.193 9 INFO neutron.plugins.ml2.plugin [None req-fd050755-81a3-4a04-b1ab-14d6c458b134 - - - - - -] Attempt 1 to provision port e2baa3a6-8e8f-4b1b-9c0a-417a30e6f45b
2026-05-21 21:06:17.617 9 INFO neutron.plugins.ml2.plugin [None req-af5faa52-6a93-4639-88aa-fdea028c5793 - - - - - -] Attempt 1 to provision port 37a896f3-d9ee-41c7-b146-41cf6a991a8c
2026-05-21 21:06:20.336 9 INFO neutron.plugins.ml2.plugin [None req-fd050755-81a3-4a04-b1ab-14d6c458b134 - - - - - -] Attempt 1 to provision port 37a896f3-d9ee-41c7-b146-41cf6a991a8c
2026-05-21 21:06:20.486 10 INFO neutron.plugins.ml2.plugin [None req-f51a2368-bf8d-460f-981c-ea2df9f43cac - - - - - -] Attempt 1 to provision port 413cd17a-bf64-430b-87db-4f271f85bb36
2026-05-21 21:06:20.496 9 INFO neutron.notifiers.nova [-] Nova event matching ['req-703baa37-e640-40d6-a28b-40d790122585'] response: {'server_uuid': 'b35053b4-e9f1-46bd-8cba-689f687e7e55', 'name': 'network-vif-plugged', 'status': 'completed', 'tag': '37a896f3-d9ee-41c7-b146-41cf6a991a8c', 'code': 200}
2026-05-21 21:06:22.317 10 INFO neutron.plugins.ml2.plugin [None req-fd050755-81a3-4a04-b1ab-14d6c458b134 - - - - - -] Attempt 1 to provision port 37a896f3-d9ee-41c7-b146-41cf6a991a8c
2026-05-21 21:06:24.392 9 INFO neutron.plugins.ml2.plugin [None req-fd050755-81a3-4a04-b1ab-14d6c458b134 - - - - - -] Attempt 1 to provision port 413cd17a-bf64-430b-87db-4f271f85bb36
2026-05-21 21:06:24.549 9 INFO neutron.notifiers.nova [-] Nova event matching ['req-20fc816b-c253-44d3-83f3-0e85f293b4a7'] response: {'server_uuid': '1ad7b4cf-47cf-4026-a7ce-5724da791061', 'name': 'network-vif-plugged', 'status': 'completed', 'tag': '413cd17a-bf64-430b-87db-4f271f85bb36', 'code': 200}
2026-05-21 21:06:26.471 10 INFO neutron.plugins.ml2.plugin [None req-fd050755-81a3-4a04-b1ab-14d6c458b134 - - - - - -] Attempt 1 to provision port 413cd17a-bf64-430b-87db-4f271f85bb36
2026-05-21 21:06:26.742 10 INFO neutron.plugins.ml2.plugin [None req-d3b1932a-6639-4a35-bb53-ef9dfb2d9fbc - - - - - -] Attempt 1 to provision port 129e7067-c618-4a2c-8c7c-a785ec191891
2026-05-21 21:06:27.000 10 INFO neutron.plugins.ml2.plugin [None req-fd050755-81a3-4a04-b1ab-14d6c458b134 - - - - - -] Attempt 1 to provision port 9a6aa680-df76-40ba-8785-4bffcacbcf06
2026-05-21 21:06:27.428 9 INFO neutron.plugins.ml2.plugin [None req-a70b5c49-b529-44c2-97b5-9db903b0fd22 - - - - - -] Attempt 1 to provision port 9a6aa680-df76-40ba-8785-4bffcacbcf06
2026-05-21 21:06:28.273 10 INFO neutron.plugins.ml2.plugin [None req-fd050755-81a3-4a04-b1ab-14d6c458b134 - - - - - -] Attempt 1 to provision port 9a6aa680-df76-40ba-8785-4bffcacbcf06
2026-05-21 21:06:29.753 10 INFO neutron.plugins.ml2.plugin [None req-476a186f-b986-44b1-b8c9-d595debc810c - - - - - -] Attempt 1 to provision port a3ddea86-2e72-4086-917a-e81ce6b4a247
2026-05-21 21:06:30.304 10 INFO neutron.plugins.ml2.plugin [None req-fd050755-81a3-4a04-b1ab-14d6c458b134 - - - - - -] Attempt 1 to provision port 4f40dc47-3e63-4b39-aba0-87c8d4147a1f
2026-05-21 21:06:30.405 9 INFO neutron.plugins.ml2.plugin [None req-fcf32ead-4040-4333-868c-d1e742f12fcc - - - - - -] Attempt 1 to provision port a3ddea86-2e72-4086-917a-e81ce6b4a247
2026-05-21 21:06:32.286 10 INFO neutron.plugins.ml2.plugin [None req-fd050755-81a3-4a04-b1ab-14d6c458b134 - - - - - -] Attempt 1 to provision port 4f40dc47-3e63-4b39-aba0-87c8d4147a1f
2026-05-21 21:06:34.457 10 INFO neutron.plugins.ml2.plugin [None req-fd050755-81a3-4a04-b1ab-14d6c458b134 - - - - - -] Attempt 1 to provision port 9e2e06cc-1643-4f65-8896-c8e0ac577f03
2026-05-21 21:06:34.780 10 INFO neutron.plugins.ml2.plugin [None req-cff3ad45-ff72-4ff0-9169-36c89c872c74 - - - - - -] Attempt 1 to provision port 9e2e06cc-1643-4f65-8896-c8e0ac577f03
2026-05-21 21:06:35.024 10 INFO neutron.plugins.ml2.plugin [None req-2886419e-0d68-4681-a681-3b21953c3be7 - - - - - -] Attempt 1 to provision port 30370591-2f7f-4c7c-aa7e-682e4e8ae23a
2026-05-21 21:06:36.430 9 INFO neutron.plugins.ml2.plugin [None req-fd050755-81a3-4a04-b1ab-14d6c458b134 - - - - - -] Attempt 1 to provision port 9e2e06cc-1643-4f65-8896-c8e0ac577f03
2026-05-21 21:06:37.621 10 INFO neutron.plugins.ml2.plugin [None req-cee05c88-f0a6-4fa1-8ebb-b01e81f07380 - - - - - -] Attempt 1 to provision port 8d66ba71-6ce1-47b6-b301-8f2f522e68e9
2026-05-21 21:06:38.284 9 INFO neutron.plugins.ml2.plugin [None req-272cea73-8922-4963-b432-31d3354c5d18 - - - - - -] Attempt 1 to provision port 8d66ba71-6ce1-47b6-b301-8f2f522e68e9
2026-05-21 21:06:38.346 10 INFO neutron.plugins.ml2.plugin [None req-fd050755-81a3-4a04-b1ab-14d6c458b134 - - - - - -] Attempt 1 to provision port 73892fbc-a64e-4896-9e18-1a8b36309ce6
2026-05-21 21:06:40.312 10 INFO neutron.plugins.ml2.plugin [None req-fd050755-81a3-4a04-b1ab-14d6c458b134 - - - - - -] Attempt 1 to provision port 73892fbc-a64e-4896-9e18-1a8b36309ce6
2026-05-21 21:06:41.209 10 INFO neutron.plugins.ml2.plugin [None req-d08c4389-c4bd-47c5-a77b-af319a9b5ab2 - - - - - -] Attempt 1 to provision port e4ea542d-0d8d-4ff7-a45c-fc54c1ab3064
2026-05-21 21:06:48.439 10 INFO neutron.plugins.ml2.plugin [None req-fd050755-81a3-4a04-b1ab-14d6c458b134 - - - - - -] Attempt 1 to provision port a3ddea86-2e72-4086-917a-e81ce6b4a247
2026-05-21 21:06:48.837 10 INFO neutron.plugins.ml2.plugin [None req-fd050755-81a3-4a04-b1ab-14d6c458b134 - - - - - -] Attempt 1 to provision port 129e7067-c618-4a2c-8c7c-a785ec191891
2026-05-21 21:06:50.775 9 INFO neutron.plugins.ml2.plugin [None req-fd050755-81a3-4a04-b1ab-14d6c458b134 - - - - - -] Attempt 1 to provision port a3ddea86-2e72-4086-917a-e81ce6b4a247
2026-05-21 21:06:51.330 9 INFO neutron.plugins.ml2.plugin [None req-fd050755-81a3-4a04-b1ab-14d6c458b134 - - - - - -] Attempt 1 to provision port 129e7067-c618-4a2c-8c7c-a785ec191891
2026-05-21 21:06:51.689 9 INFO neutron.plugins.ml2.plugin [None req-fd050755-81a3-4a04-b1ab-14d6c458b134 - - - - - -] Attempt 1 to provision port fb64e313-b1c8-4340-8adf-7fe2b4ee99b0
2026-05-21 21:06:51.854 9 INFO neutron.notifiers.nova [-] Nova event matching ['req-dba031fd-2404-4226-a0e6-90d0a3e00a85'] response: {'server_uuid': 'ac68095a-fef6-435c-b9b2-4c18f32e8d5f', 'name': 'network-vif-plugged', 'status': 'completed', 'tag': 'fb64e313-b1c8-4340-8adf-7fe2b4ee99b0', 'code': 200}
2026-05-21 21:06:52.328 9 INFO neutron.plugins.ml2.plugin [None req-fd050755-81a3-4a04-b1ab-14d6c458b134 - - - - - -] Attempt 1 to provision port fb64e313-b1c8-4340-8adf-7fe2b4ee99b0
2026-05-21 21:06:56.316 10 INFO neutron.plugins.ml2.plugin [None req-fd050755-81a3-4a04-b1ab-14d6c458b134 - - - - - -] Attempt 1 to provision port 8d66ba71-6ce1-47b6-b301-8f2f522e68e9
2026-05-21 21:06:56.761 10 INFO neutron.plugins.ml2.plugin [None req-fd050755-81a3-4a04-b1ab-14d6c458b134 - - - - - -] Attempt 1 to provision port 30370591-2f7f-4c7c-aa7e-682e4e8ae23a
2026-05-21 21:06:58.056 10 INFO neutron.plugins.ml2.plugin [None req-ab96cd68-7655-4b6b-b43c-dcc13a8141f4 - - - - - -] Attempt 1 to provision port 08a5f3b8-3bf0-45c0-a948-0e65e57df1fd
2026-05-21 21:06:58.321 9 INFO neutron.plugins.ml2.plugin [None req-fd050755-81a3-4a04-b1ab-14d6c458b134 - - - - - -] Attempt 1 to provision port 8d66ba71-6ce1-47b6-b301-8f2f522e68e9
2026-05-21 21:06:58.601 9 INFO neutron.plugins.ml2.plugin [None req-fd050755-81a3-4a04-b1ab-14d6c458b134 - - - - - -] Attempt 1 to provision port 30370591-2f7f-4c7c-aa7e-682e4e8ae23a
2026-05-21 21:06:59.947 10 ERROR neutron.plugins.ml2.managers [None req-6def99f8-cfbd-4269-b4f4-387cbb4120f6 - - - - - -] Mechanism driver openvswitch failed in bind_port: neutron_lib.exceptions.SubnetNotFound: Subnet 51c481ca-f44f-4e85-b3ea-f145b6c81bf6 could not be found.
2026-05-21 21:06:59.947 10 ERROR neutron.plugins.ml2.managers
Traceback (most recent call last):
2026-05-21 21:06:59.947 10 ERROR neutron.plugins.ml2.managers
File "/var/lib/openstack/lib/python3.10/site-packages/neutron/plugins/ml2/managers.py", line 850, in _bind_port_level
2026-05-21 21:06:59.947 10 ERROR neutron.plugins.ml2.managers driver.obj.bind_port(context)
2026-05-21 21:06:59.947 10 ERROR neutron.plugins.ml2.managers
File "/var/lib/openstack/lib/python3.10/site-packages/neutron/plugins/ml2/drivers/openvswitch/mech_driver/mech_openvswitch.py", line 133, in bind_port
2026-05-21 21:06:59.947 10 ERROR neutron.plugins.ml2.managers super(OpenvswitchMechanismDriver, self).bind_port(context)
2026-05-21 21:06:59.947 10 ERROR neutron.plugins.ml2.managers
File "/var/lib/openstack/lib/python3.10/site-packages/neutron/plugins/ml2/drivers/mech_agent.py", line 104, in bind_port
2026-05-21 21:06:59.947 10 ERROR neutron.plugins.ml2.managers subnets = self.get_subnets_from_fixed_ips(context)
2026-05-21 21:06:59.947 10 ERROR neutron.plugins.ml2.managers
File "/var/lib/openstack/lib/python3.10/site-packages/neutron/plugins/ml2/drivers/mech_agent.py", line 149, in get_subnets_from_fixed_ips
2026-05-21 21:06:59.947 10 ERROR neutron.plugins.ml2.managers subnets.append(context._plugin.get_subnet(
2026-05-21 21:06:59.947 10 ERROR neutron.plugins.ml2.managers
File "/var/lib/openstack/lib/python3.10/site-packages/neutron_lib/db/api.py", line 223, in wrapped
2026-05-21 21:06:59.947 10 ERROR neutron.plugins.ml2.managers return f_with_retry(*args, **kwargs,
2026-05-21 21:06:59.947 10 ERROR neutron.plugins.ml2.managers
File "/var/lib/openstack/lib/python3.10/site-packages/neutron_lib/db/api.py", line 137, in wrapped
2026-05-21 21:06:59.947 10 ERROR neutron.plugins.ml2.managers with excutils.save_and_reraise_exception():
2026-05-21 21:06:59.947 10 ERROR neutron.plugins.ml2.managers
File "/var/lib/openstack/lib/python3.10/site-packages/oslo_utils/excutils.py", line 227, in __exit__
2026-05-21 21:06:59.947 10 ERROR neutron.plugins.ml2.managers self.force_reraise()
2026-05-21 21:06:59.947 10 ERROR neutron.plugins.ml2.managers
File "/var/lib/openstack/lib/python3.10/site-packages/oslo_utils/excutils.py", line 200, in force_reraise
2026-05-21 21:06:59.947 10 ERROR neutron.plugins.ml2.managers raise self.value
2026-05-21 21:06:59.947 10 ERROR neutron.plugins.ml2.managers
File "/var/lib/openstack/lib/python3.10/site-packages/neutron_lib/db/api.py", line 135, in wrapped
2026-05-21 21:06:59.947 10 ERROR neutron.plugins.ml2.managers return f(*args, **kwargs)
2026-05-21 21:06:59.947 10 ERROR neutron.plugins.ml2.managers
File "/var/lib/openstack/lib/python3.10/site-packages/oslo_db/api.py", line 144, in wrapper
2026-05-21 21:06:59.947 10 ERROR neutron.plugins.ml2.managers with excutils.save_and_reraise_exception() as ectxt:
2026-05-21 21:06:59.947 10 ERROR neutron.plugins.ml2.managers
File "/var/lib/openstack/lib/python3.10/site-packages/oslo_utils/excutils.py", line 227, in __exit__
2026-05-21 21:06:59.947 10 ERROR neutron.plugins.ml2.managers self.force_reraise()
2026-05-21 21:06:59.947 10 ERROR neutron.plugins.ml2.managers
File "/var/lib/openstack/lib/python3.10/site-packages/oslo_utils/excutils.py", line 200, in force_reraise
2026-05-21 21:06:59.947 10 ERROR neutron.plugins.ml2.managers raise self.value
2026-05-21 21:06:59.947 10 ERROR neutron.plugins.ml2.managers
File "/var/lib/openstack/lib/python3.10/site-packages/oslo_db/api.py", line 142, in wrapper
2026-05-21 21:06:59.947 10 ERROR neutron.plugins.ml2.managers return f(*args, **kwargs)
2026-05-21 21:06:59.947 10 ERROR neutron.plugins.ml2.managers
File "/var/lib/openstack/lib/python3.10/site-packages/neutron_lib/db/api.py", line 183, in wrapped
2026-05-21 21:06:59.947 10 ERROR neutron.plugins.ml2.managers with excutils.save_and_reraise_exception():
2026-05-21 21:06:59.947 10 ERROR neutron.plugins.ml2.managers
File "/var/lib/openstack/lib/python3.10/site-packages/oslo_utils/excutils.py", line 227, in __exit__
2026-05-21 21:06:59.947 10 ERROR neutron.plugins.ml2.managers self.force_reraise()
2026-05-21 21:06:59.947 10 ERROR neutron.plugins.ml2.managers
File "/var/lib/openstack/lib/python3.10/site-packages/oslo_utils/excutils.py", line 200, in force_reraise
2026-05-21 21:06:59.947 10 ERROR neutron.plugins.ml2.managers raise self.value
2026-05-21 21:06:59.947 10 ERROR neutron.plugins.ml2.managers
File "/var/lib/openstack/lib/python3.10/site-packages/neutron_lib/db/api.py", line 181, in wrapped
2026-05-21 21:06:59.947 10 ERROR neutron.plugins.ml2.managers return f(*dup_args, **dup_kwargs)
2026-05-21 21:06:59.947 10 ERROR neutron.plugins.ml2.managers
File "/var/lib/openstack/lib/python3.10/site-packages/neutron/db/db_base_plugin_v2.py", line 1233, in get_subnet
2026-05-21 21:06:59.947 10 ERROR neutron.plugins.ml2.managers subnet_obj = self._get_subnet_object(context, id)
2026-05-21 21:06:59.947 10 ERROR neutron.plugins.ml2.managers
File "/var/lib/openstack/lib/python3.10/site-packages/neutron/db/db_base_plugin_common.py", line 282, in _get_subnet_object
2026-05-21 21:06:59.947 10 ERROR neutron.plugins.ml2.managers raise exceptions.SubnetNotFound(subnet_id=id)
2026-05-21 21:06:59.947 10 ERROR neutron.plugins.ml2.managers neutron_lib.exceptions.SubnetNotFound: Subnet 51c481ca-f44f-4e85-b3ea-f145b6c81bf6 could not be found.
2026-05-21 21:06:59.947 10 ERROR neutron.plugins.ml2.managers 
2026-05-21 21:06:59.949 10 ERROR neutron.plugins.ml2.managers [None req-6def99f8-cfbd-4269-b4f4-387cbb4120f6 - - - - - -] Failed to bind port eec70b7b-da0c-44d8-abb8-8b70684318d8 on host instance for vnic_type normal using segments [{'id': '3eb7ef09-db50-4853-943c-59b58165207a', 'network_type': 'vxlan', 'physical_network': None, 'segmentation_id': 409, 'network_id': '8452da0d-35d5-42bc-a560-0be6239480f2'}]
2026-05-21 21:06:59.950 10 INFO neutron.plugins.ml2.plugin [None req-6def99f8-cfbd-4269-b4f4-387cbb4120f6 - - - - - -] Attempt 2 to bind port eec70b7b-da0c-44d8-abb8-8b70684318d8
2026-05-21 21:06:59.967 10 ERROR neutron.plugins.ml2.managers [None req-6def99f8-cfbd-4269-b4f4-387cbb4120f6 - - - - - -] Mechanism driver openvswitch failed in bind_port: neutron_lib.exceptions.SubnetNotFound: Subnet 51c481ca-f44f-4e85-b3ea-f145b6c81bf6 could not be found.
2026-05-21 21:06:59.967 10 ERROR neutron.plugins.ml2.managers
Traceback (most recent call last):
2026-05-21 21:06:59.967 10 ERROR neutron.plugins.ml2.managers
