Aug 22 09:21:57.497165 np0000190483 devstack@neutron-api.service[101610]: DEBUG neutron.api.extensions [None req-264b5150-23d6-46d8-96e0-e63f622deaa7 None None] Ext name="Atomically add/remove extra routes" alias="extraroute-atomic" description="Edit extra routes of a router on server side by atomically adding/removing extra routes" updated="2019-07-10T00:00:00+00:00" {{(pid=101610) _check_extension /opt/stack/neutron/neutron/api/extensions.py:415}}
Aug 22 09:21:57.497197 np0000190483 devstack@neutron-api.service[101613]: DEBUG neutron_lib.callbacks.manager [None req-86ac8356-fff8-47b0-916e-d71eadcf5a8e None None] Subscribe: > address_group after_delete 55550000, False {{(pid=101613) subscribe /opt/stack/data/venv/lib/python3.12/site-packages/neutron_lib/callbacks/manager.py:52}}
Aug 22 09:21:57.497290 np0000190483 devstack@neutron-api.service[101613]: DEBUG neutron.plugins.ml2.ovo_rpc [None req-86ac8356-fff8-47b0-916e-d71eadcf5a8e None None] ML2 OVO RPC backend initialized. {{(pid=101613) __init__ /opt/stack/neutron/neutron/plugins/ml2/ovo_rpc.py:117}}
Aug 22 09:21:57.497328 np0000190483 devstack@neutron-api.service[101610]: INFO neutron.api.extensions [None req-264b5150-23d6-46d8-96e0-e63f622deaa7 None None] Loaded extension: extraroute-atomic
Aug 22 09:21:57.497399 np0000190483 devstack@neutron-api.service[101610]: DEBUG neutron.api.extensions [None req-264b5150-23d6-46d8-96e0-e63f622deaa7 None None] Loading extension file: filter_validation.py {{(pid=101610) _load_all_extensions_from_path /opt/stack/neutron/neutron/api/extensions.py:449}}
Aug 22 09:21:57.497694 np0000190483 devstack@neutron-api.service[101610]: DEBUG neutron.api.extensions [None req-264b5150-23d6-46d8-96e0-e63f622deaa7 None None] Ext name="Filter parameters validation" alias="filter-validation" description="Provides validation on filter parameters." updated="2018-07-04T10:00:00-00:00" {{(pid=101610) _check_extension /opt/stack/neutron/neutron/api/extensions.py:415}}
Aug 22 09:21:57.497881 np0000190483 devstack@neutron-api.service[101610]: INFO neutron.api.extensions [None req-264b5150-23d6-46d8-96e0-e63f622deaa7 None None] Loaded extension: filter-validation
Aug 22 09:21:57.497980 np0000190483 devstack@neutron-api.service[101610]: DEBUG neutron.api.extensions [None req-264b5150-23d6-46d8-96e0-e63f622deaa7 None None] Loading extension file: fip_pf_description.py {{(pid=101610) _load_all_extensions_from_path /opt/stack/neutron/neutron/api/extensions.py:449}}
Aug 22 09:21:57.498121 np0000190483 devstack@neutron-api.service[101613]: INFO neutron.quota [None req-86ac8356-fff8-47b0-916e-d71eadcf5a8e None None] Loaded quota_driver: .
Aug 22 09:21:57.498227 np0000190483 devstack@neutron-api.service[101610]: DEBUG neutron.api.extensions [None req-264b5150-23d6-46d8-96e0-e63f622deaa7 None None] Ext name="Floating IP Port Forwarding new attribute description" alias="floating-ip-port-forwarding-description" description="Add a description field to Port Forwarding rules" updated="2019-11-01T10:00:00-00:00" {{(pid=101610) _check_extension /opt/stack/neutron/neutron/api/extensions.py:415}}
Aug 22 09:21:57.498271 np0000190483 devstack@neutron-api.service[101613]: INFO neutron.plugins.ml2.plugin [None req-86ac8356-fff8-47b0-916e-d71eadcf5a8e None None] Modular L2 Plugin initialization complete
Aug 22 09:21:57.498361 np0000190483 devstack@neutron-api.service[101613]: DEBUG neutron.manager [None req-86ac8356-fff8-47b0-916e-d71eadcf5a8e None None] Loading services supported by the core plugin {{(pid=101613) _load_services_from_core_plugin /opt/stack/neutron/neutron/manager.py:167}}
Aug 22 09:21:57.498448 np0000190483 devstack@neutron-api.service[101610]: INFO neutron.api.extensions [None req-264b5150-23d6-46d8-96e0-e63f622deaa7 None None] Extension floating-ip-port-forwarding-description not supported by any of loaded plugins
Aug 22 09:21:57.498486 np0000190483 devstack@neutron-api.service[101613]: INFO neutron.plugins.ml2.managers [None req-86ac8356-fff8-47b0-916e-d71eadcf5a8e None None] Got port-security extension from driver 'port_security'
Aug 22 09:21:57.498577 np0000190483 devstack@neutron-api.service[101610]: DEBUG neutron.api.extensions [None req-264b5150-23d6-46d8-96e0-e63f622deaa7 None None] Loading extension file: fip_pf_detail.py {{(pid=101610) _load_all_extensions_from_path /opt/stack/neutron/neutron/api/extensions.py:449}}
Aug 22 09:21:57.498763 np0000190483 devstack@neutron-api.service[101613]: DEBUG neutron.manager [None req-86ac8356-fff8-47b0-916e-d71eadcf5a8e None None] Loading service plugins: ['ovn-router', 'auto_allocate', 'tag', 'timestamp', 'network_ip_availability', 'flavors', 'revisions'] {{(pid=101613) _load_service_plugins /opt/stack/neutron/neutron/manager.py:192}}
Aug 22 09:21:57.498855 np0000190483 devstack@neutron-api.service[101613]: INFO neutron.manager [None req-86ac8356-fff8-47b0-916e-d71eadcf5a8e None None] Loading Plugin: ovn-router
Aug 22 09:21:57.498886 np0000190483 devstack@neutron-api.service[101610]: DEBUG neutron.api.extensions [None req-264b5150-23d6-46d8-96e0-e63f622deaa7 None None] Ext name="Floating IP port forwarding detail" alias="floating-ip-port-forwarding-detail" description="Allow list floating ip return more port forwarding data, include'id' and 'internal_port_id'" updated="2022-05-06T10:00:00-00:00" {{(pid=101610) _check_extension /opt/stack/neutron/neutron/api/extensions.py:415}}
Aug 22 09:21:57.499106 np0000190483 devstack@neutron-api.service[101610]: INFO neutron.api.extensions [None req-264b5150-23d6-46d8-96e0-e63f622deaa7 None None] Loaded extension: floating-ip-port-forwarding-detail
Aug 22 09:21:57.499209 np0000190483 devstack@neutron-api.service[101610]: DEBUG neutron.api.extensions [None req-264b5150-23d6-46d8-96e0-e63f622deaa7 None None] Loading extension file: fip_pf_port_range.py {{(pid=101610) _load_all_extensions_from_path /opt/stack/neutron/neutron/api/extensions.py:449}}
Aug 22 09:21:57.499493 np0000190483 devstack@neutron-api.service[101610]: DEBUG neutron.api.extensions [None req-264b5150-23d6-46d8-96e0-e63f622deaa7 None None] Ext name="Floating IP Port Forwarding support port ranges" alias="floating-ip-port-forwarding-port-ranges" description="Add support to port ranges" updated="2020-07-01T10:00:00-00:00" {{(pid=101610) _check_extension /opt/stack/neutron/neutron/api/extensions.py:415}}
Aug 22 09:21:57.499729 np0000190483 devstack@neutron-api.service[101610]: INFO neutron.api.extensions [None req-264b5150-23d6-46d8-96e0-e63f622deaa7 None None] Extension floating-ip-port-forwarding-port-ranges not supported by any of loaded plugins
Aug 22 09:21:57.499825 np0000190483 devstack@neutron-api.service[101610]: DEBUG neutron.api.extensions [None req-264b5150-23d6-46d8-96e0-e63f622deaa7 None None] Loading extension file: fip_port_details.py {{(pid=101610) _load_all_extensions_from_path /opt/stack/neutron/neutron/api/extensions.py:449}}
Aug 22 09:21:57.500081 np0000190483 devstack@neutron-api.service[101610]: DEBUG neutron.api.extensions [None req-264b5150-23d6-46d8-96e0-e63f622deaa7 None None] Ext name="Floating IP Port Details Extension" alias="fip-port-details" description="Add port_details attribute to Floating IP resource" updated="2018-04-09T10:00:00-00:00" {{(pid=101610) _check_extension /opt/stack/neutron/neutron/api/extensions.py:415}}
Aug 22 09:21:57.500281 np0000190483 devstack@neutron-api.service[101610]: INFO neutron.api.extensions [None req-264b5150-23d6-46d8-96e0-e63f622deaa7 None None] Loaded extension: fip-port-details
Aug 22 09:21:57.500376 np0000190483 devstack@neutron-api.service[101610]: DEBUG neutron.api.extensions [None req-264b5150-23d6-46d8-96e0-e63f622deaa7 None None] Loading extension file: flavors.py {{(pid=101610) _load_all_extensions_from_path /opt/stack/neutron/neutron/api/extensions.py:449}}
Aug 22 09:21:57.500647 np0000190483 devstack@neutron-api.service[101610]: DEBUG neutron.api.extensions [None req-264b5150-23d6-46d8-96e0-e63f622deaa7 None None] Ext name="Neutron Service Flavors" alias="flavors" description="Flavor specification for Neutron advanced services." updated="2015-09-17T10:00:00-00:00" {{(pid=101610) _check_extension /opt/stack/neutron/neutron/api/extensions.py:415}}
Aug 22 09:21:57.500843 np0000190483 devstack@neutron-api.service[101610]: INFO neutron.api.extensions [None req-264b5150-23d6-46d8-96e0-e63f622deaa7 None None] Loaded extension: flavors
Aug 22 09:21:57.500938 np0000190483 devstack@neutron-api.service[101610]: DEBUG neutron.api.extensions [None req-264b5150-23d6-46d8-96e0-e63f622deaa7 None None] Loading extension file: floating_ip_port_forwarding.py {{(pid=101610) _load_all_extensions_from_path /opt/stack/neutron/neutron/api/extensions.py:449}}
Aug 22 09:21:57.501346 np0000190483 devstack@neutron-api.service[101610]: DEBUG neutron.api.extensions [None req-264b5150-23d6-46d8-96e0-e63f622deaa7 None None] Ext name="Floating IP Port Forwarding" alias="floating-ip-port-forwarding" description="Allow port forwarding from floating IP port to an internal port" updated="2018-01-19T10:00:00-00:00" {{(pid=101610) _check_extension /opt/stack/neutron/neutron/api/extensions.py:415}}
Aug 22 09:21:57.501568 np0000190483 devstack@neutron-api.service[101610]: INFO neutron.api.extensions [None req-264b5150-23d6-46d8-96e0-e63f622deaa7 None None] Extension floating-ip-port-forwarding not supported by any of loaded plugins
Aug 22 09:21:57.501669 np0000190483 devstack@neutron-api.service[101610]: DEBUG neutron.api.extensions [None req-264b5150-23d6-46d8-96e0-e63f622deaa7 None None] Loading extension file: floatingip_pools.py {{(pid=101610) _load_all_extensions_from_path /opt/stack/neutron/neutron/api/extensions.py:449}}
Aug 22 09:21:57.501976 np0000190483 devstack@neutron-api.service[101610]: DEBUG neutron.api.extensions [None req-264b5150-23d6-46d8-96e0-e63f622deaa7 None None] Ext name="Floating IP Pools Extension" alias="floatingip-pools" description="Provides a floating IP pools API." updated="2018-03-21T10:00:00-00:00" {{(pid=101610) _check_extension /opt/stack/neutron/neutron/api/extensions.py:415}}
Aug 22 09:21:57.502193 np0000190483 devstack@neutron-api.service[101610]: INFO neutron.api.extensions [None req-264b5150-23d6-46d8-96e0-e63f622deaa7 None None] Loaded extension: floatingip-pools
Aug 22 09:21:57.502299 np0000190483 devstack@neutron-api.service[101610]: DEBUG neutron.api.extensions [None req-264b5150-23d6-46d8-96e0-e63f622deaa7 None None] Loading extension file: ip_allocation.py {{(pid=101610) _load_all_extensions_from_path /opt/stack/neutron/neutron/api/extensions.py:449}}
Aug 22 09:21:57.502543 np0000190483 devstack@neutron-api.service[101610]: DEBUG neutron.api.extensions [None req-264b5150-23d6-46d8-96e0-e63f622deaa7 None None] Ext name="IP Allocation" alias="ip_allocation" description="IP allocation extension." updated="2016-06-10T23:00:00-00:00" {{(pid=101610) _check_extension /opt/stack/neutron/neutron/api/extensions.py:415}}
Aug 22 09:21:57.502733 np0000190483 devstack@neutron-api.service[101610]: INFO neutron.api.extensions [None req-264b5150-23d6-46d8-96e0-e63f622deaa7 None None] Extension ip_allocation not supported by any of loaded plugins
Aug 22 09:21:57.502827 np0000190483 devstack@neutron-api.service[101610]: DEBUG neutron.api.extensions [None req-264b5150-23d6-46d8-96e0-e63f622deaa7 None None] Loading extension file: ip_substring_port_filtering.py {{(pid=101610) _load_all_extensions_from_path /opt/stack/neutron/neutron/api/extensions.py:449}}
Aug 22 09:21:57.503102 np0000190483 devstack@neutron-api.service[101610]: DEBUG neutron.api.extensions [None req-264b5150-23d6-46d8-96e0-e63f622deaa7 None None] Ext name="IP address substring filtering" alias="ip-substring-filtering" description="Provides IP address substring filtering when listing ports" updated="2017-11-28T09:00:00-00:00" {{(pid=101610) _check_extension /opt/stack/neutron/neutron/api/extensions.py:415}}
Aug 22 09:21:57.503307 np0000190483 devstack@neutron-api.service[101610]: INFO neutron.api.extensions [None req-264b5150-23d6-46d8-96e0-e63f622deaa7 None None] Extension ip-substring-filtering not supported by any of loaded plugins
Aug 22 09:21:57.503402 np0000190483 devstack@neutron-api.service[101610]: DEBUG neutron.api.extensions [None req-264b5150-23d6-46d8-96e0-e63f622deaa7 None None] Loading extension file: l2_adjacency.py {{(pid=101610) _load_all_extensions_from_path /opt/stack/neutron/neutron/api/extensions.py:449}}
Aug 22 09:21:57.503645 np0000190483 devstack@neutron-api.service[101610]: DEBUG neutron.api.extensions [None req-264b5150-23d6-46d8-96e0-e63f622deaa7 None None] Ext name="L2 Adjacency" alias="l2_adjacency" description="Display L2 Adjacency for Neutron Networks." updated="2016-04-12T16:00:00-00:00" {{(pid=101610) _check_extension /opt/stack/neutron/neutron/api/extensions.py:415}}
Aug 22 09:21:57.503843 np0000190483 devstack@neutron-api.service[101610]: INFO neutron.api.extensions [None req-264b5150-23d6-46d8-96e0-e63f622deaa7 None None] Extension l2_adjacency not supported by any of loaded plugins
Aug 22 09:21:57.503931 np0000190483 devstack@neutron-api.service[101610]: DEBUG neutron.api.extensions [None req-264b5150-23d6-46d8-96e0-e63f622deaa7 None None] Loading extension file: l3.py {{(pid=101610) _load_all_extensions_from_path /opt/stack/neutron/neutron/api/extensions.py:449}}
Aug 22 09:21:57.504484 np0000190483 devstack@neutron-api.service[101610]: DEBUG neutron.api.extensions [None req-264b5150-23d6-46d8-96e0-e63f622deaa7 None None] Ext name="Neutron L3 Router" alias="router" description="Router abstraction for basic L3 forwarding between L2 Neutron networks and access to external networks via a NAT gateway." updated="2012-07-20T10:00:00-00:00" {{(pid=101610) _check_extension /opt/stack/neutron/neutron/api/extensions.py:415}}
Aug 22 09:21:57.504672 np0000190483 devstack@neutron-api.service[101610]: INFO neutron.api.extensions [None req-264b5150-23d6-46d8-96e0-e63f622deaa7 None None] Loaded extension: router
Aug 22 09:21:57.504789 np0000190483 devstack@neutron-api.service[101610]: DEBUG neutron.api.extensions [None req-264b5150-23d6-46d8-96e0-e63f622deaa7 None None] Loading extension file: l3_agent_scheduler_ha_chassis_priority.py {{(pid=101610) _load_all_extensions_from_path /opt/stack/neutron/neutron/api/extensions.py:449}}
Aug 22 09:21:57.505085 np0000190483 devstack@neutron-api.service[101610]: DEBUG neutron.api.extensions [None req-264b5150-23d6-46d8-96e0-e63f622deaa7 None None] Ext name="L3 Agent Scheduler HA Chassis Priority" alias="l3-agent-scheduler-ha-chassis-priority" description="Exposes the HA_Chassis priority in the L3 Agent Scheduler API responses and allows setting priority when scheduling a router to a chassis." updated="2026-03-31T00:00:00-00:00" {{(pid=101610) _check_extension /opt/stack/neutron/neutron/api/extensions.py:415}}
Aug 22 09:21:57.505303 np0000190483 devstack@neutron-api.service[101610]: INFO neutron.api.extensions [None req-264b5150-23d6-46d8-96e0-e63f622deaa7 None None] Loaded extension: l3-agent-scheduler-ha-chassis-priority
Aug 22 09:21:57.505402 np0000190483 devstack@neutron-api.service[101610]: DEBUG neutron.api.extensions [None req-264b5150-23d6-46d8-96e0-e63f622deaa7 None None] Loading extension file: l3_conntrack_helper.py {{(pid=101610) _load_all_extensions_from_path /opt/stack/neutron/neutron/api/extensions.py:449}}
Aug 22 09:21:57.506123 np0000190483 devstack@neutron-api.service[101610]: DEBUG neutron.api.extensions [None req-264b5150-23d6-46d8-96e0-e63f622deaa7 None None] Ext name="L3 Conntrack helper" alias="l3-conntrack-helper" description="Allow adding CT target rules for conntrack helper" updated="2019-04-04T10:00:00-00:00" {{(pid=101610) _check_extension /opt/stack/neutron/neutron/api/extensions.py:415}}
Aug 22 09:21:57.506342 np0000190483 devstack@neutron-api.service[101610]: INFO neutron.api.extensions [None req-264b5150-23d6-46d8-96e0-e63f622deaa7 None None] Extension l3-conntrack-helper not supported by any of loaded plugins
Aug 22 09:21:57.506440 np0000190483 devstack@neutron-api.service[101610]: DEBUG neutron.api.extensions [None req-264b5150-23d6-46d8-96e0-e63f622deaa7 None None] Loading extension file: l3_enable_default_route_bfd.py {{(pid=101610) _load_all_extensions_from_path /opt/stack/neutron/neutron/api/extensions.py:449}}
Aug 22 09:21:57.506705 np0000190483 devstack@neutron-api.service[101610]: DEBUG neutron.api.extensions [None req-264b5150-23d6-46d8-96e0-e63f622deaa7 None None] Ext name="Enable Default Route BFD" alias="enable-default-route-bfd" description="Enables configurable BFD behavior for default routes" updated="2023-02-27T00:00:00-00:00" {{(pid=101610) _check_extension /opt/stack/neutron/neutron/api/extensions.py:415}}
Aug 22 09:21:57.506895 np0000190483 devstack@neutron-api.service[101610]: INFO neutron.api.extensions [None req-264b5150-23d6-46d8-96e0-e63f622deaa7 None None] Loaded extension: enable-default-route-bfd
Aug 22 09:21:57.506996 np0000190483 devstack@neutron-api.service[101610]: DEBUG neutron.api.extensions [None req-264b5150-23d6-46d8-96e0-e63f622deaa7 None None] Loading extension file: l3_enable_default_route_ecmp.py {{(pid=101610) _load_all_extensions_from_path /opt/stack/neutron/neutron/api/extensions.py:449}}
Aug 22 09:21:57.507290 np0000190483 devstack@neutron-api.service[101610]: DEBUG neutron.api.extensions [None req-264b5150-23d6-46d8-96e0-e63f622deaa7 None None] Ext name="Enable Default Route ECMP" alias="enable-default-route-ecmp" description="Enables configurable ECMP behavior for default routes" updated="2023-02-27T00:00:00-00:00" {{(pid=101610) _check_extension /opt/stack/neutron/neutron/api/extensions.py:415}}
Aug 22 09:21:57.507473 np0000190483 devstack@neutron-api.service[101610]: INFO neutron.api.extensions [None req-264b5150-23d6-46d8-96e0-e63f622deaa7 None None] Loaded extension: enable-default-route-ecmp
Aug 22 09:21:57.507567 np0000190483 devstack@neutron-api.service[101610]: DEBUG neutron.api.extensions [None req-264b5150-23d6-46d8-96e0-e63f622deaa7 None None] Loading extension file: l3_ext_gw_mode.py {{(pid=101610) _load_all_extensions_from_path /opt/stack/neutron/neutron/api/extensions.py:449}}
Aug 22 09:21:57.507826 np0000190483 devstack@neutron-api.service[101610]: DEBUG neutron.api.extensions [None req-264b5150-23d6-46d8-96e0-e63f622deaa7 None None] Ext name="Neutron L3 Configurable external gateway mode" alias="ext-gw-mode" description="Extension of the router abstraction for specifying whether SNAT should occur on the external gateway" updated="2013-03-28T10:00:00-00:00" {{(pid=101610) _check_extension /opt/stack/neutron/neutron/api/extensions.py:415}}
Aug 22 09:21:57.508024 np0000190483 devstack@neutron-api.service[101610]: INFO neutron.api.extensions [None req-264b5150-23d6-46d8-96e0-e63f622deaa7 None None] Loaded extension: ext-gw-mode
Aug 22 09:21:57.508129 np0000190483 devstack@neutron-api.service[101610]: DEBUG neutron.api.extensions [None req-264b5150-23d6-46d8-96e0-e63f622deaa7 None None] Loading extension file: l3_ext_ha_mode.py {{(pid=101610) _load_all_extensions_from_path /opt/stack/neutron/neutron/api/extensions.py:449}}
Aug 22 09:21:57.508409 np0000190483 devstack@neutron-api.service[101610]: DEBUG neutron.api.extensions [None req-264b5150-23d6-46d8-96e0-e63f622deaa7 None None] Ext name="HA Router extension" alias="l3-ha" description="Adds HA capability to routers." updated="2014-04-26T00:00:00-00:00" {{(pid=101610) _check_extension /opt/stack/neutron/neutron/api/extensions.py:415}}
Aug 22 09:21:57.508487 np0000190483 devstack@neutron-api.service[101613]: DEBUG neutron_lib.callbacks.manager [None req-86ac8356-fff8-47b0-916e-d71eadcf5a8e None None] Subscribe: > router before_delete 55550000, False {{(pid=101613) subscribe /opt/stack/data/venv/lib/python3.12/site-packages/neutron_lib/callbacks/manager.py:52}}
Aug 22 09:21:57.508590 np0000190483 devstack@neutron-api.service[101610]: INFO neutron.api.extensions [None req-264b5150-23d6-46d8-96e0-e63f622deaa7 None None] Loaded extension: l3-ha
Aug 22 09:21:57.508624 np0000190483 devstack@neutron-api.service[101613]: DEBUG neutron_lib.callbacks.manager [None req-86ac8356-fff8-47b0-916e-d71eadcf5a8e None None] Subscribe: port before_update 55550000, False {{(pid=101613) subscribe /opt/stack/data/venv/lib/python3.12/site-packages/neutron_lib/callbacks/manager.py:52}}
Aug 22 09:21:57.508690 np0000190483 devstack@neutron-api.service[101610]: DEBUG neutron.api.extensions [None req-264b5150-23d6-46d8-96e0-e63f622deaa7 None None] Loading extension file: l3_ext_ndp_proxy.py {{(pid=101610) _load_all_extensions_from_path /opt/stack/neutron/neutron/api/extensions.py:449}}
Aug 22 09:21:57.508750 np0000190483 devstack@neutron-api.service[101613]: DEBUG neutron_lib.callbacks.manager [None req-86ac8356-fff8-47b0-916e-d71eadcf5a8e None None] Subscribe: port after_update 55550000, False {{(pid=101613) subscribe /opt/stack/data/venv/lib/python3.12/site-packages/neutron_lib/callbacks/manager.py:52}}
Aug 22 09:21:57.508861 np0000190483 devstack@neutron-api.service[101613]: DEBUG neutron_lib.callbacks.manager [None req-86ac8356-fff8-47b0-916e-d71eadcf5a8e None None] Subscribe: > port precommit_delete 55550000, False {{(pid=101613) subscribe /opt/stack/data/venv/lib/python3.12/site-packages/neutron_lib/callbacks/manager.py:52}}
Aug 22 09:21:57.508934 np0000190483 devstack@neutron-api.service[101610]: DEBUG neutron.api.extensions [None req-264b5150-23d6-46d8-96e0-e63f622deaa7 None None] Ext name="Router support to enable NDP proxy" alias="l3-ext-ndp-proxy" description="Router extension to enable ndp proxy" updated="2020-08-25T00:00:00-00:00" {{(pid=101610) _check_extension /opt/stack/neutron/neutron/api/extensions.py:415}}
Aug 22 09:21:57.508969 np0000190483 devstack@neutron-api.service[101613]: DEBUG neutron_lib.callbacks.manager [None req-86ac8356-fff8-47b0-916e-d71eadcf5a8e None None] Subscribe: port before_update 55550000, False {{(pid=101613) subscribe /opt/stack/data/venv/lib/python3.12/site-packages/neutron_lib/callbacks/manager.py:52}}
Aug 22 09:21:57.509094 np0000190483 devstack@neutron-api.service[101613]: DEBUG neutron_lib.callbacks.manager [None req-86ac8356-fff8-47b0-916e-d71eadcf5a8e None None] Subscribe: port before_delete 55550000, False {{(pid=101613) subscribe /opt/stack/data/venv/lib/python3.12/site-packages/neutron_lib/callbacks/manager.py:52}}
Aug 22 09:21:57.509203 np0000190483 devstack@neutron-api.service[101613]: DEBUG neutron_lib.callbacks.manager [None req-86ac8356-fff8-47b0-916e-d71eadcf5a8e None None] Subscribe: > router precommit_create 55550000, False {{(pid=101613) subscribe /opt/stack/data/venv/lib/python3.12/site-packages/neutron_lib/callbacks/manager.py:52}}
Aug 22 09:21:57.509300 np0000190483 devstack@neutron-api.service[101610]: INFO neutron.api.extensions [None req-264b5150-23d6-46d8-96e0-e63f622deaa7 None None] Extension l3-ext-ndp-proxy not supported by any of loaded plugins
Aug 22 09:21:57.509333 np0000190483 devstack@neutron-api.service[101613]: DEBUG neutron_lib.callbacks.manager [None req-86ac8356-fff8-47b0-916e-d71eadcf5a8e None None] Subscribe: > router precommit_create 55550000, False {{(pid=101613) subscribe /opt/stack/data/venv/lib/python3.12/site-packages/neutron_lib/callbacks/manager.py:52}}
Aug 22 09:21:57.509405 np0000190483 devstack@neutron-api.service[101613]: DEBUG neutron_lib.callbacks.manager [None req-86ac8356-fff8-47b0-916e-d71eadcf5a8e None None] Subscribe: > router precommit_update 55550000, False {{(pid=101613) subscribe /opt/stack/data/venv/lib/python3.12/site-packages/neutron_lib/callbacks/manager.py:52}}
Aug 22 09:21:57.509442 np0000190483 devstack@neutron-api.service[101610]: DEBUG neutron.api.extensions [None req-264b5150-23d6-46d8-96e0-e63f622deaa7 None None] Loading extension file: l3_extra_gws.py {{(pid=101610) _load_all_extensions_from_path /opt/stack/neutron/neutron/api/extensions.py:449}}
Aug 22 09:21:57.509514 np0000190483 devstack@neutron-api.service[101613]: DEBUG neutron_lib.callbacks.manager [None req-86ac8356-fff8-47b0-916e-d71eadcf5a8e None None] Subscribe: subnet after_update 55550000, False {{(pid=101613) subscribe /opt/stack/data/venv/lib/python3.12/site-packages/neutron_lib/callbacks/manager.py:52}}
Aug 22 09:21:57.509660 np0000190483 devstack@neutron-api.service[101610]: DEBUG neutron.api.extensions [None req-264b5150-23d6-46d8-96e0-e63f622deaa7 None None] Ext name="Neutron L3 External Gateway Multihoming" alias="external-gateway-multihoming" description="Allow multiple external gateway ports per router" updated="2023-01-18T00:00:00-00:00" {{(pid=101610) _check_extension /opt/stack/neutron/neutron/api/extensions.py:415}}
Aug 22 09:21:57.509738 np0000190483 devstack@neutron-api.service[101613]: DEBUG neutron.quota.resource_registry [None req-86ac8356-fff8-47b0-916e-d71eadcf5a8e None None] Tracking information for resource: router configured {{(pid=101613) set_tracked_resource /opt/stack/neutron/neutron/quota/resource_registry.py:203}}
Aug 22 09:21:57.509836 np0000190483 devstack@neutron-api.service[101613]: DEBUG neutron.quota.resource_registry [None req-86ac8356-fff8-47b0-916e-d71eadcf5a8e None None] Tracking information for resource: floatingip configured {{(pid=101613) set_tracked_resource /opt/stack/neutron/neutron/quota/resource_registry.py:203}}
Aug 22 09:21:57.509870 np0000190483 devstack@neutron-api.service[101610]: INFO neutron.api.extensions [None req-264b5150-23d6-46d8-96e0-e63f622deaa7 None None] Loaded extension: external-gateway-multihoming
Aug 22 09:21:57.509926 np0000190483 devstack@neutron-api.service[101613]: INFO neutron.services.ovn_l3.plugin [None req-86ac8356-fff8-47b0-916e-d71eadcf5a8e None None] Starting OVNL3RouterPlugin
Aug 22 09:21:57.509959 np0000190483 devstack@neutron-api.service[101610]: DEBUG neutron.api.extensions [None req-264b5150-23d6-46d8-96e0-e63f622deaa7 None None] Loading extension file: l3_flavors.py {{(pid=101610) _load_all_extensions_from_path /opt/stack/neutron/neutron/api/extensions.py:449}}
Aug 22 09:21:57.510141 np0000190483 devstack@neutron-api.service[101613]: DEBUG neutron_lib.callbacks.manager [None req-86ac8356-fff8-47b0-916e-d71eadcf5a8e None None] Subscribe: > port_forwarding_plugin after_init 55550000, False {{(pid=101613) subscribe /opt/stack/data/venv/lib/python3.12/site-packages/neutron_lib/callbacks/manager.py:52}}
Aug 22 09:21:57.510222 np0000190483 devstack@neutron-api.service[101610]: DEBUG neutron.api.extensions [None req-264b5150-23d6-46d8-96e0-e63f622deaa7 None None] Ext name="Router Flavor Extension" alias="l3-flavors" description="Flavor support for routers." updated="2016-05-17T00:00:00-00:00" {{(pid=101610) _check_extension /opt/stack/neutron/neutron/api/extensions.py:415}}
Aug 22 09:21:57.510343 np0000190483 devstack@neutron-api.service[101613]: DEBUG neutron_lib.callbacks.manager [None req-86ac8356-fff8-47b0-916e-d71eadcf5a8e None None] Subscribe: > router before_create 55550100, False {{(pid=101613) subscribe /opt/stack/data/venv/lib/python3.12/site-packages/neutron_lib/callbacks/manager.py:52}}
Aug 22 09:21:57.510413 np0000190483 devstack@neutron-api.service[101610]: INFO neutron.api.extensions [None req-264b5150-23d6-46d8-96e0-e63f622deaa7 None None] Loaded extension: l3-flavors
Aug 22 09:21:57.510454 np0000190483 devstack@neutron-api.service[101613]: DEBUG neutron_lib.callbacks.manager [None req-86ac8356-fff8-47b0-916e-d71eadcf5a8e None None] Subscribe: > router precommit_delete 55550100, False {{(pid=101613) subscribe /opt/stack/data/venv/lib/python3.12/site-packages/neutron_lib/callbacks/manager.py:52}}
Aug 22 09:21:57.510508 np0000190483 devstack@neutron-api.service[101610]: DEBUG neutron.api.extensions [None req-264b5150-23d6-46d8-96e0-e63f622deaa7 None None] Loading extension file: l3_ndp_proxy.py {{(pid=101610) _load_all_extensions_from_path /opt/stack/neutron/neutron/api/extensions.py:449}}
Aug 22 09:21:57.510540 np0000190483 devstack@neutron-api.service[101613]: DEBUG neutron_lib.callbacks.manager [None req-86ac8356-fff8-47b0-916e-d71eadcf5a8e None None] Subscribe: > router precommit_create 55550100, False {{(pid=101613) subscribe /opt/stack/data/venv/lib/python3.12/site-packages/neutron_lib/callbacks/manager.py:52}}
Aug 22 09:21:57.510648 np0000190483 devstack@neutron-api.service[101613]: DEBUG neutron_lib.callbacks.manager [None req-86ac8356-fff8-47b0-916e-d71eadcf5a8e None None] Subscribe: > router precommit_update 55550100, False {{(pid=101613) subscribe /opt/stack/data/venv/lib/python3.12/site-packages/neutron_lib/callbacks/manager.py:52}}
Aug 22 09:21:57.510837 np0000190483 devstack@neutron-api.service[101610]: DEBUG neutron.api.extensions [None req-264b5150-23d6-46d8-96e0-e63f622deaa7 None None] Ext name="name" alias="l3-ndp-proxy" description="description" updated="2021-06-29T10:00:00-00:00" {{(pid=101610) _check_extension /opt/stack/neutron/neutron/api/extensions.py:415}}
Aug 22 09:21:57.511044 np0000190483 devstack@neutron-api.service[101610]: INFO neutron.api.extensions [None req-264b5150-23d6-46d8-96e0-e63f622deaa7 None None] Extension l3-ndp-proxy not supported by any of loaded plugins
Aug 22 09:21:57.511149 np0000190483 devstack@neutron-api.service[101610]: DEBUG neutron.api.extensions [None req-264b5150-23d6-46d8-96e0-e63f622deaa7 None None] Loading extension file: l3_port_ip_change_not_allowed.py {{(pid=101610) _load_all_extensions_from_path /opt/stack/neutron/neutron/api/extensions.py:449}}
Aug 22 09:21:57.511424 np0000190483 devstack@neutron-api.service[101610]: DEBUG neutron.api.extensions [None req-264b5150-23d6-46d8-96e0-e63f622deaa7 None None] Ext name="Prevent L3 router ports IP address change extension" alias="l3-port-ip-change-not-allowed" description="Prevent change of IP address for some L3 router ports" updated="2018-10-09T10:00:00-00:00" {{(pid=101610) _check_extension /opt/stack/neutron/neutron/api/extensions.py:415}}
Aug 22 09:21:57.511634 np0000190483 devstack@neutron-api.service[101610]: INFO neutron.api.extensions [None req-264b5150-23d6-46d8-96e0-e63f622deaa7 None None] Extension l3-port-ip-change-not-allowed not supported by any of loaded plugins
Aug 22 09:21:57.511756 np0000190483 devstack@neutron-api.service[101610]: DEBUG neutron.api.extensions [None req-264b5150-23d6-46d8-96e0-e63f622deaa7 None None] Loading extension file: l3agentscheduler.py {{(pid=101610) _load_all_extensions_from_path /opt/stack/neutron/neutron/api/extensions.py:449}}
Aug 22 09:21:57.512491 np0000190483 devstack@neutron-api.service[101610]: DEBUG neutron.api.extensions [None req-264b5150-23d6-46d8-96e0-e63f622deaa7 None None] Ext name="L3 Agent Scheduler" alias="l3_agent_scheduler" description="Schedule routers among l3 agents" updated="2013-02-07T10:00:00-00:00" {{(pid=101610) _check_extension /opt/stack/neutron/neutron/api/extensions.py:415}}
Aug 22 09:21:57.512686 np0000190483 devstack@neutron-api.service[101610]: INFO neutron.api.extensions [None req-264b5150-23d6-46d8-96e0-e63f622deaa7 None None] Loaded extension: l3_agent_scheduler
Aug 22 09:21:57.512787 np0000190483 devstack@neutron-api.service[101610]: DEBUG neutron.api.extensions [None req-264b5150-23d6-46d8-96e0-e63f622deaa7 None None] Loading extension file: local_ip.py {{(pid=101610) _load_all_extensions_from_path /opt/stack/neutron/neutron/api/extensions.py:449}}
Aug 22 09:21:57.513177 np0000190483 devstack@neutron-api.service[101610]: DEBUG neutron.api.extensions [None req-264b5150-23d6-46d8-96e0-e63f622deaa7 None None] Ext name="Local IP" alias="local_ip" description="Support Node Local Virtual IP" updated="2021-07-26T10:00:00-00:00" {{(pid=101610) _check_extension /opt/stack/neutron/neutron/api/extensions.py:415}}
Aug 22 09:21:57.513391 np0000190483 devstack@neutron-api.service[101610]: INFO neutron.api.extensions [None req-264b5150-23d6-46d8-96e0-e63f622deaa7 None None] Extension local_ip not supported by any of loaded plugins
Aug 22 09:21:57.513485 np0000190483 devstack@neutron-api.service[101610]: DEBUG neutron.api.extensions [None req-264b5150-23d6-46d8-96e0-e63f622deaa7 None None] Loading extension file: logging.py {{(pid=101610) _load_all_extensions_from_path /opt/stack/neutron/neutron/api/extensions.py:449}}
Aug 22 09:21:57.513834 np0000190483 devstack@neutron-api.service[101610]: DEBUG neutron.api.extensions [None req-264b5150-23d6-46d8-96e0-e63f622deaa7 None None] Ext name="Logging API Extension" alias="logging" description="Provides a logging API for resources such as security group and firewall." updated="2017-01-01T10:00:00-00:00" {{(pid=101610) _check_extension /opt/stack/neutron/neutron/api/extensions.py:415}}
Aug 22 09:21:57.514037 np0000190483 devstack@neutron-api.service[101610]: INFO neutron.api.extensions [None req-264b5150-23d6-46d8-96e0-e63f622deaa7 None None] Extension logging not supported by any of loaded plugins
Aug 22 09:21:57.514143 np0000190483 devstack@neutron-api.service[101610]: DEBUG neutron.api.extensions [None req-264b5150-23d6-46d8-96e0-e63f622deaa7 None None] Loading extension file: metering.py {{(pid=101610) _load_all_extensions_from_path /opt/stack/neutron/neutron/api/extensions.py:449}}
Aug 22 09:21:57.514234 np0000190483 devstack@neutron-api.service[101613]: DEBUG neutron.services.provider_configuration [None req-86ac8356-fff8-47b0-916e-d71eadcf5a8e None None] Service providers = [] {{(pid=101613) parse_service_provider_opt /opt/stack/neutron/neutron/services/provider_configuration.py:170}}
Aug 22 09:21:57.514343 np0000190483 devstack@neutron-api.service[101613]: DEBUG neutron.db.servicetype_db [None req-86ac8356-fff8-47b0-916e-d71eadcf5a8e None None] Adding provider configuration for service L3_ROUTER_NAT {{(pid=101613) add_provider_configuration /opt/stack/neutron/neutron/db/servicetype_db.py:45}}
Aug 22 09:21:57.514510 np0000190483 devstack@neutron-api.service[101610]: DEBUG neutron.api.extensions [None req-264b5150-23d6-46d8-96e0-e63f622deaa7 None None] Ext name="Neutron Metering" alias="metering" description="Neutron Metering extension." updated="2013-06-12T10:00:00-00:00" {{(pid=101610) _check_extension /opt/stack/neutron/neutron/api/extensions.py:415}}
Aug 22 09:21:57.514710 np0000190483 devstack@neutron-api.service[101610]: INFO neutron.api.extensions [None req-264b5150-23d6-46d8-96e0-e63f622deaa7 None None] Extension metering not supported by any of loaded plugins
Aug 22 09:21:57.514804 np0000190483 devstack@neutron-api.service[101610]: DEBUG neutron.api.extensions [None req-264b5150-23d6-46d8-96e0-e63f622deaa7 None None] Loading extension file: metering_source_and_destination_fields.py {{(pid=101610) _load_all_extensions_from_path /opt/stack/neutron/neutron/api/extensions.py:449}}
Aug 22 09:21:57.515088 np0000190483 devstack@neutron-api.service[101610]: DEBUG neutron.api.extensions [None req-264b5150-23d6-46d8-96e0-e63f622deaa7 None None] Ext name="Neutron Metering with source and destination filtering" alias="metering_source_and_destination_fields" description="Neutron Metering extension that enables the use of source and destination IP prefixes to create metering label rules." updated="2020-08-21T08:12:00-00:00" {{(pid=101610) _check_extension /opt/stack/neutron/neutron/api/extensions.py:415}}
Aug 22 09:21:57.515291 np0000190483 devstack@neutron-api.service[101610]: INFO neutron.api.extensions [None req-264b5150-23d6-46d8-96e0-e63f622deaa7 None None] Extension metering_source_and_destination_fields not supported by any of loaded plugins
Aug 22 09:21:57.515402 np0000190483 devstack@neutron-api.service[101610]: DEBUG neutron.api.extensions [None req-264b5150-23d6-46d8-96e0-e63f622deaa7 None None] Loading extension file: multiprovidernet.py {{(pid=101610) _load_all_extensions_from_path /opt/stack/neutron/neutron/api/extensions.py:449}}
Aug 22 09:21:57.515452 np0000190483 devstack@neutron-api.service[101613]: DEBUG neutron_lib.callbacks.manager [None req-86ac8356-fff8-47b0-916e-d71eadcf5a8e None None] Subscribe: > router precommit_create 55549900, False {{(pid=101613) subscribe /opt/stack/data/venv/lib/python3.12/site-packages/neutron_lib/callbacks/manager.py:52}}
Aug 22 09:21:57.515573 np0000190483 devstack@neutron-api.service[101613]: DEBUG neutron_lib.callbacks.manager [None req-86ac8356-fff8-47b0-916e-d71eadcf5a8e None None] Subscribe: > router_interface after_create 55550000, False {{(pid=101613) subscribe /opt/stack/data/venv/lib/python3.12/site-packages/neutron_lib/callbacks/manager.py:52}}
Aug 22 09:21:57.515642 np0000190483 devstack@neutron-api.service[101610]: DEBUG neutron.api.extensions [None req-264b5150-23d6-46d8-96e0-e63f622deaa7 None None] Ext name="Multi Provider Network" alias="multi-provider" description="Expose mapping of virtual networks to multiple physical networks" updated="2013-06-27T10:00:00-00:00" {{(pid=101610) _check_extension /opt/stack/neutron/neutron/api/extensions.py:415}}
Aug 22 09:21:57.515696 np0000190483 devstack@neutron-api.service[101613]: DEBUG neutron_lib.callbacks.manager [None req-86ac8356-fff8-47b0-916e-d71eadcf5a8e None None] Subscribe: > floatingip after_create 55550000, False {{(pid=101613) subscribe /opt/stack/data/venv/lib/python3.12/site-packages/neutron_lib/callbacks/manager.py:52}}
Aug 22 09:21:57.515798 np0000190483 devstack@neutron-api.service[101613]: DEBUG neutron_lib.callbacks.manager [None req-86ac8356-fff8-47b0-916e-d71eadcf5a8e None None] Subscribe: > floatingip precommit_create 55550000, False {{(pid=101613) subscribe /opt/stack/data/venv/lib/python3.12/site-packages/neutron_lib/callbacks/manager.py:52}}
Aug 22 09:21:57.515837 np0000190483 devstack@neutron-api.service[101610]: INFO neutron.api.extensions [None req-264b5150-23d6-46d8-96e0-e63f622deaa7 None None] Loaded extension: multi-provider
Aug 22 09:21:57.515899 np0000190483 devstack@neutron-api.service[101613]: DEBUG neutron_lib.callbacks.manager [None req-86ac8356-fff8-47b0-916e-d71eadcf5a8e None None] Subscribe: > floatingip precommit_update 55550000, False {{(pid=101613) subscribe /opt/stack/data/venv/lib/python3.12/site-packages/neutron_lib/callbacks/manager.py:52}}
Aug 22 09:21:57.515934 np0000190483 devstack@neutron-api.service[101610]: DEBUG neutron.api.extensions [None req-264b5150-23d6-46d8-96e0-e63f622deaa7 None None] Loading extension file: netmtu.py {{(pid=101610) _load_all_extensions_from_path /opt/stack/neutron/neutron/api/extensions.py:449}}
Aug 22 09:21:57.516003 np0000190483 devstack@neutron-api.service[101613]: DEBUG neutron_lib.callbacks.manager [None req-86ac8356-fff8-47b0-916e-d71eadcf5a8e None None] Subscribe: > floatingip after_delete 55550000, False {{(pid=101613) subscribe /opt/stack/data/venv/lib/python3.12/site-packages/neutron_lib/callbacks/manager.py:52}}
Aug 22 09:21:57.516107 np0000190483 devstack@neutron-api.service[101613]: DEBUG neutron_lib.callbacks.manager [None req-86ac8356-fff8-47b0-916e-d71eadcf5a8e None None] Subscribe: > floatingip after_status_update 55550000, False {{(pid=101613) subscribe /opt/stack/data/venv/lib/python3.12/site-packages/neutron_lib/callbacks/manager.py:52}}
Aug 22 09:21:57.516186 np0000190483 devstack@neutron-api.service[101610]: DEBUG neutron.api.extensions [None req-264b5150-23d6-46d8-96e0-e63f622deaa7 None None] Ext name="Network MTU" alias="net-mtu" description="Provides MTU attribute for a network resource." updated="2015-03-25T10:00:00-00:00" {{(pid=101610) _check_extension /opt/stack/neutron/neutron/api/extensions.py:415}}
Aug 22 09:21:57.516220 np0000190483 devstack@neutron-api.service[101613]: DEBUG neutron_lib.callbacks.manager [None req-86ac8356-fff8-47b0-916e-d71eadcf5a8e None None] Subscribe: > floatingip after_update 55550000, False {{(pid=101613) subscribe /opt/stack/data/venv/lib/python3.12/site-packages/neutron_lib/callbacks/manager.py:52}}
Aug 22 09:21:57.516338 np0000190483 devstack@neutron-api.service[101613]: DEBUG neutron_lib.callbacks.manager [None req-86ac8356-fff8-47b0-916e-d71eadcf5a8e None None] Subscribe: > port_forwarding after_create 55550000, False {{(pid=101613) subscribe /opt/stack/data/venv/lib/python3.12/site-packages/neutron_lib/callbacks/manager.py:52}}
Aug 22 09:21:57.516398 np0000190483 devstack@neutron-api.service[101610]: INFO neutron.api.extensions [None req-264b5150-23d6-46d8-96e0-e63f622deaa7 None None] Loaded extension: net-mtu
Aug 22 09:21:57.516432 np0000190483 devstack@neutron-api.service[101613]: DEBUG neutron_lib.callbacks.manager [None req-86ac8356-fff8-47b0-916e-d71eadcf5a8e None None] Subscribe: > router_interface after_delete 55550000, False {{(pid=101613) subscribe /opt/stack/data/venv/lib/python3.12/site-packages/neutron_lib/callbacks/manager.py:52}}
Aug 22 09:21:57.516496 np0000190483 devstack@neutron-api.service[101610]: DEBUG neutron.api.extensions [None req-264b5150-23d6-46d8-96e0-e63f622deaa7 None None] Loading extension file: netmtu_writable.py {{(pid=101610) _load_all_extensions_from_path /opt/stack/neutron/neutron/api/extensions.py:449}}
Aug 22 09:21:57.516534 np0000190483 devstack@neutron-api.service[101613]: DEBUG neutron_lib.callbacks.manager [None req-86ac8356-fff8-47b0-916e-d71eadcf5a8e None None] Subscribe: > router after_create 55550000, False {{(pid=101613) subscribe /opt/stack/data/venv/lib/python3.12/site-packages/neutron_lib/callbacks/manager.py:52}}
Aug 22 09:21:57.516605 np0000190483 devstack@neutron-api.service[101613]: DEBUG neutron_lib.callbacks.manager [None req-86ac8356-fff8-47b0-916e-d71eadcf5a8e None None] Subscribe: > router precommit_create 55550000, False {{(pid=101613) subscribe /opt/stack/data/venv/lib/python3.12/site-packages/neutron_lib/callbacks/manager.py:52}}
Aug 22 09:21:57.516728 np0000190483 devstack@neutron-api.service[101613]: DEBUG neutron_lib.callbacks.manager [None req-86ac8356-fff8-47b0-916e-d71eadcf5a8e None None] Subscribe: > router after_delete 55550000, False {{(pid=101613) subscribe /opt/stack/data/venv/lib/python3.12/site-packages/neutron_lib/callbacks/manager.py:52}}
Aug 22 09:21:57.516764 np0000190483 devstack@neutron-api.service[101610]: DEBUG neutron.api.extensions [None req-264b5150-23d6-46d8-96e0-e63f622deaa7 None None] Ext name="Network MTU (writable)" alias="net-mtu-writable" description="Provides a writable MTU attribute for a network resource." updated="2017-07-12T00:00:00-00:00" {{(pid=101610) _check_extension /opt/stack/neutron/neutron/api/extensions.py:415}}
Aug 22 09:21:57.516828 np0000190483 devstack@neutron-api.service[101613]: DEBUG neutron_lib.callbacks.manager [None req-86ac8356-fff8-47b0-916e-d71eadcf5a8e None None] Subscribe: > router after_update 55550000, False {{(pid=101613) subscribe /opt/stack/data/venv/lib/python3.12/site-packages/neutron_lib/callbacks/manager.py:52}}
Aug 22 09:21:57.516927 np0000190483 devstack@neutron-api.service[101610]: INFO neutron.api.extensions [None req-264b5150-23d6-46d8-96e0-e63f622deaa7 None None] Loaded extension: net-mtu-writable
Aug 22 09:21:57.516986 np0000190483 devstack@neutron-api.service[101613]: DEBUG neutron.services.service_base [None req-86ac8356-fff8-47b0-916e-d71eadcf5a8e None None] Loaded 'neutron.services.ovn_l3.service_providers.ovn.OvnDriver' provider for service L3_ROUTER_NAT {{(pid=101613) load_drivers /opt/stack/neutron/neutron/services/service_base.py:49}}
Aug 22 09:21:57.517091 np0000190483 devstack@neutron-api.service[101613]: DEBUG neutron_lib.callbacks.manager [None req-86ac8356-fff8-47b0-916e-d71eadcf5a8e None None] Subscribe: > process after_init 55550001, True {{(pid=101613) subscribe /opt/stack/data/venv/lib/python3.12/site-packages/neutron_lib/callbacks/manager.py:52}}
Aug 22 09:21:57.517215 np0000190483 devstack@neutron-api.service[101613]: DEBUG neutron.manager [None req-86ac8356-fff8-47b0-916e-d71eadcf5a8e None None] Successfully loaded L3_ROUTER_NAT plugin. Description: L3 Router Service Plugin for basic L3 forwarding using OVN {{(pid=101613) _create_and_add_service_plugin /opt/stack/neutron/neutron/manager.py:236}}
Aug 22 09:21:57.517303 np0000190483 devstack@neutron-api.service[101613]: INFO neutron.manager [None req-86ac8356-fff8-47b0-916e-d71eadcf5a8e None None] Loading Plugin: auto_allocate
Aug 22 09:21:57.517412 np0000190483 devstack@neutron-api.service[101610]: DEBUG neutron.api.extensions [None req-264b5150-23d6-46d8-96e0-e63f622deaa7 None None] Loading extension file: network_availability_zone.py {{(pid=101610) _load_all_extensions_from_path /opt/stack/neutron/neutron/api/extensions.py:449}}
Aug 22 09:21:57.518231 np0000190483 devstack@neutron-api.service[101613]: DEBUG neutron_lib.callbacks.manager [None req-86ac8356-fff8-47b0-916e-d71eadcf5a8e None None] Subscribe: network precommit_update 55550000, False {{(pid=101613) subscribe /opt/stack/data/venv/lib/python3.12/site-packages/neutron_lib/callbacks/manager.py:52}}
Aug 22 09:21:57.518335 np0000190483 devstack@neutron-api.service[101613]: DEBUG neutron_lib.callbacks.manager [None req-86ac8356-fff8-47b0-916e-d71eadcf5a8e None None] Subscribe: network precommit_create 55550000, False {{(pid=101613) subscribe /opt/stack/data/venv/lib/python3.12/site-packages/neutron_lib/callbacks/manager.py:52}}
Aug 22 09:21:57.518436 np0000190483 devstack@neutron-api.service[101610]: DEBUG neutron.api.extensions [None req-264b5150-23d6-46d8-96e0-e63f622deaa7 None None] Ext name="Network Availability Zone" alias="network_availability_zone" description="Availability zone support for network." updated="2015-01-01T10:00:00-00:00" {{(pid=101610) _check_extension /opt/stack/neutron/neutron/api/extensions.py:415}}
Aug 22 09:21:57.518552 np0000190483 devstack@neutron-api.service[101613]: DEBUG neutron.manager [None req-86ac8356-fff8-47b0-916e-d71eadcf5a8e None None] Successfully loaded auto-allocated-topology plugin. Description: Auto Allocated Topology - aka get me a network. {{(pid=101613) _create_and_add_service_plugin /opt/stack/neutron/neutron/manager.py:236}}
Aug 22 09:21:57.518638 np0000190483 devstack@neutron-api.service[101613]: INFO neutron.manager [None req-86ac8356-fff8-47b0-916e-d71eadcf5a8e None None] Loading Plugin: tag
Aug 22 09:21:57.518984 np0000190483 devstack@neutron-api.service[101610]: INFO neutron.api.extensions [None req-264b5150-23d6-46d8-96e0-e63f622deaa7 None None] Loaded extension: network_availability_zone
Aug 22 09:21:57.519188 np0000190483 devstack@neutron-api.service[101610]: DEBUG neutron.api.extensions [None req-264b5150-23d6-46d8-96e0-e63f622deaa7 None None] Loading extension file: network_ha.py {{(pid=101610) _load_all_extensions_from_path /opt/stack/neutron/neutron/api/extensions.py:449}}
Aug 22 09:21:57.519748 np0000190483 devstack@neutron-api.service[101610]: DEBUG neutron.api.extensions [None req-264b5150-23d6-46d8-96e0-e63f622deaa7 None None] Ext name="Network HA creation flag" alias="network_ha" description="Network high availability creation flag." updated="2023-04-27T10:00:00-00:00" {{(pid=101610) _check_extension /opt/stack/neutron/neutron/api/extensions.py:415}}
Aug 22 09:21:57.520144 np0000190483 devstack@neutron-api.service[101610]: INFO neutron.api.extensions [None req-264b5150-23d6-46d8-96e0-e63f622deaa7 None None] Extension network_ha not supported by any of loaded plugins
Aug 22 09:21:57.520345 np0000190483 devstack@neutron-api.service[101610]: DEBUG neutron.api.extensions [None req-264b5150-23d6-46d8-96e0-e63f622deaa7 None None] Loading extension file: network_ip_availability.py {{(pid=101610) _load_all_extensions_from_path /opt/stack/neutron/neutron/api/extensions.py:449}}
Aug 22 09:21:57.521019 np0000190483 devstack@neutron-api.service[101610]: DEBUG neutron.api.extensions [None req-264b5150-23d6-46d8-96e0-e63f622deaa7 None None] Ext name="Network IP Availability" alias="network-ip-availability" description="Provides IP availability data for each network and subnet." updated="2015-09-24T00:00:00-00:00" {{(pid=101610) _check_extension /opt/stack/neutron/neutron/api/extensions.py:415}}
Aug 22 09:21:57.521286 np0000190483 devstack@neutron-api.service[101613]: DEBUG neutron.manager [None req-86ac8356-fff8-47b0-916e-d71eadcf5a8e None None] Successfully loaded TAG plugin. Description: Tag support {{(pid=101613) _create_and_add_service_plugin /opt/stack/neutron/neutron/manager.py:236}}
Aug 22 09:21:57.521388 np0000190483 devstack@neutron-api.service[101613]: INFO neutron.manager [None req-86ac8356-fff8-47b0-916e-d71eadcf5a8e None None] Loading Plugin: timestamp
Aug 22 09:21:57.521423 np0000190483 devstack@neutron-api.service[101610]: INFO neutron.api.extensions [None req-264b5150-23d6-46d8-96e0-e63f622deaa7 None None] Loaded extension: network-ip-availability
Aug 22 09:21:57.521600 np0000190483 devstack@neutron-api.service[101610]: DEBUG neutron.api.extensions [None req-264b5150-23d6-46d8-96e0-e63f622deaa7 None None] Loading extension file: network_ip_availability_details.py {{(pid=101610) _load_all_extensions_from_path /opt/stack/neutron/neutron/api/extensions.py:449}}
Aug 22 09:21:57.522191 np0000190483 devstack@neutron-api.service[101610]: DEBUG neutron.api.extensions [None req-264b5150-23d6-46d8-96e0-e63f622deaa7 None None] Ext name="Network IP Availability Details Extension" alias="network-ip-availability-details" description="Add ip_availability_details attribute to network-ip-availabilities resource." updated="2025-10-31T00:00:00-00:00" {{(pid=101610) _check_extension /opt/stack/neutron/neutron/api/extensions.py:415}}
Aug 22 09:21:57.522570 np0000190483 devstack@neutron-api.service[101610]: INFO neutron.api.extensions [None req-264b5150-23d6-46d8-96e0-e63f622deaa7 None None] Loaded extension: network-ip-availability-details
Aug 22 09:21:57.522764 np0000190483 devstack@neutron-api.service[101613]: DEBUG neutron.manager [None req-86ac8356-fff8-47b0-916e-d71eadcf5a8e None None] Successfully loaded timestamp plugin. Description: Adds timestamps to Neutron resources with standard attributes {{(pid=101613) _create_and_add_service_plugin /opt/stack/neutron/neutron/manager.py:236}}
Aug 22 09:21:57.522803 np0000190483 devstack@neutron-api.service[101610]: DEBUG neutron.api.extensions [None req-264b5150-23d6-46d8-96e0-e63f622deaa7 None None] Loading extension file: network_segment_range.py {{(pid=101610) _load_all_extensions_from_path /opt/stack/neutron/neutron/api/extensions.py:449}}
