Mar 26 22:36:38.653483 np0000161110 systemd[1]: Starting devstack@n-api-meta.service - Devstack devstack@n-api-meta.service...
Mar 26 22:36:38.669207 np0000161110 devstack@n-api-meta.service[107453]: [uWSGI] getting INI configuration from /etc/nova/nova-metadata-uwsgi.ini
Mar 26 22:36:38.669780 np0000161110 devstack@n-api-meta.service[107453]: open("./http_plugin.so"): No such file or directory [core/utils.c line 3709]
Mar 26 22:36:38.669780 np0000161110 devstack@n-api-meta.service[107453]: !!! UNABLE to load uWSGI plugin: ./http_plugin.so: cannot open shared object file: No such file or directory !!!
Mar 26 22:36:38.669780 np0000161110 devstack@n-api-meta.service[107453]: open("./python3_plugin.so"): No such file or directory [core/utils.c line 3709]
Mar 26 22:36:38.669780 np0000161110 devstack@n-api-meta.service[107453]: !!! UNABLE to load uWSGI plugin: ./python3_plugin.so: cannot open shared object file: No such file or directory !!!
Mar 26 22:36:38.669780 np0000161110 devstack@n-api-meta.service[107453]: *** Starting uWSGI 2.0.31 (64bit) on [Thu Mar 26 22:36:38 2026] ***
Mar 26 22:36:38.669780 np0000161110 devstack@n-api-meta.service[107453]: compiled with version: 13.3.0 on 26 March 2026 22:26:34
Mar 26 22:36:38.669780 np0000161110 devstack@n-api-meta.service[107453]: os: Linux-6.8.0-106-generic #106-Ubuntu SMP PREEMPT_DYNAMIC Fri Mar 6 07:58:08 UTC 2026
Mar 26 22:36:38.669780 np0000161110 devstack@n-api-meta.service[107453]: nodename: np0000161110
Mar 26 22:36:38.669780 np0000161110 devstack@n-api-meta.service[107453]: machine: x86_64
Mar 26 22:36:38.669780 np0000161110 devstack@n-api-meta.service[107453]: clock source: unix
Mar 26 22:36:38.669780 np0000161110 devstack@n-api-meta.service[107453]: pcre jit disabled
Mar 26 22:36:38.669780 np0000161110 devstack@n-api-meta.service[107453]: detected number of CPU cores: 16
Mar 26 22:36:38.669780 np0000161110 devstack@n-api-meta.service[107453]: current working directory: /
Mar 26 22:36:38.669780 np0000161110 devstack@n-api-meta.service[107453]: detected binary path: /opt/stack/data/venv/bin/uwsgi
Mar 26 22:36:38.669780 np0000161110 devstack@n-api-meta.service[107453]: your processes number limit is 256917
Mar 26 22:36:38.669780 np0000161110 devstack@n-api-meta.service[107453]: your memory page size is 4096 bytes
Mar 26 22:36:38.669780 np0000161110 devstack@n-api-meta.service[107453]: detected max file descriptor number: 2048
Mar 26 22:36:38.669780 np0000161110 devstack@n-api-meta.service[107453]: lock engine: pthread robust mutexes
Mar 26 22:36:38.669780 np0000161110 devstack@n-api-meta.service[107453]: thunder lock: enabled
Mar 26 22:36:38.671465 np0000161110 devstack@n-api-meta.service[107453]: uWSGI http bound on 0.0.0.0:8775 fd 5
Mar 26 22:36:38.671465 np0000161110 devstack@n-api-meta.service[107453]: uwsgi socket 0 bound to TCP address 127.0.0.1:34523 (port auto-assigned) fd 4
Mar 26 22:36:38.671465 np0000161110 devstack@n-api-meta.service[107453]: Python version: 3.12.3 (main, Mar 3 2026, 12:15:18) [GCC 13.3.0]
Mar 26 22:36:38.671465 np0000161110 devstack@n-api-meta.service[107453]: PEP 405 virtualenv detected: /opt/stack/data/venv
Mar 26 22:36:38.671465 np0000161110 devstack@n-api-meta.service[107453]: Set PythonHome to /opt/stack/data/venv
Mar 26 22:36:38.705257 np0000161110 devstack@n-api-meta.service[107453]: Python main interpreter initialized at 0x75c273aa3668
Mar 26 22:36:38.705257 np0000161110 devstack@n-api-meta.service[107453]: python threads support enabled
Mar 26 22:36:38.705257 np0000161110 devstack@n-api-meta.service[107453]: your server socket listen backlog is limited to 100 connections
Mar 26 22:36:38.705257 np0000161110 devstack@n-api-meta.service[107453]: your mercy for graceful operations on workers is 80 seconds
Mar 26 22:36:38.705819 np0000161110 devstack@n-api-meta.service[107453]: mapped 671795 bytes (656 KB) for 4 cores
Mar 26 22:36:38.705975 np0000161110 devstack@n-api-meta.service[107453]: *** Operational MODE: preforking ***
Mar 26 22:36:38.706189 np0000161110 devstack@n-api-meta.service[107453]: *** uWSGI is running in multiple interpreter mode ***
Mar 26 22:36:38.706189 np0000161110 devstack@n-api-meta.service[107453]: spawned uWSGI master process (pid: 107453)
Mar 26 22:36:38.706365 np0000161110 systemd[1]: Started devstack@n-api-meta.service - Devstack devstack@n-api-meta.service.
Mar 26 22:36:38.707017 np0000161110 devstack@n-api-meta.service[107453]: spawned uWSGI worker 1 (pid: 107454, cores: 1)
Mar 26 22:36:38.707540 np0000161110 devstack@n-api-meta.service[107453]: spawned uWSGI worker 2 (pid: 107455, cores: 1)
Mar 26 22:36:38.708126 np0000161110 devstack@n-api-meta.service[107453]: spawned uWSGI worker 3 (pid: 107456, cores: 1)
Mar 26 22:36:38.708609 np0000161110 devstack@n-api-meta.service[107453]: spawned uWSGI worker 4 (pid: 107457, cores: 1)
Mar 26 22:36:38.709199 np0000161110 devstack@n-api-meta.service[107453]: spawned uWSGI http 1 (pid: 107458)
Mar 26 22:36:38.709199 np0000161110 devstack@n-api-meta.service[107453]: running "unix_signal:15 gracefully_kill_them_all" (master-start)...
Mar 26 22:36:39.037456 np0000161110 devstack@n-api-meta.service[107455]: Service is starting with native threading. This is currently experimental. Do not use it in production without first testing it in pre-production.
Mar 26 22:36:39.045662 np0000161110 devstack@n-api-meta.service[107457]: Service is starting with native threading. This is currently experimental. Do not use it in production without first testing it in pre-production.
Mar 26 22:36:39.046273 np0000161110 devstack@n-api-meta.service[107456]: Service is starting with native threading. This is currently experimental. Do not use it in production without first testing it in pre-production.
Mar 26 22:36:39.046760 np0000161110 devstack@n-api-meta.service[107454]: Service is starting with native threading. This is currently experimental. Do not use it in production without first testing it in pre-production.
Mar 26 22:36:40.397999 np0000161110 devstack@n-api-meta.service[107455]: INFO dbcounter [None req-90eaaccb-b728-4768-94c8-52bfe8835a48 None None] Registered counter for database nova_api
Mar 26 22:36:40.415202 np0000161110 devstack@n-api-meta.service[107455]: DEBUG oslo_db.sqlalchemy.engines [None req-90eaaccb-b728-4768-94c8-52bfe8835a48 None None] MySQL server mode set to STRICT_TRANS_TABLES,STRICT_ALL_TABLES,NO_ZERO_IN_DATE,NO_ZERO_DATE,ERROR_FOR_DIVISION_BY_ZERO,TRADITIONAL,NO_ENGINE_SUBSTITUTION {{(pid=107455) _check_effective_sql_mode /opt/stack/data/venv/lib/python3.12/site-packages/oslo_db/sqlalchemy/engines.py:325}}
Mar 26 22:36:40.417372 np0000161110 devstack@n-api-meta.service[107454]: INFO dbcounter [None req-ce00093b-e9d8-4005-b8c1-f8238ee3657b None None] Registered counter for database nova_api
Mar 26 22:36:40.423445 np0000161110 devstack@n-api-meta.service[107456]: INFO dbcounter [None req-c2e6f39e-a807-4da0-85cf-336bf27383fb None None] Registered counter for database nova_api
Mar 26 22:36:40.435266 np0000161110 devstack@n-api-meta.service[107454]: DEBUG oslo_db.sqlalchemy.engines [None req-ce00093b-e9d8-4005-b8c1-f8238ee3657b None None] MySQL server mode set to STRICT_TRANS_TABLES,STRICT_ALL_TABLES,NO_ZERO_IN_DATE,NO_ZERO_DATE,ERROR_FOR_DIVISION_BY_ZERO,TRADITIONAL,NO_ENGINE_SUBSTITUTION {{(pid=107454) _check_effective_sql_mode /opt/stack/data/venv/lib/python3.12/site-packages/oslo_db/sqlalchemy/engines.py:325}}
Mar 26 22:36:40.441115 np0000161110 devstack@n-api-meta.service[107456]: DEBUG oslo_db.sqlalchemy.engines [None req-c2e6f39e-a807-4da0-85cf-336bf27383fb None None] MySQL server mode set to STRICT_TRANS_TABLES,STRICT_ALL_TABLES,NO_ZERO_IN_DATE,NO_ZERO_DATE,ERROR_FOR_DIVISION_BY_ZERO,TRADITIONAL,NO_ENGINE_SUBSTITUTION {{(pid=107456) _check_effective_sql_mode /opt/stack/data/venv/lib/python3.12/site-packages/oslo_db/sqlalchemy/engines.py:325}}
Mar 26 22:36:40.447202 np0000161110 devstack@n-api-meta.service[107455]: DEBUG dbcounter [-] [107455] Writer thread running {{(pid=107455) stat_writer /opt/stack/data/venv/lib/python3.12/site-packages/dbcounter.py:102}}
Mar 26 22:36:40.449835 np0000161110 devstack@n-api-meta.service[107455]: DEBUG nova.context [None req-90eaaccb-b728-4768-94c8-52bfe8835a48 None None] Found 2 cells: 00000000-0000-0000-0000-000000000000(cell0),94151dfa-b3d0-4f83-9f6a-d60ab946cb45(cell1) {{(pid=107455) load_cells /opt/stack/nova/nova/context.py:509}}
Mar 26 22:36:40.450072 np0000161110 devstack@n-api-meta.service[107455]: INFO nova.utils [None req-90eaaccb-b728-4768-94c8-52bfe8835a48 None None] The cell worker thread pool MainProcess.cell_worker is initialized
Mar 26 22:36:40.452141 np0000161110 devstack@n-api-meta.service[107455]: DEBUG oslo_concurrency.lockutils [None req-90eaaccb-b728-4768-94c8-52bfe8835a48 None None] Acquiring lock "00000000-0000-0000-0000-000000000000" by "nova.context.set_target_cell..get_or_set_cached_cell_and_set_connections" {{(pid=107455) inner /opt/stack/data/venv/lib/python3.12/site-packages/oslo_concurrency/lockutils.py:506}}
Mar 26 22:36:40.452341 np0000161110 devstack@n-api-meta.service[107455]: DEBUG oslo_concurrency.lockutils [None req-90eaaccb-b728-4768-94c8-52bfe8835a48 None None] Lock "00000000-0000-0000-0000-000000000000" acquired by "nova.context.set_target_cell..get_or_set_cached_cell_and_set_connections" :: waited 0.000s {{(pid=107455) inner /opt/stack/data/venv/lib/python3.12/site-packages/oslo_concurrency/lockutils.py:519}}
Mar 26 22:36:40.452829 np0000161110 devstack@n-api-meta.service[107455]: DEBUG oslo_concurrency.lockutils [None req-90eaaccb-b728-4768-94c8-52bfe8835a48 None None] Lock "00000000-0000-0000-0000-000000000000" "released" by "nova.context.set_target_cell..get_or_set_cached_cell_and_set_connections" :: held 0.000s {{(pid=107455) inner /opt/stack/data/venv/lib/python3.12/site-packages/oslo_concurrency/lockutils.py:538}}
Mar 26 22:36:40.453812 np0000161110 devstack@n-api-meta.service[107455]: DEBUG oslo_concurrency.lockutils [None req-90eaaccb-b728-4768-94c8-52bfe8835a48 None None] Acquiring lock "94151dfa-b3d0-4f83-9f6a-d60ab946cb45" by "nova.context.set_target_cell..get_or_set_cached_cell_and_set_connections" {{(pid=107455) inner /opt/stack/data/venv/lib/python3.12/site-packages/oslo_concurrency/lockutils.py:506}}
Mar 26 22:36:40.454031 np0000161110 devstack@n-api-meta.service[107455]: DEBUG oslo_concurrency.lockutils [None req-90eaaccb-b728-4768-94c8-52bfe8835a48 None None] Lock "94151dfa-b3d0-4f83-9f6a-d60ab946cb45" acquired by "nova.context.set_target_cell..get_or_set_cached_cell_and_set_connections" :: waited 0.000s {{(pid=107455) inner /opt/stack/data/venv/lib/python3.12/site-packages/oslo_concurrency/lockutils.py:519}}
Mar 26 22:36:40.455141 np0000161110 devstack@n-api-meta.service[107455]: DEBUG oslo_concurrency.lockutils [None req-90eaaccb-b728-4768-94c8-52bfe8835a48 None None] Lock "94151dfa-b3d0-4f83-9f6a-d60ab946cb45" "released" by "nova.context.set_target_cell..get_or_set_cached_cell_and_set_connections" :: held 0.001s {{(pid=107455) inner /opt/stack/data/venv/lib/python3.12/site-packages/oslo_concurrency/lockutils.py:538}}
Mar 26 22:36:40.459031 np0000161110 devstack@n-api-meta.service[107455]: INFO dbcounter [None req-90eaaccb-b728-4768-94c8-52bfe8835a48 None None] Registered counter for database nova_cell0
Mar 26 22:36:40.465663 np0000161110 devstack@n-api-meta.service[107455]: INFO dbcounter [None req-90eaaccb-b728-4768-94c8-52bfe8835a48 None None] Registered counter for database nova_cell1
Mar 26 22:36:40.468079 np0000161110 devstack@n-api-meta.service[107454]: DEBUG dbcounter [-] [107454] Writer thread running {{(pid=107454) stat_writer /opt/stack/data/venv/lib/python3.12/site-packages/dbcounter.py:102}}
Mar 26 22:36:40.470159 np0000161110 devstack@n-api-meta.service[107454]: DEBUG nova.context [None req-ce00093b-e9d8-4005-b8c1-f8238ee3657b None None] Found 2 cells: 00000000-0000-0000-0000-000000000000(cell0),94151dfa-b3d0-4f83-9f6a-d60ab946cb45(cell1) {{(pid=107454) load_cells /opt/stack/nova/nova/context.py:509}}
Mar 26 22:36:40.470380 np0000161110 devstack@n-api-meta.service[107454]: INFO nova.utils [None req-ce00093b-e9d8-4005-b8c1-f8238ee3657b None None] The cell worker thread pool MainProcess.cell_worker is initialized
Mar 26 22:36:40.472874 np0000161110 devstack@n-api-meta.service[107454]: DEBUG oslo_concurrency.lockutils [None req-ce00093b-e9d8-4005-b8c1-f8238ee3657b None None] Acquiring lock "00000000-0000-0000-0000-000000000000" by "nova.context.set_target_cell..get_or_set_cached_cell_and_set_connections" {{(pid=107454) inner /opt/stack/data/venv/lib/python3.12/site-packages/oslo_concurrency/lockutils.py:506}}
Mar 26 22:36:40.472874 np0000161110 devstack@n-api-meta.service[107454]: DEBUG oslo_concurrency.lockutils [None req-ce00093b-e9d8-4005-b8c1-f8238ee3657b None None] Lock "00000000-0000-0000-0000-000000000000" acquired by "nova.context.set_target_cell..get_or_set_cached_cell_and_set_connections" :: waited 0.000s {{(pid=107454) inner /opt/stack/data/venv/lib/python3.12/site-packages/oslo_concurrency/lockutils.py:519}}
Mar 26 22:36:40.472874 np0000161110 devstack@n-api-meta.service[107454]: DEBUG oslo_concurrency.lockutils [None req-ce00093b-e9d8-4005-b8c1-f8238ee3657b None None] Lock "00000000-0000-0000-0000-000000000000" "released" by "nova.context.set_target_cell..get_or_set_cached_cell_and_set_connections" :: held 0.000s {{(pid=107454) inner /opt/stack/data/venv/lib/python3.12/site-packages/oslo_concurrency/lockutils.py:538}}
Mar 26 22:36:40.473413 np0000161110 devstack@n-api-meta.service[107454]: DEBUG oslo_concurrency.lockutils [None req-ce00093b-e9d8-4005-b8c1-f8238ee3657b None None] Acquiring lock "94151dfa-b3d0-4f83-9f6a-d60ab946cb45" by "nova.context.set_target_cell..get_or_set_cached_cell_and_set_connections" {{(pid=107454) inner /opt/stack/data/venv/lib/python3.12/site-packages/oslo_concurrency/lockutils.py:506}}
Mar 26 22:36:40.473562 np0000161110 devstack@n-api-meta.service[107454]: DEBUG oslo_concurrency.lockutils [None req-ce00093b-e9d8-4005-b8c1-f8238ee3657b None None] Lock "94151dfa-b3d0-4f83-9f6a-d60ab946cb45" acquired by "nova.context.set_target_cell..get_or_set_cached_cell_and_set_connections" :: waited 0.000s {{(pid=107454) inner /opt/stack/data/venv/lib/python3.12/site-packages/oslo_concurrency/lockutils.py:519}}
Mar 26 22:36:40.474396 np0000161110 devstack@n-api-meta.service[107454]: DEBUG oslo_concurrency.lockutils [None req-ce00093b-e9d8-4005-b8c1-f8238ee3657b None None] Lock "94151dfa-b3d0-4f83-9f6a-d60ab946cb45" "released" by "nova.context.set_target_cell..get_or_set_cached_cell_and_set_connections" :: held 0.001s {{(pid=107454) inner /opt/stack/data/venv/lib/python3.12/site-packages/oslo_concurrency/lockutils.py:538}}
Mar 26 22:36:40.474507 np0000161110 devstack@n-api-meta.service[107456]: DEBUG dbcounter [-] [107456] Writer thread running {{(pid=107456) stat_writer /opt/stack/data/venv/lib/python3.12/site-packages/dbcounter.py:102}}
Mar 26 22:36:40.475996 np0000161110 devstack@n-api-meta.service[107455]: DEBUG oslo_db.sqlalchemy.engines [None req-90eaaccb-b728-4768-94c8-52bfe8835a48 None None] MySQL server mode set to STRICT_TRANS_TABLES,STRICT_ALL_TABLES,NO_ZERO_IN_DATE,NO_ZERO_DATE,ERROR_FOR_DIVISION_BY_ZERO,TRADITIONAL,NO_ENGINE_SUBSTITUTION {{(pid=107455) _check_effective_sql_mode /opt/stack/data/venv/lib/python3.12/site-packages/oslo_db/sqlalchemy/engines.py:325}}
Mar 26 22:36:40.476911 np0000161110 devstack@n-api-meta.service[107457]: INFO dbcounter [None req-58ba5eca-5436-4320-9aff-b494cf180013 None None] Registered counter for database nova_api
Mar 26 22:36:40.477311 np0000161110 devstack@n-api-meta.service[107456]: DEBUG nova.context [None req-c2e6f39e-a807-4da0-85cf-336bf27383fb None None] Found 2 cells: 00000000-0000-0000-0000-000000000000(cell0),94151dfa-b3d0-4f83-9f6a-d60ab946cb45(cell1) {{(pid=107456) load_cells /opt/stack/nova/nova/context.py:509}}
Mar 26 22:36:40.477505 np0000161110 devstack@n-api-meta.service[107456]: INFO nova.utils [None req-c2e6f39e-a807-4da0-85cf-336bf27383fb None None] The cell worker thread pool MainProcess.cell_worker is initialized
Mar 26 22:36:40.478143 np0000161110 devstack@n-api-meta.service[107454]: INFO dbcounter [None req-ce00093b-e9d8-4005-b8c1-f8238ee3657b None None] Registered counter for database nova_cell0
Mar 26 22:36:40.479264 np0000161110 devstack@n-api-meta.service[107456]: DEBUG oslo_concurrency.lockutils [None req-c2e6f39e-a807-4da0-85cf-336bf27383fb None None] Acquiring lock "00000000-0000-0000-0000-000000000000" by "nova.context.set_target_cell..get_or_set_cached_cell_and_set_connections" {{(pid=107456) inner /opt/stack/data/venv/lib/python3.12/site-packages/oslo_concurrency/lockutils.py:506}}
Mar 26 22:36:40.479425 np0000161110 devstack@n-api-meta.service[107456]: DEBUG oslo_concurrency.lockutils [None req-c2e6f39e-a807-4da0-85cf-336bf27383fb None None] Lock "00000000-0000-0000-0000-000000000000" acquired by "nova.context.set_target_cell..get_or_set_cached_cell_and_set_connections" :: waited 0.000s {{(pid=107456) inner /opt/stack/data/venv/lib/python3.12/site-packages/oslo_concurrency/lockutils.py:519}}
Mar 26 22:36:40.479772 np0000161110 devstack@n-api-meta.service[107456]: DEBUG oslo_concurrency.lockutils [None req-c2e6f39e-a807-4da0-85cf-336bf27383fb None None] Lock "00000000-0000-0000-0000-000000000000" "released" by "nova.context.set_target_cell..get_or_set_cached_cell_and_set_connections" :: held 0.000s {{(pid=107456) inner /opt/stack/data/venv/lib/python3.12/site-packages/oslo_concurrency/lockutils.py:538}}
Mar 26 22:36:40.480533 np0000161110 devstack@n-api-meta.service[107456]: DEBUG oslo_concurrency.lockutils [None req-c2e6f39e-a807-4da0-85cf-336bf27383fb None None] Acquiring lock "94151dfa-b3d0-4f83-9f6a-d60ab946cb45" by "nova.context.set_target_cell..get_or_set_cached_cell_and_set_connections" {{(pid=107456) inner /opt/stack/data/venv/lib/python3.12/site-packages/oslo_concurrency/lockutils.py:506}}
Mar 26 22:36:40.480686 np0000161110 devstack@n-api-meta.service[107456]: DEBUG oslo_concurrency.lockutils [None req-c2e6f39e-a807-4da0-85cf-336bf27383fb None None] Lock "94151dfa-b3d0-4f83-9f6a-d60ab946cb45" acquired by "nova.context.set_target_cell..get_or_set_cached_cell_and_set_connections" :: waited 0.000s {{(pid=107456) inner /opt/stack/data/venv/lib/python3.12/site-packages/oslo_concurrency/lockutils.py:519}}
Mar 26 22:36:40.481321 np0000161110 devstack@n-api-meta.service[107455]: DEBUG oslo_db.sqlalchemy.engines [None req-90eaaccb-b728-4768-94c8-52bfe8835a48 None None] MySQL server mode set to STRICT_TRANS_TABLES,STRICT_ALL_TABLES,NO_ZERO_IN_DATE,NO_ZERO_DATE,ERROR_FOR_DIVISION_BY_ZERO,TRADITIONAL,NO_ENGINE_SUBSTITUTION {{(pid=107455) _check_effective_sql_mode /opt/stack/data/venv/lib/python3.12/site-packages/oslo_db/sqlalchemy/engines.py:325}}
Mar 26 22:36:40.481489 np0000161110 devstack@n-api-meta.service[107456]: DEBUG oslo_concurrency.lockutils [None req-c2e6f39e-a807-4da0-85cf-336bf27383fb None None] Lock "94151dfa-b3d0-4f83-9f6a-d60ab946cb45" "released" by "nova.context.set_target_cell..get_or_set_cached_cell_and_set_connections" :: held 0.001s {{(pid=107456) inner /opt/stack/data/venv/lib/python3.12/site-packages/oslo_concurrency/lockutils.py:538}}
Mar 26 22:36:40.484457 np0000161110 devstack@n-api-meta.service[107454]: INFO dbcounter [None req-ce00093b-e9d8-4005-b8c1-f8238ee3657b None None] Registered counter for database nova_cell1
Mar 26 22:36:40.484808 np0000161110 devstack@n-api-meta.service[107456]: INFO dbcounter [None req-c2e6f39e-a807-4da0-85cf-336bf27383fb None None] Registered counter for database nova_cell0
Mar 26 22:36:40.490938 np0000161110 devstack@n-api-meta.service[107456]: INFO dbcounter [None req-c2e6f39e-a807-4da0-85cf-336bf27383fb None None] Registered counter for database nova_cell1
Mar 26 22:36:40.493434 np0000161110 devstack@n-api-meta.service[107457]: DEBUG oslo_db.sqlalchemy.engines [None req-58ba5eca-5436-4320-9aff-b494cf180013 None None] MySQL server mode set to STRICT_TRANS_TABLES,STRICT_ALL_TABLES,NO_ZERO_IN_DATE,NO_ZERO_DATE,ERROR_FOR_DIVISION_BY_ZERO,TRADITIONAL,NO_ENGINE_SUBSTITUTION {{(pid=107457) _check_effective_sql_mode /opt/stack/data/venv/lib/python3.12/site-packages/oslo_db/sqlalchemy/engines.py:325}}
Mar 26 22:36:40.500189 np0000161110 devstack@n-api-meta.service[107454]: DEBUG oslo_db.sqlalchemy.engines [None req-ce00093b-e9d8-4005-b8c1-f8238ee3657b None None] MySQL server mode set to STRICT_TRANS_TABLES,STRICT_ALL_TABLES,NO_ZERO_IN_DATE,NO_ZERO_DATE,ERROR_FOR_DIVISION_BY_ZERO,TRADITIONAL,NO_ENGINE_SUBSTITUTION {{(pid=107454) _check_effective_sql_mode /opt/stack/data/venv/lib/python3.12/site-packages/oslo_db/sqlalchemy/engines.py:325}}
Mar 26 22:36:40.507360 np0000161110 devstack@n-api-meta.service[107454]: DEBUG oslo_db.sqlalchemy.engines [None req-ce00093b-e9d8-4005-b8c1-f8238ee3657b None None] MySQL server mode set to STRICT_TRANS_TABLES,STRICT_ALL_TABLES,NO_ZERO_IN_DATE,NO_ZERO_DATE,ERROR_FOR_DIVISION_BY_ZERO,TRADITIONAL,NO_ENGINE_SUBSTITUTION {{(pid=107454) _check_effective_sql_mode /opt/stack/data/venv/lib/python3.12/site-packages/oslo_db/sqlalchemy/engines.py:325}}
Mar 26 22:36:40.512866 np0000161110 devstack@n-api-meta.service[107456]: DEBUG oslo_db.sqlalchemy.engines [None req-c2e6f39e-a807-4da0-85cf-336bf27383fb None None] MySQL server mode set to STRICT_TRANS_TABLES,STRICT_ALL_TABLES,NO_ZERO_IN_DATE,NO_ZERO_DATE,ERROR_FOR_DIVISION_BY_ZERO,TRADITIONAL,NO_ENGINE_SUBSTITUTION {{(pid=107456) _check_effective_sql_mode /opt/stack/data/venv/lib/python3.12/site-packages/oslo_db/sqlalchemy/engines.py:325}}
Mar 26 22:36:40.520022 np0000161110 devstack@n-api-meta.service[107456]: DEBUG oslo_db.sqlalchemy.engines [None req-c2e6f39e-a807-4da0-85cf-336bf27383fb None None] MySQL server mode set to STRICT_TRANS_TABLES,STRICT_ALL_TABLES,NO_ZERO_IN_DATE,NO_ZERO_DATE,ERROR_FOR_DIVISION_BY_ZERO,TRADITIONAL,NO_ENGINE_SUBSTITUTION {{(pid=107456) _check_effective_sql_mode /opt/stack/data/venv/lib/python3.12/site-packages/oslo_db/sqlalchemy/engines.py:325}}
Mar 26 22:36:40.528657 np0000161110 devstack@n-api-meta.service[107457]: DEBUG dbcounter [-] [107457] Writer thread running {{(pid=107457) stat_writer /opt/stack/data/venv/lib/python3.12/site-packages/dbcounter.py:102}}
Mar 26 22:36:40.531198 np0000161110 devstack@n-api-meta.service[107457]: DEBUG nova.context [None req-58ba5eca-5436-4320-9aff-b494cf180013 None None] Found 2 cells: 00000000-0000-0000-0000-000000000000(cell0),94151dfa-b3d0-4f83-9f6a-d60ab946cb45(cell1) {{(pid=107457) load_cells /opt/stack/nova/nova/context.py:509}}
Mar 26 22:36:40.531347 np0000161110 devstack@n-api-meta.service[107457]: INFO nova.utils [None req-58ba5eca-5436-4320-9aff-b494cf180013 None None] The cell worker thread pool MainProcess.cell_worker is initialized
Mar 26 22:36:40.533195 np0000161110 devstack@n-api-meta.service[107457]: DEBUG oslo_concurrency.lockutils [None req-58ba5eca-5436-4320-9aff-b494cf180013 None None] Acquiring lock "00000000-0000-0000-0000-000000000000" by "nova.context.set_target_cell..get_or_set_cached_cell_and_set_connections" {{(pid=107457) inner /opt/stack/data/venv/lib/python3.12/site-packages/oslo_concurrency/lockutils.py:506}}
Mar 26 22:36:40.533353 np0000161110 devstack@n-api-meta.service[107457]: DEBUG oslo_concurrency.lockutils [None req-58ba5eca-5436-4320-9aff-b494cf180013 None None] Lock "00000000-0000-0000-0000-000000000000" acquired by "nova.context.set_target_cell..get_or_set_cached_cell_and_set_connections" :: waited 0.000s {{(pid=107457) inner /opt/stack/data/venv/lib/python3.12/site-packages/oslo_concurrency/lockutils.py:519}}
Mar 26 22:36:40.533715 np0000161110 devstack@n-api-meta.service[107457]: DEBUG oslo_concurrency.lockutils [None req-58ba5eca-5436-4320-9aff-b494cf180013 None None] Lock "00000000-0000-0000-0000-000000000000" "released" by "nova.context.set_target_cell..get_or_set_cached_cell_and_set_connections" :: held 0.000s {{(pid=107457) inner /opt/stack/data/venv/lib/python3.12/site-packages/oslo_concurrency/lockutils.py:538}}
Mar 26 22:36:40.534568 np0000161110 devstack@n-api-meta.service[107457]: DEBUG oslo_concurrency.lockutils [None req-58ba5eca-5436-4320-9aff-b494cf180013 None None] Acquiring lock "94151dfa-b3d0-4f83-9f6a-d60ab946cb45" by "nova.context.set_target_cell..get_or_set_cached_cell_and_set_connections" {{(pid=107457) inner /opt/stack/data/venv/lib/python3.12/site-packages/oslo_concurrency/lockutils.py:506}}
Mar 26 22:36:40.534701 np0000161110 devstack@n-api-meta.service[107457]: DEBUG oslo_concurrency.lockutils [None req-58ba5eca-5436-4320-9aff-b494cf180013 None None] Lock "94151dfa-b3d0-4f83-9f6a-d60ab946cb45" acquired by "nova.context.set_target_cell..get_or_set_cached_cell_and_set_connections" :: waited 0.000s {{(pid=107457) inner /opt/stack/data/venv/lib/python3.12/site-packages/oslo_concurrency/lockutils.py:519}}
Mar 26 22:36:40.535689 np0000161110 devstack@n-api-meta.service[107457]: DEBUG oslo_concurrency.lockutils [None req-58ba5eca-5436-4320-9aff-b494cf180013 None None] Lock "94151dfa-b3d0-4f83-9f6a-d60ab946cb45" "released" by "nova.context.set_target_cell..get_or_set_cached_cell_and_set_connections" :: held 0.001s {{(pid=107457) inner /opt/stack/data/venv/lib/python3.12/site-packages/oslo_concurrency/lockutils.py:538}}
Mar 26 22:36:40.538357 np0000161110 devstack@n-api-meta.service[107457]: INFO dbcounter [None req-58ba5eca-5436-4320-9aff-b494cf180013 None None] Registered counter for database nova_cell0
Mar 26 22:36:40.543207 np0000161110 devstack@n-api-meta.service[107457]: INFO dbcounter [None req-58ba5eca-5436-4320-9aff-b494cf180013 None None] Registered counter for database nova_cell1
Mar 26 22:36:40.553536 np0000161110 devstack@n-api-meta.service[107457]: DEBUG oslo_db.sqlalchemy.engines [None req-58ba5eca-5436-4320-9aff-b494cf180013 None None] MySQL server mode set to STRICT_TRANS_TABLES,STRICT_ALL_TABLES,NO_ZERO_IN_DATE,NO_ZERO_DATE,ERROR_FOR_DIVISION_BY_ZERO,TRADITIONAL,NO_ENGINE_SUBSTITUTION {{(pid=107457) _check_effective_sql_mode /opt/stack/data/venv/lib/python3.12/site-packages/oslo_db/sqlalchemy/engines.py:325}}
Mar 26 22:36:40.559072 np0000161110 devstack@n-api-meta.service[107457]: DEBUG oslo_db.sqlalchemy.engines [None req-58ba5eca-5436-4320-9aff-b494cf180013 None None] MySQL server mode set to STRICT_TRANS_TABLES,STRICT_ALL_TABLES,NO_ZERO_IN_DATE,NO_ZERO_DATE,ERROR_FOR_DIVISION_BY_ZERO,TRADITIONAL,NO_ENGINE_SUBSTITUTION {{(pid=107457) _check_effective_sql_mode /opt/stack/data/venv/lib/python3.12/site-packages/oslo_db/sqlalchemy/engines.py:325}}
Mar 26 22:36:40.569257 np0000161110 devstack@n-api-meta.service[107455]: DEBUG dbcounter [-] [107455] Writer thread running {{(pid=107455) stat_writer /opt/stack/data/venv/lib/python3.12/site-packages/dbcounter.py:102}}
Mar 26 22:36:40.579921 np0000161110 devstack@n-api-meta.service[107455]: DEBUG dbcounter [-] [107455] Writer thread running {{(pid=107455) stat_writer /opt/stack/data/venv/lib/python3.12/site-packages/dbcounter.py:102}}
Mar 26 22:36:40.584396 np0000161110 devstack@n-api-meta.service[107455]: INFO dbcounter [None req-90eaaccb-b728-4768-94c8-52bfe8835a48 None None] Registered counter for database nova_cell0
Mar 26 22:36:40.594401 np0000161110 devstack@n-api-meta.service[107455]: DEBUG oslo_db.sqlalchemy.engines [None req-90eaaccb-b728-4768-94c8-52bfe8835a48 None None] MySQL server mode set to STRICT_TRANS_TABLES,STRICT_ALL_TABLES,NO_ZERO_IN_DATE,NO_ZERO_DATE,ERROR_FOR_DIVISION_BY_ZERO,TRADITIONAL,NO_ENGINE_SUBSTITUTION {{(pid=107455) _check_effective_sql_mode /opt/stack/data/venv/lib/python3.12/site-packages/oslo_db/sqlalchemy/engines.py:325}}
Mar 26 22:36:40.602889 np0000161110 devstack@n-api-meta.service[107454]: DEBUG dbcounter [-] [107454] Writer thread running {{(pid=107454) stat_writer /opt/stack/data/venv/lib/python3.12/site-packages/dbcounter.py:102}}
Mar 26 22:36:40.608029 np0000161110 devstack@n-api-meta.service[107455]: DEBUG dbcounter [-] [107455] Writer thread running {{(pid=107455) stat_writer /opt/stack/data/venv/lib/python3.12/site-packages/dbcounter.py:102}}
Mar 26 22:36:40.610519 np0000161110 devstack@n-api-meta.service[107454]: DEBUG dbcounter [-] [107454] Writer thread running {{(pid=107454) stat_writer /opt/stack/data/venv/lib/python3.12/site-packages/dbcounter.py:102}}
Mar 26 22:36:40.617142 np0000161110 devstack@n-api-meta.service[107454]: INFO dbcounter [None req-ce00093b-e9d8-4005-b8c1-f8238ee3657b None None] Registered counter for database nova_cell0
Mar 26 22:36:40.626022 np0000161110 devstack@n-api-meta.service[107454]: DEBUG oslo_db.sqlalchemy.engines [None req-ce00093b-e9d8-4005-b8c1-f8238ee3657b None None] MySQL server mode set to STRICT_TRANS_TABLES,STRICT_ALL_TABLES,NO_ZERO_IN_DATE,NO_ZERO_DATE,ERROR_FOR_DIVISION_BY_ZERO,TRADITIONAL,NO_ENGINE_SUBSTITUTION {{(pid=107454) _check_effective_sql_mode /opt/stack/data/venv/lib/python3.12/site-packages/oslo_db/sqlalchemy/engines.py:325}}
Mar 26 22:36:40.626182 np0000161110 devstack@n-api-meta.service[107456]: DEBUG dbcounter [-] [107456] Writer thread running {{(pid=107456) stat_writer /opt/stack/data/venv/lib/python3.12/site-packages/dbcounter.py:102}}
Mar 26 22:36:40.626804 np0000161110 devstack@n-api-meta.service[107456]: DEBUG dbcounter [-] [107456] Writer thread running {{(pid=107456) stat_writer /opt/stack/data/venv/lib/python3.12/site-packages/dbcounter.py:102}}
Mar 26 22:36:40.634249 np0000161110 devstack@n-api-meta.service[107456]: INFO dbcounter [None req-c2e6f39e-a807-4da0-85cf-336bf27383fb None None] Registered counter for database nova_cell0
Mar 26 22:36:40.636322 np0000161110 devstack@n-api-meta.service[107454]: DEBUG dbcounter [-] [107454] Writer thread running {{(pid=107454) stat_writer /opt/stack/data/venv/lib/python3.12/site-packages/dbcounter.py:102}}
Mar 26 22:36:40.644699 np0000161110 devstack@n-api-meta.service[107456]: DEBUG oslo_db.sqlalchemy.engines [None req-c2e6f39e-a807-4da0-85cf-336bf27383fb None None] MySQL server mode set to STRICT_TRANS_TABLES,STRICT_ALL_TABLES,NO_ZERO_IN_DATE,NO_ZERO_DATE,ERROR_FOR_DIVISION_BY_ZERO,TRADITIONAL,NO_ENGINE_SUBSTITUTION {{(pid=107456) _check_effective_sql_mode /opt/stack/data/venv/lib/python3.12/site-packages/oslo_db/sqlalchemy/engines.py:325}}
Mar 26 22:36:40.647690 np0000161110 devstack@n-api-meta.service[107457]: DEBUG dbcounter [-] [107457] Writer thread running {{(pid=107457) stat_writer /opt/stack/data/venv/lib/python3.12/site-packages/dbcounter.py:102}}
Mar 26 22:36:40.652305 np0000161110 devstack@n-api-meta.service[107456]: DEBUG dbcounter [-] [107456] Writer thread running {{(pid=107456) stat_writer /opt/stack/data/venv/lib/python3.12/site-packages/dbcounter.py:102}}
Mar 26 22:36:40.654428 np0000161110 devstack@n-api-meta.service[107455]: WARNING nova.api.metadata.handler [None req-90eaaccb-b728-4768-94c8-52bfe8835a48 None None] metadata_proxy_shared_secret is not configured, the metadata information returned by the proxy cannot be trusted
Mar 26 22:36:40.655414 np0000161110 devstack@n-api-meta.service[107457]: DEBUG dbcounter [-] [107457] Writer thread running {{(pid=107457) stat_writer /opt/stack/data/venv/lib/python3.12/site-packages/dbcounter.py:102}}
Mar 26 22:36:40.656743 np0000161110 devstack@n-api-meta.service[107455]: DEBUG nova.api.openstack.wsgi_app [None req-90eaaccb-b728-4768-94c8-52bfe8835a48 None None] ******************************************************************************** {{(pid=107455) log_opt_values /opt/stack/data/venv/lib/python3.12/site-packages/oslo_config/cfg.py:2979}}
Mar 26 22:36:40.656836 np0000161110 devstack@n-api-meta.service[107455]: DEBUG nova.api.openstack.wsgi_app [None req-90eaaccb-b728-4768-94c8-52bfe8835a48 None None] Configuration options gathered from: {{(pid=107455) log_opt_values /opt/stack/data/venv/lib/python3.12/site-packages/oslo_config/cfg.py:2980}}
Mar 26 22:36:40.657122 np0000161110 devstack@n-api-meta.service[107455]: DEBUG nova.api.openstack.wsgi_app [None req-90eaaccb-b728-4768-94c8-52bfe8835a48 None None] command line args: [] {{(pid=107455) log_opt_values /opt/stack/data/venv/lib/python3.12/site-packages/oslo_config/cfg.py:2981}}
Mar 26 22:36:40.657122 np0000161110 devstack@n-api-meta.service[107455]: DEBUG nova.api.openstack.wsgi_app [None req-90eaaccb-b728-4768-94c8-52bfe8835a48 None None] config files: ['/etc/nova/api-paste.ini', '/etc/nova/nova.conf'] {{(pid=107455) log_opt_values /opt/stack/data/venv/lib/python3.12/site-packages/oslo_config/cfg.py:2982}}
Mar 26 22:36:40.657247 np0000161110 devstack@n-api-meta.service[107455]: DEBUG nova.api.openstack.wsgi_app [None req-90eaaccb-b728-4768-94c8-52bfe8835a48 None None] ================================================================================ {{(pid=107455) log_opt_values /opt/stack/data/venv/lib/python3.12/site-packages/oslo_config/cfg.py:2987}}
Mar 26 22:36:40.657529 np0000161110 devstack@n-api-meta.service[107455]: DEBUG nova.api.openstack.wsgi_app [None req-90eaaccb-b728-4768-94c8-52bfe8835a48 None None] allow_resize_to_same_host = True {{(pid=107455) log_opt_values /opt/stack/data/venv/lib/python3.12/site-packages/oslo_config/cfg.py:2995}}
Mar 26 22:36:40.657651 np0000161110 devstack@n-api-meta.service[107455]: DEBUG nova.api.openstack.wsgi_app [None req-90eaaccb-b728-4768-94c8-52bfe8835a48 None None] arq_binding_timeout = 300 {{(pid=107455) log_opt_values /opt/stack/data/venv/lib/python3.12/site-packages/oslo_config/cfg.py:2995}}
Mar 26 22:36:40.657796 np0000161110 devstack@n-api-meta.service[107455]: DEBUG nova.api.openstack.wsgi_app [None req-90eaaccb-b728-4768-94c8-52bfe8835a48 None None] block_device_allocate_retries = 60 {{(pid=107455) log_opt_values /opt/stack/data/venv/lib/python3.12/site-packages/oslo_config/cfg.py:2995}}
Mar 26 22:36:40.657944 np0000161110 devstack@n-api-meta.service[107455]: DEBUG nova.api.openstack.wsgi_app [None req-90eaaccb-b728-4768-94c8-52bfe8835a48 None None] block_device_allocate_retries_interval = 3 {{(pid=107455) log_opt_values /opt/stack/data/venv/lib/python3.12/site-packages/oslo_config/cfg.py:2995}}
Mar 26 22:36:40.658077 np0000161110 devstack@n-api-meta.service[107455]: DEBUG nova.api.openstack.wsgi_app [None req-90eaaccb-b728-4768-94c8-52bfe8835a48 None None] cell_worker_thread_pool_size = 5 {{(pid=107455) log_opt_values /opt/stack/data/venv/lib/python3.12/site-packages/oslo_config/cfg.py:2995}}
Mar 26 22:36:40.658498 np0000161110 devstack@n-api-meta.service[107455]: DEBUG nova.api.openstack.wsgi_app [None req-90eaaccb-b728-4768-94c8-52bfe8835a48 None None] cert = self.pem {{(pid=107455) log_opt_values /opt/stack/data/venv/lib/python3.12/site-packages/oslo_config/cfg.py:2995}}
Mar 26 22:36:40.658807 np0000161110 devstack@n-api-meta.service[107455]: DEBUG nova.api.openstack.wsgi_app [None req-90eaaccb-b728-4768-94c8-52bfe8835a48 None None] compute_driver = libvirt.LibvirtDriver {{(pid=107455) log_opt_values /opt/stack/data/venv/lib/python3.12/site-packages/oslo_config/cfg.py:2995}}
Mar 26 22:36:40.659679 np0000161110 devstack@n-api-meta.service[107455]: DEBUG nova.api.openstack.wsgi_app [None req-90eaaccb-b728-4768-94c8-52bfe8835a48 None None] compute_monitors = [] {{(pid=107455) log_opt_values /opt/stack/data/venv/lib/python3.12/site-packages/oslo_config/cfg.py:2995}}
Mar 26 22:36:40.659679 np0000161110 devstack@n-api-meta.service[107455]: DEBUG nova.api.openstack.wsgi_app [None req-90eaaccb-b728-4768-94c8-52bfe8835a48 None None] config_dir = [] {{(pid=107455) log_opt_values /opt/stack/data/venv/lib/python3.12/site-packages/oslo_config/cfg.py:2995}}
Mar 26 22:36:40.659679 np0000161110 devstack@n-api-meta.service[107455]: DEBUG nova.api.openstack.wsgi_app [None req-90eaaccb-b728-4768-94c8-52bfe8835a48 None None] config_drive_format = iso9660 {{(pid=107455) log_opt_values /opt/stack/data/venv/lib/python3.12/site-packages/oslo_config/cfg.py:2995}}
Mar 26 22:36:40.659679 np0000161110 devstack@n-api-meta.service[107455]: DEBUG nova.api.openstack.wsgi_app [None req-90eaaccb-b728-4768-94c8-52bfe8835a48 None None] config_file = ['/etc/nova/api-paste.ini', '/etc/nova/nova.conf'] {{(pid=107455) log_opt_values /opt/stack/data/venv/lib/python3.12/site-packages/oslo_config/cfg.py:2995}}
Mar 26 22:36:40.659679 np0000161110 devstack@n-api-meta.service[107455]: DEBUG nova.api.openstack.wsgi_app [None req-90eaaccb-b728-4768-94c8-52bfe8835a48 None None] config_source = [] {{(pid=107455) log_opt_values /opt/stack/data/venv/lib/python3.12/site-packages/oslo_config/cfg.py:2995}}
Mar 26 22:36:40.660015 np0000161110 devstack@n-api-meta.service[107455]: DEBUG nova.api.openstack.wsgi_app [None req-90eaaccb-b728-4768-94c8-52bfe8835a48 None None] console_host = np0000161110 {{(pid=107455) log_opt_values /opt/stack/data/venv/lib/python3.12/site-packages/oslo_config/cfg.py:2995}}
Mar 26 22:36:40.660090 np0000161110 devstack@n-api-meta.service[107457]: INFO dbcounter [None req-58ba5eca-5436-4320-9aff-b494cf180013 None None] Registered counter for database nova_cell0
Mar 26 22:36:40.660270 np0000161110 devstack@n-api-meta.service[107455]: DEBUG nova.api.openstack.wsgi_app [None req-90eaaccb-b728-4768-94c8-52bfe8835a48 None None] control_exchange = nova {{(pid=107455) log_opt_values /opt/stack/data/venv/lib/python3.12/site-packages/oslo_config/cfg.py:2995}}
Mar 26 22:36:40.660806 np0000161110 devstack@n-api-meta.service[107455]: DEBUG nova.api.openstack.wsgi_app [None req-90eaaccb-b728-4768-94c8-52bfe8835a48 None None] cpu_allocation_ratio = None {{(pid=107455) log_opt_values /opt/stack/data/venv/lib/python3.12/site-packages/oslo_config/cfg.py:2995}}
Mar 26 22:36:40.660907 np0000161110 devstack@n-api-meta.service[107455]: DEBUG nova.api.openstack.wsgi_app [None req-90eaaccb-b728-4768-94c8-52bfe8835a48 None None] daemon = False {{(pid=107455) log_opt_values /opt/stack/data/venv/lib/python3.12/site-packages/oslo_config/cfg.py:2995}}
Mar 26 22:36:40.661738 np0000161110 devstack@n-api-meta.service[107455]: DEBUG nova.api.openstack.wsgi_app [None req-90eaaccb-b728-4768-94c8-52bfe8835a48 None None] debug = True {{(pid=107455) log_opt_values /opt/stack/data/venv/lib/python3.12/site-packages/oslo_config/cfg.py:2995}}
Mar 26 22:36:40.661738 np0000161110 devstack@n-api-meta.service[107455]: DEBUG nova.api.openstack.wsgi_app [None req-90eaaccb-b728-4768-94c8-52bfe8835a48 None None] default_access_ip_network_name = None {{(pid=107455) log_opt_values /opt/stack/data/venv/lib/python3.12/site-packages/oslo_config/cfg.py:2995}}
Mar 26 22:36:40.661738 np0000161110 devstack@n-api-meta.service[107455]: DEBUG nova.api.openstack.wsgi_app [None req-90eaaccb-b728-4768-94c8-52bfe8835a48 None None] default_availability_zone = nova {{(pid=107455) log_opt_values /opt/stack/data/venv/lib/python3.12/site-packages/oslo_config/cfg.py:2995}}
Mar 26 22:36:40.661738 np0000161110 devstack@n-api-meta.service[107455]: DEBUG nova.api.openstack.wsgi_app [None req-90eaaccb-b728-4768-94c8-52bfe8835a48 None None] default_ephemeral_format = ext4 {{(pid=107455) log_opt_values /opt/stack/data/venv/lib/python3.12/site-packages/oslo_config/cfg.py:2995}}
Mar 26 22:36:40.661738 np0000161110 devstack@n-api-meta.service[107455]: DEBUG nova.api.openstack.wsgi_app [None req-90eaaccb-b728-4768-94c8-52bfe8835a48 None None] default_green_pool_size = 1000 {{(pid=107455) log_opt_values /opt/stack/data/venv/lib/python3.12/site-packages/oslo_config/cfg.py:2995}}
Mar 26 22:36:40.662124 np0000161110 devstack@n-api-meta.service[107455]: DEBUG nova.api.openstack.wsgi_app [None req-90eaaccb-b728-4768-94c8-52bfe8835a48 None None] default_log_levels = ['amqp=WARN', 'boto=WARN', 'sqlalchemy=WARN', 'suds=INFO', 'oslo.messaging=INFO', 'oslo_messaging=INFO', 'iso8601=WARN', 'requests.packages.urllib3.connectionpool=WARN', 'urllib3.connectionpool=WARN', 'websocket=WARN', 'requests.packages.urllib3.util.retry=WARN', 'urllib3.util.retry=WARN', 'keystonemiddleware=WARN', 'routes.middleware=WARN', 'stevedore=WARN', 'taskflow=WARN', 'keystoneauth=WARN', 'oslo.cache=INFO', 'oslo_policy=INFO', 'dogpile.core.dogpile=INFO', 'glanceclient=WARN', 'oslo.privsep.daemon=INFO'] {{(pid=107455) log_opt_values /opt/stack/data/venv/lib/python3.12/site-packages/oslo_config/cfg.py:2995}}
Mar 26 22:36:40.662124 np0000161110 devstack@n-api-meta.service[107455]: DEBUG nova.api.openstack.wsgi_app [None req-90eaaccb-b728-4768-94c8-52bfe8835a48 None None] default_schedule_zone = None {{(pid=107455) log_opt_values /opt/stack/data/venv/lib/python3.12/site-packages/oslo_config/cfg.py:2995}}
Mar 26 22:36:40.662124 np0000161110 devstack@n-api-meta.service[107455]: DEBUG nova.api.openstack.wsgi_app [None req-90eaaccb-b728-4768-94c8-52bfe8835a48 None None] default_thread_pool_size = 10 {{(pid=107455) log_opt_values /opt/stack/data/venv/lib/python3.12/site-packages/oslo_config/cfg.py:2995}}
Mar 26 22:36:40.662393 np0000161110 devstack@n-api-meta.service[107455]: DEBUG nova.api.openstack.wsgi_app [None req-90eaaccb-b728-4768-94c8-52bfe8835a48 None None] disk_allocation_ratio = None {{(pid=107455) log_opt_values /opt/stack/data/venv/lib/python3.12/site-packages/oslo_config/cfg.py:2995}}
Mar 26 22:36:40.662393 np0000161110 devstack@n-api-meta.service[107455]: DEBUG nova.api.openstack.wsgi_app [None req-90eaaccb-b728-4768-94c8-52bfe8835a48 None None] enable_new_services = True {{(pid=107455) log_opt_values /opt/stack/data/venv/lib/python3.12/site-packages/oslo_config/cfg.py:2995}}
Mar 26 22:36:40.662528 np0000161110 devstack@n-api-meta.service[107455]: DEBUG nova.api.openstack.wsgi_app [None req-90eaaccb-b728-4768-94c8-52bfe8835a48 None None] flat_injected = False {{(pid=107455) log_opt_values /opt/stack/data/venv/lib/python3.12/site-packages/oslo_config/cfg.py:2995}}
Mar 26 22:36:40.662678 np0000161110 devstack@n-api-meta.service[107455]: DEBUG nova.api.openstack.wsgi_app [None req-90eaaccb-b728-4768-94c8-52bfe8835a48 None None] force_config_drive = False {{(pid=107455) log_opt_values /opt/stack/data/venv/lib/python3.12/site-packages/oslo_config/cfg.py:2995}}
Mar 26 22:36:40.662797 np0000161110 devstack@n-api-meta.service[107455]: DEBUG nova.api.openstack.wsgi_app [None req-90eaaccb-b728-4768-94c8-52bfe8835a48 None None] force_raw_images = True {{(pid=107455) log_opt_values /opt/stack/data/venv/lib/python3.12/site-packages/oslo_config/cfg.py:2995}}
Mar 26 22:36:40.662953 np0000161110 devstack@n-api-meta.service[107455]: DEBUG nova.api.openstack.wsgi_app [None req-90eaaccb-b728-4768-94c8-52bfe8835a48 None None] graceful_shutdown_timeout = 5 {{(pid=107455) log_opt_values /opt/stack/data/venv/lib/python3.12/site-packages/oslo_config/cfg.py:2995}}
Mar 26 22:36:40.663080 np0000161110 devstack@n-api-meta.service[107455]: DEBUG nova.api.openstack.wsgi_app [None req-90eaaccb-b728-4768-94c8-52bfe8835a48 None None] heal_instance_info_cache_interval = -1 {{(pid=107455) log_opt_values /opt/stack/data/venv/lib/python3.12/site-packages/oslo_config/cfg.py:2995}}
Mar 26 22:36:40.663254 np0000161110 devstack@n-api-meta.service[107455]: DEBUG nova.api.openstack.wsgi_app [None req-90eaaccb-b728-4768-94c8-52bfe8835a48 None None] host = np0000161110 {{(pid=107455) log_opt_values /opt/stack/data/venv/lib/python3.12/site-packages/oslo_config/cfg.py:2995}}
Mar 26 22:36:40.663385 np0000161110 devstack@n-api-meta.service[107455]: DEBUG nova.api.openstack.wsgi_app [None req-90eaaccb-b728-4768-94c8-52bfe8835a48 None None] initial_cpu_allocation_ratio = 4.0 {{(pid=107455) log_opt_values /opt/stack/data/venv/lib/python3.12/site-packages/oslo_config/cfg.py:2995}}
Mar 26 22:36:40.663458 np0000161110 devstack@n-api-meta.service[107454]: WARNING nova.api.metadata.handler [None req-ce00093b-e9d8-4005-b8c1-f8238ee3657b None None] metadata_proxy_shared_secret is not configured, the metadata information returned by the proxy cannot be trusted
Mar 26 22:36:40.663528 np0000161110 devstack@n-api-meta.service[107455]: DEBUG nova.api.openstack.wsgi_app [None req-90eaaccb-b728-4768-94c8-52bfe8835a48 None None] initial_disk_allocation_ratio = 1.0 {{(pid=107455) log_opt_values /opt/stack/data/venv/lib/python3.12/site-packages/oslo_config/cfg.py:2995}}
Mar 26 22:36:40.663679 np0000161110 devstack@n-api-meta.service[107455]: DEBUG nova.api.openstack.wsgi_app [None req-90eaaccb-b728-4768-94c8-52bfe8835a48 None None] initial_ram_allocation_ratio = 1.0 {{(pid=107455) log_opt_values /opt/stack/data/venv/lib/python3.12/site-packages/oslo_config/cfg.py:2995}}
Mar 26 22:36:40.663869 np0000161110 devstack@n-api-meta.service[107455]: DEBUG nova.api.openstack.wsgi_app [None req-90eaaccb-b728-4768-94c8-52bfe8835a48 None None] injected_network_template = /opt/stack/nova/nova/virt/interfaces.template {{(pid=107455) log_opt_values /opt/stack/data/venv/lib/python3.12/site-packages/oslo_config/cfg.py:2995}}
Mar 26 22:36:40.664082 np0000161110 devstack@n-api-meta.service[107455]: DEBUG nova.api.openstack.wsgi_app [None req-90eaaccb-b728-4768-94c8-52bfe8835a48 None None] instance_build_timeout = 0 {{(pid=107455) log_opt_values /opt/stack/data/venv/lib/python3.12/site-packages/oslo_config/cfg.py:2995}}
Mar 26 22:36:40.664208 np0000161110 devstack@n-api-meta.service[107455]: DEBUG nova.api.openstack.wsgi_app [None req-90eaaccb-b728-4768-94c8-52bfe8835a48 None None] instance_delete_interval = 300 {{(pid=107455) log_opt_values /opt/stack/data/venv/lib/python3.12/site-packages/oslo_config/cfg.py:2995}}
Mar 26 22:36:40.664340 np0000161110 devstack@n-api-meta.service[107455]: DEBUG nova.api.openstack.wsgi_app [None req-90eaaccb-b728-4768-94c8-52bfe8835a48 None None] instance_format = [instance: %(uuid)s] {{(pid=107455) log_opt_values /opt/stack/data/venv/lib/python3.12/site-packages/oslo_config/cfg.py:2995}}
Mar 26 22:36:40.664468 np0000161110 devstack@n-api-meta.service[107455]: DEBUG nova.api.openstack.wsgi_app [None req-90eaaccb-b728-4768-94c8-52bfe8835a48 None None] instance_name_template = instance-%08x {{(pid=107455) log_opt_values /opt/stack/data/venv/lib/python3.12/site-packages/oslo_config/cfg.py:2995}}
Mar 26 22:36:40.664593 np0000161110 devstack@n-api-meta.service[107455]: DEBUG nova.api.openstack.wsgi_app [None req-90eaaccb-b728-4768-94c8-52bfe8835a48 None None] instance_usage_audit = False {{(pid=107455) log_opt_values /opt/stack/data/venv/lib/python3.12/site-packages/oslo_config/cfg.py:2995}}
Mar 26 22:36:40.664727 np0000161110 devstack@n-api-meta.service[107455]: DEBUG nova.api.openstack.wsgi_app [None req-90eaaccb-b728-4768-94c8-52bfe8835a48 None None] instance_usage_audit_period = month {{(pid=107455) log_opt_values /opt/stack/data/venv/lib/python3.12/site-packages/oslo_config/cfg.py:2995}}
Mar 26 22:36:40.664866 np0000161110 devstack@n-api-meta.service[107455]: DEBUG nova.api.openstack.wsgi_app [None req-90eaaccb-b728-4768-94c8-52bfe8835a48 None None] instance_uuid_format = [instance: %(uuid)s] {{(pid=107455) log_opt_values /opt/stack/data/venv/lib/python3.12/site-packages/oslo_config/cfg.py:2995}}
Mar 26 22:36:40.665003 np0000161110 devstack@n-api-meta.service[107455]: DEBUG nova.api.openstack.wsgi_app [None req-90eaaccb-b728-4768-94c8-52bfe8835a48 None None] instances_path = /opt/stack/data/nova/instances {{(pid=107455) log_opt_values /opt/stack/data/venv/lib/python3.12/site-packages/oslo_config/cfg.py:2995}}
Mar 26 22:36:40.665133 np0000161110 devstack@n-api-meta.service[107455]: DEBUG nova.api.openstack.wsgi_app [None req-90eaaccb-b728-4768-94c8-52bfe8835a48 None None] internal_service_availability_zone = internal {{(pid=107455) log_opt_values /opt/stack/data/venv/lib/python3.12/site-packages/oslo_config/cfg.py:2995}}
Mar 26 22:36:40.665321 np0000161110 devstack@n-api-meta.service[107455]: DEBUG nova.api.openstack.wsgi_app [None req-90eaaccb-b728-4768-94c8-52bfe8835a48 None None] key = None {{(pid=107455) log_opt_values /opt/stack/data/venv/lib/python3.12/site-packages/oslo_config/cfg.py:2995}}
Mar 26 22:36:40.665396 np0000161110 devstack@n-api-meta.service[107455]: DEBUG nova.api.openstack.wsgi_app [None req-90eaaccb-b728-4768-94c8-52bfe8835a48 None None] live_migration_retry_count = 30 {{(pid=107455) log_opt_values /opt/stack/data/venv/lib/python3.12/site-packages/oslo_config/cfg.py:2995}}
Mar 26 22:36:40.665511 np0000161110 devstack@n-api-meta.service[107455]: DEBUG nova.api.openstack.wsgi_app [None req-90eaaccb-b728-4768-94c8-52bfe8835a48 None None] log_color = False {{(pid=107455) log_opt_values /opt/stack/data/venv/lib/python3.12/site-packages/oslo_config/cfg.py:2995}}
Mar 26 22:36:40.665639 np0000161110 devstack@n-api-meta.service[107455]: DEBUG nova.api.openstack.wsgi_app [None req-90eaaccb-b728-4768-94c8-52bfe8835a48 None None] log_config_append = None {{(pid=107455) log_opt_values /opt/stack/data/venv/lib/python3.12/site-packages/oslo_config/cfg.py:2995}}
Mar 26 22:36:40.665768 np0000161110 devstack@n-api-meta.service[107455]: DEBUG nova.api.openstack.wsgi_app [None req-90eaaccb-b728-4768-94c8-52bfe8835a48 None None] log_date_format = %Y-%m-%d %H:%M:%S {{(pid=107455) log_opt_values /opt/stack/data/venv/lib/python3.12/site-packages/oslo_config/cfg.py:2995}}
Mar 26 22:36:40.665868 np0000161110 devstack@n-api-meta.service[107454]: DEBUG nova.api.openstack.wsgi_app [None req-ce00093b-e9d8-4005-b8c1-f8238ee3657b None None] ******************************************************************************** {{(pid=107454) log_opt_values /opt/stack/data/venv/lib/python3.12/site-packages/oslo_config/cfg.py:2979}}
Mar 26 22:36:40.665941 np0000161110 devstack@n-api-meta.service[107455]: DEBUG nova.api.openstack.wsgi_app [None req-90eaaccb-b728-4768-94c8-52bfe8835a48 None None] log_dir = None {{(pid=107455) log_opt_values /opt/stack/data/venv/lib/python3.12/site-packages/oslo_config/cfg.py:2995}}
Mar 26 22:36:40.666046 np0000161110 devstack@n-api-meta.service[107454]: DEBUG nova.api.openstack.wsgi_app [None req-ce00093b-e9d8-4005-b8c1-f8238ee3657b None None] Configuration options gathered from: {{(pid=107454) log_opt_values /opt/stack/data/venv/lib/python3.12/site-packages/oslo_config/cfg.py:2980}}
