2026-05-12 12:36:51.041 10 INFO neutron.api.wsgi [None req-8208151a-6bdc-402b-8050-061b4b5b7d71 81032ca9546749779c89b5807960a1a5 32e17c06cc9449c7b6c3253151b5a7ce - - default default] 199.19.213.54,10.0.0.36 "GET /v2.0/security-groups/e01549df-ad01-4050-bbd2-5f59aef85ebb HTTP/1.1" status: 200 len: 4251 time: 0.0322797
2026-05-12 12:36:51.065 10 INFO neutron.api.wsgi [None req-ca50b829-a7b9-4e15-a208-369eab3d473e 81032ca9546749779c89b5807960a1a5 32e17c06cc9449c7b6c3253151b5a7ce - - default default] 199.19.213.54,10.0.0.36 "GET /v2.0/security-group-rules/8de09163-1f82-46c0-a8f0-8b0d8ce5bd9a HTTP/1.1" status: 200 len: 776 time: 0.0162325
2026-05-12 12:36:52.218 10 INFO neutron.api.wsgi [None req-47d62a60-12a7-4c6b-9063-63efba13664b 81032ca9546749779c89b5807960a1a5 32e17c06cc9449c7b6c3253151b5a7ce - - default default] 199.19.213.54,10.0.0.36 "GET /v2.0/security-groups/e01549df-ad01-4050-bbd2-5f59aef85ebb?project_id=0585709910514915943bf3e368a6d362 HTTP/1.1" status: 200 len: 4251 time: 0.0599325
2026-05-12 12:36:52.260 10 INFO neutron.api.wsgi [None req-0b765717-434d-472c-a73f-b9342fdc547a 81032ca9546749779c89b5807960a1a5 32e17c06cc9449c7b6c3253151b5a7ce - - default default] 199.19.213.54,10.0.0.36 "GET /v2.0/security-groups/e01549df-ad01-4050-bbd2-5f59aef85ebb HTTP/1.1" status: 200 len: 4251 time: 0.0330732
2026-05-12 12:36:52.285 10 INFO neutron.api.wsgi [None req-4858fd8e-008c-4096-a470-2f63c85d7ad0 81032ca9546749779c89b5807960a1a5 32e17c06cc9449c7b6c3253151b5a7ce - - default default] 199.19.213.54,10.0.0.36 "GET /v2.0/security-group-rules/5eb575da-32f1-4407-b765-f2f8ef011430 HTTP/1.1" status: 200 len: 777 time: 0.0152166
2026-05-12 12:36:59.032 10 INFO neutron.api.wsgi [None req-29671eb6-bdd7-46c1-a75d-4e93057ac8e0 81032ca9546749779c89b5807960a1a5 32e17c06cc9449c7b6c3253151b5a7ce - - default default] 10.0.0.94 "GET /v2.0/agents HTTP/1.1" status: 200 len: 1390 time: 0.0825479
2026-05-12 12:36:59.048 10 INFO neutron.api.wsgi [None req-08a93f49-cff6-4026-b651-ae7ae4690c78 81032ca9546749779c89b5807960a1a5 32e17c06cc9449c7b6c3253151b5a7ce - - default default] 10.0.0.94 "GET /v2.0/network-ip-availabilities HTTP/1.1" status: 200 len: 1280 time: 0.0153458
2026-05-12 12:36:59.065 10 INFO neutron.api.wsgi [None req-1802a643-a3cc-4e92-8cb4-56994b679702 81032ca9546749779c89b5807960a1a5 32e17c06cc9449c7b6c3253151b5a7ce - - default default] 10.0.0.94 "GET /v2.0/floatingips HTTP/1.1" status: 200 len: 193 time: 0.0158477
2026-05-12 12:36:59.100 10 INFO neutron.api.wsgi [None req-cd05775a-3020-463c-8a8a-9867c1fbbcc3 81032ca9546749779c89b5807960a1a5 32e17c06cc9449c7b6c3253151b5a7ce - - default default] 10.0.0.94 "GET /v2.0/subnets HTTP/1.1" status: 200 len: 1484 time: 0.0333967
2026-05-12 12:36:59.155 10 INFO neutron.api.wsgi [None req-c6a69aa7-db35-4116-b60c-8edbf2fe774d 81032ca9546749779c89b5807960a1a5 32e17c06cc9449c7b6c3253151b5a7ce - - default default] 10.0.0.94 "GET /v2.0/subnets HTTP/1.1" status: 200 len: 1484 time: 0.0518758
2026-05-12 12:36:59.165 10 INFO neutron.api.wsgi [None req-cca3a210-bfe9-4d88-8ff2-08afa41b52fe 81032ca9546749779c89b5807960a1a5 32e17c06cc9449c7b6c3253151b5a7ce - - default default] 10.0.0.94 "GET /v2.0/subnetpools HTTP/1.1" status: 200 len: 193 time: 0.0087638
2026-05-12 12:36:59.214 10 INFO neutron.api.wsgi [None req-6a773020-8201-45ad-9f4e-6e492339efe9 81032ca9546749779c89b5807960a1a5 32e17c06cc9449c7b6c3253151b5a7ce - - default default] 10.0.0.94 "GET /v2.0/networks HTTP/1.1" status: 200 len: 2350 time: 0.0477335
2026-05-12 12:36:59.234 10 INFO neutron.api.wsgi [None req-d2dfbd31-eaf1-4d57-ab16-ac7bb265df02 81032ca9546749779c89b5807960a1a5 32e17c06cc9449c7b6c3253151b5a7ce - - default default] 10.0.0.94 "GET /v2.0/routers HTTP/1.1" status: 200 len: 189 time: 0.0163763
2026-05-12 12:36:59.245 10 INFO neutron.api.wsgi [None req-92d8f444-ccce-4e42-9cef-4bd04a54937f 81032ca9546749779c89b5807960a1a5 32e17c06cc9449c7b6c3253151b5a7ce - - default default] 10.0.0.94 "GET /v2.0/agents?binary=ovn-controller HTTP/1.1" status: 200 len: 591 time: 0.0104690
2026-05-12 12:36:59.294 10 INFO neutron.api.wsgi [None req-173f37bc-ef5a-44d2-acc1-4ade38614e01 81032ca9546749779c89b5807960a1a5 32e17c06cc9449c7b6c3253151b5a7ce - - default default] 10.0.0.94 "GET /v2.0/security-groups HTTP/1.1" status: 200 len: 17578 time: 0.0471206
2026-05-12 12:36:59.356 10 INFO neutron.api.wsgi [None req-1829739b-15d6-48cb-824a-a7837312dc82 81032ca9546749779c89b5807960a1a5 32e17c06cc9449c7b6c3253151b5a7ce - - default default] 10.0.0.94 "GET /v2.0/ports HTTP/1.1" status: 200 len: 5351 time: 0.0559726
2026-05-12 12:37:00.296 10 INFO neutron.api.wsgi [None req-224a67f7-3f7a-4106-9d6a-f2ceee2f1937 81032ca9546749779c89b5807960a1a5 32e17c06cc9449c7b6c3253151b5a7ce - - default default] 199.19.213.54,10.0.0.36 "GET /v2.0/quotas/0585709910514915943bf3e368a6d362 HTTP/1.1" status: 200 len: 466 time: 0.0167732
2026-05-12 12:37:04.564 9 INFO neutron.api.wsgi [-] 10.0.0.36 "GET / HTTP/1.1" status: 200 len: 247 time: 0.0016787
2026-05-12 12:37:04.565 10 INFO neutron.api.wsgi [-] 10.0.0.36 "GET / HTTP/1.1" status: 200 len: 247 time: 0.0023553
2026-05-12 12:37:19.564 10 INFO neutron.api.wsgi [-] 10.0.0.36 "GET / HTTP/1.1" status: 200 len: 247 time: 0.0025115
2026-05-12 12:37:19.565 9 INFO neutron.api.wsgi [-] 10.0.0.36 "GET / HTTP/1.1" status: 200 len: 247 time: 0.0023491
2026-05-12 12:37:34.563 10 INFO neutron.api.wsgi [-] 10.0.0.36 "GET / HTTP/1.1" status: 200 len: 247 time: 0.0017915
2026-05-12 12:37:34.565 9 INFO neutron.api.wsgi [-] 10.0.0.36 "GET / HTTP/1.1" status: 200 len: 247 time: 0.0031495
2026-05-12 12:37:49.563 9 INFO neutron.api.wsgi [-] 10.0.0.36 "GET / HTTP/1.1" status: 200 len: 247 time: 0.0012181
2026-05-12 12:37:49.565 10 INFO neutron.api.wsgi [-] 10.0.0.36 "GET / HTTP/1.1" status: 200 len: 247 time: 0.0028183
2026-05-12 12:37:55.713 9 INFO neutron.api.wsgi [None req-39859b21-2797-4261-866e-a7898e6c772c 81032ca9546749779c89b5807960a1a5 32e17c06cc9449c7b6c3253151b5a7ce - - default default] 199.19.213.54,10.0.0.36 "GET /v2.0/networks?name=public HTTP/1.1" status: 200 len: 928 time: 0.0855980
2026-05-12 12:37:58.996 10 INFO neutron.api.wsgi [None req-1cc01922-7240-44bd-bdbd-2ee6adfc54dd 81032ca9546749779c89b5807960a1a5 32e17c06cc9449c7b6c3253151b5a7ce - - default default] 10.0.0.94 "GET /v2.0/agents HTTP/1.1" status: 200 len: 1390 time: 0.0705791
2026-05-12 12:37:59.030 10 INFO neutron.api.wsgi [None req-a9dc9337-cefb-454e-9f57-d4c2866c5846 81032ca9546749779c89b5807960a1a5 32e17c06cc9449c7b6c3253151b5a7ce - - default default] 10.0.0.94 "GET /v2.0/subnets HTTP/1.1" status: 200 len: 1484 time: 0.0331388
2026-05-12 12:37:59.038 10 INFO neutron.api.wsgi [None req-f776d981-8076-44aa-91a8-79bc040f14e6 81032ca9546749779c89b5807960a1a5 32e17c06cc9449c7b6c3253151b5a7ce - - default default] 10.0.0.94 "GET /v2.0/subnetpools HTTP/1.1" status: 200 len: 193 time: 0.0073087
2026-05-12 12:37:59.062 10 INFO neutron.api.wsgi [None req-aad3b405-04a6-49da-8bef-7b179bb6025f 81032ca9546749779c89b5807960a1a5 32e17c06cc9449c7b6c3253151b5a7ce - - default default] 10.0.0.94 "GET /v2.0/subnets HTTP/1.1" status: 200 len: 1484 time: 0.0230398
2026-05-12 12:37:59.077 10 INFO neutron.api.wsgi [None req-63b69406-fae7-4ee4-ac9f-162369e018b0 81032ca9546749779c89b5807960a1a5 32e17c06cc9449c7b6c3253151b5a7ce - - default default] 10.0.0.94 "GET /v2.0/routers HTTP/1.1" status: 200 len: 189 time: 0.0136364
2026-05-12 12:37:59.088 10 INFO neutron.api.wsgi [None req-e4844067-2b1d-4b99-a800-c89cafca81f0 81032ca9546749779c89b5807960a1a5 32e17c06cc9449c7b6c3253151b5a7ce - - default default] 10.0.0.94 "GET /v2.0/agents?binary=ovn-controller HTTP/1.1" status: 200 len: 591 time: 0.0099604
2026-05-12 12:37:59.106 10 INFO neutron.api.wsgi [None req-28e02a5f-f26c-4230-9bdc-6d2aa489c9a0 81032ca9546749779c89b5807960a1a5 32e17c06cc9449c7b6c3253151b5a7ce - - default default] 10.0.0.94 "GET /v2.0/floatingips HTTP/1.1" status: 200 len: 193 time: 0.0171492
2026-05-12 12:37:59.159 10 INFO neutron.api.wsgi [None req-b1618b2b-c434-4fbd-a9e0-3c0208d11f01 81032ca9546749779c89b5807960a1a5 32e17c06cc9449c7b6c3253151b5a7ce - - default default] 10.0.0.94 "GET /v2.0/security-groups HTTP/1.1" status: 200 len: 17578 time: 0.0518067
2026-05-12 12:37:59.181 10 INFO neutron.api.wsgi [None req-249c6346-be96-409d-85f6-af98aae9d8d5 81032ca9546749779c89b5807960a1a5 32e17c06cc9449c7b6c3253151b5a7ce - - default default] 10.0.0.94 "GET /v2.0/network-ip-availabilities HTTP/1.1" status: 200 len: 1280 time: 0.0143213
2026-05-12 12:37:59.230 10 INFO neutron.api.wsgi [None req-fb151d76-49f6-482d-a074-80de638d0caa 81032ca9546749779c89b5807960a1a5 32e17c06cc9449c7b6c3253151b5a7ce - - default default] 10.0.0.94 "GET /v2.0/networks HTTP/1.1" status: 200 len: 2350 time: 0.0482986
2026-05-12 12:37:59.278 10 INFO neutron.api.wsgi [None req-69a06efd-12d9-4cd4-8b69-a5a7b304c4bb 81032ca9546749779c89b5807960a1a5 32e17c06cc9449c7b6c3253151b5a7ce - - default default] 10.0.0.94 "GET /v2.0/ports HTTP/1.1" status: 200 len: 5351 time: 0.0456910
2026-05-12 12:38:05.065 10 INFO neutron.api.wsgi [-] 10.0.0.36 "GET / HTTP/1.1" status: 200 len: 247 time: 0.0013371
2026-05-12 12:38:05.066 10 INFO neutron.api.wsgi [-] 10.0.0.36 "GET / HTTP/1.1" status: 200 len: 247 time: 0.0009465
2026-05-12 12:38:19.565 9 INFO neutron.api.wsgi [-] 10.0.0.36 "GET / HTTP/1.1" status: 200 len: 247 time: 0.0026250
2026-05-12 12:38:19.569 9 INFO neutron.api.wsgi [-] 10.0.0.36 "GET / HTTP/1.1" status: 200 len: 247 time: 0.0034137
2026-05-12 12:38:34.566 9 INFO neutron.api.wsgi [-] 10.0.0.36 "GET / HTTP/1.1" status: 200 len: 247 time: 0.0029383
2026-05-12 12:38:34.570 9 INFO neutron.api.wsgi [-] 10.0.0.36 "GET / HTTP/1.1" status: 200 len: 247 time: 0.0032103
2026-05-12 12:38:37.826 9 INFO neutron.api.wsgi [None req-575d5cac-7b5a-40c8-9f2a-77b4a947882a 81032ca9546749779c89b5807960a1a5 32e17c06cc9449c7b6c3253151b5a7ce - - default default] 10.0.0.120 "GET /v2.0/networks HTTP/1.1" status: 200 len: 2369 time: 0.2378972
2026-05-12 12:38:38.984 9 INFO neutron.api.wsgi [None req-70330725-766d-4846-adcf-e7b4289e4a6b 81032ca9546749779c89b5807960a1a5 32e17c06cc9449c7b6c3253151b5a7ce - - default default] 10.0.0.120 "GET /v2.0/floatingips HTTP/1.1" status: 200 len: 212 time: 0.0350718
2026-05-12 12:38:39.024 9 INFO neutron.api.wsgi [None req-31361bec-c350-490b-8455-164bfe664cb4 81032ca9546749779c89b5807960a1a5 32e17c06cc9449c7b6c3253151b5a7ce - - default default] 10.0.0.120 "GET /v2.0/routers HTTP/1.1" status: 200 len: 208 time: 0.0350420
2026-05-12 12:38:39.070 9 INFO neutron.api.wsgi [None req-2628cb4a-68da-4625-88bf-41109b380eb7 81032ca9546749779c89b5807960a1a5 32e17c06cc9449c7b6c3253151b5a7ce - - default default] 10.0.0.120 "GET /v2.0/ports HTTP/1.1" status: 200 len: 5370 time: 0.0410817
2026-05-12 12:38:39.109 9 INFO neutron.api.wsgi [None req-7af0e924-ca13-4c81-94af-b43ab28864b9 81032ca9546749779c89b5807960a1a5 32e17c06cc9449c7b6c3253151b5a7ce - - default default] 10.0.0.120 "GET /v2.0/subnets HTTP/1.1" status: 200 len: 1503 time: 0.0333629
2026-05-12 12:38:39.170 9 INFO neutron.api.wsgi [None req-25276e2e-4e72-42e1-a87e-aa26f0d95d1a 81032ca9546749779c89b5807960a1a5 32e17c06cc9449c7b6c3253151b5a7ce - - default default] 10.0.0.120 "GET /v2.0/networks HTTP/1.1" status: 200 len: 2369 time: 0.0567844
2026-05-12 12:38:39.213 10 INFO neutron.api.wsgi [None req-27991698-beae-41fb-8108-769c8f04f1a0 81032ca9546749779c89b5807960a1a5 32e17c06cc9449c7b6c3253151b5a7ce - - default default] 10.0.0.120 "GET /v2.0/security-groups HTTP/1.1" status: 200 len: 17597 time: 0.0380449
2026-05-12 12:38:39.229 9 INFO neutron.api.wsgi [None req-e4097bc1-8302-43a3-844b-31c123afca6c 81032ca9546749779c89b5807960a1a5 32e17c06cc9449c7b6c3253151b5a7ce - - default default] 10.0.0.120 "GET /v2.0/subnetpools HTTP/1.1" status: 200 len: 212 time: 0.0102794
2026-05-12 12:38:49.564 10 INFO neutron.api.wsgi [-] 10.0.0.36 "GET / HTTP/1.1" status: 200 len: 247 time: 0.0018179
2026-05-12 12:38:49.565 9 INFO neutron.api.wsgi [-] 10.0.0.36 "GET / HTTP/1.1" status: 200 len: 247 time: 0.0029242
2026-05-12 12:38:51.423 10 INFO neutron.db.ovn_revision_numbers_db [None req-9ffba8e4-251f-4dbd-8e93-6d5aca8813dd 81032ca9546749779c89b5807960a1a5 32e17c06cc9449c7b6c3253151b5a7ce - - default default] Successfully bumped revision number for resource 381577c8-569e-4a20-8cf9-133a24721334 (type: security_groups) to 1
2026-05-12 12:38:51.439 10 INFO neutron.db.ovn_revision_numbers_db [None req-9ffba8e4-251f-4dbd-8e93-6d5aca8813dd 81032ca9546749779c89b5807960a1a5 32e17c06cc9449c7b6c3253151b5a7ce - - default default] Successfully bumped revision number for resource 86851292-6f3f-4c21-a9eb-aeab005d20ba (type: security_group_rules) to 0
2026-05-12 12:38:51.453 10 INFO neutron.db.ovn_revision_numbers_db [None req-9ffba8e4-251f-4dbd-8e93-6d5aca8813dd 81032ca9546749779c89b5807960a1a5 32e17c06cc9449c7b6c3253151b5a7ce - - default default] Successfully bumped revision number for resource 9eabb477-2125-4fda-8da2-922adaf5794c (type: security_group_rules) to 0
2026-05-12 12:38:51.468 10 INFO neutron.db.ovn_revision_numbers_db [None req-9ffba8e4-251f-4dbd-8e93-6d5aca8813dd 81032ca9546749779c89b5807960a1a5 32e17c06cc9449c7b6c3253151b5a7ce - - default default] Successfully bumped revision number for resource bbbcdae7-179a-4a50-be58-9b527b9dd0a2 (type: security_group_rules) to 0
2026-05-12 12:38:51.482 10 INFO neutron.db.ovn_revision_numbers_db [None req-9ffba8e4-251f-4dbd-8e93-6d5aca8813dd 81032ca9546749779c89b5807960a1a5 32e17c06cc9449c7b6c3253151b5a7ce - - default default] Successfully bumped revision number for resource f38f3314-9837-4a54-9687-afe47da4994f (type: security_group_rules) to 0
2026-05-12 12:38:51.568 9 INFO neutron.db.ovn_revision_numbers_db [None req-32dbfbf3-d526-4d3a-b2f3-564f333c8659 81032ca9546749779c89b5807960a1a5 32e17c06cc9449c7b6c3253151b5a7ce - - default default] Successfully bumped revision number for resource b229a313-abbe-421e-b3e8-8de6c64eedaf (type: security_groups) to 1
2026-05-12 12:38:51.583 9 INFO neutron.db.ovn_revision_numbers_db [None req-32dbfbf3-d526-4d3a-b2f3-564f333c8659 81032ca9546749779c89b5807960a1a5 32e17c06cc9449c7b6c3253151b5a7ce - - default default] Successfully bumped revision number for resource a4cee6ce-14c7-4c24-b218-0093b8e0b9b1 (type: security_group_rules) to 0
2026-05-12 12:38:51.593 10 INFO neutron.db.segments_db [None req-9ffba8e4-251f-4dbd-8e93-6d5aca8813dd 81032ca9546749779c89b5807960a1a5 32e17c06cc9449c7b6c3253151b5a7ce - - default default] Added segment ed969f04-741d-4e10-998b-8c0e25a39b26 of type geneve for network 120f64ab-ff0d-4507-a207-ba51cbf28ad8
2026-05-12 12:38:51.597 9 INFO neutron.db.ovn_revision_numbers_db [None req-32dbfbf3-d526-4d3a-b2f3-564f333c8659 81032ca9546749779c89b5807960a1a5 32e17c06cc9449c7b6c3253151b5a7ce - - default default] Successfully bumped revision number for resource b044cbcd-f7d0-459a-891f-03f03f79f62b (type: security_group_rules) to 0
2026-05-12 12:38:51.612 9 INFO neutron.db.ovn_revision_numbers_db [None req-32dbfbf3-d526-4d3a-b2f3-564f333c8659 81032ca9546749779c89b5807960a1a5 32e17c06cc9449c7b6c3253151b5a7ce - - default default] Successfully bumped revision number for resource e868fecb-5631-4783-9888-9bd9351c636a (type: security_group_rules) to 0
2026-05-12 12:38:51.628 9 INFO neutron.db.ovn_revision_numbers_db [None req-32dbfbf3-d526-4d3a-b2f3-564f333c8659 81032ca9546749779c89b5807960a1a5 32e17c06cc9449c7b6c3253151b5a7ce - - default default] Successfully bumped revision number for resource f2beea35-37b4-4624-866f-bc43b9b6e59b (type: security_group_rules) to 0
2026-05-12 12:38:51.720 10 INFO neutron.db.ovn_revision_numbers_db [None req-9ffba8e4-251f-4dbd-8e93-6d5aca8813dd 81032ca9546749779c89b5807960a1a5 32e17c06cc9449c7b6c3253151b5a7ce - - default default] Successfully bumped revision number for resource 120f64ab-ff0d-4507-a207-ba51cbf28ad8 (type: networks) to 1
2026-05-12 12:38:51.729 9 INFO neutron.db.segments_db [None req-32dbfbf3-d526-4d3a-b2f3-564f333c8659 81032ca9546749779c89b5807960a1a5 32e17c06cc9449c7b6c3253151b5a7ce - - default default] Added segment 4258dd3b-ad83-497d-8321-b6e21a2ee57b of type geneve for network af30864e-552b-4e24-9bce-49994237159a
2026-05-12 12:38:51.869 9 INFO neutron.db.ovn_revision_numbers_db [None req-32dbfbf3-d526-4d3a-b2f3-564f333c8659 81032ca9546749779c89b5807960a1a5 32e17c06cc9449c7b6c3253151b5a7ce - - default default] Successfully bumped revision number for resource af30864e-552b-4e24-9bce-49994237159a (type: networks) to 1
2026-05-12 12:38:51.921 10 WARNING neutron.scheduler.dhcp_agent_scheduler [None req-9ffba8e4-251f-4dbd-8e93-6d5aca8813dd 81032ca9546749779c89b5807960a1a5 32e17c06cc9449c7b6c3253151b5a7ce - - default default] No more DHCP agents
2026-05-12 12:38:51.922 10 WARNING neutron.api.rpc.agentnotifiers.dhcp_rpc_agent_api [None req-9ffba8e4-251f-4dbd-8e93-6d5aca8813dd 81032ca9546749779c89b5807960a1a5 32e17c06cc9449c7b6c3253151b5a7ce - - default default] Unable to schedule network 120f64ab-ff0d-4507-a207-ba51cbf28ad8: no agents available; will retry on subsequent port and subnet creation events.
2026-05-12 12:38:52.001 10 INFO neutron.db.ovn_revision_numbers_db [None req-9ffba8e4-251f-4dbd-8e93-6d5aca8813dd 81032ca9546749779c89b5807960a1a5 32e17c06cc9449c7b6c3253151b5a7ce - - default default] Successfully bumped revision number for resource 0ebb00af-0610-4b4f-a88a-5eed7e38abeb (type: ports) to 1
2026-05-12 12:38:52.023 10 INFO neutron.api.wsgi [None req-9ffba8e4-251f-4dbd-8e93-6d5aca8813dd 81032ca9546749779c89b5807960a1a5 32e17c06cc9449c7b6c3253151b5a7ce - - default default] 10.0.0.120 "POST /v2.0/networks HTTP/1.1" status: 201 len: 950 time: 0.8761899
2026-05-12 12:38:52.076 9 WARNING neutron.scheduler.dhcp_agent_scheduler [None req-32dbfbf3-d526-4d3a-b2f3-564f333c8659 81032ca9546749779c89b5807960a1a5 32e17c06cc9449c7b6c3253151b5a7ce - - default default] No more DHCP agents
2026-05-12 12:38:52.078 9 WARNING neutron.api.rpc.agentnotifiers.dhcp_rpc_agent_api [None req-32dbfbf3-d526-4d3a-b2f3-564f333c8659 81032ca9546749779c89b5807960a1a5 32e17c06cc9449c7b6c3253151b5a7ce - - default default] Unable to schedule network af30864e-552b-4e24-9bce-49994237159a: no agents available; will retry on subsequent port and subnet creation events.
2026-05-12 12:38:52.134 9 INFO neutron.db.ovn_revision_numbers_db [None req-32dbfbf3-d526-4d3a-b2f3-564f333c8659 81032ca9546749779c89b5807960a1a5 32e17c06cc9449c7b6c3253151b5a7ce - - default default] Successfully bumped revision number for resource 7f5465a6-3e37-4534-a03f-8b73c4e75904 (type: ports) to 1
2026-05-12 12:38:52.152 9 INFO neutron.api.wsgi [None req-32dbfbf3-d526-4d3a-b2f3-564f333c8659 81032ca9546749779c89b5807960a1a5 32e17c06cc9449c7b6c3253151b5a7ce - - default default] 10.0.0.120 "POST /v2.0/networks HTTP/1.1" status: 201 len: 944 time: 0.7563035
2026-05-12 12:38:52.200 10 WARNING neutron.scheduler.dhcp_agent_scheduler [None req-b5d9bcd2-a4b5-4e7d-8557-d3a43c836285 81032ca9546749779c89b5807960a1a5 32e17c06cc9449c7b6c3253151b5a7ce - - default default] No more DHCP agents
2026-05-12 12:38:52.201 10 WARNING neutron.api.rpc.agentnotifiers.dhcp_rpc_agent_api [None req-b5d9bcd2-a4b5-4e7d-8557-d3a43c836285 81032ca9546749779c89b5807960a1a5 32e17c06cc9449c7b6c3253151b5a7ce - - default default] Unable to schedule network 120f64ab-ff0d-4507-a207-ba51cbf28ad8: no agents available; will retry on subsequent port and subnet creation events.
2026-05-12 12:38:52.340 9 INFO neutron.db.ovn_revision_numbers_db [None req-b2297af1-8b3e-433b-9bb8-5648e04f2c84 81032ca9546749779c89b5807960a1a5 32e17c06cc9449c7b6c3253151b5a7ce - - default default] Successfully bumped revision number for resource c60a66b3-9ad0-40df-a0f2-ffcae5e1c748 (type: security_groups) to 1
2026-05-12 12:38:52.352 9 INFO neutron.db.ovn_revision_numbers_db [None req-b2297af1-8b3e-433b-9bb8-5648e04f2c84 81032ca9546749779c89b5807960a1a5 32e17c06cc9449c7b6c3253151b5a7ce - - default default] Successfully bumped revision number for resource 3cd4e8c6-fd1b-4915-919e-667c4d332e7e (type: security_group_rules) to 0
2026-05-12 12:38:52.358 10 WARNING neutron.scheduler.dhcp_agent_scheduler [None req-62e19c42-7786-4ffb-84ee-8727481279ca 81032ca9546749779c89b5807960a1a5 32e17c06cc9449c7b6c3253151b5a7ce - - default default] No more DHCP agents
2026-05-12 12:38:52.363 10 WARNING neutron.api.rpc.agentnotifiers.dhcp_rpc_agent_api [None req-62e19c42-7786-4ffb-84ee-8727481279ca 81032ca9546749779c89b5807960a1a5 32e17c06cc9449c7b6c3253151b5a7ce - - default default] Unable to schedule network af30864e-552b-4e24-9bce-49994237159a: no agents available; will retry on subsequent port and subnet creation events.
2026-05-12 12:38:52.366 9 INFO neutron.db.ovn_revision_numbers_db [None req-b2297af1-8b3e-433b-9bb8-5648e04f2c84 81032ca9546749779c89b5807960a1a5 32e17c06cc9449c7b6c3253151b5a7ce - - default default] Successfully bumped revision number for resource 5d484c83-9809-4946-838c-b2ac3d32cf47 (type: security_group_rules) to 0
2026-05-12 12:38:52.381 9 INFO neutron.db.ovn_revision_numbers_db [None req-b2297af1-8b3e-433b-9bb8-5648e04f2c84 81032ca9546749779c89b5807960a1a5 32e17c06cc9449c7b6c3253151b5a7ce - - default default] Successfully bumped revision number for resource 647c6142-3b2e-4c6c-8154-dd0d8a072cbd (type: security_group_rules) to 0
2026-05-12 12:38:52.396 9 INFO neutron.db.ovn_revision_numbers_db [None req-b2297af1-8b3e-433b-9bb8-5648e04f2c84 81032ca9546749779c89b5807960a1a5 32e17c06cc9449c7b6c3253151b5a7ce - - default default] Successfully bumped revision number for resource b80f01d8-a430-4981-ad73-1487fcc09049 (type: security_group_rules) to 0
2026-05-12 12:38:52.437 9 INFO neutron.api.wsgi [None req-b2297af1-8b3e-433b-9bb8-5648e04f2c84 81032ca9546749779c89b5807960a1a5 32e17c06cc9449c7b6c3253151b5a7ce - - default default] 10.0.0.120 "GET /v2.0/security-groups?tenant_id=661fa694f0dc4be0834c5759cf6c6a44&name=default HTTP/1.1" status: 200 len: 3116 time: 0.2442667
2026-05-12 12:38:52.456 10 INFO neutron.db.ovn_revision_numbers_db [None req-781b9510-51c8-4c93-b3a8-52781d3e3c3a 81032ca9546749779c89b5807960a1a5 32e17c06cc9449c7b6c3253151b5a7ce - - default default] Successfully bumped revision number for resource 4d993367-c0bf-4248-aa7a-2e5319b01c46 (type: security_groups) to 1
2026-05-12 12:38:52.478 10 INFO neutron.db.ovn_revision_numbers_db [None req-781b9510-51c8-4c93-b3a8-52781d3e3c3a 81032ca9546749779c89b5807960a1a5 32e17c06cc9449c7b6c3253151b5a7ce - - default default] Successfully bumped revision number for resource 2e043588-c88d-4459-9fcc-4cdc51e99d96 (type: security_group_rules) to 0
2026-05-12 12:38:52.502 10 INFO neutron.db.ovn_revision_numbers_db [None req-781b9510-51c8-4c93-b3a8-52781d3e3c3a 81032ca9546749779c89b5807960a1a5 32e17c06cc9449c7b6c3253151b5a7ce - - default default] Successfully bumped revision number for resource 39e84f87-23e5-49d2-95cb-7ec8f3f920c8 (type: security_group_rules) to 0
2026-05-12 12:38:52.521 10 INFO neutron.db.ovn_revision_numbers_db [None req-781b9510-51c8-4c93-b3a8-52781d3e3c3a 81032ca9546749779c89b5807960a1a5 32e17c06cc9449c7b6c3253151b5a7ce - - default default] Successfully bumped revision number for resource 91d71e7d-a915-4c19-a660-da30c69787e3 (type: security_group_rules) to 0
2026-05-12 12:38:52.538 10 INFO neutron.db.ovn_revision_numbers_db [None req-781b9510-51c8-4c93-b3a8-52781d3e3c3a 81032ca9546749779c89b5807960a1a5 32e17c06cc9449c7b6c3253151b5a7ce - - default default] Successfully bumped revision number for resource a384d8bd-2aae-4da9-a74a-6894c7f4495d (type: security_group_rules) to 0
2026-05-12 12:38:52.608 10 INFO neutron.api.wsgi [None req-781b9510-51c8-4c93-b3a8-52781d3e3c3a 81032ca9546749779c89b5807960a1a5 32e17c06cc9449c7b6c3253151b5a7ce - - default default] 10.0.0.120 "GET /v2.0/security-groups?tenant_id=6165d67c243149f58c389593dcbf7e3d&name=default HTTP/1.1" status: 200 len: 3116 time: 0.5909519
2026-05-12 12:38:52.650 9 INFO neutron.api.wsgi [None req-a86082c5-257e-49b6-be16-0faed095e40d 81032ca9546749779c89b5807960a1a5 32e17c06cc9449c7b6c3253151b5a7ce - - default default] 10.0.0.120 "DELETE /v2.0/security-groups/c60a66b3-9ad0-40df-a0f2-ffcae5e1c748 HTTP/1.1" status: 204 len: 168 time: 0.2068615
2026-05-12 12:38:52.901 10 INFO neutron.db.ovn_revision_numbers_db [None req-16cd1820-7ccc-4dc5-b287-20a7d0de4d7c - - - - - -] Successfully bumped revision number for resource 0ebb00af-0610-4b4f-a88a-5eed7e38abeb (type: ports) to 2
2026-05-12 12:38:52.944 10 INFO neutron.api.wsgi [None req-97d8dd0c-6643-4359-b1cc-0c660eb04a4c 81032ca9546749779c89b5807960a1a5 32e17c06cc9449c7b6c3253151b5a7ce - - default default] 10.0.0.120 "DELETE /v2.0/security-groups/4d993367-c0bf-4248-aa7a-2e5319b01c46 HTTP/1.1" status: 204 len: 168 time: 0.3304992
2026-05-12 12:38:52.950 10 INFO neutron.db.ovn_revision_numbers_db [None req-16cd1820-7ccc-4dc5-b287-20a7d0de4d7c - - - - - -] Successfully bumped revision number for resource cc78363a-6daf-426b-94fe-8e2f96f4c1cb (type: subnets) to 0
2026-05-12 12:38:52.966 10 INFO neutron.api.wsgi [None req-b5d9bcd2-a4b5-4e7d-8557-d3a43c836285 81032ca9546749779c89b5807960a1a5 32e17c06cc9449c7b6c3253151b5a7ce - - default default] 10.0.0.120 "POST /v2.0/subnets HTTP/1.1" status: 201 len: 894 time: 0.9358137
2026-05-12 12:38:53.031 10 INFO neutron.db.ovn_revision_numbers_db [None req-596ca593-49a0-4326-90f7-ca3867844b4a - - - - - -] Successfully bumped revision number for resource 7f5465a6-3e37-4534-a03f-8b73c4e75904 (type: ports) to 2
2026-05-12 12:38:53.230 10 INFO neutron.db.ovn_revision_numbers_db [None req-596ca593-49a0-4326-90f7-ca3867844b4a - - - - - -] Successfully bumped revision number for resource 249071b3-8104-4476-8145-4feee43b642d (type: subnets) to 0
2026-05-12 12:38:53.289 10 INFO neutron.api.wsgi [None req-62e19c42-7786-4ffb-84ee-8727481279ca 81032ca9546749779c89b5807960a1a5 32e17c06cc9449c7b6c3253151b5a7ce - - default default] 10.0.0.120 "POST /v2.0/subnets HTTP/1.1" status: 201 len: 890 time: 1.1318660
2026-05-12 12:38:53.641 10 WARNING neutron.scheduler.dhcp_agent_scheduler [None req-fefcc7b0-13d1-4240-acab-a93ff369002c 81032ca9546749779c89b5807960a1a5 32e17c06cc9449c7b6c3253151b5a7ce - - default default] No more DHCP agents
2026-05-12 12:38:53.642 10 WARNING neutron.api.rpc.agentnotifiers.dhcp_rpc_agent_api [None req-fefcc7b0-13d1-4240-acab-a93ff369002c 81032ca9546749779c89b5807960a1a5 32e17c06cc9449c7b6c3253151b5a7ce - - default default] Unable to schedule network 21c26207-72a1-4f08-9de0-efc892f7f37c: no agents available; will retry on subsequent port and subnet creation events.
2026-05-12 12:38:53.755 10 INFO neutron.db.ovn_revision_numbers_db [None req-fefcc7b0-13d1-4240-acab-a93ff369002c 81032ca9546749779c89b5807960a1a5 32e17c06cc9449c7b6c3253151b5a7ce - - default default] Successfully bumped revision number for resource 0f797238-50bf-4148-bde4-57349478b5a1 (type: ports) to 1
2026-05-12 12:38:53.946 9 WARNING neutron.scheduler.dhcp_agent_scheduler [None req-b2403c09-c0fd-41fb-a3e9-19cb57063c24 81032ca9546749779c89b5807960a1a5 32e17c06cc9449c7b6c3253151b5a7ce - - default default] No more DHCP agents
2026-05-12 12:38:53.950 9 WARNING neutron.api.rpc.agentnotifiers.dhcp_rpc_agent_api [None req-b2403c09-c0fd-41fb-a3e9-19cb57063c24 81032ca9546749779c89b5807960a1a5 32e17c06cc9449c7b6c3253151b5a7ce - - default default] Unable to schedule network 21c26207-72a1-4f08-9de0-efc892f7f37c: no agents available; will retry on subsequent port and subnet creation events.
2026-05-12 12:38:54.051 9 INFO neutron.db.ovn_revision_numbers_db [None req-b2403c09-c0fd-41fb-a3e9-19cb57063c24 81032ca9546749779c89b5807960a1a5 32e17c06cc9449c7b6c3253151b5a7ce - - default default] Successfully bumped revision number for resource 9260da36-eabd-4ece-8fa3-14859253dc8e (type: ports) to 1
2026-05-12 12:38:54.082 10 INFO neutron.plugins.ml2.drivers.ovn.mech_driver.ovsdb.extensions.qos [None req-fefcc7b0-13d1-4240-acab-a93ff369002c 81032ca9546749779c89b5807960a1a5 32e17c06cc9449c7b6c3253151b5a7ce - - default default] Starting OVNClientQosExtension
2026-05-12 12:38:54.376 9 INFO neutron.plugins.ml2.drivers.ovn.mech_driver.ovsdb.extensions.qos [None req-b2403c09-c0fd-41fb-a3e9-19cb57063c24 81032ca9546749779c89b5807960a1a5 32e17c06cc9449c7b6c3253151b5a7ce - - default default] Starting OVNClientQosExtension
2026-05-12 12:38:54.513 10 INFO neutron.plugins.ml2.drivers.ovn.mech_driver.ovsdb.commands [None req-afde4e88-f316-4b5e-9444-45bf54fc070c - - - - - -] Schedule LRP lrp-0f797238-50bf-4148-bde4-57349478b5a1 on gateway aa54491d-9319-4127-9ea3-129af324942d with priority 1
2026-05-12 12:38:54.522 9 INFO neutron.plugins.ml2.drivers.ovn.mech_driver.mech_driver [None req-1aff8601-4c07-463d-bc85-4165cf6de1ea - - - - - -] OVN reports status up for port: 0f797238-50bf-4148-bde4-57349478b5a1
2026-05-12 12:38:54.534 9 INFO neutron.plugins.ml2.drivers.ovn.mech_driver.ovsdb.ovsdb_monitor [-] Router 60193146-690a-4f57-ac01-806887fc80cd is bound to host instance
2026-05-12 12:38:54.535 9 INFO neutron.plugins.ml2.plugin [None req-1aff8601-4c07-463d-bc85-4165cf6de1ea - - - - - -] Attempt 1 to provision port 0f797238-50bf-4148-bde4-57349478b5a1
2026-05-12 12:38:54.570 10 INFO neutron.db.ovn_revision_numbers_db [None req-fefcc7b0-13d1-4240-acab-a93ff369002c 81032ca9546749779c89b5807960a1a5 32e17c06cc9449c7b6c3253151b5a7ce - - default default] Successfully bumped revision number for resource 0f797238-50bf-4148-bde4-57349478b5a1 (type: router_ports) to 1
2026-05-12 12:38:54.644 10 INFO neutron.db.ovn_revision_numbers_db [None req-fefcc7b0-13d1-4240-acab-a93ff369002c 81032ca9546749779c89b5807960a1a5 32e17c06cc9449c7b6c3253151b5a7ce - - default default] Successfully bumped revision number for resource 60193146-690a-4f57-ac01-806887fc80cd (type: routers) to 2
2026-05-12 12:38:54.665 10 INFO neutron.api.wsgi [None req-fefcc7b0-13d1-4240-acab-a93ff369002c 81032ca9546749779c89b5807960a1a5 32e17c06cc9449c7b6c3253151b5a7ce - - default default] 10.0.0.120 "POST /v2.0/routers HTTP/1.1" status: 201 len: 1172 time: 1.6857140
2026-05-12 12:38:54.831 9 INFO neutron.plugins.ml2.drivers.ovn.mech_driver.ovsdb.commands [None req-7841b856-49df-4fdd-92a5-c1a6bdb24a61 - - - - - -] Schedule LRP lrp-9260da36-eabd-4ece-8fa3-14859253dc8e on gateway aa54491d-9319-4127-9ea3-129af324942d with priority 1
2026-05-12 12:38:54.843 10 INFO neutron.plugins.ml2.drivers.ovn.mech_driver.mech_driver [-] OVN reports status up for port: 9260da36-eabd-4ece-8fa3-14859253dc8e
2026-05-12 12:38:54.853 10 INFO neutron.plugins.ml2.drivers.ovn.mech_driver.ovsdb.ovsdb_monitor [-] Router a3e0ae40-8f59-4a84-847b-f74b8e161ac6 is bound to host instance
2026-05-12 12:38:54.874 9 INFO neutron.db.ovn_revision_numbers_db [None req-b2403c09-c0fd-41fb-a3e9-19cb57063c24 81032ca9546749779c89b5807960a1a5 32e17c06cc9449c7b6c3253151b5a7ce - - default default] Successfully bumped revision number for resource 9260da36-eabd-4ece-8fa3-14859253dc8e (type: router_ports) to 1
2026-05-12 12:38:54.910 9 INFO neutron.api.wsgi [None req-0bd12ac5-1b34-49b0-92af-18363db2574c 64fce016168242c1acfbeb73fb2947ff 1d1665fc3d5d43a693e7b19ea8713bd0 - - default default] 10.0.0.120 "GET /v2.0/extensions HTTP/1.1" status: 200 len: 19293 time: 0.0593567
2026-05-12 12:38:54.918 9 INFO neutron.api.wsgi [None req-4c4a399d-1306-4e87-948a-d0a4c9505eb3 64fce016168242c1acfbeb73fb2947ff 1d1665fc3d5d43a693e7b19ea8713bd0 - - default default] 10.0.0.120 "GET /v2.0/extensions/address-group HTTP/1.1" status: 200 len: 353 time: 0.0029726
2026-05-12 12:38:54.925 9 INFO neutron.api.wsgi [None req-a0dd7220-a9ea-4b1f-83de-54cb9cf0fca7 64fce016168242c1acfbeb73fb2947ff 1d1665fc3d5d43a693e7b19ea8713bd0 - - default default] 10.0.0.120 "GET /v2.0/extensions/address-scope HTTP/1.1" status: 200 len: 357 time: 0.0032353
2026-05-12 12:38:54.939 9 INFO neutron.api.wsgi [None req-ba5c0d04-31de-4707-a831-f4cea0649e5c 64fce016168242c1acfbeb73fb2947ff 1d1665fc3d5d43a693e7b19ea8713bd0 - - default default] 10.0.0.120 "GET /v2.0/extensions/agent HTTP/1.1" status: 200 len: 347 time: 0.0063317
2026-05-12 12:38:54.950 9 INFO neutron.api.wsgi [None req-d714e286-86d6-4f70-a734-ad21a1c611fa 64fce016168242c1acfbeb73fb2947ff 1d1665fc3d5d43a693e7b19ea8713bd0 - - default default] 10.0.0.120 "GET /v2.0/extensions/allowed-address-pairs HTTP/1.1" status: 200 len: 378 time: 0.0067365
2026-05-12 12:38:54.960 9 INFO neutron.api.wsgi [None req-ece63f83-c6e5-4a2a-92c6-6c50341cfc1f 64fce016168242c1acfbeb73fb2947ff 1d1665fc3d5d43a693e7b19ea8713bd0 - - default default] 10.0.0.120 "GET /v2.0/extensions/auto-allocated-topology HTTP/1.1" status: 200 len: 394 time: 0.0044918
2026-05-12 12:38:54.969 9 INFO neutron.api.wsgi [None req-144d4426-de67-49d1-b725-5c9115bc585f 64fce016168242c1acfbeb73fb2947ff 1d1665fc3d5d43a693e7b19ea8713bd0 - - default default] 10.0.0.120 "GET /v2.0/extensions/availability_zone HTTP/1.1" status: 200 len: 372 time: 0.0029519
2026-05-12 12:38:54.980 9 INFO neutron.api.wsgi [None req-f58e6c02-648e-4cb0-95e1-b3783c0cdbcc 64fce016168242c1acfbeb73fb2947ff 1d1665fc3d5d43a693e7b19ea8713bd0 - - default default] 10.0.0.120 "GET /v2.0/extensions/default-subnetpools HTTP/1.1" status: 200 len: 405 time: 0.0064800
2026-05-12 12:38:54.986 10 INFO neutron.plugins.ml2.plugin [None req-9823f4cc-b4e7-43ec-a6e0-222b9b7c417d - - - - - -] Attempt 1 to provision port 9260da36-eabd-4ece-8fa3-14859253dc8e
2026-05-12 12:38:54.999 9 INFO neutron.api.wsgi [None req-2e372a6d-6996-478b-b8cc-0b3ac96865bd 64fce016168242c1acfbeb73fb2947ff 1d1665fc3d5d43a693e7b19ea8713bd0 - - default default] 10.0.0.120 "GET /v2.0/extensions/dhcp_agent_scheduler HTTP/1.1" status: 200 len: 381 time: 0.0121281
2026-05-12 12:38:55.000 9 INFO neutron.db.ovn_revision_numbers_db [None req-b2403c09-c0fd-41fb-a3e9-19cb57063c24 81032ca9546749779c89b5807960a1a5 32e17c06cc9449c7b6c3253151b5a7ce - - default default] Successfully bumped revision number for resource a3e0ae40-8f59-4a84-847b-f74b8e161ac6 (type: routers) to 2
2026-05-12 12:38:55.012 9 INFO neutron.api.wsgi [None req-ed3f6441-75a4-44b0-9532-c242afad6005 64fce016168242c1acfbeb73fb2947ff 1d1665fc3d5d43a693e7b19ea8713bd0 - - default default] 10.0.0.120 "GET /v2.0/extensions/dns-integration HTTP/1.1" status: 200 len: 366 time: 0.0053871
2026-05-12 12:38:55.022 9 INFO neutron.api.wsgi [None req-5e4e3a08-6732-46f9-8426-43e95efe27b6 64fce016168242c1acfbeb73fb2947ff 1d1665fc3d5d43a693e7b19ea8713bd0 - - default default] 10.0.0.120 "GET /v2.0/extensions/dns-domain-ports HTTP/1.1" status: 200 len: 399 time: 0.0039139
2026-05-12 12:38:55.027 9 INFO neutron.api.wsgi [None req-b2403c09-c0fd-41fb-a3e9-19cb57063c24 81032ca9546749779c89b5807960a1a5 32e17c06cc9449c7b6c3253151b5a7ce - - default default] 10.0.0.120 "POST /v2.0/routers HTTP/1.1" status: 201 len: 1168 time: 1.7321200
2026-05-12 12:38:55.044 10 INFO neutron.api.wsgi [None req-20d2538e-b85d-4192-9765-2746c1bcbb53 64fce016168242c1acfbeb73fb2947ff 1d1665fc3d5d43a693e7b19ea8713bd0 - - default default] 10.0.0.120 "GET /v2.0/extensions/dns-integration-domain-keywords HTTP/1.1" status: 200 len: 477 time: 0.0105176
2026-05-12 12:38:55.055 9 INFO neutron.api.wsgi [None req-53e2f703-8359-4c8e-8a40-9ca9592e0a5a 64fce016168242c1acfbeb73fb2947ff 1d1665fc3d5d43a693e7b19ea8713bd0 - - default default] 10.0.0.120 "GET /v2.0/extensions/empty-string-filtering HTTP/1.1" status: 200 len: 413 time: 0.0049956
2026-05-12 12:38:55.069 9 INFO neutron.api.wsgi [None req-5af15037-c89d-4135-8372-f11dd46bd4f5 64fce016168242c1acfbeb73fb2947ff 1d1665fc3d5d43a693e7b19ea8713bd0 - - default default] 10.0.0.120 "GET /v2.0/extensions/external-net HTTP/1.1" status: 200 len: 394 time: 0.0041459
2026-05-12 12:38:55.071 10 INFO neutron.db.ovn_revision_numbers_db [None req-b3a2c55a-21d8-450b-b4a5-9402c27c5b34 81032ca9546749779c89b5807960a1a5 32e17c06cc9449c7b6c3253151b5a7ce - - default default] Successfully bumped revision number for resource 461b9b1a-3164-41c8-8c81-123c4bfabb93 (type: security_groups) to 1
2026-05-12 12:38:55.082 10 INFO neutron.api.wsgi [None req-ce92b6ff-7ded-4565-9388-8275b906043b 64fce016168242c1acfbeb73fb2947ff 1d1665fc3d5d43a693e7b19ea8713bd0 - - default default] 10.0.0.120 "GET /v2.0/extensions/extra_dhcp_opt HTTP/1.1" status: 200 len: 498 time: 0.0057456
2026-05-12 12:38:55.099 10 INFO neutron.api.wsgi [None req-40bc7522-89ec-4e34-9ca7-9c87b48c76d9 64fce016168242c1acfbeb73fb2947ff 1d1665fc3d5d43a693e7b19ea8713bd0 - - default default] 10.0.0.120 "GET /v2.0/extensions/extraroute HTTP/1.1" status: 200 len: 375 time: 0.0082033
2026-05-12 12:38:55.112 10 INFO neutron.db.ovn_revision_numbers_db [None req-b3a2c55a-21d8-450b-b4a5-9402c27c5b34 81032ca9546749779c89b5807960a1a5 32e17c06cc9449c7b6c3253151b5a7ce - - default default] Successfully bumped revision number for resource 1d62bd3f-971a-42d3-993b-0dfb6cf64fbf (type: security_group_rules) to 0
2026-05-12 12:38:55.113 9 INFO neutron.api.wsgi [None req-49b58456-2a62-4943-a6bf-6825f1ba4e75 64fce016168242c1acfbeb73fb2947ff 1d1665fc3d5d43a693e7b19ea8713bd0 - - default default] 10.0.0.120 "GET /v2.0/extensions/floating-ip-port-forwarding-detail HTTP/1.1" status: 200 len: 465 time: 0.0083098
2026-05-12 12:38:55.123 9 INFO neutron.api.wsgi [None req-c45a7d49-4b3b-429b-8f40-ce236a15bb44 64fce016168242c1acfbeb73fb2947ff 1d1665fc3d5d43a693e7b19ea8713bd0 - - default default] 10.0.0.120 "GET /v2.0/extensions/fip-port-details HTTP/1.1" status: 200 len: 406 time: 0.0036263
2026-05-12 12:38:55.140 10 INFO neutron.api.wsgi [None req-60ea569e-1f11-48e4-8239-72e12bda61ab 64fce016168242c1acfbeb73fb2947ff 1d1665fc3d5d43a693e7b19ea8713bd0 - - default default] 10.0.0.120 "GET /v2.0/extensions/flavors HTTP/1.1" status: 200 len: 387 time: 0.0071080
2026-05-12 12:38:55.142 10 INFO neutron.db.ovn_revision_numbers_db [None req-b3a2c55a-21d8-450b-b4a5-9402c27c5b34 81032ca9546749779c89b5807960a1a5 32e17c06cc9449c7b6c3253151b5a7ce - - default default] Successfully bumped revision number for resource 7c801d23-b414-4c24-bb8d-bcd63737ffa3 (type: security_group_rules) to 0
2026-05-12 12:38:55.158 9 INFO neutron.api.wsgi [None req-4d5fc79d-021e-41de-a65f-0b0d4aef811a 64fce016168242c1acfbeb73fb2947ff 1d1665fc3d5d43a693e7b19ea8713bd0 - - default default] 10.0.0.120 "GET /v2.0/extensions/floatingip-pools HTTP/1.1" status: 200 len: 382 time: 0.0041842
2026-05-12 12:38:55.172 10 INFO neutron.api.wsgi [None req-3171ef41-8986-403a-a3e5-a987812004fb 64fce016168242c1acfbeb73fb2947ff 1d1665fc3d5d43a693e7b19ea8713bd0 - - default default] 10.0.0.120 "GET /v2.0/extensions/ip_allocation HTTP/1.1" status: 200 len: 356 time: 0.0057271
2026-05-12 12:38:55.175 10 INFO neutron.db.ovn_revision_numbers_db [None req-b3a2c55a-21d8-450b-b4a5-9402c27c5b34 81032ca9546749779c89b5807960a1a5 32e17c06cc9449c7b6c3253151b5a7ce - - default default] Successfully bumped revision number for resource f0c057ff-68b7-4511-bb87-675e2307546d (type: security_group_rules) to 0
2026-05-12 12:38:55.200 10 INFO neutron.db.ovn_revision_numbers_db [None req-b3a2c55a-21d8-450b-b4a5-9402c27c5b34 81032ca9546749779c89b5807960a1a5 32e17c06cc9449c7b6c3253151b5a7ce - - default default] Successfully bumped revision number for resource f51df24f-7a85-48bb-9c1d-3e34aed89f1e (type: security_group_rules) to 0
2026-05-12 12:38:55.278 9 INFO neutron.api.wsgi [None req-20735725-747e-4a61-be9a-0aa67e26f7c3 64fce016168242c1acfbeb73fb2947ff 1d1665fc3d5d43a693e7b19ea8713bd0 - - default default] 10.0.0.120 "GET /v2.0/extensions/l2_adjacency HTTP/1.1" status: 200 len: 372 time: 0.0995066
2026-05-12 12:38:55.290 9 INFO neutron.api.wsgi [None req-bafeab87-ecd2-4e79-9334-39f11571a7c6 64fce016168242c1acfbeb73fb2947ff 1d1665fc3d5d43a693e7b19ea8713bd0 - - default default] 10.0.0.120 "GET /v2.0/extensions/router HTTP/1.1" status: 200 len: 450 time: 0.0054164
2026-05-12 12:38:55.292 10 INFO neutron.db.segments_db [None req-b3a2c55a-21d8-450b-b4a5-9402c27c5b34 81032ca9546749779c89b5807960a1a5 32e17c06cc9449c7b6c3253151b5a7ce - - default default] Added segment 44a37db2-6e86-47f3-ac3e-0c7e61d78d96 of type geneve for network 48feb46a-9663-4120-88bc-448c882021ae
2026-05-12 12:38:55.301 9 INFO neutron.api.wsgi [None req-ad162118-6017-42e2-bf55-7f0b08f41abb 64fce016168242c1acfbeb73fb2947ff 1d1665fc3d5d43a693e7b19ea8713bd0 - - default default] 10.0.0.120 "GET /v2.0/extensions/enable-default-route-bfd HTTP/1.1" status: 200 len: 406 time: 0.0050018
2026-05-12 12:38:55.303 9 INFO neutron.db.ovn_revision_numbers_db [None req-a2a39928-9d5d-42a7-bc3a-d1bf9a6d599b - - - - - -] Successfully bumped revision number for resource 0f797238-50bf-4148-bde4-57349478b5a1 (type: ports) to 1
2026-05-12 12:38:55.311 9 INFO neutron.api.wsgi [None req-ee2bacf7-ee04-45fe-8c5c-858aa3d65283 64fce016168242c1acfbeb73fb2947ff 1d1665fc3d5d43a693e7b19ea8713bd0 - - default default] 10.0.0.120 "GET /v2.0/extensions/enable-default-route-ecmp HTTP/1.1" status: 200 len: 409 time: 0.0041342
2026-05-12 12:38:55.317 9 INFO neutron.api.wsgi [None req-db9225d1-de2e-4b46-8fbf-d84167ef8c4d 64fce016168242c1acfbeb73fb2947ff 1d1665fc3d5d43a693e7b19ea8713bd0 - - default default] 10.0.0.120 "GET /v2.0/extensions/ext-gw-mode HTTP/1.1" status: 200 len: 462 time: 0.0031564
2026-05-12 12:38:55.326 9 INFO neutron.api.wsgi [None req-f0f70c67-2c36-42e0-8711-25978f632666 64fce016168242c1acfbeb73fb2947ff 1d1665fc3d5d43a693e7b19ea8713bd0 - - default default] 10.0.0.120 "GET /v2.0/extensions/l3-ha HTTP/1.1" status: 200 len: 360 time: 0.0044765
2026-05-12 12:38:55.336 9 INFO neutron.api.wsgi [None req-b9009ccc-1975-4c7a-8349-29a965052eb4 64fce016168242c1acfbeb73fb2947ff 1d1665fc3d5d43a693e7b19ea8713bd0 - - default default] 10.0.0.120 "GET /v2.0/extensions/external-gateway-multihoming HTTP/1.1" status: 200 len: 421 time: 0.0054562
2026-05-12 12:38:55.344 9 INFO neutron.api.wsgi [None req-f6e9ab76-6cd3-4505-8b99-02023f1c23b0 64fce016168242c1acfbeb73fb2947ff 1d1665fc3d5d43a693e7b19ea8713bd0 - - default default] 10.0.0.120 "GET /v2.0/extensions/l3-flavors HTTP/1.1" status: 200 len: 366 time: 0.0045464
2026-05-12 12:38:55.356 9 INFO neutron.api.wsgi [None req-3ce27d07-f7f2-4f22-a2d7-95993b6b2245 64fce016168242c1acfbeb73fb2947ff 1d1665fc3d5d43a693e7b19ea8713bd0 - - default default] 10.0.0.120 "GET /v2.0/extensions/logging HTTP/1.1" status: 200 len: 407 time: 0.0040958
2026-05-12 12:38:55.367 9 INFO neutron.api.wsgi [None req-87865815-6692-4cc8-85e3-ce1b975110b3 64fce016168242c1acfbeb73fb2947ff 1d1665fc3d5d43a693e7b19ea8713bd0 - - default default] 10.0.0.120 "GET /v2.0/extensions/multi-provider HTTP/1.1" status: 200 len: 406 time: 0.0050499
2026-05-12 12:38:55.376 9 INFO neutron.api.wsgi [None req-f4232425-c519-477e-a86e-0389baa6e827 64fce016168242c1acfbeb73fb2947ff 1d1665fc3d5d43a693e7b19ea8713bd0 - - default default] 10.0.0.120 "GET /v2.0/extensions/net-mtu HTTP/1.1" status: 200 len: 370 time: 0.0046792
2026-05-12 12:38:55.389 9 INFO neutron.api.wsgi [None req-f3c8d6a6-3b21-4c7a-84aa-293d7f8b5178 64fce016168242c1acfbeb73fb2947ff 1d1665fc3d5d43a693e7b19ea8713bd0 - - default default] 10.0.0.120 "GET /v2.0/extensions/net-mtu-writable HTTP/1.1" status: 200 len: 401 time: 0.0073025
2026-05-12 12:38:55.402 9 INFO neutron.api.wsgi [None req-b26c204b-00a2-43c5-9542-9bfb78d9113a 64fce016168242c1acfbeb73fb2947ff 1d1665fc3d5d43a693e7b19ea8713bd0 - - default default] 10.0.0.120 "GET /v2.0/extensions/network_availability_zone HTTP/1.1" status: 200 len: 394 time: 0.0052068
2026-05-12 12:38:55.409 9 INFO neutron.api.wsgi [None req-d23ca2a4-2751-44c2-9b21-3d84a9432876 64fce016168242c1acfbeb73fb2947ff 1d1665fc3d5d43a693e7b19ea8713bd0 - - default default] 10.0.0.120 "GET /v2.0/extensions/network-ip-availability HTTP/1.1" status: 200 len: 410 time: 0.0041857
2026-05-12 12:38:55.423 10 INFO neutron.api.wsgi [None req-4decf228-beae-44ce-8172-b364f90cf62a 64fce016168242c1acfbeb73fb2947ff 1d1665fc3d5d43a693e7b19ea8713bd0 - - default default] 10.0.0.120 "GET /v2.0/extensions/pagination HTTP/1.1" status: 200 len: 386 time: 0.0055444
2026-05-12 12:38:55.435 10 INFO neutron.api.wsgi [None req-590dd5b3-34d8-454b-b856-5db83f2c4a1e 64fce016168242c1acfbeb73fb2947ff 1d1665fc3d5d43a693e7b19ea8713bd0 - - default default] 10.0.0.120 "GET /v2.0/extensions/port-device-profile HTTP/1.1" status: 200 len: 383 time: 0.0060525
2026-05-12 12:38:55.452 9 INFO neutron.api.wsgi [None req-a74dd5b1-b386-4f0a-9fa6-0f5fdde2ec16 64fce016168242c1acfbeb73fb2947ff 1d1665fc3d5d43a693e7b19ea8713bd0 - - default default] 10.0.0.120 "GET /v2.0/extensions/port-mac-address-regenerate HTTP/1.1" status: 200 len: 403 time: 0.0117180
2026-05-12 12:38:55.465 9 INFO neutron.api.wsgi [None req-7d6122f6-a57b-434b-9e09-95df15b43729 64fce016168242c1acfbeb73fb2947ff 1d1665fc3d5d43a693e7b19ea8713bd0 - - default default] 10.0.0.120 "GET /v2.0/extensions/port-numa-affinity-policy HTTP/1.1" status: 200 len: 392 time: 0.0057783
2026-05-12 12:38:55.477 10 INFO neutron.api.wsgi [None req-2feecdb8-1937-4034-91b3-e61734b120e6 64fce016168242c1acfbeb73fb2947ff 1d1665fc3d5d43a693e7b19ea8713bd0 - - default default] 10.0.0.120 "GET /v2.0/extensions/port-numa-affinity-policy-socket HTTP/1.1" status: 200 len: 434 time: 0.0052459
2026-05-12 12:38:55.485 9 INFO neutron.api.wsgi [None req-6b94b6e1-626f-417e-af25-d9a857fb6efb 64fce016168242c1acfbeb73fb2947ff 1d1665fc3d5d43a693e7b19ea8713bd0 - - default default] 10.0.0.120 "GET /v2.0/extensions/port-resource-request HTTP/1.1" status: 200 len: 379 time: 0.0047095
2026-05-12 12:38:55.493 9 INFO neutron.api.wsgi [None req-f1c75688-ef7d-4f2e-b919-365d58f15bfb 64fce016168242c1acfbeb73fb2947ff 1d1665fc3d5d43a693e7b19ea8713bd0 - - default default] 10.0.0.120 "GET /v2.0/extensions/port-resource-request-groups HTTP/1.1" status: 200 len: 465 time: 0.0030043
2026-05-12 12:38:55.496 10 INFO neutron.db.ovn_revision_numbers_db [None req-b3a2c55a-21d8-450b-b4a5-9402c27c5b34 81032ca9546749779c89b5807960a1a5 32e17c06cc9449c7b6c3253151b5a7ce - - default default] Successfully bumped revision number for resource 48feb46a-9663-4120-88bc-448c882021ae (type: networks) to 1
2026-05-12 12:38:55.502 9 INFO neutron.api.wsgi [None req-c7712310-687b-446f-8898-f512e1b2895f 64fce016168242c1acfbeb73fb2947ff 1d1665fc3d5d43a693e7b19ea8713bd0 - - default default] 10.0.0.120 "GET /v2.0/extensions/binding HTTP/1.1" status: 200 len: 387 time: 0.0044236
2026-05-12 12:38:55.511 9 INFO neutron.api.wsgi [None req-31f6af43-23b3-45d4-8b0f-7c41d712470c 64fce016168242c1acfbeb73fb2947ff 1d1665fc3d5d43a693e7b19ea8713bd0 - - default default] 10.0.0.120 "GET /v2.0/extensions/binding-extended HTTP/1.1" status: 200 len: 406 time: 0.0034819
2026-05-12 12:38:55.521 9 INFO neutron.api.wsgi [None req-4456495e-c87f-40c9-9e0c-758cb1bd0064 64fce016168242c1acfbeb73fb2947ff 1d1665fc3d5d43a693e7b19ea8713bd0 - - default default] 10.0.0.120 "GET /v2.0/extensions/port-security HTTP/1.1" status: 200 len: 354 time: 0.0041802
2026-05-12 12:38:55.532 9 INFO neutron.api.wsgi [None req-5619646d-d216-4cd1-a3ba-1454b5ae7e31 64fce016168242c1acfbeb73fb2947ff 1d1665fc3d5d43a693e7b19ea8713bd0 - - default default] 10.0.0.120 "GET /v2.0/extensions/project-id HTTP/1.1" status: 200 len: 398 time: 0.0066171
2026-05-12 12:38:55.536 10 WARNING neutron.scheduler.dhcp_agent_scheduler [None req-16fa98e8-5bce-4c2f-8314-912d10121620 81032ca9546749779c89b5807960a1a5 32e17c06cc9449c7b6c3253151b5a7ce - - default default] No more DHCP agents
2026-05-12 12:38:55.541 10 WARNING neutron.api.rpc.agentnotifiers.dhcp_rpc_agent_api [None req-16fa98e8-5bce-4c2f-8314-912d10121620 81032ca9546749779c89b5807960a1a5 32e17c06cc9449c7b6c3253151b5a7ce - - default default] Unable to schedule network 120f64ab-ff0d-4507-a207-ba51cbf28ad8: no agents available; will retry on subsequent port and subnet creation events.
2026-05-12 12:38:55.544 9 INFO neutron.api.wsgi [None req-99d923f8-8c39-4359-a50c-856fa86f30bf 64fce016168242c1acfbeb73fb2947ff 1d1665fc3d5d43a693e7b19ea8713bd0 - - default default] 10.0.0.120 "GET /v2.0/extensions/provider HTTP/1.1" status: 200 len: 385 time: 0.0058270
2026-05-12 12:38:55.564 9 INFO neutron.api.wsgi [None req-b35b20b3-f4fc-42fd-9760-357a2be8dd9d 64fce016168242c1acfbeb73fb2947ff 1d1665fc3d5d43a693e7b19ea8713bd0 - - default default] 10.0.0.120 "GET /v2.0/extensions/qos HTTP/1.1" status: 200 len: 360 time: 0.0049610
2026-05-12 12:38:55.572 9 INFO neutron.api.wsgi [None req-23cdb08e-0c96-4875-ac56-e54ab2e9f5e4 64fce016168242c1acfbeb73fb2947ff 1d1665fc3d5d43a693e7b19ea8713bd0 - - default default] 10.0.0.120 "GET /v2.0/extensions/qos-bw-limit-direction HTTP/1.1" status: 200 len: 452 time: 0.0039423
2026-05-12 12:38:55.581 9 INFO neutron.api.wsgi [None req-58fe910b-df99-4896-b98e-70cd20623204 64fce016168242c1acfbeb73fb2947ff 1d1665fc3d5d43a693e7b19ea8713bd0 - - default default] 10.0.0.120 "GET /v2.0/extensions/qos-bw-minimum-ingress HTTP/1.1" status: 200 len: 445 time: 0.0040135
2026-05-12 12:38:55.593 10 INFO neutron.api.wsgi [None req-9faadbdf-0140-4b30-9a67-d1b532e0604a 64fce016168242c1acfbeb73fb2947ff 1d1665fc3d5d43a693e7b19ea8713bd0 - - default default] 10.0.0.120 "GET /v2.0/extensions/qos-default HTTP/1.1" status: 200 len: 377 time: 0.0054646
2026-05-12 12:38:55.604 9 INFO neutron.api.wsgi [None req-cf50e58d-c318-4367-aa45-241478836ef8 64fce016168242c1acfbeb73fb2947ff 1d1665fc3d5d43a693e7b19ea8713bd0 - - default default] 10.0.0.120 "GET /v2.0/extensions/qos-fip HTTP/1.1" status: 200 len: 372 time: 0.0050223
2026-05-12 12:38:55.614 9 INFO neutron.api.wsgi [None req-8d0091f6-de48-4286-8e64-1876f3a398d0 64fce016168242c1acfbeb73fb2947ff 1d1665fc3d5d43a693e7b19ea8713bd0 - - default default] 10.0.0.120 "GET /v2.0/extensions/qos-gateway-ip HTTP/1.1" status: 200 len: 391 time: 0.0048156
2026-05-12 12:38:55.632 10 INFO neutron.api.wsgi [None req-1e1b7b0f-ad24-46a5-90f0-d52e3839c4a9 64fce016168242c1acfbeb73fb2947ff 1d1665fc3d5d43a693e7b19ea8713bd0 - - default default] 10.0.0.120 "GET /v2.0/extensions/qos-port-network-policy HTTP/1.1" status: 200 len: 403 time: 0.0114663
2026-05-12 12:38:55.647 10 INFO neutron.api.wsgi [None req-c6ae76a0-2740-4878-8606-aae6823d6218 64fce016168242c1acfbeb73fb2947ff 1d1665fc3d5d43a693e7b19ea8713bd0 - - default default] 10.0.0.120 "GET /v2.0/extensions/qos-pps-minimum HTTP/1.1" status: 200 len: 397 time: 0.0085742
