2026-05-12 12:43:38.195 9 INFO neutron.api.wsgi [None req-c3b19bc2-4c3c-4a4f-91aa-95138e7bbbd5 81032ca9546749779c89b5807960a1a5 32e17c06cc9449c7b6c3253151b5a7ce - - default default] 10.0.0.120 "GET /v2.0/security-groups?tenant_id=6191be0d986a47f194c26934749fb065&name=default HTTP/1.1" status: 200 len: 3124 time: 0.3897767
2026-05-12 12:43:38.504 10 INFO neutron.api.wsgi [None req-fdb6d617-69b2-4d20-bb5e-fa86f8ca0477 81032ca9546749779c89b5807960a1a5 32e17c06cc9449c7b6c3253151b5a7ce - - default default] 10.0.0.120 "DELETE /v2.0/security-groups/7074c03f-3387-4613-8bc8-2a83483908c7 HTTP/1.1" status: 204 len: 168 time: 0.3050351
2026-05-12 12:43:38.543 9 INFO neutron.services.segments.plugin [-] Segment ac4aa6bc-7ca8-4416-9293-571aa0ecbd85 resource provider aggregate not found
2026-05-12 12:43:38.557 9 INFO neutron.services.segments.plugin [-] Segment ac4aa6bc-7ca8-4416-9293-571aa0ecbd85 resource provider not found; error: Placement Client Error (4xx): {"errors": [{"status": 404, "title": "Not Found", "detail": "The resource could not be found.\n\n No resource provider with uuid ac4aa6bc-7ca8-4416-9293-571aa0ecbd85 found for delete ", "request_id": "req-dfda95fd-61eb-4881-bfcf-82ac50f0c821"}]}
2026-05-12 12:43:38.559 9 INFO neutron.services.segments.plugin [-] Segment ac4aa6bc-7ca8-4416-9293-571aa0ecbd85 resource provider aggregate not found
2026-05-12 12:43:38.580 9 INFO neutron.services.segments.plugin [-] Segment ac4aa6bc-7ca8-4416-9293-571aa0ecbd85 resource provider not found; error: Placement Client Error (4xx): {"errors": [{"status": 404, "title": "Not Found", "detail": "The resource could not be found.\n\n No resource provider with uuid ac4aa6bc-7ca8-4416-9293-571aa0ecbd85 found for delete ", "request_id": "req-4cb109b2-f064-4f8f-a49a-9ed01e15d0f1"}]}
2026-05-12 12:43:38.725 10 INFO neutron.api.wsgi [None req-ead606ba-ac46-4b0c-ba70-35f8f9e8567f 81032ca9546749779c89b5807960a1a5 32e17c06cc9449c7b6c3253151b5a7ce - - default default] 10.0.0.120 "GET /v2.0/security-groups?tenant_id=b966769e5e1d459088197b9421e1b20e&name=default HTTP/1.1" status: 200 len: 3124 time: 0.0465798
2026-05-12 12:43:38.730 10 INFO neutron.db.ovn_revision_numbers_db [None req-aa5ec984-e4be-4ec8-92fa-d992d7b117a0 25511a4ecd4c4e229a3e86ce57a9de12 84dea411d49b44709a20269e4929d0d8 - - default default] Successfully bumped revision number for resource 383c0e80-c3d7-4c45-82d3-37d5349058e9 (type: routers) to 5
2026-05-12 12:43:38.737 10 INFO neutron.api.wsgi [None req-aa5ec984-e4be-4ec8-92fa-d992d7b117a0 25511a4ecd4c4e229a3e86ce57a9de12 84dea411d49b44709a20269e4929d0d8 - - default default] 10.0.0.120 "PUT /v2.0/routers/383c0e80-c3d7-4c45-82d3-37d5349058e9 HTTP/1.1" status: 200 len: 1137 time: 1.1419570
2026-05-12 12:43:38.820 9 INFO neutron.api.wsgi [None req-66d701ce-67bd-48dc-861d-76c01f966ed7 25511a4ecd4c4e229a3e86ce57a9de12 84dea411d49b44709a20269e4929d0d8 - - default default] 10.0.0.120 "GET /v2.0/ports?device_id=383c0e80-c3d7-4c45-82d3-37d5349058e9 HTTP/1.1" status: 200 len: 1144 time: 0.0783958
2026-05-12 12:43:39.004 10 INFO neutron.api.wsgi [None req-8ad00fae-afe9-4e03-922c-91fe3d062a4a 81032ca9546749779c89b5807960a1a5 32e17c06cc9449c7b6c3253151b5a7ce - - default default] 10.0.0.120 "DELETE /v2.0/security-groups/09da1bff-5066-4728-bc50-83b66cc9ea3c HTTP/1.1" status: 204 len: 168 time: 0.2718854
2026-05-12 12:43:39.163 9 INFO neutron.db.ovn_revision_numbers_db [None req-c2ed6c30-9505-4dc8-959b-e29bbaf19cb4 81032ca9546749779c89b5807960a1a5 32e17c06cc9449c7b6c3253151b5a7ce - - default default] Successfully bumped revision number for resource 5d178d38-df26-4647-b429-4a1827c90410 (type: security_groups) to 1
2026-05-12 12:43:39.186 9 INFO neutron.db.ovn_revision_numbers_db [None req-c2ed6c30-9505-4dc8-959b-e29bbaf19cb4 81032ca9546749779c89b5807960a1a5 32e17c06cc9449c7b6c3253151b5a7ce - - default default] Successfully bumped revision number for resource 42eda4c6-dfd6-4b36-ac27-8634930e898e (type: security_group_rules) to 0
2026-05-12 12:43:39.206 9 INFO neutron.db.ovn_revision_numbers_db [None req-c2ed6c30-9505-4dc8-959b-e29bbaf19cb4 81032ca9546749779c89b5807960a1a5 32e17c06cc9449c7b6c3253151b5a7ce - - default default] Successfully bumped revision number for resource 839280bf-bc74-415d-8461-f99f75a7718d (type: security_group_rules) to 0
2026-05-12 12:43:39.226 9 INFO neutron.db.ovn_revision_numbers_db [None req-c2ed6c30-9505-4dc8-959b-e29bbaf19cb4 81032ca9546749779c89b5807960a1a5 32e17c06cc9449c7b6c3253151b5a7ce - - default default] Successfully bumped revision number for resource 863caaf1-e131-4e47-bbc2-cc9244505461 (type: security_group_rules) to 0
2026-05-12 12:43:39.244 9 INFO neutron.db.ovn_revision_numbers_db [None req-1c749591-7598-4fdb-a627-2a5a378fad19 81032ca9546749779c89b5807960a1a5 32e17c06cc9449c7b6c3253151b5a7ce - - default default] Successfully bumped revision number for resource 6032841c-33c5-4a07-88d3-08d1a7867dfe (type: security_groups) to 1
2026-05-12 12:43:39.246 9 INFO neutron.db.ovn_revision_numbers_db [None req-c2ed6c30-9505-4dc8-959b-e29bbaf19cb4 81032ca9546749779c89b5807960a1a5 32e17c06cc9449c7b6c3253151b5a7ce - - default default] Successfully bumped revision number for resource 9e5ae58b-30be-46c3-9d1c-4756e72f4850 (type: security_group_rules) to 0
2026-05-12 12:43:39.269 9 INFO neutron.db.ovn_revision_numbers_db [None req-1c749591-7598-4fdb-a627-2a5a378fad19 81032ca9546749779c89b5807960a1a5 32e17c06cc9449c7b6c3253151b5a7ce - - default default] Successfully bumped revision number for resource 05d3d04f-c178-431e-81d6-b7a7f274e92b (type: security_group_rules) to 0
2026-05-12 12:43:39.288 9 INFO neutron.db.ovn_revision_numbers_db [None req-1c749591-7598-4fdb-a627-2a5a378fad19 81032ca9546749779c89b5807960a1a5 32e17c06cc9449c7b6c3253151b5a7ce - - default default] Successfully bumped revision number for resource 2490781e-139c-4226-b588-ec6c774b7874 (type: security_group_rules) to 0
2026-05-12 12:43:39.306 9 INFO neutron.api.wsgi [None req-c2ed6c30-9505-4dc8-959b-e29bbaf19cb4 81032ca9546749779c89b5807960a1a5 32e17c06cc9449c7b6c3253151b5a7ce - - default default] 10.0.0.120 "GET /v2.0/security-groups?tenant_id=b216a175ddea4b1f8daea64b2b5a8f3e&name=default HTTP/1.1" status: 200 len: 3124 time: 0.4578688
2026-05-12 12:43:39.308 9 INFO neutron.db.ovn_revision_numbers_db [None req-1c749591-7598-4fdb-a627-2a5a378fad19 81032ca9546749779c89b5807960a1a5 32e17c06cc9449c7b6c3253151b5a7ce - - default default] Successfully bumped revision number for resource 4f81ef2b-713a-4f65-88dd-c197012897e6 (type: security_group_rules) to 0
2026-05-12 12:43:39.333 9 INFO neutron.db.ovn_revision_numbers_db [None req-1c749591-7598-4fdb-a627-2a5a378fad19 81032ca9546749779c89b5807960a1a5 32e17c06cc9449c7b6c3253151b5a7ce - - default default] Successfully bumped revision number for resource af39eb99-1f04-43a7-aeab-29f78631f191 (type: security_group_rules) to 0
2026-05-12 12:43:39.377 9 INFO neutron.api.wsgi [None req-1c749591-7598-4fdb-a627-2a5a378fad19 81032ca9546749779c89b5807960a1a5 32e17c06cc9449c7b6c3253151b5a7ce - - default default] 10.0.0.120 "GET /v2.0/security-groups?tenant_id=e67c83a471ac4fd99466fb856bd384b4&name=default HTTP/1.1" status: 200 len: 3124 time: 0.2690308
2026-05-12 12:43:39.534 9 INFO neutron.api.wsgi [None req-576f7e7e-b7cf-40fa-b23f-f9d208df0297 81032ca9546749779c89b5807960a1a5 32e17c06cc9449c7b6c3253151b5a7ce - - default default] 10.0.0.120 "DELETE /v2.0/security-groups/5d178d38-df26-4647-b429-4a1827c90410 HTTP/1.1" status: 204 len: 168 time: 0.2234700
2026-05-12 12:43:39.677 10 INFO neutron.api.wsgi [None req-c553d83d-638e-443a-b8b2-344052df4c6d 81032ca9546749779c89b5807960a1a5 32e17c06cc9449c7b6c3253151b5a7ce - - default default] 10.0.0.120 "DELETE /v2.0/security-groups/6032841c-33c5-4a07-88d3-08d1a7867dfe HTTP/1.1" status: 204 len: 168 time: 0.2954001
2026-05-12 12:43:39.786 10 INFO neutron.api.wsgi [None req-5888f3b3-9ae9-44ad-bbfa-bdb83908d6a6 25511a4ecd4c4e229a3e86ce57a9de12 84dea411d49b44709a20269e4929d0d8 - - default default] 10.0.0.120 "PUT /v2.0/routers/383c0e80-c3d7-4c45-82d3-37d5349058e9/remove_router_interface HTTP/1.1" status: 200 len: 503 time: 0.9605336 /var/lib/openstack/lib/python3.12/site-packages/pycadf/identifier.py:71: UserWarning: Invalid uuid: neutron. To ensure interoperability, identifiers should be a valid uuid. warnings.warn(('Invalid uuid: %s. To ensure interoperability, '
2026-05-12 12:43:39.934 10 INFO neutron.db.ovn_revision_numbers_db [None req-a89efcbd-ad41-4ffa-a610-c6557b89fd04 81032ca9546749779c89b5807960a1a5 32e17c06cc9449c7b6c3253151b5a7ce - - default default] Successfully bumped revision number for resource afbe0e23-622f-44ac-b6f4-b2829136f90d (type: security_groups) to 1
2026-05-12 12:43:39.951 10 INFO neutron.db.ovn_revision_numbers_db [None req-a89efcbd-ad41-4ffa-a610-c6557b89fd04 81032ca9546749779c89b5807960a1a5 32e17c06cc9449c7b6c3253151b5a7ce - - default default] Successfully bumped revision number for resource 00a39a69-5d8b-43e8-a087-f8e8becc9d33 (type: security_group_rules) to 0
2026-05-12 12:43:39.965 10 INFO neutron.db.ovn_revision_numbers_db [None req-a89efcbd-ad41-4ffa-a610-c6557b89fd04 81032ca9546749779c89b5807960a1a5 32e17c06cc9449c7b6c3253151b5a7ce - - default default] Successfully bumped revision number for resource 097305b2-b279-437d-8a5d-1ba24a86e7bf (type: security_group_rules) to 0
2026-05-12 12:43:39.994 10 INFO neutron.db.ovn_revision_numbers_db [None req-a89efcbd-ad41-4ffa-a610-c6557b89fd04 81032ca9546749779c89b5807960a1a5 32e17c06cc9449c7b6c3253151b5a7ce - - default default] Successfully bumped revision number for resource 5930a710-a00d-40ef-bc9d-7f70661fc346 (type: security_group_rules) to 0
2026-05-12 12:43:40.017 10 INFO neutron.db.ovn_revision_numbers_db [None req-a89efcbd-ad41-4ffa-a610-c6557b89fd04 81032ca9546749779c89b5807960a1a5 32e17c06cc9449c7b6c3253151b5a7ce - - default default] Successfully bumped revision number for resource cd58aa09-20bf-44b9-aa43-2d9555b550b6 (type: security_group_rules) to 0
2026-05-12 12:43:40.060 10 INFO neutron.api.wsgi [None req-a89efcbd-ad41-4ffa-a610-c6557b89fd04 81032ca9546749779c89b5807960a1a5 32e17c06cc9449c7b6c3253151b5a7ce - - default default] 10.0.0.120 "GET /v2.0/security-groups?tenant_id=c90e8971332f431bbb2e9ebf5f68b59f&name=default HTTP/1.1" status: 200 len: 3124 time: 0.3262446
2026-05-12 12:43:40.360 9 INFO neutron.api.wsgi [None req-c19233a7-0b9b-411f-9667-ee35416159c3 81032ca9546749779c89b5807960a1a5 32e17c06cc9449c7b6c3253151b5a7ce - - default default] 10.0.0.120 "DELETE /v2.0/security-groups/afbe0e23-622f-44ac-b6f4-b2829136f90d HTTP/1.1" status: 204 len: 168 time: 0.2938609
2026-05-12 12:43:40.616 10 INFO neutron.api.wsgi [None req-3bd6f1a1-c802-4a75-ad34-cc2a6fd19d2d 25511a4ecd4c4e229a3e86ce57a9de12 84dea411d49b44709a20269e4929d0d8 - - default default] 10.0.0.120 "DELETE /v2.0/routers/383c0e80-c3d7-4c45-82d3-37d5349058e9 HTTP/1.1" status: 204 len: 168 time: 0.8241134
2026-05-12 12:43:40.644 10 INFO neutron.api.v2.resource [None req-51f5892d-bcc2-40a9-96cb-ec2984b68102 25511a4ecd4c4e229a3e86ce57a9de12 84dea411d49b44709a20269e4929d0d8 - - default default] show failed (client error): The resource could not be found.
2026-05-12 12:43:40.645 10 INFO neutron.api.wsgi [None req-51f5892d-bcc2-40a9-96cb-ec2984b68102 25511a4ecd4c4e229a3e86ce57a9de12 84dea411d49b44709a20269e4929d0d8 - - default default] 10.0.0.120 "GET /v2.0/routers/429ecbc0-b936-4d92-bd5b-bd6e3b3af661 HTTP/1.1" status: 404 len: 336 time: 0.0231509
2026-05-12 12:43:40.873 10 INFO neutron.api.wsgi [None req-74fd2151-db12-4c9a-9810-0446fa63cbbb 25511a4ecd4c4e229a3e86ce57a9de12 84dea411d49b44709a20269e4929d0d8 - - default default] 10.0.0.120 "DELETE /v2.0/subnets/6585a80e-e473-4025-b646-96fcc612727f HTTP/1.1" status: 204 len: 168 time: 0.2224019
2026-05-12 12:43:41.060 10 INFO neutron.api.wsgi [None req-c8a5058a-f42a-4d58-85c9-918d60c10790 25511a4ecd4c4e229a3e86ce57a9de12 84dea411d49b44709a20269e4929d0d8 - - default default] 10.0.0.120 "DELETE /v2.0/subnets/f6395925-d3ad-4b2f-b2cc-bcdc21b18127 HTTP/1.1" status: 204 len: 168 time: 0.1797202
2026-05-12 12:43:41.206 10 INFO neutron.api.wsgi [None req-722d4a92-dbb7-402a-97eb-546dcb69d780 25511a4ecd4c4e229a3e86ce57a9de12 84dea411d49b44709a20269e4929d0d8 - - default default] 10.0.0.120 "DELETE /v2.0/subnets/6526631b-86b6-410d-884a-5483c1ca89d4 HTTP/1.1" status: 204 len: 168 time: 0.1380117
2026-05-12 12:43:41.226 10 INFO neutron.pecan_wsgi.hooks.translation [None req-5d4ae5eb-54d5-43e4-ac90-a7b397f17172 25511a4ecd4c4e229a3e86ce57a9de12 84dea411d49b44709a20269e4929d0d8 - - default default] DELETE failed (client error): The resource could not be found.
2026-05-12 12:43:41.229 10 INFO neutron.api.wsgi [None req-5d4ae5eb-54d5-43e4-ac90-a7b397f17172 25511a4ecd4c4e229a3e86ce57a9de12 84dea411d49b44709a20269e4929d0d8 - - default default] 10.0.0.120 "DELETE /v2.0/subnets/12eb1069-82e1-44ce-a1e1-6d6c77b35d73 HTTP/1.1" status: 404 len: 337 time: 0.0172024
2026-05-12 12:43:41.621 10 INFO neutron.services.segments.plugin [-] Segment 018c4c4e-bd1d-4478-96ca-abc39c522a5e resource provider aggregate not found
2026-05-12 12:43:41.630 10 INFO neutron.services.segments.plugin [-] Segment 018c4c4e-bd1d-4478-96ca-abc39c522a5e resource provider aggregate not found
2026-05-12 12:43:41.634 10 INFO neutron.services.segments.plugin [-] Segment 018c4c4e-bd1d-4478-96ca-abc39c522a5e resource provider not found; error: Placement Client Error (4xx): {"errors": [{"status": 404, "title": "Not Found", "detail": "The resource could not be found.\n\n No resource provider with uuid 018c4c4e-bd1d-4478-96ca-abc39c522a5e found for delete ", "request_id": "req-119cf75a-82e0-4478-8147-017ebead073f"}]}
2026-05-12 12:43:41.650 10 INFO neutron.services.segments.plugin [-] Segment 018c4c4e-bd1d-4478-96ca-abc39c522a5e resource provider not found; error: Placement Client Error (4xx): {"errors": [{"status": 404, "title": "Not Found", "detail": "The resource could not be found.\n\n No resource provider with uuid 018c4c4e-bd1d-4478-96ca-abc39c522a5e found for delete ", "request_id": "req-afd193c9-433e-4eeb-a62e-744fd826a051"}]}
2026-05-12 12:43:41.677 10 INFO neutron.api.wsgi [None req-2967212b-db21-4352-bc6e-937ea9def5a6 25511a4ecd4c4e229a3e86ce57a9de12 84dea411d49b44709a20269e4929d0d8 - - default default] 10.0.0.120 "DELETE /v2.0/networks/055edf54-919c-49dc-aeec-0a5d4f0b3dba HTTP/1.1" status: 204 len: 168 time: 0.4356835
2026-05-12 12:43:42.012 10 INFO neutron.api.wsgi [None req-f6245ffe-115c-4efa-b920-7717d83508fe 25511a4ecd4c4e229a3e86ce57a9de12 84dea411d49b44709a20269e4929d0d8 - - default default] 10.0.0.120 "DELETE /v2.0/networks/54ae4cc5-9ddd-4222-b031-2b4170920720 HTTP/1.1" status: 204 len: 168 time: 0.3292401
2026-05-12 12:43:42.357 10 INFO neutron.api.wsgi [None req-47a5f6cc-7643-4805-9b79-ae67c606e119 25511a4ecd4c4e229a3e86ce57a9de12 84dea411d49b44709a20269e4929d0d8 - - default default] 10.0.0.120 "DELETE /v2.0/networks/e548a4f8-e194-4ca8-a103-35f4946ebe1b HTTP/1.1" status: 204 len: 168 time: 0.3391118
2026-05-12 12:43:42.372 10 INFO neutron.pecan_wsgi.hooks.translation [None req-585fc737-6626-468e-b5f9-60ce49f8669c 25511a4ecd4c4e229a3e86ce57a9de12 84dea411d49b44709a20269e4929d0d8 - - default default] DELETE failed (client error): The resource could not be found.
2026-05-12 12:43:42.374 10 INFO neutron.api.wsgi [None req-585fc737-6626-468e-b5f9-60ce49f8669c 25511a4ecd4c4e229a3e86ce57a9de12 84dea411d49b44709a20269e4929d0d8 - - default default] 10.0.0.120 "DELETE /v2.0/networks/6c52bef9-20d3-4994-86c5-b8c4d3a5d2d7 HTTP/1.1" status: 404 len: 339 time: 0.0137322
2026-05-12 12:43:43.291 9 WARNING neutron_lib.context [None req-b6d5a20d-b462-48e2-a58d-3fc51dd11e45 807fb83bfe784c7496640138ba81bd9b 83449b7dd23b4c0393074f49e24f18ae - - default default] Method 'is_advsvc' is deprecated since 2023.2 release (neutron-lib 3.8.0) and will be removed once support for the old RBAC API policies will be removed from Neutron. Please use method 'is_service_role' instead.
2026-05-12 12:43:43.378 9 INFO neutron.api.wsgi [None req-5b3874ae-01cf-4636-acbf-29e0c3d28ea8 81032ca9546749779c89b5807960a1a5 32e17c06cc9449c7b6c3253151b5a7ce - - default default] 10.0.0.120 "GET /v2.0/security-groups?tenant_id=84dea411d49b44709a20269e4929d0d8&name=default HTTP/1.1" status: 200 len: 3120 time: 0.0981953
2026-05-12 12:43:43.513 9 INFO neutron.db.ovn_revision_numbers_db [None req-b6d5a20d-b462-48e2-a58d-3fc51dd11e45 807fb83bfe784c7496640138ba81bd9b 83449b7dd23b4c0393074f49e24f18ae - - default default] Successfully bumped revision number for resource 1f6e6525-aa3a-4ad8-99d5-2fa9f82d9f41 (type: security_groups) to 1
2026-05-12 12:43:43.532 9 INFO neutron.db.ovn_revision_numbers_db [None req-b6d5a20d-b462-48e2-a58d-3fc51dd11e45 807fb83bfe784c7496640138ba81bd9b 83449b7dd23b4c0393074f49e24f18ae - - default default] Successfully bumped revision number for resource 2780331b-8091-421b-8e7a-730390d7f31b (type: security_group_rules) to 0
2026-05-12 12:43:43.549 9 INFO neutron.db.ovn_revision_numbers_db [None req-b6d5a20d-b462-48e2-a58d-3fc51dd11e45 807fb83bfe784c7496640138ba81bd9b 83449b7dd23b4c0393074f49e24f18ae - - default default] Successfully bumped revision number for resource 278ebedd-647b-438f-9647-1300a29d66a5 (type: security_group_rules) to 0
2026-05-12 12:43:43.571 9 INFO neutron.db.ovn_revision_numbers_db [None req-b6d5a20d-b462-48e2-a58d-3fc51dd11e45 807fb83bfe784c7496640138ba81bd9b 83449b7dd23b4c0393074f49e24f18ae - - default default] Successfully bumped revision number for resource 3cbb0446-66d9-4487-886b-ab19148f5eee (type: security_group_rules) to 0
2026-05-12 12:43:43.587 9 INFO neutron.db.ovn_revision_numbers_db [None req-b6d5a20d-b462-48e2-a58d-3fc51dd11e45 807fb83bfe784c7496640138ba81bd9b 83449b7dd23b4c0393074f49e24f18ae - - default default] Successfully bumped revision number for resource bcddd2c7-3197-40ad-8e94-ba088983e665 (type: security_group_rules) to 0
2026-05-12 12:43:43.656 10 INFO neutron.services.segments.plugin [-] Segment 0378dca7-7d16-4930-a49f-30c78506105f resource provider aggregate not found
2026-05-12 12:43:43.659 9 INFO neutron.db.segments_db [None req-b6d5a20d-b462-48e2-a58d-3fc51dd11e45 807fb83bfe784c7496640138ba81bd9b 83449b7dd23b4c0393074f49e24f18ae - - default default] Added segment 89ed7250-1ce3-46b3-b326-8b126a2edee8 of type geneve for network 6b9e5543-5276-4325-8197-c289c8df2656
2026-05-12 12:43:43.667 10 INFO neutron.services.segments.plugin [-] Segment 0378dca7-7d16-4930-a49f-30c78506105f resource provider not found; error: Placement Client Error (4xx): {"errors": [{"status": 404, "title": "Not Found", "detail": "The resource could not be found.\n\n No resource provider with uuid 0378dca7-7d16-4930-a49f-30c78506105f found for delete ", "request_id": "req-55e22895-147c-42d8-af81-903e202a3369"}]}
2026-05-12 12:43:43.670 9 INFO neutron.api.wsgi [None req-89e93924-324f-4675-9825-5e6310added1 81032ca9546749779c89b5807960a1a5 32e17c06cc9449c7b6c3253151b5a7ce - - default default] 10.0.0.120 "DELETE /v2.0/security-groups/5bfcbcbe-a362-4418-acdc-d61966f4dfc4 HTTP/1.1" status: 204 len: 168 time: 0.2827032
2026-05-12 12:43:43.677 10 INFO neutron.services.segments.plugin [-] Segment 0378dca7-7d16-4930-a49f-30c78506105f resource provider aggregate not found
2026-05-12 12:43:43.682 10 INFO neutron.services.segments.plugin [-] Segment 0031a543-45e4-438e-a531-15b5e39e17e2 resource provider aggregate not found
2026-05-12 12:43:43.693 10 INFO neutron.services.segments.plugin [-] Segment 0031a543-45e4-438e-a531-15b5e39e17e2 resource provider not found; error: Placement Client Error (4xx): {"errors": [{"status": 404, "title": "Not Found", "detail": "The resource could not be found.\n\n No resource provider with uuid 0031a543-45e4-438e-a531-15b5e39e17e2 found for delete ", "request_id": "req-c36d1fc9-79af-415a-b902-7ccd7b2867eb"}]}
2026-05-12 12:43:43.700 10 INFO neutron.services.segments.plugin [-] Segment 0378dca7-7d16-4930-a49f-30c78506105f resource provider not found; error: Placement Client Error (4xx): {"errors": [{"status": 404, "title": "Not Found", "detail": "The resource could not be found.\n\n No resource provider with uuid 0378dca7-7d16-4930-a49f-30c78506105f found for delete ", "request_id": "req-a295ace9-4a73-4281-a9db-4a2e42b19a34"}]}
2026-05-12 12:43:43.713 10 INFO neutron.services.segments.plugin [-] Segment 0031a543-45e4-438e-a531-15b5e39e17e2 resource provider aggregate not found
2026-05-12 12:43:43.736 10 INFO neutron.services.segments.plugin [-] Segment 0031a543-45e4-438e-a531-15b5e39e17e2 resource provider not found; error: Placement Client Error (4xx): {"errors": [{"status": 404, "title": "Not Found", "detail": "The resource could not be found.\n\n No resource provider with uuid 0031a543-45e4-438e-a531-15b5e39e17e2 found for delete ", "request_id": "req-85a50b43-b2db-41cc-b403-b5ea406ab2c3"}]}
2026-05-12 12:43:43.779 9 INFO neutron.db.ovn_revision_numbers_db [None req-b6d5a20d-b462-48e2-a58d-3fc51dd11e45 807fb83bfe784c7496640138ba81bd9b 83449b7dd23b4c0393074f49e24f18ae - - default default] Successfully bumped revision number for resource 6b9e5543-5276-4325-8197-c289c8df2656 (type: networks) to 1
2026-05-12 12:43:43.992 9 INFO neutron.db.ovn_revision_numbers_db [None req-8d3b5352-0664-418d-a723-0a68550eec7a 81032ca9546749779c89b5807960a1a5 32e17c06cc9449c7b6c3253151b5a7ce - - default default] Successfully bumped revision number for resource 44e78188-cb63-4f63-8683-4fcbfde88086 (type: security_groups) to 1
2026-05-12 12:43:44.009 9 WARNING neutron.scheduler.dhcp_agent_scheduler [None req-b6d5a20d-b462-48e2-a58d-3fc51dd11e45 807fb83bfe784c7496640138ba81bd9b 83449b7dd23b4c0393074f49e24f18ae - - default default] No more DHCP agents
2026-05-12 12:43:44.010 9 WARNING neutron.api.rpc.agentnotifiers.dhcp_rpc_agent_api [None req-b6d5a20d-b462-48e2-a58d-3fc51dd11e45 807fb83bfe784c7496640138ba81bd9b 83449b7dd23b4c0393074f49e24f18ae - - default default] Unable to schedule network 6b9e5543-5276-4325-8197-c289c8df2656: no agents available; will retry on subsequent port and subnet creation events.
2026-05-12 12:43:44.012 9 INFO neutron.db.ovn_revision_numbers_db [None req-8d3b5352-0664-418d-a723-0a68550eec7a 81032ca9546749779c89b5807960a1a5 32e17c06cc9449c7b6c3253151b5a7ce - - default default] Successfully bumped revision number for resource 11fe7259-7cd1-4b65-b193-05b8470b5114 (type: security_group_rules) to 0
2026-05-12 12:43:44.032 9 INFO neutron.db.ovn_revision_numbers_db [None req-8d3b5352-0664-418d-a723-0a68550eec7a 81032ca9546749779c89b5807960a1a5 32e17c06cc9449c7b6c3253151b5a7ce - - default default] Successfully bumped revision number for resource 132fbd18-c5a8-4769-b28f-5d406659fd6b (type: security_group_rules) to 0
2026-05-12 12:43:44.076 9 INFO neutron.db.ovn_revision_numbers_db [None req-8d3b5352-0664-418d-a723-0a68550eec7a 81032ca9546749779c89b5807960a1a5 32e17c06cc9449c7b6c3253151b5a7ce - - default default] Successfully bumped revision number for resource 9abe6200-2931-43fb-a944-e986dfd86326 (type: security_group_rules) to 0
2026-05-12 12:43:44.091 9 INFO neutron.db.ovn_revision_numbers_db [None req-8d3b5352-0664-418d-a723-0a68550eec7a 81032ca9546749779c89b5807960a1a5 32e17c06cc9449c7b6c3253151b5a7ce - - default default] Successfully bumped revision number for resource edce2fad-9996-4bf3-bbf4-6fb0f77a450a (type: security_group_rules) to 0
2026-05-12 12:43:44.096 9 INFO neutron.db.ovn_revision_numbers_db [None req-b6d5a20d-b462-48e2-a58d-3fc51dd11e45 807fb83bfe784c7496640138ba81bd9b 83449b7dd23b4c0393074f49e24f18ae - - default default] Successfully bumped revision number for resource f5e252b2-8ce2-4cc2-ae36-b13eb3e5f67b (type: ports) to 1
2026-05-12 12:43:44.127 9 INFO neutron.api.wsgi [None req-b6d5a20d-b462-48e2-a58d-3fc51dd11e45 807fb83bfe784c7496640138ba81bd9b 83449b7dd23b4c0393074f49e24f18ae - - default default] 10.0.0.120 "POST /v2.0/networks HTTP/1.1" status: 201 len: 831 time: 0.9528754
2026-05-12 12:43:44.140 9 INFO neutron.api.wsgi [None req-8d3b5352-0664-418d-a723-0a68550eec7a 81032ca9546749779c89b5807960a1a5 32e17c06cc9449c7b6c3253151b5a7ce - - default default] 10.0.0.120 "GET /v2.0/security-groups?tenant_id=93072d0283c540ef91e5e58edefb688d&name=default HTTP/1.1" status: 200 len: 3124 time: 0.3126218
2026-05-12 12:43:44.142 10 WARNING neutron_lib.context [None req-ae52f918-6d6e-4148-b9a4-2fd00a066a90 807fb83bfe784c7496640138ba81bd9b 83449b7dd23b4c0393074f49e24f18ae - - default default] Method 'is_advsvc' is deprecated since 2023.2 release (neutron-lib 3.8.0) and will be removed once support for the old RBAC API policies will be removed from Neutron. Please use method 'is_service_role' instead.
2026-05-12 12:43:44.256 10 INFO neutron.db.segments_db [None req-ae52f918-6d6e-4148-b9a4-2fd00a066a90 807fb83bfe784c7496640138ba81bd9b 83449b7dd23b4c0393074f49e24f18ae - - default default] Added segment eb5af030-d1c4-4c24-80dc-6e727dc8fb1b of type geneve for network 0619aa4d-529d-4f6a-9543-5d0cc8613933
2026-05-12 12:43:44.405 10 INFO neutron.db.ovn_revision_numbers_db [None req-ae52f918-6d6e-4148-b9a4-2fd00a066a90 807fb83bfe784c7496640138ba81bd9b 83449b7dd23b4c0393074f49e24f18ae - - default default] Successfully bumped revision number for resource 0619aa4d-529d-4f6a-9543-5d0cc8613933 (type: networks) to 1
2026-05-12 12:43:44.458 10 INFO neutron.api.wsgi [None req-30292b6e-c786-46aa-8053-8d4e9966f524 81032ca9546749779c89b5807960a1a5 32e17c06cc9449c7b6c3253151b5a7ce - - default default] 10.0.0.120 "DELETE /v2.0/security-groups/44e78188-cb63-4f63-8683-4fcbfde88086 HTTP/1.1" status: 204 len: 168 time: 0.3116202
2026-05-12 12:43:44.607 10 WARNING neutron.scheduler.dhcp_agent_scheduler [None req-ae52f918-6d6e-4148-b9a4-2fd00a066a90 807fb83bfe784c7496640138ba81bd9b 83449b7dd23b4c0393074f49e24f18ae - - default default] No more DHCP agents
2026-05-12 12:43:44.608 10 WARNING neutron.api.rpc.agentnotifiers.dhcp_rpc_agent_api [None req-ae52f918-6d6e-4148-b9a4-2fd00a066a90 807fb83bfe784c7496640138ba81bd9b 83449b7dd23b4c0393074f49e24f18ae - - default default] Unable to schedule network 0619aa4d-529d-4f6a-9543-5d0cc8613933: no agents available; will retry on subsequent port and subnet creation events.
2026-05-12 12:43:44.684 10 INFO neutron.db.ovn_revision_numbers_db [None req-ae52f918-6d6e-4148-b9a4-2fd00a066a90 807fb83bfe784c7496640138ba81bd9b 83449b7dd23b4c0393074f49e24f18ae - - default default] Successfully bumped revision number for resource 6dfd146b-6f3c-4104-a950-2ea474c6fe6e (type: ports) to 1
2026-05-12 12:43:44.710 10 INFO neutron.api.wsgi [None req-ae52f918-6d6e-4148-b9a4-2fd00a066a90 807fb83bfe784c7496640138ba81bd9b 83449b7dd23b4c0393074f49e24f18ae - - default default] 10.0.0.120 "POST /v2.0/networks HTTP/1.1" status: 201 len: 830 time: 0.5764868
2026-05-12 12:43:44.763 10 INFO neutron.api.wsgi [None req-daacf211-a877-44bd-98c6-dc1980aaa7ae 807fb83bfe784c7496640138ba81bd9b 83449b7dd23b4c0393074f49e24f18ae - - default default] 10.0.0.120 "PUT /v2.0/networks/6b9e5543-5276-4325-8197-c289c8df2656/tags HTTP/1.1" status: 200 len: 218 time: 0.0453720
2026-05-12 12:43:44.800 10 INFO neutron.api.wsgi [None req-be8c94fc-bd75-4973-997d-a8b783ae6ea7 807fb83bfe784c7496640138ba81bd9b 83449b7dd23b4c0393074f49e24f18ae - - default default] 10.0.0.120 "GET /v2.0/networks/6b9e5543-5276-4325-8197-c289c8df2656/tags HTTP/1.1" status: 200 len: 218 time: 0.0326769
2026-05-12 12:43:44.863 10 INFO neutron.api.wsgi [None req-c247b1f7-0fe7-4b3a-a659-73f8fcec2305 807fb83bfe784c7496640138ba81bd9b 83449b7dd23b4c0393074f49e24f18ae - - default default] 10.0.0.120 "PUT /v2.0/networks/0619aa4d-529d-4f6a-9543-5d0cc8613933/tags HTTP/1.1" status: 200 len: 210 time: 0.0489829
2026-05-12 12:43:44.915 9 INFO neutron.api.wsgi [None req-ac64dae3-4bc4-40b2-b1a2-cce4c01cfaf9 807fb83bfe784c7496640138ba81bd9b 83449b7dd23b4c0393074f49e24f18ae - - default default] 10.0.0.120 "GET /v2.0/networks/0619aa4d-529d-4f6a-9543-5d0cc8613933/tags HTTP/1.1" status: 200 len: 210 time: 0.0462458
2026-05-12 12:43:44.961 9 INFO neutron.api.wsgi [None req-5f030d15-1278-41ba-8620-eada0c355f98 807fb83bfe784c7496640138ba81bd9b 83449b7dd23b4c0393074f49e24f18ae - - default default] 10.0.0.120 "PUT /v2.0/networks/0619aa4d-529d-4f6a-9543-5d0cc8613933/tags HTTP/1.1" status: 200 len: 205 time: 0.0394826
2026-05-12 12:43:44.997 10 INFO neutron.api.wsgi [None req-65a5b3e7-f388-454f-a17f-1d9b5323a6ae 807fb83bfe784c7496640138ba81bd9b 83449b7dd23b4c0393074f49e24f18ae - - default default] 10.0.0.120 "GET /v2.0/networks/0619aa4d-529d-4f6a-9543-5d0cc8613933/tags HTTP/1.1" status: 200 len: 205 time: 0.0295341
2026-05-12 12:43:45.036 9 INFO neutron.api.wsgi [None req-77b7b0e3-30a3-48d3-ad25-31923da7be06 807fb83bfe784c7496640138ba81bd9b 83449b7dd23b4c0393074f49e24f18ae - - default default] 10.0.0.120 "GET /v2.0/networks/6b9e5543-5276-4325-8197-c289c8df2656/tags HTTP/1.1" status: 200 len: 218 time: 0.0330508
2026-05-12 12:43:45.206 9 WARNING neutron_lib.context [None req-28c04f66-5fb5-4ecc-a033-8f7e4998a15f 625bcd6552b6496792f0a6f02f915146 11cfc6fd720d4a259431e2c116265206 - - default default] Method 'is_advsvc' is deprecated since 2023.2 release (neutron-lib 3.8.0) and will be removed once support for the old RBAC API policies will be removed from Neutron. Please use method 'is_service_role' instead.
2026-05-12 12:43:45.407 9 INFO neutron.db.ovn_revision_numbers_db [None req-28c04f66-5fb5-4ecc-a033-8f7e4998a15f 625bcd6552b6496792f0a6f02f915146 11cfc6fd720d4a259431e2c116265206 - - default default] Successfully bumped revision number for resource 8a5e12f6-aea8-4df8-8070-917c94434628 (type: security_groups) to 1
2026-05-12 12:43:45.422 10 INFO neutron.api.wsgi [None req-b76c3b9f-5e28-47aa-b6c1-6ffff5a187ac 807fb83bfe784c7496640138ba81bd9b 83449b7dd23b4c0393074f49e24f18ae - - default default] 10.0.0.120 "DELETE /v2.0/networks/6b9e5543-5276-4325-8197-c289c8df2656 HTTP/1.1" status: 204 len: 168 time: 0.3728845
2026-05-12 12:43:45.428 9 INFO neutron.db.ovn_revision_numbers_db [None req-28c04f66-5fb5-4ecc-a033-8f7e4998a15f 625bcd6552b6496792f0a6f02f915146 11cfc6fd720d4a259431e2c116265206 - - default default] Successfully bumped revision number for resource 3c3a72a7-f31f-45ff-a9f7-f4dcb5b495e4 (type: security_group_rules) to 0
2026-05-12 12:43:45.468 9 INFO neutron.db.ovn_revision_numbers_db [None req-28c04f66-5fb5-4ecc-a033-8f7e4998a15f 625bcd6552b6496792f0a6f02f915146 11cfc6fd720d4a259431e2c116265206 - - default default] Successfully bumped revision number for resource 4c998dc3-f14e-4f8e-857b-24899da0d8f4 (type: security_group_rules) to 0
2026-05-12 12:43:45.495 9 INFO neutron.db.ovn_revision_numbers_db [None req-28c04f66-5fb5-4ecc-a033-8f7e4998a15f 625bcd6552b6496792f0a6f02f915146 11cfc6fd720d4a259431e2c116265206 - - default default] Successfully bumped revision number for resource 5ada152d-92ab-4a9c-ab6c-ecd710647501 (type: security_group_rules) to 0
2026-05-12 12:43:45.516 9 INFO neutron.db.ovn_revision_numbers_db [None req-28c04f66-5fb5-4ecc-a033-8f7e4998a15f 625bcd6552b6496792f0a6f02f915146 11cfc6fd720d4a259431e2c116265206 - - default default] Successfully bumped revision number for resource db15c19a-91ba-4e87-981f-4593e1e10055 (type: security_group_rules) to 0
2026-05-12 12:43:45.595 9 INFO neutron.db.segments_db [None req-28c04f66-5fb5-4ecc-a033-8f7e4998a15f 625bcd6552b6496792f0a6f02f915146 11cfc6fd720d4a259431e2c116265206 - - default default] Added segment 67519564-8e54-4197-b959-3db856a42294 of type geneve for network f06bf7b0-f073-425e-a6ee-00370270f03c
2026-05-12 12:43:45.711 10 INFO neutron.services.segments.plugin [-] Segment 89ed7250-1ce3-46b3-b326-8b126a2edee8 resource provider aggregate not found
2026-05-12 12:43:45.732 10 INFO neutron.services.segments.plugin [-] Segment 89ed7250-1ce3-46b3-b326-8b126a2edee8 resource provider not found; error: Placement Client Error (4xx): {"errors": [{"status": 404, "title": "Not Found", "detail": "The resource could not be found.\n\n No resource provider with uuid 89ed7250-1ce3-46b3-b326-8b126a2edee8 found for delete ", "request_id": "req-e1f9e089-a973-464a-8848-c3cc7787c0d3"}]}
2026-05-12 12:43:45.758 10 INFO neutron.services.segments.plugin [-] Segment 89ed7250-1ce3-46b3-b326-8b126a2edee8 resource provider aggregate not found
2026-05-12 12:43:45.758 9 INFO neutron.db.ovn_revision_numbers_db [None req-28c04f66-5fb5-4ecc-a033-8f7e4998a15f 625bcd6552b6496792f0a6f02f915146 11cfc6fd720d4a259431e2c116265206 - - default default] Successfully bumped revision number for resource f06bf7b0-f073-425e-a6ee-00370270f03c (type: networks) to 1
2026-05-12 12:43:45.773 10 INFO neutron.services.segments.plugin [-] Segment 89ed7250-1ce3-46b3-b326-8b126a2edee8 resource provider not found; error: Placement Client Error (4xx): {"errors": [{"status": 404, "title": "Not Found", "detail": "The resource could not be found.\n\n No resource provider with uuid 89ed7250-1ce3-46b3-b326-8b126a2edee8 found for delete ", "request_id": "req-a6142027-f0f1-4ac1-b7d1-f9ef60919789"}]}
2026-05-12 12:43:45.802 10 INFO neutron.api.wsgi [None req-ca1f6798-a67f-4750-b836-b4de0780034c 807fb83bfe784c7496640138ba81bd9b 83449b7dd23b4c0393074f49e24f18ae - - default default] 10.0.0.120 "DELETE /v2.0/networks/0619aa4d-529d-4f6a-9543-5d0cc8613933 HTTP/1.1" status: 204 len: 168 time: 0.3741915
2026-05-12 12:43:45.961 9 WARNING neutron.scheduler.dhcp_agent_scheduler [None req-28c04f66-5fb5-4ecc-a033-8f7e4998a15f 625bcd6552b6496792f0a6f02f915146 11cfc6fd720d4a259431e2c116265206 - - default default] No more DHCP agents
2026-05-12 12:43:45.963 9 WARNING neutron.api.rpc.agentnotifiers.dhcp_rpc_agent_api [None req-28c04f66-5fb5-4ecc-a033-8f7e4998a15f 625bcd6552b6496792f0a6f02f915146 11cfc6fd720d4a259431e2c116265206 - - default default] Unable to schedule network f06bf7b0-f073-425e-a6ee-00370270f03c: no agents available; will retry on subsequent port and subnet creation events.
2026-05-12 12:43:46.050 9 INFO neutron.db.ovn_revision_numbers_db [None req-28c04f66-5fb5-4ecc-a033-8f7e4998a15f 625bcd6552b6496792f0a6f02f915146 11cfc6fd720d4a259431e2c116265206 - - default default] Successfully bumped revision number for resource ffce609b-781c-43cb-9518-4b72ac96aa79 (type: ports) to 1
2026-05-12 12:43:46.076 9 INFO neutron.api.wsgi [None req-28c04f66-5fb5-4ecc-a033-8f7e4998a15f 625bcd6552b6496792f0a6f02f915146 11cfc6fd720d4a259431e2c116265206 - - default default] 10.0.0.120 "POST /v2.0/networks HTTP/1.1" status: 201 len: 831 time: 1.0811167
2026-05-12 12:43:46.085 9 WARNING neutron_lib.context [None req-ed340ee9-8c03-4521-9daa-8dbf65b3594c 625bcd6552b6496792f0a6f02f915146 11cfc6fd720d4a259431e2c116265206 - - default default] Method 'is_advsvc' is deprecated since 2023.2 release (neutron-lib 3.8.0) and will be removed once support for the old RBAC API policies will be removed from Neutron. Please use method 'is_service_role' instead.
2026-05-12 12:43:46.321 9 WARNING neutron.scheduler.dhcp_agent_scheduler [None req-ed340ee9-8c03-4521-9daa-8dbf65b3594c 625bcd6552b6496792f0a6f02f915146 11cfc6fd720d4a259431e2c116265206 - - default default] No more DHCP agents
2026-05-12 12:43:46.323 9 WARNING neutron.api.rpc.agentnotifiers.dhcp_rpc_agent_api [None req-ed340ee9-8c03-4521-9daa-8dbf65b3594c 625bcd6552b6496792f0a6f02f915146 11cfc6fd720d4a259431e2c116265206 - - default default] Unable to schedule network f06bf7b0-f073-425e-a6ee-00370270f03c: no agents available; will retry on subsequent port and subnet creation events.
2026-05-12 12:43:46.697 10 INFO neutron.api.wsgi [None req-84deb2e7-434a-48ee-b12b-9ee080a821e3 81032ca9546749779c89b5807960a1a5 32e17c06cc9449c7b6c3253151b5a7ce - - default default] 10.0.0.120 "GET /v2.0/security-groups?tenant_id=83449b7dd23b4c0393074f49e24f18ae&name=default HTTP/1.1" status: 200 len: 3124 time: 0.1458082
2026-05-12 12:43:46.922 9 INFO neutron.db.ovn_revision_numbers_db [None req-ea46c242-5900-457c-84bc-4dda3e2aad15 - - - - - -] Successfully bumped revision number for resource ffce609b-781c-43cb-9518-4b72ac96aa79 (type: ports) to 2
2026-05-12 12:43:46.963 9 INFO neutron.db.ovn_revision_numbers_db [None req-ea46c242-5900-457c-84bc-4dda3e2aad15 - - - - - -] Successfully bumped revision number for resource 91019f3a-3a5c-4eaf-ac8d-b279fca9d9a9 (type: subnets) to 0
2026-05-12 12:43:46.985 9 INFO neutron.api.wsgi [None req-ed340ee9-8c03-4521-9daa-8dbf65b3594c 625bcd6552b6496792f0a6f02f915146 11cfc6fd720d4a259431e2c116265206 - - default default] 10.0.0.120 "POST /v2.0/subnets HTTP/1.1" status: 201 len: 825 time: 0.9043803
2026-05-12 12:43:46.999 10 WARNING neutron_lib.context [None req-898ad7d0-b14c-477c-922e-e442fc3e0b4a 625bcd6552b6496792f0a6f02f915146 11cfc6fd720d4a259431e2c116265206 - - default default] Method 'is_advsvc' is deprecated since 2023.2 release (neutron-lib 3.8.0) and will be removed once support for the old RBAC API policies will be removed from Neutron. Please use method 'is_service_role' instead.
2026-05-12 12:43:47.022 9 INFO neutron.api.wsgi [None req-c5cb5199-8975-4950-9f82-92541810f39c 81032ca9546749779c89b5807960a1a5 32e17c06cc9449c7b6c3253151b5a7ce - - default default] 10.0.0.120 "DELETE /v2.0/security-groups/1f6e6525-aa3a-4ad8-99d5-2fa9f82d9f41 HTTP/1.1" status: 204 len: 168 time: 0.3186221
2026-05-12 12:43:47.101 10 INFO neutron.db.segments_db [None req-898ad7d0-b14c-477c-922e-e442fc3e0b4a 625bcd6552b6496792f0a6f02f915146 11cfc6fd720d4a259431e2c116265206 - - default default] Added segment c6a69853-2c5e-4e0d-b0d0-7f3a07fca3e2 of type geneve for network 39f15d2c-cc1e-4f8b-9dcd-1509ea5a9f23
2026-05-12 12:43:47.285 10 INFO neutron.db.ovn_revision_numbers_db [None req-898ad7d0-b14c-477c-922e-e442fc3e0b4a 625bcd6552b6496792f0a6f02f915146 11cfc6fd720d4a259431e2c116265206 - - default default] Successfully bumped revision number for resource 39f15d2c-cc1e-4f8b-9dcd-1509ea5a9f23 (type: networks) to 1
2026-05-12 12:43:47.382 10 INFO neutron.db.ovn_revision_numbers_db [None req-d03a1d7c-3669-4730-8d07-7d054c155eab 81032ca9546749779c89b5807960a1a5 32e17c06cc9449c7b6c3253151b5a7ce - - default default] Successfully bumped revision number for resource 00ade6ed-8d8b-44b5-a672-75b159a2e7fe (type: security_groups) to 1
2026-05-12 12:43:47.403 10 INFO neutron.db.ovn_revision_numbers_db [None req-d03a1d7c-3669-4730-8d07-7d054c155eab 81032ca9546749779c89b5807960a1a5 32e17c06cc9449c7b6c3253151b5a7ce - - default default] Successfully bumped revision number for resource 3e2ee97b-d566-4cbb-93c3-49f4811082e8 (type: security_group_rules) to 0
2026-05-12 12:43:47.421 10 INFO neutron.db.ovn_revision_numbers_db [None req-d03a1d7c-3669-4730-8d07-7d054c155eab 81032ca9546749779c89b5807960a1a5 32e17c06cc9449c7b6c3253151b5a7ce - - default default] Successfully bumped revision number for resource d974d66b-e257-4ea3-b596-c37b3462961e (type: security_group_rules) to 0
2026-05-12 12:43:47.440 10 INFO neutron.db.ovn_revision_numbers_db [None req-d03a1d7c-3669-4730-8d07-7d054c155eab 81032ca9546749779c89b5807960a1a5 32e17c06cc9449c7b6c3253151b5a7ce - - default default] Successfully bumped revision number for resource f1b26e58-ecf9-43a1-b13e-6c088d72e8f3 (type: security_group_rules) to 0
2026-05-12 12:43:47.457 10 INFO neutron.db.ovn_revision_numbers_db [None req-d03a1d7c-3669-4730-8d07-7d054c155eab 81032ca9546749779c89b5807960a1a5 32e17c06cc9449c7b6c3253151b5a7ce - - default default] Successfully bumped revision number for resource f40010af-3936-446d-9692-6393c8cc5065 (type: security_group_rules) to 0
2026-05-12 12:43:47.474 10 WARNING neutron.scheduler.dhcp_agent_scheduler [None req-898ad7d0-b14c-477c-922e-e442fc3e0b4a 625bcd6552b6496792f0a6f02f915146 11cfc6fd720d4a259431e2c116265206 - - default default] No more DHCP agents
2026-05-12 12:43:47.476 10 WARNING neutron.api.rpc.agentnotifiers.dhcp_rpc_agent_api [None req-898ad7d0-b14c-477c-922e-e442fc3e0b4a 625bcd6552b6496792f0a6f02f915146 11cfc6fd720d4a259431e2c116265206 - - default default] Unable to schedule network 39f15d2c-cc1e-4f8b-9dcd-1509ea5a9f23: no agents available; will retry on subsequent port and subnet creation events.
2026-05-12 12:43:47.492 10 INFO neutron.api.wsgi [None req-d03a1d7c-3669-4730-8d07-7d054c155eab 81032ca9546749779c89b5807960a1a5 32e17c06cc9449c7b6c3253151b5a7ce - - default default] 10.0.0.120 "GET /v2.0/security-groups?tenant_id=f904c2c5743e4aeda5ffd682f28ee2b1&name=default HTTP/1.1" status: 200 len: 3124 time: 0.3074839
2026-05-12 12:43:47.552 10 INFO neutron.db.ovn_revision_numbers_db [None req-898ad7d0-b14c-477c-922e-e442fc3e0b4a 625bcd6552b6496792f0a6f02f915146 11cfc6fd720d4a259431e2c116265206 - - default default] Successfully bumped revision number for resource 83b4cf6b-0911-49c2-b20d-26763ae53dca (type: ports) to 1
2026-05-12 12:43:47.577 10 INFO neutron.api.wsgi [None req-898ad7d0-b14c-477c-922e-e442fc3e0b4a 625bcd6552b6496792f0a6f02f915146 11cfc6fd720d4a259431e2c116265206 - - default default] 10.0.0.120 "POST /v2.0/networks HTTP/1.1" status: 201 len: 831 time: 0.5845063
2026-05-12 12:43:47.589 10 WARNING neutron_lib.context [None req-2d748bab-3d41-4b01-ac12-01a2087899b9 625bcd6552b6496792f0a6f02f915146 11cfc6fd720d4a259431e2c116265206 - - default default] Method 'is_advsvc' is deprecated since 2023.2 release (neutron-lib 3.8.0) and will be removed once support for the old RBAC API policies will be removed from Neutron. Please use method 'is_service_role' instead.
2026-05-12 12:43:47.746 9 INFO neutron.api.wsgi [None req-cec88ea6-985e-48c7-a1a6-8e3b2268d583 81032ca9546749779c89b5807960a1a5 32e17c06cc9449c7b6c3253151b5a7ce - - default default] 10.0.0.120 "DELETE /v2.0/security-groups/00ade6ed-8d8b-44b5-a672-75b159a2e7fe HTTP/1.1" status: 204 len: 168 time: 0.2452357
2026-05-12 12:43:47.748 10 INFO neutron.services.segments.plugin [-] Segment eb5af030-d1c4-4c24-80dc-6e727dc8fb1b resource provider aggregate not found
2026-05-12 12:43:47.769 10 INFO neutron.services.segments.plugin [-] Segment eb5af030-d1c4-4c24-80dc-6e727dc8fb1b resource provider not found; error: Placement Client Error (4xx): {"errors": [{"status": 404, "title": "Not Found", "detail": "The resource could not be found.\n\n No resource provider with uuid eb5af030-d1c4-4c24-80dc-6e727dc8fb1b found for delete ", "request_id": "req-e4a66250-1cc4-4dc5-a8e3-3746224acee7"}]}
2026-05-12 12:43:47.793 10 INFO neutron.services.segments.plugin [-] Segment eb5af030-d1c4-4c24-80dc-6e727dc8fb1b resource provider aggregate not found
2026-05-12 12:43:47.813 10 INFO neutron.services.segments.plugin [-] Segment eb5af030-d1c4-4c24-80dc-6e727dc8fb1b resource provider not found; error: Placement Client Error (4xx): {"errors": [{"status": 404, "title": "Not Found", "detail": "The resource could not be found.\n\n No resource provider with uuid eb5af030-d1c4-4c24-80dc-6e727dc8fb1b found for delete ", "request_id": "req-af6066c9-b9f1-4c23-ab3f-75a77cabc1c7"}]}
2026-05-12 12:43:47.837 10 WARNING neutron.scheduler.dhcp_agent_scheduler [None req-2d748bab-3d41-4b01-ac12-01a2087899b9 625bcd6552b6496792f0a6f02f915146 11cfc6fd720d4a259431e2c116265206 - - default default] No more DHCP agents
2026-05-12 12:43:47.838 10 WARNING neutron.api.rpc.agentnotifiers.dhcp_rpc_agent_api [None req-2d748bab-3d41-4b01-ac12-01a2087899b9 625bcd6552b6496792f0a6f02f915146 11cfc6fd720d4a259431e2c116265206 - - default default] Unable to schedule network 39f15d2c-cc1e-4f8b-9dcd-1509ea5a9f23: no agents available; will retry on subsequent port and subnet creation events.
2026-05-12 12:43:48.260 10 INFO neutron.db.ovn_revision_numbers_db [None req-2a29fb8d-33df-464f-88fd-936ce7f7e52c - - - - - -] Successfully bumped revision number for resource 83b4cf6b-0911-49c2-b20d-26763ae53dca (type: ports) to 2
2026-05-12 12:43:48.297 10 INFO neutron.db.ovn_revision_numbers_db [None req-2a29fb8d-33df-464f-88fd-936ce7f7e52c - - - - - -] Successfully bumped revision number for resource 8268fb1d-eb16-4b01-a68a-655def0edc4e (type: subnets) to 0
2026-05-12 12:43:48.313 10 INFO neutron.api.wsgi [None req-2d748bab-3d41-4b01-ac12-01a2087899b9 625bcd6552b6496792f0a6f02f915146 11cfc6fd720d4a259431e2c116265206 - - default default] 10.0.0.120 "POST /v2.0/subnets HTTP/1.1" status: 201 len: 828 time: 0.7295215
2026-05-12 12:43:48.323 10 WARNING neutron_lib.context [None req-e763efcc-a33d-479f-b299-082aca0804f6 625bcd6552b6496792f0a6f02f915146 11cfc6fd720d4a259431e2c116265206 - - default default] Method 'is_advsvc' is deprecated since 2023.2 release (neutron-lib 3.8.0) and will be removed once support for the old RBAC API policies will be removed from Neutron. Please use method 'is_service_role' instead.
2026-05-12 12:43:48.421 10 INFO neutron.db.segments_db [None req-e763efcc-a33d-479f-b299-082aca0804f6 625bcd6552b6496792f0a6f02f915146 11cfc6fd720d4a259431e2c116265206 - - default default] Added segment 0df685f0-a8a3-4ccb-ba8b-fdc57e2f29a9 of type geneve for network f465d242-127d-4f08-85e1-f5cb6a280183
2026-05-12 12:43:48.546 10 INFO neutron.db.ovn_revision_numbers_db [None req-e763efcc-a33d-479f-b299-082aca0804f6 625bcd6552b6496792f0a6f02f915146 11cfc6fd720d4a259431e2c116265206 - - default default] Successfully bumped revision number for resource f465d242-127d-4f08-85e1-f5cb6a280183 (type: networks) to 1
2026-05-12 12:43:48.712 10 WARNING neutron.scheduler.dhcp_agent_scheduler [None req-e763efcc-a33d-479f-b299-082aca0804f6 625bcd6552b6496792f0a6f02f915146 11cfc6fd720d4a259431e2c116265206 - - default default] No more DHCP agents
2026-05-12 12:43:48.713 10 WARNING neutron.api.rpc.agentnotifiers.dhcp_rpc_agent_api [None req-e763efcc-a33d-479f-b299-082aca0804f6 625bcd6552b6496792f0a6f02f915146 11cfc6fd720d4a259431e2c116265206 - - default default] Unable to schedule network f465d242-127d-4f08-85e1-f5cb6a280183: no agents available; will retry on subsequent port and subnet creation events.
2026-05-12 12:43:48.781 10 INFO neutron.db.ovn_revision_numbers_db [None req-e763efcc-a33d-479f-b299-082aca0804f6 625bcd6552b6496792f0a6f02f915146 11cfc6fd720d4a259431e2c116265206 - - default default] Successfully bumped revision number for resource e6e48627-e499-4f31-8115-974263483a04 (type: ports) to 1
2026-05-12 12:43:48.805 10 INFO neutron.api.wsgi [None req-e763efcc-a33d-479f-b299-082aca0804f6 625bcd6552b6496792f0a6f02f915146 11cfc6fd720d4a259431e2c116265206 - - default default] 10.0.0.120 "POST /v2.0/networks HTTP/1.1" status: 201 len: 831 time: 0.4866381
2026-05-12 12:43:48.816 10 WARNING neutron_lib.context [None req-bb3424d8-2503-4c8b-befa-533b3407ad70 625bcd6552b6496792f0a6f02f915146 11cfc6fd720d4a259431e2c116265206 - - default default] Method 'is_advsvc' is deprecated since 2023.2 release (neutron-lib 3.8.0) and will be removed once support for the old RBAC API policies will be removed from Neutron. Please use method 'is_service_role' instead.
2026-05-12 12:43:49.016 10 WARNING neutron.scheduler.dhcp_agent_scheduler [None req-bb3424d8-2503-4c8b-befa-533b3407ad70 625bcd6552b6496792f0a6f02f915146 11cfc6fd720d4a259431e2c116265206 - - default default] No more DHCP agents
2026-05-12 12:43:49.017 10 WARNING neutron.api.rpc.agentnotifiers.dhcp_rpc_agent_api [None req-bb3424d8-2503-4c8b-befa-533b3407ad70 625bcd6552b6496792f0a6f02f915146 11cfc6fd720d4a259431e2c116265206 - - default default] Unable to schedule network f465d242-127d-4f08-85e1-f5cb6a280183: no agents available; will retry on subsequent port and subnet creation events.
2026-05-12 12:43:49.482 10 INFO neutron.db.ovn_revision_numbers_db [None req-96217bb6-5803-4c98-8e19-44a6a9deec16 - - - - - -] Successfully bumped revision number for resource e6e48627-e499-4f31-8115-974263483a04 (type: ports) to 2
2026-05-12 12:43:49.515 10 INFO neutron.db.ovn_revision_numbers_db [None req-96217bb6-5803-4c98-8e19-44a6a9deec16 - - - - - -] Successfully bumped revision number for resource e0ed06da-9be5-4d86-b0a7-a9aea7f932f9 (type: subnets) to 0
2026-05-12 12:43:49.531 10 INFO neutron.api.wsgi [None req-bb3424d8-2503-4c8b-befa-533b3407ad70 625bcd6552b6496792f0a6f02f915146 11cfc6fd720d4a259431e2c116265206 - - default default] 10.0.0.120 "POST /v2.0/subnets HTTP/1.1" status: 201 len: 828 time: 0.7201509
2026-05-12 12:43:49.541 10 WARNING neutron_lib.context [None req-55086bc1-a94f-497d-9c53-ea0cea039636 625bcd6552b6496792f0a6f02f915146 11cfc6fd720d4a259431e2c116265206 - - default default] Method 'is_advsvc' is deprecated since 2023.2 release (neutron-lib 3.8.0) and will be removed once support for the old RBAC API policies will be removed from Neutron. Please use method 'is_service_role' instead.
2026-05-12 12:43:49.563 10 INFO neutron.api.wsgi [-] 10.0.0.36 "GET / HTTP/1.1" status: 200 len: 247 time: 0.0018206
2026-05-12 12:43:49.564 9 INFO neutron.api.wsgi [-] 10.0.0.36 "GET / HTTP/1.1" status: 200 len: 247 time: 0.0018985
2026-05-12 12:43:49.635 10 INFO neutron.db.segments_db [None req-55086bc1-a94f-497d-9c53-ea0cea039636 625bcd6552b6496792f0a6f02f915146 11cfc6fd720d4a259431e2c116265206 - - default default] Added segment 817c7f5b-ed4a-4552-bb2b-bdbb0e920965 of type geneve for network fa59efa9-f5e6-4369-a979-757e40dfbe31
2026-05-12 12:43:49.763 10 INFO neutron.db.ovn_revision_numbers_db [None req-55086bc1-a94f-497d-9c53-ea0cea039636 625bcd6552b6496792f0a6f02f915146 11cfc6fd720d4a259431e2c116265206 - - default default] Successfully bumped revision number for resource fa59efa9-f5e6-4369-a979-757e40dfbe31 (type: networks) to 1
2026-05-12 12:43:49.934 10 WARNING neutron.scheduler.dhcp_agent_scheduler [None req-55086bc1-a94f-497d-9c53-ea0cea039636 625bcd6552b6496792f0a6f02f915146 11cfc6fd720d4a259431e2c116265206 - - default default] No more DHCP agents
2026-05-12 12:43:49.935 10 WARNING neutron.api.rpc.agentnotifiers.dhcp_rpc_agent_api [None req-55086bc1-a94f-497d-9c53-ea0cea039636 625bcd6552b6496792f0a6f02f915146 11cfc6fd720d4a259431e2c116265206 - - default default] Unable to schedule network fa59efa9-f5e6-4369-a979-757e40dfbe31: no agents available; will retry on subsequent port and subnet creation events.
2026-05-12 12:43:50.023 10 INFO neutron.db.ovn_revision_numbers_db [None req-55086bc1-a94f-497d-9c53-ea0cea039636 625bcd6552b6496792f0a6f02f915146 11cfc6fd720d4a259431e2c116265206 - - default default] Successfully bumped revision number for resource 8a2fba45-eeff-4fad-a9b2-0d801cf05313 (type: ports) to 1
