2026-05-12 12:43:04.229 10 INFO neutron.db.ovn_revision_numbers_db [None req-6b28acdb-981d-4b71-8ae9-aa8233885d1f 4bee436f30e64ebfbe7c2c6c96c4377f fd80059d76cd4e6aacd80e38f327e42e - - default default] Successfully bumped revision number for resource 804da82a-9431-4e65-ba51-d9fea1a02744 (type: ports) to 1
2026-05-12 12:43:04.283 9 INFO neutron.api.wsgi [None req-b3082514-7328-4956-9bb4-d216105794f1 1777f98c96e24edb8da67891aac48a42 05c5774c395b4efaa777d2ea6a9a8a09 - - default default] 10.0.0.120 "GET /v2.0/qos/policies?tags=red HTTP/1.1" status: 200 len: 1296 time: 0.2951386
2026-05-12 12:43:04.311 10 WARNING neutron.scheduler.dhcp_agent_scheduler [None req-6b28acdb-981d-4b71-8ae9-aa8233885d1f 4bee436f30e64ebfbe7c2c6c96c4377f fd80059d76cd4e6aacd80e38f327e42e - - default default] No more DHCP agents
2026-05-12 12:43:04.314 10 WARNING neutron.api.rpc.agentnotifiers.dhcp_rpc_agent_api [None req-6b28acdb-981d-4b71-8ae9-aa8233885d1f 4bee436f30e64ebfbe7c2c6c96c4377f fd80059d76cd4e6aacd80e38f327e42e - - default default] Unable to schedule network f42423aa-5e01-47e1-9fd6-76c7a595920f: no agents available; will retry on subsequent port and subnet creation events.
2026-05-12 12:43:04.370 9 INFO neutron.api.wsgi [None req-ab52374d-a836-43b6-8d9e-3dc1191be4ef 1777f98c96e24edb8da67891aac48a42 05c5774c395b4efaa777d2ea6a9a8a09 - - default default] 10.0.0.120 "GET /v2.0/qos/policies?tags=red%2Cblue HTTP/1.1" status: 200 len: 941 time: 0.0770431
2026-05-12 12:43:04.530 9 INFO neutron.db.ovn_revision_numbers_db [None req-edf5d256-46f1-41e9-aee3-07274857319b - - - - - -] Successfully bumped revision number for resource 804da82a-9431-4e65-ba51-d9fea1a02744 (type: ports) to 2
2026-05-12 12:43:04.565 9 INFO neutron.api.wsgi [-] 10.0.0.36 "GET / HTTP/1.1" status: 200 len: 247 time: 0.0021462
2026-05-12 12:43:04.567 9 INFO neutron.api.wsgi [-] 10.0.0.36 "GET / HTTP/1.1" status: 200 len: 247 time: 0.0011599
2026-05-12 12:43:04.959 10 INFO neutron.api.wsgi [None req-4af4ff82-b160-47d4-985e-391c14317ffd 1777f98c96e24edb8da67891aac48a42 05c5774c395b4efaa777d2ea6a9a8a09 - - default default] 10.0.0.120 "GET /v2.0/qos/policies?tags-any=blue HTTP/1.1" status: 200 len: 941 time: 0.5831203
2026-05-12 12:43:05.001 10 INFO neutron.db.ovn_revision_numbers_db [None req-b64a2794-bbfd-4eaf-be9a-7ca2bd422127 25511a4ecd4c4e229a3e86ce57a9de12 84dea411d49b44709a20269e4929d0d8 - - default default] Successfully bumped revision number for resource ace743e3-7980-43b0-9196-99cebbe7a698 (type: routers) to 8
2026-05-12 12:43:05.024 10 INFO neutron.db.ovn_revision_numbers_db [None req-6b28acdb-981d-4b71-8ae9-aa8233885d1f 4bee436f30e64ebfbe7c2c6c96c4377f fd80059d76cd4e6aacd80e38f327e42e - - default default] Successfully bumped revision number for resource 804da82a-9431-4e65-ba51-d9fea1a02744 (type: router_ports) to 1
2026-05-12 12:43:05.029 10 INFO neutron.api.wsgi [None req-6b28acdb-981d-4b71-8ae9-aa8233885d1f 4bee436f30e64ebfbe7c2c6c96c4377f fd80059d76cd4e6aacd80e38f327e42e - - default default] 10.0.0.120 "PUT /v2.0/routers/a6c65629-e280-437c-81bd-5072d43bcfd2/add_router_interface HTTP/1.1" status: 200 len: 503 time: 2.1000099
2026-05-12 12:43:05.044 10 INFO neutron.api.wsgi [None req-b64a2794-bbfd-4eaf-be9a-7ca2bd422127 25511a4ecd4c4e229a3e86ce57a9de12 84dea411d49b44709a20269e4929d0d8 - - default default] 10.0.0.120 "POST /v2.0/vpn/ipsec-site-connections HTTP/1.1" status: 201 len: 1004 time: 1.4515164
2026-05-12 12:43:05.085 9 INFO neutron.api.wsgi [None req-eb7ddc3a-d6f9-49bc-a39e-037b2c372046 1777f98c96e24edb8da67891aac48a42 05c5774c395b4efaa777d2ea6a9a8a09 - - default default] 10.0.0.120 "GET /v2.0/qos/policies?tags-any=red%2Cblue HTTP/1.1" status: 200 len: 1296 time: 0.1197598
2026-05-12 12:43:05.126 9 INFO neutron.api.wsgi [None req-2e838586-0703-46bd-8a30-f2beded5df7f 4bee436f30e64ebfbe7c2c6c96c4377f fd80059d76cd4e6aacd80e38f327e42e - - default default] 10.0.0.120 "GET /v2.0/ports/804da82a-9431-4e65-ba51-d9fea1a02744 HTTP/1.1" status: 200 len: 1141 time: 0.0896649
2026-05-12 12:43:05.167 9 INFO neutron.api.wsgi [None req-30d342b8-6f9d-403c-adde-3b827cfe910f 1777f98c96e24edb8da67891aac48a42 05c5774c395b4efaa777d2ea6a9a8a09 - - default default] 10.0.0.120 "GET /v2.0/qos/policies?not-tags=red HTTP/1.1" status: 200 len: 913 time: 0.0752459
2026-05-12 12:43:05.258 10 INFO neutron.api.wsgi [None req-474dd1d2-086b-427b-92f9-7fca2057d84e 1777f98c96e24edb8da67891aac48a42 05c5774c395b4efaa777d2ea6a9a8a09 - - default default] 10.0.0.120 "GET /v2.0/qos/policies?not-tags=red%2Cblue HTTP/1.1" status: 200 len: 1268 time: 0.0860777
2026-05-12 12:43:05.428 9 INFO neutron.api.wsgi [None req-ff3a6e56-09b9-42d8-a84a-0c5ee16bbf30 1777f98c96e24edb8da67891aac48a42 05c5774c395b4efaa777d2ea6a9a8a09 - - default default] 10.0.0.120 "GET /v2.0/qos/policies?not-tags-any=blue HTTP/1.1" status: 200 len: 1268 time: 0.1576924
2026-05-12 12:43:05.503 9 INFO neutron.api.wsgi [None req-b2bf702e-0914-4d04-94bc-7115fd62aa7a 1777f98c96e24edb8da67891aac48a42 05c5774c395b4efaa777d2ea6a9a8a09 - - default default] 10.0.0.120 "GET /v2.0/qos/policies?not-tags-any=red%2Cblue HTTP/1.1" status: 200 len: 913 time: 0.0705590
2026-05-12 12:43:05.572 10 INFO neutron.api.wsgi [None req-018e4df6-ac06-429e-aec1-13cc1b341dad e1283faf3b1341759e528dda01c7e781 2b052b1a72bf470995c726ffe0e52c8e - - default default] 10.0.0.120 "DELETE /v2.0/qos/policies/f284d1da-b7f7-40cd-a49a-38b38a5e9d14 HTTP/1.1" status: 204 len: 168 time: 0.0624356
2026-05-12 12:43:05.648 10 INFO neutron.api.wsgi [None req-5bd7c0d4-3624-41fe-a038-075f60616d21 e1283faf3b1341759e528dda01c7e781 2b052b1a72bf470995c726ffe0e52c8e - - default default] 10.0.0.120 "DELETE /v2.0/qos/policies/2dadf6d4-414f-4b8b-8abd-4ba93007719a HTTP/1.1" status: 204 len: 168 time: 0.0693498
2026-05-12 12:43:05.659 10 INFO neutron.db.ovn_revision_numbers_db [None req-4f717b28-4190-410a-8661-0c7ede4a80a0 25511a4ecd4c4e229a3e86ce57a9de12 84dea411d49b44709a20269e4929d0d8 - - default default] Successfully bumped revision number for resource ace743e3-7980-43b0-9196-99cebbe7a698 (type: routers) to 9
2026-05-12 12:43:05.674 9 WARNING neutron.scheduler.dhcp_agent_scheduler [None req-af37f25e-2531-4a79-9bde-eff4de43f00b 4bee436f30e64ebfbe7c2c6c96c4377f fd80059d76cd4e6aacd80e38f327e42e - - default default] No more DHCP agents
2026-05-12 12:43:05.676 9 WARNING neutron.api.rpc.agentnotifiers.dhcp_rpc_agent_api [None req-af37f25e-2531-4a79-9bde-eff4de43f00b 4bee436f30e64ebfbe7c2c6c96c4377f fd80059d76cd4e6aacd80e38f327e42e - - default default] Unable to schedule network 4c2aceed-eb6b-470b-bca2-6299ed7089f2: no agents available; will retry on subsequent port and subnet creation events.
2026-05-12 12:43:05.693 10 INFO neutron.api.wsgi [None req-4f717b28-4190-410a-8661-0c7ede4a80a0 25511a4ecd4c4e229a3e86ce57a9de12 84dea411d49b44709a20269e4929d0d8 - - default default] 10.0.0.120 "DELETE /v2.0/vpn/ipsec-site-connections/13afa6b6-d542-4b8a-92d5-1392d509be6d HTTP/1.1" status: 204 len: 168 time: 0.6428101
2026-05-12 12:43:05.715 10 INFO neutron.api.wsgi [None req-fb5b1d46-0f0f-495d-b905-588aadd81ccc 25511a4ecd4c4e229a3e86ce57a9de12 84dea411d49b44709a20269e4929d0d8 - - default default] 10.0.0.120 "GET /v2.0/vpn/ipsec-site-connections HTTP/1.1" status: 200 len: 990 time: 0.0167916
2026-05-12 12:43:05.728 10 INFO neutron.api.v2.resource [None req-56ddbe8c-662a-4e37-8f2d-09e06ed2bdde 25511a4ecd4c4e229a3e86ce57a9de12 84dea411d49b44709a20269e4929d0d8 - - default default] delete failed (client error): The resource could not be found.
2026-05-12 12:43:05.729 10 INFO neutron.api.wsgi [None req-56ddbe8c-662a-4e37-8f2d-09e06ed2bdde 25511a4ecd4c4e229a3e86ce57a9de12 84dea411d49b44709a20269e4929d0d8 - - default default] 10.0.0.120 "DELETE /v2.0/vpn/ipsec-site-connections/13afa6b6-d542-4b8a-92d5-1392d509be6d HTTP/1.1" status: 404 len: 355 time: 0.0100875
2026-05-12 12:43:05.733 10 INFO neutron.api.wsgi [None req-b61caec1-d5b6-480e-b913-b4f0cd629ce5 e1283faf3b1341759e528dda01c7e781 2b052b1a72bf470995c726ffe0e52c8e - - default default] 10.0.0.120 "DELETE /v2.0/qos/policies/456af6df-d052-4867-a8a0-67bb4ebb217f HTTP/1.1" status: 204 len: 168 time: 0.0797243
2026-05-12 12:43:05.743 10 WARNING neutron_lib.context [None req-3de55891-6102-4f2c-ba45-2d5432668737 25511a4ecd4c4e229a3e86ce57a9de12 84dea411d49b44709a20269e4929d0d8 - - default default] Method 'is_advsvc' is deprecated since 2023.2 release (neutron-lib 3.8.0) and will be removed once support for the old RBAC API policies will be removed from Neutron. Please use method 'is_service_role' instead.
2026-05-12 12:43:05.784 10 INFO neutron.api.wsgi [None req-3de55891-6102-4f2c-ba45-2d5432668737 25511a4ecd4c4e229a3e86ce57a9de12 84dea411d49b44709a20269e4929d0d8 - - default default] 10.0.0.120 "POST /v2.0/vpn/endpoint-groups HTTP/1.1" status: 201 len: 489 time: 0.0448945
2026-05-12 12:43:05.790 9 INFO neutron.db.ovn_revision_numbers_db [None req-af37f25e-2531-4a79-9bde-eff4de43f00b 4bee436f30e64ebfbe7c2c6c96c4377f fd80059d76cd4e6aacd80e38f327e42e - - default default] Successfully bumped revision number for resource 9f1b9065-70d6-4423-99c9-eb426c87eb8d (type: ports) to 1
2026-05-12 12:43:05.807 10 INFO neutron.api.wsgi [None req-d6779c89-1a7d-492a-b497-f14e0449057e 25511a4ecd4c4e229a3e86ce57a9de12 84dea411d49b44709a20269e4929d0d8 - - default default] 10.0.0.120 "PUT /v2.0/vpn/endpoint-groups/b5528e66-5fc1-45a7-a94a-c78d4e50518e HTTP/1.1" status: 200 len: 484 time: 0.0173774
2026-05-12 12:43:05.820 10 INFO neutron.api.wsgi [None req-e1ca3d4b-4f5d-4603-8e7c-018a5a1e65b5 25511a4ecd4c4e229a3e86ce57a9de12 84dea411d49b44709a20269e4929d0d8 - - default default] 10.0.0.120 "GET /v2.0/vpn/endpoint-groups/b5528e66-5fc1-45a7-a94a-c78d4e50518e HTTP/1.1" status: 200 len: 484 time: 0.0095506
2026-05-12 12:43:05.829 9 INFO neutron.api.wsgi [None req-ffe45984-2db2-41dd-b6a6-6d4c7f3dbfe5 e1283faf3b1341759e528dda01c7e781 2b052b1a72bf470995c726ffe0e52c8e - - default default] 10.0.0.120 "DELETE /v2.0/qos/policies/86a037a1-317f-406c-b5f6-bd6cb0c8a843 HTTP/1.1" status: 204 len: 168 time: 0.0900984
2026-05-12 12:43:05.858 10 INFO neutron.api.wsgi [None req-61e6af54-9487-4467-9efc-2bb557eacc42 25511a4ecd4c4e229a3e86ce57a9de12 84dea411d49b44709a20269e4929d0d8 - - default default] 10.0.0.120 "DELETE /v2.0/vpn/endpoint-groups/b5528e66-5fc1-45a7-a94a-c78d4e50518e HTTP/1.1" status: 204 len: 168 time: 0.0334053
2026-05-12 12:43:05.880 10 INFO neutron.api.wsgi [None req-b5d68622-521a-4a1b-aca3-58a950704265 25511a4ecd4c4e229a3e86ce57a9de12 84dea411d49b44709a20269e4929d0d8 - - default default] 10.0.0.120 "GET /v2.0/vpn/endpoint-groups HTTP/1.1" status: 200 len: 827 time: 0.0115023
2026-05-12 12:43:05.900 10 INFO neutron.api.wsgi [None req-474422f4-b1f9-4082-846c-d682a7442044 25511a4ecd4c4e229a3e86ce57a9de12 84dea411d49b44709a20269e4929d0d8 - - default default] 10.0.0.120 "GET /v2.0/vpn/endpoint-groups HTTP/1.1" status: 200 len: 827 time: 0.0163362
2026-05-12 12:43:05.911 10 WARNING neutron_lib.context [None req-ded91a8b-c8a4-46ef-b5a8-e2f453bfdf87 25511a4ecd4c4e229a3e86ce57a9de12 84dea411d49b44709a20269e4929d0d8 - - default default] Method 'is_advsvc' is deprecated since 2023.2 release (neutron-lib 3.8.0) and will be removed once support for the old RBAC API policies will be removed from Neutron. Please use method 'is_service_role' instead.
2026-05-12 12:43:05.916 10 INFO neutron.api.wsgi [None req-c668fc90-2917-4eb6-a4e0-7771cc6f4e4b e1283faf3b1341759e528dda01c7e781 2b052b1a72bf470995c726ffe0e52c8e - - default default] 10.0.0.120 "DELETE /v2.0/qos/policies/da0eedd4-b296-474e-bfdf-15cb8ed89eec HTTP/1.1" status: 204 len: 168 time: 0.0830662
2026-05-12 12:43:05.966 10 INFO neutron.api.wsgi [None req-ded91a8b-c8a4-46ef-b5a8-e2f453bfdf87 25511a4ecd4c4e229a3e86ce57a9de12 84dea411d49b44709a20269e4929d0d8 - - default default] 10.0.0.120 "POST /v2.0/vpn/ikepolicies HTTP/1.1" status: 201 len: 601 time: 0.0587680
2026-05-12 12:43:06.010 10 INFO neutron.api.wsgi [None req-a07e96c5-5732-45ba-b329-b9f4185d39a3 25511a4ecd4c4e229a3e86ce57a9de12 84dea411d49b44709a20269e4929d0d8 - - default default] 10.0.0.120 "PUT /v2.0/vpn/ikepolicies/fa5c80ac-205e-41e7-bc7c-45a48887ead8 HTTP/1.1" status: 200 len: 612 time: 0.0322678
2026-05-12 12:43:06.063 10 INFO neutron.api.wsgi [None req-c7980529-e716-40e0-807b-284ac84d04ec 25511a4ecd4c4e229a3e86ce57a9de12 84dea411d49b44709a20269e4929d0d8 - - default default] 10.0.0.120 "GET /v2.0/vpn/ikepolicies/fa5c80ac-205e-41e7-bc7c-45a48887ead8 HTTP/1.1" status: 200 len: 612 time: 0.0472612
2026-05-12 12:43:06.111 9 INFO neutron.api.wsgi [None req-78d5e10b-3edc-4aa9-88b3-dc2408a97b1b 25511a4ecd4c4e229a3e86ce57a9de12 84dea411d49b44709a20269e4929d0d8 - - default default] 10.0.0.120 "DELETE /v2.0/vpn/ikepolicies/fa5c80ac-205e-41e7-bc7c-45a48887ead8 HTTP/1.1" status: 204 len: 168 time: 0.0411310
2026-05-12 12:43:06.127 10 INFO neutron.api.wsgi [None req-6ef936f0-142b-4d48-bcf1-941d730fd086 25511a4ecd4c4e229a3e86ce57a9de12 84dea411d49b44709a20269e4929d0d8 - - default default] 10.0.0.120 "GET /v2.0/vpn/ikepolicies HTTP/1.1" status: 200 len: 601 time: 0.0104716
2026-05-12 12:43:06.163 9 INFO neutron.api.wsgi [None req-f7566550-dd30-4476-87e2-5b221452d293 25511a4ecd4c4e229a3e86ce57a9de12 84dea411d49b44709a20269e4929d0d8 - - default default] 10.0.0.120 "GET /v2.0/vpn/ikepolicies HTTP/1.1" status: 200 len: 601 time: 0.0252559
2026-05-12 12:43:06.177 9 WARNING neutron_lib.context [None req-bd365fb5-0c9c-4fd0-a971-297aff6b60fe 25511a4ecd4c4e229a3e86ce57a9de12 84dea411d49b44709a20269e4929d0d8 - - default default] Method 'is_advsvc' is deprecated since 2023.2 release (neutron-lib 3.8.0) and will be removed once support for the old RBAC API policies will be removed from Neutron. Please use method 'is_service_role' instead.
2026-05-12 12:43:06.223 9 INFO neutron.api.wsgi [None req-bd365fb5-0c9c-4fd0-a971-297aff6b60fe 25511a4ecd4c4e229a3e86ce57a9de12 84dea411d49b44709a20269e4929d0d8 - - default default] 10.0.0.120 "POST /v2.0/vpn/ipsecpolicies HTTP/1.1" status: 201 len: 610 time: 0.0514989
2026-05-12 12:43:06.261 10 INFO neutron.api.wsgi [None req-b9df2005-619e-462f-97fb-bbc7b847dbcc 25511a4ecd4c4e229a3e86ce57a9de12 84dea411d49b44709a20269e4929d0d8 - - default default] 10.0.0.120 "PUT /v2.0/vpn/ipsecpolicies/85377fb9-787c-4791-95cb-e18c90b959aa HTTP/1.1" status: 200 len: 625 time: 0.0323825
2026-05-12 12:43:06.310 10 INFO neutron.api.wsgi [None req-82904f90-a4d0-4bdf-9ffd-a105e8b7646e 25511a4ecd4c4e229a3e86ce57a9de12 84dea411d49b44709a20269e4929d0d8 - - default default] 10.0.0.120 "DELETE /v2.0/vpn/ipsecpolicies/85377fb9-787c-4791-95cb-e18c90b959aa HTTP/1.1" status: 204 len: 168 time: 0.0414224
2026-05-12 12:43:06.327 10 INFO neutron.api.v2.resource [None req-44f1d912-f3ed-4ca0-b3d0-7327060d51dd 25511a4ecd4c4e229a3e86ce57a9de12 84dea411d49b44709a20269e4929d0d8 - - default default] delete failed (client error): The resource could not be found.
2026-05-12 12:43:06.329 10 INFO neutron.api.wsgi [None req-44f1d912-f3ed-4ca0-b3d0-7327060d51dd 25511a4ecd4c4e229a3e86ce57a9de12 84dea411d49b44709a20269e4929d0d8 - - default default] 10.0.0.120 "DELETE /v2.0/vpn/ipsecpolicies/85377fb9-787c-4791-95cb-e18c90b959aa HTTP/1.1" status: 404 len: 346 time: 0.0108492
2026-05-12 12:43:06.349 9 INFO neutron.api.v2.resource [None req-963f35eb-7a94-4d27-aba7-7f40c8f9c9f7 25511a4ecd4c4e229a3e86ce57a9de12 84dea411d49b44709a20269e4929d0d8 - - default default] delete failed (client error): The resource could not be found.
2026-05-12 12:43:06.351 9 INFO neutron.api.wsgi [None req-963f35eb-7a94-4d27-aba7-7f40c8f9c9f7 25511a4ecd4c4e229a3e86ce57a9de12 84dea411d49b44709a20269e4929d0d8 - - default default] 10.0.0.120 "DELETE /v2.0/vpn/ipsecpolicies/85377fb9-787c-4791-95cb-e18c90b959aa HTTP/1.1" status: 404 len: 346 time: 0.0163739
2026-05-12 12:43:06.364 10 WARNING neutron_lib.context [None req-ed9e7f36-1c6f-427f-bcfb-3929f7538ff8 25511a4ecd4c4e229a3e86ce57a9de12 84dea411d49b44709a20269e4929d0d8 - - default default] Method 'is_advsvc' is deprecated since 2023.2 release (neutron-lib 3.8.0) and will be removed once support for the old RBAC API policies will be removed from Neutron. Please use method 'is_service_role' instead.
2026-05-12 12:43:06.482 10 INFO neutron.db.segments_db [None req-ed9e7f36-1c6f-427f-bcfb-3929f7538ff8 25511a4ecd4c4e229a3e86ce57a9de12 84dea411d49b44709a20269e4929d0d8 - - default default] Added segment 0031a543-45e4-438e-a531-15b5e39e17e2 of type geneve for network e548a4f8-e194-4ca8-a103-35f4946ebe1b
2026-05-12 12:43:06.501 9 INFO neutron.db.ovn_revision_numbers_db [None req-af37f25e-2531-4a79-9bde-eff4de43f00b 4bee436f30e64ebfbe7c2c6c96c4377f fd80059d76cd4e6aacd80e38f327e42e - - default default] Successfully bumped revision number for resource 9f1b9065-70d6-4423-99c9-eb426c87eb8d (type: ports) to 1
2026-05-12 12:43:06.615 9 WARNING neutron.scheduler.dhcp_agent_scheduler [None req-af37f25e-2531-4a79-9bde-eff4de43f00b 4bee436f30e64ebfbe7c2c6c96c4377f fd80059d76cd4e6aacd80e38f327e42e - - default default] No more DHCP agents
2026-05-12 12:43:06.618 9 WARNING neutron.api.rpc.agentnotifiers.dhcp_rpc_agent_api [None req-af37f25e-2531-4a79-9bde-eff4de43f00b 4bee436f30e64ebfbe7c2c6c96c4377f fd80059d76cd4e6aacd80e38f327e42e - - default default] Unable to schedule network 4c2aceed-eb6b-470b-bca2-6299ed7089f2: no agents available; will retry on subsequent port and subnet creation events.
2026-05-12 12:43:06.631 10 INFO neutron.db.ovn_revision_numbers_db [None req-ed9e7f36-1c6f-427f-bcfb-3929f7538ff8 25511a4ecd4c4e229a3e86ce57a9de12 84dea411d49b44709a20269e4929d0d8 - - default default] Successfully bumped revision number for resource e548a4f8-e194-4ca8-a103-35f4946ebe1b (type: networks) to 1
2026-05-12 12:43:06.836 10 WARNING neutron.scheduler.dhcp_agent_scheduler [None req-ed9e7f36-1c6f-427f-bcfb-3929f7538ff8 25511a4ecd4c4e229a3e86ce57a9de12 84dea411d49b44709a20269e4929d0d8 - - default default] No more DHCP agents
2026-05-12 12:43:06.838 10 WARNING neutron.api.rpc.agentnotifiers.dhcp_rpc_agent_api [None req-ed9e7f36-1c6f-427f-bcfb-3929f7538ff8 25511a4ecd4c4e229a3e86ce57a9de12 84dea411d49b44709a20269e4929d0d8 - - default default] Unable to schedule network e548a4f8-e194-4ca8-a103-35f4946ebe1b: no agents available; will retry on subsequent port and subnet creation events.
2026-05-12 12:43:06.842 9 INFO neutron.db.ovn_revision_numbers_db [None req-af37f25e-2531-4a79-9bde-eff4de43f00b 4bee436f30e64ebfbe7c2c6c96c4377f fd80059d76cd4e6aacd80e38f327e42e - - default default] Successfully bumped revision number for resource 9f1b9065-70d6-4423-99c9-eb426c87eb8d (type: router_ports) to 1
2026-05-12 12:43:06.849 9 INFO neutron.api.wsgi [None req-af37f25e-2531-4a79-9bde-eff4de43f00b 4bee436f30e64ebfbe7c2c6c96c4377f fd80059d76cd4e6aacd80e38f327e42e - - default default] 10.0.0.120 "PUT /v2.0/routers/a6c65629-e280-437c-81bd-5072d43bcfd2/add_router_interface HTTP/1.1" status: 200 len: 503 time: 1.7191725
2026-05-12 12:43:06.905 10 INFO neutron.api.wsgi [None req-1791113d-e686-4a92-bb8f-fa9eab5c8021 4bee436f30e64ebfbe7c2c6c96c4377f fd80059d76cd4e6aacd80e38f327e42e - - default default] 10.0.0.120 "GET /v2.0/ports/9f1b9065-70d6-4423-99c9-eb426c87eb8d HTTP/1.1" status: 200 len: 1147 time: 0.0489647
2026-05-12 12:43:06.940 10 INFO neutron.db.ovn_revision_numbers_db [None req-ed9e7f36-1c6f-427f-bcfb-3929f7538ff8 25511a4ecd4c4e229a3e86ce57a9de12 84dea411d49b44709a20269e4929d0d8 - - default default] Successfully bumped revision number for resource e6bd9fa5-8563-4d9a-bed9-0079d0c92d80 (type: ports) to 1
2026-05-12 12:43:06.976 10 INFO neutron.api.wsgi [None req-ed9e7f36-1c6f-427f-bcfb-3929f7538ff8 25511a4ecd4c4e229a3e86ce57a9de12 84dea411d49b44709a20269e4929d0d8 - - default default] 10.0.0.120 "POST /v2.0/networks HTTP/1.1" status: 201 len: 831 time: 0.6179030
2026-05-12 12:43:06.986 10 WARNING neutron_lib.context [None req-423b88f4-949f-482f-81b5-f517410be854 25511a4ecd4c4e229a3e86ce57a9de12 84dea411d49b44709a20269e4929d0d8 - - default default] Method 'is_advsvc' is deprecated since 2023.2 release (neutron-lib 3.8.0) and will be removed once support for the old RBAC API policies will be removed from Neutron. Please use method 'is_service_role' instead.
2026-05-12 12:43:06.996 9 INFO neutron.api.wsgi [None req-0223eaf8-2db2-4a4e-b010-0519ee8c05cf 4bee436f30e64ebfbe7c2c6c96c4377f fd80059d76cd4e6aacd80e38f327e42e - - default default] 10.0.0.120 "GET /v2.0/ports/9f1b9065-70d6-4423-99c9-eb426c87eb8d HTTP/1.1" status: 200 len: 1147 time: 0.0831373
2026-05-12 12:43:07.262 10 WARNING neutron.scheduler.dhcp_agent_scheduler [None req-423b88f4-949f-482f-81b5-f517410be854 25511a4ecd4c4e229a3e86ce57a9de12 84dea411d49b44709a20269e4929d0d8 - - default default] No more DHCP agents
2026-05-12 12:43:07.264 10 WARNING neutron.api.rpc.agentnotifiers.dhcp_rpc_agent_api [None req-423b88f4-949f-482f-81b5-f517410be854 25511a4ecd4c4e229a3e86ce57a9de12 84dea411d49b44709a20269e4929d0d8 - - default default] Unable to schedule network e548a4f8-e194-4ca8-a103-35f4946ebe1b: no agents available; will retry on subsequent port and subnet creation events.
2026-05-12 12:43:07.289 10 INFO neutron.db.ovn_revision_numbers_db [None req-7ddf5950-5470-4cac-a2b7-f3337173f3f0 81032ca9546749779c89b5807960a1a5 32e17c06cc9449c7b6c3253151b5a7ce - - default default] Successfully bumped revision number for resource beb94866-4864-453a-8da8-24ed0d6b2a4c (type: security_groups) to 1
2026-05-12 12:43:07.325 10 INFO neutron.db.ovn_revision_numbers_db [None req-7ddf5950-5470-4cac-a2b7-f3337173f3f0 81032ca9546749779c89b5807960a1a5 32e17c06cc9449c7b6c3253151b5a7ce - - default default] Successfully bumped revision number for resource 11b3c9c3-7356-4c39-ac88-30bff6c1b297 (type: security_group_rules) to 0
2026-05-12 12:43:07.360 10 WARNING neutron_lib.context [None req-890191eb-42ec-4bcd-9929-36a20d0beff3 711fdf187a074e02b4f27188955bfb34 bb1e2fb3cabe4c719ae4163d567c5531 - - default default] Method 'is_advsvc' is deprecated since 2023.2 release (neutron-lib 3.8.0) and will be removed once support for the old RBAC API policies will be removed from Neutron. Please use method 'is_service_role' instead.
2026-05-12 12:43:07.363 10 INFO neutron.db.ovn_revision_numbers_db [None req-7ddf5950-5470-4cac-a2b7-f3337173f3f0 81032ca9546749779c89b5807960a1a5 32e17c06cc9449c7b6c3253151b5a7ce - - default default] Successfully bumped revision number for resource 3fb974a4-7ba4-4573-9c2a-1a07842a90fa (type: security_group_rules) to 0
2026-05-12 12:43:07.413 10 INFO neutron.db.ovn_revision_numbers_db [None req-7ddf5950-5470-4cac-a2b7-f3337173f3f0 81032ca9546749779c89b5807960a1a5 32e17c06cc9449c7b6c3253151b5a7ce - - default default] Successfully bumped revision number for resource 6d2cdf5a-9d26-40a6-a3e8-2895e28c804b (type: security_group_rules) to 0
2026-05-12 12:43:07.442 10 INFO neutron.db.ovn_revision_numbers_db [None req-7ddf5950-5470-4cac-a2b7-f3337173f3f0 81032ca9546749779c89b5807960a1a5 32e17c06cc9449c7b6c3253151b5a7ce - - default default] Successfully bumped revision number for resource 7ed4e7a9-883e-4882-844f-6de80f79e347 (type: security_group_rules) to 0
2026-05-12 12:43:07.510 10 INFO neutron.api.wsgi [None req-7ddf5950-5470-4cac-a2b7-f3337173f3f0 81032ca9546749779c89b5807960a1a5 32e17c06cc9449c7b6c3253151b5a7ce - - default default] 10.0.0.120 "GET /v2.0/security-groups?tenant_id=05c5774c395b4efaa777d2ea6a9a8a09&name=default HTTP/1.1" status: 200 len: 3120 time: 0.5539169
2026-05-12 12:43:07.585 10 INFO neutron.db.ovn_revision_numbers_db [None req-890191eb-42ec-4bcd-9929-36a20d0beff3 711fdf187a074e02b4f27188955bfb34 bb1e2fb3cabe4c719ae4163d567c5531 - - default default] Successfully bumped revision number for resource 05321d05-fb36-4a6c-8e15-9c3202615067 (type: security_groups) to 1
2026-05-12 12:43:07.603 10 INFO neutron.db.ovn_revision_numbers_db [None req-890191eb-42ec-4bcd-9929-36a20d0beff3 711fdf187a074e02b4f27188955bfb34 bb1e2fb3cabe4c719ae4163d567c5531 - - default default] Successfully bumped revision number for resource 6b81faea-aed9-4a13-9679-7616f77a2285 (type: security_group_rules) to 0
2026-05-12 12:43:07.621 10 INFO neutron.db.ovn_revision_numbers_db [None req-890191eb-42ec-4bcd-9929-36a20d0beff3 711fdf187a074e02b4f27188955bfb34 bb1e2fb3cabe4c719ae4163d567c5531 - - default default] Successfully bumped revision number for resource ad108c0f-8961-4ddd-a695-859d1c8250e9 (type: security_group_rules) to 0
2026-05-12 12:43:07.637 10 INFO neutron.db.ovn_revision_numbers_db [None req-890191eb-42ec-4bcd-9929-36a20d0beff3 711fdf187a074e02b4f27188955bfb34 bb1e2fb3cabe4c719ae4163d567c5531 - - default default] Successfully bumped revision number for resource cf181614-c662-4db4-a45e-06543d53b2c8 (type: security_group_rules) to 0
2026-05-12 12:43:07.657 10 INFO neutron.db.ovn_revision_numbers_db [None req-890191eb-42ec-4bcd-9929-36a20d0beff3 711fdf187a074e02b4f27188955bfb34 bb1e2fb3cabe4c719ae4163d567c5531 - - default default] Successfully bumped revision number for resource e7a2401a-98d5-40de-8d7e-18a85e18927c (type: security_group_rules) to 0
2026-05-12 12:43:07.741 10 INFO neutron.db.segments_db [None req-890191eb-42ec-4bcd-9929-36a20d0beff3 711fdf187a074e02b4f27188955bfb34 bb1e2fb3cabe4c719ae4163d567c5531 - - default default] Added segment 05435931-fd75-40ba-be05-6546d4eea615 of type geneve for network 5cc6f25b-1808-4ba4-9c51-b897acd688af
2026-05-12 12:43:07.753 9 INFO neutron.api.wsgi [None req-7a982af5-a3a1-443d-8dc0-6dfd59f83206 81032ca9546749779c89b5807960a1a5 32e17c06cc9449c7b6c3253151b5a7ce - - default default] 10.0.0.120 "DELETE /v2.0/security-groups/beb94866-4864-453a-8da8-24ed0d6b2a4c HTTP/1.1" status: 204 len: 168 time: 0.2382367
2026-05-12 12:43:07.900 10 INFO neutron.db.ovn_revision_numbers_db [None req-890191eb-42ec-4bcd-9929-36a20d0beff3 711fdf187a074e02b4f27188955bfb34 bb1e2fb3cabe4c719ae4163d567c5531 - - default default] Successfully bumped revision number for resource 5cc6f25b-1808-4ba4-9c51-b897acd688af (type: networks) to 1
2026-05-12 12:43:07.946 10 INFO neutron.db.ovn_revision_numbers_db [None req-3382f544-8bf8-46b1-805c-c9a2b101c758 - - - - - -] Successfully bumped revision number for resource e6bd9fa5-8563-4d9a-bed9-0079d0c92d80 (type: ports) to 2
2026-05-12 12:43:07.989 10 INFO neutron.db.ovn_revision_numbers_db [None req-3382f544-8bf8-46b1-805c-c9a2b101c758 - - - - - -] Successfully bumped revision number for resource 6526631b-86b6-410d-884a-5483c1ca89d4 (type: subnets) to 0
2026-05-12 12:43:08.014 9 INFO neutron.db.ovn_revision_numbers_db [None req-57a2dfae-ca0e-40dd-a19a-33cadbefc02e 81032ca9546749779c89b5807960a1a5 32e17c06cc9449c7b6c3253151b5a7ce - - default default] Successfully bumped revision number for resource fda03b7d-530e-47ce-8133-2f5a917437da (type: security_groups) to 1
2026-05-12 12:43:08.014 10 INFO neutron.api.wsgi [None req-423b88f4-949f-482f-81b5-f517410be854 25511a4ecd4c4e229a3e86ce57a9de12 84dea411d49b44709a20269e4929d0d8 - - default default] 10.0.0.120 "POST /v2.0/subnets HTTP/1.1" status: 201 len: 828 time: 1.0334628
2026-05-12 12:43:08.026 9 WARNING neutron_lib.context [None req-5c409aa2-e58c-4d87-9eca-00d5e9da26e4 25511a4ecd4c4e229a3e86ce57a9de12 84dea411d49b44709a20269e4929d0d8 - - default default] Method 'is_advsvc' is deprecated since 2023.2 release (neutron-lib 3.8.0) and will be removed once support for the old RBAC API policies will be removed from Neutron. Please use method 'is_service_role' instead.
2026-05-12 12:43:08.040 9 INFO neutron.db.ovn_revision_numbers_db [None req-57a2dfae-ca0e-40dd-a19a-33cadbefc02e 81032ca9546749779c89b5807960a1a5 32e17c06cc9449c7b6c3253151b5a7ce - - default default] Successfully bumped revision number for resource 188c483e-1859-4ae4-b200-2e466a9d2313 (type: security_group_rules) to 0
2026-05-12 12:43:08.062 9 INFO neutron.db.ovn_revision_numbers_db [None req-57a2dfae-ca0e-40dd-a19a-33cadbefc02e 81032ca9546749779c89b5807960a1a5 32e17c06cc9449c7b6c3253151b5a7ce - - default default] Successfully bumped revision number for resource 62e6741f-6e56-487b-9be1-0fbb0e782671 (type: security_group_rules) to 0
2026-05-12 12:43:08.088 10 INFO neutron.api.wsgi [None req-eeea1e07-a208-437a-aa0b-2ec411b2c812 4bee436f30e64ebfbe7c2c6c96c4377f fd80059d76cd4e6aacd80e38f327e42e - - default default] 10.0.0.120 "GET /v2.0/ports/9f1b9065-70d6-4423-99c9-eb426c87eb8d HTTP/1.1" status: 200 len: 1147 time: 0.0848253
2026-05-12 12:43:08.117 9 INFO neutron.db.ovn_revision_numbers_db [None req-57a2dfae-ca0e-40dd-a19a-33cadbefc02e 81032ca9546749779c89b5807960a1a5 32e17c06cc9449c7b6c3253151b5a7ce - - default default] Successfully bumped revision number for resource 85420dc4-33e5-4056-8c75-0ac93cc7b807 (type: security_group_rules) to 0
2026-05-12 12:43:08.124 10 WARNING neutron.scheduler.dhcp_agent_scheduler [None req-890191eb-42ec-4bcd-9929-36a20d0beff3 711fdf187a074e02b4f27188955bfb34 bb1e2fb3cabe4c719ae4163d567c5531 - - default default] No more DHCP agents
2026-05-12 12:43:08.126 10 WARNING neutron.api.rpc.agentnotifiers.dhcp_rpc_agent_api [None req-890191eb-42ec-4bcd-9929-36a20d0beff3 711fdf187a074e02b4f27188955bfb34 bb1e2fb3cabe4c719ae4163d567c5531 - - default default] Unable to schedule network 5cc6f25b-1808-4ba4-9c51-b897acd688af: no agents available; will retry on subsequent port and subnet creation events.
2026-05-12 12:43:08.151 9 INFO neutron.db.ovn_revision_numbers_db [None req-57a2dfae-ca0e-40dd-a19a-33cadbefc02e 81032ca9546749779c89b5807960a1a5 32e17c06cc9449c7b6c3253151b5a7ce - - default default] Successfully bumped revision number for resource d46f8f9e-227c-43a7-a8aa-e87fe3904891 (type: security_group_rules) to 0
2026-05-12 12:43:08.211 10 INFO neutron.db.ovn_revision_numbers_db [None req-890191eb-42ec-4bcd-9929-36a20d0beff3 711fdf187a074e02b4f27188955bfb34 bb1e2fb3cabe4c719ae4163d567c5531 - - default default] Successfully bumped revision number for resource a513d1d3-87a4-4a2a-87d2-e0a9bcfae716 (type: ports) to 1
2026-05-12 12:43:08.217 9 INFO neutron.api.wsgi [None req-57a2dfae-ca0e-40dd-a19a-33cadbefc02e 81032ca9546749779c89b5807960a1a5 32e17c06cc9449c7b6c3253151b5a7ce - - default default] 10.0.0.120 "GET /v2.0/security-groups?tenant_id=2b052b1a72bf470995c726ffe0e52c8e&name=default HTTP/1.1" status: 200 len: 3120 time: 0.3286397
2026-05-12 12:43:08.236 10 INFO neutron.api.wsgi [None req-890191eb-42ec-4bcd-9929-36a20d0beff3 711fdf187a074e02b4f27188955bfb34 bb1e2fb3cabe4c719ae4163d567c5531 - - default default] 10.0.0.120 "POST /v2.0/networks HTTP/1.1" status: 201 len: 830 time: 0.9168785
2026-05-12 12:43:08.255 10 WARNING neutron_lib.context [None req-1d71741d-7335-424b-a695-7d83f5e93e00 711fdf187a074e02b4f27188955bfb34 bb1e2fb3cabe4c719ae4163d567c5531 - - default default] Method 'is_advsvc' is deprecated since 2023.2 release (neutron-lib 3.8.0) and will be removed once support for the old RBAC API policies will be removed from Neutron. Please use method 'is_service_role' instead.
2026-05-12 12:43:08.508 9 WARNING neutron.scheduler.dhcp_agent_scheduler [None req-5c409aa2-e58c-4d87-9eca-00d5e9da26e4 25511a4ecd4c4e229a3e86ce57a9de12 84dea411d49b44709a20269e4929d0d8 - - default default] No more DHCP agents
2026-05-12 12:43:08.510 9 WARNING neutron.api.rpc.agentnotifiers.dhcp_rpc_agent_api [None req-5c409aa2-e58c-4d87-9eca-00d5e9da26e4 25511a4ecd4c4e229a3e86ce57a9de12 84dea411d49b44709a20269e4929d0d8 - - default default] Unable to schedule network 21c26207-72a1-4f08-9de0-efc892f7f37c: no agents available; will retry on subsequent port and subnet creation events.
2026-05-12 12:43:08.535 10 INFO neutron.api.wsgi [None req-1dd47d85-d888-451e-b1d3-e0a7550c773c 81032ca9546749779c89b5807960a1a5 32e17c06cc9449c7b6c3253151b5a7ce - - default default] 10.0.0.120 "DELETE /v2.0/security-groups/fda03b7d-530e-47ce-8133-2f5a917437da HTTP/1.1" status: 204 len: 168 time: 0.3138170
2026-05-12 12:43:08.574 10 WARNING neutron.scheduler.dhcp_agent_scheduler [None req-1d71741d-7335-424b-a695-7d83f5e93e00 711fdf187a074e02b4f27188955bfb34 bb1e2fb3cabe4c719ae4163d567c5531 - - default default] No more DHCP agents
2026-05-12 12:43:08.575 10 WARNING neutron.api.rpc.agentnotifiers.dhcp_rpc_agent_api [None req-1d71741d-7335-424b-a695-7d83f5e93e00 711fdf187a074e02b4f27188955bfb34 bb1e2fb3cabe4c719ae4163d567c5531 - - default default] Unable to schedule network 5cc6f25b-1808-4ba4-9c51-b897acd688af: no agents available; will retry on subsequent port and subnet creation events.
2026-05-12 12:43:08.642 10 INFO neutron.db.ovn_revision_numbers_db [None req-1d71741d-7335-424b-a695-7d83f5e93e00 711fdf187a074e02b4f27188955bfb34 bb1e2fb3cabe4c719ae4163d567c5531 - - default default] Successfully bumped revision number for resource dfc60ef0-f0cb-4aa5-8f7f-1d0a4b73c64c (type: ports) to 1
2026-05-12 12:43:08.656 9 INFO neutron.db.ovn_revision_numbers_db [None req-5c409aa2-e58c-4d87-9eca-00d5e9da26e4 25511a4ecd4c4e229a3e86ce57a9de12 84dea411d49b44709a20269e4929d0d8 - - default default] Successfully bumped revision number for resource f036e51b-5556-4bc6-a96c-542ed49c2dfd (type: ports) to 1
2026-05-12 12:43:08.670 10 INFO neutron.api.wsgi [None req-1d71741d-7335-424b-a695-7d83f5e93e00 711fdf187a074e02b4f27188955bfb34 bb1e2fb3cabe4c719ae4163d567c5531 - - default default] 10.0.0.120 "POST /v2.0/ports HTTP/1.1" status: 201 len: 942 time: 0.4221535 /var/lib/openstack/lib/python3.12/site-packages/pycadf/identifier.py:71: UserWarning: Invalid uuid: neutron. To ensure interoperability, identifiers should be a valid uuid. warnings.warn(('Invalid uuid: %s. To ensure interoperability, '
2026-05-12 12:43:08.682 10 WARNING neutron_lib.context [None req-d8bdec0d-3ebd-49fe-9362-86d2a04d76f0 711fdf187a074e02b4f27188955bfb34 bb1e2fb3cabe4c719ae4163d567c5531 - - default default] Method 'is_advsvc' is deprecated since 2023.2 release (neutron-lib 3.8.0) and will be removed once support for the old RBAC API policies will be removed from Neutron. Please use method 'is_service_role' instead.
2026-05-12 12:43:08.911 9 INFO neutron.db.ovn_revision_numbers_db [None req-9b68be09-4390-4af6-9be3-6fb279469c6c 81032ca9546749779c89b5807960a1a5 32e17c06cc9449c7b6c3253151b5a7ce - - default default] Successfully bumped revision number for resource 7203c095-68f4-488e-93d3-dee129246ac1 (type: security_groups) to 1
2026-05-12 12:43:08.921 10 INFO neutron.api.wsgi [None req-d8bdec0d-3ebd-49fe-9362-86d2a04d76f0 711fdf187a074e02b4f27188955bfb34 bb1e2fb3cabe4c719ae4163d567c5531 - - default default] 10.0.0.120 "POST /v2.0/trunks HTTP/1.1" status: 201 len: 608 time: 0.2445607
2026-05-12 12:43:08.944 9 INFO neutron.db.ovn_revision_numbers_db [None req-9b68be09-4390-4af6-9be3-6fb279469c6c 81032ca9546749779c89b5807960a1a5 32e17c06cc9449c7b6c3253151b5a7ce - - default default] Successfully bumped revision number for resource 4d3c2dbf-282a-47f4-8901-3aff44dabffa (type: security_group_rules) to 0
2026-05-12 12:43:08.960 9 INFO neutron.db.ovn_revision_numbers_db [None req-9b68be09-4390-4af6-9be3-6fb279469c6c 81032ca9546749779c89b5807960a1a5 32e17c06cc9449c7b6c3253151b5a7ce - - default default] Successfully bumped revision number for resource 557a8332-7634-49af-9aad-9f378e77c12d (type: security_group_rules) to 0
2026-05-12 12:43:08.960 10 INFO neutron.api.wsgi [None req-3142f66e-c441-490f-91ad-7d37d38f131e 711fdf187a074e02b4f27188955bfb34 bb1e2fb3cabe4c719ae4163d567c5531 - - default default] 10.0.0.120 "PUT /v2.0/trunks/deb7ffcd-5c92-4fa2-8bba-e82de8013a1a/tags HTTP/1.1" status: 200 len: 218 time: 0.0339668
2026-05-12 12:43:08.976 9 INFO neutron.db.ovn_revision_numbers_db [None req-9b68be09-4390-4af6-9be3-6fb279469c6c 81032ca9546749779c89b5807960a1a5 32e17c06cc9449c7b6c3253151b5a7ce - - default default] Successfully bumped revision number for resource 6278f610-f19a-4a24-abc5-52e846c6a878 (type: security_group_rules) to 0
2026-05-12 12:43:08.985 10 INFO neutron.api.wsgi [None req-4f0b2e5a-870d-431e-89b4-31d77b98f412 711fdf187a074e02b4f27188955bfb34 bb1e2fb3cabe4c719ae4163d567c5531 - - default default] 10.0.0.120 "GET /v2.0/trunks/deb7ffcd-5c92-4fa2-8bba-e82de8013a1a/tags HTTP/1.1" status: 200 len: 218 time: 0.0203288
2026-05-12 12:43:09.000 9 INFO neutron.db.ovn_revision_numbers_db [None req-9b68be09-4390-4af6-9be3-6fb279469c6c 81032ca9546749779c89b5807960a1a5 32e17c06cc9449c7b6c3253151b5a7ce - - default default] Successfully bumped revision number for resource 717e4b27-bd7b-48a6-ba10-2e554bfe149b (type: security_group_rules) to 0
2026-05-12 12:43:09.033 10 INFO neutron.api.wsgi [None req-ca465f24-6c1d-408a-a24e-fd90d1925f94 711fdf187a074e02b4f27188955bfb34 bb1e2fb3cabe4c719ae4163d567c5531 - - default default] 10.0.0.120 "PUT /v2.0/trunks/deb7ffcd-5c92-4fa2-8bba-e82de8013a1a/tags/green HTTP/1.1" status: 201 len: 201 time: 0.0428107
2026-05-12 12:43:09.054 10 INFO neutron.api.wsgi [None req-fd898b25-a597-42d0-84bf-b663ec3dbfae 711fdf187a074e02b4f27188955bfb34 bb1e2fb3cabe4c719ae4163d567c5531 - - default default] 10.0.0.120 "GET /v2.0/trunks/deb7ffcd-5c92-4fa2-8bba-e82de8013a1a/tags HTTP/1.1" status: 200 len: 227 time: 0.0169003
2026-05-12 12:43:09.057 9 INFO neutron.api.wsgi [None req-9b68be09-4390-4af6-9be3-6fb279469c6c 81032ca9546749779c89b5807960a1a5 32e17c06cc9449c7b6c3253151b5a7ce - - default default] 10.0.0.120 "GET /v2.0/security-groups?tenant_id=74d872521a524350b01b01ae97c0271e&name=default HTTP/1.1" status: 200 len: 3120 time: 0.3049777
2026-05-12 12:43:09.074 10 INFO neutron.api.wsgi [None req-4fbbe684-c5e5-4ee4-aa03-bd5f7d794212 711fdf187a074e02b4f27188955bfb34 bb1e2fb3cabe4c719ae4163d567c5531 - - default default] 10.0.0.120 "PUT /v2.0/trunks/deb7ffcd-5c92-4fa2-8bba-e82de8013a1a/tags/red HTTP/1.1" status: 201 len: 201 time: 0.0157137
2026-05-12 12:43:09.103 10 INFO neutron.api.wsgi [None req-b05b28f6-2d51-4f66-93dc-01bb32d59494 711fdf187a074e02b4f27188955bfb34 bb1e2fb3cabe4c719ae4163d567c5531 - - default default] 10.0.0.120 "GET /v2.0/trunks/deb7ffcd-5c92-4fa2-8bba-e82de8013a1a/tags HTTP/1.1" status: 200 len: 227 time: 0.0238683
2026-05-12 12:43:09.139 10 INFO neutron.api.wsgi [None req-66a4b57c-ca41-4029-bee1-f53c64f925da 4bee436f30e64ebfbe7c2c6c96c4377f fd80059d76cd4e6aacd80e38f327e42e - - default default] 10.0.0.120 "GET /v2.0/ports/9f1b9065-70d6-4423-99c9-eb426c87eb8d HTTP/1.1" status: 200 len: 1147 time: 0.0446272
2026-05-12 12:43:09.165 10 INFO neutron.api.wsgi [None req-ea021978-293a-447c-af99-98bcab61c87b 711fdf187a074e02b4f27188955bfb34 bb1e2fb3cabe4c719ae4163d567c5531 - - default default] 10.0.0.120 "PUT /v2.0/trunks/deb7ffcd-5c92-4fa2-8bba-e82de8013a1a/tags/black.or.white HTTP/1.1" status: 201 len: 201 time: 0.0550029
2026-05-12 12:43:09.192 10 INFO neutron.api.wsgi [None req-caec3af2-aab0-4a05-8229-09d27d659001 711fdf187a074e02b4f27188955bfb34 bb1e2fb3cabe4c719ae4163d567c5531 - - default default] 10.0.0.120 "GET /v2.0/trunks/deb7ffcd-5c92-4fa2-8bba-e82de8013a1a/tags HTTP/1.1" status: 200 len: 245 time: 0.0170207
2026-05-12 12:43:09.242 10 INFO neutron.api.wsgi [None req-1d44e4c8-3a74-4a94-8f82-052c69004bef 711fdf187a074e02b4f27188955bfb34 bb1e2fb3cabe4c719ae4163d567c5531 - - default default] 10.0.0.120 "PUT /v2.0/trunks/deb7ffcd-5c92-4fa2-8bba-e82de8013a1a/tags HTTP/1.1" status: 200 len: 230 time: 0.0438516
2026-05-12 12:43:09.270 10 INFO neutron.api.wsgi [None req-f13d048f-789a-43fa-b5b9-4d597b2133eb 711fdf187a074e02b4f27188955bfb34 bb1e2fb3cabe4c719ae4163d567c5531 - - default default] 10.0.0.120 "GET /v2.0/trunks/deb7ffcd-5c92-4fa2-8bba-e82de8013a1a/tags HTTP/1.1" status: 200 len: 230 time: 0.0200503
2026-05-12 12:43:09.293 10 INFO neutron.api.wsgi [None req-864396e1-a8d1-4d06-b869-32e99e82b62c 711fdf187a074e02b4f27188955bfb34 bb1e2fb3cabe4c719ae4163d567c5531 - - default default] 10.0.0.120 "GET /v2.0/trunks/deb7ffcd-5c92-4fa2-8bba-e82de8013a1a/tags/red HTTP/1.1" status: 204 len: 168 time: 0.0175800
2026-05-12 12:43:09.315 10 INFO neutron.api.v2.resource [None req-b6bb3901-3392-4afb-921d-7d0e00444e84 711fdf187a074e02b4f27188955bfb34 bb1e2fb3cabe4c719ae4163d567c5531 - - default default] show failed (client error): The resource could not be found.
2026-05-12 12:43:09.316 10 INFO neutron.api.wsgi [None req-b6bb3901-3392-4afb-921d-7d0e00444e84 711fdf187a074e02b4f27188955bfb34 bb1e2fb3cabe4c719ae4163d567c5531 - - default default] 10.0.0.120 "GET /v2.0/trunks/deb7ffcd-5c92-4fa2-8bba-e82de8013a1a/tags/green HTTP/1.1" status: 404 len: 299 time: 0.0176237
2026-05-12 12:43:09.343 9 WARNING neutron.plugins.ml2.drivers.ovn.mech_driver.ovsdb.ovn_client [None req-6d8525a0-772a-4312-8668-efd96e5b1da4 - - - - - -] No hosting information found for port 804da82a-9431-4e65-ba51-d9fea1a02744: RuntimeError: No hosting information found for port 804da82a-9431-4e65-ba51-d9fea1a02744
2026-05-12 12:43:09.357 10 INFO neutron.api.wsgi [None req-c7008120-467e-4f62-a1c8-e3904073380a 711fdf187a074e02b4f27188955bfb34 bb1e2fb3cabe4c719ae4163d567c5531 - - default default] 10.0.0.120 "DELETE /v2.0/trunks/deb7ffcd-5c92-4fa2-8bba-e82de8013a1a/tags/red HTTP/1.1" status: 204 len: 168 time: 0.0341172
2026-05-12 12:43:09.378 10 INFO neutron.api.wsgi [None req-9f4c85d8-49ff-40f9-bf23-b330ed9a64d2 711fdf187a074e02b4f27188955bfb34 bb1e2fb3cabe4c719ae4163d567c5531 - - default default] 10.0.0.120 "GET /v2.0/trunks/deb7ffcd-5c92-4fa2-8bba-e82de8013a1a/tags HTTP/1.1" status: 200 len: 223 time: 0.0161994
2026-05-12 12:43:09.431 9 INFO neutron.api.v2.resource [None req-8e8d07a4-24f8-4d36-ae4e-6fc972b143b8 711fdf187a074e02b4f27188955bfb34 bb1e2fb3cabe4c719ae4163d567c5531 - - default default] delete failed (client error): The resource could not be found.
2026-05-12 12:43:09.433 9 INFO neutron.api.wsgi [None req-8e8d07a4-24f8-4d36-ae4e-6fc972b143b8 711fdf187a074e02b4f27188955bfb34 bb1e2fb3cabe4c719ae4163d567c5531 - - default default] 10.0.0.120 "DELETE /v2.0/trunks/deb7ffcd-5c92-4fa2-8bba-e82de8013a1a/tags/green HTTP/1.1" status: 404 len: 299 time: 0.0478799
2026-05-12 12:43:09.445 9 INFO neutron.plugins.ml2.drivers.ovn.mech_driver.ovsdb.commands [None req-7841b856-49df-4fdd-92a5-c1a6bdb24a61 - - - - - -] Schedule LRP lrp-f036e51b-5556-4bc6-a96c-542ed49c2dfd on gateway aa54491d-9319-4127-9ea3-129af324942d with priority 1
2026-05-12 12:43:09.458 9 INFO neutron.api.wsgi [None req-aba539ac-849d-402c-9eaf-d00fbe88e3c4 81032ca9546749779c89b5807960a1a5 32e17c06cc9449c7b6c3253151b5a7ce - - default default] 10.0.0.120 "DELETE /v2.0/security-groups/7203c095-68f4-488e-93d3-dee129246ac1 HTTP/1.1" status: 204 len: 168 time: 0.3969953
2026-05-12 12:43:09.489 10 INFO neutron.api.wsgi [None req-bfa13288-56bb-4468-8e49-435dea637797 711fdf187a074e02b4f27188955bfb34 bb1e2fb3cabe4c719ae4163d567c5531 - - default default] 10.0.0.120 "DELETE /v2.0/trunks/deb7ffcd-5c92-4fa2-8bba-e82de8013a1a/tags HTTP/1.1" status: 204 len: 168 time: 0.0508807
2026-05-12 12:43:09.499 9 INFO neutron.db.ovn_revision_numbers_db [None req-6d8525a0-772a-4312-8668-efd96e5b1da4 - - - - - -] Successfully bumped revision number for resource 804da82a-9431-4e65-ba51-d9fea1a02744 (type: router_ports) to 2
2026-05-12 12:43:09.500 9 INFO neutron.plugins.ml2.drivers.ovn.mech_driver.mech_driver [None req-6d8525a0-772a-4312-8668-efd96e5b1da4 - - - - - -] OVN reports status up for port: 9f1b9065-70d6-4423-99c9-eb426c87eb8d
2026-05-12 12:43:09.507 9 INFO neutron.plugins.ml2.plugin [None req-6d8525a0-772a-4312-8668-efd96e5b1da4 - - - - - -] Attempt 1 to provision port 9f1b9065-70d6-4423-99c9-eb426c87eb8d
2026-05-12 12:43:09.512 10 INFO neutron.api.wsgi [None req-d03703f7-49e0-4d64-93b3-c475a2b19d73 711fdf187a074e02b4f27188955bfb34 bb1e2fb3cabe4c719ae4163d567c5531 - - default default] 10.0.0.120 "GET /v2.0/trunks/deb7ffcd-5c92-4fa2-8bba-e82de8013a1a/tags HTTP/1.1" status: 200 len: 205 time: 0.0165565
2026-05-12 12:43:09.520 9 INFO neutron.db.ovn_revision_numbers_db [None req-5c409aa2-e58c-4d87-9eca-00d5e9da26e4 25511a4ecd4c4e229a3e86ce57a9de12 84dea411d49b44709a20269e4929d0d8 - - default default] Successfully bumped revision number for resource f036e51b-5556-4bc6-a96c-542ed49c2dfd (type: router_ports) to 1
2026-05-12 12:43:09.547 10 INFO neutron.api.wsgi [None req-ce90862d-4bdf-4ec0-bf0f-3cc2afbab67d 711fdf187a074e02b4f27188955bfb34 bb1e2fb3cabe4c719ae4163d567c5531 - - default default] 10.0.0.120 "GET /v2.0/trunks/deb7ffcd-5c92-4fa2-8bba-e82de8013a1a HTTP/1.1" status: 200 len: 603 time: 0.0159419
2026-05-12 12:43:09.613 9 INFO neutron.db.ovn_revision_numbers_db [None req-5c409aa2-e58c-4d87-9eca-00d5e9da26e4 25511a4ecd4c4e229a3e86ce57a9de12 84dea411d49b44709a20269e4929d0d8 - - default default] Successfully bumped revision number for resource 383c0e80-c3d7-4c45-82d3-37d5349058e9 (type: routers) to 2
2026-05-12 12:43:09.633 9 INFO neutron.api.wsgi [None req-5c409aa2-e58c-4d87-9eca-00d5e9da26e4 25511a4ecd4c4e229a3e86ce57a9de12 84dea411d49b44709a20269e4929d0d8 - - default default] 10.0.0.120 "POST /v2.0/routers HTTP/1.1" status: 201 len: 1136 time: 1.6122329
2026-05-12 12:43:09.649 10 INFO neutron.api.wsgi [None req-cdf73649-9336-485a-9e51-0e6a90d6a9a4 711fdf187a074e02b4f27188955bfb34 bb1e2fb3cabe4c719ae4163d567c5531 - - default default] 10.0.0.120 "GET /v2.0/ports/dfc60ef0-f0cb-4aa5-8f7f-1d0a4b73c64c HTTP/1.1" status: 200 len: 1020 time: 0.0956430
2026-05-12 12:43:09.751 10 INFO neutron.api.wsgi [None req-96663d0e-0085-4c6c-a32f-d0e94e3016b5 711fdf187a074e02b4f27188955bfb34 bb1e2fb3cabe4c719ae4163d567c5531 - - default default] 10.0.0.120 "DELETE /v2.0/trunks/deb7ffcd-5c92-4fa2-8bba-e82de8013a1a HTTP/1.1" status: 204 len: 168 time: 0.0970020
2026-05-12 12:43:10.005 10 INFO neutron.api.wsgi [None req-68455b1d-1a65-4b64-8e52-4229aa4d2df6 711fdf187a074e02b4f27188955bfb34 bb1e2fb3cabe4c719ae4163d567c5531 - - default default] 10.0.0.120 "DELETE /v2.0/ports/dfc60ef0-f0cb-4aa5-8f7f-1d0a4b73c64c HTTP/1.1" status: 204 len: 168 time: 0.2487195
2026-05-12 12:43:10.139 9 INFO neutron.db.ovn_revision_numbers_db [None req-6d8525a0-772a-4312-8668-efd96e5b1da4 - - - - - -] Successfully bumped revision number for resource 9f1b9065-70d6-4423-99c9-eb426c87eb8d (type: ports) to 2
2026-05-12 12:43:10.180 10 INFO neutron.api.wsgi [None req-67606a30-7c8c-477e-b5af-66e1e58e5d65 4bee436f30e64ebfbe7c2c6c96c4377f fd80059d76cd4e6aacd80e38f327e42e - - default default] 10.0.0.120 "GET /v2.0/ports/9f1b9065-70d6-4423-99c9-eb426c87eb8d HTTP/1.1" status: 200 len: 1149 time: 0.0348339
2026-05-12 12:43:10.412 9 WARNING neutron.scheduler.dhcp_agent_scheduler [None req-0ffaf040-34e3-4b22-8a71-987e783f218e 25511a4ecd4c4e229a3e86ce57a9de12 84dea411d49b44709a20269e4929d0d8 - - default default] No more DHCP agents
2026-05-12 12:43:10.414 9 WARNING neutron.api.rpc.agentnotifiers.dhcp_rpc_agent_api [None req-0ffaf040-34e3-4b22-8a71-987e783f218e 25511a4ecd4c4e229a3e86ce57a9de12 84dea411d49b44709a20269e4929d0d8 - - default default] Unable to schedule network e548a4f8-e194-4ca8-a103-35f4946ebe1b: no agents available; will retry on subsequent port and subnet creation events.
2026-05-12 12:43:10.437 10 INFO neutron.services.segments.plugin [-] Segment 05435931-fd75-40ba-be05-6546d4eea615 resource provider aggregate not found
2026-05-12 12:43:10.447 10 INFO neutron.services.segments.plugin [-] Segment 05435931-fd75-40ba-be05-6546d4eea615 resource provider aggregate not found
2026-05-12 12:43:10.456 10 INFO neutron.services.segments.plugin [-] Segment 05435931-fd75-40ba-be05-6546d4eea615 resource provider not found; error: Placement Client Error (4xx): {"errors": [{"status": 404, "title": "Not Found", "detail": "The resource could not be found.\n\n No resource provider with uuid 05435931-fd75-40ba-be05-6546d4eea615 found for delete ", "request_id": "req-5ec1e477-9277-413c-984b-fb225938059e"}]}
2026-05-12 12:43:10.463 10 INFO neutron.services.segments.plugin [-] Segment 05435931-fd75-40ba-be05-6546d4eea615 resource provider not found; error: Placement Client Error (4xx): {"errors": [{"status": 404, "title": "Not Found", "detail": "The resource could not be found.\n\n No resource provider with uuid 05435931-fd75-40ba-be05-6546d4eea615 found for delete ", "request_id": "req-05e098b8-0c61-488b-99ff-87899ac79bb6"}]}
2026-05-12 12:43:10.524 10 INFO neutron.api.wsgi [None req-9ef8d55d-53c6-4d71-8cdb-5bb49aeb8ada 711fdf187a074e02b4f27188955bfb34 bb1e2fb3cabe4c719ae4163d567c5531 - - default default] 10.0.0.120 "DELETE /v2.0/networks/5cc6f25b-1808-4ba4-9c51-b897acd688af HTTP/1.1" status: 204 len: 168 time: 0.5123992
2026-05-12 12:43:10.591 9 INFO neutron.db.ovn_revision_numbers_db [None req-0ffaf040-34e3-4b22-8a71-987e783f218e 25511a4ecd4c4e229a3e86ce57a9de12 84dea411d49b44709a20269e4929d0d8 - - default default] Successfully bumped revision number for resource d389aa76-2e8f-434d-b70d-e81e50c508bb (type: ports) to 1
2026-05-12 12:43:11.069 10 INFO neutron.api.wsgi [None req-213ee9ec-4d6a-406a-88c7-37426e233463 4bee436f30e64ebfbe7c2c6c96c4377f fd80059d76cd4e6aacd80e38f327e42e - - default default] 10.0.0.120 "PUT /v2.0/routers/a6c65629-e280-437c-81bd-5072d43bcfd2/remove_router_interface HTTP/1.1" status: 200 len: 503 time: 0.8813853 /var/lib/openstack/lib/python3.12/site-packages/pycadf/identifier.py:71: UserWarning: Invalid uuid: neutron. To ensure interoperability, identifiers should be a valid uuid. warnings.warn(('Invalid uuid: %s. To ensure interoperability, '
2026-05-12 12:43:11.172 10 INFO neutron.api.wsgi [None req-e9307f82-c5dc-4948-8a94-e890e2188075 4bee436f30e64ebfbe7c2c6c96c4377f fd80059d76cd4e6aacd80e38f327e42e - - default default] 10.0.0.120 "GET /v2.0/ports/804da82a-9431-4e65-ba51-d9fea1a02744 HTTP/1.1" status: 200 len: 1141 time: 0.0964983
2026-05-12 12:43:11.660 9 INFO neutron.db.ovn_revision_numbers_db [None req-0ffaf040-34e3-4b22-8a71-987e783f218e 25511a4ecd4c4e229a3e86ce57a9de12 84dea411d49b44709a20269e4929d0d8 - - default default] Successfully bumped revision number for resource d389aa76-2e8f-434d-b70d-e81e50c508bb (type: ports) to 1
2026-05-12 12:43:11.702 9 INFO neutron.db.ovn_revision_numbers_db [None req-57079633-2a51-42d4-a5ed-c31ba980df58 81032ca9546749779c89b5807960a1a5 32e17c06cc9449c7b6c3253151b5a7ce - - default default] Successfully bumped revision number for resource 65940098-516c-4dd6-8375-fb56690ec0f7 (type: security_groups) to 1
