2026-05-12 12:41:55.748 9 INFO neutron.services.segments.plugin [-] Segment 7fb0194f-fcbc-44dc-8576-03a1c3474db5 resource provider not found; error: Placement Client Error (4xx): {"errors": [{"status": 404, "title": "Not Found", "detail": "The resource could not be found.\n\n No resource provider with uuid 7fb0194f-fcbc-44dc-8576-03a1c3474db5 found for delete ", "request_id": "req-f4f7701c-3c22-4a56-b6c9-1c74021bdec7"}]}
2026-05-12 12:41:55.805 10 INFO neutron.db.ovn_revision_numbers_db [None req-c70b589e-5561-4700-9984-49509799e09a 81032ca9546749779c89b5807960a1a5 32e17c06cc9449c7b6c3253151b5a7ce - - default default] Successfully bumped revision number for resource d114cc5c-4c2d-4efb-bf5f-e151b74d8892 (type: security_groups) to 1
2026-05-12 12:41:55.827 10 INFO neutron.db.ovn_revision_numbers_db [None req-c70b589e-5561-4700-9984-49509799e09a 81032ca9546749779c89b5807960a1a5 32e17c06cc9449c7b6c3253151b5a7ce - - default default] Successfully bumped revision number for resource 5e771f0a-9187-406a-831d-17e3c8c260b9 (type: security_group_rules) to 0
2026-05-12 12:41:55.841 10 INFO neutron.db.ovn_revision_numbers_db [None req-c70b589e-5561-4700-9984-49509799e09a 81032ca9546749779c89b5807960a1a5 32e17c06cc9449c7b6c3253151b5a7ce - - default default] Successfully bumped revision number for resource 69260ecf-51a6-40f5-9880-f6fe66b849ac (type: security_group_rules) to 0
2026-05-12 12:41:55.856 10 INFO neutron.db.ovn_revision_numbers_db [None req-c70b589e-5561-4700-9984-49509799e09a 81032ca9546749779c89b5807960a1a5 32e17c06cc9449c7b6c3253151b5a7ce - - default default] Successfully bumped revision number for resource 78371395-8f0d-4d83-ba56-00dfc0126e88 (type: security_group_rules) to 0
2026-05-12 12:41:55.883 10 INFO neutron.db.ovn_revision_numbers_db [None req-c70b589e-5561-4700-9984-49509799e09a 81032ca9546749779c89b5807960a1a5 32e17c06cc9449c7b6c3253151b5a7ce - - default default] Successfully bumped revision number for resource 9d561df0-1fc8-41cb-99b7-a677bc932c56 (type: security_group_rules) to 0
2026-05-12 12:41:55.927 10 INFO neutron.api.wsgi [None req-c70b589e-5561-4700-9984-49509799e09a 81032ca9546749779c89b5807960a1a5 32e17c06cc9449c7b6c3253151b5a7ce - - default default] 10.0.0.120 "GET /v2.0/security-groups?tenant_id=d651cbc8266244f790e9ae5074301687&name=default HTTP/1.1" status: 200 len: 3120 time: 0.2571099
2026-05-12 12:41:56.233 10 INFO neutron.api.wsgi [None req-fbad9d2a-5661-40ee-8347-498678f499b9 81032ca9546749779c89b5807960a1a5 32e17c06cc9449c7b6c3253151b5a7ce - - default default] 10.0.0.120 "DELETE /v2.0/security-groups/d114cc5c-4c2d-4efb-bf5f-e151b74d8892 HTTP/1.1" status: 204 len: 168 time: 0.2985022
2026-05-12 12:41:56.286 10 INFO neutron.plugins.ml2.drivers.ovn.mech_driver.mech_driver [None req-4732bbf0-77e8-45c7-a490-292068f06d99 - - - - - -] OVN reports status up for port: 0d979958-bedc-4204-acb7-7210a6bbb384
2026-05-12 12:41:56.305 10 INFO neutron.plugins.ml2.plugin [None req-4732bbf0-77e8-45c7-a490-292068f06d99 - - - - - -] Attempt 1 to provision port 0d979958-bedc-4204-acb7-7210a6bbb384
2026-05-12 12:41:56.427 10 INFO neutron.api.wsgi [req-f1e37df5-95cd-46ca-bffd-5666f2470a85 req-e8014c80-2a67-4756-a0e4-d0a9fa9815c9 6eb25ad4c7f244a7907d3ec3e4783e25 b4ae872f22764cc292015da55f98eba7 - - default default] 10.0.0.244 "GET /v2.0/ports?device_id=3c1725a7-86fb-49cf-9e8d-25fc13e853a1 HTTP/1.1" status: 200 len: 1172 time: 0.0458190
2026-05-12 12:41:56.481 10 INFO neutron.api.wsgi [req-f1e37df5-95cd-46ca-bffd-5666f2470a85 req-e294bf63-efd4-4449-972e-854cadb8c178 6eb25ad4c7f244a7907d3ec3e4783e25 b4ae872f22764cc292015da55f98eba7 - - default default] 10.0.0.244 "GET /v2.0/security-groups?id=acdc5e6c-a584-4706-a48d-e21cce425982&fields=id&fields=name HTTP/1.1" status: 200 len: 313 time: 0.0438321
2026-05-12 12:41:56.496 10 INFO neutron.notifiers.nova [-] Nova event matching ['req-a2fce725-46b3-42e7-8ee0-011b387faf66'] response: {'server_uuid': '3c1725a7-86fb-49cf-9e8d-25fc13e853a1', 'name': 'network-vif-plugged', 'status': 'completed', 'tag': '0d979958-bedc-4204-acb7-7210a6bbb384', 'code': 200}
2026-05-12 12:41:56.663 10 INFO neutron.db.ovn_revision_numbers_db [None req-4732bbf0-77e8-45c7-a490-292068f06d99 - - - - - -] Successfully bumped revision number for resource 0d979958-bedc-4204-acb7-7210a6bbb384 (type: ports) to 5
2026-05-12 12:41:56.734 10 INFO neutron.db.ovn_revision_numbers_db [None req-445134bc-0871-4893-a414-891f2b9b9fb6 81032ca9546749779c89b5807960a1a5 32e17c06cc9449c7b6c3253151b5a7ce - - default default] Successfully bumped revision number for resource 7631a534-e59c-46db-8ba8-2ba2de304e52 (type: security_groups) to 1
2026-05-12 12:41:56.750 10 INFO neutron.db.ovn_revision_numbers_db [None req-445134bc-0871-4893-a414-891f2b9b9fb6 81032ca9546749779c89b5807960a1a5 32e17c06cc9449c7b6c3253151b5a7ce - - default default] Successfully bumped revision number for resource 60e44e76-1eb0-447b-aaa9-6845229817fb (type: security_group_rules) to 0
2026-05-12 12:41:56.768 10 INFO neutron.db.ovn_revision_numbers_db [None req-445134bc-0871-4893-a414-891f2b9b9fb6 81032ca9546749779c89b5807960a1a5 32e17c06cc9449c7b6c3253151b5a7ce - - default default] Successfully bumped revision number for resource b3f579cd-c637-40dd-8d3d-62375e6d4ef7 (type: security_group_rules) to 0
2026-05-12 12:41:56.789 10 INFO neutron.db.ovn_revision_numbers_db [None req-445134bc-0871-4893-a414-891f2b9b9fb6 81032ca9546749779c89b5807960a1a5 32e17c06cc9449c7b6c3253151b5a7ce - - default default] Successfully bumped revision number for resource d01a9dd2-ed16-44b5-8b35-b901624aeb3d (type: security_group_rules) to 0
2026-05-12 12:41:56.806 10 INFO neutron.db.ovn_revision_numbers_db [None req-445134bc-0871-4893-a414-891f2b9b9fb6 81032ca9546749779c89b5807960a1a5 32e17c06cc9449c7b6c3253151b5a7ce - - default default] Successfully bumped revision number for resource e015fa80-dcbb-4517-8738-b70e36992b13 (type: security_group_rules) to 0
2026-05-12 12:41:56.865 10 INFO neutron.api.wsgi [None req-445134bc-0871-4893-a414-891f2b9b9fb6 81032ca9546749779c89b5807960a1a5 32e17c06cc9449c7b6c3253151b5a7ce - - default default] 10.0.0.120 "GET /v2.0/security-groups?tenant_id=4488c5b3c1ed4ba7b1faf1fe2d3828ed&name=default HTTP/1.1" status: 200 len: 3120 time: 0.2860372 /var/lib/openstack/lib/python3.12/site-packages/pycadf/identifier.py:71: UserWarning: Invalid uuid: neutron. To ensure interoperability, identifiers should be a valid uuid. warnings.warn(('Invalid uuid: %s. To ensure interoperability, '
2026-05-12 12:41:57.116 10 INFO neutron.api.wsgi [None req-6e1b0b4d-8a5e-4f6b-8b79-9409d52fe503 81032ca9546749779c89b5807960a1a5 32e17c06cc9449c7b6c3253151b5a7ce - - default default] 10.0.0.120 "DELETE /v2.0/security-groups/7631a534-e59c-46db-8ba8-2ba2de304e52 HTTP/1.1" status: 204 len: 168 time: 0.2444549
2026-05-12 12:41:57.288 10 WARNING neutron_lib.context [None req-4241ccf8-91c7-4eb2-9e79-1da7011f71d6 85eb682626334f1cb4a7f9e62e832022 eb40d53a15c24e2fad27c80cd1b4a3ab - - default default] Method 'is_advsvc' is deprecated since 2023.2 release (neutron-lib 3.8.0) and will be removed once support for the old RBAC API policies will be removed from Neutron. Please use method 'is_service_role' instead.
2026-05-12 12:41:57.563 10 WARNING neutron.scheduler.dhcp_agent_scheduler [None req-4241ccf8-91c7-4eb2-9e79-1da7011f71d6 85eb682626334f1cb4a7f9e62e832022 eb40d53a15c24e2fad27c80cd1b4a3ab - - default default] No more DHCP agents
2026-05-12 12:41:57.571 10 WARNING neutron.api.rpc.agentnotifiers.dhcp_rpc_agent_api [None req-4241ccf8-91c7-4eb2-9e79-1da7011f71d6 85eb682626334f1cb4a7f9e62e832022 eb40d53a15c24e2fad27c80cd1b4a3ab - - default default] Unable to schedule network 21c26207-72a1-4f08-9de0-efc892f7f37c: no agents available; will retry on subsequent port and subnet creation events.
2026-05-12 12:41:57.654 10 INFO neutron.api.wsgi [req-32445f71-1a58-46b5-a448-2aebf54be2b5 req-445924a2-3c6c-41a2-8ac0-3efa3bd09caf 6eb25ad4c7f244a7907d3ec3e4783e25 b4ae872f22764cc292015da55f98eba7 - - default default] 10.0.0.244 "GET /v2.0/ports?device_id=3c1725a7-86fb-49cf-9e8d-25fc13e853a1 HTTP/1.1" status: 200 len: 1174 time: 0.0913744
2026-05-12 12:41:57.707 10 INFO neutron.api.wsgi [req-32445f71-1a58-46b5-a448-2aebf54be2b5 req-4b1bd04b-f10f-4376-af34-d630d72b7cfa 6eb25ad4c7f244a7907d3ec3e4783e25 b4ae872f22764cc292015da55f98eba7 - - default default] 10.0.0.244 "GET /v2.0/security-groups?id=acdc5e6c-a584-4706-a48d-e21cce425982&fields=id&fields=name HTTP/1.1" status: 200 len: 313 time: 0.0474617
2026-05-12 12:41:58.006 10 INFO neutron.api.wsgi [None req-4241ccf8-91c7-4eb2-9e79-1da7011f71d6 85eb682626334f1cb4a7f9e62e832022 eb40d53a15c24e2fad27c80cd1b4a3ab - - default default] 10.0.0.120 "POST /v2.0/floatingips HTTP/1.1" status: 201 len: 751 time: 1.0434427
2026-05-12 12:41:58.019 10 WARNING neutron_lib.context [None req-a5f9c665-027c-4f7a-a659-0c4cd3ccbe22 85eb682626334f1cb4a7f9e62e832022 eb40d53a15c24e2fad27c80cd1b4a3ab - - default default] Method 'is_advsvc' is deprecated since 2023.2 release (neutron-lib 3.8.0) and will be removed once support for the old RBAC API policies will be removed from Neutron. Please use method 'is_service_role' instead.
2026-05-12 12:41:58.349 10 WARNING neutron.scheduler.dhcp_agent_scheduler [None req-a5f9c665-027c-4f7a-a659-0c4cd3ccbe22 85eb682626334f1cb4a7f9e62e832022 eb40d53a15c24e2fad27c80cd1b4a3ab - - default default] No more DHCP agents
2026-05-12 12:41:58.350 10 WARNING neutron.api.rpc.agentnotifiers.dhcp_rpc_agent_api [None req-a5f9c665-027c-4f7a-a659-0c4cd3ccbe22 85eb682626334f1cb4a7f9e62e832022 eb40d53a15c24e2fad27c80cd1b4a3ab - - default default] Unable to schedule network 21c26207-72a1-4f08-9de0-efc892f7f37c: no agents available; will retry on subsequent port and subnet creation events.
2026-05-12 12:41:58.547 10 INFO neutron.notifiers.nova [-] Nova event matching ['req-f8a39d9e-48a1-4142-9f20-489a14bfdef4'] response: {'server_uuid': '3c1725a7-86fb-49cf-9e8d-25fc13e853a1', 'name': 'network-vif-plugged', 'status': 'completed', 'tag': '0d979958-bedc-4204-acb7-7210a6bbb384', 'code': 200}
2026-05-12 12:41:58.705 10 INFO neutron.api.wsgi [None req-a5f9c665-027c-4f7a-a659-0c4cd3ccbe22 85eb682626334f1cb4a7f9e62e832022 eb40d53a15c24e2fad27c80cd1b4a3ab - - default default] 10.0.0.120 "POST /v2.0/floatingips HTTP/1.1" status: 201 len: 751 time: 0.6914458
2026-05-12 12:41:58.714 10 WARNING neutron_lib.context [None req-a3d058b6-73da-41c1-9f13-dd2003f86e80 85eb682626334f1cb4a7f9e62e832022 eb40d53a15c24e2fad27c80cd1b4a3ab - - default default] Method 'is_advsvc' is deprecated since 2023.2 release (neutron-lib 3.8.0) and will be removed once support for the old RBAC API policies will be removed from Neutron. Please use method 'is_service_role' instead.
2026-05-12 12:41:58.829 10 INFO neutron.api.wsgi [req-aad32e74-e618-4067-89c3-e56d0560c6d5 req-b4cfffdb-7f9d-4551-af4d-2dd73cae8415 6eb25ad4c7f244a7907d3ec3e4783e25 b4ae872f22764cc292015da55f98eba7 - - default default] 10.0.0.244 "GET /v2.0/ports?device_id=3c1725a7-86fb-49cf-9e8d-25fc13e853a1 HTTP/1.1" status: 200 len: 1174 time: 0.0501661
2026-05-12 12:41:58.904 10 INFO neutron.api.wsgi [req-aad32e74-e618-4067-89c3-e56d0560c6d5 req-c05e6def-160f-4327-a19b-6910be6a1570 6eb25ad4c7f244a7907d3ec3e4783e25 b4ae872f22764cc292015da55f98eba7 - - default default] 10.0.0.244 "GET /v2.0/security-groups?id=acdc5e6c-a584-4706-a48d-e21cce425982&fields=id&fields=name HTTP/1.1" status: 200 len: 313 time: 0.0690491
2026-05-12 12:41:59.031 10 INFO neutron.api.wsgi [req-053811ce-4d71-4891-8ed7-10d29931cc1d req-48621ee0-4493-47c9-a562-3cfe5b545666 6eb25ad4c7f244a7907d3ec3e4783e25 b4ae872f22764cc292015da55f98eba7 - - default default] 10.0.0.244 "GET /v2.0/ports?device_id=3c1725a7-86fb-49cf-9e8d-25fc13e853a1 HTTP/1.1" status: 200 len: 1174 time: 0.0497248
2026-05-12 12:41:59.091 10 WARNING neutron.scheduler.dhcp_agent_scheduler [None req-a3d058b6-73da-41c1-9f13-dd2003f86e80 85eb682626334f1cb4a7f9e62e832022 eb40d53a15c24e2fad27c80cd1b4a3ab - - default default] No more DHCP agents
2026-05-12 12:41:59.093 10 WARNING neutron.api.rpc.agentnotifiers.dhcp_rpc_agent_api [None req-a3d058b6-73da-41c1-9f13-dd2003f86e80 85eb682626334f1cb4a7f9e62e832022 eb40d53a15c24e2fad27c80cd1b4a3ab - - default default] Unable to schedule network 21c26207-72a1-4f08-9de0-efc892f7f37c: no agents available; will retry on subsequent port and subnet creation events.
2026-05-12 12:41:59.111 10 INFO neutron.api.wsgi [req-053811ce-4d71-4891-8ed7-10d29931cc1d req-267ce8ba-d2d1-4cc7-b600-ed270e1a5e00 6eb25ad4c7f244a7907d3ec3e4783e25 b4ae872f22764cc292015da55f98eba7 - - default default] 10.0.0.244 "GET /v2.0/security-groups?id=acdc5e6c-a584-4706-a48d-e21cce425982&fields=id&fields=name HTTP/1.1" status: 200 len: 313 time: 0.0693989
2026-05-12 12:41:59.192 10 INFO neutron.api.wsgi [None req-6c65dcf8-568e-4424-8114-1bfa26b43e8f f68f369e52d243549c70b9e6127c8abd f7f606d1ae7648e6ab9c674dc3466d4a - - default default] 10.0.0.120 "GET /v2.0/ports?device_id=3c1725a7-86fb-49cf-9e8d-25fc13e853a1 HTTP/1.1" status: 200 len: 1408 time: 0.0518258
2026-05-12 12:41:59.213 9 WARNING neutron_lib.context [None req-0ad0172e-7d3d-424a-be86-3a1c806db1b4 6eb25ad4c7f244a7907d3ec3e4783e25 b4ae872f22764cc292015da55f98eba7 - - default default] Method 'is_advsvc' is deprecated since 2023.2 release (neutron-lib 3.8.0) and will be removed once support for the old RBAC API policies will be removed from Neutron. Please use method 'is_service_role' instead.
2026-05-12 12:41:59.377 10 INFO neutron.api.wsgi [None req-a9cdd5e6-3efc-4bc4-bc29-ca817c998c4f 81032ca9546749779c89b5807960a1a5 32e17c06cc9449c7b6c3253151b5a7ce - - default default] 10.0.0.94 "GET /v2.0/ports HTTP/1.1" status: 200 len: 12732 time: 0.3178506
2026-05-12 12:41:59.414 10 INFO neutron.api.wsgi [None req-970883d3-4ab6-4fa7-9e78-f93959b0f684 81032ca9546749779c89b5807960a1a5 32e17c06cc9449c7b6c3253151b5a7ce - - default default] 10.0.0.94 "GET /v2.0/agents HTTP/1.1" status: 200 len: 1390 time: 0.0132704
2026-05-12 12:41:59.485 10 INFO neutron.api.wsgi [None req-58e8ba7c-790b-4801-97d9-8ecda0b61d07 81032ca9546749779c89b5807960a1a5 32e17c06cc9449c7b6c3253151b5a7ce - - default default] 10.0.0.94 "GET /v2.0/networks HTTP/1.1" status: 200 len: 3096 time: 0.0698857
2026-05-12 12:41:59.489 9 WARNING neutron.scheduler.dhcp_agent_scheduler [None req-0ad0172e-7d3d-424a-be86-3a1c806db1b4 6eb25ad4c7f244a7907d3ec3e4783e25 b4ae872f22764cc292015da55f98eba7 - - default default] No more DHCP agents
2026-05-12 12:41:59.491 9 WARNING neutron.api.rpc.agentnotifiers.dhcp_rpc_agent_api [None req-0ad0172e-7d3d-424a-be86-3a1c806db1b4 6eb25ad4c7f244a7907d3ec3e4783e25 b4ae872f22764cc292015da55f98eba7 - - default default] Unable to schedule network 21c26207-72a1-4f08-9de0-efc892f7f37c: no agents available; will retry on subsequent port and subnet creation events.
2026-05-12 12:41:59.526 10 INFO neutron.api.wsgi [None req-9d996f82-924e-4b68-adb2-d08326137e04 81032ca9546749779c89b5807960a1a5 32e17c06cc9449c7b6c3253151b5a7ce - - default default] 10.0.0.94 "GET /v2.0/subnets HTTP/1.1" status: 200 len: 2149 time: 0.0371637
2026-05-12 12:41:59.538 10 INFO neutron.api.wsgi [None req-7008ec50-64b7-4014-b6f6-3c4826e09240 81032ca9546749779c89b5807960a1a5 32e17c06cc9449c7b6c3253151b5a7ce - - default default] 10.0.0.94 "GET /v2.0/subnetpools HTTP/1.1" status: 200 len: 193 time: 0.0083160
2026-05-12 12:41:59.607 10 INFO neutron.api.wsgi [None req-bd6491e1-ba64-43c0-bab8-86726aa69a90 81032ca9546749779c89b5807960a1a5 32e17c06cc9449c7b6c3253151b5a7ce - - default default] 10.0.0.94 "GET /v2.0/routers HTTP/1.1" status: 200 len: 1151 time: 0.0685034
2026-05-12 12:41:59.617 10 INFO neutron.api.wsgi [None req-a3d058b6-73da-41c1-9f13-dd2003f86e80 85eb682626334f1cb4a7f9e62e832022 eb40d53a15c24e2fad27c80cd1b4a3ab - - default default] 10.0.0.120 "POST /v2.0/floatingips HTTP/1.1" status: 201 len: 751 time: 0.9084480
2026-05-12 12:41:59.625 10 INFO neutron.api.wsgi [None req-97aef24b-bcaf-459b-bcad-9a8512d03c0e 81032ca9546749779c89b5807960a1a5 32e17c06cc9449c7b6c3253151b5a7ce - - default default] 10.0.0.94 "GET /v2.0/agents?binary=ovn-controller HTTP/1.1" status: 200 len: 591 time: 0.0164421
2026-05-12 12:41:59.628 9 WARNING neutron_lib.context [None req-2bae298a-e25a-4e91-aff2-9638ecd9ce3b 85eb682626334f1cb4a7f9e62e832022 eb40d53a15c24e2fad27c80cd1b4a3ab - - default default] Method 'is_advsvc' is deprecated since 2023.2 release (neutron-lib 3.8.0) and will be removed once support for the old RBAC API policies will be removed from Neutron. Please use method 'is_service_role' instead.
2026-05-12 12:41:59.644 10 INFO neutron.api.wsgi [None req-cc1922fc-045c-4a5f-822d-0a16f42ac7d0 81032ca9546749779c89b5807960a1a5 32e17c06cc9449c7b6c3253151b5a7ce - - default default] 10.0.0.94 "GET /v2.0/network-ip-availabilities HTTP/1.1" status: 200 len: 1727 time: 0.0180120
2026-05-12 12:41:59.669 10 INFO neutron.api.wsgi [None req-fab788e3-99e2-4cb2-9aa1-7c49774c4549 81032ca9546749779c89b5807960a1a5 32e17c06cc9449c7b6c3253151b5a7ce - - default default] 10.0.0.94 "GET /v2.0/floatingips HTTP/1.1" status: 200 len: 1807 time: 0.0237052
2026-05-12 12:41:59.699 10 INFO neutron.api.wsgi [None req-0c357797-11e6-4ebf-a0c1-c5516d05d6b8 81032ca9546749779c89b5807960a1a5 32e17c06cc9449c7b6c3253151b5a7ce - - default default] 10.0.0.94 "GET /v2.0/subnets HTTP/1.1" status: 200 len: 2149 time: 0.0296609
2026-05-12 12:41:59.747 10 INFO neutron.api.wsgi [None req-14a45490-3b72-44cd-bced-7c05e6da4cf8 81032ca9546749779c89b5807960a1a5 32e17c06cc9449c7b6c3253151b5a7ce - - default default] 10.0.0.94 "GET /v2.0/security-groups HTTP/1.1" status: 200 len: 25824 time: 0.0462093
2026-05-12 12:41:59.993 9 WARNING neutron.scheduler.dhcp_agent_scheduler [None req-2bae298a-e25a-4e91-aff2-9638ecd9ce3b 85eb682626334f1cb4a7f9e62e832022 eb40d53a15c24e2fad27c80cd1b4a3ab - - default default] No more DHCP agents
2026-05-12 12:41:59.995 9 WARNING neutron.api.rpc.agentnotifiers.dhcp_rpc_agent_api [None req-2bae298a-e25a-4e91-aff2-9638ecd9ce3b 85eb682626334f1cb4a7f9e62e832022 eb40d53a15c24e2fad27c80cd1b4a3ab - - default default] Unable to schedule network 21c26207-72a1-4f08-9de0-efc892f7f37c: no agents available; will retry on subsequent port and subnet creation events.
2026-05-12 12:42:00.658 9 INFO neutron.db.ovn_revision_numbers_db [None req-0ad0172e-7d3d-424a-be86-3a1c806db1b4 6eb25ad4c7f244a7907d3ec3e4783e25 b4ae872f22764cc292015da55f98eba7 - - default default] Successfully bumped revision number for resource 9b069755-371b-4b52-b563-c157a52c52e0 (type: floatingips) to -1
2026-05-12 12:42:00.730 9 INFO neutron.api.wsgi [None req-2bae298a-e25a-4e91-aff2-9638ecd9ce3b 85eb682626334f1cb4a7f9e62e832022 eb40d53a15c24e2fad27c80cd1b4a3ab - - default default] 10.0.0.120 "POST /v2.0/floatingips HTTP/1.1" status: 201 len: 751 time: 1.1058373 /var/lib/openstack/lib/python3.12/site-packages/pycadf/identifier.py:71: UserWarning: Invalid uuid: neutron. To ensure interoperability, identifiers should be a valid uuid. warnings.warn(('Invalid uuid: %s. To ensure interoperability, '
2026-05-12 12:42:00.745 9 WARNING neutron_lib.context [None req-e480436d-fa6b-4921-bc59-ffe36721a524 85eb682626334f1cb4a7f9e62e832022 eb40d53a15c24e2fad27c80cd1b4a3ab - - default default] Method 'is_advsvc' is deprecated since 2023.2 release (neutron-lib 3.8.0) and will be removed once support for the old RBAC API policies will be removed from Neutron. Please use method 'is_service_role' instead.
2026-05-12 12:42:00.817 9 INFO neutron.db.ovn_revision_numbers_db [None req-0ad0172e-7d3d-424a-be86-3a1c806db1b4 6eb25ad4c7f244a7907d3ec3e4783e25 b4ae872f22764cc292015da55f98eba7 - - default default] Successfully bumped revision number for resource 9b069755-371b-4b52-b563-c157a52c52e0 (type: floatingips) to 1
2026-05-12 12:42:00.817 9 INFO neutron.db.l3_db [None req-0ad0172e-7d3d-424a-be86-3a1c806db1b4 6eb25ad4c7f244a7907d3ec3e4783e25 b4ae872f22764cc292015da55f98eba7 - - default default] Floating IP 9b069755-371b-4b52-b563-c157a52c52e0 associated. External IP: 10.96.250.212, port: 0d979958-bedc-4204-acb7-7210a6bbb384.
2026-05-12 12:42:00.866 9 INFO neutron.api.wsgi [None req-0ad0172e-7d3d-424a-be86-3a1c806db1b4 6eb25ad4c7f244a7907d3ec3e4783e25 b4ae872f22764cc292015da55f98eba7 - - default default] 10.0.0.120 "POST /v2.0/floatingips HTTP/1.1" status: 201 len: 1055 time: 1.6640122
2026-05-12 12:42:00.920 9 INFO neutron.notifiers.nova [-] Nova event matching ['req-14be104a-ac02-4bdd-833a-6a1f2bceecb7'] response: {'name': 'network-changed', 'server_uuid': '3c1725a7-86fb-49cf-9e8d-25fc13e853a1', 'tag': '0d979958-bedc-4204-acb7-7210a6bbb384', 'status': 'completed', 'code': 200}
2026-05-12 12:42:00.930 10 INFO neutron.api.wsgi [None req-6048b2ec-a105-4084-9ed1-9a4b442f760c 6eb25ad4c7f244a7907d3ec3e4783e25 b4ae872f22764cc292015da55f98eba7 - - default default] 10.0.0.120 "GET /v2.0/floatingips/9b069755-371b-4b52-b563-c157a52c52e0 HTTP/1.1" status: 200 len: 1052 time: 0.0571454
2026-05-12 12:42:01.030 9 WARNING neutron.scheduler.dhcp_agent_scheduler [None req-e480436d-fa6b-4921-bc59-ffe36721a524 85eb682626334f1cb4a7f9e62e832022 eb40d53a15c24e2fad27c80cd1b4a3ab - - default default] No more DHCP agents
2026-05-12 12:42:01.031 9 WARNING neutron.api.rpc.agentnotifiers.dhcp_rpc_agent_api [None req-e480436d-fa6b-4921-bc59-ffe36721a524 85eb682626334f1cb4a7f9e62e832022 eb40d53a15c24e2fad27c80cd1b4a3ab - - default default] Unable to schedule network 21c26207-72a1-4f08-9de0-efc892f7f37c: no agents available; will retry on subsequent port and subnet creation events.
2026-05-12 12:42:01.254 10 INFO neutron.db.ovn_revision_numbers_db [None req-382723d9-87bd-4f67-996e-b6261caedde5 81032ca9546749779c89b5807960a1a5 32e17c06cc9449c7b6c3253151b5a7ce - - default default] Successfully bumped revision number for resource 31463493-51af-406e-a08d-58c32d860c0d (type: security_groups) to 1
2026-05-12 12:42:01.271 10 INFO neutron.db.ovn_revision_numbers_db [None req-382723d9-87bd-4f67-996e-b6261caedde5 81032ca9546749779c89b5807960a1a5 32e17c06cc9449c7b6c3253151b5a7ce - - default default] Successfully bumped revision number for resource 227f3f09-fe26-45ff-adad-0c13938e1838 (type: security_group_rules) to 0
2026-05-12 12:42:01.292 10 INFO neutron.db.ovn_revision_numbers_db [None req-382723d9-87bd-4f67-996e-b6261caedde5 81032ca9546749779c89b5807960a1a5 32e17c06cc9449c7b6c3253151b5a7ce - - default default] Successfully bumped revision number for resource 8c77d74a-2bbe-4e8a-a7bc-6eaa7cff465e (type: security_group_rules) to 0
2026-05-12 12:42:01.309 10 INFO neutron.db.ovn_revision_numbers_db [None req-382723d9-87bd-4f67-996e-b6261caedde5 81032ca9546749779c89b5807960a1a5 32e17c06cc9449c7b6c3253151b5a7ce - - default default] Successfully bumped revision number for resource e79b1e0c-d859-42c0-9867-6af11248133d (type: security_group_rules) to 0
2026-05-12 12:42:01.328 10 INFO neutron.db.ovn_revision_numbers_db [None req-382723d9-87bd-4f67-996e-b6261caedde5 81032ca9546749779c89b5807960a1a5 32e17c06cc9449c7b6c3253151b5a7ce - - default default] Successfully bumped revision number for resource e8f383ca-927f-4a9f-9a7b-0a796186f856 (type: security_group_rules) to 0
2026-05-12 12:42:01.374 9 INFO neutron.api.wsgi [None req-e480436d-fa6b-4921-bc59-ffe36721a524 85eb682626334f1cb4a7f9e62e832022 eb40d53a15c24e2fad27c80cd1b4a3ab - - default default] 10.0.0.120 "POST /v2.0/floatingips HTTP/1.1" status: 201 len: 751 time: 0.6366847
2026-05-12 12:42:01.376 10 INFO neutron.api.wsgi [None req-382723d9-87bd-4f67-996e-b6261caedde5 81032ca9546749779c89b5807960a1a5 32e17c06cc9449c7b6c3253151b5a7ce - - default default] 10.0.0.120 "GET /v2.0/security-groups?tenant_id=5f10a6d5c9714a12b5a7f24ed4b66a37&name=default HTTP/1.1" status: 200 len: 3120 time: 0.4395342
2026-05-12 12:42:01.443 10 INFO neutron.api.wsgi [None req-5a26d19e-560c-4480-9f8d-2000267ceb85 85eb682626334f1cb4a7f9e62e832022 eb40d53a15c24e2fad27c80cd1b4a3ab - - default default] 10.0.0.120 "PUT /v2.0/floatingips/01b23740-072a-4a40-92f1-398fb4b98211/tags HTTP/1.1" status: 200 len: 210 time: 0.0632207
2026-05-12 12:42:01.476 10 INFO neutron.api.wsgi [req-cde222ab-bfe9-4885-856c-57b51b0bdb55 req-b7f372ff-098b-4e87-a888-49bd6aeea77a 5ce2567bd6444aae8502e5c696294335 0585709910514915943bf3e368a6d362 - - 47381db344db47a48704c1a03e71a1b2 47381db344db47a48704c1a03e71a1b2] 199.19.213.54 "GET /v2.0/ports?tenant_id=b4ae872f22764cc292015da55f98eba7&device_id=3c1725a7-86fb-49cf-9e8d-25fc13e853a1 HTTP/1.1" status: 200 len: 1413 time: 0.0456948
2026-05-12 12:42:01.511 9 INFO neutron.api.wsgi [None req-0b6a1138-8bd6-4ec2-8951-260f97d16e76 85eb682626334f1cb4a7f9e62e832022 eb40d53a15c24e2fad27c80cd1b4a3ab - - default default] 10.0.0.120 "PUT /v2.0/floatingips/07dc4e93-b58c-4507-9915-6c6f0858affb/tags HTTP/1.1" status: 200 len: 218 time: 0.0613999
2026-05-12 12:42:01.543 10 INFO neutron.api.wsgi [req-cde222ab-bfe9-4885-856c-57b51b0bdb55 req-960687a2-e88f-4ae6-84c3-c4eca9a9988c 5ce2567bd6444aae8502e5c696294335 0585709910514915943bf3e368a6d362 - - 47381db344db47a48704c1a03e71a1b2 47381db344db47a48704c1a03e71a1b2] 199.19.213.54 "GET /v2.0/networks?id=6efde27c-1846-439c-8c6e-0af968dbd0e9 HTTP/1.1" status: 200 len: 959 time: 0.0604320
2026-05-12 12:42:01.579 9 INFO neutron.api.wsgi [None req-fcdd4544-6d93-449c-84be-b32ac7277911 85eb682626334f1cb4a7f9e62e832022 eb40d53a15c24e2fad27c80cd1b4a3ab - - default default] 10.0.0.120 "PUT /v2.0/floatingips/e8041615-3964-420f-b2c0-0490bd08e5aa/tags HTTP/1.1" status: 200 len: 227 time: 0.0605688
2026-05-12 12:42:01.598 10 INFO neutron.api.wsgi [req-cde222ab-bfe9-4885-856c-57b51b0bdb55 req-c77627d1-1d9f-4331-9ede-9ded552d425b 5ce2567bd6444aae8502e5c696294335 0585709910514915943bf3e368a6d362 - - 47381db344db47a48704c1a03e71a1b2 47381db344db47a48704c1a03e71a1b2] 199.19.213.54 "GET /v2.0/floatingips?fixed_ip_address=10.100.0.11&port_id=0d979958-bedc-4204-acb7-7210a6bbb384 HTTP/1.1" status: 200 len: 1060 time: 0.0488117
2026-05-12 12:42:01.627 9 INFO neutron.api.wsgi [None req-f42c7799-1038-4267-97a5-adb47b6a1479 85eb682626334f1cb4a7f9e62e832022 eb40d53a15c24e2fad27c80cd1b4a3ab - - default default] 10.0.0.120 "PUT /v2.0/floatingips/33ab938d-3457-42b8-b007-cc7c1b08510c/tags HTTP/1.1" status: 200 len: 212 time: 0.0426073
2026-05-12 12:42:01.631 10 INFO neutron.api.wsgi [req-cde222ab-bfe9-4885-856c-57b51b0bdb55 req-18d33cd4-d6fc-4d84-9da8-bff8b099fa24 5ce2567bd6444aae8502e5c696294335 0585709910514915943bf3e368a6d362 - - 47381db344db47a48704c1a03e71a1b2 47381db344db47a48704c1a03e71a1b2] 199.19.213.54 "GET /v2.0/subnets?id=c73df811-fd36-43ae-9125-fb91f2ca61c9 HTTP/1.1" status: 200 len: 877 time: 0.0261526
2026-05-12 12:42:01.679 10 INFO neutron.api.wsgi [req-cde222ab-bfe9-4885-856c-57b51b0bdb55 req-c170295b-66b6-4b0f-9b82-2018d314c032 5ce2567bd6444aae8502e5c696294335 0585709910514915943bf3e368a6d362 - - 47381db344db47a48704c1a03e71a1b2 47381db344db47a48704c1a03e71a1b2] 199.19.213.54 "GET /v2.0/ports?network_id=6efde27c-1846-439c-8c6e-0af968dbd0e9&device_owner=network%3Adhcp HTTP/1.1" status: 200 len: 210 time: 0.0428159
2026-05-12 12:42:01.687 10 INFO neutron.api.wsgi [None req-3f5f6710-8e61-4de2-b9df-b57838289f9b 85eb682626334f1cb4a7f9e62e832022 eb40d53a15c24e2fad27c80cd1b4a3ab - - default default] 10.0.0.120 "GET /v2.0/floatingips?tags=red HTTP/1.1" status: 200 len: 1866 time: 0.0539298
2026-05-12 12:42:01.688 9 INFO neutron.api.wsgi [None req-2fe0a72f-ff6d-4ac0-801d-279db81fb7bd 81032ca9546749779c89b5807960a1a5 32e17c06cc9449c7b6c3253151b5a7ce - - default default] 10.0.0.120 "DELETE /v2.0/security-groups/31463493-51af-406e-a08d-58c32d860c0d HTTP/1.1" status: 204 len: 168 time: 0.3069422
2026-05-12 12:42:01.737 10 INFO neutron.api.wsgi [req-cde222ab-bfe9-4885-856c-57b51b0bdb55 req-b59aa247-b25e-4722-9ab8-055a3f40f75c 5ce2567bd6444aae8502e5c696294335 0585709910514915943bf3e368a6d362 - - 47381db344db47a48704c1a03e71a1b2 47381db344db47a48704c1a03e71a1b2] 199.19.213.54 "GET /v2.0/networks/6efde27c-1846-439c-8c6e-0af968dbd0e9?fields=segments HTTP/1.1" status: 200 len: 212 time: 0.0486577
2026-05-12 12:42:01.743 9 INFO neutron.api.wsgi [None req-6d8e4088-d0e2-433d-a497-a3f88e132a8b 85eb682626334f1cb4a7f9e62e832022 eb40d53a15c24e2fad27c80cd1b4a3ab - - default default] 10.0.0.120 "GET /v2.0/floatingips?tags=red%2Cblue HTTP/1.1" status: 200 len: 1323 time: 0.0514507
2026-05-12 12:42:01.791 10 INFO neutron.api.wsgi [req-cde222ab-bfe9-4885-856c-57b51b0bdb55 req-c01873cb-a9f8-4611-bdb7-a6ec7cdfe2ca 5ce2567bd6444aae8502e5c696294335 0585709910514915943bf3e368a6d362 - - 47381db344db47a48704c1a03e71a1b2 47381db344db47a48704c1a03e71a1b2] 199.19.213.54 "GET /v2.0/networks/6efde27c-1846-439c-8c6e-0af968dbd0e9?fields=provider%3Aphysical_network&fields=provider%3Anetwork_type HTTP/1.1" status: 200 len: 277 time: 0.0481544
2026-05-12 12:42:01.794 9 INFO neutron.api.wsgi [None req-45f8a369-20bd-4851-9036-ed51332c6cee 85eb682626334f1cb4a7f9e62e832022 eb40d53a15c24e2fad27c80cd1b4a3ab - - default default] 10.0.0.120 "GET /v2.0/floatingips?tags-any=blue HTTP/1.1" status: 200 len: 1323 time: 0.0459116
2026-05-12 12:42:01.832 9 INFO neutron.api.wsgi [None req-df9086de-6647-45da-a31b-700b45445572 85eb682626334f1cb4a7f9e62e832022 eb40d53a15c24e2fad27c80cd1b4a3ab - - default default] 10.0.0.120 "GET /v2.0/floatingips?tags-any=red%2Cblue HTTP/1.1" status: 200 len: 1866 time: 0.0278568
2026-05-12 12:42:01.890 9 INFO neutron.api.wsgi [None req-62bb4e4e-23ce-4589-aaed-530e72f662ce 85eb682626334f1cb4a7f9e62e832022 eb40d53a15c24e2fad27c80cd1b4a3ab - - default default] 10.0.0.120 "GET /v2.0/floatingips?not-tags=red HTTP/1.1" status: 200 len: 1295 time: 0.0525980
2026-05-12 12:42:01.950 9 INFO neutron.api.wsgi [None req-0c58b0bd-69ac-4d0f-890b-a95ac429fccd 85eb682626334f1cb4a7f9e62e832022 eb40d53a15c24e2fad27c80cd1b4a3ab - - default default] 10.0.0.120 "GET /v2.0/floatingips?not-tags=red%2Cblue HTTP/1.1" status: 200 len: 1838 time: 0.0553918
2026-05-12 12:42:02.006 10 INFO neutron.api.wsgi [None req-1a0c9b2b-ed68-4368-8437-c5cb0c6df8e1 85eb682626334f1cb4a7f9e62e832022 eb40d53a15c24e2fad27c80cd1b4a3ab - - default default] 10.0.0.120 "GET /v2.0/floatingips?not-tags-any=blue HTTP/1.1" status: 200 len: 1838 time: 0.0498486
2026-05-12 12:42:02.019 10 INFO neutron.db.ovn_revision_numbers_db [None req-58010dbe-07d5-4b76-b374-c888d85b7ee1 81032ca9546749779c89b5807960a1a5 32e17c06cc9449c7b6c3253151b5a7ce - - default default] Successfully bumped revision number for resource cd7ca174-83f1-4ad8-bc7b-121a48ceed9b (type: security_groups) to 1
2026-05-12 12:42:02.038 10 INFO neutron.db.ovn_revision_numbers_db [None req-58010dbe-07d5-4b76-b374-c888d85b7ee1 81032ca9546749779c89b5807960a1a5 32e17c06cc9449c7b6c3253151b5a7ce - - default default] Successfully bumped revision number for resource 36215ec8-c001-4414-a970-4f9a819c30fe (type: security_group_rules) to 0
2026-05-12 12:42:02.054 9 INFO neutron.api.wsgi [None req-252561fc-46fa-4b97-8337-5e2528d03b45 85eb682626334f1cb4a7f9e62e832022 eb40d53a15c24e2fad27c80cd1b4a3ab - - default default] 10.0.0.120 "GET /v2.0/floatingips?not-tags-any=red%2Cblue HTTP/1.1" status: 200 len: 1295 time: 0.0431354
2026-05-12 12:42:02.060 10 INFO neutron.db.ovn_revision_numbers_db [None req-58010dbe-07d5-4b76-b374-c888d85b7ee1 81032ca9546749779c89b5807960a1a5 32e17c06cc9449c7b6c3253151b5a7ce - - default default] Successfully bumped revision number for resource 7815a02f-4891-400f-9f5d-186054a5c576 (type: security_group_rules) to 0
2026-05-12 12:42:02.083 10 INFO neutron.db.ovn_revision_numbers_db [None req-58010dbe-07d5-4b76-b374-c888d85b7ee1 81032ca9546749779c89b5807960a1a5 32e17c06cc9449c7b6c3253151b5a7ce - - default default] Successfully bumped revision number for resource 7fc7c01f-e599-4815-ab11-0fd203fb878f (type: security_group_rules) to 0
2026-05-12 12:42:02.103 10 INFO neutron.db.ovn_revision_numbers_db [None req-58010dbe-07d5-4b76-b374-c888d85b7ee1 81032ca9546749779c89b5807960a1a5 32e17c06cc9449c7b6c3253151b5a7ce - - default default] Successfully bumped revision number for resource ed42fa44-4b5c-4c9e-8516-270fca8d7a3e (type: security_group_rules) to 0
2026-05-12 12:42:02.155 10 INFO neutron.api.wsgi [None req-58010dbe-07d5-4b76-b374-c888d85b7ee1 81032ca9546749779c89b5807960a1a5 32e17c06cc9449c7b6c3253151b5a7ce - - default default] 10.0.0.120 "GET /v2.0/security-groups?tenant_id=e42d342d7c8e42aba25b17c6a21f9df8&name=default HTTP/1.1" status: 200 len: 3120 time: 0.3044174
2026-05-12 12:42:02.401 10 INFO neutron.api.wsgi [None req-a5c0472c-03a5-4cfb-ba81-703e0bd21164 81032ca9546749779c89b5807960a1a5 32e17c06cc9449c7b6c3253151b5a7ce - - default default] 10.0.0.120 "DELETE /v2.0/security-groups/cd7ca174-83f1-4ad8-bc7b-121a48ceed9b HTTP/1.1" status: 204 len: 168 time: 0.2399035
2026-05-12 12:42:02.409 9 INFO neutron.api.wsgi [None req-d35b0d72-2a3a-4ecc-bee8-235d05e54ecc 85eb682626334f1cb4a7f9e62e832022 eb40d53a15c24e2fad27c80cd1b4a3ab - - default default] 10.0.0.120 "DELETE /v2.0/floatingips/01b23740-072a-4a40-92f1-398fb4b98211 HTTP/1.1" status: 204 len: 168 time: 0.3488855
2026-05-12 12:42:02.503 10 WARNING neutron_lib.context [None req-b85092eb-065d-4e5c-9f73-eac2ef4a698c b1794b8a11a54db485480b96d4d6edb3 1a188a98332d4b009eb7cb7affc4cdd6 - - default default] Method 'is_advsvc' is deprecated since 2023.2 release (neutron-lib 3.8.0) and will be removed once support for the old RBAC API policies will be removed from Neutron. Please use method 'is_service_role' instead.
2026-05-12 12:42:02.639 10 INFO neutron.db.ovn_revision_numbers_db [None req-b85092eb-065d-4e5c-9f73-eac2ef4a698c b1794b8a11a54db485480b96d4d6edb3 1a188a98332d4b009eb7cb7affc4cdd6 - - default default] Successfully bumped revision number for resource 9170eb3f-ac9c-481e-8f06-48d1a5939aef (type: routers) to 1
2026-05-12 12:42:02.658 10 INFO neutron.api.wsgi [None req-b85092eb-065d-4e5c-9f73-eac2ef4a698c b1794b8a11a54db485480b96d4d6edb3 1a188a98332d4b009eb7cb7affc4cdd6 - - default default] 10.0.0.120 "POST /v2.0/routers HTTP/1.1" status: 201 len: 769 time: 0.3253727
2026-05-12 12:42:02.673 9 WARNING neutron_lib.context [None req-0a0ceea0-298d-4750-bb2a-0e486d099c7d b1794b8a11a54db485480b96d4d6edb3 1a188a98332d4b009eb7cb7affc4cdd6 - - default default] Method 'is_advsvc' is deprecated since 2023.2 release (neutron-lib 3.8.0) and will be removed once support for the old RBAC API policies will be removed from Neutron. Please use method 'is_service_role' instead.
2026-05-12 12:42:02.790 10 INFO neutron.api.wsgi [None req-93abf008-41e2-47c4-9bde-b86569dbb222 85eb682626334f1cb4a7f9e62e832022 eb40d53a15c24e2fad27c80cd1b4a3ab - - default default] 10.0.0.120 "DELETE /v2.0/floatingips/07dc4e93-b58c-4507-9915-6c6f0858affb HTTP/1.1" status: 204 len: 168 time: 0.3758268
2026-05-12 12:42:02.800 9 INFO neutron.db.ovn_revision_numbers_db [None req-0a0ceea0-298d-4750-bb2a-0e486d099c7d b1794b8a11a54db485480b96d4d6edb3 1a188a98332d4b009eb7cb7affc4cdd6 - - default default] Successfully bumped revision number for resource a0593283-b200-4a32-8be3-45d94fc8907d (type: routers) to 1
2026-05-12 12:42:02.825 9 INFO neutron.api.wsgi [None req-0a0ceea0-298d-4750-bb2a-0e486d099c7d b1794b8a11a54db485480b96d4d6edb3 1a188a98332d4b009eb7cb7affc4cdd6 - - default default] 10.0.0.120 "POST /v2.0/routers HTTP/1.1" status: 201 len: 769 time: 0.1590874
2026-05-12 12:42:02.835 10 WARNING neutron_lib.context [None req-eedd32c8-1c81-4dd3-95af-5f152930912b b1794b8a11a54db485480b96d4d6edb3 1a188a98332d4b009eb7cb7affc4cdd6 - - default default] Method 'is_advsvc' is deprecated since 2023.2 release (neutron-lib 3.8.0) and will be removed once support for the old RBAC API policies will be removed from Neutron. Please use method 'is_service_role' instead.
2026-05-12 12:42:02.987 10 INFO neutron.db.ovn_revision_numbers_db [None req-eedd32c8-1c81-4dd3-95af-5f152930912b b1794b8a11a54db485480b96d4d6edb3 1a188a98332d4b009eb7cb7affc4cdd6 - - default default] Successfully bumped revision number for resource f4e95e6b-ce41-401c-bffb-ac6c349390af (type: routers) to 1
2026-05-12 12:42:03.006 10 INFO neutron.api.wsgi [None req-eedd32c8-1c81-4dd3-95af-5f152930912b b1794b8a11a54db485480b96d4d6edb3 1a188a98332d4b009eb7cb7affc4cdd6 - - default default] 10.0.0.120 "POST /v2.0/routers HTTP/1.1" status: 201 len: 769 time: 0.1752527
2026-05-12 12:42:03.017 9 WARNING neutron_lib.context [None req-6db3c6f6-6f66-4ed8-8de0-4d99486d36e0 b1794b8a11a54db485480b96d4d6edb3 1a188a98332d4b009eb7cb7affc4cdd6 - - default default] Method 'is_advsvc' is deprecated since 2023.2 release (neutron-lib 3.8.0) and will be removed once support for the old RBAC API policies will be removed from Neutron. Please use method 'is_service_role' instead.
2026-05-12 12:42:03.132 9 INFO neutron.db.ovn_revision_numbers_db [None req-6db3c6f6-6f66-4ed8-8de0-4d99486d36e0 b1794b8a11a54db485480b96d4d6edb3 1a188a98332d4b009eb7cb7affc4cdd6 - - default default] Successfully bumped revision number for resource df2bd5c1-2d9b-4070-b824-03cb0c681e69 (type: routers) to 1
2026-05-12 12:42:03.151 9 INFO neutron.api.wsgi [None req-6db3c6f6-6f66-4ed8-8de0-4d99486d36e0 b1794b8a11a54db485480b96d4d6edb3 1a188a98332d4b009eb7cb7affc4cdd6 - - default default] 10.0.0.120 "POST /v2.0/routers HTTP/1.1" status: 201 len: 769 time: 0.1383915
2026-05-12 12:42:03.153 10 INFO neutron.api.wsgi [None req-272d5823-c015-4191-a067-f415619aaa82 85eb682626334f1cb4a7f9e62e832022 eb40d53a15c24e2fad27c80cd1b4a3ab - - default default] 10.0.0.120 "DELETE /v2.0/floatingips/e8041615-3964-420f-b2c0-0490bd08e5aa HTTP/1.1" status: 204 len: 168 time: 0.3564758
2026-05-12 12:42:03.160 10 WARNING neutron_lib.context [None req-aafd2221-f121-4db0-9c21-dc51c9eb00af b1794b8a11a54db485480b96d4d6edb3 1a188a98332d4b009eb7cb7affc4cdd6 - - default default] Method 'is_advsvc' is deprecated since 2023.2 release (neutron-lib 3.8.0) and will be removed once support for the old RBAC API policies will be removed from Neutron. Please use method 'is_service_role' instead.
2026-05-12 12:42:03.285 10 INFO neutron.db.ovn_revision_numbers_db [None req-aafd2221-f121-4db0-9c21-dc51c9eb00af b1794b8a11a54db485480b96d4d6edb3 1a188a98332d4b009eb7cb7affc4cdd6 - - default default] Successfully bumped revision number for resource 7f531b61-baad-41c0-8fb2-c6037cb80e3e (type: routers) to 1
2026-05-12 12:42:03.302 10 INFO neutron.api.wsgi [None req-aafd2221-f121-4db0-9c21-dc51c9eb00af b1794b8a11a54db485480b96d4d6edb3 1a188a98332d4b009eb7cb7affc4cdd6 - - default default] 10.0.0.120 "POST /v2.0/routers HTTP/1.1" status: 201 len: 769 time: 0.1456912
2026-05-12 12:42:03.360 10 INFO neutron.api.wsgi [None req-53b52b9a-cd5a-443c-9bda-8900121b3770 b1794b8a11a54db485480b96d4d6edb3 1a188a98332d4b009eb7cb7affc4cdd6 - - default default] 10.0.0.120 "PUT /v2.0/routers/9170eb3f-ac9c-481e-8f06-48d1a5939aef/tags HTTP/1.1" status: 200 len: 210 time: 0.0523331
2026-05-12 12:42:03.411 10 INFO neutron.api.wsgi [None req-e0ec072c-e144-4212-ac0e-fd50afc509b0 b1794b8a11a54db485480b96d4d6edb3 1a188a98332d4b009eb7cb7affc4cdd6 - - default default] 10.0.0.120 "PUT /v2.0/routers/a0593283-b200-4a32-8be3-45d94fc8907d/tags HTTP/1.1" status: 200 len: 218 time: 0.0466940
2026-05-12 12:42:03.467 9 INFO neutron.api.wsgi [None req-9a2a6284-a04e-4731-9e21-4fe538042b95 b1794b8a11a54db485480b96d4d6edb3 1a188a98332d4b009eb7cb7affc4cdd6 - - default default] 10.0.0.120 "PUT /v2.0/routers/f4e95e6b-ce41-401c-bffb-ac6c349390af/tags HTTP/1.1" status: 200 len: 227 time: 0.0499010
2026-05-12 12:42:03.515 9 INFO neutron.api.wsgi [None req-5c835377-8944-4b8f-a1aa-cfe74fe0f2eb 85eb682626334f1cb4a7f9e62e832022 eb40d53a15c24e2fad27c80cd1b4a3ab - - default default] 10.0.0.120 "DELETE /v2.0/floatingips/33ab938d-3457-42b8-b007-cc7c1b08510c HTTP/1.1" status: 204 len: 168 time: 0.3574162
2026-05-12 12:42:03.526 9 INFO neutron.api.wsgi [None req-3702637f-e8a0-4200-8c59-44c35785983c b1794b8a11a54db485480b96d4d6edb3 1a188a98332d4b009eb7cb7affc4cdd6 - - default default] 10.0.0.120 "PUT /v2.0/routers/df2bd5c1-2d9b-4070-b824-03cb0c681e69/tags HTTP/1.1" status: 200 len: 212 time: 0.0545900
2026-05-12 12:42:03.603 10 INFO neutron.api.wsgi [None req-75f6d09c-5522-4343-bf6c-d6cb71861dcb b1794b8a11a54db485480b96d4d6edb3 1a188a98332d4b009eb7cb7affc4cdd6 - - default default] 10.0.0.120 "GET /v2.0/routers?tags=red HTTP/1.1" status: 200 len: 1946 time: 0.0703876
2026-05-12 12:42:03.672 10 INFO neutron.api.wsgi [None req-fd267bf8-54e0-40bc-be74-408f631bdc9a b1794b8a11a54db485480b96d4d6edb3 1a188a98332d4b009eb7cb7affc4cdd6 - - default default] 10.0.0.120 "GET /v2.0/routers?tags=red%2Cblue HTTP/1.1" status: 200 len: 1375 time: 0.0611000
2026-05-12 12:42:03.751 10 INFO neutron.api.wsgi [None req-7c2111f9-92da-4326-b250-f31947688431 b1794b8a11a54db485480b96d4d6edb3 1a188a98332d4b009eb7cb7affc4cdd6 - - default default] 10.0.0.120 "GET /v2.0/routers?tags-any=blue HTTP/1.1" status: 200 len: 1375 time: 0.0679421
2026-05-12 12:42:03.818 9 INFO neutron.api.wsgi [None req-e694aee6-b28c-47a7-8781-0bcdf5119ef3 b1794b8a11a54db485480b96d4d6edb3 1a188a98332d4b009eb7cb7affc4cdd6 - - default default] 10.0.0.120 "GET /v2.0/routers?tags-any=red%2Cblue HTTP/1.1" status: 200 len: 1946 time: 0.0623305
2026-05-12 12:42:03.883 9 INFO neutron.api.wsgi [None req-09e2e997-2214-41d5-bdf6-f78ef3f61a1c b1794b8a11a54db485480b96d4d6edb3 1a188a98332d4b009eb7cb7affc4cdd6 - - default default] 10.0.0.120 "GET /v2.0/routers?not-tags=red HTTP/1.1" status: 200 len: 1347 time: 0.0612166
2026-05-12 12:42:03.943 9 INFO neutron.api.wsgi [None req-3c3e9264-88a7-4c99-bc34-83116cdcb0dd b1794b8a11a54db485480b96d4d6edb3 1a188a98332d4b009eb7cb7affc4cdd6 - - default default] 10.0.0.120 "GET /v2.0/routers?not-tags=red%2Cblue HTTP/1.1" status: 200 len: 1918 time: 0.0547438
2026-05-12 12:42:04.020 9 INFO neutron.api.wsgi [None req-fdcc2bae-3a91-4258-b147-889bbe44ddfe b1794b8a11a54db485480b96d4d6edb3 1a188a98332d4b009eb7cb7affc4cdd6 - - default default] 10.0.0.120 "GET /v2.0/routers?not-tags-any=blue HTTP/1.1" status: 200 len: 1918 time: 0.0725026
2026-05-12 12:42:04.024 9 INFO neutron.api.wsgi [None req-8a4fb760-8c5e-4cec-8fc8-4c9013be769c 85eb682626334f1cb4a7f9e62e832022 eb40d53a15c24e2fad27c80cd1b4a3ab - - default default] 10.0.0.120 "DELETE /v2.0/floatingips/d87901c2-d60c-4481-b3ae-c7991c6658bd HTTP/1.1" status: 204 len: 168 time: 0.5045793
2026-05-12 12:42:04.098 10 INFO neutron.api.wsgi [None req-b9455e60-2521-48a7-9f80-efdeba010018 b1794b8a11a54db485480b96d4d6edb3 1a188a98332d4b009eb7cb7affc4cdd6 - - default default] 10.0.0.120 "GET /v2.0/routers?not-tags-any=red%2Cblue HTTP/1.1" status: 200 len: 1347 time: 0.0728290
2026-05-12 12:42:04.146 9 INFO neutron.api.wsgi [None req-e717f66d-10d3-468f-8acc-3d46af6a707b b1794b8a11a54db485480b96d4d6edb3 1a188a98332d4b009eb7cb7affc4cdd6 - - default default] 10.0.0.120 "GET /v2.0/routers/9170eb3f-ac9c-481e-8f06-48d1a5939aef HTTP/1.1" status: 200 len: 775 time: 0.0375450
2026-05-12 12:42:04.495 9 INFO neutron.db.ovn_revision_numbers_db [None req-f279271a-4a6e-429f-8268-bf146bf98ef0 b1794b8a11a54db485480b96d4d6edb3 1a188a98332d4b009eb7cb7affc4cdd6 - - default default] Successfully bumped revision number for resource 9170eb3f-ac9c-481e-8f06-48d1a5939aef (type: routers) to 2
2026-05-12 12:42:04.502 9 INFO neutron.api.wsgi [None req-f279271a-4a6e-429f-8268-bf146bf98ef0 b1794b8a11a54db485480b96d4d6edb3 1a188a98332d4b009eb7cb7affc4cdd6 - - default default] 10.0.0.120 "PUT /v2.0/routers/9170eb3f-ac9c-481e-8f06-48d1a5939aef HTTP/1.1" status: 200 len: 775 time: 0.3486662
2026-05-12 12:42:04.529 9 INFO neutron.api.wsgi [None req-12bd4683-778d-43a1-b609-808785b6b6c3 b1794b8a11a54db485480b96d4d6edb3 1a188a98332d4b009eb7cb7affc4cdd6 - - default default] 10.0.0.120 "GET /v2.0/ports?device_id=9170eb3f-ac9c-481e-8f06-48d1a5939aef HTTP/1.1" status: 200 len: 205 time: 0.0195241
2026-05-12 12:42:04.563 10 INFO neutron.api.wsgi [-] 10.0.0.36 "GET / HTTP/1.1" status: 200 len: 247 time: 0.0012083
2026-05-12 12:42:04.566 9 INFO neutron.api.wsgi [-] 10.0.0.36 "GET / HTTP/1.1" status: 200 len: 247 time: 0.0037363
2026-05-12 12:42:04.783 10 INFO neutron.api.wsgi [None req-b083ce40-afad-4cf8-9dcc-14448c25f2a4 b1794b8a11a54db485480b96d4d6edb3 1a188a98332d4b009eb7cb7affc4cdd6 - - default default] 10.0.0.120 "DELETE /v2.0/routers/9170eb3f-ac9c-481e-8f06-48d1a5939aef HTTP/1.1" status: 204 len: 168 time: 0.2462866
2026-05-12 12:42:04.829 10 INFO neutron.api.wsgi [None req-405a7b3a-0cdb-4cb9-963a-905467ae1bb1 b1794b8a11a54db485480b96d4d6edb3 1a188a98332d4b009eb7cb7affc4cdd6 - - default default] 10.0.0.120 "GET /v2.0/routers/a0593283-b200-4a32-8be3-45d94fc8907d HTTP/1.1" status: 200 len: 783 time: 0.0396512
2026-05-12 12:42:05.227 9 INFO neutron.db.ovn_revision_numbers_db [None req-538932c6-84c0-410e-a065-953a882cf131 81032ca9546749779c89b5807960a1a5 32e17c06cc9449c7b6c3253151b5a7ce - - default default] Successfully bumped revision number for resource 9b565fb7-bb15-4faa-920f-5970b2060557 (type: security_groups) to 1
2026-05-12 12:42:05.242 9 INFO neutron.db.ovn_revision_numbers_db [None req-538932c6-84c0-410e-a065-953a882cf131 81032ca9546749779c89b5807960a1a5 32e17c06cc9449c7b6c3253151b5a7ce - - default default] Successfully bumped revision number for resource 6927f8c1-0a22-4a17-973f-32b94aa97584 (type: security_group_rules) to 0
2026-05-12 12:42:05.276 9 INFO neutron.db.ovn_revision_numbers_db [None req-538932c6-84c0-410e-a065-953a882cf131 81032ca9546749779c89b5807960a1a5 32e17c06cc9449c7b6c3253151b5a7ce - - default default] Successfully bumped revision number for resource 802252b9-497b-4592-99e7-87f0423491a9 (type: security_group_rules) to 0
2026-05-12 12:42:05.294 9 INFO neutron.db.ovn_revision_numbers_db [None req-538932c6-84c0-410e-a065-953a882cf131 81032ca9546749779c89b5807960a1a5 32e17c06cc9449c7b6c3253151b5a7ce - - default default] Successfully bumped revision number for resource f221a653-7167-430c-87aa-70e27dab07bd (type: security_group_rules) to 0
2026-05-12 12:42:05.315 9 INFO neutron.db.ovn_revision_numbers_db [None req-538932c6-84c0-410e-a065-953a882cf131 81032ca9546749779c89b5807960a1a5 32e17c06cc9449c7b6c3253151b5a7ce - - default default] Successfully bumped revision number for resource facc053d-d1a4-497d-9ec2-b999b3df484f (type: security_group_rules) to 0
2026-05-12 12:42:05.353 9 INFO neutron.api.wsgi [None req-538932c6-84c0-410e-a065-953a882cf131 81032ca9546749779c89b5807960a1a5 32e17c06cc9449c7b6c3253151b5a7ce - - default default] 10.0.0.120 "GET /v2.0/security-groups?tenant_id=ec2ddb3ed82b49b8a451d76616d851aa&name=default HTTP/1.1" status: 200 len: 3120 time: 0.4550910
2026-05-12 12:42:05.474 10 INFO neutron.db.ovn_revision_numbers_db [None req-2d65a090-86bd-4f57-802d-649d20303bf3 b1794b8a11a54db485480b96d4d6edb3 1a188a98332d4b009eb7cb7affc4cdd6 - - default default] Successfully bumped revision number for resource a0593283-b200-4a32-8be3-45d94fc8907d (type: routers) to 2
2026-05-12 12:42:05.482 10 INFO neutron.api.wsgi [None req-2d65a090-86bd-4f57-802d-649d20303bf3 b1794b8a11a54db485480b96d4d6edb3 1a188a98332d4b009eb7cb7affc4cdd6 - - default default] 10.0.0.120 "PUT /v2.0/routers/a0593283-b200-4a32-8be3-45d94fc8907d HTTP/1.1" status: 200 len: 783 time: 0.6493123
2026-05-12 12:42:05.507 10 INFO neutron.api.wsgi [None req-df59363a-d656-46e5-a8f4-543438866315 b1794b8a11a54db485480b96d4d6edb3 1a188a98332d4b009eb7cb7affc4cdd6 - - default default] 10.0.0.120 "GET /v2.0/ports?device_id=a0593283-b200-4a32-8be3-45d94fc8907d HTTP/1.1" status: 200 len: 205 time: 0.0190516
2026-05-12 12:42:05.595 9 INFO neutron.api.wsgi [None req-39bcc37f-c8a8-43a1-9b7a-ce2ffb178774 81032ca9546749779c89b5807960a1a5 32e17c06cc9449c7b6c3253151b5a7ce - - default default] 10.0.0.120 "DELETE /v2.0/security-groups/9b565fb7-bb15-4faa-920f-5970b2060557 HTTP/1.1" status: 204 len: 168 time: 0.2319155
2026-05-12 12:42:05.729 10 INFO neutron.api.wsgi [None req-66b4cd82-ad0a-4979-a69a-f581ffd61d8c b1794b8a11a54db485480b96d4d6edb3 1a188a98332d4b009eb7cb7affc4cdd6 - - default default] 10.0.0.120 "DELETE /v2.0/routers/a0593283-b200-4a32-8be3-45d94fc8907d HTTP/1.1" status: 204 len: 168 time: 0.2141466
2026-05-12 12:42:05.772 10 INFO neutron.api.wsgi [None req-26fed4fc-a4df-4d9a-b8fa-3df04a89a324 b1794b8a11a54db485480b96d4d6edb3 1a188a98332d4b009eb7cb7affc4cdd6 - - default default] 10.0.0.120 "GET /v2.0/routers/f4e95e6b-ce41-401c-bffb-ac6c349390af HTTP/1.1" status: 200 len: 792 time: 0.0381608
2026-05-12 12:42:05.995 10 INFO neutron.db.ovn_revision_numbers_db [None req-225aed57-925e-4ac2-9a16-a2dc85e96719 81032ca9546749779c89b5807960a1a5 32e17c06cc9449c7b6c3253151b5a7ce - - default default] Successfully bumped revision number for resource b209c421-a676-4d04-87b5-8c09c50f1d8a (type: security_groups) to 1
2026-05-12 12:42:06.022 10 INFO neutron.db.ovn_revision_numbers_db [None req-225aed57-925e-4ac2-9a16-a2dc85e96719 81032ca9546749779c89b5807960a1a5 32e17c06cc9449c7b6c3253151b5a7ce - - default default] Successfully bumped revision number for resource 059bdf89-6cdb-4b18-b050-f2e5a0015bd5 (type: security_group_rules) to 0
2026-05-12 12:42:06.049 10 INFO neutron.db.ovn_revision_numbers_db [None req-225aed57-925e-4ac2-9a16-a2dc85e96719 81032ca9546749779c89b5807960a1a5 32e17c06cc9449c7b6c3253151b5a7ce - - default default] Successfully bumped revision number for resource 3c2bca03-8c27-4d75-9c38-5b3d2d3975d4 (type: security_group_rules) to 0
2026-05-12 12:42:06.081 10 INFO neutron.db.ovn_revision_numbers_db [None req-225aed57-925e-4ac2-9a16-a2dc85e96719 81032ca9546749779c89b5807960a1a5 32e17c06cc9449c7b6c3253151b5a7ce - - default default] Successfully bumped revision number for resource 66e1c710-d7a6-4b83-a80c-df48578493a2 (type: security_group_rules) to 0
2026-05-12 12:42:06.116 10 INFO neutron.db.ovn_revision_numbers_db [None req-225aed57-925e-4ac2-9a16-a2dc85e96719 81032ca9546749779c89b5807960a1a5 32e17c06cc9449c7b6c3253151b5a7ce - - default default] Successfully bumped revision number for resource 9cab3044-a6a4-4213-bf03-d4c95f975dd8 (type: security_group_rules) to 0
