2026-05-12 12:39:00.885 10 INFO neutron.api.wsgi [req-9b7688a5-d41a-40d8-b801-8fd44ee40fe1 req-6d87612a-ec4a-41d6-b2a1-546793da1e44 340fdbd850dd452ba46b6b7024d0bb36 905959399bc544abafd29d15f86e406f - - default default] 10.0.0.244 "DELETE /v2.0/security-group-rules/1ca4795e-d17a-43cf-bdc4-df33b0f6f009 HTTP/1.1" status: 204 len: 173 time: 0.1613193
2026-05-12 12:39:00.931 10 INFO neutron.api.wsgi [req-c6e68399-7f6a-4da6-b4f5-d6e52a02052a req-96521930-421d-403d-935b-a4a5a29c7be6 340fdbd850dd452ba46b6b7024d0bb36 905959399bc544abafd29d15f86e406f - - default default] 10.0.0.244 "GET /v2.0/security-groups/8eeebded-80fa-4e12-acec-87d6eae4d68b HTTP/1.1" status: 200 len: 2509 time: 0.0267580
2026-05-12 12:39:01.005 10 INFO neutron.api.wsgi [req-d1aa09e7-bf80-4fde-9c94-cbfa5619a5fd req-053923d6-6c27-4045-ab81-56e49366caf4 db6db0673254489e8b764519cccb301e 0fcf9ac921d4465b9f4f5405f5737d9c - - default default] 10.0.0.244 "DELETE /v2.0/security-groups/ace06d22-2e16-4b21-8e98-4aa1c98bcfa7 HTTP/1.1" status: 204 len: 173 time: 0.1476862
2026-05-12 12:39:01.036 10 INFO neutron.api.v2.resource [req-a9e6e27b-16f6-459d-afc0-5abace9923fb req-9eb89c39-2120-4b4f-820a-6e034adb94a6 db6db0673254489e8b764519cccb301e 0fcf9ac921d4465b9f4f5405f5737d9c - - default default] show failed (client error): The resource could not be found.
2026-05-12 12:39:01.037 10 INFO neutron.api.wsgi [req-a9e6e27b-16f6-459d-afc0-5abace9923fb req-9eb89c39-2120-4b4f-820a-6e034adb94a6 db6db0673254489e8b764519cccb301e 0fcf9ac921d4465b9f4f5405f5737d9c - - default default] 10.0.0.244 "GET /v2.0/security-groups/ace06d22-2e16-4b21-8e98-4aa1c98bcfa7 HTTP/1.1" status: 404 len: 352 time: 0.0130644
2026-05-12 12:39:01.059 9 WARNING neutron.scheduler.dhcp_agent_scheduler [None req-7ddee52d-fe51-4d42-bf23-cc9b437f7232 da20427d69d0468d9e60991816335dc1 a7c9529ebcdd4793b578e5f56e9b1f7c - - default default] No more DHCP agents
2026-05-12 12:39:01.062 9 WARNING neutron.api.rpc.agentnotifiers.dhcp_rpc_agent_api [None req-7ddee52d-fe51-4d42-bf23-cc9b437f7232 da20427d69d0468d9e60991816335dc1 a7c9529ebcdd4793b578e5f56e9b1f7c - - default default] Unable to schedule network 4d4d4020-aeec-4e00-8beb-c74c7c9d1402: no agents available; will retry on subsequent port and subnet creation events.
2026-05-12 12:39:01.066 10 INFO neutron.api.wsgi [req-c6e68399-7f6a-4da6-b4f5-d6e52a02052a req-30b098d7-d7a3-4eb3-9e39-abf8a7ee7490 340fdbd850dd452ba46b6b7024d0bb36 905959399bc544abafd29d15f86e406f - - default default] 10.0.0.244 "DELETE /v2.0/security-groups/8eeebded-80fa-4e12-acec-87d6eae4d68b HTTP/1.1" status: 204 len: 173 time: 0.1296973
2026-05-12 12:39:01.077 10 INFO neutron.api.wsgi [req-08600d63-90a9-404a-884f-6e2b5675f308 req-94195405-bfa1-4d21-b893-8746f03b3a32 db6db0673254489e8b764519cccb301e 0fcf9ac921d4465b9f4f5405f5737d9c - - default default] 10.0.0.244 "GET /v2.0/security-groups/419c586a-49e1-428a-8c9f-3ccf60ee60c8 HTTP/1.1" status: 200 len: 1881 time: 0.0187330
2026-05-12 12:39:01.116 10 INFO neutron.api.wsgi [req-a92300dc-4dd1-497b-8584-c23d75443cb9 req-47bd9940-2f58-4f84-a37f-88bae8fea1d9 340fdbd850dd452ba46b6b7024d0bb36 905959399bc544abafd29d15f86e406f - - default default] 10.0.0.244 "GET /v2.0/security-groups/ead9d5e1-20f8-42ac-b17a-f00b7f549e20 HTTP/1.1" status: 200 len: 2509 time: 0.0332458
2026-05-12 12:39:01.213 9 INFO neutron.db.ovn_revision_numbers_db [None req-7ddee52d-fe51-4d42-bf23-cc9b437f7232 da20427d69d0468d9e60991816335dc1 a7c9529ebcdd4793b578e5f56e9b1f7c - - default default] Successfully bumped revision number for resource 830754c1-8b3c-491d-90e6-959f1d1f8c1a (type: ports) to 1
2026-05-12 12:39:01.220 10 INFO neutron.api.wsgi [req-08600d63-90a9-404a-884f-6e2b5675f308 req-e7fe6f1e-5580-4bd9-8763-c640f5f1c667 db6db0673254489e8b764519cccb301e 0fcf9ac921d4465b9f4f5405f5737d9c - - default default] 10.0.0.244 "DELETE /v2.0/security-groups/419c586a-49e1-428a-8c9f-3ccf60ee60c8 HTTP/1.1" status: 204 len: 173 time: 0.1336102
2026-05-12 12:39:01.251 10 INFO neutron.api.v2.resource [req-d65bfd2a-3774-40e8-a86d-613d5e4c3b4d req-20b11774-3690-4fc4-936e-b1bff50b494c db6db0673254489e8b764519cccb301e 0fcf9ac921d4465b9f4f5405f5737d9c - - default default] show failed (client error): The resource could not be found.
2026-05-12 12:39:01.253 10 INFO neutron.api.wsgi [req-d65bfd2a-3774-40e8-a86d-613d5e4c3b4d req-20b11774-3690-4fc4-936e-b1bff50b494c db6db0673254489e8b764519cccb301e 0fcf9ac921d4465b9f4f5405f5737d9c - - default default] 10.0.0.244 "GET /v2.0/security-groups/419c586a-49e1-428a-8c9f-3ccf60ee60c8 HTTP/1.1" status: 404 len: 352 time: 0.0128560
2026-05-12 12:39:01.257 10 INFO neutron.api.wsgi [req-a92300dc-4dd1-497b-8584-c23d75443cb9 req-7308a7a8-cdd0-41ee-8485-30b4200140dc 340fdbd850dd452ba46b6b7024d0bb36 905959399bc544abafd29d15f86e406f - - default default] 10.0.0.244 "DELETE /v2.0/security-groups/ead9d5e1-20f8-42ac-b17a-f00b7f549e20 HTTP/1.1" status: 204 len: 173 time: 0.1356101
2026-05-12 12:39:01.368 9 INFO neutron.db.ovn_revision_numbers_db [None req-7ddee52d-fe51-4d42-bf23-cc9b437f7232 da20427d69d0468d9e60991816335dc1 a7c9529ebcdd4793b578e5f56e9b1f7c - - default default] Successfully bumped revision number for resource 676cfd83-ff91-4d0e-b9b2-3e21897a9c20 (type: networks) to 1
2026-05-12 12:39:01.436 9 INFO neutron.db.ovn_revision_numbers_db [None req-1417181a-e0af-4711-9812-2c1e095f4473 - - - - - -] Successfully bumped revision number for resource a5254cc2-03e4-4e77-8d09-220ad8c6b1f6 (type: ports) to 5
2026-05-12 12:39:01.477 10 INFO neutron.api.wsgi [req-1f3ccb72-f619-4559-b9ca-5ef1dd46a62a req-ed3c076c-d6b5-4c36-8017-b73178e2cb46 db6db0673254489e8b764519cccb301e 0fcf9ac921d4465b9f4f5405f5737d9c - - default default] 10.0.0.244 "GET /v2.0/security-groups?tenant_id=0fcf9ac921d4465b9f4f5405f5737d9c HTTP/1.1" status: 200 len: 3121 time: 0.1985533
2026-05-12 12:39:01.554 10 INFO neutron.api.wsgi [req-1f3ccb72-f619-4559-b9ca-5ef1dd46a62a req-1ea1f6ef-7fe4-443b-bde8-901b399d3d29 db6db0673254489e8b764519cccb301e 0fcf9ac921d4465b9f4f5405f5737d9c - - default default] 10.0.0.244 "GET /v2.0/security-groups/b229a313-abbe-421e-b3e8-8de6c64eedaf HTTP/1.1" status: 200 len: 3118 time: 0.0698552
2026-05-12 12:39:01.613 10 INFO neutron.api.wsgi [req-1f3ccb72-f619-4559-b9ca-5ef1dd46a62a req-321dd237-cd3a-4088-814e-14367c141eab db6db0673254489e8b764519cccb301e 0fcf9ac921d4465b9f4f5405f5737d9c - - default default] 10.0.0.244 "GET /v2.0/security-groups/b229a313-abbe-421e-b3e8-8de6c64eedaf HTTP/1.1" status: 200 len: 3118 time: 0.0531483
2026-05-12 12:39:01.651 9 WARNING neutron.scheduler.dhcp_agent_scheduler [None req-7ddee52d-fe51-4d42-bf23-cc9b437f7232 da20427d69d0468d9e60991816335dc1 a7c9529ebcdd4793b578e5f56e9b1f7c - - default default] No more DHCP agents
2026-05-12 12:39:01.653 9 WARNING neutron.api.rpc.agentnotifiers.dhcp_rpc_agent_api [None req-7ddee52d-fe51-4d42-bf23-cc9b437f7232 da20427d69d0468d9e60991816335dc1 a7c9529ebcdd4793b578e5f56e9b1f7c - - default default] Unable to schedule network 676cfd83-ff91-4d0e-b9b2-3e21897a9c20: no agents available; will retry on subsequent port and subnet creation events.
2026-05-12 12:39:01.677 10 INFO neutron.api.v2.resource [req-99377a39-a6cd-4a50-bfc8-f082fc458de3 req-3ca2abaa-7d0d-44cd-a712-eb19f47814e1 db6db0673254489e8b764519cccb301e 0fcf9ac921d4465b9f4f5405f5737d9c - - default default] show failed (client error): The resource could not be found.
2026-05-12 12:39:01.678 10 INFO neutron.api.wsgi [req-99377a39-a6cd-4a50-bfc8-f082fc458de3 req-3ca2abaa-7d0d-44cd-a712-eb19f47814e1 db6db0673254489e8b764519cccb301e 0fcf9ac921d4465b9f4f5405f5737d9c - - default default] 10.0.0.244 "GET /v2.0/security-groups/419c586a-49e1-428a-8c9f-3ccf60ee60c8 HTTP/1.1" status: 404 len: 352 time: 0.0290425
2026-05-12 12:39:01.679 9 INFO neutron.db.ovn_revision_numbers_db [None req-bc560df7-6e87-4147-805c-58750c2b58a7 81032ca9546749779c89b5807960a1a5 32e17c06cc9449c7b6c3253151b5a7ce - - default default] Successfully bumped revision number for resource d52c325a-7830-4126-baad-fb0a34dd64b0 (type: ports) to 1
2026-05-12 12:39:01.715 10 INFO neutron.api.v2.resource [req-ecc6a90b-8e0e-4207-9aec-d55b30ebeb4b req-7922120d-856b-4166-9571-8ad7a0d1e046 db6db0673254489e8b764519cccb301e 0fcf9ac921d4465b9f4f5405f5737d9c - - default default] show failed (client error): The resource could not be found.
2026-05-12 12:39:01.716 10 INFO neutron.api.wsgi [req-ecc6a90b-8e0e-4207-9aec-d55b30ebeb4b req-7922120d-856b-4166-9571-8ad7a0d1e046 db6db0673254489e8b764519cccb301e 0fcf9ac921d4465b9f4f5405f5737d9c - - default default] 10.0.0.244 "GET /v2.0/security-groups/ace06d22-2e16-4b21-8e98-4aa1c98bcfa7 HTTP/1.1" status: 404 len: 352 time: 0.0163889
2026-05-12 12:39:01.740 9 INFO neutron.db.ovn_revision_numbers_db [None req-7ddee52d-fe51-4d42-bf23-cc9b437f7232 da20427d69d0468d9e60991816335dc1 a7c9529ebcdd4793b578e5f56e9b1f7c - - default default] Successfully bumped revision number for resource c3911e16-701b-4adf-83b2-1c18e24ae149 (type: ports) to 1
2026-05-12 12:39:01.756 10 INFO neutron.api.v2.resource [req-ca1ef656-696e-4b71-a8ea-a1881d0519e0 req-399e4367-e4dd-42a0-9bde-28c7782d28d8 db6db0673254489e8b764519cccb301e 0fcf9ac921d4465b9f4f5405f5737d9c - - default default] show failed (client error): The resource could not be found.
2026-05-12 12:39:01.757 10 INFO neutron.api.wsgi [req-ca1ef656-696e-4b71-a8ea-a1881d0519e0 req-399e4367-e4dd-42a0-9bde-28c7782d28d8 db6db0673254489e8b764519cccb301e 0fcf9ac921d4465b9f4f5405f5737d9c - - default default] 10.0.0.244 "GET /v2.0/security-groups/877f4257-aedd-44fc-9e53-1da5cdaff6ad HTTP/1.1" status: 404 len: 352 time: 0.0205281
2026-05-12 12:39:01.761 9 WARNING neutron.scheduler.dhcp_agent_scheduler [None req-bc560df7-6e87-4147-805c-58750c2b58a7 81032ca9546749779c89b5807960a1a5 32e17c06cc9449c7b6c3253151b5a7ce - - default default] No more DHCP agents
2026-05-12 12:39:01.762 9 WARNING neutron.api.rpc.agentnotifiers.dhcp_rpc_agent_api [None req-bc560df7-6e87-4147-805c-58750c2b58a7 81032ca9546749779c89b5807960a1a5 32e17c06cc9449c7b6c3253151b5a7ce - - default default] Unable to schedule network 48feb46a-9663-4120-88bc-448c882021ae: no agents available; will retry on subsequent port and subnet creation events.
2026-05-12 12:39:01.768 9 INFO neutron.api.wsgi [None req-7ddee52d-fe51-4d42-bf23-cc9b437f7232 da20427d69d0468d9e60991816335dc1 a7c9529ebcdd4793b578e5f56e9b1f7c - - default default] 10.0.0.120 "POST /v2.0/networks HTTP/1.1" status: 201 len: 1444 time: 2.1472785
2026-05-12 12:39:01.845 10 INFO neutron.api.wsgi [None req-728e68ce-61e2-4dc8-8aa2-e27ae8b295e9 da20427d69d0468d9e60991816335dc1 a7c9529ebcdd4793b578e5f56e9b1f7c - - default default] 10.0.0.120 "GET /v2.0/networks HTTP/1.1" status: 200 len: 2050 time: 0.0704606
2026-05-12 12:39:02.390 10 INFO neutron.api.wsgi [None req-046b38aa-63ae-452b-8d0a-991aade64f9a da20427d69d0468d9e60991816335dc1 a7c9529ebcdd4793b578e5f56e9b1f7c - - default default] 10.0.0.120 "DELETE /v2.0/networks/4d4d4020-aeec-4e00-8beb-c74c7c9d1402 HTTP/1.1" status: 204 len: 168 time: 0.5402792
2026-05-12 12:39:02.943 10 INFO neutron.services.segments.plugin [-] Segment 1ad0e925-ae91-46f2-a2a7-9cafdd0ae601 resource provider aggregate not found
2026-05-12 12:39:02.947 10 INFO neutron.services.segments.plugin [-] Segment 1ad0e925-ae91-46f2-a2a7-9cafdd0ae601 resource provider aggregate not found
2026-05-12 12:39:02.969 10 INFO neutron.services.segments.plugin [-] Segment 1ad0e925-ae91-46f2-a2a7-9cafdd0ae601 resource provider not found; error: Placement Client Error (4xx): {"errors": [{"status": 404, "title": "Not Found", "detail": "The resource could not be found.\n\n No resource provider with uuid 1ad0e925-ae91-46f2-a2a7-9cafdd0ae601 found for delete ", "request_id": "req-8d3348b7-7cd4-4bf2-8a2d-72e7435a7796"}]}
2026-05-12 12:39:02.971 10 INFO neutron.services.segments.plugin [-] Segment 1ad0e925-ae91-46f2-a2a7-9cafdd0ae601 resource provider not found; error: Placement Client Error (4xx): {"errors": [{"status": 404, "title": "Not Found", "detail": "The resource could not be found.\n\n No resource provider with uuid 1ad0e925-ae91-46f2-a2a7-9cafdd0ae601 found for delete ", "request_id": "req-77b3c271-aa1e-4500-965d-edae80d740a5"}]}
2026-05-12 12:39:03.025 10 INFO neutron.api.wsgi [None req-91fccb51-569a-42ef-bf6a-dda3ec3ee6f3 da20427d69d0468d9e60991816335dc1 a7c9529ebcdd4793b578e5f56e9b1f7c - - default default] 10.0.0.120 "DELETE /v2.0/networks/676cfd83-ff91-4d0e-b9b2-3e21897a9c20 HTTP/1.1" status: 204 len: 168 time: 0.6303434
2026-05-12 12:39:03.068 9 INFO neutron.db.ovn_revision_numbers_db [None req-bc560df7-6e87-4147-805c-58750c2b58a7 81032ca9546749779c89b5807960a1a5 32e17c06cc9449c7b6c3253151b5a7ce - - default default] Successfully bumped revision number for resource d52c325a-7830-4126-baad-fb0a34dd64b0 (type: router_ports) to 1
2026-05-12 12:39:03.074 9 INFO neutron.api.wsgi [None req-bc560df7-6e87-4147-805c-58750c2b58a7 81032ca9546749779c89b5807960a1a5 32e17c06cc9449c7b6c3253151b5a7ce - - default default] 10.0.0.120 "PUT /v2.0/routers/8ac1bbfd-d06c-49d4-aa56-bf86b64f1d06/add_router_interface HTTP/1.1" status: 200 len: 503 time: 3.5161443
2026-05-12 12:39:03.123 9 INFO neutron.api.wsgi [None req-8a7e2479-e05e-44f9-9e59-a78f80f442ad da20427d69d0468d9e60991816335dc1 a7c9529ebcdd4793b578e5f56e9b1f7c - - default default] 10.0.0.120 "GET /v2.0/networks HTTP/1.1" status: 200 len: 845 time: 0.0914648
2026-05-12 12:39:03.138 9 WARNING neutron_lib.context [None req-6e0463b1-8039-4d25-b7e3-b3ca4d330a7b da20427d69d0468d9e60991816335dc1 a7c9529ebcdd4793b578e5f56e9b1f7c - - default default] Method 'is_advsvc' is deprecated since 2023.2 release (neutron-lib 3.8.0) and will be removed once support for the old RBAC API policies will be removed from Neutron. Please use method 'is_service_role' instead.
2026-05-12 12:39:03.194 10 INFO neutron.api.wsgi [None req-4c80aef6-03cb-4461-b380-ebb33b89ae57 81032ca9546749779c89b5807960a1a5 32e17c06cc9449c7b6c3253151b5a7ce - - default default] 10.0.0.120 "PUT /v2.0/routers/60193146-690a-4f57-ac01-806887fc80cd/remove_router_interface HTTP/1.1" status: 200 len: 503 time: 1.9318228 /var/lib/openstack/lib/python3.12/site-packages/pycadf/identifier.py:71: UserWarning: Invalid uuid: neutron. To ensure interoperability, identifiers should be a valid uuid. warnings.warn(('Invalid uuid: %s. To ensure interoperability, '
2026-05-12 12:39:03.257 9 INFO neutron.db.segments_db [None req-6e0463b1-8039-4d25-b7e3-b3ca4d330a7b da20427d69d0468d9e60991816335dc1 a7c9529ebcdd4793b578e5f56e9b1f7c - - default default] Added segment a9b91243-b890-4afa-ad3e-1588865a25a2 of type geneve for network c74bf756-759b-412e-9e23-0b94c7b9df3b
2026-05-12 12:39:03.420 9 INFO neutron.db.ovn_revision_numbers_db [None req-6e0463b1-8039-4d25-b7e3-b3ca4d330a7b da20427d69d0468d9e60991816335dc1 a7c9529ebcdd4793b578e5f56e9b1f7c - - default default] Successfully bumped revision number for resource c74bf756-759b-412e-9e23-0b94c7b9df3b (type: networks) to 1
2026-05-12 12:39:03.604 10 WARNING neutron_lib.context [None req-3b8396f6-b636-4c73-a2d5-244081530625 da00f3621d7345f4bb9f06a1f323269b e967b5b50dad41d1a32c56051a7f6779 - - default default] Method 'is_advsvc' is deprecated since 2023.2 release (neutron-lib 3.8.0) and will be removed once support for the old RBAC API policies will be removed from Neutron. Please use method 'is_service_role' instead.
2026-05-12 12:39:03.631 9 WARNING neutron.scheduler.dhcp_agent_scheduler [None req-6e0463b1-8039-4d25-b7e3-b3ca4d330a7b da20427d69d0468d9e60991816335dc1 a7c9529ebcdd4793b578e5f56e9b1f7c - - default default] No more DHCP agents
2026-05-12 12:39:03.640 9 INFO neutron.api.wsgi [None req-0b9318fe-2809-4bbd-bb9d-db9af7acd822 81032ca9546749779c89b5807960a1a5 32e17c06cc9449c7b6c3253151b5a7ce - - default default] 10.0.0.120 "PUT /v2.0/routers/a3e0ae40-8f59-4a84-847b-f74b8e161ac6/remove_router_interface HTTP/1.1" status: 200 len: 503 time: 1.8613279
2026-05-12 12:39:03.640 9 WARNING neutron.api.rpc.agentnotifiers.dhcp_rpc_agent_api [None req-6e0463b1-8039-4d25-b7e3-b3ca4d330a7b da20427d69d0468d9e60991816335dc1 a7c9529ebcdd4793b578e5f56e9b1f7c - - default default] Unable to schedule network c74bf756-759b-412e-9e23-0b94c7b9df3b: no agents available; will retry on subsequent port and subnet creation events. /var/lib/openstack/lib/python3.12/site-packages/pycadf/identifier.py:71: UserWarning: Invalid uuid: neutron. To ensure interoperability, identifiers should be a valid uuid. warnings.warn(('Invalid uuid: %s. To ensure interoperability, '
2026-05-12 12:39:03.743 9 INFO neutron.db.ovn_revision_numbers_db [None req-6e0463b1-8039-4d25-b7e3-b3ca4d330a7b da20427d69d0468d9e60991816335dc1 a7c9529ebcdd4793b578e5f56e9b1f7c - - default default] Successfully bumped revision number for resource e14e0198-b076-4900-8068-c74fe7933551 (type: ports) to 1
2026-05-12 12:39:03.750 10 INFO neutron.db.ovn_revision_numbers_db [None req-3b8396f6-b636-4c73-a2d5-244081530625 da00f3621d7345f4bb9f06a1f323269b e967b5b50dad41d1a32c56051a7f6779 - - default default] Successfully bumped revision number for resource eacdc555-7ab4-4931-955a-a3f10f72a405 (type: security_groups) to 1
2026-05-12 12:39:03.765 10 INFO neutron.db.ovn_revision_numbers_db [None req-3b8396f6-b636-4c73-a2d5-244081530625 da00f3621d7345f4bb9f06a1f323269b e967b5b50dad41d1a32c56051a7f6779 - - default default] Successfully bumped revision number for resource 0136b984-ffb1-4c79-93c7-aa7dd83036ba (type: security_group_rules) to 0
2026-05-12 12:39:03.779 10 INFO neutron.db.ovn_revision_numbers_db [None req-3b8396f6-b636-4c73-a2d5-244081530625 da00f3621d7345f4bb9f06a1f323269b e967b5b50dad41d1a32c56051a7f6779 - - default default] Successfully bumped revision number for resource 49552510-24f2-4aab-9e31-34893a243afa (type: security_group_rules) to 0
2026-05-12 12:39:03.780 9 INFO neutron.api.wsgi [None req-6e0463b1-8039-4d25-b7e3-b3ca4d330a7b da20427d69d0468d9e60991816335dc1 a7c9529ebcdd4793b578e5f56e9b1f7c - - default default] 10.0.0.120 "POST /v2.0/networks HTTP/1.1" status: 201 len: 853 time: 0.6496952
2026-05-12 12:39:03.792 9 WARNING neutron_lib.context [None req-25d10832-f5d7-44c7-b602-c142ad8b0097 da20427d69d0468d9e60991816335dc1 a7c9529ebcdd4793b578e5f56e9b1f7c - - default default] Method 'is_advsvc' is deprecated since 2023.2 release (neutron-lib 3.8.0) and will be removed once support for the old RBAC API policies will be removed from Neutron. Please use method 'is_service_role' instead.
2026-05-12 12:39:03.832 10 INFO neutron.api.wsgi [None req-3b8396f6-b636-4c73-a2d5-244081530625 da00f3621d7345f4bb9f06a1f323269b e967b5b50dad41d1a32c56051a7f6779 - - default default] 10.0.0.120 "POST /v2.0/security-groups HTTP/1.1" status: 201 len: 1860 time: 0.2369678
2026-05-12 12:39:03.842 9 WARNING neutron_lib.context [None req-173826a9-06c7-44f8-beea-8255aca17bc2 da00f3621d7345f4bb9f06a1f323269b e967b5b50dad41d1a32c56051a7f6779 - - default default] Method 'is_advsvc' is deprecated since 2023.2 release (neutron-lib 3.8.0) and will be removed once support for the old RBAC API policies will be removed from Neutron. Please use method 'is_service_role' instead.
2026-05-12 12:39:03.898 9 INFO neutron.db.segments_db [None req-25d10832-f5d7-44c7-b602-c142ad8b0097 da20427d69d0468d9e60991816335dc1 a7c9529ebcdd4793b578e5f56e9b1f7c - - default default] Added segment 5652f068-dafd-4c16-a7af-0a7878ee053d of type geneve for network fa2e6aa6-88a3-4791-8dc0-3aa2df0568fe
2026-05-12 12:39:04.033 10 INFO neutron.api.wsgi [None req-90025912-ffbc-4701-b0cb-3ba8092d442a 81032ca9546749779c89b5807960a1a5 32e17c06cc9449c7b6c3253151b5a7ce - - default default] 10.0.0.120 "DELETE /v2.0/routers/60193146-690a-4f57-ac01-806887fc80cd HTTP/1.1" status: 204 len: 168 time: 0.8325710
2026-05-12 12:39:04.070 9 INFO neutron.db.ovn_revision_numbers_db [None req-173826a9-06c7-44f8-beea-8255aca17bc2 da00f3621d7345f4bb9f06a1f323269b e967b5b50dad41d1a32c56051a7f6779 - - default default] Successfully bumped revision number for resource 09382b34-bb69-4e39-8a5d-b568750ddda6 (type: security_group_rules) to 0
2026-05-12 12:39:04.093 9 INFO neutron.db.ovn_revision_numbers_db [None req-25d10832-f5d7-44c7-b602-c142ad8b0097 da20427d69d0468d9e60991816335dc1 a7c9529ebcdd4793b578e5f56e9b1f7c - - default default] Successfully bumped revision number for resource fa2e6aa6-88a3-4791-8dc0-3aa2df0568fe (type: networks) to 1
2026-05-12 12:39:04.117 9 INFO neutron.api.wsgi [None req-173826a9-06c7-44f8-beea-8255aca17bc2 da00f3621d7345f4bb9f06a1f323269b e967b5b50dad41d1a32c56051a7f6779 - - default default] 10.0.0.120 "POST /v2.0/security-group-rules HTTP/1.1" status: 201 len: 796 time: 0.2790051
2026-05-12 12:39:04.127 10 WARNING neutron_lib.context [None req-7c0bd4dc-f9b4-429b-947a-24bc2f520170 da00f3621d7345f4bb9f06a1f323269b e967b5b50dad41d1a32c56051a7f6779 - - default default] Method 'is_advsvc' is deprecated since 2023.2 release (neutron-lib 3.8.0) and will be removed once support for the old RBAC API policies will be removed from Neutron. Please use method 'is_service_role' instead.
2026-05-12 12:39:04.174 9 WARNING neutron.plugins.ml2.drivers.ovn.mech_driver.ovsdb.ovn_client [None req-15276909-eb7f-4aa6-a769-d70b5b48cb40 - - - - - -] No port found with ID 24816869-f397-4c88-911f-f5d87446e86a: RuntimeError: No port found with ID 24816869-f397-4c88-911f-f5d87446e86a
2026-05-12 12:39:04.174 9 INFO neutron.plugins.ml2.drivers.ovn.mech_driver.mech_driver [None req-15276909-eb7f-4aa6-a769-d70b5b48cb40 - - - - - -] OVN reports status up for port: 8424f59a-d4cd-4c36-ace4-5135db392a6a
2026-05-12 12:39:04.245 9 INFO neutron.plugins.ml2.drivers.ovn.mech_driver.mech_driver [None req-15276909-eb7f-4aa6-a769-d70b5b48cb40 - - - - - -] OVN reports status up for port: a5254cc2-03e4-4e77-8d09-220ad8c6b1f6
2026-05-12 12:39:04.268 9 INFO neutron.plugins.ml2.plugin [None req-15276909-eb7f-4aa6-a769-d70b5b48cb40 - - - - - -] Attempt 1 to provision port a5254cc2-03e4-4e77-8d09-220ad8c6b1f6
2026-05-12 12:39:04.276 10 INFO neutron.api.wsgi [None req-ccc060e0-de67-4216-9145-0f3643137134 81032ca9546749779c89b5807960a1a5 32e17c06cc9449c7b6c3253151b5a7ce - - default default] 10.0.0.120 "DELETE /v2.0/subnets/cc78363a-6daf-426b-94fe-8e2f96f4c1cb HTTP/1.1" status: 204 len: 168 time: 0.2383566
2026-05-12 12:39:04.317 10 INFO neutron.db.ovn_revision_numbers_db [None req-7c0bd4dc-f9b4-429b-947a-24bc2f520170 da00f3621d7345f4bb9f06a1f323269b e967b5b50dad41d1a32c56051a7f6779 - - default default] Successfully bumped revision number for resource d5b46049-e241-4c48-94d7-0e2b7c266833 (type: security_group_rules) to 0
2026-05-12 12:39:04.364 10 INFO neutron.api.wsgi [None req-7c0bd4dc-f9b4-429b-947a-24bc2f520170 da00f3621d7345f4bb9f06a1f323269b e967b5b50dad41d1a32c56051a7f6779 - - default default] 10.0.0.120 "POST /v2.0/security-group-rules HTTP/1.1" status: 201 len: 801 time: 0.2403593
2026-05-12 12:39:04.366 9 WARNING neutron.scheduler.dhcp_agent_scheduler [None req-25d10832-f5d7-44c7-b602-c142ad8b0097 da20427d69d0468d9e60991816335dc1 a7c9529ebcdd4793b578e5f56e9b1f7c - - default default] No more DHCP agents
2026-05-12 12:39:04.368 9 WARNING neutron.api.rpc.agentnotifiers.dhcp_rpc_agent_api [None req-25d10832-f5d7-44c7-b602-c142ad8b0097 da20427d69d0468d9e60991816335dc1 a7c9529ebcdd4793b578e5f56e9b1f7c - - default default] Unable to schedule network fa2e6aa6-88a3-4791-8dc0-3aa2df0568fe: no agents available; will retry on subsequent port and subnet creation events.
2026-05-12 12:39:04.372 10 WARNING neutron_lib.context [None req-02fd476e-c444-4de4-a1c1-3f15bcaae840 da00f3621d7345f4bb9f06a1f323269b e967b5b50dad41d1a32c56051a7f6779 - - default default] Method 'is_advsvc' is deprecated since 2023.2 release (neutron-lib 3.8.0) and will be removed once support for the old RBAC API policies will be removed from Neutron. Please use method 'is_service_role' instead.
2026-05-12 12:39:04.378 9 INFO neutron.plugins.ml2.drivers.ovn.mech_driver.mech_driver [None req-15276909-eb7f-4aa6-a769-d70b5b48cb40 - - - - - -] OVN reports status up for port: d52c325a-7830-4126-baad-fb0a34dd64b0
2026-05-12 12:39:04.397 9 INFO neutron.plugins.ml2.plugin [None req-15276909-eb7f-4aa6-a769-d70b5b48cb40 - - - - - -] Attempt 1 to provision port d52c325a-7830-4126-baad-fb0a34dd64b0
2026-05-12 12:39:04.509 9 INFO neutron.db.ovn_revision_numbers_db [None req-25d10832-f5d7-44c7-b602-c142ad8b0097 da20427d69d0468d9e60991816335dc1 a7c9529ebcdd4793b578e5f56e9b1f7c - - default default] Successfully bumped revision number for resource 0455ad38-05e4-491b-bd8f-b6e60a7f9b74 (type: ports) to 1
2026-05-12 12:39:04.560 9 INFO neutron.api.wsgi [None req-25d10832-f5d7-44c7-b602-c142ad8b0097 da20427d69d0468d9e60991816335dc1 a7c9529ebcdd4793b578e5f56e9b1f7c - - default default] 10.0.0.120 "POST /v2.0/networks HTTP/1.1" status: 201 len: 853 time: 0.7743168
2026-05-12 12:39:04.563 9 INFO neutron.api.wsgi [-] 10.0.0.36 "GET / HTTP/1.1" status: 200 len: 247 time: 0.0014944
2026-05-12 12:39:04.565 9 INFO neutron.api.wsgi [-] 10.0.0.36 "GET / HTTP/1.1" status: 200 len: 247 time: 0.0012167
2026-05-12 12:39:04.577 9 WARNING neutron_lib.context [None req-d3cdf1ea-d2b0-4908-bd0a-cb2b7d0caa93 da20427d69d0468d9e60991816335dc1 a7c9529ebcdd4793b578e5f56e9b1f7c - - default default] Method 'is_advsvc' is deprecated since 2023.2 release (neutron-lib 3.8.0) and will be removed once support for the old RBAC API policies will be removed from Neutron. Please use method 'is_service_role' instead.
2026-05-12 12:39:04.634 10 WARNING neutron.scheduler.dhcp_agent_scheduler [None req-02fd476e-c444-4de4-a1c1-3f15bcaae840 da00f3621d7345f4bb9f06a1f323269b e967b5b50dad41d1a32c56051a7f6779 - - default default] No more DHCP agents
2026-05-12 12:39:04.636 10 WARNING neutron.api.rpc.agentnotifiers.dhcp_rpc_agent_api [None req-02fd476e-c444-4de4-a1c1-3f15bcaae840 da00f3621d7345f4bb9f06a1f323269b e967b5b50dad41d1a32c56051a7f6779 - - default default] Unable to schedule network 21c26207-72a1-4f08-9de0-efc892f7f37c: no agents available; will retry on subsequent port and subnet creation events.
2026-05-12 12:39:04.717 10 INFO neutron.api.wsgi [None req-73cd1ff3-c201-4d83-8122-6e55d76f93dc 81032ca9546749779c89b5807960a1a5 32e17c06cc9449c7b6c3253151b5a7ce - - default default] 10.0.0.120 "DELETE /v2.0/networks/120f64ab-ff0d-4507-a207-ba51cbf28ad8 HTTP/1.1" status: 204 len: 168 time: 0.4365299
2026-05-12 12:39:04.794 9 INFO neutron.api.wsgi [None req-3db64ef3-dd7a-4968-b742-7d55b1903962 81032ca9546749779c89b5807960a1a5 32e17c06cc9449c7b6c3253151b5a7ce - - default default] 10.0.0.120 "DELETE /v2.0/routers/a3e0ae40-8f59-4a84-847b-f74b8e161ac6 HTTP/1.1" status: 204 len: 168 time: 1.1489384
2026-05-12 12:39:04.797 9 WARNING neutron_lib.context [None req-d3cdf1ea-d2b0-4908-bd0a-cb2b7d0caa93 da20427d69d0468d9e60991816335dc1 a7c9529ebcdd4793b578e5f56e9b1f7c - - default default] Method 'is_advsvc' is deprecated since 2023.2 release (neutron-lib 3.8.0) and will be removed once support for the old RBAC API policies will be removed from Neutron. Please use method 'is_service_role' instead.
2026-05-12 12:39:04.907 10 INFO neutron.api.wsgi [None req-3a9ebce1-97a1-4c0b-971a-126514dd0beb 81032ca9546749779c89b5807960a1a5 32e17c06cc9449c7b6c3253151b5a7ce - - default default] 10.0.0.120 "GET /v2.0/security-groups?tenant_id=905959399bc544abafd29d15f86e406f&name=default HTTP/1.1" status: 200 len: 3116 time: 0.0531330
2026-05-12 12:39:04.995 10 INFO neutron.services.segments.plugin [-] Segment 38ceadcf-4170-4204-80cf-64934060a8a9 resource provider aggregate not found
2026-05-12 12:39:04.997 10 INFO neutron.services.segments.plugin [-] Segment 38ceadcf-4170-4204-80cf-64934060a8a9 resource provider aggregate not found
2026-05-12 12:39:05.015 10 INFO neutron.services.segments.plugin [-] Segment 38ceadcf-4170-4204-80cf-64934060a8a9 resource provider not found; error: Placement Client Error (4xx): {"errors": [{"status": 404, "title": "Not Found", "detail": "The resource could not be found.\n\n No resource provider with uuid 38ceadcf-4170-4204-80cf-64934060a8a9 found for delete ", "request_id": "req-cb084c27-44de-484f-a9ae-3da10cf332a7"}]}
2026-05-12 12:39:05.020 10 INFO neutron.services.segments.plugin [-] Segment 38ceadcf-4170-4204-80cf-64934060a8a9 resource provider not found; error: Placement Client Error (4xx): {"errors": [{"status": 404, "title": "Not Found", "detail": "The resource could not be found.\n\n No resource provider with uuid 38ceadcf-4170-4204-80cf-64934060a8a9 found for delete ", "request_id": "req-41dece7b-fedf-4139-9b67-449ae123ad9b"}]}
2026-05-12 12:39:05.035 10 INFO neutron.services.segments.plugin [-] Segment ed969f04-741d-4e10-998b-8c0e25a39b26 resource provider aggregate not found
2026-05-12 12:39:05.041 10 INFO neutron.services.segments.plugin [-] Segment ed969f04-741d-4e10-998b-8c0e25a39b26 resource provider aggregate not found
2026-05-12 12:39:05.050 10 INFO neutron.services.segments.plugin [-] Segment ed969f04-741d-4e10-998b-8c0e25a39b26 resource provider not found; error: Placement Client Error (4xx): {"errors": [{"status": 404, "title": "Not Found", "detail": "The resource could not be found.\n\n No resource provider with uuid ed969f04-741d-4e10-998b-8c0e25a39b26 found for delete ", "request_id": "req-4d39e65f-de58-406b-8c44-9557862ba69a"}]}
2026-05-12 12:39:05.061 10 INFO neutron.api.wsgi [None req-02fd476e-c444-4de4-a1c1-3f15bcaae840 da00f3621d7345f4bb9f06a1f323269b e967b5b50dad41d1a32c56051a7f6779 - - default default] 10.0.0.120 "POST /v2.0/floatingips HTTP/1.1" status: 201 len: 751 time: 0.6923432
2026-05-12 12:39:05.062 10 INFO neutron.services.segments.plugin [-] Segment ed969f04-741d-4e10-998b-8c0e25a39b26 resource provider not found; error: Placement Client Error (4xx): {"errors": [{"status": 404, "title": "Not Found", "detail": "The resource could not be found.\n\n No resource provider with uuid ed969f04-741d-4e10-998b-8c0e25a39b26 found for delete ", "request_id": "req-e2ac6600-c241-4e94-82e3-e39f66afa8f5"}]}
2026-05-12 12:39:05.083 10 INFO neutron.api.wsgi [None req-44c4ff43-4815-4cd8-867e-3754fcca1f1d 81032ca9546749779c89b5807960a1a5 32e17c06cc9449c7b6c3253151b5a7ce - - default default] 10.0.0.120 "DELETE /v2.0/subnets/249071b3-8104-4476-8145-4feee43b642d HTTP/1.1" status: 204 len: 168 time: 0.2794454
2026-05-12 12:39:05.167 9 INFO neutron.db.ovn_revision_numbers_db [None req-15276909-eb7f-4aa6-a769-d70b5b48cb40 - - - - - -] Successfully bumped revision number for resource d52c325a-7830-4126-baad-fb0a34dd64b0 (type: ports) to 2
2026-05-12 12:39:05.224 10 INFO neutron.api.wsgi [None req-bf4dadfc-8e3e-414d-b266-fde186981f8a 81032ca9546749779c89b5807960a1a5 32e17c06cc9449c7b6c3253151b5a7ce - - default default] 10.0.0.120 "DELETE /v2.0/security-groups/381577c8-569e-4a20-8cf9-133a24721334 HTTP/1.1" status: 204 len: 168 time: 0.3072395
2026-05-12 12:39:05.318 9 WARNING neutron.scheduler.dhcp_agent_scheduler [None req-d3cdf1ea-d2b0-4908-bd0a-cb2b7d0caa93 da20427d69d0468d9e60991816335dc1 a7c9529ebcdd4793b578e5f56e9b1f7c - - default default] No more DHCP agents
2026-05-12 12:39:05.319 9 WARNING neutron.api.rpc.agentnotifiers.dhcp_rpc_agent_api [None req-d3cdf1ea-d2b0-4908-bd0a-cb2b7d0caa93 da20427d69d0468d9e60991816335dc1 a7c9529ebcdd4793b578e5f56e9b1f7c - - default default] Unable to schedule network c74bf756-759b-412e-9e23-0b94c7b9df3b: no agents available; will retry on subsequent port and subnet creation events.
2026-05-12 12:39:05.401 9 INFO neutron.db.ovn_revision_numbers_db [None req-d3cdf1ea-d2b0-4908-bd0a-cb2b7d0caa93 da20427d69d0468d9e60991816335dc1 a7c9529ebcdd4793b578e5f56e9b1f7c - - default default] Successfully bumped revision number for resource c04df64d-cacb-45cb-83e3-df52119581fd (type: ports) to 1
2026-05-12 12:39:05.444 9 WARNING neutron.scheduler.dhcp_agent_scheduler [None req-d3cdf1ea-d2b0-4908-bd0a-cb2b7d0caa93 da20427d69d0468d9e60991816335dc1 a7c9529ebcdd4793b578e5f56e9b1f7c - - default default] No more DHCP agents
2026-05-12 12:39:05.446 9 WARNING neutron.api.rpc.agentnotifiers.dhcp_rpc_agent_api [None req-d3cdf1ea-d2b0-4908-bd0a-cb2b7d0caa93 da20427d69d0468d9e60991816335dc1 a7c9529ebcdd4793b578e5f56e9b1f7c - - default default] Unable to schedule network fa2e6aa6-88a3-4791-8dc0-3aa2df0568fe: no agents available; will retry on subsequent port and subnet creation events.
2026-05-12 12:39:05.474 10 INFO neutron.api.wsgi [None req-a4b55d69-888f-4eff-9383-0b4df257286b 81032ca9546749779c89b5807960a1a5 32e17c06cc9449c7b6c3253151b5a7ce - - default default] 10.0.0.120 "DELETE /v2.0/networks/af30864e-552b-4e24-9bce-49994237159a HTTP/1.1" status: 204 len: 168 time: 0.3852808
2026-05-12 12:39:05.520 9 INFO neutron.db.ovn_revision_numbers_db [None req-d3cdf1ea-d2b0-4908-bd0a-cb2b7d0caa93 da20427d69d0468d9e60991816335dc1 a7c9529ebcdd4793b578e5f56e9b1f7c - - default default] Successfully bumped revision number for resource adfc48c4-b105-4cf6-bff6-816633771c0e (type: ports) to 1
2026-05-12 12:39:05.552 9 INFO neutron.api.wsgi [None req-d3cdf1ea-d2b0-4908-bd0a-cb2b7d0caa93 da20427d69d0468d9e60991816335dc1 a7c9529ebcdd4793b578e5f56e9b1f7c - - default default] 10.0.0.120 "POST /v2.0/ports HTTP/1.1" status: 201 len: 1705 time: 0.9812186 /var/lib/openstack/lib/python3.12/site-packages/pycadf/identifier.py:71: UserWarning: Invalid uuid: neutron. To ensure interoperability, identifiers should be a valid uuid. warnings.warn(('Invalid uuid: %s. To ensure interoperability, '
2026-05-12 12:39:05.601 10 INFO neutron.api.wsgi [req-5d49c13f-5259-49cc-90c3-fd6d3a9afad6 req-be3e6536-9699-4b2e-ae62-ff5169340b32 da00f3621d7345f4bb9f06a1f323269b e967b5b50dad41d1a32c56051a7f6779 - - default default] 10.0.0.244 "GET /v2.0/security-groups?name=tempest-securitygroup--1735389592&fields=id&tenant_id=e967b5b50dad41d1a32c56051a7f6779 HTTP/1.1" status: 200 len: 267 time: 0.0440688
2026-05-12 12:39:05.660 10 INFO neutron.api.wsgi [req-5d49c13f-5259-49cc-90c3-fd6d3a9afad6 req-8e733c33-cdbc-400c-9d02-1ca8ec22a9ff da00f3621d7345f4bb9f06a1f323269b e967b5b50dad41d1a32c56051a7f6779 - - default default] 10.0.0.244 "GET /v2.0/networks?id=48feb46a-9663-4120-88bc-448c882021ae HTTP/1.1" status: 200 len: 881 time: 0.0511906
2026-05-12 12:39:05.678 10 INFO neutron.api.wsgi [req-5d49c13f-5259-49cc-90c3-fd6d3a9afad6 req-b275c836-e03d-4458-aee1-e609292d6527 da00f3621d7345f4bb9f06a1f323269b e967b5b50dad41d1a32c56051a7f6779 - - default default] 10.0.0.244 "GET /v2.0/quotas/e967b5b50dad41d1a32c56051a7f6779 HTTP/1.1" status: 200 len: 491 time: 0.0109873
2026-05-12 12:39:05.680 9 INFO neutron.api.wsgi [None req-f2a70cd2-5280-4021-a374-2d9f07d0f33e 81032ca9546749779c89b5807960a1a5 32e17c06cc9449c7b6c3253151b5a7ce - - default default] 10.0.0.120 "GET /v2.0/security-groups?tenant_id=0fcf9ac921d4465b9f4f5405f5737d9c&name=default HTTP/1.1" status: 200 len: 3116 time: 0.0434797
2026-05-12 12:39:05.687 9 INFO neutron.api.wsgi [None req-0aac7ed0-bea8-4ed7-8083-79b6002f9a62 da20427d69d0468d9e60991816335dc1 a7c9529ebcdd4793b578e5f56e9b1f7c - - default default] 10.0.0.120 "GET /v2.0/ports HTTP/1.1" status: 200 len: 3212 time: 0.1287930
2026-05-12 12:39:05.812 10 INFO neutron.api.wsgi [req-5d49c13f-5259-49cc-90c3-fd6d3a9afad6 req-4f5ea4b9-ae3c-4288-99bd-9af94cf64dff da00f3621d7345f4bb9f06a1f323269b e967b5b50dad41d1a32c56051a7f6779 - - default default] 10.0.0.244 "GET /v2.0/ports?tenant_id=e967b5b50dad41d1a32c56051a7f6779&fields=id HTTP/1.1" status: 200 len: 302 time: 0.1272130
2026-05-12 12:39:05.998 10 INFO neutron.api.wsgi [None req-fe14770e-ae62-4883-b68d-d87581b3e62c 81032ca9546749779c89b5807960a1a5 32e17c06cc9449c7b6c3253151b5a7ce - - default default] 10.0.0.120 "DELETE /v2.0/security-groups/b229a313-abbe-421e-b3e8-8de6c64eedaf HTTP/1.1" status: 204 len: 168 time: 0.3120615
2026-05-12 12:39:06.040 9 INFO neutron.api.wsgi [None req-868edf05-0582-48f7-8b29-72a787778907 da20427d69d0468d9e60991816335dc1 a7c9529ebcdd4793b578e5f56e9b1f7c - - default default] 10.0.0.120 "DELETE /v2.0/ports/c04df64d-cacb-45cb-83e3-df52119581fd HTTP/1.1" status: 204 len: 168 time: 0.3494134
2026-05-12 12:39:06.319 9 INFO neutron.api.wsgi [None req-6a8dbd2f-97aa-4a77-8235-266e320eb564 da20427d69d0468d9e60991816335dc1 a7c9529ebcdd4793b578e5f56e9b1f7c - - default default] 10.0.0.120 "DELETE /v2.0/ports/adfc48c4-b105-4cf6-bff6-816633771c0e HTTP/1.1" status: 204 len: 168 time: 0.2749672
2026-05-12 12:39:06.340 10 INFO neutron.api.wsgi [req-5d49c13f-5259-49cc-90c3-fd6d3a9afad6 req-755a50a1-6b2d-433c-ae58-0bd4a1a83e2d 5ce2567bd6444aae8502e5c696294335 0585709910514915943bf3e368a6d362 - - 47381db344db47a48704c1a03e71a1b2 47381db344db47a48704c1a03e71a1b2] 10.0.0.244 "GET /v2.0/extensions HTTP/1.1" status: 200 len: 19298 time: 0.1176600
2026-05-12 12:39:06.365 9 INFO neutron.api.wsgi [None req-82e7d836-361a-4dea-a0e3-18ca49a399ba da20427d69d0468d9e60991816335dc1 a7c9529ebcdd4793b578e5f56e9b1f7c - - default default] 10.0.0.120 "GET /v2.0/ports HTTP/1.1" status: 200 len: 1718 time: 0.0402513
2026-05-12 12:39:06.375 9 WARNING neutron_lib.context [None req-40a6eec2-bd7c-45c8-bda1-ca506ef9aa5a da20427d69d0468d9e60991816335dc1 a7c9529ebcdd4793b578e5f56e9b1f7c - - default default] Method 'is_advsvc' is deprecated since 2023.2 release (neutron-lib 3.8.0) and will be removed once support for the old RBAC API policies will be removed from Neutron. Please use method 'is_service_role' instead.
2026-05-12 12:39:06.394 10 INFO neutron.api.wsgi [req-5d49c13f-5259-49cc-90c3-fd6d3a9afad6 req-da5a4eb2-8da5-41ef-836a-b9150832f297 5ce2567bd6444aae8502e5c696294335 0585709910514915943bf3e368a6d362 - - 47381db344db47a48704c1a03e71a1b2 47381db344db47a48704c1a03e71a1b2] 10.0.0.244 "GET /v2.0/networks/48feb46a-9663-4120-88bc-448c882021ae?fields=segments HTTP/1.1" status: 200 len: 212 time: 0.0445971
2026-05-12 12:39:06.458 10 INFO neutron.api.wsgi [req-5d49c13f-5259-49cc-90c3-fd6d3a9afad6 req-7e99e5e5-7a3c-4108-a7e9-66d4e6590f9c 5ce2567bd6444aae8502e5c696294335 0585709910514915943bf3e368a6d362 - - 47381db344db47a48704c1a03e71a1b2 47381db344db47a48704c1a03e71a1b2] 10.0.0.244 "GET /v2.0/networks/48feb46a-9663-4120-88bc-448c882021ae?fields=provider%3Aphysical_network&fields=provider%3Anetwork_type HTTP/1.1" status: 200 len: 277 time: 0.0585449
2026-05-12 12:39:06.474 9 INFO neutron.db.segments_db [None req-40a6eec2-bd7c-45c8-bda1-ca506ef9aa5a da20427d69d0468d9e60991816335dc1 a7c9529ebcdd4793b578e5f56e9b1f7c - - default default] Added segment 08c6694f-a986-4a65-95d3-aa7f4042b84a of type geneve for network 78d709e7-0eb9-4167-b16d-4c26c292cde3
2026-05-12 12:39:06.602 9 INFO neutron.db.ovn_revision_numbers_db [None req-40a6eec2-bd7c-45c8-bda1-ca506ef9aa5a da20427d69d0468d9e60991816335dc1 a7c9529ebcdd4793b578e5f56e9b1f7c - - default default] Successfully bumped revision number for resource 78d709e7-0eb9-4167-b16d-4c26c292cde3 (type: networks) to 1
2026-05-12 12:39:06.679 10 INFO neutron.api.wsgi [req-2ee0d024-fe44-4a75-8e0b-78ab06a8c56f req-417f194a-af86-4ac6-a41a-d7d6ea712f11 da00f3621d7345f4bb9f06a1f323269b e967b5b50dad41d1a32c56051a7f6779 - - default default] 10.0.0.244 "GET /v2.0/ports?device_id=8855dca3-a8ec-4ce7-b744-504fb0a6a567 HTTP/1.1" status: 200 len: 210 time: 0.0386047
2026-05-12 12:39:06.792 9 WARNING neutron.scheduler.dhcp_agent_scheduler [None req-40a6eec2-bd7c-45c8-bda1-ca506ef9aa5a da20427d69d0468d9e60991816335dc1 a7c9529ebcdd4793b578e5f56e9b1f7c - - default default] No more DHCP agents
2026-05-12 12:39:06.794 9 WARNING neutron.api.rpc.agentnotifiers.dhcp_rpc_agent_api [None req-40a6eec2-bd7c-45c8-bda1-ca506ef9aa5a da20427d69d0468d9e60991816335dc1 a7c9529ebcdd4793b578e5f56e9b1f7c - - default default] Unable to schedule network 78d709e7-0eb9-4167-b16d-4c26c292cde3: no agents available; will retry on subsequent port and subnet creation events.
2026-05-12 12:39:06.887 9 INFO neutron.db.ovn_revision_numbers_db [None req-40a6eec2-bd7c-45c8-bda1-ca506ef9aa5a da20427d69d0468d9e60991816335dc1 a7c9529ebcdd4793b578e5f56e9b1f7c - - default default] Successfully bumped revision number for resource 80cd701b-7f11-49e2-9f1f-4f34b7f131ce (type: ports) to 1
2026-05-12 12:39:06.911 9 INFO neutron.api.wsgi [None req-40a6eec2-bd7c-45c8-bda1-ca506ef9aa5a da20427d69d0468d9e60991816335dc1 a7c9529ebcdd4793b578e5f56e9b1f7c - - default default] 10.0.0.120 "POST /v2.0/networks HTTP/1.1" status: 201 len: 852 time: 0.5391552
2026-05-12 12:39:06.920 9 WARNING neutron_lib.context [None req-1a09d78d-4ff7-4709-b963-0657b2b7a1ab da20427d69d0468d9e60991816335dc1 a7c9529ebcdd4793b578e5f56e9b1f7c - - default default] Method 'is_advsvc' is deprecated since 2023.2 release (neutron-lib 3.8.0) and will be removed once support for the old RBAC API policies will be removed from Neutron. Please use method 'is_service_role' instead.
2026-05-12 12:39:07.022 9 INFO neutron.db.segments_db [None req-1a09d78d-4ff7-4709-b963-0657b2b7a1ab da20427d69d0468d9e60991816335dc1 a7c9529ebcdd4793b578e5f56e9b1f7c - - default default] Added segment 8b03e8e3-8a37-4024-9e1d-1b58fdc400a7 of type geneve for network 57a5a06e-13c9-452f-bce0-0ebe78aeadfe
2026-05-12 12:39:07.067 10 INFO neutron.services.segments.plugin [-] Segment 4258dd3b-ad83-497d-8321-b6e21a2ee57b resource provider aggregate not found
2026-05-12 12:39:07.082 10 INFO neutron.services.segments.plugin [-] Segment 4258dd3b-ad83-497d-8321-b6e21a2ee57b resource provider aggregate not found
2026-05-12 12:39:07.090 10 INFO neutron.services.segments.plugin [-] Segment 4258dd3b-ad83-497d-8321-b6e21a2ee57b resource provider not found; error: Placement Client Error (4xx): {"errors": [{"status": 404, "title": "Not Found", "detail": "The resource could not be found.\n\n No resource provider with uuid 4258dd3b-ad83-497d-8321-b6e21a2ee57b found for delete ", "request_id": "req-456506e9-25f5-466f-b220-3789967021ea"}]}
2026-05-12 12:39:07.097 10 INFO neutron.services.segments.plugin [-] Segment 4258dd3b-ad83-497d-8321-b6e21a2ee57b resource provider not found; error: Placement Client Error (4xx): {"errors": [{"status": 404, "title": "Not Found", "detail": "The resource could not be found.\n\n No resource provider with uuid 4258dd3b-ad83-497d-8321-b6e21a2ee57b found for delete ", "request_id": "req-b61840f9-4f28-4baf-92ba-c3b8c894eb8c"}]}
2026-05-12 12:39:07.174 9 INFO neutron.db.ovn_revision_numbers_db [None req-1a09d78d-4ff7-4709-b963-0657b2b7a1ab da20427d69d0468d9e60991816335dc1 a7c9529ebcdd4793b578e5f56e9b1f7c - - default default] Successfully bumped revision number for resource 57a5a06e-13c9-452f-bce0-0ebe78aeadfe (type: networks) to 1
2026-05-12 12:39:07.369 9 WARNING neutron.scheduler.dhcp_agent_scheduler [None req-1a09d78d-4ff7-4709-b963-0657b2b7a1ab da20427d69d0468d9e60991816335dc1 a7c9529ebcdd4793b578e5f56e9b1f7c - - default default] No more DHCP agents
2026-05-12 12:39:07.372 9 WARNING neutron.api.rpc.agentnotifiers.dhcp_rpc_agent_api [None req-1a09d78d-4ff7-4709-b963-0657b2b7a1ab da20427d69d0468d9e60991816335dc1 a7c9529ebcdd4793b578e5f56e9b1f7c - - default default] Unable to schedule network 57a5a06e-13c9-452f-bce0-0ebe78aeadfe: no agents available; will retry on subsequent port and subnet creation events.
2026-05-12 12:39:07.488 9 INFO neutron.db.ovn_revision_numbers_db [None req-1a09d78d-4ff7-4709-b963-0657b2b7a1ab da20427d69d0468d9e60991816335dc1 a7c9529ebcdd4793b578e5f56e9b1f7c - - default default] Successfully bumped revision number for resource 7ae8c30a-151d-4f74-8a97-0690bc73b1c4 (type: ports) to 1
2026-05-12 12:39:07.515 9 INFO neutron.api.wsgi [None req-1a09d78d-4ff7-4709-b963-0657b2b7a1ab da20427d69d0468d9e60991816335dc1 a7c9529ebcdd4793b578e5f56e9b1f7c - - default default] 10.0.0.120 "POST /v2.0/networks HTTP/1.1" status: 201 len: 852 time: 0.5995097
2026-05-12 12:39:07.524 9 INFO neutron.db.ovn_revision_numbers_db [None req-2037afe4-53c1-4c84-a6ad-2c31c79ac421 81032ca9546749779c89b5807960a1a5 32e17c06cc9449c7b6c3253151b5a7ce - - default default] Successfully bumped revision number for resource 3731fa85-65ba-4832-af08-a0210c5fbc64 (type: security_groups) to 1
2026-05-12 12:39:07.536 9 INFO neutron.db.ovn_revision_numbers_db [None req-2037afe4-53c1-4c84-a6ad-2c31c79ac421 81032ca9546749779c89b5807960a1a5 32e17c06cc9449c7b6c3253151b5a7ce - - default default] Successfully bumped revision number for resource 03e52fbc-e16d-4d04-a31b-117ed6fe5bf6 (type: security_group_rules) to 0
2026-05-12 12:39:07.580 9 INFO neutron.db.ovn_revision_numbers_db [None req-2037afe4-53c1-4c84-a6ad-2c31c79ac421 81032ca9546749779c89b5807960a1a5 32e17c06cc9449c7b6c3253151b5a7ce - - default default] Successfully bumped revision number for resource 516b2e93-4d98-4862-a711-f3f84180fb6e (type: security_group_rules) to 0
2026-05-12 12:39:07.594 9 INFO neutron.db.ovn_revision_numbers_db [None req-2037afe4-53c1-4c84-a6ad-2c31c79ac421 81032ca9546749779c89b5807960a1a5 32e17c06cc9449c7b6c3253151b5a7ce - - default default] Successfully bumped revision number for resource c4ae34e9-ace8-4597-a410-1769d5be1585 (type: security_group_rules) to 0
2026-05-12 12:39:07.615 9 INFO neutron.db.ovn_revision_numbers_db [None req-2037afe4-53c1-4c84-a6ad-2c31c79ac421 81032ca9546749779c89b5807960a1a5 32e17c06cc9449c7b6c3253151b5a7ce - - default default] Successfully bumped revision number for resource cc2fd454-e052-4c63-9a5e-ee18a6e09b64 (type: security_group_rules) to 0
2026-05-12 12:39:07.679 9 INFO neutron.db.segments_db [None req-2037afe4-53c1-4c84-a6ad-2c31c79ac421 81032ca9546749779c89b5807960a1a5 32e17c06cc9449c7b6c3253151b5a7ce - - default default] Added segment 4beac84c-4dc1-43a7-9c6f-c8f70988126d of type geneve for network a2ee3ea1-2eff-41f5-a704-599019462ade
2026-05-12 12:39:07.810 9 INFO neutron.db.ovn_revision_numbers_db [None req-2037afe4-53c1-4c84-a6ad-2c31c79ac421 81032ca9546749779c89b5807960a1a5 32e17c06cc9449c7b6c3253151b5a7ce - - default default] Successfully bumped revision number for resource a2ee3ea1-2eff-41f5-a704-599019462ade (type: networks) to 1
2026-05-12 12:39:07.826 10 INFO neutron.api.wsgi [req-785bb180-581a-4250-b78b-e3e164a49b85 req-dc5fcc9c-abb1-494f-8441-69e20c2a0887 da00f3621d7345f4bb9f06a1f323269b e967b5b50dad41d1a32c56051a7f6779 - - default default] 10.0.0.244 "GET /v2.0/ports?device_id=8855dca3-a8ec-4ce7-b744-504fb0a6a567 HTTP/1.1" status: 200 len: 210 time: 0.0206485
2026-05-12 12:39:08.015 10 WARNING neutron_lib.context [None req-a598c340-5ab3-480b-8b0b-f670a964338b da20427d69d0468d9e60991816335dc1 a7c9529ebcdd4793b578e5f56e9b1f7c - - default default] Method 'is_advsvc' is deprecated since 2023.2 release (neutron-lib 3.8.0) and will be removed once support for the old RBAC API policies will be removed from Neutron. Please use method 'is_service_role' instead.
2026-05-12 12:39:08.042 10 WARNING neutron_lib.context [None req-a598c340-5ab3-480b-8b0b-f670a964338b da20427d69d0468d9e60991816335dc1 a7c9529ebcdd4793b578e5f56e9b1f7c - - default default] Method 'is_advsvc' is deprecated since 2023.2 release (neutron-lib 3.8.0) and will be removed once support for the old RBAC API policies will be removed from Neutron. Please use method 'is_service_role' instead.
2026-05-12 12:39:08.076 9 WARNING neutron.scheduler.dhcp_agent_scheduler [None req-2037afe4-53c1-4c84-a6ad-2c31c79ac421 81032ca9546749779c89b5807960a1a5 32e17c06cc9449c7b6c3253151b5a7ce - - default default] No more DHCP agents
2026-05-12 12:39:08.078 9 WARNING neutron.api.rpc.agentnotifiers.dhcp_rpc_agent_api [None req-2037afe4-53c1-4c84-a6ad-2c31c79ac421 81032ca9546749779c89b5807960a1a5 32e17c06cc9449c7b6c3253151b5a7ce - - default default] Unable to schedule network a2ee3ea1-2eff-41f5-a704-599019462ade: no agents available; will retry on subsequent port and subnet creation events.
2026-05-12 12:39:08.154 9 INFO neutron.db.ovn_revision_numbers_db [None req-2037afe4-53c1-4c84-a6ad-2c31c79ac421 81032ca9546749779c89b5807960a1a5 32e17c06cc9449c7b6c3253151b5a7ce - - default default] Successfully bumped revision number for resource 7417e592-3b9a-4dd3-bb1f-6934e50bd9b1 (type: ports) to 1
2026-05-12 12:39:08.183 9 INFO neutron.api.wsgi [None req-2037afe4-53c1-4c84-a6ad-2c31c79ac421 81032ca9546749779c89b5807960a1a5 32e17c06cc9449c7b6c3253151b5a7ce - - default default] 10.0.0.120 "POST /v2.0/networks HTTP/1.1" status: 201 len: 949 time: 1.0702369
2026-05-12 12:39:08.185 10 INFO neutron.db.ovn_revision_numbers_db [None req-d085e2bb-97db-418a-b0da-aa6311629c2f 81032ca9546749779c89b5807960a1a5 32e17c06cc9449c7b6c3253151b5a7ce - - default default] Successfully bumped revision number for resource 4f745355-aeab-4b43-94fd-9b6d73efcec6 (type: security_groups) to 1
2026-05-12 12:39:08.202 10 INFO neutron.db.ovn_revision_numbers_db [None req-d085e2bb-97db-418a-b0da-aa6311629c2f 81032ca9546749779c89b5807960a1a5 32e17c06cc9449c7b6c3253151b5a7ce - - default default] Successfully bumped revision number for resource 2806b926-ad3b-4e2a-83f8-4e385d44dfa9 (type: security_group_rules) to 0
2026-05-12 12:39:08.228 10 INFO neutron.db.ovn_revision_numbers_db [None req-d085e2bb-97db-418a-b0da-aa6311629c2f 81032ca9546749779c89b5807960a1a5 32e17c06cc9449c7b6c3253151b5a7ce - - default default] Successfully bumped revision number for resource 4a756168-470b-4223-acb5-912fe7c5e985 (type: security_group_rules) to 0
2026-05-12 12:39:08.245 10 INFO neutron.db.ovn_revision_numbers_db [None req-d085e2bb-97db-418a-b0da-aa6311629c2f 81032ca9546749779c89b5807960a1a5 32e17c06cc9449c7b6c3253151b5a7ce - - default default] Successfully bumped revision number for resource 5040a330-f455-4157-8348-819b8d18731d (type: security_group_rules) to 0
2026-05-12 12:39:08.268 10 INFO neutron.db.ovn_revision_numbers_db [None req-d085e2bb-97db-418a-b0da-aa6311629c2f 81032ca9546749779c89b5807960a1a5 32e17c06cc9449c7b6c3253151b5a7ce - - default default] Successfully bumped revision number for resource cd3c77e0-a7ca-4e94-b1b9-15f7c7cb3fbd (type: security_group_rules) to 0
2026-05-12 12:39:08.341 9 WARNING neutron.scheduler.dhcp_agent_scheduler [None req-b8a4fd10-a6d1-4890-884f-ec66a58c461c 81032ca9546749779c89b5807960a1a5 32e17c06cc9449c7b6c3253151b5a7ce - - default default] No more DHCP agents
