2026-05-12 12:42:30.912 10 WARNING neutron.api.rpc.agentnotifiers.dhcp_rpc_agent_api [None req-32e09f49-2a50-4b10-8664-552aa6e81952 2e408147febf49abbc42cdceb8df0b50 d1f34c25e83e490b9bce8c74fe82b351 - - default default] Unable to schedule network 585abac6-9603-4b54-9430-0071b7f3f35d: no agents available; will retry on subsequent port and subnet creation events.
2026-05-12 12:42:31.000 10 WARNING neutron.scheduler.dhcp_agent_scheduler [None req-3c093ad9-401e-4b98-b565-6f10be4b692a 25511a4ecd4c4e229a3e86ce57a9de12 84dea411d49b44709a20269e4929d0d8 - - default default] No more DHCP agents
2026-05-12 12:42:31.004 10 WARNING neutron.api.rpc.agentnotifiers.dhcp_rpc_agent_api [None req-3c093ad9-401e-4b98-b565-6f10be4b692a 25511a4ecd4c4e229a3e86ce57a9de12 84dea411d49b44709a20269e4929d0d8 - - default default] Unable to schedule network 21c26207-72a1-4f08-9de0-efc892f7f37c: no agents available; will retry on subsequent port and subnet creation events.
2026-05-12 12:42:31.076 10 INFO neutron.db.ovn_revision_numbers_db [None req-32e09f49-2a50-4b10-8664-552aa6e81952 2e408147febf49abbc42cdceb8df0b50 d1f34c25e83e490b9bce8c74fe82b351 - - default default] Successfully bumped revision number for resource 25c9c990-ef1b-4503-89b3-9a1170c601bf (type: ports) to 1
2026-05-12 12:42:31.080 9 INFO neutron.api.wsgi [None req-55a7787f-8fe7-453a-bec1-634a5e5257c3 81032ca9546749779c89b5807960a1a5 32e17c06cc9449c7b6c3253151b5a7ce - - default default] 10.0.0.120 "DELETE /v2.0/security-groups/229fb721-8b44-49d8-966a-a362051b05e7 HTTP/1.1" status: 204 len: 168 time: 0.2494597
2026-05-12 12:42:31.147 10 INFO neutron.db.ovn_revision_numbers_db [None req-3c093ad9-401e-4b98-b565-6f10be4b692a 25511a4ecd4c4e229a3e86ce57a9de12 84dea411d49b44709a20269e4929d0d8 - - default default] Successfully bumped revision number for resource a0b96ed8-b327-4f07-9ed0-534506a5d114 (type: ports) to 1
2026-05-12 12:42:31.288 9 INFO neutron.db.ovn_revision_numbers_db [None req-ce44442f-1cc8-42f1-b794-c707b0170988 81032ca9546749779c89b5807960a1a5 32e17c06cc9449c7b6c3253151b5a7ce - - default default] Successfully bumped revision number for resource 65a67e1a-1e66-4cd4-8f44-185584c979ab (type: security_groups) to 1
2026-05-12 12:42:31.302 9 INFO neutron.db.ovn_revision_numbers_db [None req-ce44442f-1cc8-42f1-b794-c707b0170988 81032ca9546749779c89b5807960a1a5 32e17c06cc9449c7b6c3253151b5a7ce - - default default] Successfully bumped revision number for resource 8f60bee3-9a6f-4f1c-b539-c121e6bf4957 (type: security_group_rules) to 0
2026-05-12 12:42:31.316 9 INFO neutron.db.ovn_revision_numbers_db [None req-ce44442f-1cc8-42f1-b794-c707b0170988 81032ca9546749779c89b5807960a1a5 32e17c06cc9449c7b6c3253151b5a7ce - - default default] Successfully bumped revision number for resource c81f7148-24a8-4d8d-8130-6a99705d3c4f (type: security_group_rules) to 0
2026-05-12 12:42:31.331 9 INFO neutron.db.ovn_revision_numbers_db [None req-ce44442f-1cc8-42f1-b794-c707b0170988 81032ca9546749779c89b5807960a1a5 32e17c06cc9449c7b6c3253151b5a7ce - - default default] Successfully bumped revision number for resource d5d6fb1b-10dc-4ef3-a977-0d417dfdd4ae (type: security_group_rules) to 0
2026-05-12 12:42:31.345 9 INFO neutron.db.ovn_revision_numbers_db [None req-ce44442f-1cc8-42f1-b794-c707b0170988 81032ca9546749779c89b5807960a1a5 32e17c06cc9449c7b6c3253151b5a7ce - - default default] Successfully bumped revision number for resource fecd8660-be4b-4037-aaf1-f1466c2b8557 (type: security_group_rules) to 0
2026-05-12 12:42:31.385 9 INFO neutron.api.wsgi [None req-ce44442f-1cc8-42f1-b794-c707b0170988 81032ca9546749779c89b5807960a1a5 32e17c06cc9449c7b6c3253151b5a7ce - - default default] 10.0.0.120 "GET /v2.0/security-groups?tenant_id=d62fa4ff95e64f91bdc695cb61731ad1&name=default HTTP/1.1" status: 200 len: 3120 time: 0.2054842
2026-05-12 12:42:31.612 9 INFO neutron.api.wsgi [None req-5dbc4e21-d6ec-41b2-b7a1-5ae157238ac1 81032ca9546749779c89b5807960a1a5 32e17c06cc9449c7b6c3253151b5a7ce - - default default] 10.0.0.120 "DELETE /v2.0/security-groups/65a67e1a-1e66-4cd4-8f44-185584c979ab HTTP/1.1" status: 204 len: 168 time: 0.2219214
2026-05-12 12:42:31.854 10 INFO neutron.plugins.ml2.drivers.ovn.mech_driver.mech_driver [None req-2c017f42-c020-4dda-a8e5-51c14a0211ce - - - - - -] OVN reports status up for port: 25c9c990-ef1b-4503-89b3-9a1170c601bf
2026-05-12 12:42:31.868 10 INFO neutron.plugins.ml2.plugin [None req-2c017f42-c020-4dda-a8e5-51c14a0211ce - - - - - -] Attempt 1 to provision port 25c9c990-ef1b-4503-89b3-9a1170c601bf
2026-05-12 12:42:31.883 10 INFO neutron.db.ovn_revision_numbers_db [None req-32e09f49-2a50-4b10-8664-552aa6e81952 2e408147febf49abbc42cdceb8df0b50 d1f34c25e83e490b9bce8c74fe82b351 - - default default] Successfully bumped revision number for resource 25c9c990-ef1b-4503-89b3-9a1170c601bf (type: ports) to 1
2026-05-12 12:42:31.905 9 INFO neutron.db.ovn_revision_numbers_db [None req-009a9e9d-20df-4020-ae26-9383d82ee330 81032ca9546749779c89b5807960a1a5 32e17c06cc9449c7b6c3253151b5a7ce - - default default] Successfully bumped revision number for resource 83b9fde8-8c6a-4b27-bb37-a71559e78adb (type: security_groups) to 1
2026-05-12 12:42:31.912 10 INFO neutron.plugins.ml2.drivers.ovn.mech_driver.ovsdb.commands [None req-afde4e88-f316-4b5e-9444-45bf54fc070c - - - - - -] Schedule LRP lrp-a0b96ed8-b327-4f07-9ed0-534506a5d114 on gateway aa54491d-9319-4127-9ea3-129af324942d with priority 1
2026-05-12 12:42:31.924 9 INFO neutron.db.ovn_revision_numbers_db [None req-009a9e9d-20df-4020-ae26-9383d82ee330 81032ca9546749779c89b5807960a1a5 32e17c06cc9449c7b6c3253151b5a7ce - - default default] Successfully bumped revision number for resource 19991b5a-e4e7-40ba-8fc3-d6e1e5955fc2 (type: security_group_rules) to 0
2026-05-12 12:42:31.940 9 INFO neutron.db.ovn_revision_numbers_db [None req-009a9e9d-20df-4020-ae26-9383d82ee330 81032ca9546749779c89b5807960a1a5 32e17c06cc9449c7b6c3253151b5a7ce - - default default] Successfully bumped revision number for resource 88d7fc06-e4c4-4555-8a48-367ce54d1057 (type: security_group_rules) to 0
2026-05-12 12:42:31.956 9 INFO neutron.db.ovn_revision_numbers_db [None req-009a9e9d-20df-4020-ae26-9383d82ee330 81032ca9546749779c89b5807960a1a5 32e17c06cc9449c7b6c3253151b5a7ce - - default default] Successfully bumped revision number for resource 9e4dc8a6-19b0-4d21-8642-ce5ce6a4903f (type: security_group_rules) to 0
2026-05-12 12:42:31.971 9 INFO neutron.db.ovn_revision_numbers_db [None req-009a9e9d-20df-4020-ae26-9383d82ee330 81032ca9546749779c89b5807960a1a5 32e17c06cc9449c7b6c3253151b5a7ce - - default default] Successfully bumped revision number for resource ae90a724-b38d-4313-85d5-1fae82597851 (type: security_group_rules) to 0
2026-05-12 12:42:31.988 10 INFO neutron.db.ovn_revision_numbers_db [None req-3c093ad9-401e-4b98-b565-6f10be4b692a 25511a4ecd4c4e229a3e86ce57a9de12 84dea411d49b44709a20269e4929d0d8 - - default default] Successfully bumped revision number for resource a0b96ed8-b327-4f07-9ed0-534506a5d114 (type: router_ports) to 1
2026-05-12 12:42:31.990 10 WARNING neutron.scheduler.dhcp_agent_scheduler [None req-32e09f49-2a50-4b10-8664-552aa6e81952 2e408147febf49abbc42cdceb8df0b50 d1f34c25e83e490b9bce8c74fe82b351 - - default default] No more DHCP agents
2026-05-12 12:42:32.005 10 WARNING neutron.api.rpc.agentnotifiers.dhcp_rpc_agent_api [None req-32e09f49-2a50-4b10-8664-552aa6e81952 2e408147febf49abbc42cdceb8df0b50 d1f34c25e83e490b9bce8c74fe82b351 - - default default] Unable to schedule network 585abac6-9603-4b54-9430-0071b7f3f35d: no agents available; will retry on subsequent port and subnet creation events.
2026-05-12 12:42:32.014 9 INFO neutron.api.wsgi [None req-009a9e9d-20df-4020-ae26-9383d82ee330 81032ca9546749779c89b5807960a1a5 32e17c06cc9449c7b6c3253151b5a7ce - - default default] 10.0.0.120 "GET /v2.0/security-groups?tenant_id=2fbecebf2bd9494a96037839912fb411&name=default HTTP/1.1" status: 200 len: 3120 time: 0.2323074
2026-05-12 12:42:32.142 10 INFO neutron.db.ovn_revision_numbers_db [None req-3c093ad9-401e-4b98-b565-6f10be4b692a 25511a4ecd4c4e229a3e86ce57a9de12 84dea411d49b44709a20269e4929d0d8 - - default default] Successfully bumped revision number for resource ace743e3-7980-43b0-9196-99cebbe7a698 (type: routers) to 2
2026-05-12 12:42:32.166 10 INFO neutron.api.wsgi [None req-3c093ad9-401e-4b98-b565-6f10be4b692a 25511a4ecd4c4e229a3e86ce57a9de12 84dea411d49b44709a20269e4929d0d8 - - default default] 10.0.0.120 "POST /v2.0/routers HTTP/1.1" status: 201 len: 1134 time: 1.7395737
2026-05-12 12:42:32.289 9 INFO neutron.api.wsgi [None req-d1e66c77-9cc4-448f-88c0-be95e73febee 81032ca9546749779c89b5807960a1a5 32e17c06cc9449c7b6c3253151b5a7ce - - default default] 10.0.0.120 "DELETE /v2.0/security-groups/83b9fde8-8c6a-4b27-bb37-a71559e78adb HTTP/1.1" status: 204 len: 168 time: 0.2695773
2026-05-12 12:42:32.513 10 INFO neutron.db.ovn_revision_numbers_db [None req-2c017f42-c020-4dda-a8e5-51c14a0211ce - - - - - -] Successfully bumped revision number for resource 25c9c990-ef1b-4503-89b3-9a1170c601bf (type: ports) to 2
2026-05-12 12:42:32.662 10 INFO neutron.db.ovn_revision_numbers_db [None req-32e09f49-2a50-4b10-8664-552aa6e81952 2e408147febf49abbc42cdceb8df0b50 d1f34c25e83e490b9bce8c74fe82b351 - - default default] Successfully bumped revision number for resource 25c9c990-ef1b-4503-89b3-9a1170c601bf (type: router_ports) to 1
2026-05-12 12:42:32.668 10 INFO neutron.api.wsgi [None req-32e09f49-2a50-4b10-8664-552aa6e81952 2e408147febf49abbc42cdceb8df0b50 d1f34c25e83e490b9bce8c74fe82b351 - - default default] 10.0.0.120 "PUT /v2.0/routers/87032696-773a-4e60-b12a-ed0be13c0f48/add_router_interface HTTP/1.1" status: 200 len: 503 time: 2.5340581
2026-05-12 12:42:32.677 9 WARNING neutron_lib.context [None req-1e3aa893-c343-4652-bcea-abf1555043b6 2e408147febf49abbc42cdceb8df0b50 d1f34c25e83e490b9bce8c74fe82b351 - - default default] Method 'is_advsvc' is deprecated since 2023.2 release (neutron-lib 3.8.0) and will be removed once support for the old RBAC API policies will be removed from Neutron. Please use method 'is_service_role' instead.
2026-05-12 12:42:32.907 10 WARNING neutron.scheduler.dhcp_agent_scheduler [None req-64287a2d-37c0-47bc-b423-45bcc645a307 25511a4ecd4c4e229a3e86ce57a9de12 84dea411d49b44709a20269e4929d0d8 - - default default] No more DHCP agents
2026-05-12 12:42:32.909 10 WARNING neutron.api.rpc.agentnotifiers.dhcp_rpc_agent_api [None req-64287a2d-37c0-47bc-b423-45bcc645a307 25511a4ecd4c4e229a3e86ce57a9de12 84dea411d49b44709a20269e4929d0d8 - - default default] Unable to schedule network 055edf54-919c-49dc-aeec-0a5d4f0b3dba: no agents available; will retry on subsequent port and subnet creation events.
2026-05-12 12:42:33.020 9 WARNING neutron.scheduler.dhcp_agent_scheduler [None req-1e3aa893-c343-4652-bcea-abf1555043b6 2e408147febf49abbc42cdceb8df0b50 d1f34c25e83e490b9bce8c74fe82b351 - - default default] No more DHCP agents
2026-05-12 12:42:33.021 9 WARNING neutron.api.rpc.agentnotifiers.dhcp_rpc_agent_api [None req-1e3aa893-c343-4652-bcea-abf1555043b6 2e408147febf49abbc42cdceb8df0b50 d1f34c25e83e490b9bce8c74fe82b351 - - default default] Unable to schedule network 585abac6-9603-4b54-9430-0071b7f3f35d: no agents available; will retry on subsequent port and subnet creation events.
2026-05-12 12:42:33.045 10 INFO neutron.db.ovn_revision_numbers_db [None req-64287a2d-37c0-47bc-b423-45bcc645a307 25511a4ecd4c4e229a3e86ce57a9de12 84dea411d49b44709a20269e4929d0d8 - - default default] Successfully bumped revision number for resource 590491f8-0500-4d58-9811-bcab71e71e1a (type: ports) to 1
2026-05-12 12:42:33.158 9 INFO neutron.db.ovn_revision_numbers_db [None req-1e3aa893-c343-4652-bcea-abf1555043b6 2e408147febf49abbc42cdceb8df0b50 d1f34c25e83e490b9bce8c74fe82b351 - - default default] Successfully bumped revision number for resource 7764a9ce-5361-4a47-ba5b-429f19494459 (type: ports) to 1
2026-05-12 12:42:33.187 9 INFO neutron.api.wsgi [None req-1e3aa893-c343-4652-bcea-abf1555043b6 2e408147febf49abbc42cdceb8df0b50 d1f34c25e83e490b9bce8c74fe82b351 - - default default] 10.0.0.120 "POST /v2.0/ports HTTP/1.1" status: 201 len: 1154 time: 0.5146410 /var/lib/openstack/lib/python3.12/site-packages/pycadf/identifier.py:71: UserWarning: Invalid uuid: neutron. To ensure interoperability, identifiers should be a valid uuid. warnings.warn(('Invalid uuid: %s. To ensure interoperability, '
2026-05-12 12:42:33.199 9 WARNING neutron_lib.context [None req-312ff6a2-6d8f-4a5a-8a43-e1c0c1f65f4f 2e408147febf49abbc42cdceb8df0b50 d1f34c25e83e490b9bce8c74fe82b351 - - default default] Method 'is_advsvc' is deprecated since 2023.2 release (neutron-lib 3.8.0) and will be removed once support for the old RBAC API policies will be removed from Neutron. Please use method 'is_service_role' instead.
2026-05-12 12:42:33.537 9 WARNING neutron.scheduler.dhcp_agent_scheduler [None req-312ff6a2-6d8f-4a5a-8a43-e1c0c1f65f4f 2e408147febf49abbc42cdceb8df0b50 d1f34c25e83e490b9bce8c74fe82b351 - - default default] No more DHCP agents
2026-05-12 12:42:33.538 9 WARNING neutron.api.rpc.agentnotifiers.dhcp_rpc_agent_api [None req-312ff6a2-6d8f-4a5a-8a43-e1c0c1f65f4f 2e408147febf49abbc42cdceb8df0b50 d1f34c25e83e490b9bce8c74fe82b351 - - default default] Unable to schedule network 585abac6-9603-4b54-9430-0071b7f3f35d: no agents available; will retry on subsequent port and subnet creation events.
2026-05-12 12:42:33.672 9 INFO neutron.db.ovn_revision_numbers_db [None req-312ff6a2-6d8f-4a5a-8a43-e1c0c1f65f4f 2e408147febf49abbc42cdceb8df0b50 d1f34c25e83e490b9bce8c74fe82b351 - - default default] Successfully bumped revision number for resource f2937eb2-46ba-40a3-a42e-445808bd46ac (type: ports) to 1
2026-05-12 12:42:33.698 9 INFO neutron.api.wsgi [None req-312ff6a2-6d8f-4a5a-8a43-e1c0c1f65f4f 2e408147febf49abbc42cdceb8df0b50 d1f34c25e83e490b9bce8c74fe82b351 - - default default] 10.0.0.120 "POST /v2.0/ports HTTP/1.1" status: 201 len: 1154 time: 0.5043063 /var/lib/openstack/lib/python3.12/site-packages/pycadf/identifier.py:71: UserWarning: Invalid uuid: neutron. To ensure interoperability, identifiers should be a valid uuid. warnings.warn(('Invalid uuid: %s. To ensure interoperability, '
2026-05-12 12:42:33.707 9 WARNING neutron_lib.context [None req-dba993fc-46df-4970-b126-67cf04d28e94 2e408147febf49abbc42cdceb8df0b50 d1f34c25e83e490b9bce8c74fe82b351 - - default default] Method 'is_advsvc' is deprecated since 2023.2 release (neutron-lib 3.8.0) and will be removed once support for the old RBAC API policies will be removed from Neutron. Please use method 'is_service_role' instead.
2026-05-12 12:42:33.795 10 INFO neutron.db.ovn_revision_numbers_db [None req-64287a2d-37c0-47bc-b423-45bcc645a307 25511a4ecd4c4e229a3e86ce57a9de12 84dea411d49b44709a20269e4929d0d8 - - default default] Successfully bumped revision number for resource 590491f8-0500-4d58-9811-bcab71e71e1a (type: ports) to 1
2026-05-12 12:42:33.850 10 WARNING neutron.scheduler.dhcp_agent_scheduler [None req-64287a2d-37c0-47bc-b423-45bcc645a307 25511a4ecd4c4e229a3e86ce57a9de12 84dea411d49b44709a20269e4929d0d8 - - default default] No more DHCP agents
2026-05-12 12:42:33.852 10 WARNING neutron.api.rpc.agentnotifiers.dhcp_rpc_agent_api [None req-64287a2d-37c0-47bc-b423-45bcc645a307 25511a4ecd4c4e229a3e86ce57a9de12 84dea411d49b44709a20269e4929d0d8 - - default default] Unable to schedule network 055edf54-919c-49dc-aeec-0a5d4f0b3dba: no agents available; will retry on subsequent port and subnet creation events.
2026-05-12 12:42:33.934 9 WARNING neutron.scheduler.dhcp_agent_scheduler [None req-dba993fc-46df-4970-b126-67cf04d28e94 2e408147febf49abbc42cdceb8df0b50 d1f34c25e83e490b9bce8c74fe82b351 - - default default] No more DHCP agents
2026-05-12 12:42:33.936 9 WARNING neutron.api.rpc.agentnotifiers.dhcp_rpc_agent_api [None req-dba993fc-46df-4970-b126-67cf04d28e94 2e408147febf49abbc42cdceb8df0b50 d1f34c25e83e490b9bce8c74fe82b351 - - default default] Unable to schedule network 21c26207-72a1-4f08-9de0-efc892f7f37c: no agents available; will retry on subsequent port and subnet creation events.
2026-05-12 12:42:34.198 10 INFO neutron.db.ovn_revision_numbers_db [None req-64287a2d-37c0-47bc-b423-45bcc645a307 25511a4ecd4c4e229a3e86ce57a9de12 84dea411d49b44709a20269e4929d0d8 - - default default] Successfully bumped revision number for resource 590491f8-0500-4d58-9811-bcab71e71e1a (type: router_ports) to 1
2026-05-12 12:42:34.204 10 INFO neutron.api.wsgi [None req-64287a2d-37c0-47bc-b423-45bcc645a307 25511a4ecd4c4e229a3e86ce57a9de12 84dea411d49b44709a20269e4929d0d8 - - default default] 10.0.0.120 "PUT /v2.0/routers/ace743e3-7980-43b0-9196-99cebbe7a698/add_router_interface HTTP/1.1" status: 200 len: 503 time: 2.0271852
2026-05-12 12:42:34.215 9 WARNING neutron_lib.context [None req-a3a512b5-416c-4ea8-8063-9a9bfc979d58 25511a4ecd4c4e229a3e86ce57a9de12 84dea411d49b44709a20269e4929d0d8 - - default default] Method 'is_advsvc' is deprecated since 2023.2 release (neutron-lib 3.8.0) and will be removed once support for the old RBAC API policies will be removed from Neutron. Please use method 'is_service_role' instead.
2026-05-12 12:42:34.564 10 INFO neutron.api.wsgi [-] 10.0.0.36 "GET / HTTP/1.1" status: 200 len: 247 time: 0.0021129
2026-05-12 12:42:34.567 10 INFO neutron.api.wsgi [-] 10.0.0.36 "GET / HTTP/1.1" status: 200 len: 247 time: 0.0015163
2026-05-12 12:42:35.193 9 INFO neutron.db.ovn_revision_numbers_db [None req-dba993fc-46df-4970-b126-67cf04d28e94 2e408147febf49abbc42cdceb8df0b50 d1f34c25e83e490b9bce8c74fe82b351 - - default default] Successfully bumped revision number for resource c41220a8-3596-49f6-81c6-2f966971c3a9 (type: floatingips) to -1
2026-05-12 12:42:35.252 9 WARNING neutron.scheduler.dhcp_agent_scheduler [None req-c4926983-450e-4f63-adef-b33a351f1c4e - - - - - -] No more DHCP agents
2026-05-12 12:42:35.253 9 WARNING neutron.api.rpc.agentnotifiers.dhcp_rpc_agent_api [None req-c4926983-450e-4f63-adef-b33a351f1c4e - - - - - -] Unable to schedule network 21c26207-72a1-4f08-9de0-efc892f7f37c: no agents available; will retry on subsequent port and subnet creation events.
2026-05-12 12:42:35.339 9 INFO neutron.db.ovn_revision_numbers_db [None req-dba993fc-46df-4970-b126-67cf04d28e94 2e408147febf49abbc42cdceb8df0b50 d1f34c25e83e490b9bce8c74fe82b351 - - default default] Successfully bumped revision number for resource c41220a8-3596-49f6-81c6-2f966971c3a9 (type: floatingips) to 1
2026-05-12 12:42:35.339 9 INFO neutron.db.l3_db [None req-dba993fc-46df-4970-b126-67cf04d28e94 2e408147febf49abbc42cdceb8df0b50 d1f34c25e83e490b9bce8c74fe82b351 - - default default] Floating IP c41220a8-3596-49f6-81c6-2f966971c3a9 associated. External IP: 10.96.250.215, port: f2937eb2-46ba-40a3-a42e-445808bd46ac.
2026-05-12 12:42:35.384 9 INFO neutron.api.wsgi [None req-dba993fc-46df-4970-b126-67cf04d28e94 2e408147febf49abbc42cdceb8df0b50 d1f34c25e83e490b9bce8c74fe82b351 - - default default] 10.0.0.120 "POST /v2.0/floatingips HTTP/1.1" status: 201 len: 1041 time: 1.6803994
2026-05-12 12:42:35.440 9 INFO neutron.db.ovn_revision_numbers_db [None req-c4926983-450e-4f63-adef-b33a351f1c4e - - - - - -] Successfully bumped revision number for resource 4736b6de-444f-46d5-8d1d-45915966fb25 (type: ports) to 1
2026-05-12 12:42:35.444 9 WARNING neutron.plugins.ml2.drivers.ovn.mech_driver.ovsdb.ovn_client [None req-3ffcbc75-034e-4726-bca6-29184ebf924b - - - - - -] No hosting information found for port 12415ba0-f0b0-463e-9de7-92b8c849b338: RuntimeError: No hosting information found for port 12415ba0-f0b0-463e-9de7-92b8c849b338
2026-05-12 12:42:35.445 9 INFO neutron.plugins.ml2.drivers.ovn.mech_driver.mech_driver [None req-3ffcbc75-034e-4726-bca6-29184ebf924b - - - - - -] OVN reports status up for port: 590491f8-0500-4d58-9811-bcab71e71e1a
2026-05-12 12:42:35.463 9 INFO neutron.plugins.ml2.plugin [None req-3ffcbc75-034e-4726-bca6-29184ebf924b - - - - - -] Attempt 1 to provision port 590491f8-0500-4d58-9811-bcab71e71e1a
2026-05-12 12:42:35.623 9 INFO neutron.db.ovn_revision_numbers_db [None req-4a67e02c-5756-4643-87a0-6c5598e88f1f 2e408147febf49abbc42cdceb8df0b50 d1f34c25e83e490b9bce8c74fe82b351 - - default default] Successfully bumped revision number for resource c41220a8-3596-49f6-81c6-2f966971c3a9 (type: floatingips) to 2
2026-05-12 12:42:35.687 10 WARNING neutron_lib.context [None req-636cbed3-4370-456f-9cbb-de1d005c5e88 e965efc7252d4fccb35be5824a1b10f9 7bcea137855a4b4ba0e55c5d94159b72 - - default default] Method 'is_advsvc' is deprecated since 2023.2 release (neutron-lib 3.8.0) and will be removed once support for the old RBAC API policies will be removed from Neutron. Please use method 'is_service_role' instead.
2026-05-12 12:42:35.711 9 INFO neutron.db.l3_db [None req-4a67e02c-5756-4643-87a0-6c5598e88f1f 2e408147febf49abbc42cdceb8df0b50 d1f34c25e83e490b9bce8c74fe82b351 - - default default] Floating IP c41220a8-3596-49f6-81c6-2f966971c3a9 disassociated. External IP: 10.96.250.215, port: f2937eb2-46ba-40a3-a42e-445808bd46ac.
2026-05-12 12:42:35.750 9 INFO neutron.api.wsgi [None req-4a67e02c-5756-4643-87a0-6c5598e88f1f 2e408147febf49abbc42cdceb8df0b50 d1f34c25e83e490b9bce8c74fe82b351 - - default default] 10.0.0.120 "PUT /v2.0/floatingips/c41220a8-3596-49f6-81c6-2f966971c3a9 HTTP/1.1" status: 200 len: 748 time: 0.3579659
2026-05-12 12:42:35.857 9 INFO neutron.db.ovn_revision_numbers_db [None req-c4926983-450e-4f63-adef-b33a351f1c4e - - - - - -] Successfully bumped revision number for resource 4736b6de-444f-46d5-8d1d-45915966fb25 (type: ports) to 3
2026-05-12 12:42:35.918 10 WARNING neutron.scheduler.dhcp_agent_scheduler [None req-636cbed3-4370-456f-9cbb-de1d005c5e88 e965efc7252d4fccb35be5824a1b10f9 7bcea137855a4b4ba0e55c5d94159b72 - - default default] No more DHCP agents
2026-05-12 12:42:35.919 10 WARNING neutron.api.rpc.agentnotifiers.dhcp_rpc_agent_api [None req-636cbed3-4370-456f-9cbb-de1d005c5e88 e965efc7252d4fccb35be5824a1b10f9 7bcea137855a4b4ba0e55c5d94159b72 - - default default] Unable to schedule network 21c26207-72a1-4f08-9de0-efc892f7f37c: no agents available; will retry on subsequent port and subnet creation events.
2026-05-12 12:42:35.958 9 INFO neutron.db.segments_db [None req-c4926983-450e-4f63-adef-b33a351f1c4e - - - - - -] Added segment 6a5973e2-aae8-4a38-974b-ad016eb69d30 of type geneve for network b21b62e1-f53b-4d25-9d63-11573aa42ecf
2026-05-12 12:42:36.159 9 INFO neutron.db.ovn_revision_numbers_db [None req-3ffcbc75-034e-4726-bca6-29184ebf924b - - - - - -] Successfully bumped revision number for resource 590491f8-0500-4d58-9811-bcab71e71e1a (type: ports) to 2
2026-05-12 12:42:36.227 9 INFO neutron.db.ovn_revision_numbers_db [None req-3e6ad9db-1a6d-40e9-bb5f-5d3ed25f453e - - - - - -] Successfully bumped revision number for resource b21b62e1-f53b-4d25-9d63-11573aa42ecf (type: networks) to 1
2026-05-12 12:42:36.247 10 INFO neutron.api.wsgi [None req-636cbed3-4370-456f-9cbb-de1d005c5e88 e965efc7252d4fccb35be5824a1b10f9 7bcea137855a4b4ba0e55c5d94159b72 - - default default] 10.0.0.120 "POST /v2.0/floatingips HTTP/1.1" status: 201 len: 751 time: 0.7487707
2026-05-12 12:42:36.264 9 INFO neutron.api.wsgi [None req-ab3ac06e-9caa-497e-841e-c8a250be0fc2 2e408147febf49abbc42cdceb8df0b50 d1f34c25e83e490b9bce8c74fe82b351 - - default default] 10.0.0.120 "DELETE /v2.0/floatingips/c41220a8-3596-49f6-81c6-2f966971c3a9 HTTP/1.1" status: 204 len: 168 time: 0.5083058
2026-05-12 12:42:36.279 9 WARNING neutron_lib.context [None req-4523291a-414e-472f-ac31-357209ba0c99 2e408147febf49abbc42cdceb8df0b50 d1f34c25e83e490b9bce8c74fe82b351 - - default default] Method 'is_advsvc' is deprecated since 2023.2 release (neutron-lib 3.8.0) and will be removed once support for the old RBAC API policies will be removed from Neutron. Please use method 'is_service_role' instead.
2026-05-12 12:42:36.287 10 INFO neutron.api.wsgi [None req-388a8089-a541-42a7-934c-2ef5950b0f5d e965efc7252d4fccb35be5824a1b10f9 7bcea137855a4b4ba0e55c5d94159b72 - - default default] 10.0.0.120 "PUT /v2.0/floatingips/a59bd29c-4a9a-431e-950e-e14935c09322/tags HTTP/1.1" status: 200 len: 218 time: 0.0355072
2026-05-12 12:42:36.324 10 INFO neutron.api.wsgi [None req-3ced40b5-f4c3-4eb2-a7fc-6e41ef4d019f e965efc7252d4fccb35be5824a1b10f9 7bcea137855a4b4ba0e55c5d94159b72 - - default default] 10.0.0.120 "GET /v2.0/floatingips/a59bd29c-4a9a-431e-950e-e14935c09322/tags HTTP/1.1" status: 200 len: 218 time: 0.0327849
2026-05-12 12:42:36.379 10 INFO neutron.api.wsgi [None req-43efe792-a984-4480-988f-bef6589b749a e965efc7252d4fccb35be5824a1b10f9 7bcea137855a4b4ba0e55c5d94159b72 - - default default] 10.0.0.120 "PUT /v2.0/floatingips/a59bd29c-4a9a-431e-950e-e14935c09322/tags/green HTTP/1.1" status: 201 len: 201 time: 0.0490851
2026-05-12 12:42:36.406 10 INFO neutron.api.wsgi [None req-86ba045d-0fd9-49bc-b26d-c84bc0d4f5bc e965efc7252d4fccb35be5824a1b10f9 7bcea137855a4b4ba0e55c5d94159b72 - - default default] 10.0.0.120 "GET /v2.0/floatingips/a59bd29c-4a9a-431e-950e-e14935c09322/tags HTTP/1.1" status: 200 len: 227 time: 0.0232136
2026-05-12 12:42:36.441 10 INFO neutron.api.wsgi [None req-df8efec6-4fec-43ce-9344-10ee32635e9a e965efc7252d4fccb35be5824a1b10f9 7bcea137855a4b4ba0e55c5d94159b72 - - default default] 10.0.0.120 "PUT /v2.0/floatingips/a59bd29c-4a9a-431e-950e-e14935c09322/tags/red HTTP/1.1" status: 201 len: 201 time: 0.0281918
2026-05-12 12:42:36.462 9 WARNING neutron.scheduler.dhcp_agent_scheduler [None req-3e6ad9db-1a6d-40e9-bb5f-5d3ed25f453e - - - - - -] No more DHCP agents
2026-05-12 12:42:36.465 9 WARNING neutron.api.rpc.agentnotifiers.dhcp_rpc_agent_api [None req-3e6ad9db-1a6d-40e9-bb5f-5d3ed25f453e - - - - - -] Unable to schedule network b21b62e1-f53b-4d25-9d63-11573aa42ecf: no agents available; will retry on subsequent port and subnet creation events.
2026-05-12 12:42:36.469 10 INFO neutron.api.wsgi [None req-0150dc13-028a-40f0-a1f9-d3f19e815d58 e965efc7252d4fccb35be5824a1b10f9 7bcea137855a4b4ba0e55c5d94159b72 - - default default] 10.0.0.120 "GET /v2.0/floatingips/a59bd29c-4a9a-431e-950e-e14935c09322/tags HTTP/1.1" status: 200 len: 227 time: 0.0240054
2026-05-12 12:42:36.525 10 INFO neutron.api.wsgi [None req-c9410203-557b-472e-b595-0595e0cc8960 e965efc7252d4fccb35be5824a1b10f9 7bcea137855a4b4ba0e55c5d94159b72 - - default default] 10.0.0.120 "PUT /v2.0/floatingips/a59bd29c-4a9a-431e-950e-e14935c09322/tags/black.or.white HTTP/1.1" status: 201 len: 201 time: 0.0500274
2026-05-12 12:42:36.551 9 INFO neutron.db.ovn_revision_numbers_db [None req-3e6ad9db-1a6d-40e9-bb5f-5d3ed25f453e - - - - - -] Successfully bumped revision number for resource 1072490d-7c49-498d-ab9b-b7fc4e9b4ca9 (type: ports) to 1
2026-05-12 12:42:36.557 10 INFO neutron.api.wsgi [None req-e99541a9-210d-4316-9713-f1590a592a8c e965efc7252d4fccb35be5824a1b10f9 7bcea137855a4b4ba0e55c5d94159b72 - - default default] 10.0.0.120 "GET /v2.0/floatingips/a59bd29c-4a9a-431e-950e-e14935c09322/tags HTTP/1.1" status: 200 len: 245 time: 0.0264082
2026-05-12 12:42:36.585 9 WARNING neutron.scheduler.dhcp_agent_scheduler [None req-4523291a-414e-472f-ac31-357209ba0c99 2e408147febf49abbc42cdceb8df0b50 d1f34c25e83e490b9bce8c74fe82b351 - - default default] No more DHCP agents
2026-05-12 12:42:36.587 9 WARNING neutron.api.rpc.agentnotifiers.dhcp_rpc_agent_api [None req-4523291a-414e-472f-ac31-357209ba0c99 2e408147febf49abbc42cdceb8df0b50 d1f34c25e83e490b9bce8c74fe82b351 - - default default] Unable to schedule network 21c26207-72a1-4f08-9de0-efc892f7f37c: no agents available; will retry on subsequent port and subnet creation events.
2026-05-12 12:42:36.610 10 INFO neutron.api.wsgi [None req-5c57c33e-a071-46b5-beaa-9aa5169232db e965efc7252d4fccb35be5824a1b10f9 7bcea137855a4b4ba0e55c5d94159b72 - - default default] 10.0.0.120 "PUT /v2.0/floatingips/a59bd29c-4a9a-431e-950e-e14935c09322/tags HTTP/1.1" status: 200 len: 230 time: 0.0473285
2026-05-12 12:42:36.643 10 INFO neutron.api.wsgi [None req-3dafd5c9-5cf8-4dff-93ec-a207ec63adfe e965efc7252d4fccb35be5824a1b10f9 7bcea137855a4b4ba0e55c5d94159b72 - - default default] 10.0.0.120 "GET /v2.0/floatingips/a59bd29c-4a9a-431e-950e-e14935c09322/tags HTTP/1.1" status: 200 len: 230 time: 0.0248837
2026-05-12 12:42:36.677 10 INFO neutron.api.wsgi [None req-41334ab5-9b72-4ede-9295-65108bc32c1c e965efc7252d4fccb35be5824a1b10f9 7bcea137855a4b4ba0e55c5d94159b72 - - default default] 10.0.0.120 "GET /v2.0/floatingips/a59bd29c-4a9a-431e-950e-e14935c09322/tags/red HTTP/1.1" status: 204 len: 168 time: 0.0296597
2026-05-12 12:42:36.709 10 INFO neutron.api.v2.resource [None req-5697e20f-b39d-42da-9094-bf2a0b81ed70 e965efc7252d4fccb35be5824a1b10f9 7bcea137855a4b4ba0e55c5d94159b72 - - default default] show failed (client error): The resource could not be found.
2026-05-12 12:42:36.710 10 INFO neutron.api.wsgi [None req-5697e20f-b39d-42da-9094-bf2a0b81ed70 e965efc7252d4fccb35be5824a1b10f9 7bcea137855a4b4ba0e55c5d94159b72 - - default default] 10.0.0.120 "GET /v2.0/floatingips/a59bd29c-4a9a-431e-950e-e14935c09322/tags/green HTTP/1.1" status: 404 len: 299 time: 0.0269248
2026-05-12 12:42:36.765 10 INFO neutron.api.wsgi [None req-464f4d3d-a954-4531-94e5-cf08d3dd8fdf e965efc7252d4fccb35be5824a1b10f9 7bcea137855a4b4ba0e55c5d94159b72 - - default default] 10.0.0.120 "DELETE /v2.0/floatingips/a59bd29c-4a9a-431e-950e-e14935c09322/tags/red HTTP/1.1" status: 204 len: 168 time: 0.0484991
2026-05-12 12:42:36.778 9 WARNING neutron.scheduler.dhcp_agent_scheduler [None req-3e6ad9db-1a6d-40e9-bb5f-5d3ed25f453e - - - - - -] No more DHCP agents
2026-05-12 12:42:36.783 9 WARNING neutron.api.rpc.agentnotifiers.dhcp_rpc_agent_api [None req-3e6ad9db-1a6d-40e9-bb5f-5d3ed25f453e - - - - - -] Unable to schedule network b21b62e1-f53b-4d25-9d63-11573aa42ecf: no agents available; will retry on subsequent port and subnet creation events.
2026-05-12 12:42:36.799 9 INFO neutron.api.wsgi [req-aaa77387-d217-4c19-88fb-c001cc08c6e8 req-cb2bda53-b9a5-4405-84f6-6213a683266c 5ce2567bd6444aae8502e5c696294335 0585709910514915943bf3e368a6d362 - - 47381db344db47a48704c1a03e71a1b2 47381db344db47a48704c1a03e71a1b2] 10.0.0.37 "GET /v2.0/ports?device_id=164d7c42-ed15-40e3-9468-c8cfa067aaa4 HTTP/1.1" status: 200 len: 1413 time: 0.0449965
2026-05-12 12:42:36.801 10 INFO neutron.api.wsgi [None req-cf79a960-0dfe-4c71-844d-adba60537346 e965efc7252d4fccb35be5824a1b10f9 7bcea137855a4b4ba0e55c5d94159b72 - - default default] 10.0.0.120 "GET /v2.0/floatingips/a59bd29c-4a9a-431e-950e-e14935c09322/tags HTTP/1.1" status: 200 len: 223 time: 0.0255234
2026-05-12 12:42:36.836 10 INFO neutron.api.v2.resource [None req-62799f64-87a4-4881-8ca9-e840f19b64ab e965efc7252d4fccb35be5824a1b10f9 7bcea137855a4b4ba0e55c5d94159b72 - - default default] delete failed (client error): The resource could not be found.
2026-05-12 12:42:36.837 10 INFO neutron.api.wsgi [None req-62799f64-87a4-4881-8ca9-e840f19b64ab e965efc7252d4fccb35be5824a1b10f9 7bcea137855a4b4ba0e55c5d94159b72 - - default default] 10.0.0.120 "DELETE /v2.0/floatingips/a59bd29c-4a9a-431e-950e-e14935c09322/tags/green HTTP/1.1" status: 404 len: 299 time: 0.0303738
2026-05-12 12:42:36.845 9 INFO neutron.db.ovn_revision_numbers_db [None req-3e6ad9db-1a6d-40e9-bb5f-5d3ed25f453e - - - - - -] Successfully bumped revision number for resource c4f3180b-84fe-4be4-b312-c4e949e39e82 (type: subnets) to 0
2026-05-12 12:42:36.883 10 INFO neutron.api.wsgi [None req-62e77ecd-8555-4001-b840-52ddeeef468a e965efc7252d4fccb35be5824a1b10f9 7bcea137855a4b4ba0e55c5d94159b72 - - default default] 10.0.0.120 "DELETE /v2.0/floatingips/a59bd29c-4a9a-431e-950e-e14935c09322/tags HTTP/1.1" status: 204 len: 168 time: 0.0402327
2026-05-12 12:42:36.888 9 INFO neutron.api.wsgi [req-aaa77387-d217-4c19-88fb-c001cc08c6e8 req-262efa28-2fdd-4d20-bdcf-3ad5779ba031 5ce2567bd6444aae8502e5c696294335 0585709910514915943bf3e368a6d362 - - 47381db344db47a48704c1a03e71a1b2 47381db344db47a48704c1a03e71a1b2] 10.0.0.37 "GET /v2.0/security-groups?id=e9baf129-0969-43a4-8d8a-9285de238ad1&fields=id&fields=name HTTP/1.1" status: 200 len: 312 time: 0.0827737
2026-05-12 12:42:36.910 10 INFO neutron.api.wsgi [None req-a97b132d-53e6-418f-be09-6b522e64f409 e965efc7252d4fccb35be5824a1b10f9 7bcea137855a4b4ba0e55c5d94159b72 - - default default] 10.0.0.120 "GET /v2.0/floatingips/a59bd29c-4a9a-431e-950e-e14935c09322/tags HTTP/1.1" status: 200 len: 205 time: 0.0208941
2026-05-12 12:42:37.218 10 INFO neutron.api.wsgi [None req-20115af9-5fa0-4cfe-b936-9a51afa0553d e965efc7252d4fccb35be5824a1b10f9 7bcea137855a4b4ba0e55c5d94159b72 - - default default] 10.0.0.120 "DELETE /v2.0/floatingips/a59bd29c-4a9a-431e-950e-e14935c09322 HTTP/1.1" status: 204 len: 168 time: 0.3000655
2026-05-12 12:42:37.387 9 WARNING neutron.scheduler.dhcp_agent_scheduler [None req-3e6ad9db-1a6d-40e9-bb5f-5d3ed25f453e - - - - - -] No more DHCP agents
2026-05-12 12:42:37.390 9 WARNING neutron.api.rpc.agentnotifiers.dhcp_rpc_agent_api [None req-3e6ad9db-1a6d-40e9-bb5f-5d3ed25f453e - - - - - -] Unable to schedule network b21b62e1-f53b-4d25-9d63-11573aa42ecf: no agents available; will retry on subsequent port and subnet creation events.
2026-05-12 12:42:37.493 9 INFO neutron.db.ovn_revision_numbers_db [None req-4523291a-414e-472f-ac31-357209ba0c99 2e408147febf49abbc42cdceb8df0b50 d1f34c25e83e490b9bce8c74fe82b351 - - default default] Successfully bumped revision number for resource 58c7d1df-bb1f-45a8-a8e3-5c933451c9cd (type: floatingips) to -1
2026-05-12 12:42:37.556 9 INFO neutron.db.ovn_revision_numbers_db [None req-3e6ad9db-1a6d-40e9-bb5f-5d3ed25f453e - - - - - -] Successfully bumped revision number for resource 6fa81623-32f6-4aa9-a897-53f19bc52a6c (type: ports) to 1
2026-05-12 12:42:37.616 9 INFO neutron.db.ovn_revision_numbers_db [None req-4523291a-414e-472f-ac31-357209ba0c99 2e408147febf49abbc42cdceb8df0b50 d1f34c25e83e490b9bce8c74fe82b351 - - default default] Successfully bumped revision number for resource 58c7d1df-bb1f-45a8-a8e3-5c933451c9cd (type: floatingips) to 1
2026-05-12 12:42:37.616 9 INFO neutron.db.l3_db [None req-4523291a-414e-472f-ac31-357209ba0c99 2e408147febf49abbc42cdceb8df0b50 d1f34c25e83e490b9bce8c74fe82b351 - - default default] Floating IP 58c7d1df-bb1f-45a8-a8e3-5c933451c9cd associated. External IP: 10.96.250.213, port: 7764a9ce-5361-4a47-ba5b-429f19494459.
2026-05-12 12:42:37.665 9 INFO neutron.api.wsgi [None req-4523291a-414e-472f-ac31-357209ba0c99 2e408147febf49abbc42cdceb8df0b50 d1f34c25e83e490b9bce8c74fe82b351 - - default default] 10.0.0.120 "POST /v2.0/floatingips HTTP/1.1" status: 201 len: 1041 time: 1.3918543
2026-05-12 12:42:37.711 10 INFO neutron.api.wsgi [None req-cbebbef7-38e9-422a-848f-1807e1f8d281 2e408147febf49abbc42cdceb8df0b50 d1f34c25e83e490b9bce8c74fe82b351 - - default default] 10.0.0.120 "GET /v2.0/floatingips/58c7d1df-bb1f-45a8-a8e3-5c933451c9cd HTTP/1.1" status: 200 len: 1038 time: 0.0397186
2026-05-12 12:42:37.785 10 INFO neutron.api.wsgi [None req-7b680c98-d135-46a1-8301-7dd5b8b2810e 2e408147febf49abbc42cdceb8df0b50 d1f34c25e83e490b9bce8c74fe82b351 - - default default] 10.0.0.120 "GET /v2.0/floatingips HTTP/1.1" status: 200 len: 1041 time: 0.0640562
2026-05-12 12:42:38.293 9 INFO neutron.db.ovn_revision_numbers_db [None req-3e6ad9db-1a6d-40e9-bb5f-5d3ed25f453e - - - - - -] Successfully bumped revision number for resource 6fa81623-32f6-4aa9-a897-53f19bc52a6c (type: ports) to 1
2026-05-12 12:42:38.386 9 WARNING neutron.scheduler.dhcp_agent_scheduler [None req-3e6ad9db-1a6d-40e9-bb5f-5d3ed25f453e - - - - - -] No more DHCP agents
2026-05-12 12:42:38.389 9 WARNING neutron.api.rpc.agentnotifiers.dhcp_rpc_agent_api [None req-3e6ad9db-1a6d-40e9-bb5f-5d3ed25f453e - - - - - -] Unable to schedule network b21b62e1-f53b-4d25-9d63-11573aa42ecf: no agents available; will retry on subsequent port and subnet creation events.
2026-05-12 12:42:38.404 9 INFO neutron.db.ovn_revision_numbers_db [None req-bb9e049d-1dac-4838-a0d7-1ec46b992fec 2e408147febf49abbc42cdceb8df0b50 d1f34c25e83e490b9bce8c74fe82b351 - - default default] Successfully bumped revision number for resource 58c7d1df-bb1f-45a8-a8e3-5c933451c9cd (type: floatingips) to 2
2026-05-12 12:42:38.534 9 INFO neutron.db.ovn_revision_numbers_db [None req-bb9e049d-1dac-4838-a0d7-1ec46b992fec 2e408147febf49abbc42cdceb8df0b50 d1f34c25e83e490b9bce8c74fe82b351 - - default default] Successfully bumped revision number for resource 58c7d1df-bb1f-45a8-a8e3-5c933451c9cd (type: floatingips) to 2
2026-05-12 12:42:38.534 9 INFO neutron.db.l3_db [None req-bb9e049d-1dac-4838-a0d7-1ec46b992fec 2e408147febf49abbc42cdceb8df0b50 d1f34c25e83e490b9bce8c74fe82b351 - - default default] Floating IP 58c7d1df-bb1f-45a8-a8e3-5c933451c9cd associated. External IP: 10.96.250.213, port: 7764a9ce-5361-4a47-ba5b-429f19494459.
2026-05-12 12:42:38.568 10 WARNING neutron.plugins.ml2.drivers.ovn.mech_driver.ovsdb.ovn_client [None req-557a06e3-b3aa-4d7b-9f84-f185cff13915 - - - - - -] No hosting information found for port 25c9c990-ef1b-4503-89b3-9a1170c601bf: RuntimeError: No hosting information found for port 25c9c990-ef1b-4503-89b3-9a1170c601bf
2026-05-12 12:42:38.569 10 INFO neutron.plugins.ml2.drivers.ovn.mech_driver.mech_driver [None req-557a06e3-b3aa-4d7b-9f84-f185cff13915 - - - - - -] OVN reports status up for port: a0b96ed8-b327-4f07-9ed0-534506a5d114
2026-05-12 12:42:38.579 10 INFO neutron.db.ovn_revision_numbers_db [None req-0d362fb8-6070-405a-8071-f92f7685f31a 81032ca9546749779c89b5807960a1a5 32e17c06cc9449c7b6c3253151b5a7ce - - default default] Successfully bumped revision number for resource 7f0aa5cf-5a0b-4c47-82ec-42d871846ff1 (type: security_groups) to 1
2026-05-12 12:42:38.580 10 INFO neutron.plugins.ml2.plugin [None req-557a06e3-b3aa-4d7b-9f84-f185cff13915 - - - - - -] Attempt 1 to provision port a0b96ed8-b327-4f07-9ed0-534506a5d114
2026-05-12 12:42:38.595 9 INFO neutron.api.wsgi [None req-bb9e049d-1dac-4838-a0d7-1ec46b992fec 2e408147febf49abbc42cdceb8df0b50 d1f34c25e83e490b9bce8c74fe82b351 - - default default] 10.0.0.120 "PUT /v2.0/floatingips/58c7d1df-bb1f-45a8-a8e3-5c933451c9cd HTTP/1.1" status: 200 len: 1038 time: 0.7957981
2026-05-12 12:42:38.606 10 INFO neutron.db.ovn_revision_numbers_db [None req-0d362fb8-6070-405a-8071-f92f7685f31a 81032ca9546749779c89b5807960a1a5 32e17c06cc9449c7b6c3253151b5a7ce - - default default] Successfully bumped revision number for resource 46e7f9bd-e26a-4a17-bc28-46b60f34cb64 (type: security_group_rules) to 0
2026-05-12 12:42:38.641 10 INFO neutron.db.ovn_revision_numbers_db [None req-0d362fb8-6070-405a-8071-f92f7685f31a 81032ca9546749779c89b5807960a1a5 32e17c06cc9449c7b6c3253151b5a7ce - - default default] Successfully bumped revision number for resource 9b1818da-c25e-4bb7-a525-5ee26185d5bc (type: security_group_rules) to 0
2026-05-12 12:42:38.673 10 INFO neutron.db.ovn_revision_numbers_db [None req-0d362fb8-6070-405a-8071-f92f7685f31a 81032ca9546749779c89b5807960a1a5 32e17c06cc9449c7b6c3253151b5a7ce - - default default] Successfully bumped revision number for resource b4123424-5608-4dd1-8e4d-4f0009611061 (type: security_group_rules) to 0
2026-05-12 12:42:38.694 10 INFO neutron.db.ovn_revision_numbers_db [None req-0d362fb8-6070-405a-8071-f92f7685f31a 81032ca9546749779c89b5807960a1a5 32e17c06cc9449c7b6c3253151b5a7ce - - default default] Successfully bumped revision number for resource d6f9e540-18a9-403b-a4c8-9c5b65e0c3ce (type: security_group_rules) to 0
2026-05-12 12:42:38.745 10 INFO neutron.api.wsgi [None req-0d362fb8-6070-405a-8071-f92f7685f31a 81032ca9546749779c89b5807960a1a5 32e17c06cc9449c7b6c3253151b5a7ce - - default default] 10.0.0.120 "GET /v2.0/security-groups?tenant_id=7bcea137855a4b4ba0e55c5d94159b72&name=default HTTP/1.1" status: 200 len: 3120 time: 0.8095758
2026-05-12 12:42:38.803 10 INFO neutron.db.ovn_revision_numbers_db [None req-8efc1668-d25c-45a0-ac37-8f88e36f054c 2e408147febf49abbc42cdceb8df0b50 d1f34c25e83e490b9bce8c74fe82b351 - - default default] Successfully bumped revision number for resource 58c7d1df-bb1f-45a8-a8e3-5c933451c9cd (type: floatingips) to 3
2026-05-12 12:42:38.860 10 INFO neutron.db.l3_db [None req-8efc1668-d25c-45a0-ac37-8f88e36f054c 2e408147febf49abbc42cdceb8df0b50 d1f34c25e83e490b9bce8c74fe82b351 - - default default] Floating IP 58c7d1df-bb1f-45a8-a8e3-5c933451c9cd disassociated. External IP: 10.96.250.213, port: f2937eb2-46ba-40a3-a42e-445808bd46ac.
2026-05-12 12:42:38.897 10 INFO neutron.api.wsgi [None req-8efc1668-d25c-45a0-ac37-8f88e36f054c 2e408147febf49abbc42cdceb8df0b50 d1f34c25e83e490b9bce8c74fe82b351 - - default default] 10.0.0.120 "PUT /v2.0/floatingips/58c7d1df-bb1f-45a8-a8e3-5c933451c9cd HTTP/1.1" status: 200 len: 748 time: 0.2955077
2026-05-12 12:42:39.031 10 INFO neutron.api.wsgi [None req-a847685c-5468-40b5-ae85-eae63367c897 81032ca9546749779c89b5807960a1a5 32e17c06cc9449c7b6c3253151b5a7ce - - default default] 10.0.0.120 "DELETE /v2.0/security-groups/7f0aa5cf-5a0b-4c47-82ec-42d871846ff1 HTTP/1.1" status: 204 len: 168 time: 0.2815132
2026-05-12 12:42:39.111 9 INFO neutron.db.ovn_revision_numbers_db [None req-3e6ad9db-1a6d-40e9-bb5f-5d3ed25f453e - - - - - -] Successfully bumped revision number for resource 6fa81623-32f6-4aa9-a897-53f19bc52a6c (type: router_ports) to 1
2026-05-12 12:42:39.292 10 INFO neutron.api.wsgi [None req-6a3ad289-e86c-433d-b9fd-de27fbff49c6 2e408147febf49abbc42cdceb8df0b50 d1f34c25e83e490b9bce8c74fe82b351 - - default default] 10.0.0.120 "DELETE /v2.0/floatingips/58c7d1df-bb1f-45a8-a8e3-5c933451c9cd HTTP/1.1" status: 204 len: 168 time: 0.3899109
2026-05-12 12:42:39.324 10 INFO neutron.api.v2.resource [None req-10c424d3-a16b-4426-974b-4b96a456f6e3 2e408147febf49abbc42cdceb8df0b50 d1f34c25e83e490b9bce8c74fe82b351 - - default default] delete failed (client error): The resource could not be found.
2026-05-12 12:42:39.325 10 INFO neutron.api.wsgi [None req-10c424d3-a16b-4426-974b-4b96a456f6e3 2e408147febf49abbc42cdceb8df0b50 d1f34c25e83e490b9bce8c74fe82b351 - - default default] 10.0.0.120 "DELETE /v2.0/floatingips/58c7d1df-bb1f-45a8-a8e3-5c933451c9cd HTTP/1.1" status: 404 len: 345 time: 0.0258391
2026-05-12 12:42:39.357 10 INFO neutron.db.ovn_revision_numbers_db [None req-191763ef-c342-41a1-9686-c671385980ff 81032ca9546749779c89b5807960a1a5 32e17c06cc9449c7b6c3253151b5a7ce - - default default] Successfully bumped revision number for resource 757a4c09-db03-4a8b-932f-2826e9a264f7 (type: security_groups) to 1
2026-05-12 12:42:39.380 10 INFO neutron.db.ovn_revision_numbers_db [None req-191763ef-c342-41a1-9686-c671385980ff 81032ca9546749779c89b5807960a1a5 32e17c06cc9449c7b6c3253151b5a7ce - - default default] Successfully bumped revision number for resource 32dfc59b-bcaf-4ec7-942d-2ef650e4afd1 (type: security_group_rules) to 0
2026-05-12 12:42:39.393 10 INFO neutron.db.ovn_revision_numbers_db [None req-191763ef-c342-41a1-9686-c671385980ff 81032ca9546749779c89b5807960a1a5 32e17c06cc9449c7b6c3253151b5a7ce - - default default] Successfully bumped revision number for resource 4cea7704-38c8-48af-8e83-2105380ca4e4 (type: security_group_rules) to 0
2026-05-12 12:42:39.409 10 INFO neutron.db.ovn_revision_numbers_db [None req-191763ef-c342-41a1-9686-c671385980ff 81032ca9546749779c89b5807960a1a5 32e17c06cc9449c7b6c3253151b5a7ce - - default default] Successfully bumped revision number for resource 9fc41229-a1ab-4b65-b404-f6060ff119a5 (type: security_group_rules) to 0
2026-05-12 12:42:39.411 9 WARNING neutron.scheduler.dhcp_agent_scheduler [None req-3e6ad9db-1a6d-40e9-bb5f-5d3ed25f453e - - - - - -] No more DHCP agents
2026-05-12 12:42:39.413 9 WARNING neutron.api.rpc.agentnotifiers.dhcp_rpc_agent_api [None req-3e6ad9db-1a6d-40e9-bb5f-5d3ed25f453e - - - - - -] Unable to schedule network b21b62e1-f53b-4d25-9d63-11573aa42ecf: no agents available; will retry on subsequent port and subnet creation events.
2026-05-12 12:42:39.424 10 INFO neutron.db.ovn_revision_numbers_db [None req-191763ef-c342-41a1-9686-c671385980ff 81032ca9546749779c89b5807960a1a5 32e17c06cc9449c7b6c3253151b5a7ce - - default default] Successfully bumped revision number for resource f87608e7-970c-4b2b-8db2-5600b1b0baf0 (type: security_group_rules) to 0
2026-05-12 12:42:39.481 10 INFO neutron.api.wsgi [None req-191763ef-c342-41a1-9686-c671385980ff 81032ca9546749779c89b5807960a1a5 32e17c06cc9449c7b6c3253151b5a7ce - - default default] 10.0.0.120 "GET /v2.0/security-groups?tenant_id=f6e0da77f8e24364b362bb4e1971903d&name=default HTTP/1.1" status: 200 len: 3120 time: 0.3299339
2026-05-12 12:42:39.548 9 INFO neutron.db.ovn_revision_numbers_db [None req-3e6ad9db-1a6d-40e9-bb5f-5d3ed25f453e - - - - - -] Successfully bumped revision number for resource a3512c21-f04a-44c2-ae27-090e58345a31 (type: ports) to 1
2026-05-12 12:42:39.765 10 INFO neutron.api.wsgi [None req-0400d886-267d-4b44-ad62-cfaccb0f7389 81032ca9546749779c89b5807960a1a5 32e17c06cc9449c7b6c3253151b5a7ce - - default default] 10.0.0.120 "DELETE /v2.0/security-groups/757a4c09-db03-4a8b-932f-2826e9a264f7 HTTP/1.1" status: 204 len: 168 time: 0.2785680
2026-05-12 12:42:39.789 9 INFO neutron.db.ovn_revision_numbers_db [None req-3e6ad9db-1a6d-40e9-bb5f-5d3ed25f453e - - - - - -] Successfully bumped revision number for resource a3512c21-f04a-44c2-ae27-090e58345a31 (type: ports) to 3
2026-05-12 12:42:39.815 10 INFO neutron.api.wsgi [None req-85e22ef9-207d-4923-947a-285b9d3f4e70 2e408147febf49abbc42cdceb8df0b50 d1f34c25e83e490b9bce8c74fe82b351 - - default default] 10.0.0.120 "DELETE /v2.0/ports/f2937eb2-46ba-40a3-a42e-445808bd46ac HTTP/1.1" status: 204 len: 168 time: 0.4807785
2026-05-12 12:42:40.000 10 INFO neutron.api.wsgi [req-b38fdbfb-5b88-4eaf-a111-98319e6d73a0 req-60fb9d94-c199-47d3-b48c-6f14ffc55464 6eb25ad4c7f244a7907d3ec3e4783e25 b4ae872f22764cc292015da55f98eba7 - - default default] 10.0.0.244 "GET /v2.0/ports?device_id=164d7c42-ed15-40e3-9468-c8cfa067aaa4 HTTP/1.1" status: 200 len: 1174 time: 0.1035295
2026-05-12 12:42:40.061 10 INFO neutron.api.wsgi [req-b38fdbfb-5b88-4eaf-a111-98319e6d73a0 req-930dc791-4a8f-4c51-bcdc-7257fed9957f 6eb25ad4c7f244a7907d3ec3e4783e25 b4ae872f22764cc292015da55f98eba7 - - default default] 10.0.0.244 "GET /v2.0/security-groups?id=e9baf129-0969-43a4-8d8a-9285de238ad1&fields=id&fields=name HTTP/1.1" status: 200 len: 312 time: 0.0545852
2026-05-12 12:42:40.244 10 INFO neutron.api.wsgi [None req-b406c261-0dec-4793-9661-eeb5280ee8f2 2e408147febf49abbc42cdceb8df0b50 d1f34c25e83e490b9bce8c74fe82b351 - - default default] 10.0.0.120 "DELETE /v2.0/ports/7764a9ce-5361-4a47-ba5b-429f19494459 HTTP/1.1" status: 204 len: 168 time: 0.4239397
2026-05-12 12:42:40.290 10 INFO neutron.api.wsgi [None req-bed44869-0b89-4a8c-b035-4dfac1397efa 2e408147febf49abbc42cdceb8df0b50 d1f34c25e83e490b9bce8c74fe82b351 - - default default] 10.0.0.120 "GET /v2.0/ports?device_id=87032696-773a-4e60-b12a-ed0be13c0f48 HTTP/1.1" status: 200 len: 1140 time: 0.0393848
2026-05-12 12:42:40.445 9 INFO neutron.api.wsgi [None req-a3a512b5-416c-4ea8-8063-9a9bfc979d58 25511a4ecd4c4e229a3e86ce57a9de12 84dea411d49b44709a20269e4929d0d8 - - default default] 10.0.0.120 "POST /v2.0/vpn/vpnservices HTTP/1.1" status: 201 len: 657 time: 6.2344339
2026-05-12 12:42:40.454 9 WARNING neutron_lib.context [None req-070f5492-17f1-490c-9d05-c873ed24d99f 25511a4ecd4c4e229a3e86ce57a9de12 84dea411d49b44709a20269e4929d0d8 - - default default] Method 'is_advsvc' is deprecated since 2023.2 release (neutron-lib 3.8.0) and will be removed once support for the old RBAC API policies will be removed from Neutron. Please use method 'is_service_role' instead.
2026-05-12 12:42:40.905 9 INFO neutron.api.wsgi [None req-070f5492-17f1-490c-9d05-c873ed24d99f 25511a4ecd4c4e229a3e86ce57a9de12 84dea411d49b44709a20269e4929d0d8 - - default default] 10.0.0.120 "POST /v2.0/vpn/vpnservices HTTP/1.1" status: 201 len: 622 time: 0.4556859
2026-05-12 12:42:40.914 9 WARNING neutron_lib.context [None req-c1c9c9aa-49cd-4ddf-a4ae-9c88493e4b96 25511a4ecd4c4e229a3e86ce57a9de12 84dea411d49b44709a20269e4929d0d8 - - default default] Method 'is_advsvc' is deprecated since 2023.2 release (neutron-lib 3.8.0) and will be removed once support for the old RBAC API policies will be removed from Neutron. Please use method 'is_service_role' instead.
2026-05-12 12:42:40.965 9 INFO neutron.api.wsgi [None req-c1c9c9aa-49cd-4ddf-a4ae-9c88493e4b96 25511a4ecd4c4e229a3e86ce57a9de12 84dea411d49b44709a20269e4929d0d8 - - default default] 10.0.0.120 "POST /v2.0/vpn/ikepolicies HTTP/1.1" status: 201 len: 602 time: 0.0553274
2026-05-12 12:42:40.978 9 WARNING neutron_lib.context [None req-a5a15773-268d-43aa-920d-3ba57745ffb4 25511a4ecd4c4e229a3e86ce57a9de12 84dea411d49b44709a20269e4929d0d8 - - default default] Method 'is_advsvc' is deprecated since 2023.2 release (neutron-lib 3.8.0) and will be removed once support for the old RBAC API policies will be removed from Neutron. Please use method 'is_service_role' instead.
2026-05-12 12:42:41.025 9 INFO neutron.api.wsgi [None req-a5a15773-268d-43aa-920d-3ba57745ffb4 25511a4ecd4c4e229a3e86ce57a9de12 84dea411d49b44709a20269e4929d0d8 - - default default] 10.0.0.120 "POST /v2.0/vpn/ipsecpolicies HTTP/1.1" status: 201 len: 612 time: 0.0531981
2026-05-12 12:42:41.035 9 WARNING neutron_lib.context [None req-49dbf309-15ee-4bb9-9a21-1bd01c5176b8 25511a4ecd4c4e229a3e86ce57a9de12 84dea411d49b44709a20269e4929d0d8 - - default default] Method 'is_advsvc' is deprecated since 2023.2 release (neutron-lib 3.8.0) and will be removed once support for the old RBAC API policies will be removed from Neutron. Please use method 'is_service_role' instead.
2026-05-12 12:42:41.102 9 INFO neutron.api.wsgi [None req-49dbf309-15ee-4bb9-9a21-1bd01c5176b8 25511a4ecd4c4e229a3e86ce57a9de12 84dea411d49b44709a20269e4929d0d8 - - default default] 10.0.0.120 "POST /v2.0/vpn/endpoint-groups HTTP/1.1" status: 201 len: 527 time: 0.0712130
2026-05-12 12:42:41.120 9 WARNING neutron_lib.context [None req-89883dc7-9d89-497c-9594-30ddbab4a2f5 25511a4ecd4c4e229a3e86ce57a9de12 84dea411d49b44709a20269e4929d0d8 - - default default] Method 'is_advsvc' is deprecated since 2023.2 release (neutron-lib 3.8.0) and will be removed once support for the old RBAC API policies will be removed from Neutron. Please use method 'is_service_role' instead.
