2026-05-12 12:39:16.027 9 INFO neutron.api.wsgi [req-5d49c13f-5259-49cc-90c3-fd6d3a9afad6 req-9afa5e74-6e7b-425f-9c5e-477624b450a5 5ce2567bd6444aae8502e5c696294335 0585709910514915943bf3e368a6d362 - - 47381db344db47a48704c1a03e71a1b2 47381db344db47a48704c1a03e71a1b2] 199.19.213.54 "GET /v2.0/networks/48feb46a-9663-4120-88bc-448c882021ae?fields=segments HTTP/1.1" status: 200 len: 212 time: 0.0553985
2026-05-12 12:39:16.114 10 INFO neutron.db.ovn_revision_numbers_db [None req-6c95713f-fbfa-4a7f-8d19-3253760276e1 2fb7fa44010a455db921c056645f5d00 fa055778d9ef4f0b96d0364e5d35cd78 - - default default] Successfully bumped revision number for resource 40372cca-1bb5-4371-8190-059df9d0696d (type: security_group_rules) to 0
2026-05-12 12:39:16.123 9 INFO neutron.api.wsgi [req-5d49c13f-5259-49cc-90c3-fd6d3a9afad6 req-423c3da6-29a8-48ec-a0c6-72c9b7332676 5ce2567bd6444aae8502e5c696294335 0585709910514915943bf3e368a6d362 - - 47381db344db47a48704c1a03e71a1b2 47381db344db47a48704c1a03e71a1b2] 199.19.213.54 "GET /v2.0/networks/48feb46a-9663-4120-88bc-448c882021ae?fields=provider%3Aphysical_network&fields=provider%3Anetwork_type HTTP/1.1" status: 200 len: 277 time: 0.0876293
2026-05-12 12:39:16.124 10 INFO neutron.api.wsgi [req-9b0d066c-afda-4155-ad90-ab482a72de21 req-4eb8762c-8afd-4554-b541-ad74bbe6c32b da00f3621d7345f4bb9f06a1f323269b e967b5b50dad41d1a32c56051a7f6779 - - default default] 10.0.0.244 "GET /v2.0/ports?device_id=8855dca3-a8ec-4ce7-b744-504fb0a6a567 HTTP/1.1" status: 200 len: 1168 time: 0.0619586
2026-05-12 12:39:16.163 9 INFO neutron.api.wsgi [None req-b4057976-9fa0-464f-a310-174761f38be2 6a0fa76a025445feada92c64ffcc763d f41aa58f03874dfabc59d018e2100818 - - default default] 10.0.0.120 "POST /v2.0/floatingips HTTP/1.1" status: 201 len: 751 time: 1.0172083
2026-05-12 12:39:16.177 10 INFO neutron.api.wsgi [None req-6c95713f-fbfa-4a7f-8d19-3253760276e1 2fb7fa44010a455db921c056645f5d00 fa055778d9ef4f0b96d0364e5d35cd78 - - default default] 10.0.0.120 "POST /v2.0/security-group-rules HTTP/1.1" status: 201 len: 801 time: 0.2846749
2026-05-12 12:39:16.187 9 WARNING neutron_lib.context [None req-2996d5cf-fcee-4b6d-9dea-32d09c976be1 2fb7fa44010a455db921c056645f5d00 fa055778d9ef4f0b96d0364e5d35cd78 - - default default] Method 'is_advsvc' is deprecated since 2023.2 release (neutron-lib 3.8.0) and will be removed once support for the old RBAC API policies will be removed from Neutron. Please use method 'is_service_role' instead.
2026-05-12 12:39:16.188 10 INFO neutron.api.wsgi [req-9b0d066c-afda-4155-ad90-ab482a72de21 req-6fabac87-46ce-4cfc-a087-bfdc367e472f da00f3621d7345f4bb9f06a1f323269b e967b5b50dad41d1a32c56051a7f6779 - - default default] 10.0.0.244 "GET /v2.0/security-groups?id=eacdc555-7ab4-4931-955a-a3f10f72a405&fields=id&fields=name HTTP/1.1" status: 200 len: 313 time: 0.0503695
2026-05-12 12:39:16.307 10 INFO neutron.services.segments.plugin [-] Segment 1fe14bc9-3a10-4912-8a1a-a13de10a0d23 resource provider aggregate not found
2026-05-12 12:39:16.313 10 INFO neutron.services.segments.plugin [-] Segment 1fe14bc9-3a10-4912-8a1a-a13de10a0d23 resource provider aggregate not found
2026-05-12 12:39:16.327 10 INFO neutron.services.segments.plugin [-] Segment 1fe14bc9-3a10-4912-8a1a-a13de10a0d23 resource provider not found; error: Placement Client Error (4xx): {"errors": [{"status": 404, "title": "Not Found", "detail": "The resource could not be found.\n\n No resource provider with uuid 1fe14bc9-3a10-4912-8a1a-a13de10a0d23 found for delete ", "request_id": "req-8b4fe5fe-77c6-41f0-b8e1-08038310540e"}]}
2026-05-12 12:39:16.329 10 INFO neutron.services.segments.plugin [-] Segment 1fe14bc9-3a10-4912-8a1a-a13de10a0d23 resource provider not found; error: Placement Client Error (4xx): {"errors": [{"status": 404, "title": "Not Found", "detail": "The resource could not be found.\n\n No resource provider with uuid 1fe14bc9-3a10-4912-8a1a-a13de10a0d23 found for delete ", "request_id": "req-d4b9414c-0388-4de2-ac95-96190e313ff9"}]}
2026-05-12 12:39:16.364 10 INFO neutron.api.wsgi [None req-af17274d-e17d-49a6-82bc-0602f42c6edd 95262b78804f4497aa3d939d14a36fb2 7b481dfbc965416d84b5964aa0826d0a - - default default] 10.0.0.120 "DELETE /v2.0/networks/1fbe90db-24e1-4ecb-bc12-ec6fc2c042b7 HTTP/1.1" status: 204 len: 168 time: 0.5382142
2026-05-12 12:39:16.455 9 WARNING neutron.scheduler.dhcp_agent_scheduler [None req-2996d5cf-fcee-4b6d-9dea-32d09c976be1 2fb7fa44010a455db921c056645f5d00 fa055778d9ef4f0b96d0364e5d35cd78 - - default default] No more DHCP agents
2026-05-12 12:39:16.457 9 WARNING neutron.api.rpc.agentnotifiers.dhcp_rpc_agent_api [None req-2996d5cf-fcee-4b6d-9dea-32d09c976be1 2fb7fa44010a455db921c056645f5d00 fa055778d9ef4f0b96d0364e5d35cd78 - - default default] Unable to schedule network 21c26207-72a1-4f08-9de0-efc892f7f37c: no agents available; will retry on subsequent port and subnet creation events.
2026-05-12 12:39:16.761 9 INFO neutron.api.wsgi [None req-2996d5cf-fcee-4b6d-9dea-32d09c976be1 2fb7fa44010a455db921c056645f5d00 fa055778d9ef4f0b96d0364e5d35cd78 - - default default] 10.0.0.120 "POST /v2.0/floatingips HTTP/1.1" status: 201 len: 751 time: 0.5794656
2026-05-12 12:39:16.800 9 INFO neutron.api.wsgi [None req-7819c14f-f14e-4d64-94f7-fa8920d61d84 95262b78804f4497aa3d939d14a36fb2 7b481dfbc965416d84b5964aa0826d0a - - default default] 10.0.0.120 "DELETE /v2.0/networks/57f456de-0aae-489c-8fe2-21d2bd3b303a HTTP/1.1" status: 204 len: 168 time: 0.4303463
2026-05-12 12:39:16.855 9 INFO neutron.api.wsgi [None req-f565c707-72d7-491b-9999-bd66ad4678a5 95262b78804f4497aa3d939d14a36fb2 7b481dfbc965416d84b5964aa0826d0a - - default default] 10.0.0.120 "GET /v2.0/networks HTTP/1.1" status: 200 len: 845 time: 0.0503731
2026-05-12 12:39:16.863 9 WARNING neutron_lib.context [None req-f8a3ba50-3156-470f-8f9e-5a1363135355 95262b78804f4497aa3d939d14a36fb2 7b481dfbc965416d84b5964aa0826d0a - - default default] Method 'is_advsvc' is deprecated since 2023.2 release (neutron-lib 3.8.0) and will be removed once support for the old RBAC API policies will be removed from Neutron. Please use method 'is_service_role' instead.
2026-05-12 12:39:16.959 9 INFO neutron.db.segments_db [None req-f8a3ba50-3156-470f-8f9e-5a1363135355 95262b78804f4497aa3d939d14a36fb2 7b481dfbc965416d84b5964aa0826d0a - - default default] Added segment 2660a090-0cfa-46fd-bf07-fdb961e24b17 of type geneve for network c8d2d880-dfb9-41a9-9b4b-32ac7e59ba1c
2026-05-12 12:39:17.141 9 INFO neutron.db.ovn_revision_numbers_db [None req-f8a3ba50-3156-470f-8f9e-5a1363135355 95262b78804f4497aa3d939d14a36fb2 7b481dfbc965416d84b5964aa0826d0a - - default default] Successfully bumped revision number for resource c8d2d880-dfb9-41a9-9b4b-32ac7e59ba1c (type: networks) to 1
2026-05-12 12:39:17.214 9 INFO neutron.api.wsgi [req-6df43c63-f098-4580-8da7-33a88c0e2ba1 req-72ad8a71-b169-41a7-aa87-7304e07582eb 5ce2567bd6444aae8502e5c696294335 0585709910514915943bf3e368a6d362 - - 47381db344db47a48704c1a03e71a1b2 47381db344db47a48704c1a03e71a1b2] 199.19.213.54 "GET /v2.0/ports?tenant_id=e967b5b50dad41d1a32c56051a7f6779&device_id=8855dca3-a8ec-4ce7-b744-504fb0a6a567 HTTP/1.1" status: 200 len: 1407 time: 0.0559747
2026-05-12 12:39:17.248 10 INFO neutron.api.wsgi [req-10b3c8a4-f53e-43ed-979f-3e9f13a31d90 req-60db2ea1-c2dd-4669-8567-566ffda18d48 2fb7fa44010a455db921c056645f5d00 fa055778d9ef4f0b96d0364e5d35cd78 - - default default] 10.0.0.244 "GET /v2.0/security-groups?name=tempest-securitygroup--178649848&fields=id&tenant_id=fa055778d9ef4f0b96d0364e5d35cd78 HTTP/1.1" status: 200 len: 267 time: 0.0458057
2026-05-12 12:39:17.254 9 INFO neutron.services.segments.plugin [-] Segment 0ba115dd-a01f-407c-a4ea-9bdb94e77aa6 resource provider aggregate not found
2026-05-12 12:39:17.269 9 INFO neutron.services.segments.plugin [-] Segment 0ba115dd-a01f-407c-a4ea-9bdb94e77aa6 resource provider aggregate not found
2026-05-12 12:39:17.289 9 INFO neutron.services.segments.plugin [-] Segment 0ba115dd-a01f-407c-a4ea-9bdb94e77aa6 resource provider not found; error: Placement Client Error (4xx): {"errors": [{"status": 404, "title": "Not Found", "detail": "The resource could not be found.\n\n No resource provider with uuid 0ba115dd-a01f-407c-a4ea-9bdb94e77aa6 found for delete ", "request_id": "req-36d10496-6ca7-40b7-92c1-359dc798b008"}]}
2026-05-12 12:39:17.290 9 INFO neutron.services.segments.plugin [-] Segment 0ba115dd-a01f-407c-a4ea-9bdb94e77aa6 resource provider not found; error: Placement Client Error (4xx): {"errors": [{"status": 404, "title": "Not Found", "detail": "The resource could not be found.\n\n No resource provider with uuid 0ba115dd-a01f-407c-a4ea-9bdb94e77aa6 found for delete ", "request_id": "req-fee6287f-a9de-499f-9d1e-a3b10f8acbe8"}]}
2026-05-12 12:39:17.316 10 INFO neutron.api.wsgi [req-b2b1489c-21a7-4a63-9a98-1851c7b005aa req-86bbb9d0-ad84-49ab-a64b-0c41c8c64620 da00f3621d7345f4bb9f06a1f323269b e967b5b50dad41d1a32c56051a7f6779 - - default default] 10.0.0.244 "GET /v2.0/ports?device_id=8855dca3-a8ec-4ce7-b744-504fb0a6a567 HTTP/1.1" status: 200 len: 1168 time: 0.0394232
2026-05-12 12:39:17.319 10 INFO neutron.api.wsgi [req-10b3c8a4-f53e-43ed-979f-3e9f13a31d90 req-6505a239-c3f2-4b89-a307-fa979a302f52 2fb7fa44010a455db921c056645f5d00 fa055778d9ef4f0b96d0364e5d35cd78 - - default default] 10.0.0.244 "GET /v2.0/networks?id=c1268816-99ae-49c4-b1a7-921674771739 HTTP/1.1" status: 200 len: 868 time: 0.0646372
2026-05-12 12:39:17.333 9 INFO neutron.api.wsgi [req-6df43c63-f098-4580-8da7-33a88c0e2ba1 req-9835670c-1f90-4fc1-92f4-fd9dda28fea2 5ce2567bd6444aae8502e5c696294335 0585709910514915943bf3e368a6d362 - - 47381db344db47a48704c1a03e71a1b2 47381db344db47a48704c1a03e71a1b2] 199.19.213.54 "GET /v2.0/networks?id=48feb46a-9663-4120-88bc-448c882021ae HTTP/1.1" status: 200 len: 980 time: 0.1142108
2026-05-12 12:39:17.340 10 INFO neutron.api.wsgi [req-10b3c8a4-f53e-43ed-979f-3e9f13a31d90 req-45e97c9e-34b9-4fb2-b8ac-301e0a768959 2fb7fa44010a455db921c056645f5d00 fa055778d9ef4f0b96d0364e5d35cd78 - - default default] 10.0.0.244 "GET /v2.0/quotas/fa055778d9ef4f0b96d0364e5d35cd78 HTTP/1.1" status: 200 len: 491 time: 0.0143149
2026-05-12 12:39:17.363 10 INFO neutron.api.wsgi [req-b2b1489c-21a7-4a63-9a98-1851c7b005aa req-346bf945-aaa1-467a-a823-df13fd594150 da00f3621d7345f4bb9f06a1f323269b e967b5b50dad41d1a32c56051a7f6779 - - default default] 10.0.0.244 "GET /v2.0/security-groups?id=eacdc555-7ab4-4931-955a-a3f10f72a405&fields=id&fields=name HTTP/1.1" status: 200 len: 313 time: 0.0419817
2026-05-12 12:39:17.405 9 INFO neutron.api.wsgi [req-6df43c63-f098-4580-8da7-33a88c0e2ba1 req-a2be8b6b-0b7f-49b2-b8d8-571a7c1126a3 5ce2567bd6444aae8502e5c696294335 0585709910514915943bf3e368a6d362 - - 47381db344db47a48704c1a03e71a1b2 47381db344db47a48704c1a03e71a1b2] 199.19.213.54 "GET /v2.0/floatingips?fixed_ip_address=10.100.0.8&port_id=13b2f129-456d-4fb7-8874-84ea6ec3be7c HTTP/1.1" status: 200 len: 217 time: 0.0235503
2026-05-12 12:39:17.413 9 WARNING neutron.scheduler.dhcp_agent_scheduler [None req-f8a3ba50-3156-470f-8f9e-5a1363135355 95262b78804f4497aa3d939d14a36fb2 7b481dfbc965416d84b5964aa0826d0a - - default default] No more DHCP agents
2026-05-12 12:39:17.415 9 WARNING neutron.api.rpc.agentnotifiers.dhcp_rpc_agent_api [None req-f8a3ba50-3156-470f-8f9e-5a1363135355 95262b78804f4497aa3d939d14a36fb2 7b481dfbc965416d84b5964aa0826d0a - - default default] Unable to schedule network c8d2d880-dfb9-41a9-9b4b-32ac7e59ba1c: no agents available; will retry on subsequent port and subnet creation events.
2026-05-12 12:39:17.417 10 INFO neutron.api.wsgi [req-10b3c8a4-f53e-43ed-979f-3e9f13a31d90 req-acdd5e93-1115-4a85-97e9-bb54d90e75ad 2fb7fa44010a455db921c056645f5d00 fa055778d9ef4f0b96d0364e5d35cd78 - - default default] 10.0.0.244 "GET /v2.0/ports?tenant_id=fa055778d9ef4f0b96d0364e5d35cd78&fields=id HTTP/1.1" status: 200 len: 302 time: 0.0716064
2026-05-12 12:39:17.470 9 INFO neutron.api.wsgi [req-6df43c63-f098-4580-8da7-33a88c0e2ba1 req-353eff9f-8aa4-4242-a45a-430a025da727 5ce2567bd6444aae8502e5c696294335 0585709910514915943bf3e368a6d362 - - 47381db344db47a48704c1a03e71a1b2 47381db344db47a48704c1a03e71a1b2] 199.19.213.54 "GET /v2.0/subnets?id=9c45025f-f507-4fee-9f71-7aa58b4accba HTTP/1.1" status: 200 len: 899 time: 0.0333827
2026-05-12 12:39:17.471 10 INFO neutron.api.wsgi [req-10b3c8a4-f53e-43ed-979f-3e9f13a31d90 req-a6101072-fa78-48d3-ab50-6d5fd11c134d 5ce2567bd6444aae8502e5c696294335 0585709910514915943bf3e368a6d362 - - 47381db344db47a48704c1a03e71a1b2 47381db344db47a48704c1a03e71a1b2] 10.0.0.244 "GET /v2.0/networks/c1268816-99ae-49c4-b1a7-921674771739?fields=segments HTTP/1.1" status: 200 len: 212 time: 0.0399771
2026-05-12 12:39:17.501 9 INFO neutron.api.wsgi [req-6df43c63-f098-4580-8da7-33a88c0e2ba1 req-38038c43-97c1-4a77-9dbd-3a5f960cfdea 5ce2567bd6444aae8502e5c696294335 0585709910514915943bf3e368a6d362 - - 47381db344db47a48704c1a03e71a1b2 47381db344db47a48704c1a03e71a1b2] 199.19.213.54 "GET /v2.0/ports?network_id=48feb46a-9663-4120-88bc-448c882021ae&device_owner=network%3Adhcp HTTP/1.1" status: 200 len: 210 time: 0.0237641
2026-05-12 12:39:17.513 9 INFO neutron.db.ovn_revision_numbers_db [None req-f8a3ba50-3156-470f-8f9e-5a1363135355 95262b78804f4497aa3d939d14a36fb2 7b481dfbc965416d84b5964aa0826d0a - - default default] Successfully bumped revision number for resource e2c9e6b3-fa29-42b8-bb3e-8bd3178ff3c7 (type: ports) to 1
2026-05-12 12:39:17.522 10 INFO neutron.api.wsgi [req-10b3c8a4-f53e-43ed-979f-3e9f13a31d90 req-c79ebd76-334d-4705-a8f6-4e568e99d400 5ce2567bd6444aae8502e5c696294335 0585709910514915943bf3e368a6d362 - - 47381db344db47a48704c1a03e71a1b2 47381db344db47a48704c1a03e71a1b2] 10.0.0.244 "GET /v2.0/networks/c1268816-99ae-49c4-b1a7-921674771739?fields=provider%3Aphysical_network&fields=provider%3Anetwork_type HTTP/1.1" status: 200 len: 277 time: 0.0418324
2026-05-12 12:39:17.541 9 INFO neutron.api.wsgi [None req-f8a3ba50-3156-470f-8f9e-5a1363135355 95262b78804f4497aa3d939d14a36fb2 7b481dfbc965416d84b5964aa0826d0a - - default default] 10.0.0.120 "POST /v2.0/networks HTTP/1.1" status: 201 len: 849 time: 0.6811373
2026-05-12 12:39:17.554 10 WARNING neutron_lib.context [None req-ea37a0ba-f7e1-4ea2-b95e-2ad102a10db6 95262b78804f4497aa3d939d14a36fb2 7b481dfbc965416d84b5964aa0826d0a - - default default] Method 'is_advsvc' is deprecated since 2023.2 release (neutron-lib 3.8.0) and will be removed once support for the old RBAC API policies will be removed from Neutron. Please use method 'is_service_role' instead.
2026-05-12 12:39:17.555 9 INFO neutron.api.wsgi [req-6df43c63-f098-4580-8da7-33a88c0e2ba1 req-0fa8f70d-2a53-466c-b77b-c5a39ffe87fa 5ce2567bd6444aae8502e5c696294335 0585709910514915943bf3e368a6d362 - - 47381db344db47a48704c1a03e71a1b2 47381db344db47a48704c1a03e71a1b2] 199.19.213.54 "GET /v2.0/networks/48feb46a-9663-4120-88bc-448c882021ae?fields=segments HTTP/1.1" status: 200 len: 212 time: 0.0487883
2026-05-12 12:39:17.652 9 INFO neutron.api.wsgi [req-6df43c63-f098-4580-8da7-33a88c0e2ba1 req-e17bc27a-f2ec-43f2-9f59-28582836b721 5ce2567bd6444aae8502e5c696294335 0585709910514915943bf3e368a6d362 - - 47381db344db47a48704c1a03e71a1b2 47381db344db47a48704c1a03e71a1b2] 199.19.213.54 "GET /v2.0/networks/48feb46a-9663-4120-88bc-448c882021ae?fields=provider%3Aphysical_network&fields=provider%3Anetwork_type HTTP/1.1" status: 200 len: 277 time: 0.0930314
2026-05-12 12:39:17.665 10 INFO neutron.db.segments_db [None req-ea37a0ba-f7e1-4ea2-b95e-2ad102a10db6 95262b78804f4497aa3d939d14a36fb2 7b481dfbc965416d84b5964aa0826d0a - - default default] Added segment fa3cf6e7-8db8-426e-b00c-d4645c394296 of type geneve for network b6208435-72f4-4bce-b8b0-dbcffb9ea0ce
2026-05-12 12:39:17.716 10 INFO neutron.api.wsgi [req-5d486355-4e8c-483f-849b-03ce9c5bc623 req-331af126-324c-401a-90b0-6250efa31dcc 2fb7fa44010a455db921c056645f5d00 fa055778d9ef4f0b96d0364e5d35cd78 - - default default] 10.0.0.244 "GET /v2.0/ports?device_id=33cbd0d3-a0a0-4713-a2ea-fc4c10ba216c HTTP/1.1" status: 200 len: 210 time: 0.0315235
2026-05-12 12:39:17.835 10 INFO neutron.db.ovn_revision_numbers_db [None req-ea37a0ba-f7e1-4ea2-b95e-2ad102a10db6 95262b78804f4497aa3d939d14a36fb2 7b481dfbc965416d84b5964aa0826d0a - - default default] Successfully bumped revision number for resource b6208435-72f4-4bce-b8b0-dbcffb9ea0ce (type: networks) to 1
2026-05-12 12:39:18.266 10 WARNING neutron.scheduler.dhcp_agent_scheduler [None req-ea37a0ba-f7e1-4ea2-b95e-2ad102a10db6 95262b78804f4497aa3d939d14a36fb2 7b481dfbc965416d84b5964aa0826d0a - - default default] No more DHCP agents
2026-05-12 12:39:18.267 10 WARNING neutron.api.rpc.agentnotifiers.dhcp_rpc_agent_api [None req-ea37a0ba-f7e1-4ea2-b95e-2ad102a10db6 95262b78804f4497aa3d939d14a36fb2 7b481dfbc965416d84b5964aa0826d0a - - default default] Unable to schedule network b6208435-72f4-4bce-b8b0-dbcffb9ea0ce: no agents available; will retry on subsequent port and subnet creation events.
2026-05-12 12:39:18.379 10 INFO neutron.db.ovn_revision_numbers_db [None req-ea37a0ba-f7e1-4ea2-b95e-2ad102a10db6 95262b78804f4497aa3d939d14a36fb2 7b481dfbc965416d84b5964aa0826d0a - - default default] Successfully bumped revision number for resource ee29569b-fd00-439d-9c79-f7631a27eb4d (type: ports) to 1
2026-05-12 12:39:18.404 10 INFO neutron.api.wsgi [None req-ea37a0ba-f7e1-4ea2-b95e-2ad102a10db6 95262b78804f4497aa3d939d14a36fb2 7b481dfbc965416d84b5964aa0826d0a - - default default] 10.0.0.120 "POST /v2.0/networks HTTP/1.1" status: 201 len: 849 time: 0.8554795
2026-05-12 12:39:18.413 9 WARNING neutron_lib.context [None req-6d04afa1-fc21-4934-a71c-d4d44c63aa5c 95262b78804f4497aa3d939d14a36fb2 7b481dfbc965416d84b5964aa0826d0a - - default default] Method 'is_advsvc' is deprecated since 2023.2 release (neutron-lib 3.8.0) and will be removed once support for the old RBAC API policies will be removed from Neutron. Please use method 'is_service_role' instead.
2026-05-12 12:39:18.449 9 WARNING neutron_lib.context [None req-6d04afa1-fc21-4934-a71c-d4d44c63aa5c 95262b78804f4497aa3d939d14a36fb2 7b481dfbc965416d84b5964aa0826d0a - - default default] Method 'is_advsvc' is deprecated since 2023.2 release (neutron-lib 3.8.0) and will be removed once support for the old RBAC API policies will be removed from Neutron. Please use method 'is_service_role' instead.
2026-05-12 12:39:18.483 10 INFO neutron.api.wsgi [req-639dc206-110b-46b8-bc0b-3b1f1c8ec7da req-d5e86247-1fd0-46ca-9630-7a02134b7eba da00f3621d7345f4bb9f06a1f323269b e967b5b50dad41d1a32c56051a7f6779 - - default default] 10.0.0.244 "GET /v2.0/ports?device_id=8855dca3-a8ec-4ce7-b744-504fb0a6a567 HTTP/1.1" status: 200 len: 1168 time: 0.0376158
2026-05-12 12:39:18.551 10 INFO neutron.api.wsgi [req-639dc206-110b-46b8-bc0b-3b1f1c8ec7da req-4e0467a2-78e5-4d4f-99ee-3cd9d7565843 da00f3621d7345f4bb9f06a1f323269b e967b5b50dad41d1a32c56051a7f6779 - - default default] 10.0.0.244 "GET /v2.0/security-groups?id=eacdc555-7ab4-4931-955a-a3f10f72a405&fields=id&fields=name HTTP/1.1" status: 200 len: 313 time: 0.0609143
2026-05-12 12:39:18.819 10 INFO neutron.api.wsgi [req-91836a31-65cc-4a09-af8a-64479eba81fd req-6eaf8282-9807-40dc-b433-5b984089cc1d 2fb7fa44010a455db921c056645f5d00 fa055778d9ef4f0b96d0364e5d35cd78 - - default default] 10.0.0.244 "GET /v2.0/ports?device_id=33cbd0d3-a0a0-4713-a2ea-fc4c10ba216c HTTP/1.1" status: 200 len: 210 time: 0.0197024
2026-05-12 12:39:18.949 9 WARNING neutron.scheduler.dhcp_agent_scheduler [None req-6d04afa1-fc21-4934-a71c-d4d44c63aa5c 95262b78804f4497aa3d939d14a36fb2 7b481dfbc965416d84b5964aa0826d0a - - default default] No more DHCP agents
2026-05-12 12:39:18.951 9 WARNING neutron.api.rpc.agentnotifiers.dhcp_rpc_agent_api [None req-6d04afa1-fc21-4934-a71c-d4d44c63aa5c 95262b78804f4497aa3d939d14a36fb2 7b481dfbc965416d84b5964aa0826d0a - - default default] Unable to schedule network c8d2d880-dfb9-41a9-9b4b-32ac7e59ba1c: no agents available; will retry on subsequent port and subnet creation events.
2026-05-12 12:39:19.021 9 INFO neutron.db.ovn_revision_numbers_db [None req-6d04afa1-fc21-4934-a71c-d4d44c63aa5c 95262b78804f4497aa3d939d14a36fb2 7b481dfbc965416d84b5964aa0826d0a - - default default] Successfully bumped revision number for resource b57481f7-4082-43f8-ae0e-ebcbc5772cc7 (type: ports) to 1
2026-05-12 12:39:19.075 9 WARNING neutron.scheduler.dhcp_agent_scheduler [None req-6d04afa1-fc21-4934-a71c-d4d44c63aa5c 95262b78804f4497aa3d939d14a36fb2 7b481dfbc965416d84b5964aa0826d0a - - default default] No more DHCP agents
2026-05-12 12:39:19.077 9 WARNING neutron.api.rpc.agentnotifiers.dhcp_rpc_agent_api [None req-6d04afa1-fc21-4934-a71c-d4d44c63aa5c 95262b78804f4497aa3d939d14a36fb2 7b481dfbc965416d84b5964aa0826d0a - - default default] Unable to schedule network b6208435-72f4-4bce-b8b0-dbcffb9ea0ce: no agents available; will retry on subsequent port and subnet creation events.
2026-05-12 12:39:19.155 9 INFO neutron.db.ovn_revision_numbers_db [None req-6d04afa1-fc21-4934-a71c-d4d44c63aa5c 95262b78804f4497aa3d939d14a36fb2 7b481dfbc965416d84b5964aa0826d0a - - default default] Successfully bumped revision number for resource b07abfa2-b76e-4d03-8891-07285e72f521 (type: ports) to 1
2026-05-12 12:39:19.180 9 INFO neutron.api.wsgi [None req-6d04afa1-fc21-4934-a71c-d4d44c63aa5c 95262b78804f4497aa3d939d14a36fb2 7b481dfbc965416d84b5964aa0826d0a - - default default] 10.0.0.120 "POST /v2.0/ports HTTP/1.1" status: 201 len: 1706 time: 0.7731230 /var/lib/openstack/lib/python3.12/site-packages/pycadf/identifier.py:71: UserWarning: Invalid uuid: neutron. To ensure interoperability, identifiers should be a valid uuid. warnings.warn(('Invalid uuid: %s. To ensure interoperability, '
2026-05-12 12:39:19.298 9 INFO neutron.api.wsgi [None req-d04f4137-5d57-4de1-a599-5bd7f122fd97 95262b78804f4497aa3d939d14a36fb2 7b481dfbc965416d84b5964aa0826d0a - - default default] 10.0.0.120 "GET /v2.0/ports HTTP/1.1" status: 200 len: 3213 time: 0.1130626
2026-05-12 12:39:19.516 9 INFO neutron.api.wsgi [None req-06399914-f053-471b-8f6a-f1c32fb5e06c 95262b78804f4497aa3d939d14a36fb2 7b481dfbc965416d84b5964aa0826d0a - - default default] 10.0.0.120 "DELETE /v2.0/ports/b57481f7-4082-43f8-ae0e-ebcbc5772cc7 HTTP/1.1" status: 204 len: 168 time: 0.2132776
2026-05-12 12:39:19.564 10 INFO neutron.api.wsgi [-] 10.0.0.36 "GET / HTTP/1.1" status: 200 len: 247 time: 0.0019209
2026-05-12 12:39:19.568 9 INFO neutron.api.wsgi [-] 10.0.0.36 "GET / HTTP/1.1" status: 200 len: 247 time: 0.0056775
2026-05-12 12:39:19.674 10 WARNING neutron.plugins.ml2.drivers.ovn.mech_driver.ovsdb.ovn_client [None req-5df10e37-6546-4333-9ffe-795d5463a440 - - - - - -] No hosting information found for port cd10205c-bd42-45fc-ba9a-22430eb501b3: RuntimeError: No hosting information found for port cd10205c-bd42-45fc-ba9a-22430eb501b3
2026-05-12 12:39:19.755 9 INFO neutron.api.wsgi [None req-953fd755-05c2-434a-b10b-da909e3637b4 95262b78804f4497aa3d939d14a36fb2 7b481dfbc965416d84b5964aa0826d0a - - default default] 10.0.0.120 "DELETE /v2.0/ports/b07abfa2-b76e-4d03-8891-07285e72f521 HTTP/1.1" status: 204 len: 168 time: 0.2329502
2026-05-12 12:39:19.756 10 INFO neutron.api.wsgi [req-11ba9acd-3289-4319-bfd5-5abf9781d0b4 req-e5c0f926-dd42-486b-8e4f-21653bb3fb5d da00f3621d7345f4bb9f06a1f323269b e967b5b50dad41d1a32c56051a7f6779 - - default default] 10.0.0.244 "GET /v2.0/ports?device_id=8855dca3-a8ec-4ce7-b744-504fb0a6a567 HTTP/1.1" status: 200 len: 1168 time: 0.1398025
2026-05-12 12:39:19.797 10 INFO neutron.db.ovn_revision_numbers_db [None req-5df10e37-6546-4333-9ffe-795d5463a440 - - - - - -] Successfully bumped revision number for resource cd10205c-bd42-45fc-ba9a-22430eb501b3 (type: router_ports) to 2
2026-05-12 12:39:19.802 10 INFO neutron.api.wsgi [req-11ba9acd-3289-4319-bfd5-5abf9781d0b4 req-6cb88b40-6155-4840-9131-837352432be9 da00f3621d7345f4bb9f06a1f323269b e967b5b50dad41d1a32c56051a7f6779 - - default default] 10.0.0.244 "GET /v2.0/security-groups?id=eacdc555-7ab4-4931-955a-a3f10f72a405&fields=id&fields=name HTTP/1.1" status: 200 len: 313 time: 0.0364344
2026-05-12 12:39:19.803 9 INFO neutron.api.wsgi [None req-ea26bffe-41fc-4d8a-884f-6efd76edd1c1 95262b78804f4497aa3d939d14a36fb2 7b481dfbc965416d84b5964aa0826d0a - - default default] 10.0.0.120 "GET /v2.0/ports HTTP/1.1" status: 200 len: 1718 time: 0.0364068
2026-05-12 12:39:19.817 10 WARNING neutron_lib.context [None req-18cd2edd-3a8a-49b4-8302-4a575a6be54b 95262b78804f4497aa3d939d14a36fb2 7b481dfbc965416d84b5964aa0826d0a - - default default] Method 'is_advsvc' is deprecated since 2023.2 release (neutron-lib 3.8.0) and will be removed once support for the old RBAC API policies will be removed from Neutron. Please use method 'is_service_role' instead.
2026-05-12 12:39:19.916 10 INFO neutron.api.wsgi [req-7bdf3e9e-fe94-425d-bc84-e1be79ad72a9 req-a7d825f3-3572-4484-b842-281f08ea617a 2fb7fa44010a455db921c056645f5d00 fa055778d9ef4f0b96d0364e5d35cd78 - - default default] 10.0.0.244 "GET /v2.0/ports?device_id=33cbd0d3-a0a0-4713-a2ea-fc4c10ba216c HTTP/1.1" status: 200 len: 210 time: 0.0269914
2026-05-12 12:39:19.928 10 INFO neutron.db.segments_db [None req-18cd2edd-3a8a-49b4-8302-4a575a6be54b 95262b78804f4497aa3d939d14a36fb2 7b481dfbc965416d84b5964aa0826d0a - - default default] Added segment c6eb4202-3065-4caf-99fd-84595805ef0a of type geneve for network 6ef81920-f03f-4303-a412-dd0ca0b84527
2026-05-12 12:39:19.970 9 WARNING neutron.plugins.ml2.drivers.ovn.mech_driver.ovsdb.ovn_client [None req-aceea0fb-ea3d-4611-96c6-329445602ae2 - - - - - -] No hosting information found for port 523ef450-e7f0-4b27-bae7-23eae01a9e41: RuntimeError: No hosting information found for port 523ef450-e7f0-4b27-bae7-23eae01a9e41
2026-05-12 12:39:20.053 9 INFO neutron.db.ovn_revision_numbers_db [None req-aceea0fb-ea3d-4611-96c6-329445602ae2 - - - - - -] Successfully bumped revision number for resource 523ef450-e7f0-4b27-bae7-23eae01a9e41 (type: router_ports) to 2
2026-05-12 12:39:20.060 10 INFO neutron.db.ovn_revision_numbers_db [None req-18cd2edd-3a8a-49b4-8302-4a575a6be54b 95262b78804f4497aa3d939d14a36fb2 7b481dfbc965416d84b5964aa0826d0a - - default default] Successfully bumped revision number for resource 6ef81920-f03f-4303-a412-dd0ca0b84527 (type: networks) to 1
2026-05-12 12:39:20.224 10 WARNING neutron.scheduler.dhcp_agent_scheduler [None req-18cd2edd-3a8a-49b4-8302-4a575a6be54b 95262b78804f4497aa3d939d14a36fb2 7b481dfbc965416d84b5964aa0826d0a - - default default] No more DHCP agents
2026-05-12 12:39:20.226 10 WARNING neutron.api.rpc.agentnotifiers.dhcp_rpc_agent_api [None req-18cd2edd-3a8a-49b4-8302-4a575a6be54b 95262b78804f4497aa3d939d14a36fb2 7b481dfbc965416d84b5964aa0826d0a - - default default] Unable to schedule network 6ef81920-f03f-4303-a412-dd0ca0b84527: no agents available; will retry on subsequent port and subnet creation events.
2026-05-12 12:39:20.288 10 INFO neutron.db.ovn_revision_numbers_db [None req-18cd2edd-3a8a-49b4-8302-4a575a6be54b 95262b78804f4497aa3d939d14a36fb2 7b481dfbc965416d84b5964aa0826d0a - - default default] Successfully bumped revision number for resource 63983739-6f17-45a1-a9d0-5c5f905b205f (type: ports) to 1
2026-05-12 12:39:20.310 10 INFO neutron.api.wsgi [None req-18cd2edd-3a8a-49b4-8302-4a575a6be54b 95262b78804f4497aa3d939d14a36fb2 7b481dfbc965416d84b5964aa0826d0a - - default default] 10.0.0.120 "POST /v2.0/networks HTTP/1.1" status: 201 len: 848 time: 0.4970512
2026-05-12 12:39:20.323 10 WARNING neutron_lib.context [None req-5fd60d08-f423-4002-b529-ae98bc41d9f0 95262b78804f4497aa3d939d14a36fb2 7b481dfbc965416d84b5964aa0826d0a - - default default] Method 'is_advsvc' is deprecated since 2023.2 release (neutron-lib 3.8.0) and will be removed once support for the old RBAC API policies will be removed from Neutron. Please use method 'is_service_role' instead.
2026-05-12 12:39:20.406 10 INFO neutron.db.segments_db [None req-5fd60d08-f423-4002-b529-ae98bc41d9f0 95262b78804f4497aa3d939d14a36fb2 7b481dfbc965416d84b5964aa0826d0a - - default default] Added segment 852577e7-6035-4d01-ba2b-ed54b3fbce71 of type geneve for network 26f0829f-69fc-44b0-a35e-a8d26436a809
2026-05-12 12:39:20.531 10 INFO neutron.db.ovn_revision_numbers_db [None req-5fd60d08-f423-4002-b529-ae98bc41d9f0 95262b78804f4497aa3d939d14a36fb2 7b481dfbc965416d84b5964aa0826d0a - - default default] Successfully bumped revision number for resource 26f0829f-69fc-44b0-a35e-a8d26436a809 (type: networks) to 1
2026-05-12 12:39:20.728 10 WARNING neutron.scheduler.dhcp_agent_scheduler [None req-5fd60d08-f423-4002-b529-ae98bc41d9f0 95262b78804f4497aa3d939d14a36fb2 7b481dfbc965416d84b5964aa0826d0a - - default default] No more DHCP agents
2026-05-12 12:39:20.729 10 WARNING neutron.api.rpc.agentnotifiers.dhcp_rpc_agent_api [None req-5fd60d08-f423-4002-b529-ae98bc41d9f0 95262b78804f4497aa3d939d14a36fb2 7b481dfbc965416d84b5964aa0826d0a - - default default] Unable to schedule network 26f0829f-69fc-44b0-a35e-a8d26436a809: no agents available; will retry on subsequent port and subnet creation events.
2026-05-12 12:39:20.786 10 INFO neutron.db.ovn_revision_numbers_db [None req-5fd60d08-f423-4002-b529-ae98bc41d9f0 95262b78804f4497aa3d939d14a36fb2 7b481dfbc965416d84b5964aa0826d0a - - default default] Successfully bumped revision number for resource 5336775d-1fa8-4edb-a2e1-fd9b47ba32a1 (type: ports) to 1
2026-05-12 12:39:20.805 10 INFO neutron.api.wsgi [None req-5fd60d08-f423-4002-b529-ae98bc41d9f0 95262b78804f4497aa3d939d14a36fb2 7b481dfbc965416d84b5964aa0826d0a - - default default] 10.0.0.120 "POST /v2.0/networks HTTP/1.1" status: 201 len: 848 time: 0.4883022
2026-05-12 12:39:20.854 10 WARNING neutron_lib.context [None req-f173a03b-69a2-4221-a538-61ef2ee0bd6c 95262b78804f4497aa3d939d14a36fb2 7b481dfbc965416d84b5964aa0826d0a - - default default] Method 'is_advsvc' is deprecated since 2023.2 release (neutron-lib 3.8.0) and will be removed once support for the old RBAC API policies will be removed from Neutron. Please use method 'is_service_role' instead.
2026-05-12 12:39:20.894 10 WARNING neutron_lib.context [None req-f173a03b-69a2-4221-a538-61ef2ee0bd6c 95262b78804f4497aa3d939d14a36fb2 7b481dfbc965416d84b5964aa0826d0a - - default default] Method 'is_advsvc' is deprecated since 2023.2 release (neutron-lib 3.8.0) and will be removed once support for the old RBAC API policies will be removed from Neutron. Please use method 'is_service_role' instead.
2026-05-12 12:39:20.924 10 INFO neutron.api.wsgi [req-62b3006a-f3df-4381-a8a7-52d254fe8e27 req-cf06b07c-c219-421a-9e31-3e14f838ec4d da00f3621d7345f4bb9f06a1f323269b e967b5b50dad41d1a32c56051a7f6779 - - default default] 10.0.0.244 "GET /v2.0/ports?device_id=8855dca3-a8ec-4ce7-b744-504fb0a6a567 HTTP/1.1" status: 200 len: 1168 time: 0.0454302
2026-05-12 12:39:20.972 10 INFO neutron.api.wsgi [req-62b3006a-f3df-4381-a8a7-52d254fe8e27 req-74c37eea-d3d8-43b4-b201-9f0e86e07e31 da00f3621d7345f4bb9f06a1f323269b e967b5b50dad41d1a32c56051a7f6779 - - default default] 10.0.0.244 "GET /v2.0/security-groups?id=eacdc555-7ab4-4931-955a-a3f10f72a405&fields=id&fields=name HTTP/1.1" status: 200 len: 313 time: 0.0401428
2026-05-12 12:39:21.037 10 INFO neutron.api.wsgi [req-54ddbdf9-be9b-4218-800b-a22f23118357 req-7611085e-28a4-4250-8698-d9a38e60d960 2fb7fa44010a455db921c056645f5d00 fa055778d9ef4f0b96d0364e5d35cd78 - - default default] 10.0.0.244 "GET /v2.0/ports?device_id=33cbd0d3-a0a0-4713-a2ea-fc4c10ba216c HTTP/1.1" status: 200 len: 210 time: 0.0175738
2026-05-12 12:39:21.041 10 INFO neutron.api.wsgi [req-f636a248-c420-434a-95c4-595ddb3f9e21 req-9e5848f4-cfba-4ccf-8083-2367aa717473 6a0fa76a025445feada92c64ffcc763d f41aa58f03874dfabc59d018e2100818 - - default default] 10.0.0.244 "GET /v2.0/security-groups?name=tempest-securitygroup--795547668&fields=id&tenant_id=f41aa58f03874dfabc59d018e2100818 HTTP/1.1" status: 200 len: 267 time: 0.0564592
2026-05-12 12:39:21.103 10 INFO neutron.api.wsgi [req-f636a248-c420-434a-95c4-595ddb3f9e21 req-a3d1a6d9-acac-42e7-83a5-8f60b20e5352 6a0fa76a025445feada92c64ffcc763d f41aa58f03874dfabc59d018e2100818 - - default default] 10.0.0.244 "GET /v2.0/networks?id=a2ee3ea1-2eff-41f5-a704-599019462ade HTTP/1.1" status: 200 len: 879 time: 0.0538294
2026-05-12 12:39:21.122 10 INFO neutron.api.wsgi [req-f636a248-c420-434a-95c4-595ddb3f9e21 req-3835b4c2-881f-47b3-b51a-d551fff37671 6a0fa76a025445feada92c64ffcc763d f41aa58f03874dfabc59d018e2100818 - - default default] 10.0.0.244 "GET /v2.0/quotas/f41aa58f03874dfabc59d018e2100818 HTTP/1.1" status: 200 len: 491 time: 0.0130866
2026-05-12 12:39:21.179 10 INFO neutron.plugins.ml2.drivers.ovn.mech_driver.mech_driver [None req-5df10e37-6546-4333-9ffe-795d5463a440 - - - - - -] OVN reports status up for port: 13b2f129-456d-4fb7-8874-84ea6ec3be7c
2026-05-12 12:39:21.200 10 INFO neutron.plugins.ml2.plugin [None req-5df10e37-6546-4333-9ffe-795d5463a440 - - - - - -] Attempt 1 to provision port 13b2f129-456d-4fb7-8874-84ea6ec3be7c
2026-05-12 12:39:21.249 10 INFO neutron.api.wsgi [req-f636a248-c420-434a-95c4-595ddb3f9e21 req-ea78c088-0216-49c9-aa9b-06832a141ec0 6a0fa76a025445feada92c64ffcc763d f41aa58f03874dfabc59d018e2100818 - - default default] 10.0.0.244 "GET /v2.0/ports?tenant_id=f41aa58f03874dfabc59d018e2100818&fields=id HTTP/1.1" status: 200 len: 302 time: 0.1197758
2026-05-12 12:39:21.341 10 INFO neutron.api.wsgi [req-f636a248-c420-434a-95c4-595ddb3f9e21 req-775958c0-a43d-48e5-b87d-4123b5d36b09 5ce2567bd6444aae8502e5c696294335 0585709910514915943bf3e368a6d362 - - 47381db344db47a48704c1a03e71a1b2 47381db344db47a48704c1a03e71a1b2] 10.0.0.244 "GET /v2.0/networks/a2ee3ea1-2eff-41f5-a704-599019462ade?fields=segments HTTP/1.1" status: 200 len: 212 time: 0.0725465
2026-05-12 12:39:21.375 10 WARNING neutron.scheduler.dhcp_agent_scheduler [None req-f173a03b-69a2-4221-a538-61ef2ee0bd6c 95262b78804f4497aa3d939d14a36fb2 7b481dfbc965416d84b5964aa0826d0a - - default default] No more DHCP agents
2026-05-12 12:39:21.384 10 WARNING neutron.api.rpc.agentnotifiers.dhcp_rpc_agent_api [None req-f173a03b-69a2-4221-a538-61ef2ee0bd6c 95262b78804f4497aa3d939d14a36fb2 7b481dfbc965416d84b5964aa0826d0a - - default default] Unable to schedule network 6ef81920-f03f-4303-a412-dd0ca0b84527: no agents available; will retry on subsequent port and subnet creation events.
2026-05-12 12:39:21.436 10 INFO neutron.api.wsgi [req-f636a248-c420-434a-95c4-595ddb3f9e21 req-d8b5e64d-e1dc-42db-a91a-e028553d4068 5ce2567bd6444aae8502e5c696294335 0585709910514915943bf3e368a6d362 - - 47381db344db47a48704c1a03e71a1b2 47381db344db47a48704c1a03e71a1b2] 10.0.0.244 "GET /v2.0/networks/a2ee3ea1-2eff-41f5-a704-599019462ade?fields=provider%3Aphysical_network&fields=provider%3Anetwork_type HTTP/1.1" status: 200 len: 277 time: 0.0880597
2026-05-12 12:39:21.602 10 INFO neutron.db.ovn_revision_numbers_db [None req-5df10e37-6546-4333-9ffe-795d5463a440 - - - - - -] Successfully bumped revision number for resource 13b2f129-456d-4fb7-8874-84ea6ec3be7c (type: ports) to 5 /var/lib/openstack/lib/python3.12/site-packages/pycadf/identifier.py:71: UserWarning: Invalid uuid: neutron. To ensure interoperability, identifiers should be a valid uuid. warnings.warn(('Invalid uuid: %s. To ensure interoperability, '
2026-05-12 12:39:21.783 10 INFO neutron.api.wsgi [req-dc7799e1-85d2-411b-b954-13e33f604277 req-2e5b87f8-2840-45d1-a2cd-e4e07b6dc3cf 6a0fa76a025445feada92c64ffcc763d f41aa58f03874dfabc59d018e2100818 - - default default] 10.0.0.244 "GET /v2.0/ports?device_id=4865c6e8-ffc9-4242-a6c2-612a267ba60a HTTP/1.1" status: 200 len: 210 time: 0.0280886
2026-05-12 12:39:21.858 10 INFO neutron.notifiers.nova [-] Nova event matching ['req-715a31cd-6d8a-4d37-9308-395a0cddf25d'] response: {'server_uuid': '8855dca3-a8ec-4ce7-b744-504fb0a6a567', 'name': 'network-vif-plugged', 'status': 'completed', 'tag': '13b2f129-456d-4fb7-8874-84ea6ec3be7c', 'code': 200}
2026-05-12 12:39:21.956 10 INFO neutron.db.ovn_revision_numbers_db [None req-a8f571e6-4628-423a-aa5c-70499aaf54fa - - - - - -] Successfully bumped revision number for resource 63983739-6f17-45a1-a9d0-5c5f905b205f (type: ports) to 2
2026-05-12 12:39:21.999 10 INFO neutron.db.ovn_revision_numbers_db [None req-a8f571e6-4628-423a-aa5c-70499aaf54fa - - - - - -] Successfully bumped revision number for resource 0c3a627a-4ce9-4ce1-b484-da7d43b21af2 (type: subnets) to 0
2026-05-12 12:39:22.101 10 INFO neutron.api.wsgi [req-c3e53732-5450-4ec0-a3da-69049e356381 req-1a349845-5f24-46a4-ad2d-acec3a4c11a2 da00f3621d7345f4bb9f06a1f323269b e967b5b50dad41d1a32c56051a7f6779 - - default default] 10.0.0.244 "GET /v2.0/ports?device_id=8855dca3-a8ec-4ce7-b744-504fb0a6a567 HTTP/1.1" status: 200 len: 1170 time: 0.0469573
2026-05-12 12:39:22.106 10 WARNING neutron.scheduler.dhcp_agent_scheduler [None req-f173a03b-69a2-4221-a538-61ef2ee0bd6c 95262b78804f4497aa3d939d14a36fb2 7b481dfbc965416d84b5964aa0826d0a - - default default] No more DHCP agents
2026-05-12 12:39:22.109 10 WARNING neutron.api.rpc.agentnotifiers.dhcp_rpc_agent_api [None req-f173a03b-69a2-4221-a538-61ef2ee0bd6c 95262b78804f4497aa3d939d14a36fb2 7b481dfbc965416d84b5964aa0826d0a - - default default] Unable to schedule network 26f0829f-69fc-44b0-a35e-a8d26436a809: no agents available; will retry on subsequent port and subnet creation events.
2026-05-12 12:39:22.157 10 INFO neutron.api.wsgi [req-b298095b-9f56-49fc-94a9-dd84d1de4338 req-b28fd8e4-681b-4d95-bbca-f6ae752faed0 2fb7fa44010a455db921c056645f5d00 fa055778d9ef4f0b96d0364e5d35cd78 - - default default] 10.0.0.244 "GET /v2.0/ports?device_id=33cbd0d3-a0a0-4713-a2ea-fc4c10ba216c HTTP/1.1" status: 200 len: 210 time: 0.0286648
2026-05-12 12:39:22.171 10 INFO neutron.api.wsgi [req-c3e53732-5450-4ec0-a3da-69049e356381 req-f434115d-9d06-4951-a548-e00ba049e041 da00f3621d7345f4bb9f06a1f323269b e967b5b50dad41d1a32c56051a7f6779 - - default default] 10.0.0.244 "GET /v2.0/security-groups?id=eacdc555-7ab4-4931-955a-a3f10f72a405&fields=id&fields=name HTTP/1.1" status: 200 len: 313 time: 0.0602238
2026-05-12 12:39:22.236 9 INFO neutron.api.wsgi [req-10b3c8a4-f53e-43ed-979f-3e9f13a31d90 req-053e621b-840c-4d64-8c48-aa07948eb3c4 2fb7fa44010a455db921c056645f5d00 fa055778d9ef4f0b96d0364e5d35cd78 - - default default] 199.19.213.54 "GET /v2.0/networks?id=c1268816-99ae-49c4-b1a7-921674771739 HTTP/1.1" status: 200 len: 868 time: 0.0445833
2026-05-12 12:39:22.291 9 INFO neutron.api.wsgi [req-10b3c8a4-f53e-43ed-979f-3e9f13a31d90 req-e3082f79-ad4d-4904-a0f4-0343c595ed60 2fb7fa44010a455db921c056645f5d00 fa055778d9ef4f0b96d0364e5d35cd78 - - default default] 199.19.213.54 "GET /v2.0/security-groups?fields=id&fields=name&tenant_id=fa055778d9ef4f0b96d0364e5d35cd78 HTTP/1.1" status: 200 len: 379 time: 0.0506213
2026-05-12 12:39:22.301 9 WARNING neutron_lib.context [req-10b3c8a4-f53e-43ed-979f-3e9f13a31d90 req-c175a750-be88-4afe-b0ac-0609cf598072 2fb7fa44010a455db921c056645f5d00 fa055778d9ef4f0b96d0364e5d35cd78 - - default default] Method 'is_advsvc' is deprecated since 2023.2 release (neutron-lib 3.8.0) and will be removed once support for the old RBAC API policies will be removed from Neutron. Please use method 'is_service_role' instead.
2026-05-12 12:39:22.621 9 WARNING neutron.scheduler.dhcp_agent_scheduler [req-10b3c8a4-f53e-43ed-979f-3e9f13a31d90 req-c175a750-be88-4afe-b0ac-0609cf598072 2fb7fa44010a455db921c056645f5d00 fa055778d9ef4f0b96d0364e5d35cd78 - - default default] No more DHCP agents
2026-05-12 12:39:22.622 9 WARNING neutron.api.rpc.agentnotifiers.dhcp_rpc_agent_api [req-10b3c8a4-f53e-43ed-979f-3e9f13a31d90 req-c175a750-be88-4afe-b0ac-0609cf598072 2fb7fa44010a455db921c056645f5d00 fa055778d9ef4f0b96d0364e5d35cd78 - - default default] Unable to schedule network c1268816-99ae-49c4-b1a7-921674771739: no agents available; will retry on subsequent port and subnet creation events.
2026-05-12 12:39:22.640 10 INFO neutron.db.ovn_revision_numbers_db [None req-623963bd-a48c-4a67-a355-93dbe5c0c06d - - - - - -] Successfully bumped revision number for resource 5336775d-1fa8-4edb-a2e1-fd9b47ba32a1 (type: ports) to 2
2026-05-12 12:39:22.673 10 INFO neutron.db.ovn_revision_numbers_db [None req-623963bd-a48c-4a67-a355-93dbe5c0c06d - - - - - -] Successfully bumped revision number for resource 3fb44ca4-9b13-4be9-8699-9395358ebff3 (type: subnets) to 0
2026-05-12 12:39:22.693 10 INFO neutron.api.wsgi [None req-f173a03b-69a2-4221-a538-61ef2ee0bd6c 95262b78804f4497aa3d939d14a36fb2 7b481dfbc965416d84b5964aa0826d0a - - default default] 10.0.0.120 "POST /v2.0/subnets HTTP/1.1" status: 201 len: 1473 time: 1.8481369 /var/lib/openstack/lib/python3.12/site-packages/pycadf/identifier.py:71: UserWarning: Invalid uuid: neutron. To ensure interoperability, identifiers should be a valid uuid. warnings.warn(('Invalid uuid: %s. To ensure interoperability, '
2026-05-12 12:39:22.733 9 INFO neutron.api.wsgi [None req-25224ff1-5b01-4c30-883e-f6b23536b28b 95262b78804f4497aa3d939d14a36fb2 7b481dfbc965416d84b5964aa0826d0a - - default default] 10.0.0.120 "GET /v2.0/subnets HTTP/1.1" status: 200 len: 2104 time: 0.0345824
2026-05-12 12:39:22.778 9 INFO neutron.db.ovn_revision_numbers_db [req-10b3c8a4-f53e-43ed-979f-3e9f13a31d90 req-c175a750-be88-4afe-b0ac-0609cf598072 2fb7fa44010a455db921c056645f5d00 fa055778d9ef4f0b96d0364e5d35cd78 - - default default] Successfully bumped revision number for resource 6efd4ff3-46a5-4204-8f82-ac9345a65696 (type: ports) to 1
2026-05-12 12:39:22.800 9 INFO neutron.api.wsgi [req-10b3c8a4-f53e-43ed-979f-3e9f13a31d90 req-c175a750-be88-4afe-b0ac-0609cf598072 2fb7fa44010a455db921c056645f5d00 fa055778d9ef4f0b96d0364e5d35cd78 - - default default] 199.19.213.54 "POST /v2.0/ports HTTP/1.1" status: 201 len: 1162 time: 0.5033007
2026-05-12 12:39:22.883 10 INFO neutron.api.wsgi [req-cb79aec3-187a-412e-85f9-3aafa19639ce req-4ba16835-0bad-448f-bd20-ca07f1aae52b 6a0fa76a025445feada92c64ffcc763d f41aa58f03874dfabc59d018e2100818 - - default default] 10.0.0.244 "GET /v2.0/ports?device_id=4865c6e8-ffc9-4242-a6c2-612a267ba60a HTTP/1.1" status: 200 len: 210 time: 0.0283132
2026-05-12 12:39:22.965 10 INFO neutron.api.wsgi [None req-26f24469-28e9-42b9-ade8-87f9459082b4 95262b78804f4497aa3d939d14a36fb2 7b481dfbc965416d84b5964aa0826d0a - - default default] 10.0.0.120 "DELETE /v2.0/subnets/0c3a627a-4ce9-4ce1-b484-da7d43b21af2 HTTP/1.1" status: 204 len: 168 time: 0.2176254
2026-05-12 12:39:23.141 10 INFO neutron.api.wsgi [None req-0bf549f7-639c-4175-9960-1577e6a5e4b2 95262b78804f4497aa3d939d14a36fb2 7b481dfbc965416d84b5964aa0826d0a - - default default] 10.0.0.120 "DELETE /v2.0/subnets/3fb44ca4-9b13-4be9-8699-9395358ebff3 HTTP/1.1" status: 204 len: 168 time: 0.1714628
2026-05-12 12:39:23.178 10 INFO neutron.api.wsgi [None req-c19b750b-c623-445d-9c39-933e373a981c 95262b78804f4497aa3d939d14a36fb2 7b481dfbc965416d84b5964aa0826d0a - - default default] 10.0.0.120 "GET /v2.0/subnets HTTP/1.1" status: 200 len: 843 time: 0.0306587 /var/lib/openstack/lib/python3.12/site-packages/pycadf/identifier.py:71: UserWarning: Invalid uuid: neutron. To ensure interoperability, identifiers should be a valid uuid. warnings.warn(('Invalid uuid: %s. To ensure interoperability, '
2026-05-12 12:39:23.237 9 INFO neutron.db.ovn_revision_numbers_db [req-10b3c8a4-f53e-43ed-979f-3e9f13a31d90 req-c1d010f4-8e86-4cb8-962d-11465fb13935 5ce2567bd6444aae8502e5c696294335 0585709910514915943bf3e368a6d362 - - 47381db344db47a48704c1a03e71a1b2 47381db344db47a48704c1a03e71a1b2] Successfully bumped revision number for resource 6efd4ff3-46a5-4204-8f82-ac9345a65696 (type: ports) to 2
2026-05-12 12:39:23.295 10 INFO neutron.api.wsgi [req-9458d71d-f245-4ba3-888b-fb7fb359116f req-979e82ba-50e5-4662-be02-1ba0f7d9b60b da00f3621d7345f4bb9f06a1f323269b e967b5b50dad41d1a32c56051a7f6779 - - default default] 10.0.0.244 "GET /v2.0/ports?device_id=8855dca3-a8ec-4ce7-b744-504fb0a6a567 HTTP/1.1" status: 200 len: 1170 time: 0.0517876
2026-05-12 12:39:23.353 10 INFO neutron.api.wsgi [req-9458d71d-f245-4ba3-888b-fb7fb359116f req-2a2c2d91-9972-4fc0-a60f-baf99693de65 da00f3621d7345f4bb9f06a1f323269b e967b5b50dad41d1a32c56051a7f6779 - - default default] 10.0.0.244 "GET /v2.0/security-groups?id=eacdc555-7ab4-4931-955a-a3f10f72a405&fields=id&fields=name HTTP/1.1" status: 200 len: 313 time: 0.0536447
2026-05-12 12:39:23.362 10 INFO neutron.api.wsgi [req-8063c543-9cbb-4947-ac32-69fbe38fd5c2 req-96d63503-5a5f-4343-81c9-509761d2bbd7 2fb7fa44010a455db921c056645f5d00 fa055778d9ef4f0b96d0364e5d35cd78 - - default default] 10.0.0.244 "GET /v2.0/ports?device_id=33cbd0d3-a0a0-4713-a2ea-fc4c10ba216c HTTP/1.1" status: 200 len: 1172 time: 0.1088042
2026-05-12 12:39:23.411 10 INFO neutron.api.wsgi [req-8063c543-9cbb-4947-ac32-69fbe38fd5c2 req-bd718c68-66bd-4735-bc88-56904308f734 2fb7fa44010a455db921c056645f5d00 fa055778d9ef4f0b96d0364e5d35cd78 - - default default] 10.0.0.244 "GET /v2.0/security-groups?id=2c8dd386-1dcc-42be-b56a-882beeded656&fields=id&fields=name HTTP/1.1" status: 200 len: 312 time: 0.0447507
2026-05-12 12:39:23.493 9 INFO neutron.db.ovn_revision_numbers_db [req-10b3c8a4-f53e-43ed-979f-3e9f13a31d90 req-c1d010f4-8e86-4cb8-962d-11465fb13935 5ce2567bd6444aae8502e5c696294335 0585709910514915943bf3e368a6d362 - - 47381db344db47a48704c1a03e71a1b2 47381db344db47a48704c1a03e71a1b2] Successfully bumped revision number for resource 6efd4ff3-46a5-4204-8f82-ac9345a65696 (type: ports) to 4
2026-05-12 12:39:23.499 10 INFO neutron.api.wsgi [req-4ddf3ec5-5403-42d7-b9b0-b3d6d6165d92 req-75e56266-512f-4510-95d2-f68bb670d87c da00f3621d7345f4bb9f06a1f323269b e967b5b50dad41d1a32c56051a7f6779 - - default default] 10.0.0.244 "GET /v2.0/ports?device_id=8855dca3-a8ec-4ce7-b744-504fb0a6a567 HTTP/1.1" status: 200 len: 1170 time: 0.0405915
2026-05-12 12:39:23.512 9 INFO neutron.api.wsgi [req-10b3c8a4-f53e-43ed-979f-3e9f13a31d90 req-c1d010f4-8e86-4cb8-962d-11465fb13935 5ce2567bd6444aae8502e5c696294335 0585709910514915943bf3e368a6d362 - - 47381db344db47a48704c1a03e71a1b2 47381db344db47a48704c1a03e71a1b2] 199.19.213.54 "PUT /v2.0/ports/6efd4ff3-46a5-4204-8f82-ac9345a65696 HTTP/1.1" status: 200 len: 1408 time: 0.7082851
2026-05-12 12:39:23.548 9 INFO neutron.notifiers.nova [-] Nova event matching ['req-ff2821c8-03c4-41ab-985c-d5f5fd506060'] response: {'name': 'network-changed', 'server_uuid': '33cbd0d3-a0a0-4713-a2ea-fc4c10ba216c', 'tag': '6efd4ff3-46a5-4204-8f82-ac9345a65696', 'status': 'completed', 'code': 200}
2026-05-12 12:39:23.553 9 INFO neutron.services.segments.plugin [-] Segment 852577e7-6035-4d01-ba2b-ed54b3fbce71 resource provider aggregate not found
2026-05-12 12:39:23.562 9 INFO neutron.services.segments.plugin [-] Segment 852577e7-6035-4d01-ba2b-ed54b3fbce71 resource provider aggregate not found
2026-05-12 12:39:23.571 9 INFO neutron.services.segments.plugin [-] Segment 852577e7-6035-4d01-ba2b-ed54b3fbce71 resource provider not found; error: Placement Client Error (4xx): {"errors": [{"status": 404, "title": "Not Found", "detail": "The resource could not be found.\n\n No resource provider with uuid 852577e7-6035-4d01-ba2b-ed54b3fbce71 found for delete ", "request_id": "req-cc904d1a-f5d1-4c82-8f50-b8d61197dd67"}]}
2026-05-12 12:39:23.578 9 INFO neutron.services.segments.plugin [-] Segment 852577e7-6035-4d01-ba2b-ed54b3fbce71 resource provider not found; error: Placement Client Error (4xx): {"errors": [{"status": 404, "title": "Not Found", "detail": "The resource could not be found.\n\n No resource provider with uuid 852577e7-6035-4d01-ba2b-ed54b3fbce71 found for delete ", "request_id": "req-48de76ee-a814-4c3a-9053-8c00b37a1075"}]}
2026-05-12 12:39:23.603 9 INFO neutron.api.wsgi [None req-8d52a3f6-1e4f-481f-a482-169da98c6cd6 95262b78804f4497aa3d939d14a36fb2 7b481dfbc965416d84b5964aa0826d0a - - default default] 10.0.0.120 "DELETE /v2.0/networks/26f0829f-69fc-44b0-a35e-a8d26436a809 HTTP/1.1" status: 204 len: 168 time: 0.4177449
2026-05-12 12:39:24.058 10 INFO neutron.api.wsgi [req-68f534ac-a363-4384-9749-0c19e88de530 req-c56c9b77-ad15-4839-a365-7c23cacd5594 6a0fa76a025445feada92c64ffcc763d f41aa58f03874dfabc59d018e2100818 - - default default] 10.0.0.244 "GET /v2.0/ports?device_id=4865c6e8-ffc9-4242-a6c2-612a267ba60a HTTP/1.1" status: 200 len: 210 time: 0.0266075
2026-05-12 12:39:24.059 10 INFO neutron.notifiers.nova [-] Nova event matching ['req-323a4c39-5160-406d-94b7-e87496631915'] response: {'server_uuid': '8855dca3-a8ec-4ce7-b744-504fb0a6a567', 'name': 'network-vif-plugged', 'status': 'completed', 'tag': '13b2f129-456d-4fb7-8874-84ea6ec3be7c', 'code': 200} /var/lib/openstack/lib/python3.12/site-packages/pycadf/identifier.py:71: UserWarning: Invalid uuid: neutron. To ensure interoperability, identifiers should be a valid uuid. warnings.warn(('Invalid uuid: %s. To ensure interoperability, '
2026-05-12 12:39:24.107 9 INFO neutron.api.wsgi [req-1db621f7-1c8d-4665-9bd9-8b4b072bc853 req-5aa39e0c-7c44-47b9-a510-631c195c1b25 5ce2567bd6444aae8502e5c696294335 0585709910514915943bf3e368a6d362 - - 47381db344db47a48704c1a03e71a1b2 47381db344db47a48704c1a03e71a1b2] 199.19.213.54 "GET /v2.0/ports?tenant_id=fa055778d9ef4f0b96d0364e5d35cd78&device_id=33cbd0d3-a0a0-4713-a2ea-fc4c10ba216c HTTP/1.1" status: 200 len: 1411 time: 0.0440781
2026-05-12 12:39:24.167 9 INFO neutron.api.wsgi [req-1db621f7-1c8d-4665-9bd9-8b4b072bc853 req-88ec0404-6639-4ea7-b4bd-bf01c9f0f7e9 5ce2567bd6444aae8502e5c696294335 0585709910514915943bf3e368a6d362 - - 47381db344db47a48704c1a03e71a1b2 47381db344db47a48704c1a03e71a1b2] 199.19.213.54 "GET /v2.0/networks?tenant_id=fa055778d9ef4f0b96d0364e5d35cd78&shared=False HTTP/1.1" status: 200 len: 967 time: 0.0526254
2026-05-12 12:39:24.238 9 INFO neutron.api.wsgi [req-1db621f7-1c8d-4665-9bd9-8b4b072bc853 req-125528ae-1cfd-4c89-b10d-64cea14b7408 5ce2567bd6444aae8502e5c696294335 0585709910514915943bf3e368a6d362 - - 47381db344db47a48704c1a03e71a1b2 47381db344db47a48704c1a03e71a1b2] 199.19.213.54 "GET /v2.0/networks?shared=True HTTP/1.1" status: 200 len: 952 time: 0.0632255
2026-05-12 12:39:24.433 10 INFO neutron.services.segments.plugin [-] Segment c6eb4202-3065-4caf-99fd-84595805ef0a resource provider aggregate not found
2026-05-12 12:39:24.438 10 INFO neutron.services.segments.plugin [-] Segment c6eb4202-3065-4caf-99fd-84595805ef0a resource provider aggregate not found
