2026-05-12 12:40:41.805 9 INFO neutron.api.wsgi [None req-1ee70e37-fa62-4f30-8963-e5d56e2fa2e5 81032ca9546749779c89b5807960a1a5 32e17c06cc9449c7b6c3253151b5a7ce - - default default] 10.0.0.120 "DELETE /v2.0/security-groups/61a1ab0d-256b-4965-af5d-d278002fc060 HTTP/1.1" status: 204 len: 168 time: 0.2341728
2026-05-12 12:40:41.881 10 INFO neutron.db.ovn_revision_numbers_db [None req-77acab13-3361-49cf-b673-a0f37c99741a e3cc7e1e236445239d1bb021e00c5136 5c573407fb1e47f08a6fada29d1a1c2b - - default default] Successfully bumped revision number for resource 0cbea4fc-dff9-4036-b911-beb6242743eb (type: ports) to 1
2026-05-12 12:40:41.904 10 INFO neutron.api.wsgi [None req-77acab13-3361-49cf-b673-a0f37c99741a e3cc7e1e236445239d1bb021e00c5136 5c573407fb1e47f08a6fada29d1a1c2b - - default default] 10.0.0.120 "POST /v2.0/networks HTTP/1.1" status: 201 len: 844 time: 1.0505407
2026-05-12 12:40:41.914 10 WARNING neutron_lib.context [None req-35d1cefa-2efd-44f1-bbce-0edbca90136d e3cc7e1e236445239d1bb021e00c5136 5c573407fb1e47f08a6fada29d1a1c2b - - default default] Method 'is_advsvc' is deprecated since 2023.2 release (neutron-lib 3.8.0) and will be removed once support for the old RBAC API policies will be removed from Neutron. Please use method 'is_service_role' instead.
2026-05-12 12:40:41.932 10 INFO neutron.api.wsgi [None req-aba86ff1-7115-42cc-b991-075f01ae5f94 81032ca9546749779c89b5807960a1a5 32e17c06cc9449c7b6c3253151b5a7ce - - default default] 10.0.0.120 "DELETE /v2.0/security-groups/6e973f70-2c1c-4f39-baaa-12d174d7edf6 HTTP/1.1" status: 204 len: 168 time: 0.2918408
2026-05-12 12:40:42.191 10 WARNING neutron.scheduler.dhcp_agent_scheduler [None req-35d1cefa-2efd-44f1-bbce-0edbca90136d e3cc7e1e236445239d1bb021e00c5136 5c573407fb1e47f08a6fada29d1a1c2b - - default default] No more DHCP agents
2026-05-12 12:40:42.192 10 WARNING neutron.api.rpc.agentnotifiers.dhcp_rpc_agent_api [None req-35d1cefa-2efd-44f1-bbce-0edbca90136d e3cc7e1e236445239d1bb021e00c5136 5c573407fb1e47f08a6fada29d1a1c2b - - default default] Unable to schedule network a22af60e-9a60-4ccf-b1c8-a8b14613811c: no agents available; will retry on subsequent port and subnet creation events.
2026-05-12 12:40:42.277 10 INFO neutron.db.ovn_revision_numbers_db [None req-35d1cefa-2efd-44f1-bbce-0edbca90136d e3cc7e1e236445239d1bb021e00c5136 5c573407fb1e47f08a6fada29d1a1c2b - - default default] Successfully bumped revision number for resource 8f032575-1734-4fd3-bfb4-0f5bc13d9600 (type: ports) to 1
2026-05-12 12:40:42.302 10 INFO neutron.api.wsgi [None req-35d1cefa-2efd-44f1-bbce-0edbca90136d e3cc7e1e236445239d1bb021e00c5136 5c573407fb1e47f08a6fada29d1a1c2b - - default default] 10.0.0.120 "POST /v2.0/ports HTTP/1.1" status: 201 len: 973 time: 0.3918967 /var/lib/openstack/lib/python3.12/site-packages/pycadf/identifier.py:71: UserWarning: Invalid uuid: neutron. To ensure interoperability, identifiers should be a valid uuid. warnings.warn(('Invalid uuid: %s. To ensure interoperability, '
2026-05-12 12:40:42.316 10 WARNING neutron_lib.context [None req-97555880-e569-43ee-8345-88977ef5078e e3cc7e1e236445239d1bb021e00c5136 5c573407fb1e47f08a6fada29d1a1c2b - - default default] Method 'is_advsvc' is deprecated since 2023.2 release (neutron-lib 3.8.0) and will be removed once support for the old RBAC API policies will be removed from Neutron. Please use method 'is_service_role' instead.
2026-05-12 12:40:42.393 9 INFO neutron.notifiers.nova [-] Nova event matching ['req-ec83e9f5-14b5-4e3d-8688-2b2a2164b2cb'] response: {'server_uuid': 'b02cd926-bc15-451f-b8d0-a85292abd4a9', 'name': 'network-vif-unplugged', 'status': 'completed', 'tag': '0a8d50c1-148c-42bf-9708-230db406294c', 'code': 200}
2026-05-12 12:40:42.417 10 INFO neutron.db.segments_db [None req-97555880-e569-43ee-8345-88977ef5078e e3cc7e1e236445239d1bb021e00c5136 5c573407fb1e47f08a6fada29d1a1c2b - - default default] Added segment 882aaeca-bd74-4bcc-a9e9-c31aa250a4ca of type geneve for network be1fd1cb-ce56-42d8-bdd6-c23645474194
2026-05-12 12:40:42.608 10 INFO neutron.db.ovn_revision_numbers_db [None req-97555880-e569-43ee-8345-88977ef5078e e3cc7e1e236445239d1bb021e00c5136 5c573407fb1e47f08a6fada29d1a1c2b - - default default] Successfully bumped revision number for resource be1fd1cb-ce56-42d8-bdd6-c23645474194 (type: networks) to 1
2026-05-12 12:40:42.712 10 INFO neutron.api.wsgi [req-3847c58e-3e69-4d02-b18e-2ecb126b60f5 req-4f3e4479-8ec4-4f99-bb96-a07b1e761946 f8c61344fbf44ced99aec4e40b297764 edfce703bf2f4ec5afdb60b7a3c38080 - - default default] 10.0.0.244 "GET /v2.0/ports?device_id=b02cd926-bc15-451f-b8d0-a85292abd4a9 HTTP/1.1" status: 200 len: 1168 time: 0.0547643
2026-05-12 12:40:42.781 10 INFO neutron.api.wsgi [req-3847c58e-3e69-4d02-b18e-2ecb126b60f5 req-454a1b84-a2ea-4ed5-b4ce-2182a5c8b7d9 f8c61344fbf44ced99aec4e40b297764 edfce703bf2f4ec5afdb60b7a3c38080 - - default default] 10.0.0.244 "GET /v2.0/security-groups?id=c4696438-b1fa-4f44-8be1-eb5ca60322fc&fields=id&fields=name HTTP/1.1" status: 200 len: 313 time: 0.0606306
2026-05-12 12:40:42.851 10 WARNING neutron.scheduler.dhcp_agent_scheduler [None req-97555880-e569-43ee-8345-88977ef5078e e3cc7e1e236445239d1bb021e00c5136 5c573407fb1e47f08a6fada29d1a1c2b - - default default] No more DHCP agents
2026-05-12 12:40:42.852 10 WARNING neutron.api.rpc.agentnotifiers.dhcp_rpc_agent_api [None req-97555880-e569-43ee-8345-88977ef5078e e3cc7e1e236445239d1bb021e00c5136 5c573407fb1e47f08a6fada29d1a1c2b - - default default] Unable to schedule network be1fd1cb-ce56-42d8-bdd6-c23645474194: no agents available; will retry on subsequent port and subnet creation events.
2026-05-12 12:40:42.920 10 INFO neutron.db.ovn_revision_numbers_db [None req-97555880-e569-43ee-8345-88977ef5078e e3cc7e1e236445239d1bb021e00c5136 5c573407fb1e47f08a6fada29d1a1c2b - - default default] Successfully bumped revision number for resource c42f986f-e244-40bf-95cc-72797a8054e6 (type: ports) to 1
2026-05-12 12:40:42.949 10 INFO neutron.api.wsgi [None req-97555880-e569-43ee-8345-88977ef5078e e3cc7e1e236445239d1bb021e00c5136 5c573407fb1e47f08a6fada29d1a1c2b - - default default] 10.0.0.120 "POST /v2.0/networks HTTP/1.1" status: 201 len: 830 time: 0.6385496
2026-05-12 12:40:42.961 10 WARNING neutron_lib.context [None req-a76ec711-9189-4762-b261-3249ecde06e2 e3cc7e1e236445239d1bb021e00c5136 5c573407fb1e47f08a6fada29d1a1c2b - - default default] Method 'is_advsvc' is deprecated since 2023.2 release (neutron-lib 3.8.0) and will be removed once support for the old RBAC API policies will be removed from Neutron. Please use method 'is_service_role' instead.
2026-05-12 12:40:43.174 10 WARNING neutron.scheduler.dhcp_agent_scheduler [None req-a76ec711-9189-4762-b261-3249ecde06e2 e3cc7e1e236445239d1bb021e00c5136 5c573407fb1e47f08a6fada29d1a1c2b - - default default] No more DHCP agents
2026-05-12 12:40:43.175 10 WARNING neutron.api.rpc.agentnotifiers.dhcp_rpc_agent_api [None req-a76ec711-9189-4762-b261-3249ecde06e2 e3cc7e1e236445239d1bb021e00c5136 5c573407fb1e47f08a6fada29d1a1c2b - - default default] Unable to schedule network be1fd1cb-ce56-42d8-bdd6-c23645474194: no agents available; will retry on subsequent port and subnet creation events.
2026-05-12 12:40:43.254 9 INFO neutron.plugins.ml2.drivers.ovn.mech_driver.mech_driver [None req-77825e64-0dd9-4e74-9e77-238f691a88ed - - - - - -] OVN reports status up for port: 0a8d50c1-148c-42bf-9708-230db406294c
2026-05-12 12:40:43.269 9 INFO neutron.plugins.ml2.plugin [None req-77825e64-0dd9-4e74-9e77-238f691a88ed - - - - - -] Attempt 1 to provision port 0a8d50c1-148c-42bf-9708-230db406294c
2026-05-12 12:40:43.528 9 INFO neutron.db.ovn_revision_numbers_db [None req-77825e64-0dd9-4e74-9e77-238f691a88ed - - - - - -] Successfully bumped revision number for resource 0a8d50c1-148c-42bf-9708-230db406294c (type: ports) to 7
2026-05-12 12:40:43.719 10 INFO neutron.db.ovn_revision_numbers_db [None req-4a4ec842-3b61-4690-a51a-a1b7cd06809a - - - - - -] Successfully bumped revision number for resource c42f986f-e244-40bf-95cc-72797a8054e6 (type: ports) to 2
2026-05-12 12:40:43.768 10 INFO neutron.db.ovn_revision_numbers_db [None req-4a4ec842-3b61-4690-a51a-a1b7cd06809a - - - - - -] Successfully bumped revision number for resource 2f5dceee-a638-4651-8d57-1ef2d5d7672e (type: subnets) to 0
2026-05-12 12:40:43.787 10 INFO neutron.api.wsgi [None req-a76ec711-9189-4762-b261-3249ecde06e2 e3cc7e1e236445239d1bb021e00c5136 5c573407fb1e47f08a6fada29d1a1c2b - - default default] 10.0.0.120 "POST /v2.0/subnets HTTP/1.1" status: 201 len: 825 time: 0.8299387
2026-05-12 12:40:43.796 10 WARNING neutron_lib.context [None req-4c12aecb-0fb4-404e-b20c-ff18bcf150cf e3cc7e1e236445239d1bb021e00c5136 5c573407fb1e47f08a6fada29d1a1c2b - - default default] Method 'is_advsvc' is deprecated since 2023.2 release (neutron-lib 3.8.0) and will be removed once support for the old RBAC API policies will be removed from Neutron. Please use method 'is_service_role' instead.
2026-05-12 12:40:43.924 10 INFO neutron.api.wsgi [req-54ae5f3c-890c-403e-802c-ae2729ad9c80 req-f6ae2d19-96ea-4703-8577-0df33c240004 f8c61344fbf44ced99aec4e40b297764 edfce703bf2f4ec5afdb60b7a3c38080 - - default default] 10.0.0.244 "GET /v2.0/ports?device_id=b02cd926-bc15-451f-b8d0-a85292abd4a9 HTTP/1.1" status: 200 len: 1170 time: 0.0478060
2026-05-12 12:40:43.988 10 INFO neutron.api.wsgi [req-54ae5f3c-890c-403e-802c-ae2729ad9c80 req-c12c997e-8451-44d2-bfaf-e74a97296feb f8c61344fbf44ced99aec4e40b297764 edfce703bf2f4ec5afdb60b7a3c38080 - - default default] 10.0.0.244 "GET /v2.0/security-groups?id=c4696438-b1fa-4f44-8be1-eb5ca60322fc&fields=id&fields=name HTTP/1.1" status: 200 len: 313 time: 0.0599954 /var/lib/openstack/lib/python3.12/site-packages/pycadf/identifier.py:71: UserWarning: Invalid uuid: neutron. To ensure interoperability, identifiers should be a valid uuid. warnings.warn(('Invalid uuid: %s. To ensure interoperability, '
2026-05-12 12:40:44.188 10 WARNING neutron.scheduler.dhcp_agent_scheduler [None req-4c12aecb-0fb4-404e-b20c-ff18bcf150cf e3cc7e1e236445239d1bb021e00c5136 5c573407fb1e47f08a6fada29d1a1c2b - - default default] No more DHCP agents
2026-05-12 12:40:44.189 10 WARNING neutron.api.rpc.agentnotifiers.dhcp_rpc_agent_api [None req-4c12aecb-0fb4-404e-b20c-ff18bcf150cf e3cc7e1e236445239d1bb021e00c5136 5c573407fb1e47f08a6fada29d1a1c2b - - default default] Unable to schedule network be1fd1cb-ce56-42d8-bdd6-c23645474194: no agents available; will retry on subsequent port and subnet creation events.
2026-05-12 12:40:44.206 9 INFO neutron.db.ovn_revision_numbers_db [None req-b3a1fc19-b40e-4482-ba26-0d975556fc9e 81032ca9546749779c89b5807960a1a5 32e17c06cc9449c7b6c3253151b5a7ce - - default default] Successfully bumped revision number for resource 2859532e-fa0d-4465-a035-67ef63ac0c75 (type: security_groups) to 1
2026-05-12 12:40:44.232 9 INFO neutron.db.ovn_revision_numbers_db [None req-b3a1fc19-b40e-4482-ba26-0d975556fc9e 81032ca9546749779c89b5807960a1a5 32e17c06cc9449c7b6c3253151b5a7ce - - default default] Successfully bumped revision number for resource 3a847891-2ca8-4628-b541-bb9dff3af1b0 (type: security_group_rules) to 0
2026-05-12 12:40:44.256 9 INFO neutron.db.ovn_revision_numbers_db [None req-b3a1fc19-b40e-4482-ba26-0d975556fc9e 81032ca9546749779c89b5807960a1a5 32e17c06cc9449c7b6c3253151b5a7ce - - default default] Successfully bumped revision number for resource ba6c93a4-eb36-4754-89fc-6668155b0d8f (type: security_group_rules) to 0
2026-05-12 12:40:44.273 9 INFO neutron.db.ovn_revision_numbers_db [None req-b3a1fc19-b40e-4482-ba26-0d975556fc9e 81032ca9546749779c89b5807960a1a5 32e17c06cc9449c7b6c3253151b5a7ce - - default default] Successfully bumped revision number for resource ee899c2b-7003-4724-8cc6-2fb24f76f947 (type: security_group_rules) to 0
2026-05-12 12:40:44.288 9 INFO neutron.db.ovn_revision_numbers_db [None req-b3a1fc19-b40e-4482-ba26-0d975556fc9e 81032ca9546749779c89b5807960a1a5 32e17c06cc9449c7b6c3253151b5a7ce - - default default] Successfully bumped revision number for resource ef4cb740-4f99-4e96-b109-5c51dfbe15b5 (type: security_group_rules) to 0
2026-05-12 12:40:44.352 10 INFO neutron.db.ovn_revision_numbers_db [None req-4c12aecb-0fb4-404e-b20c-ff18bcf150cf e3cc7e1e236445239d1bb021e00c5136 5c573407fb1e47f08a6fada29d1a1c2b - - default default] Successfully bumped revision number for resource 3f37595d-819d-4b91-829f-40bc804a5da3 (type: ports) to 1
2026-05-12 12:40:44.368 9 INFO neutron.db.segments_db [None req-b3a1fc19-b40e-4482-ba26-0d975556fc9e 81032ca9546749779c89b5807960a1a5 32e17c06cc9449c7b6c3253151b5a7ce - - default default] Added segment 95df1a21-6fdc-4620-99c5-9e0abf7af4ef of type geneve for network 184e022f-77d6-4fe6-aac6-f496875a9d61
2026-05-12 12:40:44.411 10 INFO neutron.api.wsgi [None req-4c12aecb-0fb4-404e-b20c-ff18bcf150cf e3cc7e1e236445239d1bb021e00c5136 5c573407fb1e47f08a6fada29d1a1c2b - - default default] 10.0.0.120 "POST /v2.0/ports HTTP/1.1" status: 201 len: 1149 time: 0.6186597 /var/lib/openstack/lib/python3.12/site-packages/pycadf/identifier.py:71: UserWarning: Invalid uuid: neutron. To ensure interoperability, identifiers should be a valid uuid. warnings.warn(('Invalid uuid: %s. To ensure interoperability, '
2026-05-12 12:40:44.439 9 INFO neutron.notifiers.nova [-] Nova event matching ['req-1174dd23-bdc4-4b84-bd02-7c2a9a4be8b3'] response: {'server_uuid': 'b02cd926-bc15-451f-b8d0-a85292abd4a9', 'name': 'network-vif-plugged', 'status': 'completed', 'tag': '0a8d50c1-148c-42bf-9708-230db406294c', 'code': 200}
2026-05-12 12:40:44.439 9 INFO neutron.notifiers.nova [-] Nova event matching ['req-1174dd23-bdc4-4b84-bd02-7c2a9a4be8b3'] response: {'server_uuid': 'b02cd926-bc15-451f-b8d0-a85292abd4a9', 'name': 'network-vif-plugged', 'status': 'completed', 'tag': '0a8d50c1-148c-42bf-9708-230db406294c', 'code': 200}
2026-05-12 12:40:44.519 9 INFO neutron.db.ovn_revision_numbers_db [None req-b3a1fc19-b40e-4482-ba26-0d975556fc9e 81032ca9546749779c89b5807960a1a5 32e17c06cc9449c7b6c3253151b5a7ce - - default default] Successfully bumped revision number for resource 184e022f-77d6-4fe6-aac6-f496875a9d61 (type: networks) to 1
2026-05-12 12:40:44.693 9 WARNING neutron.scheduler.dhcp_agent_scheduler [None req-b3a1fc19-b40e-4482-ba26-0d975556fc9e 81032ca9546749779c89b5807960a1a5 32e17c06cc9449c7b6c3253151b5a7ce - - default default] No more DHCP agents
2026-05-12 12:40:44.694 9 WARNING neutron.api.rpc.agentnotifiers.dhcp_rpc_agent_api [None req-b3a1fc19-b40e-4482-ba26-0d975556fc9e 81032ca9546749779c89b5807960a1a5 32e17c06cc9449c7b6c3253151b5a7ce - - default default] Unable to schedule network 184e022f-77d6-4fe6-aac6-f496875a9d61: no agents available; will retry on subsequent port and subnet creation events.
2026-05-12 12:40:44.765 9 INFO neutron.db.ovn_revision_numbers_db [None req-b3a1fc19-b40e-4482-ba26-0d975556fc9e 81032ca9546749779c89b5807960a1a5 32e17c06cc9449c7b6c3253151b5a7ce - - default default] Successfully bumped revision number for resource 6154c611-6ddb-4ddf-80cc-4b9eb8d23e28 (type: ports) to 1
2026-05-12 12:40:44.775 10 INFO neutron.api.wsgi [None req-4fa08c4c-7d70-4468-8b43-3319d0e2d468 e3cc7e1e236445239d1bb021e00c5136 5c573407fb1e47f08a6fada29d1a1c2b - - default default] 10.0.0.120 "DELETE /v2.0/ports/3f37595d-819d-4b91-829f-40bc804a5da3 HTTP/1.1" status: 204 len: 168 time: 0.3585167
2026-05-12 12:40:44.802 9 INFO neutron.pecan_wsgi.hooks.translation [None req-1989c870-74cd-4e5f-80c5-57985882be14 e3cc7e1e236445239d1bb021e00c5136 5c573407fb1e47f08a6fada29d1a1c2b - - default default] DELETE failed (client error): The resource could not be found.
2026-05-12 12:40:44.806 9 INFO neutron.api.wsgi [None req-1989c870-74cd-4e5f-80c5-57985882be14 e3cc7e1e236445239d1bb021e00c5136 5c573407fb1e47f08a6fada29d1a1c2b - - default default] 10.0.0.120 "DELETE /v2.0/ports/3f37595d-819d-4b91-829f-40bc804a5da3 HTTP/1.1" status: 404 len: 333 time: 0.0249712
2026-05-12 12:40:44.810 9 INFO neutron.api.wsgi [None req-b3a1fc19-b40e-4482-ba26-0d975556fc9e 81032ca9546749779c89b5807960a1a5 32e17c06cc9449c7b6c3253151b5a7ce - - default default] 10.0.0.120 "POST /v2.0/networks HTTP/1.1" status: 201 len: 942 time: 0.8861532
2026-05-12 12:40:44.830 9 INFO neutron.pecan_wsgi.hooks.translation [None req-433e5a8d-2328-4ecc-91f3-5e4ebb2adf73 e3cc7e1e236445239d1bb021e00c5136 5c573407fb1e47f08a6fada29d1a1c2b - - default default] GET failed (client error): The resource could not be found.
2026-05-12 12:40:44.832 9 INFO neutron.api.wsgi [None req-433e5a8d-2328-4ecc-91f3-5e4ebb2adf73 e3cc7e1e236445239d1bb021e00c5136 5c573407fb1e47f08a6fada29d1a1c2b - - default default] 10.0.0.120 "GET /v2.0/ports/3f37595d-819d-4b91-829f-40bc804a5da3 HTTP/1.1" status: 404 len: 333 time: 0.0176446
2026-05-12 12:40:45.013 10 WARNING neutron.scheduler.dhcp_agent_scheduler [None req-d9fc6e35-fe73-460c-8bf1-d4e2fd352bc7 81032ca9546749779c89b5807960a1a5 32e17c06cc9449c7b6c3253151b5a7ce - - default default] No more DHCP agents
2026-05-12 12:40:45.015 10 WARNING neutron.api.rpc.agentnotifiers.dhcp_rpc_agent_api [None req-d9fc6e35-fe73-460c-8bf1-d4e2fd352bc7 81032ca9546749779c89b5807960a1a5 32e17c06cc9449c7b6c3253151b5a7ce - - default default] Unable to schedule network 184e022f-77d6-4fe6-aac6-f496875a9d61: no agents available; will retry on subsequent port and subnet creation events.
2026-05-12 12:40:45.075 10 INFO neutron.api.wsgi [None req-e7f469ab-62c2-468e-8433-7ed515b26478 e3cc7e1e236445239d1bb021e00c5136 5c573407fb1e47f08a6fada29d1a1c2b - - default default] 10.0.0.120 "DELETE /v2.0/subnets/2f5dceee-a638-4651-8d57-1ef2d5d7672e HTTP/1.1" status: 204 len: 168 time: 0.2374396
2026-05-12 12:40:45.360 9 INFO neutron.services.segments.plugin [-] Segment 882aaeca-bd74-4bcc-a9e9-c31aa250a4ca resource provider aggregate not found
2026-05-12 12:40:45.364 9 INFO neutron.services.segments.plugin [-] Segment 882aaeca-bd74-4bcc-a9e9-c31aa250a4ca resource provider aggregate not found
2026-05-12 12:40:45.374 9 INFO neutron.services.segments.plugin [-] Segment 882aaeca-bd74-4bcc-a9e9-c31aa250a4ca resource provider not found; error: Placement Client Error (4xx): {"errors": [{"status": 404, "title": "Not Found", "detail": "The resource could not be found.\n\n No resource provider with uuid 882aaeca-bd74-4bcc-a9e9-c31aa250a4ca found for delete ", "request_id": "req-25121ddc-f87e-4588-92c7-2a0f789e961a"}]}
2026-05-12 12:40:45.379 9 INFO neutron.services.segments.plugin [-] Segment 882aaeca-bd74-4bcc-a9e9-c31aa250a4ca resource provider not found; error: Placement Client Error (4xx): {"errors": [{"status": 404, "title": "Not Found", "detail": "The resource could not be found.\n\n No resource provider with uuid 882aaeca-bd74-4bcc-a9e9-c31aa250a4ca found for delete ", "request_id": "req-ace9ba56-aa19-47c4-b8e0-01d3ca3980d3"}]}
2026-05-12 12:40:45.380 10 INFO neutron.api.wsgi [req-8ddc0145-de40-4596-8cac-4c955a171e16 req-c5be324c-03c3-4681-a400-1ddb313a4575 f8c61344fbf44ced99aec4e40b297764 edfce703bf2f4ec5afdb60b7a3c38080 - - default default] 10.0.0.244 "GET /v2.0/ports?device_id=b02cd926-bc15-451f-b8d0-a85292abd4a9 HTTP/1.1" status: 200 len: 1170 time: 0.3188381
2026-05-12 12:40:45.409 9 INFO neutron.api.wsgi [None req-8fb27c98-27a1-4a1f-919f-7b3193190015 e3cc7e1e236445239d1bb021e00c5136 5c573407fb1e47f08a6fada29d1a1c2b - - default default] 10.0.0.120 "DELETE /v2.0/networks/be1fd1cb-ce56-42d8-bdd6-c23645474194 HTTP/1.1" status: 204 len: 168 time: 0.3287747
2026-05-12 12:40:45.421 9 WARNING neutron_lib.context [None req-6522b4a8-c19a-44b7-a910-2bd066a2995c e3cc7e1e236445239d1bb021e00c5136 5c573407fb1e47f08a6fada29d1a1c2b - - default default] Method 'is_advsvc' is deprecated since 2023.2 release (neutron-lib 3.8.0) and will be removed once support for the old RBAC API policies will be removed from Neutron. Please use method 'is_service_role' instead.
2026-05-12 12:40:45.456 10 INFO neutron.api.wsgi [req-8ddc0145-de40-4596-8cac-4c955a171e16 req-b8f54930-4d99-4c18-86fe-70e34f139606 f8c61344fbf44ced99aec4e40b297764 edfce703bf2f4ec5afdb60b7a3c38080 - - default default] 10.0.0.244 "GET /v2.0/security-groups?id=c4696438-b1fa-4f44-8be1-eb5ca60322fc&fields=id&fields=name HTTP/1.1" status: 200 len: 313 time: 0.0586762
2026-05-12 12:40:45.546 9 INFO neutron.db.segments_db [None req-6522b4a8-c19a-44b7-a910-2bd066a2995c e3cc7e1e236445239d1bb021e00c5136 5c573407fb1e47f08a6fada29d1a1c2b - - default default] Added segment c51673d1-5244-493e-be2d-14afa6ee9d23 of type geneve for network 86b18707-da6e-48ca-b14a-d0539eadbad0
2026-05-12 12:40:45.617 9 INFO neutron.db.ovn_revision_numbers_db [None req-f8262899-34e3-49dc-9b34-887692d4cd16 81032ca9546749779c89b5807960a1a5 32e17c06cc9449c7b6c3253151b5a7ce - - default default] Successfully bumped revision number for resource 924e5055-bdb9-4f4e-8d77-629744371890 (type: security_groups) to 1
2026-05-12 12:40:45.638 9 INFO neutron.db.ovn_revision_numbers_db [None req-f8262899-34e3-49dc-9b34-887692d4cd16 81032ca9546749779c89b5807960a1a5 32e17c06cc9449c7b6c3253151b5a7ce - - default default] Successfully bumped revision number for resource 5b05b83f-1c9c-47c3-821d-9f8cf9c42c27 (type: security_group_rules) to 0
2026-05-12 12:40:45.659 9 INFO neutron.db.ovn_revision_numbers_db [None req-f8262899-34e3-49dc-9b34-887692d4cd16 81032ca9546749779c89b5807960a1a5 32e17c06cc9449c7b6c3253151b5a7ce - - default default] Successfully bumped revision number for resource ab32f0e0-8a8c-4da3-a37b-b366344cbd9b (type: security_group_rules) to 0
2026-05-12 12:40:45.679 9 INFO neutron.db.ovn_revision_numbers_db [None req-f8262899-34e3-49dc-9b34-887692d4cd16 81032ca9546749779c89b5807960a1a5 32e17c06cc9449c7b6c3253151b5a7ce - - default default] Successfully bumped revision number for resource c52edd30-8a8a-492b-9339-1a242836aff0 (type: security_group_rules) to 0
2026-05-12 12:40:45.702 9 INFO neutron.db.ovn_revision_numbers_db [None req-f8262899-34e3-49dc-9b34-887692d4cd16 81032ca9546749779c89b5807960a1a5 32e17c06cc9449c7b6c3253151b5a7ce - - default default] Successfully bumped revision number for resource e29764a9-8b57-424a-ae8d-5719af91bf4f (type: security_group_rules) to 0
2026-05-12 12:40:45.706 9 INFO neutron.db.ovn_revision_numbers_db [None req-6522b4a8-c19a-44b7-a910-2bd066a2995c e3cc7e1e236445239d1bb021e00c5136 5c573407fb1e47f08a6fada29d1a1c2b - - default default] Successfully bumped revision number for resource 86b18707-da6e-48ca-b14a-d0539eadbad0 (type: networks) to 1
2026-05-12 12:40:45.774 9 INFO neutron.api.wsgi [None req-f8262899-34e3-49dc-9b34-887692d4cd16 81032ca9546749779c89b5807960a1a5 32e17c06cc9449c7b6c3253151b5a7ce - - default default] 10.0.0.120 "GET /v2.0/security-groups?tenant_id=b826a14a94904cd28959b5c8add66962&name=default HTTP/1.1" status: 200 len: 3120 time: 0.4594598
2026-05-12 12:40:45.857 10 INFO neutron.db.ovn_revision_numbers_db [None req-84d68389-cd9b-4114-999a-84603f102ca8 - - - - - -] Successfully bumped revision number for resource 6154c611-6ddb-4ddf-80cc-4b9eb8d23e28 (type: ports) to 2
2026-05-12 12:40:45.888 10 INFO neutron.db.ovn_revision_numbers_db [None req-84d68389-cd9b-4114-999a-84603f102ca8 - - - - - -] Successfully bumped revision number for resource 0898bb14-d419-40eb-b95a-a086ead680b0 (type: subnets) to 0
2026-05-12 12:40:45.913 10 INFO neutron.api.wsgi [None req-d9fc6e35-fe73-460c-8bf1-d4e2fd352bc7 81032ca9546749779c89b5807960a1a5 32e17c06cc9449c7b6c3253151b5a7ce - - default default] 10.0.0.120 "POST /v2.0/subnets HTTP/1.1" status: 201 len: 886 time: 1.0973475
2026-05-12 12:40:45.947 9 WARNING neutron.scheduler.dhcp_agent_scheduler [None req-6522b4a8-c19a-44b7-a910-2bd066a2995c e3cc7e1e236445239d1bb021e00c5136 5c573407fb1e47f08a6fada29d1a1c2b - - default default] No more DHCP agents
2026-05-12 12:40:45.950 9 WARNING neutron.api.rpc.agentnotifiers.dhcp_rpc_agent_api [None req-6522b4a8-c19a-44b7-a910-2bd066a2995c e3cc7e1e236445239d1bb021e00c5136 5c573407fb1e47f08a6fada29d1a1c2b - - default default] Unable to schedule network 86b18707-da6e-48ca-b14a-d0539eadbad0: no agents available; will retry on subsequent port and subnet creation events.
2026-05-12 12:40:46.033 9 INFO neutron.db.ovn_revision_numbers_db [None req-6522b4a8-c19a-44b7-a910-2bd066a2995c e3cc7e1e236445239d1bb021e00c5136 5c573407fb1e47f08a6fada29d1a1c2b - - default default] Successfully bumped revision number for resource 40ca579c-2b51-49ad-8d41-0326623809be (type: ports) to 1
2026-05-12 12:40:46.055 9 INFO neutron.api.wsgi [None req-6522b4a8-c19a-44b7-a910-2bd066a2995c e3cc7e1e236445239d1bb021e00c5136 5c573407fb1e47f08a6fada29d1a1c2b - - default default] 10.0.0.120 "POST /v2.0/networks HTTP/1.1" status: 201 len: 831 time: 0.6382315
2026-05-12 12:40:46.075 9 INFO neutron.api.wsgi [None req-d78bfd8d-93b4-4015-88e6-4725dec8c60c 81032ca9546749779c89b5807960a1a5 32e17c06cc9449c7b6c3253151b5a7ce - - default default] 10.0.0.120 "DELETE /v2.0/security-groups/924e5055-bdb9-4f4e-8d77-629744371890 HTTP/1.1" status: 204 len: 168 time: 0.2947702
2026-05-12 12:40:46.082 10 WARNING neutron_lib.context [None req-17e259de-2971-42d1-9d82-1fd620170eaa e3cc7e1e236445239d1bb021e00c5136 5c573407fb1e47f08a6fada29d1a1c2b - - default default] Method 'is_advsvc' is deprecated since 2023.2 release (neutron-lib 3.8.0) and will be removed once support for the old RBAC API policies will be removed from Neutron. Please use method 'is_service_role' instead.
2026-05-12 12:40:46.347 10 WARNING neutron.scheduler.dhcp_agent_scheduler [None req-17e259de-2971-42d1-9d82-1fd620170eaa e3cc7e1e236445239d1bb021e00c5136 5c573407fb1e47f08a6fada29d1a1c2b - - default default] No more DHCP agents
2026-05-12 12:40:46.349 10 WARNING neutron.api.rpc.agentnotifiers.dhcp_rpc_agent_api [None req-17e259de-2971-42d1-9d82-1fd620170eaa e3cc7e1e236445239d1bb021e00c5136 5c573407fb1e47f08a6fada29d1a1c2b - - default default] Unable to schedule network 86b18707-da6e-48ca-b14a-d0539eadbad0: no agents available; will retry on subsequent port and subnet creation events.
2026-05-12 12:40:46.434 10 WARNING neutron.scheduler.dhcp_agent_scheduler [None req-19a7951a-6305-4ab2-92b5-57d0be68c4d6 81032ca9546749779c89b5807960a1a5 32e17c06cc9449c7b6c3253151b5a7ce - - default default] No more DHCP agents
2026-05-12 12:40:46.436 10 WARNING neutron.api.rpc.agentnotifiers.dhcp_rpc_agent_api [None req-19a7951a-6305-4ab2-92b5-57d0be68c4d6 81032ca9546749779c89b5807960a1a5 32e17c06cc9449c7b6c3253151b5a7ce - - default default] Unable to schedule network 21c26207-72a1-4f08-9de0-efc892f7f37c: no agents available; will retry on subsequent port and subnet creation events.
2026-05-12 12:40:46.644 10 INFO neutron.db.ovn_revision_numbers_db [None req-19a7951a-6305-4ab2-92b5-57d0be68c4d6 81032ca9546749779c89b5807960a1a5 32e17c06cc9449c7b6c3253151b5a7ce - - default default] Successfully bumped revision number for resource e6ce380d-86b9-4ab1-94f6-c7b34ea8b89a (type: ports) to 1
2026-05-12 12:40:47.011 10 INFO neutron.db.ovn_revision_numbers_db [None req-d3de81be-0478-4d73-8b9e-609a0965def9 - - - - - -] Successfully bumped revision number for resource 40ca579c-2b51-49ad-8d41-0326623809be (type: ports) to 2
2026-05-12 12:40:47.056 10 INFO neutron.db.ovn_revision_numbers_db [None req-d3de81be-0478-4d73-8b9e-609a0965def9 - - - - - -] Successfully bumped revision number for resource 6c607ca6-c17e-4a57-839d-3a964a73c68c (type: subnets) to 0
2026-05-12 12:40:47.079 10 INFO neutron.api.wsgi [None req-17e259de-2971-42d1-9d82-1fd620170eaa e3cc7e1e236445239d1bb021e00c5136 5c573407fb1e47f08a6fada29d1a1c2b - - default default] 10.0.0.120 "POST /v2.0/subnets HTTP/1.1" status: 201 len: 825 time: 1.0025117
2026-05-12 12:40:47.097 9 WARNING neutron_lib.context [None req-f2fe696b-c36d-48cd-9666-ec1d3930372a e3cc7e1e236445239d1bb021e00c5136 5c573407fb1e47f08a6fada29d1a1c2b - - default default] Method 'is_advsvc' is deprecated since 2023.2 release (neutron-lib 3.8.0) and will be removed once support for the old RBAC API policies will be removed from Neutron. Please use method 'is_service_role' instead.
2026-05-12 12:40:47.363 10 INFO neutron.plugins.ml2.drivers.ovn.mech_driver.ovsdb.commands [None req-afde4e88-f316-4b5e-9444-45bf54fc070c - - - - - -] Schedule LRP lrp-e6ce380d-86b9-4ab1-94f6-c7b34ea8b89a on gateway aa54491d-9319-4127-9ea3-129af324942d with priority 1
2026-05-12 12:40:47.381 9 INFO neutron.plugins.ml2.drivers.ovn.mech_driver.mech_driver [None req-5e828d8a-d147-408b-b88d-a43e9bdbf6ce - - - - - -] OVN reports status up for port: e6ce380d-86b9-4ab1-94f6-c7b34ea8b89a
2026-05-12 12:40:47.391 9 INFO neutron.plugins.ml2.plugin [None req-5e828d8a-d147-408b-b88d-a43e9bdbf6ce - - - - - -] Attempt 1 to provision port e6ce380d-86b9-4ab1-94f6-c7b34ea8b89a
2026-05-12 12:40:47.398 10 INFO neutron.plugins.ml2.drivers.ovn.mech_driver.ovsdb.ovsdb_monitor [None req-3b982353-d7b9-4b11-8711-e9b539ab57ef - - - - - -] Router 10f531bd-8e94-4528-b1ab-42f68793c6a2 is bound to host instance
2026-05-12 12:40:47.402 9 WARNING neutron.scheduler.dhcp_agent_scheduler [None req-f2fe696b-c36d-48cd-9666-ec1d3930372a e3cc7e1e236445239d1bb021e00c5136 5c573407fb1e47f08a6fada29d1a1c2b - - default default] No more DHCP agents
2026-05-12 12:40:47.404 9 WARNING neutron.api.rpc.agentnotifiers.dhcp_rpc_agent_api [None req-f2fe696b-c36d-48cd-9666-ec1d3930372a e3cc7e1e236445239d1bb021e00c5136 5c573407fb1e47f08a6fada29d1a1c2b - - default default] Unable to schedule network 86b18707-da6e-48ca-b14a-d0539eadbad0: no agents available; will retry on subsequent port and subnet creation events.
2026-05-12 12:40:47.429 10 INFO neutron.db.ovn_revision_numbers_db [None req-19a7951a-6305-4ab2-92b5-57d0be68c4d6 81032ca9546749779c89b5807960a1a5 32e17c06cc9449c7b6c3253151b5a7ce - - default default] Successfully bumped revision number for resource e6ce380d-86b9-4ab1-94f6-c7b34ea8b89a (type: router_ports) to 1
2026-05-12 12:40:47.520 10 INFO neutron.db.ovn_revision_numbers_db [None req-19a7951a-6305-4ab2-92b5-57d0be68c4d6 81032ca9546749779c89b5807960a1a5 32e17c06cc9449c7b6c3253151b5a7ce - - default default] Successfully bumped revision number for resource 10f531bd-8e94-4528-b1ab-42f68793c6a2 (type: routers) to 2
2026-05-12 12:40:47.553 10 INFO neutron.api.wsgi [None req-19a7951a-6305-4ab2-92b5-57d0be68c4d6 81032ca9546749779c89b5807960a1a5 32e17c06cc9449c7b6c3253151b5a7ce - - default default] 10.0.0.120 "POST /v2.0/routers HTTP/1.1" status: 201 len: 1164 time: 1.6333189
2026-05-12 12:40:47.584 9 INFO neutron.db.ovn_revision_numbers_db [None req-f2fe696b-c36d-48cd-9666-ec1d3930372a e3cc7e1e236445239d1bb021e00c5136 5c573407fb1e47f08a6fada29d1a1c2b - - default default] Successfully bumped revision number for resource 6b186b2d-f725-4ad9-97f0-49546b03bd22 (type: ports) to 1
2026-05-12 12:40:47.607 9 INFO neutron.api.wsgi [None req-f2fe696b-c36d-48cd-9666-ec1d3930372a e3cc7e1e236445239d1bb021e00c5136 5c573407fb1e47f08a6fada29d1a1c2b - - default default] 10.0.0.120 "POST /v2.0/ports HTTP/1.1" status: 201 len: 1110 time: 0.5173357
2026-05-12 12:40:48.005 9 INFO neutron.api.wsgi [None req-95a2bf85-6ac0-41b7-9061-ad664eef6707 e3cc7e1e236445239d1bb021e00c5136 5c573407fb1e47f08a6fada29d1a1c2b - - default default] 10.0.0.120 "DELETE /v2.0/ports/6b186b2d-f725-4ad9-97f0-49546b03bd22 HTTP/1.1" status: 204 len: 168 time: 0.3928826
2026-05-12 12:40:48.027 9 INFO neutron.pecan_wsgi.hooks.translation [None req-d9f72d25-fb53-4cab-ab60-2dd22de156d9 e3cc7e1e236445239d1bb021e00c5136 5c573407fb1e47f08a6fada29d1a1c2b - - default default] GET failed (client error): The resource could not be found.
2026-05-12 12:40:48.029 9 INFO neutron.api.wsgi [None req-d9f72d25-fb53-4cab-ab60-2dd22de156d9 e3cc7e1e236445239d1bb021e00c5136 5c573407fb1e47f08a6fada29d1a1c2b - - default default] 10.0.0.120 "GET /v2.0/ports/6b186b2d-f725-4ad9-97f0-49546b03bd22 HTTP/1.1" status: 404 len: 333 time: 0.0182638
2026-05-12 12:40:48.090 10 INFO neutron.db.ovn_revision_numbers_db [None req-461fb155-0441-4b4e-8290-b1d6fd5dc95d - - - - - -] Successfully bumped revision number for resource e6ce380d-86b9-4ab1-94f6-c7b34ea8b89a (type: ports) to 1
2026-05-12 12:40:48.240 10 WARNING neutron.scheduler.dhcp_agent_scheduler [None req-818c81f6-9962-4377-9dea-1602a58100af 81032ca9546749779c89b5807960a1a5 32e17c06cc9449c7b6c3253151b5a7ce - - default default] No more DHCP agents
2026-05-12 12:40:48.242 9 INFO neutron.api.wsgi [None req-f93e13f0-4c54-4ac7-86f1-5b9ad8848790 e3cc7e1e236445239d1bb021e00c5136 5c573407fb1e47f08a6fada29d1a1c2b - - default default] 10.0.0.120 "DELETE /v2.0/subnets/6c607ca6-c17e-4a57-839d-3a964a73c68c HTTP/1.1" status: 204 len: 168 time: 0.2087307
2026-05-12 12:40:48.243 10 WARNING neutron.api.rpc.agentnotifiers.dhcp_rpc_agent_api [None req-818c81f6-9962-4377-9dea-1602a58100af 81032ca9546749779c89b5807960a1a5 32e17c06cc9449c7b6c3253151b5a7ce - - default default] Unable to schedule network 184e022f-77d6-4fe6-aac6-f496875a9d61: no agents available; will retry on subsequent port and subnet creation events.
2026-05-12 12:40:48.351 10 INFO neutron.db.ovn_revision_numbers_db [None req-00209c44-3cc0-4d0c-af70-e9141ff3c8ee 81032ca9546749779c89b5807960a1a5 32e17c06cc9449c7b6c3253151b5a7ce - - default default] Successfully bumped revision number for resource 4a9f04ca-c4cd-48bc-ba84-b2069b475e0b (type: security_groups) to 1
2026-05-12 12:40:48.379 10 INFO neutron.db.ovn_revision_numbers_db [None req-00209c44-3cc0-4d0c-af70-e9141ff3c8ee 81032ca9546749779c89b5807960a1a5 32e17c06cc9449c7b6c3253151b5a7ce - - default default] Successfully bumped revision number for resource 2466d069-c13a-4757-afd5-567a79326c6c (type: security_group_rules) to 0
2026-05-12 12:40:48.397 10 INFO neutron.db.ovn_revision_numbers_db [None req-00209c44-3cc0-4d0c-af70-e9141ff3c8ee 81032ca9546749779c89b5807960a1a5 32e17c06cc9449c7b6c3253151b5a7ce - - default default] Successfully bumped revision number for resource 3c2c2cd0-7d4d-4a87-a502-ed096c249614 (type: security_group_rules) to 0
2026-05-12 12:40:48.417 10 INFO neutron.db.ovn_revision_numbers_db [None req-00209c44-3cc0-4d0c-af70-e9141ff3c8ee 81032ca9546749779c89b5807960a1a5 32e17c06cc9449c7b6c3253151b5a7ce - - default default] Successfully bumped revision number for resource b2762be7-6559-4d4f-b193-b5fcf9508bfe (type: security_group_rules) to 0
2026-05-12 12:40:48.443 10 INFO neutron.db.ovn_revision_numbers_db [None req-00209c44-3cc0-4d0c-af70-e9141ff3c8ee 81032ca9546749779c89b5807960a1a5 32e17c06cc9449c7b6c3253151b5a7ce - - default default] Successfully bumped revision number for resource ed36a4ff-1827-495e-9c55-3db65267f2c2 (type: security_group_rules) to 0
2026-05-12 12:40:48.479 10 INFO neutron.db.ovn_revision_numbers_db [None req-818c81f6-9962-4377-9dea-1602a58100af 81032ca9546749779c89b5807960a1a5 32e17c06cc9449c7b6c3253151b5a7ce - - default default] Successfully bumped revision number for resource 07ce6003-e1f2-43a6-af67-02fcbe95d4ba (type: ports) to 1
2026-05-12 12:40:48.545 10 INFO neutron.db.segments_db [None req-00209c44-3cc0-4d0c-af70-e9141ff3c8ee 81032ca9546749779c89b5807960a1a5 32e17c06cc9449c7b6c3253151b5a7ce - - default default] Added segment 990c3692-05c8-4fc6-a1af-4682d752bf6d of type geneve for network 4c84d563-b465-4f25-b8e6-271d36e57c0d
2026-05-12 12:40:48.588 9 INFO neutron.services.segments.plugin [-] Segment c51673d1-5244-493e-be2d-14afa6ee9d23 resource provider aggregate not found
2026-05-12 12:40:48.594 9 INFO neutron.services.segments.plugin [-] Segment c51673d1-5244-493e-be2d-14afa6ee9d23 resource provider aggregate not found
2026-05-12 12:40:48.605 9 INFO neutron.services.segments.plugin [-] Segment c51673d1-5244-493e-be2d-14afa6ee9d23 resource provider not found; error: Placement Client Error (4xx): {"errors": [{"status": 404, "title": "Not Found", "detail": "The resource could not be found.\n\n No resource provider with uuid c51673d1-5244-493e-be2d-14afa6ee9d23 found for delete ", "request_id": "req-c736ae67-f945-4bd0-8362-2fa4237fd802"}]}
2026-05-12 12:40:48.615 9 INFO neutron.services.segments.plugin [-] Segment c51673d1-5244-493e-be2d-14afa6ee9d23 resource provider not found; error: Placement Client Error (4xx): {"errors": [{"status": 404, "title": "Not Found", "detail": "The resource could not be found.\n\n No resource provider with uuid c51673d1-5244-493e-be2d-14afa6ee9d23 found for delete ", "request_id": "req-32d48604-9f27-45f4-b8fb-ce21cbc129d1"}]}
2026-05-12 12:40:48.637 9 INFO neutron.api.wsgi [None req-3363fc99-7bff-46b4-9c8e-7eb2aac57269 e3cc7e1e236445239d1bb021e00c5136 5c573407fb1e47f08a6fada29d1a1c2b - - default default] 10.0.0.120 "DELETE /v2.0/networks/86b18707-da6e-48ca-b14a-d0539eadbad0 HTTP/1.1" status: 204 len: 168 time: 0.3891072
2026-05-12 12:40:48.646 9 WARNING neutron_lib.context [None req-65931686-5b33-49e9-94b4-764df86777a9 e3cc7e1e236445239d1bb021e00c5136 5c573407fb1e47f08a6fada29d1a1c2b - - default default] Method 'is_advsvc' is deprecated since 2023.2 release (neutron-lib 3.8.0) and will be removed once support for the old RBAC API policies will be removed from Neutron. Please use method 'is_service_role' instead.
2026-05-12 12:40:48.728 10 INFO neutron.db.ovn_revision_numbers_db [None req-461fb155-0441-4b4e-8290-b1d6fd5dc95d - - - - - -] Successfully bumped revision number for resource e6ce380d-86b9-4ab1-94f6-c7b34ea8b89a (type: ports) to 4
2026-05-12 12:40:48.787 10 INFO neutron.db.ovn_revision_numbers_db [None req-00209c44-3cc0-4d0c-af70-e9141ff3c8ee 81032ca9546749779c89b5807960a1a5 32e17c06cc9449c7b6c3253151b5a7ce - - default default] Successfully bumped revision number for resource 4c84d563-b465-4f25-b8e6-271d36e57c0d (type: networks) to 1
2026-05-12 12:40:48.959 9 WARNING neutron.scheduler.dhcp_agent_scheduler [None req-65931686-5b33-49e9-94b4-764df86777a9 e3cc7e1e236445239d1bb021e00c5136 5c573407fb1e47f08a6fada29d1a1c2b - - default default] No more DHCP agents
2026-05-12 12:40:48.960 9 WARNING neutron.api.rpc.agentnotifiers.dhcp_rpc_agent_api [None req-65931686-5b33-49e9-94b4-764df86777a9 e3cc7e1e236445239d1bb021e00c5136 5c573407fb1e47f08a6fada29d1a1c2b - - default default] Unable to schedule network a22af60e-9a60-4ccf-b1c8-a8b14613811c: no agents available; will retry on subsequent port and subnet creation events.
2026-05-12 12:40:49.035 9 INFO neutron.db.ovn_revision_numbers_db [None req-65931686-5b33-49e9-94b4-764df86777a9 e3cc7e1e236445239d1bb021e00c5136 5c573407fb1e47f08a6fada29d1a1c2b - - default default] Successfully bumped revision number for resource 198f2f78-abdf-47d0-81f8-76ef647b3fdf (type: ports) to 1
2026-05-12 12:40:49.060 9 INFO neutron.api.wsgi [None req-65931686-5b33-49e9-94b4-764df86777a9 e3cc7e1e236445239d1bb021e00c5136 5c573407fb1e47f08a6fada29d1a1c2b - - default default] 10.0.0.120 "POST /v2.0/ports HTTP/1.1" status: 201 len: 973 time: 0.4178767 /var/lib/openstack/lib/python3.12/site-packages/pycadf/identifier.py:71: UserWarning: Invalid uuid: neutron. To ensure interoperability, identifiers should be a valid uuid. warnings.warn(('Invalid uuid: %s. To ensure interoperability, '
2026-05-12 12:40:49.120 10 WARNING neutron.scheduler.dhcp_agent_scheduler [None req-00209c44-3cc0-4d0c-af70-e9141ff3c8ee 81032ca9546749779c89b5807960a1a5 32e17c06cc9449c7b6c3253151b5a7ce - - default default] No more DHCP agents
2026-05-12 12:40:49.123 10 WARNING neutron.api.rpc.agentnotifiers.dhcp_rpc_agent_api [None req-00209c44-3cc0-4d0c-af70-e9141ff3c8ee 81032ca9546749779c89b5807960a1a5 32e17c06cc9449c7b6c3253151b5a7ce - - default default] Unable to schedule network 4c84d563-b465-4f25-b8e6-271d36e57c0d: no agents available; will retry on subsequent port and subnet creation events.
2026-05-12 12:40:49.253 10 INFO neutron.db.ovn_revision_numbers_db [None req-00209c44-3cc0-4d0c-af70-e9141ff3c8ee 81032ca9546749779c89b5807960a1a5 32e17c06cc9449c7b6c3253151b5a7ce - - default default] Successfully bumped revision number for resource 85b7f997-dafe-47d7-8881-0c5bc2976a7d (type: ports) to 1
2026-05-12 12:40:49.290 10 INFO neutron.api.wsgi [None req-00209c44-3cc0-4d0c-af70-e9141ff3c8ee 81032ca9546749779c89b5807960a1a5 32e17c06cc9449c7b6c3253151b5a7ce - - default default] 10.0.0.120 "POST /v2.0/networks HTTP/1.1" status: 201 len: 943 time: 1.4036875 /var/lib/openstack/lib/python3.12/site-packages/pycadf/identifier.py:71: UserWarning: Invalid uuid: neutron. To ensure interoperability, identifiers should be a valid uuid. warnings.warn(('Invalid uuid: %s. To ensure interoperability, '
2026-05-12 12:40:49.316 10 INFO neutron.plugins.ml2.drivers.ovn.mech_driver.mech_driver [None req-b2e4a885-e1e3-4ae3-b82d-cdb063a47b69 - - - - - -] OVN reports status down for port: 198f2f78-abdf-47d0-81f8-76ef647b3fdf
2026-05-12 12:40:49.336 10 INFO neutron.db.ovn_revision_numbers_db [None req-461fb155-0441-4b4e-8290-b1d6fd5dc95d - - - - - -] Successfully bumped revision number for resource e6ce380d-86b9-4ab1-94f6-c7b34ea8b89a (type: ports) to 5
2026-05-12 12:40:49.345 9 INFO neutron.db.ovn_revision_numbers_db [None req-0ea59610-43a3-4ce3-9a6f-9ebdc1da3a84 e3cc7e1e236445239d1bb021e00c5136 5c573407fb1e47f08a6fada29d1a1c2b - - default default] Successfully bumped revision number for resource 198f2f78-abdf-47d0-81f8-76ef647b3fdf (type: ports) to 2
2026-05-12 12:40:49.358 9 INFO neutron.api.wsgi [None req-0ea59610-43a3-4ce3-9a6f-9ebdc1da3a84 e3cc7e1e236445239d1bb021e00c5136 5c573407fb1e47f08a6fada29d1a1c2b - - default default] 10.0.0.120 "PUT /v2.0/ports/198f2f78-abdf-47d0-81f8-76ef647b3fdf HTTP/1.1" status: 200 len: 946 time: 0.2927699
2026-05-12 12:40:49.443 10 INFO neutron.plugins.ml2.drivers.ovn.mech_driver.mech_driver [None req-b2e4a885-e1e3-4ae3-b82d-cdb063a47b69 - - - - - -] OVN reports status up for port: 07ce6003-e1f2-43a6-af67-02fcbe95d4ba
2026-05-12 12:40:49.456 10 INFO neutron.plugins.ml2.plugin [None req-b2e4a885-e1e3-4ae3-b82d-cdb063a47b69 - - - - - -] Attempt 1 to provision port 07ce6003-e1f2-43a6-af67-02fcbe95d4ba
2026-05-12 12:40:49.483 10 INFO neutron.db.ovn_revision_numbers_db [None req-818c81f6-9962-4377-9dea-1602a58100af 81032ca9546749779c89b5807960a1a5 32e17c06cc9449c7b6c3253151b5a7ce - - default default] Successfully bumped revision number for resource 07ce6003-e1f2-43a6-af67-02fcbe95d4ba (type: ports) to 1
2026-05-12 12:40:49.556 10 WARNING neutron.scheduler.dhcp_agent_scheduler [None req-818c81f6-9962-4377-9dea-1602a58100af 81032ca9546749779c89b5807960a1a5 32e17c06cc9449c7b6c3253151b5a7ce - - default default] No more DHCP agents
2026-05-12 12:40:49.559 10 WARNING neutron.api.rpc.agentnotifiers.dhcp_rpc_agent_api [None req-818c81f6-9962-4377-9dea-1602a58100af 81032ca9546749779c89b5807960a1a5 32e17c06cc9449c7b6c3253151b5a7ce - - default default] Unable to schedule network 184e022f-77d6-4fe6-aac6-f496875a9d61: no agents available; will retry on subsequent port and subnet creation events.
2026-05-12 12:40:49.563 10 INFO neutron.api.wsgi [-] 10.0.0.36 "GET / HTTP/1.1" status: 200 len: 247 time: 0.0014915
2026-05-12 12:40:49.565 10 INFO neutron.api.wsgi [-] 10.0.0.36 "GET / HTTP/1.1" status: 200 len: 247 time: 0.0009940
2026-05-12 12:40:49.739 9 WARNING neutron.scheduler.dhcp_agent_scheduler [None req-0bfea9a2-2416-4e5a-b135-0f2173dc076f 81032ca9546749779c89b5807960a1a5 32e17c06cc9449c7b6c3253151b5a7ce - - default default] No more DHCP agents
2026-05-12 12:40:49.741 9 WARNING neutron.api.rpc.agentnotifiers.dhcp_rpc_agent_api [None req-0bfea9a2-2416-4e5a-b135-0f2173dc076f 81032ca9546749779c89b5807960a1a5 32e17c06cc9449c7b6c3253151b5a7ce - - default default] Unable to schedule network 4c84d563-b465-4f25-b8e6-271d36e57c0d: no agents available; will retry on subsequent port and subnet creation events.
2026-05-12 12:40:49.942 10 INFO neutron.db.ovn_revision_numbers_db [None req-b2e4a885-e1e3-4ae3-b82d-cdb063a47b69 - - - - - -] Successfully bumped revision number for resource 07ce6003-e1f2-43a6-af67-02fcbe95d4ba (type: ports) to 2
2026-05-12 12:40:49.995 9 INFO neutron.api.wsgi [None req-29be04c9-6cc1-473f-bd4c-a8a46ffef54e e3cc7e1e236445239d1bb021e00c5136 5c573407fb1e47f08a6fada29d1a1c2b - - default default] 10.0.0.120 "DELETE /v2.0/ports/198f2f78-abdf-47d0-81f8-76ef647b3fdf HTTP/1.1" status: 204 len: 168 time: 0.6315646
2026-05-12 12:40:50.064 9 INFO neutron.api.wsgi [None req-ee8d6d01-7540-4f63-8a22-a65e2452bf5f e3cc7e1e236445239d1bb021e00c5136 5c573407fb1e47f08a6fada29d1a1c2b - - default default] 10.0.0.120 "GET /v2.0/ports HTTP/1.1" status: 200 len: 1728 time: 0.0620956
2026-05-12 12:40:50.100 9 INFO neutron.pecan_wsgi.hooks.translation [None req-af52bf3a-ee0f-489a-866e-c86c6630fa7b e3cc7e1e236445239d1bb021e00c5136 5c573407fb1e47f08a6fada29d1a1c2b - - default default] GET failed (client error): The resource could not be found.
2026-05-12 12:40:50.105 9 INFO neutron.api.wsgi [None req-af52bf3a-ee0f-489a-866e-c86c6630fa7b e3cc7e1e236445239d1bb021e00c5136 5c573407fb1e47f08a6fada29d1a1c2b - - default default] 10.0.0.120 "GET /v2.0/ports/198f2f78-abdf-47d0-81f8-76ef647b3fdf HTTP/1.1" status: 404 len: 333 time: 0.0302460
2026-05-12 12:40:50.216 10 INFO neutron.api.wsgi [None req-b057b35b-6b8c-4d9a-a7d6-486a4a905705 e3cc7e1e236445239d1bb021e00c5136 5c573407fb1e47f08a6fada29d1a1c2b - - default default] 10.0.0.120 "GET /v2.0/ports HTTP/1.1" status: 200 len: 1728 time: 0.0985227
2026-05-12 12:40:50.277 10 INFO neutron.api.wsgi [None req-4e398865-42df-4fcc-87ea-a098511c0300 e3cc7e1e236445239d1bb021e00c5136 5c573407fb1e47f08a6fada29d1a1c2b - - default default] 10.0.0.120 "GET /v2.0/ports/8f032575-1734-4fd3-bfb4-0f5bc13d9600 HTTP/1.1" status: 200 len: 968 time: 0.0497329
2026-05-12 12:40:50.308 10 INFO neutron.pecan_wsgi.hooks.translation [None req-bd3b2bdf-5843-4de0-9fd3-13af1719e07e e3cc7e1e236445239d1bb021e00c5136 5c573407fb1e47f08a6fada29d1a1c2b - - default default] DELETE failed (client error): The resource could not be found.
2026-05-12 12:40:50.310 10 INFO neutron.api.wsgi [None req-bd3b2bdf-5843-4de0-9fd3-13af1719e07e e3cc7e1e236445239d1bb021e00c5136 5c573407fb1e47f08a6fada29d1a1c2b - - default default] 10.0.0.120 "DELETE /v2.0/ports/6b186b2d-f725-4ad9-97f0-49546b03bd22 HTTP/1.1" status: 404 len: 333 time: 0.0238786
2026-05-12 12:40:50.337 9 INFO neutron.pecan_wsgi.hooks.translation [None req-71fc3292-0dbd-4971-9faa-49cee8885726 e3cc7e1e236445239d1bb021e00c5136 5c573407fb1e47f08a6fada29d1a1c2b - - default default] DELETE failed (client error): The resource could not be found.
2026-05-12 12:40:50.340 9 INFO neutron.api.wsgi [None req-71fc3292-0dbd-4971-9faa-49cee8885726 e3cc7e1e236445239d1bb021e00c5136 5c573407fb1e47f08a6fada29d1a1c2b - - default default] 10.0.0.120 "DELETE /v2.0/subnets/6c607ca6-c17e-4a57-839d-3a964a73c68c HTTP/1.1" status: 404 len: 337 time: 0.0229049
2026-05-12 12:40:50.369 10 INFO neutron.pecan_wsgi.hooks.translation [None req-27f05538-0d94-462a-8f21-dab2e5cef09a e3cc7e1e236445239d1bb021e00c5136 5c573407fb1e47f08a6fada29d1a1c2b - - default default] DELETE failed (client error): The resource could not be found.
2026-05-12 12:40:50.371 10 INFO neutron.api.wsgi [None req-27f05538-0d94-462a-8f21-dab2e5cef09a e3cc7e1e236445239d1bb021e00c5136 5c573407fb1e47f08a6fada29d1a1c2b - - default default] 10.0.0.120 "DELETE /v2.0/subnets/2f5dceee-a638-4651-8d57-1ef2d5d7672e HTTP/1.1" status: 404 len: 337 time: 0.0252090
2026-05-12 12:40:50.402 9 INFO neutron.db.ovn_revision_numbers_db [None req-ac3e60f4-b8ab-4a16-9e31-49252dad6b7f - - - - - -] Successfully bumped revision number for resource 85b7f997-dafe-47d7-8881-0c5bc2976a7d (type: ports) to 2
2026-05-12 12:40:50.442 9 INFO neutron.db.ovn_revision_numbers_db [None req-ac3e60f4-b8ab-4a16-9e31-49252dad6b7f - - - - - -] Successfully bumped revision number for resource bb794682-3a4b-4211-af72-7d5f717af092 (type: subnets) to 0
2026-05-12 12:40:50.484 9 INFO neutron.api.wsgi [None req-0bfea9a2-2416-4e5a-b135-0f2173dc076f 81032ca9546749779c89b5807960a1a5 32e17c06cc9449c7b6c3253151b5a7ce - - default default] 10.0.0.120 "POST /v2.0/subnets HTTP/1.1" status: 201 len: 887 time: 1.1844196
2026-05-12 12:40:50.487 10 INFO neutron.db.ovn_revision_numbers_db [None req-818c81f6-9962-4377-9dea-1602a58100af 81032ca9546749779c89b5807960a1a5 32e17c06cc9449c7b6c3253151b5a7ce - - default default] Successfully bumped revision number for resource 07ce6003-e1f2-43a6-af67-02fcbe95d4ba (type: router_ports) to 1
2026-05-12 12:40:50.493 10 INFO neutron.api.wsgi [None req-818c81f6-9962-4377-9dea-1602a58100af 81032ca9546749779c89b5807960a1a5 32e17c06cc9449c7b6c3253151b5a7ce - - default default] 10.0.0.120 "PUT /v2.0/routers/10f531bd-8e94-4528-b1ab-42f68793c6a2/add_router_interface HTTP/1.1" status: 200 len: 503 time: 2.9341447
2026-05-12 12:40:50.636 10 INFO neutron.api.wsgi [None req-8b4fdcae-e624-4d40-84e6-42ed75b778c3 e3cc7e1e236445239d1bb021e00c5136 5c573407fb1e47f08a6fada29d1a1c2b - - default default] 10.0.0.120 "DELETE /v2.0/ports/8f032575-1734-4fd3-bfb4-0f5bc13d9600 HTTP/1.1" status: 204 len: 168 time: 0.2564833
2026-05-12 12:40:51.028 9 WARNING neutron.scheduler.dhcp_agent_scheduler [None req-9813c418-50af-4e70-9626-551d78a26495 81032ca9546749779c89b5807960a1a5 32e17c06cc9449c7b6c3253151b5a7ce - - default default] No more DHCP agents
2026-05-12 12:40:51.030 9 WARNING neutron.api.rpc.agentnotifiers.dhcp_rpc_agent_api [None req-9813c418-50af-4e70-9626-551d78a26495 81032ca9546749779c89b5807960a1a5 32e17c06cc9449c7b6c3253151b5a7ce - - default default] Unable to schedule network 21c26207-72a1-4f08-9de0-efc892f7f37c: no agents available; will retry on subsequent port and subnet creation events.
2026-05-12 12:40:51.178 9 INFO neutron.db.ovn_revision_numbers_db [None req-9813c418-50af-4e70-9626-551d78a26495 81032ca9546749779c89b5807960a1a5 32e17c06cc9449c7b6c3253151b5a7ce - - default default] Successfully bumped revision number for resource 244764ee-13d3-4ec5-ad70-8c967aeb2cdb (type: ports) to 1
2026-05-12 12:40:51.345 10 INFO neutron.services.segments.plugin [-] Segment 94d1da5a-c5b0-4ff1-9f1e-a02aa38b9e33 resource provider aggregate not found
2026-05-12 12:40:51.351 10 INFO neutron.services.segments.plugin [-] Segment 94d1da5a-c5b0-4ff1-9f1e-a02aa38b9e33 resource provider aggregate not found
