2026-05-12 12:42:49.683 10 INFO neutron.api.wsgi [None req-05b49d16-6bfd-4c62-a6f9-557cf451482b 25511a4ecd4c4e229a3e86ce57a9de12 84dea411d49b44709a20269e4929d0d8 - - default default] 10.0.0.120 "PUT /v2.0/routers/31cc4b9e-9b82-4b6e-a916-f8087962dc9e/add_router_interface HTTP/1.1" status: 200 len: 503 time: 2.6864953
2026-05-12 12:42:49.894 10 WARNING neutron.scheduler.dhcp_agent_scheduler [None req-8879bdb3-8a4d-4570-8e2b-ad88d6bca521 f90aa227d99f40cfb45fea7a2819e03a 84f9aff1e063448b9d37266d263e6329 - - default default] No more DHCP agents
2026-05-12 12:42:49.899 10 WARNING neutron.api.rpc.agentnotifiers.dhcp_rpc_agent_api [None req-8879bdb3-8a4d-4570-8e2b-ad88d6bca521 f90aa227d99f40cfb45fea7a2819e03a 84f9aff1e063448b9d37266d263e6329 - - default default] Unable to schedule network d9533cb6-2f77-40c1-8948-73946ea39a7e: no agents available; will retry on subsequent port and subnet creation events. /var/lib/openstack/lib/python3.12/site-packages/pycadf/identifier.py:71: UserWarning: Invalid uuid: neutron. To ensure interoperability, identifiers should be a valid uuid. warnings.warn(('Invalid uuid: %s. To ensure interoperability, '
2026-05-12 12:42:50.488 10 INFO neutron.api.wsgi [req-41907663-10da-4957-843b-6f33c764a396 req-2eda9347-0537-44e6-9084-cfdcc918b3b9 6eb25ad4c7f244a7907d3ec3e4783e25 b4ae872f22764cc292015da55f98eba7 - - default default] 10.0.0.244 "GET /v2.0/ports?device_id=3c1725a7-86fb-49cf-9e8d-25fc13e853a1 HTTP/1.1" status: 200 len: 210 time: 0.0344076
2026-05-12 12:42:50.493 10 INFO neutron.db.ovn_revision_numbers_db [None req-8879bdb3-8a4d-4570-8e2b-ad88d6bca521 f90aa227d99f40cfb45fea7a2819e03a 84f9aff1e063448b9d37266d263e6329 - - default default] Successfully bumped revision number for resource 0f6567b6-a528-4fcb-8431-b55069bdbdc3 (type: ports) to 1
2026-05-12 12:42:50.524 10 INFO neutron.api.wsgi [None req-8879bdb3-8a4d-4570-8e2b-ad88d6bca521 f90aa227d99f40cfb45fea7a2819e03a 84f9aff1e063448b9d37266d263e6329 - - default default] 10.0.0.120 "POST /v2.0/ports HTTP/1.1" status: 201 len: 1165 time: 1.1502702
2026-05-12 12:42:50.842 10 WARNING neutron.scheduler.dhcp_agent_scheduler [None req-36583772-e2de-4556-8c78-52a452a3ca2d - - - - - -] No more DHCP agents
2026-05-12 12:42:50.843 10 WARNING neutron.api.rpc.agentnotifiers.dhcp_rpc_agent_api [None req-36583772-e2de-4556-8c78-52a452a3ca2d - - - - - -] Unable to schedule network 21c26207-72a1-4f08-9de0-efc892f7f37c: no agents available; will retry on subsequent port and subnet creation events.
2026-05-12 12:42:50.880 10 WARNING neutron.plugins.ml2.drivers.ovn.mech_driver.ovsdb.ovn_client [None req-6cb184d5-e0d9-4909-bd35-fbb51cfc6ec9 - - - - - -] No hosting information found for port 6fa81623-32f6-4aa9-a897-53f19bc52a6c: RuntimeError: No hosting information found for port 6fa81623-32f6-4aa9-a897-53f19bc52a6c
2026-05-12 12:42:50.939 9 INFO neutron.api.wsgi [None req-5e22a9c4-45b7-4780-9fc7-0931c13d742c f90aa227d99f40cfb45fea7a2819e03a 84f9aff1e063448b9d37266d263e6329 - - default default] 10.0.0.120 "DELETE /v2.0/ports/0f6567b6-a528-4fcb-8431-b55069bdbdc3 HTTP/1.1" status: 204 len: 168 time: 0.4083517
2026-05-12 12:42:50.959 9 INFO neutron.pecan_wsgi.hooks.translation [None req-67627ab2-09fb-4688-9fe7-98fe4980511d f90aa227d99f40cfb45fea7a2819e03a 84f9aff1e063448b9d37266d263e6329 - - default default] DELETE failed (client error): The resource could not be found.
2026-05-12 12:42:50.962 9 INFO neutron.api.wsgi [None req-67627ab2-09fb-4688-9fe7-98fe4980511d f90aa227d99f40cfb45fea7a2819e03a 84f9aff1e063448b9d37266d263e6329 - - default default] 10.0.0.120 "DELETE /v2.0/ports/0f6567b6-a528-4fcb-8431-b55069bdbdc3 HTTP/1.1" status: 404 len: 333 time: 0.0183251
2026-05-12 12:42:50.984 9 INFO neutron.pecan_wsgi.hooks.translation [None req-b28e469c-d6e4-4637-bf52-9670cd53dbac f90aa227d99f40cfb45fea7a2819e03a 84f9aff1e063448b9d37266d263e6329 - - default default] GET failed (client error): The resource could not be found.
2026-05-12 12:42:50.985 9 INFO neutron.api.wsgi [None req-b28e469c-d6e4-4637-bf52-9670cd53dbac f90aa227d99f40cfb45fea7a2819e03a 84f9aff1e063448b9d37266d263e6329 - - default default] 10.0.0.120 "GET /v2.0/ports/0f6567b6-a528-4fcb-8431-b55069bdbdc3 HTTP/1.1" status: 404 len: 333 time: 0.0173595
2026-05-12 12:42:51.025 10 INFO neutron.db.ovn_revision_numbers_db [None req-6cb184d5-e0d9-4909-bd35-fbb51cfc6ec9 - - - - - -] Successfully bumped revision number for resource 6fa81623-32f6-4aa9-a897-53f19bc52a6c (type: router_ports) to 2
2026-05-12 12:42:51.108 10 INFO neutron.db.ovn_revision_numbers_db [None req-36583772-e2de-4556-8c78-52a452a3ca2d - - - - - -] Successfully bumped revision number for resource d1dc6a5c-038a-4fda-82cb-4b57f82103af (type: ports) to 1
2026-05-12 12:42:51.112 10 INFO neutron.plugins.ml2.drivers.ovn.mech_driver.mech_driver [None req-6cb184d5-e0d9-4909-bd35-fbb51cfc6ec9 - - - - - -] OVN reports status up for port: ed773630-98f4-4c26-a0ec-75d0b9d9dc05
2026-05-12 12:42:51.121 10 INFO neutron.plugins.ml2.plugin [None req-6cb184d5-e0d9-4909-bd35-fbb51cfc6ec9 - - - - - -] Attempt 1 to provision port ed773630-98f4-4c26-a0ec-75d0b9d9dc05
2026-05-12 12:42:51.135 9 INFO neutron.api.wsgi [None req-cd55d86c-f5cd-4007-87ad-c865277b5225 f90aa227d99f40cfb45fea7a2819e03a 84f9aff1e063448b9d37266d263e6329 - - default default] 10.0.0.120 "DELETE /v2.0/subnets/f1361e8c-55e5-4785-884d-1c046c846713 HTTP/1.1" status: 204 len: 168 time: 0.1431193
2026-05-12 12:42:51.421 10 INFO neutron.db.ovn_revision_numbers_db [None req-36583772-e2de-4556-8c78-52a452a3ca2d - - - - - -] Successfully bumped revision number for resource d1dc6a5c-038a-4fda-82cb-4b57f82103af (type: ports) to 3
2026-05-12 12:42:51.477 9 INFO neutron.services.segments.plugin [-] Segment 1f9811ce-6692-4b36-afcc-0b48494609de resource provider aggregate not found
2026-05-12 12:42:51.482 9 INFO neutron.services.segments.plugin [-] Segment 1f9811ce-6692-4b36-afcc-0b48494609de resource provider aggregate not found
2026-05-12 12:42:51.504 9 INFO neutron.services.segments.plugin [-] Segment 1f9811ce-6692-4b36-afcc-0b48494609de resource provider not found; error: Placement Client Error (4xx): {"errors": [{"status": 404, "title": "Not Found", "detail": "The resource could not be found.\n\n No resource provider with uuid 1f9811ce-6692-4b36-afcc-0b48494609de found for delete ", "request_id": "req-42c1b302-7ee8-408c-bb76-a92b6d59ed40"}]}
2026-05-12 12:42:51.505 9 INFO neutron.services.segments.plugin [-] Segment 1f9811ce-6692-4b36-afcc-0b48494609de resource provider not found; error: Placement Client Error (4xx): {"errors": [{"status": 404, "title": "Not Found", "detail": "The resource could not be found.\n\n No resource provider with uuid 1f9811ce-6692-4b36-afcc-0b48494609de found for delete ", "request_id": "req-d5ae0c6d-5215-4c3c-b4fb-6e9e993d35c0"}]}
2026-05-12 12:42:51.519 9 INFO neutron.api.wsgi [None req-0a40fbed-6983-49e6-9e65-9e4711c6ddb6 f90aa227d99f40cfb45fea7a2819e03a 84f9aff1e063448b9d37266d263e6329 - - default default] 10.0.0.120 "DELETE /v2.0/networks/d9533cb6-2f77-40c1-8948-73946ea39a7e HTTP/1.1" status: 204 len: 168 time: 0.3784876
2026-05-12 12:42:51.540 9 WARNING neutron_lib.context [None req-2410aab7-68a9-4cae-b7da-c23e6c8c30d2 f90aa227d99f40cfb45fea7a2819e03a 84f9aff1e063448b9d37266d263e6329 - - default default] Method 'is_advsvc' is deprecated since 2023.2 release (neutron-lib 3.8.0) and will be removed once support for the old RBAC API policies will be removed from Neutron. Please use method 'is_service_role' instead.
2026-05-12 12:42:51.547 10 INFO neutron.db.segments_db [None req-36583772-e2de-4556-8c78-52a452a3ca2d - - - - - -] Added segment 22ffa2fd-8813-4409-8bb5-aafddc51db79 of type geneve for network 1d86bbfc-d92f-488a-9280-3ad3658a768f /var/lib/openstack/lib/python3.12/site-packages/pycadf/identifier.py:71: UserWarning: Invalid uuid: neutron. To ensure interoperability, identifiers should be a valid uuid. warnings.warn(('Invalid uuid: %s. To ensure interoperability, '
2026-05-12 12:42:51.598 10 INFO neutron.api.wsgi [req-02692d15-221e-4eb1-bacb-30a9cb0c766b req-ecffa6e6-6ffb-466d-84bb-878d1fe86d56 6eb25ad4c7f244a7907d3ec3e4783e25 b4ae872f22764cc292015da55f98eba7 - - default default] 10.0.0.244 "GET /v2.0/ports?device_id=3c1725a7-86fb-49cf-9e8d-25fc13e853a1 HTTP/1.1" status: 200 len: 210 time: 0.0275631
2026-05-12 12:42:51.639 9 INFO neutron.db.segments_db [None req-2410aab7-68a9-4cae-b7da-c23e6c8c30d2 f90aa227d99f40cfb45fea7a2819e03a 84f9aff1e063448b9d37266d263e6329 - - default default] Added segment ffd3ca9d-87cb-47f7-a9c9-78b480f03260 of type geneve for network 8a3fec0c-4bf7-4eb0-bfe9-60018c2b2ed1
2026-05-12 12:42:51.710 10 INFO neutron.db.ovn_revision_numbers_db [None req-b637c1db-92d1-4597-9862-0c94d7ee7e82 - - - - - -] Successfully bumped revision number for resource 1d86bbfc-d92f-488a-9280-3ad3658a768f (type: networks) to 1
2026-05-12 12:42:51.800 9 INFO neutron.db.ovn_revision_numbers_db [None req-2410aab7-68a9-4cae-b7da-c23e6c8c30d2 f90aa227d99f40cfb45fea7a2819e03a 84f9aff1e063448b9d37266d263e6329 - - default default] Successfully bumped revision number for resource 8a3fec0c-4bf7-4eb0-bfe9-60018c2b2ed1 (type: networks) to 1
2026-05-12 12:42:51.839 9 WARNING neutron_lib.context [None req-2351c345-1615-4823-9233-f24922175dad ef03450fddb244f7b7f1f58f941398e3 044bb94fbc5f45d2a2e8e79cef4e87bb - - default default] Method 'is_advsvc' is deprecated since 2023.2 release (neutron-lib 3.8.0) and will be removed once support for the old RBAC API policies will be removed from Neutron. Please use method 'is_service_role' instead.
2026-05-12 12:42:51.891 10 WARNING neutron.scheduler.dhcp_agent_scheduler [None req-b637c1db-92d1-4597-9862-0c94d7ee7e82 - - - - - -] No more DHCP agents
2026-05-12 12:42:51.893 10 WARNING neutron.api.rpc.agentnotifiers.dhcp_rpc_agent_api [None req-b637c1db-92d1-4597-9862-0c94d7ee7e82 - - - - - -] Unable to schedule network 1d86bbfc-d92f-488a-9280-3ad3658a768f: no agents available; will retry on subsequent port and subnet creation events.
2026-05-12 12:42:51.973 10 INFO neutron.db.ovn_revision_numbers_db [None req-b637c1db-92d1-4597-9862-0c94d7ee7e82 - - - - - -] Successfully bumped revision number for resource 369ba31f-9bb8-4f1b-85f2-24e15b5667bf (type: ports) to 1
2026-05-12 12:42:52.001 9 INFO neutron.db.ovn_revision_numbers_db [None req-2351c345-1615-4823-9233-f24922175dad ef03450fddb244f7b7f1f58f941398e3 044bb94fbc5f45d2a2e8e79cef4e87bb - - default default] Successfully bumped revision number for resource 767a808e-84d8-4ee0-9051-baab9fd40805 (type: routers) to 1
2026-05-12 12:42:52.024 9 INFO neutron.api.wsgi [None req-2351c345-1615-4823-9233-f24922175dad ef03450fddb244f7b7f1f58f941398e3 044bb94fbc5f45d2a2e8e79cef4e87bb - - default default] 10.0.0.120 "POST /v2.0/routers HTTP/1.1" status: 201 len: 769 time: 0.4052386
2026-05-12 12:42:52.112 9 INFO neutron.api.wsgi [None req-70d40a55-37f0-4848-a4cd-a26939285103 ef03450fddb244f7b7f1f58f941398e3 044bb94fbc5f45d2a2e8e79cef4e87bb - - default default] 10.0.0.120 "PUT /v2.0/routers/767a808e-84d8-4ee0-9051-baab9fd40805/tags HTTP/1.1" status: 200 len: 218 time: 0.0776503
2026-05-12 12:42:52.117 9 WARNING neutron.scheduler.dhcp_agent_scheduler [None req-2410aab7-68a9-4cae-b7da-c23e6c8c30d2 f90aa227d99f40cfb45fea7a2819e03a 84f9aff1e063448b9d37266d263e6329 - - default default] No more DHCP agents
2026-05-12 12:42:52.118 9 WARNING neutron.api.rpc.agentnotifiers.dhcp_rpc_agent_api [None req-2410aab7-68a9-4cae-b7da-c23e6c8c30d2 f90aa227d99f40cfb45fea7a2819e03a 84f9aff1e063448b9d37266d263e6329 - - default default] Unable to schedule network 8a3fec0c-4bf7-4eb0-bfe9-60018c2b2ed1: no agents available; will retry on subsequent port and subnet creation events.
2026-05-12 12:42:52.159 10 WARNING neutron.scheduler.dhcp_agent_scheduler [None req-b637c1db-92d1-4597-9862-0c94d7ee7e82 - - - - - -] No more DHCP agents
2026-05-12 12:42:52.160 10 WARNING neutron.api.rpc.agentnotifiers.dhcp_rpc_agent_api [None req-b637c1db-92d1-4597-9862-0c94d7ee7e82 - - - - - -] Unable to schedule network 1d86bbfc-d92f-488a-9280-3ad3658a768f: no agents available; will retry on subsequent port and subnet creation events.
2026-05-12 12:42:52.171 9 INFO neutron.api.wsgi [None req-d673b021-0945-426a-b08c-f277c21c8e88 ef03450fddb244f7b7f1f58f941398e3 044bb94fbc5f45d2a2e8e79cef4e87bb - - default default] 10.0.0.120 "GET /v2.0/routers/767a808e-84d8-4ee0-9051-baab9fd40805/tags HTTP/1.1" status: 200 len: 218 time: 0.0503523
2026-05-12 12:42:52.192 10 INFO neutron.db.ovn_revision_numbers_db [None req-b637c1db-92d1-4597-9862-0c94d7ee7e82 - - - - - -] Successfully bumped revision number for resource 6f5f616c-018b-4906-b635-90a278a0c74a (type: subnets) to 0
2026-05-12 12:42:52.211 9 INFO neutron.db.ovn_revision_numbers_db [None req-2410aab7-68a9-4cae-b7da-c23e6c8c30d2 f90aa227d99f40cfb45fea7a2819e03a 84f9aff1e063448b9d37266d263e6329 - - default default] Successfully bumped revision number for resource eafb79ab-4258-4513-8530-579784377edf (type: ports) to 1
2026-05-12 12:42:52.233 9 INFO neutron.api.wsgi [None req-2410aab7-68a9-4cae-b7da-c23e6c8c30d2 f90aa227d99f40cfb45fea7a2819e03a 84f9aff1e063448b9d37266d263e6329 - - default default] 10.0.0.120 "POST /v2.0/networks HTTP/1.1" status: 201 len: 834 time: 0.7001364
2026-05-12 12:42:52.244 9 WARNING neutron_lib.context [None req-9c3936c5-940f-41fe-8b78-066ab35c9d55 f90aa227d99f40cfb45fea7a2819e03a 84f9aff1e063448b9d37266d263e6329 - - default default] Method 'is_advsvc' is deprecated since 2023.2 release (neutron-lib 3.8.0) and will be removed once support for the old RBAC API policies will be removed from Neutron. Please use method 'is_service_role' instead.
2026-05-12 12:42:52.254 10 INFO neutron.api.wsgi [None req-9a6ff90c-2653-4722-8b31-23c80f74272d ef03450fddb244f7b7f1f58f941398e3 044bb94fbc5f45d2a2e8e79cef4e87bb - - default default] 10.0.0.120 "PUT /v2.0/routers/767a808e-84d8-4ee0-9051-baab9fd40805/tags/green HTTP/1.1" status: 201 len: 201 time: 0.0784318
2026-05-12 12:42:52.310 10 INFO neutron.api.wsgi [None req-056cb38f-40cc-4c1c-a360-3334591474a8 ef03450fddb244f7b7f1f58f941398e3 044bb94fbc5f45d2a2e8e79cef4e87bb - - default default] 10.0.0.120 "GET /v2.0/routers/767a808e-84d8-4ee0-9051-baab9fd40805/tags HTTP/1.1" status: 200 len: 227 time: 0.0517128
2026-05-12 12:42:52.365 9 INFO neutron.api.wsgi [None req-dfd3d365-0a27-48bd-bece-ce0ccacc7909 ef03450fddb244f7b7f1f58f941398e3 044bb94fbc5f45d2a2e8e79cef4e87bb - - default default] 10.0.0.120 "PUT /v2.0/routers/767a808e-84d8-4ee0-9051-baab9fd40805/tags/red HTTP/1.1" status: 201 len: 201 time: 0.0486677
2026-05-12 12:42:52.422 10 INFO neutron.api.wsgi [None req-e5a64027-d0ef-4972-a6d1-716c4ac41733 ef03450fddb244f7b7f1f58f941398e3 044bb94fbc5f45d2a2e8e79cef4e87bb - - default default] 10.0.0.120 "GET /v2.0/routers/767a808e-84d8-4ee0-9051-baab9fd40805/tags HTTP/1.1" status: 200 len: 227 time: 0.0513158
2026-05-12 12:42:52.488 9 WARNING neutron.scheduler.dhcp_agent_scheduler [None req-9c3936c5-940f-41fe-8b78-066ab35c9d55 f90aa227d99f40cfb45fea7a2819e03a 84f9aff1e063448b9d37266d263e6329 - - default default] No more DHCP agents
2026-05-12 12:42:52.489 9 WARNING neutron.api.rpc.agentnotifiers.dhcp_rpc_agent_api [None req-9c3936c5-940f-41fe-8b78-066ab35c9d55 f90aa227d99f40cfb45fea7a2819e03a 84f9aff1e063448b9d37266d263e6329 - - default default] Unable to schedule network 8a3fec0c-4bf7-4eb0-bfe9-60018c2b2ed1: no agents available; will retry on subsequent port and subnet creation events.
2026-05-12 12:42:52.492 10 INFO neutron.api.wsgi [None req-091b325d-7c44-4fe7-ab47-6a2f5b60f32f ef03450fddb244f7b7f1f58f941398e3 044bb94fbc5f45d2a2e8e79cef4e87bb - - default default] 10.0.0.120 "PUT /v2.0/routers/767a808e-84d8-4ee0-9051-baab9fd40805/tags/black.or.white HTTP/1.1" status: 201 len: 201 time: 0.0644588
2026-05-12 12:42:52.529 9 INFO neutron.db.ovn_revision_numbers_db [None req-9c3936c5-940f-41fe-8b78-066ab35c9d55 f90aa227d99f40cfb45fea7a2819e03a 84f9aff1e063448b9d37266d263e6329 - - default default] Successfully bumped revision number for resource d5e37007-8f14-470a-a7e0-ceea401bb0f5 (type: subnets) to 0
2026-05-12 12:42:52.543 9 INFO neutron.api.wsgi [None req-9c3936c5-940f-41fe-8b78-066ab35c9d55 f90aa227d99f40cfb45fea7a2819e03a 84f9aff1e063448b9d37266d263e6329 - - default default] 10.0.0.120 "POST /v2.0/subnets HTTP/1.1" status: 201 len: 845 time: 0.3043489
2026-05-12 12:42:52.543 10 INFO neutron.api.wsgi [None req-a6e1e3d2-9684-4e98-b5f8-80aa187c4ada ef03450fddb244f7b7f1f58f941398e3 044bb94fbc5f45d2a2e8e79cef4e87bb - - default default] 10.0.0.120 "GET /v2.0/routers/767a808e-84d8-4ee0-9051-baab9fd40805/tags HTTP/1.1" status: 200 len: 245 time: 0.0446553
2026-05-12 12:42:52.555 10 WARNING neutron_lib.context [None req-03c616aa-b420-4e88-9acb-1693ab14e90b f90aa227d99f40cfb45fea7a2819e03a 84f9aff1e063448b9d37266d263e6329 - - default default] Method 'is_advsvc' is deprecated since 2023.2 release (neutron-lib 3.8.0) and will be removed once support for the old RBAC API policies will be removed from Neutron. Please use method 'is_service_role' instead.
2026-05-12 12:42:52.609 9 INFO neutron.api.wsgi [None req-4723dfd1-fcce-4e09-94e5-4ec5cf03e794 ef03450fddb244f7b7f1f58f941398e3 044bb94fbc5f45d2a2e8e79cef4e87bb - - default default] 10.0.0.120 "PUT /v2.0/routers/767a808e-84d8-4ee0-9051-baab9fd40805/tags HTTP/1.1" status: 200 len: 230 time: 0.0610943
2026-05-12 12:42:52.662 9 INFO neutron.api.wsgi [None req-e8a4d273-1bfc-4a9d-b18d-a5390573ba2c ef03450fddb244f7b7f1f58f941398e3 044bb94fbc5f45d2a2e8e79cef4e87bb - - default default] 10.0.0.120 "GET /v2.0/routers/767a808e-84d8-4ee0-9051-baab9fd40805/tags HTTP/1.1" status: 200 len: 230 time: 0.0465958
2026-05-12 12:42:52.740 10 WARNING neutron.scheduler.dhcp_agent_scheduler [None req-b637c1db-92d1-4597-9862-0c94d7ee7e82 - - - - - -] No more DHCP agents
2026-05-12 12:42:52.741 9 INFO neutron.api.wsgi [None req-c96cc6fa-c564-44e4-9864-43cfad7d1e1e ef03450fddb244f7b7f1f58f941398e3 044bb94fbc5f45d2a2e8e79cef4e87bb - - default default] 10.0.0.120 "GET /v2.0/routers/767a808e-84d8-4ee0-9051-baab9fd40805/tags/red HTTP/1.1" status: 204 len: 168 time: 0.0741355
2026-05-12 12:42:52.749 10 WARNING neutron.api.rpc.agentnotifiers.dhcp_rpc_agent_api [None req-b637c1db-92d1-4597-9862-0c94d7ee7e82 - - - - - -] Unable to schedule network 1d86bbfc-d92f-488a-9280-3ad3658a768f: no agents available; will retry on subsequent port and subnet creation events.
2026-05-12 12:42:52.815 9 INFO neutron.api.v2.resource [None req-6f60601b-c181-4d5c-b423-9433c5b48d96 ef03450fddb244f7b7f1f58f941398e3 044bb94fbc5f45d2a2e8e79cef4e87bb - - default default] show failed (client error): The resource could not be found.
2026-05-12 12:42:52.816 9 INFO neutron.api.wsgi [None req-6f60601b-c181-4d5c-b423-9433c5b48d96 ef03450fddb244f7b7f1f58f941398e3 044bb94fbc5f45d2a2e8e79cef4e87bb - - default default] 10.0.0.120 "GET /v2.0/routers/767a808e-84d8-4ee0-9051-baab9fd40805/tags/green HTTP/1.1" status: 404 len: 299 time: 0.0706301
2026-05-12 12:42:52.894 9 INFO neutron.api.wsgi [None req-09bd599e-7bac-4064-9a7f-b4c4e84df5c5 ef03450fddb244f7b7f1f58f941398e3 044bb94fbc5f45d2a2e8e79cef4e87bb - - default default] 10.0.0.120 "DELETE /v2.0/routers/767a808e-84d8-4ee0-9051-baab9fd40805/tags/red HTTP/1.1" status: 204 len: 168 time: 0.0729702
2026-05-12 12:42:52.945 9 INFO neutron.api.wsgi [None req-78ce28a4-427d-4341-8074-cd4f9433b39b ef03450fddb244f7b7f1f58f941398e3 044bb94fbc5f45d2a2e8e79cef4e87bb - - default default] 10.0.0.120 "GET /v2.0/routers/767a808e-84d8-4ee0-9051-baab9fd40805/tags HTTP/1.1" status: 200 len: 223 time: 0.0461729
2026-05-12 12:42:52.960 9 INFO neutron.api.wsgi [None req-e745dc7f-5b2a-4fcf-a84e-ecf9d3b15798 6eb25ad4c7f244a7907d3ec3e4783e25 b4ae872f22764cc292015da55f98eba7 - - default default] 10.0.0.120 "DELETE /v2.0/security-groups/acdc5e6c-a584-4706-a48d-e21cce425982 HTTP/1.1" status: 204 len: 168 time: 0.2862735
2026-05-12 12:42:52.974 10 INFO neutron.db.ovn_revision_numbers_db [None req-b637c1db-92d1-4597-9862-0c94d7ee7e82 - - - - - -] Successfully bumped revision number for resource 4ddedaf6-d207-4724-8690-da911c19bf57 (type: ports) to 1
2026-05-12 12:42:53.006 10 WARNING neutron.scheduler.dhcp_agent_scheduler [None req-03c616aa-b420-4e88-9acb-1693ab14e90b f90aa227d99f40cfb45fea7a2819e03a 84f9aff1e063448b9d37266d263e6329 - - default default] No more DHCP agents
2026-05-12 12:42:53.013 10 WARNING neutron.api.rpc.agentnotifiers.dhcp_rpc_agent_api [None req-03c616aa-b420-4e88-9acb-1693ab14e90b f90aa227d99f40cfb45fea7a2819e03a 84f9aff1e063448b9d37266d263e6329 - - default default] Unable to schedule network 8a3fec0c-4bf7-4eb0-bfe9-60018c2b2ed1: no agents available; will retry on subsequent port and subnet creation events.
2026-05-12 12:42:53.029 10 INFO neutron.api.v2.resource [None req-7073c455-0326-441b-a402-b8a9383b8f18 ef03450fddb244f7b7f1f58f941398e3 044bb94fbc5f45d2a2e8e79cef4e87bb - - default default] delete failed (client error): The resource could not be found.
2026-05-12 12:42:53.030 10 INFO neutron.api.wsgi [None req-7073c455-0326-441b-a402-b8a9383b8f18 ef03450fddb244f7b7f1f58f941398e3 044bb94fbc5f45d2a2e8e79cef4e87bb - - default default] 10.0.0.120 "DELETE /v2.0/routers/767a808e-84d8-4ee0-9051-baab9fd40805/tags/green HTTP/1.1" status: 404 len: 299 time: 0.0802300
2026-05-12 12:42:53.115 10 INFO neutron.api.wsgi [None req-9b39aafa-a9f0-4e26-a5d1-07f441558854 ef03450fddb244f7b7f1f58f941398e3 044bb94fbc5f45d2a2e8e79cef4e87bb - - default default] 10.0.0.120 "DELETE /v2.0/routers/767a808e-84d8-4ee0-9051-baab9fd40805/tags HTTP/1.1" status: 204 len: 168 time: 0.0786848
2026-05-12 12:42:53.191 10 INFO neutron.db.ovn_revision_numbers_db [None req-03c616aa-b420-4e88-9acb-1693ab14e90b f90aa227d99f40cfb45fea7a2819e03a 84f9aff1e063448b9d37266d263e6329 - - default default] Successfully bumped revision number for resource 0f073633-f5c1-45c6-90ec-3c7689513ca2 (type: ports) to 1
2026-05-12 12:42:53.195 10 INFO neutron.api.wsgi [None req-2e851204-263f-403b-ad31-5daed5b71f59 ef03450fddb244f7b7f1f58f941398e3 044bb94fbc5f45d2a2e8e79cef4e87bb - - default default] 10.0.0.120 "GET /v2.0/routers/767a808e-84d8-4ee0-9051-baab9fd40805/tags HTTP/1.1" status: 200 len: 205 time: 0.0735033
2026-05-12 12:42:53.239 10 INFO neutron.api.wsgi [None req-03c616aa-b420-4e88-9acb-1693ab14e90b f90aa227d99f40cfb45fea7a2819e03a 84f9aff1e063448b9d37266d263e6329 - - default default] 10.0.0.120 "POST /v2.0/ports HTTP/1.1" status: 201 len: 1123 time: 0.6897879
2026-05-12 12:42:53.279 10 INFO neutron.api.wsgi [None req-59aed98c-ecd4-4dd9-8fbb-f67fecc2a62e ef03450fddb244f7b7f1f58f941398e3 044bb94fbc5f45d2a2e8e79cef4e87bb - - default default] 10.0.0.120 "GET /v2.0/routers/767a808e-84d8-4ee0-9051-baab9fd40805 HTTP/1.1" status: 200 len: 770 time: 0.0705283
2026-05-12 12:42:53.607 9 INFO neutron.api.wsgi [None req-d6778bb2-0861-4314-8e84-7ee40da5e6e6 f90aa227d99f40cfb45fea7a2819e03a 84f9aff1e063448b9d37266d263e6329 - - default default] 10.0.0.120 "DELETE /v2.0/ports/0f073633-f5c1-45c6-90ec-3c7689513ca2 HTTP/1.1" status: 204 len: 168 time: 0.3602896
2026-05-12 12:42:53.630 9 INFO neutron.pecan_wsgi.hooks.translation [None req-e23364ac-fe49-4adc-8677-8cd9142cb6d8 f90aa227d99f40cfb45fea7a2819e03a 84f9aff1e063448b9d37266d263e6329 - - default default] GET failed (client error): The resource could not be found.
2026-05-12 12:42:53.631 9 INFO neutron.api.wsgi [None req-e23364ac-fe49-4adc-8677-8cd9142cb6d8 f90aa227d99f40cfb45fea7a2819e03a 84f9aff1e063448b9d37266d263e6329 - - default default] 10.0.0.120 "GET /v2.0/ports/0f073633-f5c1-45c6-90ec-3c7689513ca2 HTTP/1.1" status: 404 len: 333 time: 0.0186007
2026-05-12 12:42:53.671 10 INFO neutron.db.ovn_revision_numbers_db [None req-de98df13-91e7-4499-ae36-e16d38ca62e6 ef03450fddb244f7b7f1f58f941398e3 044bb94fbc5f45d2a2e8e79cef4e87bb - - default default] Successfully bumped revision number for resource 767a808e-84d8-4ee0-9051-baab9fd40805 (type: routers) to 7
2026-05-12 12:42:53.676 10 INFO neutron.api.wsgi [None req-de98df13-91e7-4499-ae36-e16d38ca62e6 ef03450fddb244f7b7f1f58f941398e3 044bb94fbc5f45d2a2e8e79cef4e87bb - - default default] 10.0.0.120 "PUT /v2.0/routers/767a808e-84d8-4ee0-9051-baab9fd40805 HTTP/1.1" status: 200 len: 770 time: 0.3916237
2026-05-12 12:42:53.719 10 INFO neutron.api.wsgi [None req-a1bbc677-268e-403c-8a9c-324c840e36b2 ef03450fddb244f7b7f1f58f941398e3 044bb94fbc5f45d2a2e8e79cef4e87bb - - default default] 10.0.0.120 "GET /v2.0/ports?device_id=767a808e-84d8-4ee0-9051-baab9fd40805 HTTP/1.1" status: 200 len: 205 time: 0.0351229
2026-05-12 12:42:53.886 9 INFO neutron.api.wsgi [None req-8e571cca-4073-4c71-a0e4-1c0793d5d2b1 f90aa227d99f40cfb45fea7a2819e03a 84f9aff1e063448b9d37266d263e6329 - - default default] 10.0.0.120 "DELETE /v2.0/subnets/d5e37007-8f14-470a-a7e0-ceea401bb0f5 HTTP/1.1" status: 204 len: 168 time: 0.2489219
2026-05-12 12:42:53.996 10 INFO neutron.api.wsgi [None req-db59aec4-7f82-4bd4-97fc-0d13e8d85055 ef03450fddb244f7b7f1f58f941398e3 044bb94fbc5f45d2a2e8e79cef4e87bb - - default default] 10.0.0.120 "DELETE /v2.0/routers/767a808e-84d8-4ee0-9051-baab9fd40805 HTTP/1.1" status: 204 len: 168 time: 0.2707958
2026-05-12 12:42:54.158 10 INFO neutron.db.ovn_revision_numbers_db [None req-b637c1db-92d1-4597-9862-0c94d7ee7e82 - - - - - -] Successfully bumped revision number for resource 4ddedaf6-d207-4724-8690-da911c19bf57 (type: ports) to 1
2026-05-12 12:42:54.194 9 INFO neutron.api.wsgi [None req-714c6037-2e9d-4c27-bec0-751b630ed17f 6eb25ad4c7f244a7907d3ec3e4783e25 b4ae872f22764cc292015da55f98eba7 - - default default] 10.0.0.120 "PUT /v2.0/routers/bedf6d25-11de-4a99-a068-db10e0c50e84/remove_router_interface HTTP/1.1" status: 200 len: 503 time: 1.1872587
2026-05-12 12:42:54.254 10 WARNING neutron.scheduler.dhcp_agent_scheduler [None req-b637c1db-92d1-4597-9862-0c94d7ee7e82 - - - - - -] No more DHCP agents
2026-05-12 12:42:54.258 10 WARNING neutron.api.rpc.agentnotifiers.dhcp_rpc_agent_api [None req-b637c1db-92d1-4597-9862-0c94d7ee7e82 - - - - - -] Unable to schedule network 1d86bbfc-d92f-488a-9280-3ad3658a768f: no agents available; will retry on subsequent port and subnet creation events.
2026-05-12 12:42:54.458 10 INFO neutron.api.wsgi [None req-a9e4fde7-97fc-4452-8f02-386f03e73b1b 6eb25ad4c7f244a7907d3ec3e4783e25 b4ae872f22764cc292015da55f98eba7 - - default default] 10.0.0.120 "DELETE /v2.0/subnets/c73df811-fd36-43ae-9125-fb91f2ca61c9 HTTP/1.1" status: 204 len: 168 time: 0.2575366
2026-05-12 12:42:54.475 9 INFO neutron.services.segments.plugin [-] Segment ffd3ca9d-87cb-47f7-a9c9-78b480f03260 resource provider aggregate not found
2026-05-12 12:42:54.486 9 INFO neutron.services.segments.plugin [-] Segment ffd3ca9d-87cb-47f7-a9c9-78b480f03260 resource provider aggregate not found
2026-05-12 12:42:54.492 9 INFO neutron.services.segments.plugin [-] Segment ffd3ca9d-87cb-47f7-a9c9-78b480f03260 resource provider not found; error: Placement Client Error (4xx): {"errors": [{"status": 404, "title": "Not Found", "detail": "The resource could not be found.\n\n No resource provider with uuid ffd3ca9d-87cb-47f7-a9c9-78b480f03260 found for delete ", "request_id": "req-b8d2fea8-0b1c-4e91-8dff-886582c5d912"}]}
2026-05-12 12:42:54.506 9 INFO neutron.services.segments.plugin [-] Segment ffd3ca9d-87cb-47f7-a9c9-78b480f03260 resource provider not found; error: Placement Client Error (4xx): {"errors": [{"status": 404, "title": "Not Found", "detail": "The resource could not be found.\n\n No resource provider with uuid ffd3ca9d-87cb-47f7-a9c9-78b480f03260 found for delete ", "request_id": "req-26ea1a93-a4bc-45c2-b705-e91e6def3669"}]}
2026-05-12 12:42:54.537 9 INFO neutron.api.wsgi [None req-221e8c96-497e-4b75-9a6c-352b79cb9aed f90aa227d99f40cfb45fea7a2819e03a 84f9aff1e063448b9d37266d263e6329 - - default default] 10.0.0.120 "DELETE /v2.0/networks/8a3fec0c-4bf7-4eb0-bfe9-60018c2b2ed1 HTTP/1.1" status: 204 len: 168 time: 0.6444271 /var/lib/openstack/lib/python3.12/site-packages/pycadf/identifier.py:71: UserWarning: Invalid uuid: neutron. To ensure interoperability, identifiers should be a valid uuid. warnings.warn(('Invalid uuid: %s. To ensure interoperability, '
2026-05-12 12:42:54.547 9 WARNING neutron_lib.context [None req-2c30615f-293e-47be-8583-18269544bcef f90aa227d99f40cfb45fea7a2819e03a 84f9aff1e063448b9d37266d263e6329 - - default default] Method 'is_advsvc' is deprecated since 2023.2 release (neutron-lib 3.8.0) and will be removed once support for the old RBAC API policies will be removed from Neutron. Please use method 'is_service_role' instead.
2026-05-12 12:42:54.614 9 WARNING neutron.plugins.ml2.drivers.ovn.mech_driver.ovsdb.ovn_client [None req-edf5d256-46f1-41e9-aee3-07274857319b - - - - - -] No hosting information found for port 8d5ff131-c2e0-4709-9c73-0fc698526a5b: RuntimeError: No hosting information found for port 8d5ff131-c2e0-4709-9c73-0fc698526a5b
2026-05-12 12:42:54.704 9 INFO neutron.db.ovn_revision_numbers_db [None req-edf5d256-46f1-41e9-aee3-07274857319b - - - - - -] Successfully bumped revision number for resource 8d5ff131-c2e0-4709-9c73-0fc698526a5b (type: router_ports) to 2
2026-05-12 12:42:54.819 9 WARNING neutron.scheduler.dhcp_agent_scheduler [None req-2c30615f-293e-47be-8583-18269544bcef f90aa227d99f40cfb45fea7a2819e03a 84f9aff1e063448b9d37266d263e6329 - - default default] No more DHCP agents
2026-05-12 12:42:54.821 9 WARNING neutron.api.rpc.agentnotifiers.dhcp_rpc_agent_api [None req-2c30615f-293e-47be-8583-18269544bcef f90aa227d99f40cfb45fea7a2819e03a 84f9aff1e063448b9d37266d263e6329 - - default default] Unable to schedule network c7b5c7dd-1488-4d3b-81e9-b24dc541dd71: no agents available; will retry on subsequent port and subnet creation events.
2026-05-12 12:42:54.895 9 INFO neutron.db.ovn_revision_numbers_db [None req-2c30615f-293e-47be-8583-18269544bcef f90aa227d99f40cfb45fea7a2819e03a 84f9aff1e063448b9d37266d263e6329 - - default default] Successfully bumped revision number for resource 8ff53215-8be3-4707-b8b9-63236ecd8180 (type: ports) to 1
2026-05-12 12:42:54.935 9 INFO neutron.api.wsgi [None req-2c30615f-293e-47be-8583-18269544bcef f90aa227d99f40cfb45fea7a2819e03a 84f9aff1e063448b9d37266d263e6329 - - default default] 10.0.0.120 "POST /v2.0/ports HTTP/1.1" status: 201 len: 978 time: 0.3925648 /var/lib/openstack/lib/python3.12/site-packages/pycadf/identifier.py:71: UserWarning: Invalid uuid: neutron. To ensure interoperability, identifiers should be a valid uuid. warnings.warn(('Invalid uuid: %s. To ensure interoperability, '
2026-05-12 12:42:55.132 9 INFO neutron.db.ovn_revision_numbers_db [None req-d6c3f8aa-7e6d-4787-baa3-c7dacab2f1b5 81032ca9546749779c89b5807960a1a5 32e17c06cc9449c7b6c3253151b5a7ce - - default default] Successfully bumped revision number for resource f798c905-9b05-44ae-8656-e02d6c9164a9 (type: security_groups) to 1
2026-05-12 12:42:55.155 9 INFO neutron.db.ovn_revision_numbers_db [None req-d6c3f8aa-7e6d-4787-baa3-c7dacab2f1b5 81032ca9546749779c89b5807960a1a5 32e17c06cc9449c7b6c3253151b5a7ce - - default default] Successfully bumped revision number for resource 1c988042-6d14-44f4-a8c2-b80a12fee99e (type: security_group_rules) to 0
2026-05-12 12:42:55.200 9 INFO neutron.db.ovn_revision_numbers_db [None req-d6c3f8aa-7e6d-4787-baa3-c7dacab2f1b5 81032ca9546749779c89b5807960a1a5 32e17c06cc9449c7b6c3253151b5a7ce - - default default] Successfully bumped revision number for resource 8ea5701c-de5b-4412-9c28-613419b7e200 (type: security_group_rules) to 0
2026-05-12 12:42:55.223 9 INFO neutron.db.ovn_revision_numbers_db [None req-d6c3f8aa-7e6d-4787-baa3-c7dacab2f1b5 81032ca9546749779c89b5807960a1a5 32e17c06cc9449c7b6c3253151b5a7ce - - default default] Successfully bumped revision number for resource f6561c30-0174-466d-af7a-c58af4fb6f2e (type: security_group_rules) to 0
2026-05-12 12:42:55.251 9 INFO neutron.db.ovn_revision_numbers_db [None req-d6c3f8aa-7e6d-4787-baa3-c7dacab2f1b5 81032ca9546749779c89b5807960a1a5 32e17c06cc9449c7b6c3253151b5a7ce - - default default] Successfully bumped revision number for resource ff26038b-a501-4caa-94ca-a8e7dde6cbab (type: security_group_rules) to 0
2026-05-12 12:42:55.261 9 INFO neutron.db.ovn_revision_numbers_db [None req-a41b433d-7730-419b-beae-053bdf2aaeb4 f90aa227d99f40cfb45fea7a2819e03a 84f9aff1e063448b9d37266d263e6329 - - default default] Successfully bumped revision number for resource 8ff53215-8be3-4707-b8b9-63236ecd8180 (type: ports) to 2
2026-05-12 12:42:55.261 10 INFO neutron.db.ovn_revision_numbers_db [None req-b637c1db-92d1-4597-9862-0c94d7ee7e82 - - - - - -] Successfully bumped revision number for resource 4ddedaf6-d207-4724-8690-da911c19bf57 (type: router_ports) to 1
2026-05-12 12:42:55.281 9 INFO neutron.api.wsgi [None req-a41b433d-7730-419b-beae-053bdf2aaeb4 f90aa227d99f40cfb45fea7a2819e03a 84f9aff1e063448b9d37266d263e6329 - - default default] 10.0.0.120 "PUT /v2.0/ports/8ff53215-8be3-4707-b8b9-63236ecd8180 HTTP/1.1" status: 200 len: 946 time: 0.3387704 /var/lib/openstack/lib/python3.12/site-packages/pycadf/identifier.py:71: UserWarning: Invalid uuid: neutron. To ensure interoperability, identifiers should be a valid uuid. warnings.warn(('Invalid uuid: %s. To ensure interoperability, '
2026-05-12 12:42:55.315 9 INFO neutron.api.wsgi [None req-d6c3f8aa-7e6d-4787-baa3-c7dacab2f1b5 81032ca9546749779c89b5807960a1a5 32e17c06cc9449c7b6c3253151b5a7ce - - default default] 10.0.0.120 "GET /v2.0/security-groups?tenant_id=3dab1bfe2cd14668821f549653b78900&name=default HTTP/1.1" status: 200 len: 3120 time: 0.4775143
2026-05-12 12:42:55.458 10 INFO neutron.api.wsgi [None req-3bff1afc-7bba-4ad9-8148-7be54ec916a7 6eb25ad4c7f244a7907d3ec3e4783e25 b4ae872f22764cc292015da55f98eba7 - - default default] 10.0.0.120 "DELETE /v2.0/routers/bedf6d25-11de-4a99-a068-db10e0c50e84 HTTP/1.1" status: 204 len: 168 time: 0.9923153
2026-05-12 12:42:55.609 9 INFO neutron.api.wsgi [None req-dc0099d6-313a-435b-b5cc-2b0df46583ac f90aa227d99f40cfb45fea7a2819e03a 84f9aff1e063448b9d37266d263e6329 - - default default] 10.0.0.120 "DELETE /v2.0/ports/8ff53215-8be3-4707-b8b9-63236ecd8180 HTTP/1.1" status: 204 len: 168 time: 0.3186338
2026-05-12 12:42:55.622 10 WARNING neutron.scheduler.dhcp_agent_scheduler [None req-b637c1db-92d1-4597-9862-0c94d7ee7e82 - - - - - -] No more DHCP agents
2026-05-12 12:42:55.624 9 INFO neutron.api.wsgi [None req-5f6b1ccd-a4ea-44cc-b46f-29923c321758 81032ca9546749779c89b5807960a1a5 32e17c06cc9449c7b6c3253151b5a7ce - - default default] 10.0.0.120 "DELETE /v2.0/security-groups/f798c905-9b05-44ae-8656-e02d6c9164a9 HTTP/1.1" status: 204 len: 168 time: 0.3045242
2026-05-12 12:42:55.625 10 WARNING neutron.api.rpc.agentnotifiers.dhcp_rpc_agent_api [None req-b637c1db-92d1-4597-9862-0c94d7ee7e82 - - - - - -] Unable to schedule network 1d86bbfc-d92f-488a-9280-3ad3658a768f: no agents available; will retry on subsequent port and subnet creation events.
2026-05-12 12:42:55.703 10 INFO neutron.api.wsgi [None req-bb42959e-424b-4fbe-8ce6-3810a3aef6a0 f90aa227d99f40cfb45fea7a2819e03a 84f9aff1e063448b9d37266d263e6329 - - default default] 10.0.0.120 "GET /v2.0/ports HTTP/1.1" status: 200 len: 1732 time: 0.0873780
2026-05-12 12:42:55.729 9 INFO neutron.pecan_wsgi.hooks.translation [None req-b8bdb2d8-6200-4481-9f82-86a64b38bae0 f90aa227d99f40cfb45fea7a2819e03a 84f9aff1e063448b9d37266d263e6329 - - default default] GET failed (client error): The resource could not be found.
2026-05-12 12:42:55.733 9 INFO neutron.api.wsgi [None req-b8bdb2d8-6200-4481-9f82-86a64b38bae0 f90aa227d99f40cfb45fea7a2819e03a 84f9aff1e063448b9d37266d263e6329 - - default default] 10.0.0.120 "GET /v2.0/ports/8ff53215-8be3-4707-b8b9-63236ecd8180 HTTP/1.1" status: 404 len: 333 time: 0.0252335
2026-05-12 12:42:55.811 9 INFO neutron.api.wsgi [None req-b7ce0b42-eb60-43ac-8fd3-fb3d0dc6695b f90aa227d99f40cfb45fea7a2819e03a 84f9aff1e063448b9d37266d263e6329 - - default default] 10.0.0.120 "GET /v2.0/ports HTTP/1.1" status: 200 len: 1732 time: 0.0704639
2026-05-12 12:42:55.844 10 INFO neutron.db.ovn_revision_numbers_db [None req-b637c1db-92d1-4597-9862-0c94d7ee7e82 - - - - - -] Successfully bumped revision number for resource 3400f037-babc-4dd0-b436-4484934046f1 (type: ports) to 1
2026-05-12 12:42:55.849 9 INFO neutron.api.wsgi [None req-8cc20612-0d46-4ed2-88ba-1376be8bbbba f90aa227d99f40cfb45fea7a2819e03a 84f9aff1e063448b9d37266d263e6329 - - default default] 10.0.0.120 "GET /v2.0/ports/81aad78c-8c45-4415-a512-75b3dfc9e842 HTTP/1.1" status: 200 len: 972 time: 0.0314176
2026-05-12 12:42:55.880 9 INFO neutron.pecan_wsgi.hooks.translation [None req-30094401-dabb-409b-af26-f263759b8eb8 f90aa227d99f40cfb45fea7a2819e03a 84f9aff1e063448b9d37266d263e6329 - - default default] DELETE failed (client error): The resource could not be found.
2026-05-12 12:42:55.883 9 INFO neutron.api.wsgi [None req-30094401-dabb-409b-af26-f263759b8eb8 f90aa227d99f40cfb45fea7a2819e03a 84f9aff1e063448b9d37266d263e6329 - - default default] 10.0.0.120 "DELETE /v2.0/ports/0f073633-f5c1-45c6-90ec-3c7689513ca2 HTTP/1.1" status: 404 len: 333 time: 0.0182781
2026-05-12 12:42:55.889 10 INFO neutron.db.ovn_revision_numbers_db [None req-a56a049f-74ca-40ad-aec5-437bd3985cb3 81032ca9546749779c89b5807960a1a5 32e17c06cc9449c7b6c3253151b5a7ce - - default default] Successfully bumped revision number for resource b6f5ab67-47cd-4932-ab98-e0a961a48198 (type: security_groups) to 1
2026-05-12 12:42:55.906 9 INFO neutron.pecan_wsgi.hooks.translation [None req-fd95b68d-e673-401f-af36-bceee8ee9b5d f90aa227d99f40cfb45fea7a2819e03a 84f9aff1e063448b9d37266d263e6329 - - default default] DELETE failed (client error): The resource could not be found.
2026-05-12 12:42:55.908 9 INFO neutron.api.wsgi [None req-fd95b68d-e673-401f-af36-bceee8ee9b5d f90aa227d99f40cfb45fea7a2819e03a 84f9aff1e063448b9d37266d263e6329 - - default default] 10.0.0.120 "DELETE /v2.0/subnets/d5e37007-8f14-470a-a7e0-ceea401bb0f5 HTTP/1.1" status: 404 len: 337 time: 0.0178678
2026-05-12 12:42:55.920 10 INFO neutron.db.ovn_revision_numbers_db [None req-a56a049f-74ca-40ad-aec5-437bd3985cb3 81032ca9546749779c89b5807960a1a5 32e17c06cc9449c7b6c3253151b5a7ce - - default default] Successfully bumped revision number for resource 214c5012-bd6f-4269-a39b-703a2b59150b (type: security_group_rules) to 0
2026-05-12 12:42:55.927 9 INFO neutron.pecan_wsgi.hooks.translation [None req-e5c1854d-842d-4623-82bd-e3a09c06e435 f90aa227d99f40cfb45fea7a2819e03a 84f9aff1e063448b9d37266d263e6329 - - default default] DELETE failed (client error): The resource could not be found.
2026-05-12 12:42:55.930 9 INFO neutron.api.wsgi [None req-e5c1854d-842d-4623-82bd-e3a09c06e435 f90aa227d99f40cfb45fea7a2819e03a 84f9aff1e063448b9d37266d263e6329 - - default default] 10.0.0.120 "DELETE /v2.0/subnets/f1361e8c-55e5-4785-884d-1c046c846713 HTTP/1.1" status: 404 len: 337 time: 0.0179837
2026-05-12 12:42:55.975 10 INFO neutron.db.ovn_revision_numbers_db [None req-a56a049f-74ca-40ad-aec5-437bd3985cb3 81032ca9546749779c89b5807960a1a5 32e17c06cc9449c7b6c3253151b5a7ce - - default default] Successfully bumped revision number for resource 6fb44dc4-9cee-40f5-80f9-81cca738c80a (type: security_group_rules) to 0
2026-05-12 12:42:55.989 10 INFO neutron.services.segments.plugin [-] Segment 6ddeac92-a957-446a-9f6a-f90f5b63120f resource provider aggregate not found
2026-05-12 12:42:55.992 10 INFO neutron.services.segments.plugin [-] Segment 6ddeac92-a957-446a-9f6a-f90f5b63120f resource provider aggregate not found
2026-05-12 12:42:56.014 10 INFO neutron.services.segments.plugin [-] Segment 6ddeac92-a957-446a-9f6a-f90f5b63120f resource provider not found; error: Placement Client Error (4xx): {"errors": [{"status": 404, "title": "Not Found", "detail": "The resource could not be found.\n\n No resource provider with uuid 6ddeac92-a957-446a-9f6a-f90f5b63120f found for delete ", "request_id": "req-e5394600-7778-4a2f-9501-3698ee063378"}]}
2026-05-12 12:42:56.016 10 INFO neutron.db.ovn_revision_numbers_db [None req-a56a049f-74ca-40ad-aec5-437bd3985cb3 81032ca9546749779c89b5807960a1a5 32e17c06cc9449c7b6c3253151b5a7ce - - default default] Successfully bumped revision number for resource 9b5d6f0c-8e13-42a2-b985-4ced6e645147 (type: security_group_rules) to 0
2026-05-12 12:42:56.026 10 INFO neutron.services.segments.plugin [-] Segment 6ddeac92-a957-446a-9f6a-f90f5b63120f resource provider not found; error: Placement Client Error (4xx): {"errors": [{"status": 404, "title": "Not Found", "detail": "The resource could not be found.\n\n No resource provider with uuid 6ddeac92-a957-446a-9f6a-f90f5b63120f found for delete ", "request_id": "req-4b0f6580-9686-4dbe-b047-6ee8fd418e60"}]}
2026-05-12 12:42:56.051 10 INFO neutron.db.ovn_revision_numbers_db [None req-a56a049f-74ca-40ad-aec5-437bd3985cb3 81032ca9546749779c89b5807960a1a5 32e17c06cc9449c7b6c3253151b5a7ce - - default default] Successfully bumped revision number for resource cb20333d-5eb9-497f-9fc4-c8822dd981ca (type: security_group_rules) to 0
2026-05-12 12:42:56.099 10 INFO neutron.api.wsgi [None req-18c1d25d-4582-41b6-859c-610c76d23906 6eb25ad4c7f244a7907d3ec3e4783e25 b4ae872f22764cc292015da55f98eba7 - - default default] 10.0.0.120 "DELETE /v2.0/networks/6efde27c-1846-439c-8c6e-0af968dbd0e9 HTTP/1.1" status: 204 len: 168 time: 0.6353941
2026-05-12 12:42:56.140 10 INFO neutron.api.wsgi [None req-a56a049f-74ca-40ad-aec5-437bd3985cb3 81032ca9546749779c89b5807960a1a5 32e17c06cc9449c7b6c3253151b5a7ce - - default default] 10.0.0.120 "GET /v2.0/security-groups?tenant_id=044bb94fbc5f45d2a2e8e79cef4e87bb&name=default HTTP/1.1" status: 200 len: 3120 time: 0.4083121
2026-05-12 12:42:56.405 9 INFO neutron.api.wsgi [None req-31f6cc11-8bb6-4076-9031-d1036ace9652 81032ca9546749779c89b5807960a1a5 32e17c06cc9449c7b6c3253151b5a7ce - - default default] 10.0.0.120 "DELETE /v2.0/security-groups/b6f5ab67-47cd-4932-ab98-e0a961a48198 HTTP/1.1" status: 204 len: 168 time: 0.2596467
2026-05-12 12:42:56.582 10 WARNING neutron.plugins.ml2.drivers.ovn.mech_driver.ovsdb.ovn_client [None req-6cb184d5-e0d9-4909-bd35-fbb51cfc6ec9 - - - - - -] No hosting information found for port ed773630-98f4-4c26-a0ec-75d0b9d9dc05: RuntimeError: No hosting information found for port ed773630-98f4-4c26-a0ec-75d0b9d9dc05
2026-05-12 12:42:56.583 10 INFO neutron.plugins.ml2.drivers.ovn.mech_driver.mech_driver [None req-6cb184d5-e0d9-4909-bd35-fbb51cfc6ec9 - - - - - -] OVN reports status down for port: 0d979958-bedc-4204-acb7-7210a6bbb384
2026-05-12 12:42:56.596 10 INFO neutron.plugins.ml2.drivers.ovn.mech_driver.mech_driver [None req-6cb184d5-e0d9-4909-bd35-fbb51cfc6ec9 - - - - - -] OVN reports status up for port: a3512c21-f04a-44c2-ae27-090e58345a31
2026-05-12 12:42:56.620 10 INFO neutron.plugins.ml2.plugin [None req-6cb184d5-e0d9-4909-bd35-fbb51cfc6ec9 - - - - - -] Attempt 1 to provision port a3512c21-f04a-44c2-ae27-090e58345a31
2026-05-12 12:42:56.703 10 INFO neutron.db.ovn_revision_numbers_db [None req-b637c1db-92d1-4597-9862-0c94d7ee7e82 - - - - - -] Successfully bumped revision number for resource 3400f037-babc-4dd0-b436-4484934046f1 (type: ports) to 3
2026-05-12 12:42:56.770 10 INFO neutron.api.wsgi [None req-64b221bc-f7aa-46c6-b017-34eeb520f139 f90aa227d99f40cfb45fea7a2819e03a 84f9aff1e063448b9d37266d263e6329 - - default default] 10.0.0.120 "DELETE /v2.0/ports/81aad78c-8c45-4415-a512-75b3dfc9e842 HTTP/1.1" status: 204 len: 168 time: 0.8324876
2026-05-12 12:42:57.002 10 INFO neutron.api.wsgi [None req-cc9fe55a-b072-4852-9ecd-5545324af763 d79115e2248a491e982a7cdf695407cb 93072d0283c540ef91e5e58edefb688d - - default default] 10.0.0.120 "POST /v2.0/vpn/vpnservices HTTP/1.1" status: 201 len: 657 time: 7.3146586
2026-05-12 12:42:57.025 10 INFO neutron.api.wsgi [None req-2cccb980-f59e-4747-935f-03793db7c7bb 25511a4ecd4c4e229a3e86ce57a9de12 84dea411d49b44709a20269e4929d0d8 - - default default] 10.0.0.120 "GET /v2.0/vpn/vpnservices HTTP/1.1" status: 200 len: 1509 time: 0.0112617
2026-05-12 12:42:57.025 10 INFO neutron.db.ovn_revision_numbers_db [None req-6cb184d5-e0d9-4909-bd35-fbb51cfc6ec9 - - - - - -] Successfully bumped revision number for resource a3512c21-f04a-44c2-ae27-090e58345a31 (type: ports) to 4
2026-05-12 12:42:57.106 9 INFO neutron.api.wsgi [None req-bc592899-fff8-48e5-9129-3f90bdd6e61c 81032ca9546749779c89b5807960a1a5 32e17c06cc9449c7b6c3253151b5a7ce - - default default] 10.0.0.120 "GET /v2.0/security-groups?tenant_id=b4ae872f22764cc292015da55f98eba7&name=default HTTP/1.1" status: 200 len: 3120 time: 0.2092640
2026-05-12 12:42:57.194 10 INFO neutron.plugins.ml2.drivers.ovn.mech_driver.mech_driver [None req-2f93501b-845d-44fb-b739-bda52933a08a - - - - - -] OVN reports status up for port: 4ddedaf6-d207-4724-8690-da911c19bf57
2026-05-12 12:42:57.214 10 INFO neutron.plugins.ml2.plugin [None req-2f93501b-845d-44fb-b739-bda52933a08a - - - - - -] Attempt 1 to provision port 4ddedaf6-d207-4724-8690-da911c19bf57
2026-05-12 12:42:57.249 9 INFO neutron.services.segments.plugin [-] Segment e951635a-9e6d-4cf7-89e1-0269c6689c72 resource provider aggregate not found
2026-05-12 12:42:57.253 9 INFO neutron.services.segments.plugin [-] Segment e951635a-9e6d-4cf7-89e1-0269c6689c72 resource provider aggregate not found
2026-05-12 12:42:57.270 9 INFO neutron.services.segments.plugin [-] Segment e951635a-9e6d-4cf7-89e1-0269c6689c72 resource provider not found; error: Placement Client Error (4xx): {"errors": [{"status": 404, "title": "Not Found", "detail": "The resource could not be found.\n\n No resource provider with uuid e951635a-9e6d-4cf7-89e1-0269c6689c72 found for delete ", "request_id": "req-747f452a-572a-49ef-9e72-8f5241ff21f0"}]}
2026-05-12 12:42:57.271 9 INFO neutron.services.segments.plugin [-] Segment e951635a-9e6d-4cf7-89e1-0269c6689c72 resource provider not found; error: Placement Client Error (4xx): {"errors": [{"status": 404, "title": "Not Found", "detail": "The resource could not be found.\n\n No resource provider with uuid e951635a-9e6d-4cf7-89e1-0269c6689c72 found for delete ", "request_id": "req-34b168f0-e3c6-4bce-8fd0-57ed2e0cbe62"}]}
2026-05-12 12:42:57.297 9 INFO neutron.api.wsgi [None req-558a119c-16c3-4a0d-9d32-2df290bbd545 f90aa227d99f40cfb45fea7a2819e03a 84f9aff1e063448b9d37266d263e6329 - - default default] 10.0.0.120 "DELETE /v2.0/networks/c7b5c7dd-1488-4d3b-81e9-b24dc541dd71 HTTP/1.1" status: 204 len: 168 time: 0.5190921
2026-05-12 12:42:57.431 9 INFO neutron.api.wsgi [None req-7e5178e0-04dc-4918-9460-55d4277c34cd 81032ca9546749779c89b5807960a1a5 32e17c06cc9449c7b6c3253151b5a7ce - - default default] 10.0.0.120 "DELETE /v2.0/security-groups/1d311aa0-db91-4934-bfaa-5d330e77c503 HTTP/1.1" status: 204 len: 168 time: 0.3166554
2026-05-12 12:42:57.778 9 INFO neutron.db.ovn_revision_numbers_db [None req-4c5fe913-5cd4-40f6-8606-20dde333c817 81032ca9546749779c89b5807960a1a5 32e17c06cc9449c7b6c3253151b5a7ce - - default default] Successfully bumped revision number for resource 652e229b-37a0-43b9-9400-f6a6c7f04530 (type: security_groups) to 1
2026-05-12 12:42:57.788 10 INFO neutron.db.ovn_revision_numbers_db [None req-2f93501b-845d-44fb-b739-bda52933a08a - - - - - -] Successfully bumped revision number for resource 4ddedaf6-d207-4724-8690-da911c19bf57 (type: ports) to 2
2026-05-12 12:42:57.793 9 INFO neutron.db.ovn_revision_numbers_db [None req-4c5fe913-5cd4-40f6-8606-20dde333c817 81032ca9546749779c89b5807960a1a5 32e17c06cc9449c7b6c3253151b5a7ce - - default default] Successfully bumped revision number for resource 465ae999-3d9c-4c0f-841b-7e533b0d04f0 (type: security_group_rules) to 0
2026-05-12 12:42:57.807 9 INFO neutron.db.ovn_revision_numbers_db [None req-4c5fe913-5cd4-40f6-8606-20dde333c817 81032ca9546749779c89b5807960a1a5 32e17c06cc9449c7b6c3253151b5a7ce - - default default] Successfully bumped revision number for resource 4a81c3fb-e10c-48b3-859c-429face81b44 (type: security_group_rules) to 0
2026-05-12 12:42:57.827 9 INFO neutron.db.ovn_revision_numbers_db [None req-4c5fe913-5cd4-40f6-8606-20dde333c817 81032ca9546749779c89b5807960a1a5 32e17c06cc9449c7b6c3253151b5a7ce - - default default] Successfully bumped revision number for resource 7f20f586-e8f5-4460-9521-bd902447e21d (type: security_group_rules) to 0
2026-05-12 12:42:57.848 9 INFO neutron.db.ovn_revision_numbers_db [None req-4c5fe913-5cd4-40f6-8606-20dde333c817 81032ca9546749779c89b5807960a1a5 32e17c06cc9449c7b6c3253151b5a7ce - - default default] Successfully bumped revision number for resource b60184b9-1e13-4a4b-973f-772271d1f707 (type: security_group_rules) to 0
2026-05-12 12:42:57.887 9 INFO neutron.api.wsgi [None req-4c5fe913-5cd4-40f6-8606-20dde333c817 81032ca9546749779c89b5807960a1a5 32e17c06cc9449c7b6c3253151b5a7ce - - default default] 10.0.0.120 "GET /v2.0/security-groups?tenant_id=f7f606d1ae7648e6ab9c674dc3466d4a&name=default HTTP/1.1" status: 200 len: 3120 time: 0.2448714
2026-05-12 12:42:58.032 9 INFO neutron.api.wsgi [None req-e8b0a26a-c076-4240-8b35-770274aa1a2f 81032ca9546749779c89b5807960a1a5 32e17c06cc9449c7b6c3253151b5a7ce - - default default] 10.0.0.120 "GET /v2.0/security-groups?tenant_id=84f9aff1e063448b9d37266d263e6329&name=default HTTP/1.1" status: 200 len: 3120 time: 0.1926987
2026-05-12 12:42:58.224 9 INFO neutron.api.wsgi [None req-d496fa1c-260a-49d1-9d3e-6e2ef76be6d4 81032ca9546749779c89b5807960a1a5 32e17c06cc9449c7b6c3253151b5a7ce - - default default] 10.0.0.120 "DELETE /v2.0/security-groups/652e229b-37a0-43b9-9400-f6a6c7f04530 HTTP/1.1" status: 204 len: 168 time: 0.3322093
2026-05-12 12:42:58.345 9 INFO neutron.api.wsgi [None req-54f4ab3d-3f8a-4f9c-ba89-315b5dd0f3ad 81032ca9546749779c89b5807960a1a5 32e17c06cc9449c7b6c3253151b5a7ce - - default default] 10.0.0.120 "DELETE /v2.0/security-groups/cfc14fb9-1d7d-4238-8a23-8338f2446818 HTTP/1.1" status: 204 len: 168 time: 0.3080676 /var/lib/openstack/lib/python3.12/site-packages/pycadf/identifier.py:71: UserWarning: Invalid uuid: neutron. To ensure interoperability, identifiers should be a valid uuid. warnings.warn(('Invalid uuid: %s. To ensure interoperability, '
