2026-05-12 12:39:08.342 9 WARNING neutron.api.rpc.agentnotifiers.dhcp_rpc_agent_api [None req-b8a4fd10-a6d1-4890-884f-ec66a58c461c 81032ca9546749779c89b5807960a1a5 32e17c06cc9449c7b6c3253151b5a7ce - - default default] Unable to schedule network a2ee3ea1-2eff-41f5-a704-599019462ade: no agents available; will retry on subsequent port and subnet creation events.
2026-05-12 12:39:08.345 10 INFO neutron.db.segments_db [None req-d085e2bb-97db-418a-b0da-aa6311629c2f 81032ca9546749779c89b5807960a1a5 32e17c06cc9449c7b6c3253151b5a7ce - - default default] Added segment f7a69ec5-4145-47d2-b91b-e3eed64f85aa of type geneve for network c1268816-99ae-49c4-b1a7-921674771739
2026-05-12 12:39:08.387 10 WARNING neutron.scheduler.dhcp_agent_scheduler [None req-a598c340-5ab3-480b-8b0b-f670a964338b da20427d69d0468d9e60991816335dc1 a7c9529ebcdd4793b578e5f56e9b1f7c - - default default] No more DHCP agents
2026-05-12 12:39:08.391 10 WARNING neutron.api.rpc.agentnotifiers.dhcp_rpc_agent_api [None req-a598c340-5ab3-480b-8b0b-f670a964338b da20427d69d0468d9e60991816335dc1 a7c9529ebcdd4793b578e5f56e9b1f7c - - default default] Unable to schedule network 78d709e7-0eb9-4167-b16d-4c26c292cde3: no agents available; will retry on subsequent port and subnet creation events.
2026-05-12 12:39:08.425 10 INFO neutron.db.ovn_revision_numbers_db [None req-a598c340-5ab3-480b-8b0b-f670a964338b da20427d69d0468d9e60991816335dc1 a7c9529ebcdd4793b578e5f56e9b1f7c - - default default] Successfully bumped revision number for resource 501c1283-c980-47c3-9dc3-25e8f7ac60b4 (type: subnets) to 0
2026-05-12 12:39:08.461 10 WARNING neutron.scheduler.dhcp_agent_scheduler [None req-a598c340-5ab3-480b-8b0b-f670a964338b da20427d69d0468d9e60991816335dc1 a7c9529ebcdd4793b578e5f56e9b1f7c - - default default] No more DHCP agents
2026-05-12 12:39:08.462 10 WARNING neutron.api.rpc.agentnotifiers.dhcp_rpc_agent_api [None req-a598c340-5ab3-480b-8b0b-f670a964338b da20427d69d0468d9e60991816335dc1 a7c9529ebcdd4793b578e5f56e9b1f7c - - default default] Unable to schedule network 57a5a06e-13c9-452f-bce0-0ebe78aeadfe: no agents available; will retry on subsequent port and subnet creation events.
2026-05-12 12:39:08.464 10 INFO neutron.db.ovn_revision_numbers_db [None req-d085e2bb-97db-418a-b0da-aa6311629c2f 81032ca9546749779c89b5807960a1a5 32e17c06cc9449c7b6c3253151b5a7ce - - default default] Successfully bumped revision number for resource c1268816-99ae-49c4-b1a7-921674771739 (type: networks) to 1
2026-05-12 12:39:08.493 10 INFO neutron.db.ovn_revision_numbers_db [None req-a598c340-5ab3-480b-8b0b-f670a964338b da20427d69d0468d9e60991816335dc1 a7c9529ebcdd4793b578e5f56e9b1f7c - - default default] Successfully bumped revision number for resource 5c77f604-1084-42f2-a94d-8e73eb92f500 (type: subnets) to 0
2026-05-12 12:39:08.510 10 INFO neutron.api.wsgi [None req-a598c340-5ab3-480b-8b0b-f670a964338b da20427d69d0468d9e60991816335dc1 a7c9529ebcdd4793b578e5f56e9b1f7c - - default default] 10.0.0.120 "POST /v2.0/subnets HTTP/1.1" status: 201 len: 1524 time: 0.5083694
2026-05-12 12:39:08.553 9 INFO neutron.api.wsgi [None req-fc129d0c-62c1-4a50-a2d2-df985e1da0af da20427d69d0468d9e60991816335dc1 a7c9529ebcdd4793b578e5f56e9b1f7c - - default default] 10.0.0.120 "GET /v2.0/subnets HTTP/1.1" status: 200 len: 2155 time: 0.0378346
2026-05-12 12:39:08.630 10 WARNING neutron.scheduler.dhcp_agent_scheduler [None req-d085e2bb-97db-418a-b0da-aa6311629c2f 81032ca9546749779c89b5807960a1a5 32e17c06cc9449c7b6c3253151b5a7ce - - default default] No more DHCP agents
2026-05-12 12:39:08.631 10 WARNING neutron.api.rpc.agentnotifiers.dhcp_rpc_agent_api [None req-d085e2bb-97db-418a-b0da-aa6311629c2f 81032ca9546749779c89b5807960a1a5 32e17c06cc9449c7b6c3253151b5a7ce - - default default] Unable to schedule network c1268816-99ae-49c4-b1a7-921674771739: no agents available; will retry on subsequent port and subnet creation events.
2026-05-12 12:39:08.704 10 INFO neutron.db.ovn_revision_numbers_db [None req-d085e2bb-97db-418a-b0da-aa6311629c2f 81032ca9546749779c89b5807960a1a5 32e17c06cc9449c7b6c3253151b5a7ce - - default default] Successfully bumped revision number for resource 98bc49b8-5278-464a-a1ad-a56453c1eb16 (type: ports) to 1
2026-05-12 12:39:08.712 9 INFO neutron.api.wsgi [None req-6c5b5cc3-6266-4cb7-bf91-4e0913360755 da20427d69d0468d9e60991816335dc1 a7c9529ebcdd4793b578e5f56e9b1f7c - - default default] 10.0.0.120 "DELETE /v2.0/subnets/501c1283-c980-47c3-9dc3-25e8f7ac60b4 HTTP/1.1" status: 204 len: 168 time: 0.1481309
2026-05-12 12:39:08.739 10 INFO neutron.api.wsgi [None req-d085e2bb-97db-418a-b0da-aa6311629c2f 81032ca9546749779c89b5807960a1a5 32e17c06cc9449c7b6c3253151b5a7ce - - default default] 10.0.0.120 "POST /v2.0/networks HTTP/1.1" status: 201 len: 939 time: 0.9210808
2026-05-12 12:39:08.848 9 INFO neutron.db.ovn_revision_numbers_db [None req-92495c34-1f87-4489-bfb0-98d277216359 - - - - - -] Successfully bumped revision number for resource 7417e592-3b9a-4dd3-bb1f-6934e50bd9b1 (type: ports) to 2
2026-05-12 12:39:08.873 10 INFO neutron.api.wsgi [None req-c3488829-3d6b-49bf-99b7-9a5480965c18 da20427d69d0468d9e60991816335dc1 a7c9529ebcdd4793b578e5f56e9b1f7c - - default default] 10.0.0.120 "DELETE /v2.0/subnets/5c77f604-1084-42f2-a94d-8e73eb92f500 HTTP/1.1" status: 204 len: 168 time: 0.1530480
2026-05-12 12:39:08.883 9 INFO neutron.db.ovn_revision_numbers_db [None req-92495c34-1f87-4489-bfb0-98d277216359 - - - - - -] Successfully bumped revision number for resource 5854b3c0-afaa-4be5-9008-ea51c91f3944 (type: subnets) to 0
2026-05-12 12:39:08.901 9 INFO neutron.api.wsgi [None req-b8a4fd10-a6d1-4890-884f-ec66a58c461c 81032ca9546749779c89b5807960a1a5 32e17c06cc9449c7b6c3253151b5a7ce - - default default] 10.0.0.120 "POST /v2.0/subnets HTTP/1.1" status: 201 len: 894 time: 0.7060871
2026-05-12 12:39:08.919 9 WARNING neutron.scheduler.dhcp_agent_scheduler [None req-dd201ab7-dd26-4299-a7b9-f044fafe9322 81032ca9546749779c89b5807960a1a5 32e17c06cc9449c7b6c3253151b5a7ce - - default default] No more DHCP agents
2026-05-12 12:39:08.922 9 WARNING neutron.api.rpc.agentnotifiers.dhcp_rpc_agent_api [None req-dd201ab7-dd26-4299-a7b9-f044fafe9322 81032ca9546749779c89b5807960a1a5 32e17c06cc9449c7b6c3253151b5a7ce - - default default] Unable to schedule network c1268816-99ae-49c4-b1a7-921674771739: no agents available; will retry on subsequent port and subnet creation events.
2026-05-12 12:39:09.084 10 INFO neutron.api.wsgi [req-87539dff-fdab-4cc4-997a-fc0e5a5690f8 req-b12686ea-8664-4136-af50-7af89f53afbb da00f3621d7345f4bb9f06a1f323269b e967b5b50dad41d1a32c56051a7f6779 - - default default] 10.0.0.244 "GET /v2.0/ports?device_id=8855dca3-a8ec-4ce7-b744-504fb0a6a567 HTTP/1.1" status: 200 len: 210 time: 0.1819513
2026-05-12 12:39:09.089 10 INFO neutron.api.wsgi [None req-5ee3e0ce-71e9-4fe0-92fa-ef6c2548751f da20427d69d0468d9e60991816335dc1 a7c9529ebcdd4793b578e5f56e9b1f7c - - default default] 10.0.0.120 "GET /v2.0/subnets HTTP/1.1" status: 200 len: 843 time: 0.2094409
2026-05-12 12:39:09.405 9 WARNING neutron.scheduler.dhcp_agent_scheduler [None req-9acf6675-2261-43e6-a365-fcba44345e4b 81032ca9546749779c89b5807960a1a5 32e17c06cc9449c7b6c3253151b5a7ce - - default default] No more DHCP agents
2026-05-12 12:39:09.408 9 WARNING neutron.api.rpc.agentnotifiers.dhcp_rpc_agent_api [None req-9acf6675-2261-43e6-a365-fcba44345e4b 81032ca9546749779c89b5807960a1a5 32e17c06cc9449c7b6c3253151b5a7ce - - default default] Unable to schedule network 21c26207-72a1-4f08-9de0-efc892f7f37c: no agents available; will retry on subsequent port and subnet creation events.
2026-05-12 12:39:09.417 10 INFO neutron.services.segments.plugin [-] Segment 8b03e8e3-8a37-4024-9e1d-1b58fdc400a7 resource provider aggregate not found
2026-05-12 12:39:09.422 10 INFO neutron.services.segments.plugin [-] Segment 8b03e8e3-8a37-4024-9e1d-1b58fdc400a7 resource provider aggregate not found
2026-05-12 12:39:09.439 10 INFO neutron.services.segments.plugin [-] Segment 8b03e8e3-8a37-4024-9e1d-1b58fdc400a7 resource provider not found; error: Placement Client Error (4xx): {"errors": [{"status": 404, "title": "Not Found", "detail": "The resource could not be found.\n\n No resource provider with uuid 8b03e8e3-8a37-4024-9e1d-1b58fdc400a7 found for delete ", "request_id": "req-bb11558d-a6c4-4103-be6e-24cfdf4e844c"}]}
2026-05-12 12:39:09.440 10 INFO neutron.services.segments.plugin [-] Segment 8b03e8e3-8a37-4024-9e1d-1b58fdc400a7 resource provider not found; error: Placement Client Error (4xx): {"errors": [{"status": 404, "title": "Not Found", "detail": "The resource could not be found.\n\n No resource provider with uuid 8b03e8e3-8a37-4024-9e1d-1b58fdc400a7 found for delete ", "request_id": "req-91e26e7e-b614-4bc7-a2fb-330b55494d8a"}]}
2026-05-12 12:39:09.456 10 INFO neutron.api.wsgi [None req-41cb17b0-468b-4a21-8d10-ec94430d51ca da20427d69d0468d9e60991816335dc1 a7c9529ebcdd4793b578e5f56e9b1f7c - - default default] 10.0.0.120 "DELETE /v2.0/networks/57a5a06e-13c9-452f-bce0-0ebe78aeadfe HTTP/1.1" status: 204 len: 168 time: 0.3581789
2026-05-12 12:39:09.505 9 INFO neutron.db.ovn_revision_numbers_db [None req-a0de9d9b-1dae-4150-9705-2504b7e2c306 - - - - - -] Successfully bumped revision number for resource 98bc49b8-5278-464a-a1ad-a56453c1eb16 (type: ports) to 2
2026-05-12 12:39:09.535 9 INFO neutron.db.ovn_revision_numbers_db [None req-9acf6675-2261-43e6-a365-fcba44345e4b 81032ca9546749779c89b5807960a1a5 32e17c06cc9449c7b6c3253151b5a7ce - - default default] Successfully bumped revision number for resource 303a724e-80ea-4693-b252-15d60579e5c2 (type: ports) to 1
2026-05-12 12:39:09.552 9 INFO neutron.db.ovn_revision_numbers_db [None req-a0de9d9b-1dae-4150-9705-2504b7e2c306 - - - - - -] Successfully bumped revision number for resource e9c3c4bc-4afe-4527-a1b9-696b11568f42 (type: subnets) to 0
2026-05-12 12:39:09.578 9 INFO neutron.api.wsgi [None req-dd201ab7-dd26-4299-a7b9-f044fafe9322 81032ca9546749779c89b5807960a1a5 32e17c06cc9449c7b6c3253151b5a7ce - - default default] 10.0.0.120 "POST /v2.0/subnets HTTP/1.1" status: 201 len: 883 time: 0.8322675
2026-05-12 12:39:09.788 10 INFO neutron.api.wsgi [None req-d5a5e292-e8f4-49d0-90e4-5b804fd196cb da20427d69d0468d9e60991816335dc1 a7c9529ebcdd4793b578e5f56e9b1f7c - - default default] 10.0.0.120 "DELETE /v2.0/networks/78d709e7-0eb9-4167-b16d-4c26c292cde3 HTTP/1.1" status: 204 len: 168 time: 0.3271847
2026-05-12 12:39:10.114 10 INFO neutron.api.wsgi [None req-c543d8bb-a114-47fb-9653-12bcf22bbfea da20427d69d0468d9e60991816335dc1 a7c9529ebcdd4793b578e5f56e9b1f7c - - default default] 10.0.0.120 "DELETE /v2.0/networks/fa2e6aa6-88a3-4791-8dc0-3aa2df0568fe HTTP/1.1" status: 204 len: 168 time: 0.3198388
2026-05-12 12:39:10.256 10 INFO neutron.api.wsgi [req-41ed1154-1481-4724-b71d-796350199344 req-fc51e09e-5101-41e3-b9c7-defa3a21e11e da00f3621d7345f4bb9f06a1f323269b e967b5b50dad41d1a32c56051a7f6779 - - default default] 10.0.0.244 "GET /v2.0/ports?device_id=8855dca3-a8ec-4ce7-b744-504fb0a6a567 HTTP/1.1" status: 200 len: 210 time: 0.0262015
2026-05-12 12:39:10.277 9 WARNING neutron.scheduler.dhcp_agent_scheduler [None req-d795e182-0725-4194-8676-16bf52ec1f70 81032ca9546749779c89b5807960a1a5 32e17c06cc9449c7b6c3253151b5a7ce - - default default] No more DHCP agents
2026-05-12 12:39:10.285 9 WARNING neutron.api.rpc.agentnotifiers.dhcp_rpc_agent_api [None req-d795e182-0725-4194-8676-16bf52ec1f70 81032ca9546749779c89b5807960a1a5 32e17c06cc9449c7b6c3253151b5a7ce - - default default] Unable to schedule network 21c26207-72a1-4f08-9de0-efc892f7f37c: no agents available; will retry on subsequent port and subnet creation events.
2026-05-12 12:39:10.298 9 WARNING neutron.plugins.ml2.drivers.ovn.mech_driver.ovsdb.ovn_client [None req-2e64d85d-199c-468a-8f34-de289b8fa50b - - - - - -] No hosting information found for port d52c325a-7830-4126-baad-fb0a34dd64b0: RuntimeError: No hosting information found for port d52c325a-7830-4126-baad-fb0a34dd64b0
2026-05-12 12:39:10.451 9 INFO neutron.db.ovn_revision_numbers_db [None req-2e64d85d-199c-468a-8f34-de289b8fa50b - - - - - -] Successfully bumped revision number for resource d52c325a-7830-4126-baad-fb0a34dd64b0 (type: router_ports) to 2
2026-05-12 12:39:10.488 10 INFO neutron.api.wsgi [None req-3ab36fba-ea37-4f78-baec-c18bd53d6741 da20427d69d0468d9e60991816335dc1 a7c9529ebcdd4793b578e5f56e9b1f7c - - default default] 10.0.0.120 "DELETE /v2.0/networks/c74bf756-759b-412e-9e23-0b94c7b9df3b HTTP/1.1" status: 204 len: 168 time: 0.3678105
2026-05-12 12:39:10.523 9 INFO neutron.db.ovn_revision_numbers_db [None req-d795e182-0725-4194-8676-16bf52ec1f70 81032ca9546749779c89b5807960a1a5 32e17c06cc9449c7b6c3253151b5a7ce - - default default] Successfully bumped revision number for resource 250205c7-682d-471d-9d0d-83ea180a6f24 (type: ports) to 1
2026-05-12 12:39:10.586 9 INFO neutron.plugins.ml2.drivers.ovn.mech_driver.ovsdb.commands [None req-7841b856-49df-4fdd-92a5-c1a6bdb24a61 - - - - - -] Schedule LRP lrp-303a724e-80ea-4693-b252-15d60579e5c2 on gateway aa54491d-9319-4127-9ea3-129af324942d with priority 1
2026-05-12 12:39:10.596 9 INFO neutron.plugins.ml2.drivers.ovn.mech_driver.mech_driver [None req-2e64d85d-199c-468a-8f34-de289b8fa50b - - - - - -] OVN reports status up for port: 303a724e-80ea-4693-b252-15d60579e5c2
2026-05-12 12:39:10.619 9 INFO neutron.plugins.ml2.drivers.ovn.mech_driver.ovsdb.ovsdb_monitor [None req-1417181a-e0af-4711-9812-2c1e095f4473 - - - - - -] Router 7fdd05cd-a352-4e4b-83fc-18a3dd1ba06f is bound to host instance
2026-05-12 12:39:10.623 9 INFO neutron.plugins.ml2.plugin [None req-2e64d85d-199c-468a-8f34-de289b8fa50b - - - - - -] Attempt 1 to provision port 303a724e-80ea-4693-b252-15d60579e5c2
2026-05-12 12:39:10.679 9 INFO neutron.db.ovn_revision_numbers_db [None req-9acf6675-2261-43e6-a365-fcba44345e4b 81032ca9546749779c89b5807960a1a5 32e17c06cc9449c7b6c3253151b5a7ce - - default default] Successfully bumped revision number for resource 303a724e-80ea-4693-b252-15d60579e5c2 (type: router_ports) to 1
2026-05-12 12:39:10.830 9 INFO neutron.db.ovn_revision_numbers_db [None req-9acf6675-2261-43e6-a365-fcba44345e4b 81032ca9546749779c89b5807960a1a5 32e17c06cc9449c7b6c3253151b5a7ce - - default default] Successfully bumped revision number for resource 7fdd05cd-a352-4e4b-83fc-18a3dd1ba06f (type: routers) to 2
2026-05-12 12:39:10.855 9 INFO neutron.api.wsgi [None req-9acf6675-2261-43e6-a365-fcba44345e4b 81032ca9546749779c89b5807960a1a5 32e17c06cc9449c7b6c3253151b5a7ce - - default default] 10.0.0.120 "POST /v2.0/routers HTTP/1.1" status: 201 len: 1172 time: 1.9484787
2026-05-12 12:39:11.174 10 INFO neutron.api.wsgi [None req-95b79710-8906-4bf3-bca3-b8d34e456eee 81032ca9546749779c89b5807960a1a5 32e17c06cc9449c7b6c3253151b5a7ce - - default default] 10.0.0.120 "GET /v2.0/security-groups?tenant_id=a7c9529ebcdd4793b578e5f56e9b1f7c&name=default HTTP/1.1" status: 200 len: 3120 time: 0.1569381
2026-05-12 12:39:11.231 9 INFO neutron.db.ovn_revision_numbers_db [None req-b504b442-d94e-4852-853d-aae7c24f74ec - - - - - -] Successfully bumped revision number for resource 303a724e-80ea-4693-b252-15d60579e5c2 (type: ports) to 1
2026-05-12 12:39:11.355 9 INFO neutron.plugins.ml2.drivers.ovn.mech_driver.ovsdb.commands [None req-7841b856-49df-4fdd-92a5-c1a6bdb24a61 - - - - - -] Schedule LRP lrp-250205c7-682d-471d-9d0d-83ea180a6f24 on gateway aa54491d-9319-4127-9ea3-129af324942d with priority 1
2026-05-12 12:39:11.365 10 INFO neutron.plugins.ml2.drivers.ovn.mech_driver.mech_driver [None req-9823f4cc-b4e7-43ec-a6e0-222b9b7c417d - - - - - -] OVN reports status up for port: 250205c7-682d-471d-9d0d-83ea180a6f24
2026-05-12 12:39:11.371 10 INFO neutron.api.wsgi [req-ecc3a8ae-dac0-4716-ba26-b147df556794 req-43ad845d-c6c2-49a1-a4e9-404da5c56484 da00f3621d7345f4bb9f06a1f323269b e967b5b50dad41d1a32c56051a7f6779 - - default default] 10.0.0.244 "GET /v2.0/ports?device_id=8855dca3-a8ec-4ce7-b744-504fb0a6a567 HTTP/1.1" status: 200 len: 210 time: 0.0468073
2026-05-12 12:39:11.388 10 INFO neutron.plugins.ml2.drivers.ovn.mech_driver.ovsdb.ovsdb_monitor [None req-b78c947e-11dc-4bc2-8bb3-a9ef243bef8d - - - - - -] Router 920334ac-6c81-4960-befd-cd94c9a127fa is bound to host instance
2026-05-12 12:39:11.411 10 INFO neutron.plugins.ml2.plugin [None req-9823f4cc-b4e7-43ec-a6e0-222b9b7c417d - - - - - -] Attempt 1 to provision port 250205c7-682d-471d-9d0d-83ea180a6f24
2026-05-12 12:39:11.425 9 INFO neutron.db.ovn_revision_numbers_db [None req-d795e182-0725-4194-8676-16bf52ec1f70 81032ca9546749779c89b5807960a1a5 32e17c06cc9449c7b6c3253151b5a7ce - - default default] Successfully bumped revision number for resource 250205c7-682d-471d-9d0d-83ea180a6f24 (type: router_ports) to 1
2026-05-12 12:39:11.431 10 WARNING neutron.scheduler.dhcp_agent_scheduler [None req-c5f14758-9dac-4eb8-b501-08f78fc8a513 81032ca9546749779c89b5807960a1a5 32e17c06cc9449c7b6c3253151b5a7ce - - default default] No more DHCP agents
2026-05-12 12:39:11.435 10 WARNING neutron.api.rpc.agentnotifiers.dhcp_rpc_agent_api [None req-c5f14758-9dac-4eb8-b501-08f78fc8a513 81032ca9546749779c89b5807960a1a5 32e17c06cc9449c7b6c3253151b5a7ce - - default default] Unable to schedule network a2ee3ea1-2eff-41f5-a704-599019462ade: no agents available; will retry on subsequent port and subnet creation events.
2026-05-12 12:39:11.461 10 INFO neutron.services.segments.plugin [-] Segment 08c6694f-a986-4a65-95d3-aa7f4042b84a resource provider aggregate not found
2026-05-12 12:39:11.471 10 INFO neutron.services.segments.plugin [-] Segment 08c6694f-a986-4a65-95d3-aa7f4042b84a resource provider aggregate not found
2026-05-12 12:39:11.480 10 INFO neutron.services.segments.plugin [-] Segment 08c6694f-a986-4a65-95d3-aa7f4042b84a resource provider not found; error: Placement Client Error (4xx): {"errors": [{"status": 404, "title": "Not Found", "detail": "The resource could not be found.\n\n No resource provider with uuid 08c6694f-a986-4a65-95d3-aa7f4042b84a found for delete ", "request_id": "req-d74ac2cd-0789-4ac3-b0f5-430356822ccc"}]}
2026-05-12 12:39:11.490 10 INFO neutron.services.segments.plugin [-] Segment 08c6694f-a986-4a65-95d3-aa7f4042b84a resource provider not found; error: Placement Client Error (4xx): {"errors": [{"status": 404, "title": "Not Found", "detail": "The resource could not be found.\n\n No resource provider with uuid 08c6694f-a986-4a65-95d3-aa7f4042b84a found for delete ", "request_id": "req-8beb85ab-8738-4b40-a5ee-3ef6ee0cc355"}]}
2026-05-12 12:39:11.497 10 INFO neutron.services.segments.plugin [-] Segment 5652f068-dafd-4c16-a7af-0a7878ee053d resource provider aggregate not found
2026-05-12 12:39:11.506 10 INFO neutron.services.segments.plugin [-] Segment 5652f068-dafd-4c16-a7af-0a7878ee053d resource provider aggregate not found
2026-05-12 12:39:11.515 10 INFO neutron.services.segments.plugin [-] Segment 5652f068-dafd-4c16-a7af-0a7878ee053d resource provider not found; error: Placement Client Error (4xx): {"errors": [{"status": 404, "title": "Not Found", "detail": "The resource could not be found.\n\n No resource provider with uuid 5652f068-dafd-4c16-a7af-0a7878ee053d found for delete ", "request_id": "req-57ece648-fae3-438c-9b09-89bf72116107"}]}
2026-05-12 12:39:11.531 9 INFO neutron.db.ovn_revision_numbers_db [None req-d795e182-0725-4194-8676-16bf52ec1f70 81032ca9546749779c89b5807960a1a5 32e17c06cc9449c7b6c3253151b5a7ce - - default default] Successfully bumped revision number for resource 920334ac-6c81-4960-befd-cd94c9a127fa (type: routers) to 2
2026-05-12 12:39:11.535 10 INFO neutron.services.segments.plugin [-] Segment a9b91243-b890-4afa-ad3e-1588865a25a2 resource provider aggregate not found
2026-05-12 12:39:11.543 10 INFO neutron.services.segments.plugin [-] Segment 5652f068-dafd-4c16-a7af-0a7878ee053d resource provider not found; error: Placement Client Error (4xx): {"errors": [{"status": 404, "title": "Not Found", "detail": "The resource could not be found.\n\n No resource provider with uuid 5652f068-dafd-4c16-a7af-0a7878ee053d found for delete ", "request_id": "req-14bd24a2-8b65-49ea-94a4-c33fd997b023"}]}
2026-05-12 12:39:11.548 10 INFO neutron.services.segments.plugin [-] Segment a9b91243-b890-4afa-ad3e-1588865a25a2 resource provider not found; error: Placement Client Error (4xx): {"errors": [{"status": 404, "title": "Not Found", "detail": "The resource could not be found.\n\n No resource provider with uuid a9b91243-b890-4afa-ad3e-1588865a25a2 found for delete ", "request_id": "req-ee4ebdee-84c5-4ec0-a746-2e7e0a41c8ac"}]}
2026-05-12 12:39:11.549 9 INFO neutron.api.wsgi [None req-d795e182-0725-4194-8676-16bf52ec1f70 81032ca9546749779c89b5807960a1a5 32e17c06cc9449c7b6c3253151b5a7ce - - default default] 10.0.0.120 "POST /v2.0/routers HTTP/1.1" status: 201 len: 1161 time: 1.9665263
2026-05-12 12:39:11.568 10 INFO neutron.services.segments.plugin [-] Segment a9b91243-b890-4afa-ad3e-1588865a25a2 resource provider aggregate not found
2026-05-12 12:39:11.590 10 INFO neutron.services.segments.plugin [-] Segment a9b91243-b890-4afa-ad3e-1588865a25a2 resource provider not found; error: Placement Client Error (4xx): {"errors": [{"status": 404, "title": "Not Found", "detail": "The resource could not be found.\n\n No resource provider with uuid a9b91243-b890-4afa-ad3e-1588865a25a2 found for delete ", "request_id": "req-94f1fa27-ddb3-4cb4-b9d0-776ac90da6de"}]}
2026-05-12 12:39:11.667 10 INFO neutron.api.wsgi [None req-a00d7ae1-cfa9-4041-9cf5-8daf161c3c9a 81032ca9546749779c89b5807960a1a5 32e17c06cc9449c7b6c3253151b5a7ce - - default default] 10.0.0.120 "DELETE /v2.0/security-groups/52e9f4c0-de92-42bd-918e-24f0502cffb4 HTTP/1.1" status: 204 len: 168 time: 0.4869545
2026-05-12 12:39:11.693 9 INFO neutron.api.wsgi [req-5d49c13f-5259-49cc-90c3-fd6d3a9afad6 req-03c43269-11f8-475c-8252-5054e29da763 da00f3621d7345f4bb9f06a1f323269b e967b5b50dad41d1a32c56051a7f6779 - - default default] 199.19.213.54 "GET /v2.0/networks?id=48feb46a-9663-4120-88bc-448c882021ae HTTP/1.1" status: 200 len: 881 time: 0.1333773
2026-05-12 12:39:11.714 9 INFO neutron.db.ovn_revision_numbers_db [None req-b504b442-d94e-4852-853d-aae7c24f74ec - - - - - -] Successfully bumped revision number for resource 303a724e-80ea-4693-b252-15d60579e5c2 (type: ports) to 4
2026-05-12 12:39:11.727 10 INFO neutron.db.ovn_revision_numbers_db [None req-c5f14758-9dac-4eb8-b501-08f78fc8a513 81032ca9546749779c89b5807960a1a5 32e17c06cc9449c7b6c3253151b5a7ce - - default default] Successfully bumped revision number for resource cd10205c-bd42-45fc-ba9a-22430eb501b3 (type: ports) to 1
2026-05-12 12:39:11.767 9 INFO neutron.api.wsgi [req-5d49c13f-5259-49cc-90c3-fd6d3a9afad6 req-72935185-bb37-4149-b8f3-c51130acbf59 da00f3621d7345f4bb9f06a1f323269b e967b5b50dad41d1a32c56051a7f6779 - - default default] 199.19.213.54 "GET /v2.0/security-groups?fields=id&fields=name&tenant_id=e967b5b50dad41d1a32c56051a7f6779 HTTP/1.1" status: 200 len: 380 time: 0.0479183
2026-05-12 12:39:11.783 9 WARNING neutron_lib.context [req-5d49c13f-5259-49cc-90c3-fd6d3a9afad6 req-c33d5a5d-9b45-4d9a-9fe3-5dd959b30a39 da00f3621d7345f4bb9f06a1f323269b e967b5b50dad41d1a32c56051a7f6779 - - default default] Method 'is_advsvc' is deprecated since 2023.2 release (neutron-lib 3.8.0) and will be removed once support for the old RBAC API policies will be removed from Neutron. Please use method 'is_service_role' instead.
2026-05-12 12:39:12.133 10 INFO neutron.db.ovn_revision_numbers_db [None req-d0131d5e-7fcb-4bec-83c2-5c5b370c9cb6 - - - - - -] Successfully bumped revision number for resource 250205c7-682d-471d-9d0d-83ea180a6f24 (type: ports) to 1
2026-05-12 12:39:12.476 10 INFO neutron.api.wsgi [req-c9f1bb6b-a828-4585-a49d-cdc2f857181d req-d1acd4dc-6595-439e-8116-23af9455b2bd da00f3621d7345f4bb9f06a1f323269b e967b5b50dad41d1a32c56051a7f6779 - - default default] 10.0.0.244 "GET /v2.0/ports?device_id=8855dca3-a8ec-4ce7-b744-504fb0a6a567 HTTP/1.1" status: 200 len: 210 time: 0.0372560
2026-05-12 12:39:12.514 9 INFO neutron.db.ovn_revision_numbers_db [None req-b504b442-d94e-4852-853d-aae7c24f74ec - - - - - -] Successfully bumped revision number for resource 303a724e-80ea-4693-b252-15d60579e5c2 (type: ports) to 5
2026-05-12 12:39:12.553 9 WARNING neutron.scheduler.dhcp_agent_scheduler [req-5d49c13f-5259-49cc-90c3-fd6d3a9afad6 req-c33d5a5d-9b45-4d9a-9fe3-5dd959b30a39 da00f3621d7345f4bb9f06a1f323269b e967b5b50dad41d1a32c56051a7f6779 - - default default] No more DHCP agents
2026-05-12 12:39:12.557 9 WARNING neutron.api.rpc.agentnotifiers.dhcp_rpc_agent_api [req-5d49c13f-5259-49cc-90c3-fd6d3a9afad6 req-c33d5a5d-9b45-4d9a-9fe3-5dd959b30a39 da00f3621d7345f4bb9f06a1f323269b e967b5b50dad41d1a32c56051a7f6779 - - default default] Unable to schedule network 48feb46a-9663-4120-88bc-448c882021ae: no agents available; will retry on subsequent port and subnet creation events.
2026-05-12 12:39:12.586 9 WARNING neutron.scheduler.dhcp_agent_scheduler [None req-cb2ee9ce-3ddc-4893-949f-d6810a5cfc33 81032ca9546749779c89b5807960a1a5 32e17c06cc9449c7b6c3253151b5a7ce - - default default] No more DHCP agents
2026-05-12 12:39:12.589 9 WARNING neutron.api.rpc.agentnotifiers.dhcp_rpc_agent_api [None req-cb2ee9ce-3ddc-4893-949f-d6810a5cfc33 81032ca9546749779c89b5807960a1a5 32e17c06cc9449c7b6c3253151b5a7ce - - default default] Unable to schedule network c1268816-99ae-49c4-b1a7-921674771739: no agents available; will retry on subsequent port and subnet creation events.
2026-05-12 12:39:12.625 10 INFO neutron.db.ovn_revision_numbers_db [None req-d0131d5e-7fcb-4bec-83c2-5c5b370c9cb6 - - - - - -] Successfully bumped revision number for resource 250205c7-682d-471d-9d0d-83ea180a6f24 (type: ports) to 4
2026-05-12 12:39:12.631 10 INFO neutron.db.ovn_revision_numbers_db [None req-c5f14758-9dac-4eb8-b501-08f78fc8a513 81032ca9546749779c89b5807960a1a5 32e17c06cc9449c7b6c3253151b5a7ce - - default default] Successfully bumped revision number for resource cd10205c-bd42-45fc-ba9a-22430eb501b3 (type: ports) to 1
2026-05-12 12:39:12.737 9 INFO neutron.db.ovn_revision_numbers_db [req-5d49c13f-5259-49cc-90c3-fd6d3a9afad6 req-c33d5a5d-9b45-4d9a-9fe3-5dd959b30a39 da00f3621d7345f4bb9f06a1f323269b e967b5b50dad41d1a32c56051a7f6779 - - default default] Successfully bumped revision number for resource 13b2f129-456d-4fb7-8874-84ea6ec3be7c (type: ports) to 1
2026-05-12 12:39:12.743 10 WARNING neutron.scheduler.dhcp_agent_scheduler [None req-c5f14758-9dac-4eb8-b501-08f78fc8a513 81032ca9546749779c89b5807960a1a5 32e17c06cc9449c7b6c3253151b5a7ce - - default default] No more DHCP agents
2026-05-12 12:39:12.745 10 WARNING neutron.api.rpc.agentnotifiers.dhcp_rpc_agent_api [None req-c5f14758-9dac-4eb8-b501-08f78fc8a513 81032ca9546749779c89b5807960a1a5 32e17c06cc9449c7b6c3253151b5a7ce - - default default] Unable to schedule network a2ee3ea1-2eff-41f5-a704-599019462ade: no agents available; will retry on subsequent port and subnet creation events.
2026-05-12 12:39:12.756 9 INFO neutron.db.ovn_revision_numbers_db [None req-cb2ee9ce-3ddc-4893-949f-d6810a5cfc33 81032ca9546749779c89b5807960a1a5 32e17c06cc9449c7b6c3253151b5a7ce - - default default] Successfully bumped revision number for resource 523ef450-e7f0-4b27-bae7-23eae01a9e41 (type: ports) to 1
2026-05-12 12:39:12.761 9 INFO neutron.api.wsgi [req-5d49c13f-5259-49cc-90c3-fd6d3a9afad6 req-c33d5a5d-9b45-4d9a-9fe3-5dd959b30a39 da00f3621d7345f4bb9f06a1f323269b e967b5b50dad41d1a32c56051a7f6779 - - default default] 199.19.213.54 "POST /v2.0/ports HTTP/1.1" status: 201 len: 1158 time: 0.9864764 /var/lib/openstack/lib/python3.12/site-packages/pycadf/identifier.py:71: UserWarning: Invalid uuid: neutron. To ensure interoperability, identifiers should be a valid uuid. warnings.warn(('Invalid uuid: %s. To ensure interoperability, '
2026-05-12 12:39:12.778 9 INFO neutron.api.wsgi [req-5d49c13f-5259-49cc-90c3-fd6d3a9afad6 req-e1b10ff7-8a2f-431f-9c16-cf238a1c72df da00f3621d7345f4bb9f06a1f323269b e967b5b50dad41d1a32c56051a7f6779 - - default default] 199.19.213.54 "GET /v2.0/extensions HTTP/1.1" status: 200 len: 19298 time: 0.0123160
2026-05-12 12:39:13.034 10 INFO neutron.db.ovn_revision_numbers_db [None req-d0131d5e-7fcb-4bec-83c2-5c5b370c9cb6 - - - - - -] Successfully bumped revision number for resource 250205c7-682d-471d-9d0d-83ea180a6f24 (type: ports) to 5
2026-05-12 12:39:13.500 9 INFO neutron.plugins.ml2.drivers.ovn.mech_driver.mech_driver [None req-2e64d85d-199c-468a-8f34-de289b8fa50b - - - - - -] OVN reports status up for port: 523ef450-e7f0-4b27-bae7-23eae01a9e41
2026-05-12 12:39:13.528 9 INFO neutron.plugins.ml2.plugin [None req-2e64d85d-199c-468a-8f34-de289b8fa50b - - - - - -] Attempt 1 to provision port 523ef450-e7f0-4b27-bae7-23eae01a9e41
2026-05-12 12:39:13.555 9 INFO neutron.db.ovn_revision_numbers_db [None req-cb2ee9ce-3ddc-4893-949f-d6810a5cfc33 81032ca9546749779c89b5807960a1a5 32e17c06cc9449c7b6c3253151b5a7ce - - default default] Successfully bumped revision number for resource 523ef450-e7f0-4b27-bae7-23eae01a9e41 (type: ports) to 1
2026-05-12 12:39:13.619 9 WARNING neutron_lib.context [None req-24a34bc5-f37a-4599-a517-0969a36703a1 95262b78804f4497aa3d939d14a36fb2 7b481dfbc965416d84b5964aa0826d0a - - default default] Method 'is_advsvc' is deprecated since 2023.2 release (neutron-lib 3.8.0) and will be removed once support for the old RBAC API policies will be removed from Neutron. Please use method 'is_service_role' instead.
2026-05-12 12:39:13.619 9 WARNING neutron_lib.context [None req-24a34bc5-f37a-4599-a517-0969a36703a1 95262b78804f4497aa3d939d14a36fb2 7b481dfbc965416d84b5964aa0826d0a - - default default] Method 'is_advsvc' is deprecated since 2023.2 release (neutron-lib 3.8.0) and will be removed once support for the old RBAC API policies will be removed from Neutron. Please use method 'is_service_role' instead.
2026-05-12 12:39:13.639 10 INFO neutron.db.ovn_revision_numbers_db [None req-c5f14758-9dac-4eb8-b501-08f78fc8a513 81032ca9546749779c89b5807960a1a5 32e17c06cc9449c7b6c3253151b5a7ce - - default default] Successfully bumped revision number for resource cd10205c-bd42-45fc-ba9a-22430eb501b3 (type: router_ports) to 1
2026-05-12 12:39:13.646 10 INFO neutron.api.wsgi [None req-c5f14758-9dac-4eb8-b501-08f78fc8a513 81032ca9546749779c89b5807960a1a5 32e17c06cc9449c7b6c3253151b5a7ce - - default default] 10.0.0.120 "PUT /v2.0/routers/7fdd05cd-a352-4e4b-83fc-18a3dd1ba06f/add_router_interface HTTP/1.1" status: 200 len: 503 time: 2.7847633
2026-05-12 12:39:13.680 10 INFO neutron.api.wsgi [req-70561822-ad98-433c-91cc-796aed5db7dd req-4ba24c42-41c5-4f1f-a6e9-27ace945381a da00f3621d7345f4bb9f06a1f323269b e967b5b50dad41d1a32c56051a7f6779 - - default default] 10.0.0.244 "GET /v2.0/ports?device_id=8855dca3-a8ec-4ce7-b744-504fb0a6a567 HTTP/1.1" status: 200 len: 1156 time: 0.1150467
2026-05-12 12:39:13.693 9 WARNING neutron.scheduler.dhcp_agent_scheduler [None req-cb2ee9ce-3ddc-4893-949f-d6810a5cfc33 81032ca9546749779c89b5807960a1a5 32e17c06cc9449c7b6c3253151b5a7ce - - default default] No more DHCP agents
2026-05-12 12:39:13.697 9 WARNING neutron.api.rpc.agentnotifiers.dhcp_rpc_agent_api [None req-cb2ee9ce-3ddc-4893-949f-d6810a5cfc33 81032ca9546749779c89b5807960a1a5 32e17c06cc9449c7b6c3253151b5a7ce - - default default] Unable to schedule network c1268816-99ae-49c4-b1a7-921674771739: no agents available; will retry on subsequent port and subnet creation events.
2026-05-12 12:39:13.765 10 INFO neutron.api.wsgi [req-70561822-ad98-433c-91cc-796aed5db7dd req-570c58ab-5a57-4a8a-95a8-2136ad6d3a80 da00f3621d7345f4bb9f06a1f323269b e967b5b50dad41d1a32c56051a7f6779 - - default default] 10.0.0.244 "GET /v2.0/security-groups?id=eacdc555-7ab4-4931-955a-a3f10f72a405&fields=id&fields=name HTTP/1.1" status: 200 len: 313 time: 0.0760219
2026-05-12 12:39:13.979 10 INFO neutron.plugins.ml2.drivers.ovn.mech_driver.mech_driver [None req-9823f4cc-b4e7-43ec-a6e0-222b9b7c417d - - - - - -] OVN reports status up for port: cd10205c-bd42-45fc-ba9a-22430eb501b3
2026-05-12 12:39:13.988 10 INFO neutron.plugins.ml2.plugin [None req-9823f4cc-b4e7-43ec-a6e0-222b9b7c417d - - - - - -] Attempt 1 to provision port cd10205c-bd42-45fc-ba9a-22430eb501b3
2026-05-12 12:39:14.000 9 INFO neutron.db.ovn_revision_numbers_db [None req-24a34bc5-f37a-4599-a517-0969a36703a1 95262b78804f4497aa3d939d14a36fb2 7b481dfbc965416d84b5964aa0826d0a - - default default] Successfully bumped revision number for resource 79c7875a-b748-4c48-8226-b8ce9f910b00 (type: security_groups) to 1
2026-05-12 12:39:14.024 9 INFO neutron.db.ovn_revision_numbers_db [None req-24a34bc5-f37a-4599-a517-0969a36703a1 95262b78804f4497aa3d939d14a36fb2 7b481dfbc965416d84b5964aa0826d0a - - default default] Successfully bumped revision number for resource 180fefb9-ed1a-45d6-904a-e244c404f01a (type: security_group_rules) to 0
2026-05-12 12:39:14.051 9 INFO neutron.db.ovn_revision_numbers_db [None req-24a34bc5-f37a-4599-a517-0969a36703a1 95262b78804f4497aa3d939d14a36fb2 7b481dfbc965416d84b5964aa0826d0a - - default default] Successfully bumped revision number for resource 8dd4087a-1dc8-438f-afce-981f6c7d7b2b (type: security_group_rules) to 0
2026-05-12 12:39:14.091 9 INFO neutron.db.ovn_revision_numbers_db [req-5d49c13f-5259-49cc-90c3-fd6d3a9afad6 req-45383903-c026-4599-89d6-ddebb4a6e385 5ce2567bd6444aae8502e5c696294335 0585709910514915943bf3e368a6d362 - - 47381db344db47a48704c1a03e71a1b2 47381db344db47a48704c1a03e71a1b2] Successfully bumped revision number for resource 13b2f129-456d-4fb7-8874-84ea6ec3be7c (type: ports) to 2
2026-05-12 12:39:14.098 9 INFO neutron.db.ovn_revision_numbers_db [None req-24a34bc5-f37a-4599-a517-0969a36703a1 95262b78804f4497aa3d939d14a36fb2 7b481dfbc965416d84b5964aa0826d0a - - default default] Successfully bumped revision number for resource b8f70288-1535-48ad-817d-6197e8980a6c (type: security_group_rules) to 0
2026-05-12 12:39:14.135 9 INFO neutron.db.ovn_revision_numbers_db [None req-24a34bc5-f37a-4599-a517-0969a36703a1 95262b78804f4497aa3d939d14a36fb2 7b481dfbc965416d84b5964aa0826d0a - - default default] Successfully bumped revision number for resource e60df333-7385-4441-bf44-0d519fea14c5 (type: security_group_rules) to 0
2026-05-12 12:39:14.339 9 INFO neutron.db.segments_db [None req-24a34bc5-f37a-4599-a517-0969a36703a1 95262b78804f4497aa3d939d14a36fb2 7b481dfbc965416d84b5964aa0826d0a - - default default] Added segment 1fe14bc9-3a10-4912-8a1a-a13de10a0d23 of type geneve for network 1fbe90db-24e1-4ecb-bc12-ec6fc2c042b7
2026-05-12 12:39:14.343 9 INFO neutron.db.ovn_revision_numbers_db [None req-2e64d85d-199c-468a-8f34-de289b8fa50b - - - - - -] Successfully bumped revision number for resource 523ef450-e7f0-4b27-bae7-23eae01a9e41 (type: ports) to 2
2026-05-12 12:39:14.362 10 WARNING neutron_lib.context [None req-0cb0d5e1-8583-49ad-93b5-dc273fbdf9d5 6a0fa76a025445feada92c64ffcc763d f41aa58f03874dfabc59d018e2100818 - - default default] Method 'is_advsvc' is deprecated since 2023.2 release (neutron-lib 3.8.0) and will be removed once support for the old RBAC API policies will be removed from Neutron. Please use method 'is_service_role' instead.
2026-05-12 12:39:14.497 9 INFO neutron.db.segments_db [None req-24a34bc5-f37a-4599-a517-0969a36703a1 95262b78804f4497aa3d939d14a36fb2 7b481dfbc965416d84b5964aa0826d0a - - default default] Added segment 0ba115dd-a01f-407c-a4ea-9bdb94e77aa6 of type geneve for network 57f456de-0aae-489c-8fe2-21d2bd3b303a
2026-05-12 12:39:14.561 9 INFO neutron.db.ovn_revision_numbers_db [req-5d49c13f-5259-49cc-90c3-fd6d3a9afad6 req-45383903-c026-4599-89d6-ddebb4a6e385 5ce2567bd6444aae8502e5c696294335 0585709910514915943bf3e368a6d362 - - 47381db344db47a48704c1a03e71a1b2 47381db344db47a48704c1a03e71a1b2] Successfully bumped revision number for resource 13b2f129-456d-4fb7-8874-84ea6ec3be7c (type: ports) to 4
2026-05-12 12:39:14.571 10 INFO neutron.db.ovn_revision_numbers_db [None req-9823f4cc-b4e7-43ec-a6e0-222b9b7c417d - - - - - -] Successfully bumped revision number for resource cd10205c-bd42-45fc-ba9a-22430eb501b3 (type: ports) to 2
2026-05-12 12:39:14.573 10 INFO neutron.db.ovn_revision_numbers_db [None req-0cb0d5e1-8583-49ad-93b5-dc273fbdf9d5 6a0fa76a025445feada92c64ffcc763d f41aa58f03874dfabc59d018e2100818 - - default default] Successfully bumped revision number for resource 838658e5-03dd-47d7-84e6-6f10b4319e99 (type: security_groups) to 1
2026-05-12 12:39:14.588 9 INFO neutron.api.wsgi [req-5d49c13f-5259-49cc-90c3-fd6d3a9afad6 req-45383903-c026-4599-89d6-ddebb4a6e385 5ce2567bd6444aae8502e5c696294335 0585709910514915943bf3e368a6d362 - - 47381db344db47a48704c1a03e71a1b2 47381db344db47a48704c1a03e71a1b2] 199.19.213.54 "PUT /v2.0/ports/13b2f129-456d-4fb7-8874-84ea6ec3be7c HTTP/1.1" status: 200 len: 1404 time: 1.4146438
2026-05-12 12:39:14.605 10 INFO neutron.db.ovn_revision_numbers_db [None req-0cb0d5e1-8583-49ad-93b5-dc273fbdf9d5 6a0fa76a025445feada92c64ffcc763d f41aa58f03874dfabc59d018e2100818 - - default default] Successfully bumped revision number for resource e81a4a9e-c699-4327-b87c-8cc83330c2e0 (type: security_group_rules) to 0
2026-05-12 12:39:14.624 10 INFO neutron.db.ovn_revision_numbers_db [None req-0cb0d5e1-8583-49ad-93b5-dc273fbdf9d5 6a0fa76a025445feada92c64ffcc763d f41aa58f03874dfabc59d018e2100818 - - default default] Successfully bumped revision number for resource eadb8df7-df8b-4533-a46c-c40f78bfceb6 (type: security_group_rules) to 0
2026-05-12 12:39:14.670 9 INFO neutron.db.ovn_revision_numbers_db [None req-24a34bc5-f37a-4599-a517-0969a36703a1 95262b78804f4497aa3d939d14a36fb2 7b481dfbc965416d84b5964aa0826d0a - - default default] Successfully bumped revision number for resource 1fbe90db-24e1-4ecb-bc12-ec6fc2c042b7 (type: networks) to 1
2026-05-12 12:39:14.674 10 INFO neutron.api.wsgi [None req-0cb0d5e1-8583-49ad-93b5-dc273fbdf9d5 6a0fa76a025445feada92c64ffcc763d f41aa58f03874dfabc59d018e2100818 - - default default] 10.0.0.120 "POST /v2.0/security-groups HTTP/1.1" status: 201 len: 1860 time: 0.3184886
2026-05-12 12:39:14.685 10 WARNING neutron_lib.context [None req-3fa557f6-9077-447f-9013-100a7a584975 6a0fa76a025445feada92c64ffcc763d f41aa58f03874dfabc59d018e2100818 - - default default] Method 'is_advsvc' is deprecated since 2023.2 release (neutron-lib 3.8.0) and will be removed once support for the old RBAC API policies will be removed from Neutron. Please use method 'is_service_role' instead.
2026-05-12 12:39:14.882 10 INFO neutron.db.ovn_revision_numbers_db [None req-3fa557f6-9077-447f-9013-100a7a584975 6a0fa76a025445feada92c64ffcc763d f41aa58f03874dfabc59d018e2100818 - - default default] Successfully bumped revision number for resource fc088b4e-e910-4c41-aada-23746f755195 (type: security_group_rules) to 0
2026-05-12 12:39:14.897 10 INFO neutron.api.wsgi [req-408a697f-6902-44b5-a1e8-33b15b42503b req-d3a4c83e-4b70-454d-bd89-992e6b04ddb2 da00f3621d7345f4bb9f06a1f323269b e967b5b50dad41d1a32c56051a7f6779 - - default default] 10.0.0.244 "GET /v2.0/ports?device_id=8855dca3-a8ec-4ce7-b744-504fb0a6a567 HTTP/1.1" status: 200 len: 1168 time: 0.0490184
2026-05-12 12:39:14.905 9 WARNING neutron.scheduler.dhcp_agent_scheduler [None req-24a34bc5-f37a-4599-a517-0969a36703a1 95262b78804f4497aa3d939d14a36fb2 7b481dfbc965416d84b5964aa0826d0a - - default default] No more DHCP agents
2026-05-12 12:39:14.906 9 WARNING neutron.api.rpc.agentnotifiers.dhcp_rpc_agent_api [None req-24a34bc5-f37a-4599-a517-0969a36703a1 95262b78804f4497aa3d939d14a36fb2 7b481dfbc965416d84b5964aa0826d0a - - default default] Unable to schedule network 1fbe90db-24e1-4ecb-bc12-ec6fc2c042b7: no agents available; will retry on subsequent port and subnet creation events.
2026-05-12 12:39:14.939 10 INFO neutron.api.wsgi [None req-3fa557f6-9077-447f-9013-100a7a584975 6a0fa76a025445feada92c64ffcc763d f41aa58f03874dfabc59d018e2100818 - - default default] 10.0.0.120 "POST /v2.0/security-group-rules HTTP/1.1" status: 201 len: 796 time: 0.2591839
2026-05-12 12:39:14.951 10 WARNING neutron_lib.context [None req-acd42bd3-4e3e-4b8f-be5f-6a4feddb9b59 6a0fa76a025445feada92c64ffcc763d f41aa58f03874dfabc59d018e2100818 - - default default] Method 'is_advsvc' is deprecated since 2023.2 release (neutron-lib 3.8.0) and will be removed once support for the old RBAC API policies will be removed from Neutron. Please use method 'is_service_role' instead.
2026-05-12 12:39:14.967 10 INFO neutron.api.wsgi [req-408a697f-6902-44b5-a1e8-33b15b42503b req-e738d05d-e07e-42eb-9616-93d1f78bda31 da00f3621d7345f4bb9f06a1f323269b e967b5b50dad41d1a32c56051a7f6779 - - default default] 10.0.0.244 "GET /v2.0/security-groups?id=eacdc555-7ab4-4931-955a-a3f10f72a405&fields=id&fields=name HTTP/1.1" status: 200 len: 313 time: 0.0636384
2026-05-12 12:39:14.988 9 INFO neutron.db.ovn_revision_numbers_db [None req-cb2ee9ce-3ddc-4893-949f-d6810a5cfc33 81032ca9546749779c89b5807960a1a5 32e17c06cc9449c7b6c3253151b5a7ce - - default default] Successfully bumped revision number for resource 523ef450-e7f0-4b27-bae7-23eae01a9e41 (type: router_ports) to 1
2026-05-12 12:39:14.994 9 INFO neutron.api.wsgi [None req-cb2ee9ce-3ddc-4893-949f-d6810a5cfc33 81032ca9546749779c89b5807960a1a5 32e17c06cc9449c7b6c3253151b5a7ce - - default default] 10.0.0.120 "PUT /v2.0/routers/920334ac-6c81-4960-befd-cd94c9a127fa/add_router_interface HTTP/1.1" status: 200 len: 503 time: 3.4362810
2026-05-12 12:39:15.015 9 INFO neutron.db.ovn_revision_numbers_db [None req-24a34bc5-f37a-4599-a517-0969a36703a1 95262b78804f4497aa3d939d14a36fb2 7b481dfbc965416d84b5964aa0826d0a - - default default] Successfully bumped revision number for resource 8c53d6af-8352-46ac-ae1e-156984f83dca (type: ports) to 1
2026-05-12 12:39:15.092 10 INFO neutron.db.ovn_revision_numbers_db [None req-acd42bd3-4e3e-4b8f-be5f-6a4feddb9b59 6a0fa76a025445feada92c64ffcc763d f41aa58f03874dfabc59d018e2100818 - - default default] Successfully bumped revision number for resource 50c13f17-724c-4331-bf2f-29b5574782b0 (type: security_group_rules) to 0
2026-05-12 12:39:15.095 9 INFO neutron.notifiers.nova [-] Nova event matching ['req-40114f90-a907-4563-ab9c-dab19f71850b'] response: {'name': 'network-changed', 'server_uuid': '8855dca3-a8ec-4ce7-b744-504fb0a6a567', 'tag': '13b2f129-456d-4fb7-8874-84ea6ec3be7c', 'status': 'completed', 'code': 200}
2026-05-12 12:39:15.141 10 INFO neutron.api.wsgi [None req-acd42bd3-4e3e-4b8f-be5f-6a4feddb9b59 6a0fa76a025445feada92c64ffcc763d f41aa58f03874dfabc59d018e2100818 - - default default] 10.0.0.120 "POST /v2.0/security-group-rules HTTP/1.1" status: 201 len: 801 time: 0.1943069 /var/lib/openstack/lib/python3.12/site-packages/pycadf/identifier.py:71: UserWarning: Invalid uuid: neutron. To ensure interoperability, identifiers should be a valid uuid. warnings.warn(('Invalid uuid: %s. To ensure interoperability, '
2026-05-12 12:39:15.150 9 WARNING neutron_lib.context [None req-b4057976-9fa0-464f-a310-174761f38be2 6a0fa76a025445feada92c64ffcc763d f41aa58f03874dfabc59d018e2100818 - - default default] Method 'is_advsvc' is deprecated since 2023.2 release (neutron-lib 3.8.0) and will be removed once support for the old RBAC API policies will be removed from Neutron. Please use method 'is_service_role' instead.
2026-05-12 12:39:15.154 9 INFO neutron.db.ovn_revision_numbers_db [None req-24a34bc5-f37a-4599-a517-0969a36703a1 95262b78804f4497aa3d939d14a36fb2 7b481dfbc965416d84b5964aa0826d0a - - default default] Successfully bumped revision number for resource 57f456de-0aae-489c-8fe2-21d2bd3b303a (type: networks) to 1
2026-05-12 12:39:15.347 9 WARNING neutron.scheduler.dhcp_agent_scheduler [None req-24a34bc5-f37a-4599-a517-0969a36703a1 95262b78804f4497aa3d939d14a36fb2 7b481dfbc965416d84b5964aa0826d0a - - default default] No more DHCP agents
2026-05-12 12:39:15.354 9 WARNING neutron.api.rpc.agentnotifiers.dhcp_rpc_agent_api [None req-24a34bc5-f37a-4599-a517-0969a36703a1 95262b78804f4497aa3d939d14a36fb2 7b481dfbc965416d84b5964aa0826d0a - - default default] Unable to schedule network 57f456de-0aae-489c-8fe2-21d2bd3b303a: no agents available; will retry on subsequent port and subnet creation events.
2026-05-12 12:39:15.419 9 WARNING neutron.scheduler.dhcp_agent_scheduler [None req-b4057976-9fa0-464f-a310-174761f38be2 6a0fa76a025445feada92c64ffcc763d f41aa58f03874dfabc59d018e2100818 - - default default] No more DHCP agents
2026-05-12 12:39:15.422 9 WARNING neutron.api.rpc.agentnotifiers.dhcp_rpc_agent_api [None req-b4057976-9fa0-464f-a310-174761f38be2 6a0fa76a025445feada92c64ffcc763d f41aa58f03874dfabc59d018e2100818 - - default default] Unable to schedule network 21c26207-72a1-4f08-9de0-efc892f7f37c: no agents available; will retry on subsequent port and subnet creation events.
2026-05-12 12:39:15.438 9 INFO neutron.db.ovn_revision_numbers_db [None req-24a34bc5-f37a-4599-a517-0969a36703a1 95262b78804f4497aa3d939d14a36fb2 7b481dfbc965416d84b5964aa0826d0a - - default default] Successfully bumped revision number for resource 166a5c70-020f-4a06-a7d1-a5fa1954ec52 (type: ports) to 1
2026-05-12 12:39:15.487 9 INFO neutron.api.wsgi [None req-24a34bc5-f37a-4599-a517-0969a36703a1 95262b78804f4497aa3d939d14a36fb2 7b481dfbc965416d84b5964aa0826d0a - - default default] 10.0.0.120 "POST /v2.0/networks HTTP/1.1" status: 201 len: 1444 time: 1.9241071
2026-05-12 12:39:15.524 10 WARNING neutron_lib.context [None req-8248d087-ff48-4eb0-bedf-658896c45134 2fb7fa44010a455db921c056645f5d00 fa055778d9ef4f0b96d0364e5d35cd78 - - default default] Method 'is_advsvc' is deprecated since 2023.2 release (neutron-lib 3.8.0) and will be removed once support for the old RBAC API policies will be removed from Neutron. Please use method 'is_service_role' instead.
2026-05-12 12:39:15.635 10 INFO neutron.db.ovn_revision_numbers_db [None req-8248d087-ff48-4eb0-bedf-658896c45134 2fb7fa44010a455db921c056645f5d00 fa055778d9ef4f0b96d0364e5d35cd78 - - default default] Successfully bumped revision number for resource 2c8dd386-1dcc-42be-b56a-882beeded656 (type: security_groups) to 1
2026-05-12 12:39:15.647 10 INFO neutron.db.ovn_revision_numbers_db [None req-8248d087-ff48-4eb0-bedf-658896c45134 2fb7fa44010a455db921c056645f5d00 fa055778d9ef4f0b96d0364e5d35cd78 - - default default] Successfully bumped revision number for resource 59bf6a9b-1b78-4460-90d7-83931dce4f07 (type: security_group_rules) to 0
2026-05-12 12:39:15.660 10 INFO neutron.db.ovn_revision_numbers_db [None req-8248d087-ff48-4eb0-bedf-658896c45134 2fb7fa44010a455db921c056645f5d00 fa055778d9ef4f0b96d0364e5d35cd78 - - default default] Successfully bumped revision number for resource b261c557-e90f-4159-b23d-047125accb71 (type: security_group_rules) to 0
2026-05-12 12:39:15.691 10 INFO neutron.api.wsgi [None req-8248d087-ff48-4eb0-bedf-658896c45134 2fb7fa44010a455db921c056645f5d00 fa055778d9ef4f0b96d0364e5d35cd78 - - default default] 10.0.0.120 "POST /v2.0/security-groups HTTP/1.1" status: 201 len: 1860 time: 0.1708794
2026-05-12 12:39:15.701 10 WARNING neutron_lib.context [None req-ef55d51d-c34a-440c-91d5-0aab9bf45151 2fb7fa44010a455db921c056645f5d00 fa055778d9ef4f0b96d0364e5d35cd78 - - default default] Method 'is_advsvc' is deprecated since 2023.2 release (neutron-lib 3.8.0) and will be removed once support for the old RBAC API policies will be removed from Neutron. Please use method 'is_service_role' instead.
2026-05-12 12:39:15.797 9 INFO neutron.api.wsgi [req-5d49c13f-5259-49cc-90c3-fd6d3a9afad6 req-5be21d74-f8f2-4297-86c6-6b1ff4794321 5ce2567bd6444aae8502e5c696294335 0585709910514915943bf3e368a6d362 - - 47381db344db47a48704c1a03e71a1b2 47381db344db47a48704c1a03e71a1b2] 199.19.213.54 "GET /v2.0/ports?tenant_id=e967b5b50dad41d1a32c56051a7f6779&device_id=8855dca3-a8ec-4ce7-b744-504fb0a6a567 HTTP/1.1" status: 200 len: 1407 time: 0.0835941
2026-05-12 12:39:15.820 9 INFO neutron.api.wsgi [None req-7317ec7d-c755-4059-be17-b4b223a7f5de 95262b78804f4497aa3d939d14a36fb2 7b481dfbc965416d84b5964aa0826d0a - - default default] 10.0.0.120 "GET /v2.0/networks HTTP/1.1" status: 200 len: 2050 time: 0.3263435
2026-05-12 12:39:15.820 10 INFO neutron.db.ovn_revision_numbers_db [None req-ef55d51d-c34a-440c-91d5-0aab9bf45151 2fb7fa44010a455db921c056645f5d00 fa055778d9ef4f0b96d0364e5d35cd78 - - default default] Successfully bumped revision number for resource 6ae34627-e20b-4b92-92b4-a98fba254956 (type: security_group_rules) to 0
2026-05-12 12:39:15.863 9 INFO neutron.api.wsgi [req-5d49c13f-5259-49cc-90c3-fd6d3a9afad6 req-3b8babae-fff9-42cc-8e3b-3685a563c17c 5ce2567bd6444aae8502e5c696294335 0585709910514915943bf3e368a6d362 - - 47381db344db47a48704c1a03e71a1b2 47381db344db47a48704c1a03e71a1b2] 199.19.213.54 "GET /v2.0/floatingips?fixed_ip_address=10.100.0.8&port_id=13b2f129-456d-4fb7-8874-84ea6ec3be7c HTTP/1.1" status: 200 len: 217 time: 0.0591314
2026-05-12 12:39:15.887 10 INFO neutron.api.wsgi [None req-ef55d51d-c34a-440c-91d5-0aab9bf45151 2fb7fa44010a455db921c056645f5d00 fa055778d9ef4f0b96d0364e5d35cd78 - - default default] 10.0.0.120 "POST /v2.0/security-group-rules HTTP/1.1" status: 201 len: 796 time: 0.1907058
2026-05-12 12:39:15.897 10 WARNING neutron_lib.context [None req-6c95713f-fbfa-4a7f-8d19-3253760276e1 2fb7fa44010a455db921c056645f5d00 fa055778d9ef4f0b96d0364e5d35cd78 - - default default] Method 'is_advsvc' is deprecated since 2023.2 release (neutron-lib 3.8.0) and will be removed once support for the old RBAC API policies will be removed from Neutron. Please use method 'is_service_role' instead.
2026-05-12 12:39:15.912 9 INFO neutron.api.wsgi [req-5d49c13f-5259-49cc-90c3-fd6d3a9afad6 req-cd13050b-746e-40ac-b814-7c23f6ad7060 5ce2567bd6444aae8502e5c696294335 0585709910514915943bf3e368a6d362 - - 47381db344db47a48704c1a03e71a1b2 47381db344db47a48704c1a03e71a1b2] 199.19.213.54 "GET /v2.0/subnets?id=9c45025f-f507-4fee-9f71-7aa58b4accba HTTP/1.1" status: 200 len: 899 time: 0.0419667
2026-05-12 12:39:15.964 9 INFO neutron.api.wsgi [req-5d49c13f-5259-49cc-90c3-fd6d3a9afad6 req-4fe9b748-cc1f-4400-8ced-2ae66d3c4552 5ce2567bd6444aae8502e5c696294335 0585709910514915943bf3e368a6d362 - - 47381db344db47a48704c1a03e71a1b2 47381db344db47a48704c1a03e71a1b2] 199.19.213.54 "GET /v2.0/ports?network_id=48feb46a-9663-4120-88bc-448c882021ae&device_owner=network%3Adhcp HTTP/1.1" status: 200 len: 210 time: 0.0443988
