2026-05-12 12:39:42.929 10 INFO neutron.api.wsgi [req-526fd191-4721-47f0-94bb-19f36662a27a req-2608d52d-4e38-46e5-ba0a-fa02034074c8 5ce2567bd6444aae8502e5c696294335 0585709910514915943bf3e368a6d362 - - 47381db344db47a48704c1a03e71a1b2 47381db344db47a48704c1a03e71a1b2] 199.19.213.54 "GET /v2.0/floatingips?fixed_ip_address=10.100.0.8&port_id=13b2f129-456d-4fb7-8874-84ea6ec3be7c HTTP/1.1" status: 200 len: 1059 time: 0.0449018
2026-05-12 12:39:42.965 10 INFO neutron.api.wsgi [req-526fd191-4721-47f0-94bb-19f36662a27a req-31f5ca90-8957-42ad-b421-da555ef5db83 5ce2567bd6444aae8502e5c696294335 0585709910514915943bf3e368a6d362 - - 47381db344db47a48704c1a03e71a1b2 47381db344db47a48704c1a03e71a1b2] 199.19.213.54 "GET /v2.0/subnets?id=9c45025f-f507-4fee-9f71-7aa58b4accba HTTP/1.1" status: 200 len: 899 time: 0.0318396
2026-05-12 12:39:42.991 10 INFO neutron.api.wsgi [req-526fd191-4721-47f0-94bb-19f36662a27a req-727e446d-ddbc-488e-9510-24298689755c 5ce2567bd6444aae8502e5c696294335 0585709910514915943bf3e368a6d362 - - 47381db344db47a48704c1a03e71a1b2 47381db344db47a48704c1a03e71a1b2] 199.19.213.54 "GET /v2.0/ports?network_id=48feb46a-9663-4120-88bc-448c882021ae&device_owner=network%3Adhcp HTTP/1.1" status: 200 len: 210 time: 0.0201225
2026-05-12 12:39:43.035 9 INFO neutron.db.l3_db [req-56093f38-255e-4973-b2c0-56400ce93657 req-b66121ac-aee1-4ba8-842f-44480e9829f7 6a0fa76a025445feada92c64ffcc763d f41aa58f03874dfabc59d018e2100818 - - default default] Floating IP 089c6f60-ff57-42be-a284-400fe5e6ec83 disassociated. External IP: 10.96.250.219, port: c78567b6-856b-4345-8731-07f03fdc018d.
2026-05-12 12:39:43.039 10 INFO neutron.api.wsgi [req-526fd191-4721-47f0-94bb-19f36662a27a req-2a8d9750-2d83-4b60-8a82-755337f35144 5ce2567bd6444aae8502e5c696294335 0585709910514915943bf3e368a6d362 - - 47381db344db47a48704c1a03e71a1b2 47381db344db47a48704c1a03e71a1b2] 199.19.213.54 "GET /v2.0/networks/48feb46a-9663-4120-88bc-448c882021ae?fields=segments HTTP/1.1" status: 200 len: 212 time: 0.0377464
2026-05-12 12:39:43.109 10 INFO neutron.api.wsgi [req-526fd191-4721-47f0-94bb-19f36662a27a req-d9862054-73d0-4836-8184-df9471a63bad 5ce2567bd6444aae8502e5c696294335 0585709910514915943bf3e368a6d362 - - 47381db344db47a48704c1a03e71a1b2 47381db344db47a48704c1a03e71a1b2] 199.19.213.54 "GET /v2.0/networks/48feb46a-9663-4120-88bc-448c882021ae?fields=provider%3Aphysical_network&fields=provider%3Anetwork_type HTTP/1.1" status: 200 len: 277 time: 0.0636775
2026-05-12 12:39:43.177 9 INFO neutron.services.segments.plugin [-] Segment f7a69ec5-4145-47d2-b91b-e3eed64f85aa resource provider aggregate not found
2026-05-12 12:39:43.181 9 INFO neutron.services.segments.plugin [-] Segment f7a69ec5-4145-47d2-b91b-e3eed64f85aa resource provider aggregate not found
2026-05-12 12:39:43.183 10 INFO neutron.api.wsgi [req-def63a56-5a33-49ef-a605-5ed5c3e8f8f2 req-29d2f925-bbb2-477c-9416-14e70ab2631b 6a0fa76a025445feada92c64ffcc763d f41aa58f03874dfabc59d018e2100818 - - default default] 10.0.0.244 "GET /v2.0/ports?device_id=4865c6e8-ffc9-4242-a6c2-612a267ba60a HTTP/1.1" status: 200 len: 210 time: 0.0179799
2026-05-12 12:39:43.196 9 INFO neutron.api.wsgi [req-56093f38-255e-4973-b2c0-56400ce93657 req-b66121ac-aee1-4ba8-842f-44480e9829f7 6a0fa76a025445feada92c64ffcc763d f41aa58f03874dfabc59d018e2100818 - - default default] 199.19.213.54 "DELETE /v2.0/ports/c78567b6-856b-4345-8731-07f03fdc018d HTTP/1.1" status: 204 len: 173 time: 0.6145799
2026-05-12 12:39:43.198 9 INFO neutron.services.segments.plugin [-] Segment f7a69ec5-4145-47d2-b91b-e3eed64f85aa resource provider not found; error: Placement Client Error (4xx): {"errors": [{"status": 404, "title": "Not Found", "detail": "The resource could not be found.\n\n No resource provider with uuid f7a69ec5-4145-47d2-b91b-e3eed64f85aa found for delete ", "request_id": "req-2c28ff46-1ef2-4122-b188-63a6de834f81"}]}
2026-05-12 12:39:43.206 9 INFO neutron.services.segments.plugin [-] Segment f7a69ec5-4145-47d2-b91b-e3eed64f85aa resource provider not found; error: Placement Client Error (4xx): {"errors": [{"status": 404, "title": "Not Found", "detail": "The resource could not be found.\n\n No resource provider with uuid f7a69ec5-4145-47d2-b91b-e3eed64f85aa found for delete ", "request_id": "req-91849da8-17a0-4d0b-aed3-1bf832d072e4"}]}
2026-05-12 12:39:43.215 9 INFO neutron.api.wsgi [None req-05173058-822f-43d8-8e0f-f6ba5c53550d 81032ca9546749779c89b5807960a1a5 32e17c06cc9449c7b6c3253151b5a7ce - - default default] 10.0.0.120 "DELETE /v2.0/networks/c1268816-99ae-49c4-b1a7-921674771739 HTTP/1.1" status: 204 len: 168 time: 0.4778450
2026-05-12 12:39:43.358 10 INFO neutron.api.wsgi [None req-f82ccc93-d681-4f0a-9a68-2dd3c69863e1 81032ca9546749779c89b5807960a1a5 32e17c06cc9449c7b6c3253151b5a7ce - - default default] 10.0.0.120 "GET /v2.0/security-groups?tenant_id=fa055778d9ef4f0b96d0364e5d35cd78&name=default HTTP/1.1" status: 200 len: 3120 time: 0.0359020
2026-05-12 12:39:43.572 10 INFO neutron.api.wsgi [None req-6691b1ac-01c2-4ef7-a8fa-ce36d32eb77d 81032ca9546749779c89b5807960a1a5 32e17c06cc9449c7b6c3253151b5a7ce - - default default] 10.0.0.120 "DELETE /v2.0/security-groups/4f745355-aeab-4b43-94fd-9b6d73efcec6 HTTP/1.1" status: 204 len: 168 time: 0.2084386 /var/lib/openstack/lib/python3.12/site-packages/pycadf/identifier.py:71: UserWarning: Invalid uuid: neutron. To ensure interoperability, identifiers should be a valid uuid. warnings.warn(('Invalid uuid: %s. To ensure interoperability, '
2026-05-12 12:39:44.140 10 INFO neutron.api.wsgi [req-7395ad5f-a5bc-4d1a-9516-24b41d09bfa3 req-69c9e688-3c62-443d-869d-48d89f715d01 da00f3621d7345f4bb9f06a1f323269b e967b5b50dad41d1a32c56051a7f6779 - - default default] 10.0.0.244 "GET /v2.0/ports?device_id=8855dca3-a8ec-4ce7-b744-504fb0a6a567 HTTP/1.1" status: 200 len: 1348 time: 0.0359223
2026-05-12 12:39:44.181 10 INFO neutron.api.wsgi [req-7395ad5f-a5bc-4d1a-9516-24b41d09bfa3 req-fb643f20-e515-4348-bada-1bfb3a615bb8 da00f3621d7345f4bb9f06a1f323269b e967b5b50dad41d1a32c56051a7f6779 - - default default] 10.0.0.244 "GET /v2.0/security-groups?id=eacdc555-7ab4-4931-955a-a3f10f72a405&fields=id&fields=name HTTP/1.1" status: 200 len: 313 time: 0.0362387
2026-05-12 12:39:44.203 9 INFO neutron.api.wsgi [req-b1f97c12-0800-46ef-9cdf-bf8f00fdc295 req-ec3a5587-ae3a-4e4b-b2be-4c3bd644a802 5ce2567bd6444aae8502e5c696294335 0585709910514915943bf3e368a6d362 - - 47381db344db47a48704c1a03e71a1b2 47381db344db47a48704c1a03e71a1b2] 199.19.213.54 "GET /v2.0/ports?tenant_id=e967b5b50dad41d1a32c56051a7f6779&device_id=8855dca3-a8ec-4ce7-b744-504fb0a6a567 HTTP/1.1" status: 200 len: 1586 time: 0.0686045
2026-05-12 12:39:44.286 10 INFO neutron.api.wsgi [req-aeff02b4-223b-4898-91e2-b1464cb88a73 req-07678f2a-f728-44e5-98c0-9653915781a9 6a0fa76a025445feada92c64ffcc763d f41aa58f03874dfabc59d018e2100818 - - default default] 10.0.0.244 "GET /v2.0/ports?device_id=4865c6e8-ffc9-4242-a6c2-612a267ba60a HTTP/1.1" status: 200 len: 210 time: 0.0210640
2026-05-12 12:39:44.304 9 INFO neutron.api.wsgi [req-b1f97c12-0800-46ef-9cdf-bf8f00fdc295 req-45213397-f24d-4a44-917a-4a7b662501dd 5ce2567bd6444aae8502e5c696294335 0585709910514915943bf3e368a6d362 - - 47381db344db47a48704c1a03e71a1b2 47381db344db47a48704c1a03e71a1b2] 199.19.213.54 "GET /v2.0/networks?id=48feb46a-9663-4120-88bc-448c882021ae HTTP/1.1" status: 200 len: 980 time: 0.0898094
2026-05-12 12:39:44.340 9 INFO neutron.api.wsgi [req-b1f97c12-0800-46ef-9cdf-bf8f00fdc295 req-004f8f3f-738f-49ef-bb3d-d1d4e827af5a 5ce2567bd6444aae8502e5c696294335 0585709910514915943bf3e368a6d362 - - 47381db344db47a48704c1a03e71a1b2 47381db344db47a48704c1a03e71a1b2] 199.19.213.54 "GET /v2.0/floatingips?fixed_ip_address=10.100.0.6&port_id=13b2f129-456d-4fb7-8874-84ea6ec3be7c HTTP/1.1" status: 200 len: 217 time: 0.0294750
2026-05-12 12:39:44.408 9 INFO neutron.api.wsgi [req-b1f97c12-0800-46ef-9cdf-bf8f00fdc295 req-a5d967aa-1bca-424c-8a35-344e5704b70e 5ce2567bd6444aae8502e5c696294335 0585709910514915943bf3e368a6d362 - - 47381db344db47a48704c1a03e71a1b2 47381db344db47a48704c1a03e71a1b2] 199.19.213.54 "GET /v2.0/floatingips?fixed_ip_address=10.100.0.8&port_id=13b2f129-456d-4fb7-8874-84ea6ec3be7c HTTP/1.1" status: 200 len: 1059 time: 0.0591393
2026-05-12 12:39:44.409 9 INFO neutron.notifiers.nova [-] Nova event matching ['req-483141f4-47aa-4dea-833a-6cee9c743ae1'] response: {'server_uuid': '4865c6e8-ffc9-4242-a6c2-612a267ba60a', 'name': 'network-vif-deleted', 'tag': 'c78567b6-856b-4345-8731-07f03fdc018d', 'status': 'completed', 'code': 200}
2026-05-12 12:39:44.439 9 INFO neutron.api.wsgi [req-b1f97c12-0800-46ef-9cdf-bf8f00fdc295 req-a4fef682-d4ff-468e-a044-d4da7dc679c0 5ce2567bd6444aae8502e5c696294335 0585709910514915943bf3e368a6d362 - - 47381db344db47a48704c1a03e71a1b2 47381db344db47a48704c1a03e71a1b2] 199.19.213.54 "GET /v2.0/subnets?id=9c45025f-f507-4fee-9f71-7aa58b4accba HTTP/1.1" status: 200 len: 899 time: 0.0273418
2026-05-12 12:39:44.464 9 INFO neutron.api.wsgi [req-b1f97c12-0800-46ef-9cdf-bf8f00fdc295 req-1a950b90-764f-4fa4-920a-ba3b9d9e77cf 5ce2567bd6444aae8502e5c696294335 0585709910514915943bf3e368a6d362 - - 47381db344db47a48704c1a03e71a1b2 47381db344db47a48704c1a03e71a1b2] 199.19.213.54 "GET /v2.0/ports?network_id=48feb46a-9663-4120-88bc-448c882021ae&device_owner=network%3Adhcp HTTP/1.1" status: 200 len: 210 time: 0.0167885
2026-05-12 12:39:44.514 9 INFO neutron.api.wsgi [req-b1f97c12-0800-46ef-9cdf-bf8f00fdc295 req-7a83fe46-ff11-4a9c-a593-473cf0c0b59f 5ce2567bd6444aae8502e5c696294335 0585709910514915943bf3e368a6d362 - - 47381db344db47a48704c1a03e71a1b2 47381db344db47a48704c1a03e71a1b2] 199.19.213.54 "GET /v2.0/networks/48feb46a-9663-4120-88bc-448c882021ae?fields=segments HTTP/1.1" status: 200 len: 212 time: 0.0430713
2026-05-12 12:39:44.566 9 INFO neutron.api.wsgi [req-b1f97c12-0800-46ef-9cdf-bf8f00fdc295 req-28a26409-0721-4532-8e8d-8bfd00a7fe6c 5ce2567bd6444aae8502e5c696294335 0585709910514915943bf3e368a6d362 - - 47381db344db47a48704c1a03e71a1b2 47381db344db47a48704c1a03e71a1b2] 199.19.213.54 "GET /v2.0/networks/48feb46a-9663-4120-88bc-448c882021ae?fields=provider%3Aphysical_network&fields=provider%3Anetwork_type HTTP/1.1" status: 200 len: 277 time: 0.0446606
2026-05-12 12:39:44.759 9 WARNING neutron_lib.context [None req-a65e5e26-55ca-49c5-b9ba-86283cbacc4a 64f9b7774c464e02ab90ada8329bc7b7 7a646a88bf784450a6af27f50fa4f3aa - - default default] Method 'is_advsvc' is deprecated since 2023.2 release (neutron-lib 3.8.0) and will be removed once support for the old RBAC API policies will be removed from Neutron. Please use method 'is_service_role' instead.
2026-05-12 12:39:44.918 9 INFO neutron.db.ovn_revision_numbers_db [None req-a65e5e26-55ca-49c5-b9ba-86283cbacc4a 64f9b7774c464e02ab90ada8329bc7b7 7a646a88bf784450a6af27f50fa4f3aa - - default default] Successfully bumped revision number for resource d1204cef-d819-4b79-ac98-4d562c75efc7 (type: security_groups) to 1
2026-05-12 12:39:44.934 9 INFO neutron.db.ovn_revision_numbers_db [None req-a65e5e26-55ca-49c5-b9ba-86283cbacc4a 64f9b7774c464e02ab90ada8329bc7b7 7a646a88bf784450a6af27f50fa4f3aa - - default default] Successfully bumped revision number for resource 3d56b5d6-03df-4d62-ac59-d2103fde4cb5 (type: security_group_rules) to 0
2026-05-12 12:39:44.956 9 INFO neutron.db.ovn_revision_numbers_db [None req-a65e5e26-55ca-49c5-b9ba-86283cbacc4a 64f9b7774c464e02ab90ada8329bc7b7 7a646a88bf784450a6af27f50fa4f3aa - - default default] Successfully bumped revision number for resource 75ef60af-249b-4449-ae49-54c8ad3d36f5 (type: security_group_rules) to 0
2026-05-12 12:39:44.971 9 INFO neutron.db.ovn_revision_numbers_db [None req-a65e5e26-55ca-49c5-b9ba-86283cbacc4a 64f9b7774c464e02ab90ada8329bc7b7 7a646a88bf784450a6af27f50fa4f3aa - - default default] Successfully bumped revision number for resource a4b1502d-008c-4cdb-99f0-05c28c195c27 (type: security_group_rules) to 0
2026-05-12 12:39:44.986 9 INFO neutron.db.ovn_revision_numbers_db [None req-a65e5e26-55ca-49c5-b9ba-86283cbacc4a 64f9b7774c464e02ab90ada8329bc7b7 7a646a88bf784450a6af27f50fa4f3aa - - default default] Successfully bumped revision number for resource af870915-ecbb-4b0f-95c9-f19b614a4f2a (type: security_group_rules) to 0
2026-05-12 12:39:45.068 9 INFO neutron.db.segments_db [None req-a65e5e26-55ca-49c5-b9ba-86283cbacc4a 64f9b7774c464e02ab90ada8329bc7b7 7a646a88bf784450a6af27f50fa4f3aa - - default default] Added segment d367c63e-2de5-429d-ac36-1b01fcc9bf9e of type geneve for network 29071bf4-bd6a-4612-8f18-8c0ba7b0f471
2026-05-12 12:39:45.139 9 INFO neutron.api.wsgi [req-7a59a2bb-ce61-4fa9-83bd-1b6f93058132 req-85907086-6f9e-4a2f-930e-092e3f1dc311 da00f3621d7345f4bb9f06a1f323269b e967b5b50dad41d1a32c56051a7f6779 - - default default] 199.19.213.54 "GET /v2.0/ports?device_id=8855dca3-a8ec-4ce7-b744-504fb0a6a567&device_owner=compute%3Anova&fixed_ips=ip_address%3D10.100.0.6 HTTP/1.1" status: 200 len: 1348 time: 0.0631373
2026-05-12 12:39:45.246 9 INFO neutron.db.ovn_revision_numbers_db [None req-a65e5e26-55ca-49c5-b9ba-86283cbacc4a 64f9b7774c464e02ab90ada8329bc7b7 7a646a88bf784450a6af27f50fa4f3aa - - default default] Successfully bumped revision number for resource 29071bf4-bd6a-4612-8f18-8c0ba7b0f471 (type: networks) to 1
2026-05-12 12:39:45.388 10 INFO neutron.api.wsgi [req-e2f6d014-4670-444f-bfd4-276f8a734704 req-0e0fd74d-bf4f-4d60-b199-9b3f72c7a26a 6a0fa76a025445feada92c64ffcc763d f41aa58f03874dfabc59d018e2100818 - - default default] 10.0.0.244 "GET /v2.0/ports?device_id=4865c6e8-ffc9-4242-a6c2-612a267ba60a HTTP/1.1" status: 200 len: 210 time: 0.0185463
2026-05-12 12:39:45.486 9 WARNING neutron.scheduler.dhcp_agent_scheduler [None req-a65e5e26-55ca-49c5-b9ba-86283cbacc4a 64f9b7774c464e02ab90ada8329bc7b7 7a646a88bf784450a6af27f50fa4f3aa - - default default] No more DHCP agents
2026-05-12 12:39:45.490 9 WARNING neutron.api.rpc.agentnotifiers.dhcp_rpc_agent_api [None req-a65e5e26-55ca-49c5-b9ba-86283cbacc4a 64f9b7774c464e02ab90ada8329bc7b7 7a646a88bf784450a6af27f50fa4f3aa - - default default] Unable to schedule network 29071bf4-bd6a-4612-8f18-8c0ba7b0f471: no agents available; will retry on subsequent port and subnet creation events.
2026-05-12 12:39:45.607 9 INFO neutron.db.ovn_revision_numbers_db [None req-a65e5e26-55ca-49c5-b9ba-86283cbacc4a 64f9b7774c464e02ab90ada8329bc7b7 7a646a88bf784450a6af27f50fa4f3aa - - default default] Successfully bumped revision number for resource 61e60bf6-b6c6-45ee-b822-63a545503469 (type: ports) to 1
2026-05-12 12:39:45.634 9 INFO neutron.db.ovn_revision_numbers_db [None req-dded8df8-2be8-4c30-8f17-d40412897377 81032ca9546749779c89b5807960a1a5 32e17c06cc9449c7b6c3253151b5a7ce - - default default] Successfully bumped revision number for resource 6b9a592a-8fa9-4b28-8658-2810207e092c (type: security_groups) to 1
2026-05-12 12:39:45.643 9 INFO neutron.api.wsgi [None req-a65e5e26-55ca-49c5-b9ba-86283cbacc4a 64f9b7774c464e02ab90ada8329bc7b7 7a646a88bf784450a6af27f50fa4f3aa - - default default] 10.0.0.120 "POST /v2.0/networks HTTP/1.1" status: 201 len: 829 time: 1.0201819
2026-05-12 12:39:45.656 9 WARNING neutron_lib.context [None req-043f5182-f4a7-4af5-aae1-923c72c4c4c5 64f9b7774c464e02ab90ada8329bc7b7 7a646a88bf784450a6af27f50fa4f3aa - - default default] Method 'is_advsvc' is deprecated since 2023.2 release (neutron-lib 3.8.0) and will be removed once support for the old RBAC API policies will be removed from Neutron. Please use method 'is_service_role' instead.
2026-05-12 12:39:45.669 9 INFO neutron.db.ovn_revision_numbers_db [None req-dded8df8-2be8-4c30-8f17-d40412897377 81032ca9546749779c89b5807960a1a5 32e17c06cc9449c7b6c3253151b5a7ce - - default default] Successfully bumped revision number for resource 919dca15-fb18-4e18-9614-67be2998977a (type: security_group_rules) to 0
2026-05-12 12:39:45.694 9 INFO neutron.db.ovn_revision_numbers_db [None req-dded8df8-2be8-4c30-8f17-d40412897377 81032ca9546749779c89b5807960a1a5 32e17c06cc9449c7b6c3253151b5a7ce - - default default] Successfully bumped revision number for resource 9b90c45d-31a8-4fb0-a4e1-77e22bffae7f (type: security_group_rules) to 0
2026-05-12 12:39:45.719 9 INFO neutron.db.ovn_revision_numbers_db [None req-dded8df8-2be8-4c30-8f17-d40412897377 81032ca9546749779c89b5807960a1a5 32e17c06cc9449c7b6c3253151b5a7ce - - default default] Successfully bumped revision number for resource a8da1dcf-0333-4459-8de7-7c27c0151916 (type: security_group_rules) to 0
2026-05-12 12:39:45.741 9 INFO neutron.db.ovn_revision_numbers_db [None req-dded8df8-2be8-4c30-8f17-d40412897377 81032ca9546749779c89b5807960a1a5 32e17c06cc9449c7b6c3253151b5a7ce - - default default] Successfully bumped revision number for resource e863a11d-2afa-4e27-816b-768c6eb9a74b (type: security_group_rules) to 0
2026-05-12 12:39:45.774 9 INFO neutron.db.segments_db [None req-043f5182-f4a7-4af5-aae1-923c72c4c4c5 64f9b7774c464e02ab90ada8329bc7b7 7a646a88bf784450a6af27f50fa4f3aa - - default default] Added segment 75d11797-e48c-44b0-8f57-0cb17bf9a318 of type geneve for network e80612a0-4607-40a8-9398-0f790195c840
2026-05-12 12:39:45.845 9 INFO neutron.db.segments_db [None req-dded8df8-2be8-4c30-8f17-d40412897377 81032ca9546749779c89b5807960a1a5 32e17c06cc9449c7b6c3253151b5a7ce - - default default] Added segment 3a5cea7a-18af-4225-b58c-87c3a4fb3609 of type geneve for network 6e649ba5-9a43-4689-aabd-5b4fe3770958
2026-05-12 12:39:45.972 9 INFO neutron.db.ovn_revision_numbers_db [None req-043f5182-f4a7-4af5-aae1-923c72c4c4c5 64f9b7774c464e02ab90ada8329bc7b7 7a646a88bf784450a6af27f50fa4f3aa - - default default] Successfully bumped revision number for resource e80612a0-4607-40a8-9398-0f790195c840 (type: networks) to 1
2026-05-12 12:39:45.989 9 INFO neutron.db.ovn_revision_numbers_db [req-7a59a2bb-ce61-4fa9-83bd-1b6f93058132 req-245299ef-66b9-48bf-b76b-52773c183e84 da00f3621d7345f4bb9f06a1f323269b e967b5b50dad41d1a32c56051a7f6779 - - default default] Successfully bumped revision number for resource 13b2f129-456d-4fb7-8874-84ea6ec3be7c (type: ports) to 7
2026-05-12 12:39:46.006 9 INFO neutron.api.wsgi [req-7a59a2bb-ce61-4fa9-83bd-1b6f93058132 req-245299ef-66b9-48bf-b76b-52773c183e84 da00f3621d7345f4bb9f06a1f323269b e967b5b50dad41d1a32c56051a7f6779 - - default default] 199.19.213.54 "PUT /v2.0/ports/13b2f129-456d-4fb7-8874-84ea6ec3be7c HTTP/1.1" status: 200 len: 1167 time: 0.8626807
2026-05-12 12:39:46.036 9 INFO neutron.db.ovn_revision_numbers_db [None req-dded8df8-2be8-4c30-8f17-d40412897377 81032ca9546749779c89b5807960a1a5 32e17c06cc9449c7b6c3253151b5a7ce - - default default] Successfully bumped revision number for resource 6e649ba5-9a43-4689-aabd-5b4fe3770958 (type: networks) to 1
2026-05-12 12:39:46.229 9 WARNING neutron.scheduler.dhcp_agent_scheduler [None req-043f5182-f4a7-4af5-aae1-923c72c4c4c5 64f9b7774c464e02ab90ada8329bc7b7 7a646a88bf784450a6af27f50fa4f3aa - - default default] No more DHCP agents
2026-05-12 12:39:46.231 9 WARNING neutron.api.rpc.agentnotifiers.dhcp_rpc_agent_api [None req-043f5182-f4a7-4af5-aae1-923c72c4c4c5 64f9b7774c464e02ab90ada8329bc7b7 7a646a88bf784450a6af27f50fa4f3aa - - default default] Unable to schedule network e80612a0-4607-40a8-9398-0f790195c840: no agents available; will retry on subsequent port and subnet creation events.
2026-05-12 12:39:46.269 9 WARNING neutron.scheduler.dhcp_agent_scheduler [None req-dded8df8-2be8-4c30-8f17-d40412897377 81032ca9546749779c89b5807960a1a5 32e17c06cc9449c7b6c3253151b5a7ce - - default default] No more DHCP agents
2026-05-12 12:39:46.271 9 WARNING neutron.api.rpc.agentnotifiers.dhcp_rpc_agent_api [None req-dded8df8-2be8-4c30-8f17-d40412897377 81032ca9546749779c89b5807960a1a5 32e17c06cc9449c7b6c3253151b5a7ce - - default default] Unable to schedule network 6e649ba5-9a43-4689-aabd-5b4fe3770958: no agents available; will retry on subsequent port and subnet creation events.
2026-05-12 12:39:46.318 9 INFO neutron.db.ovn_revision_numbers_db [None req-043f5182-f4a7-4af5-aae1-923c72c4c4c5 64f9b7774c464e02ab90ada8329bc7b7 7a646a88bf784450a6af27f50fa4f3aa - - default default] Successfully bumped revision number for resource 49205389-a7b9-4402-8c01-17afdf34b927 (type: ports) to 1
2026-05-12 12:39:46.357 9 INFO neutron.api.wsgi [None req-043f5182-f4a7-4af5-aae1-923c72c4c4c5 64f9b7774c464e02ab90ada8329bc7b7 7a646a88bf784450a6af27f50fa4f3aa - - default default] 10.0.0.120 "POST /v2.0/networks HTTP/1.1" status: 201 len: 829 time: 0.7073407
2026-05-12 12:39:46.368 9 INFO neutron.db.ovn_revision_numbers_db [None req-dded8df8-2be8-4c30-8f17-d40412897377 81032ca9546749779c89b5807960a1a5 32e17c06cc9449c7b6c3253151b5a7ce - - default default] Successfully bumped revision number for resource c6a306e8-0a64-47e5-93dc-b18133643041 (type: ports) to 1
2026-05-12 12:39:46.370 10 WARNING neutron_lib.context [None req-47404aad-c224-4432-a2f6-3fda6d8584b7 64f9b7774c464e02ab90ada8329bc7b7 7a646a88bf784450a6af27f50fa4f3aa - - default default] Method 'is_advsvc' is deprecated since 2023.2 release (neutron-lib 3.8.0) and will be removed once support for the old RBAC API policies will be removed from Neutron. Please use method 'is_service_role' instead.
2026-05-12 12:39:46.394 9 INFO neutron.api.wsgi [None req-dded8df8-2be8-4c30-8f17-d40412897377 81032ca9546749779c89b5807960a1a5 32e17c06cc9449c7b6c3253151b5a7ce - - default default] 10.0.0.120 "POST /v2.0/networks HTTP/1.1" status: 201 len: 945 time: 1.0858562 /var/lib/openstack/lib/python3.12/site-packages/pycadf/identifier.py:71: UserWarning: Invalid uuid: neutron. To ensure interoperability, identifiers should be a valid uuid. warnings.warn(('Invalid uuid: %s. To ensure interoperability, '
2026-05-12 12:39:46.450 9 INFO neutron.notifiers.nova [-] Nova event matching ['req-c9fc8952-9b6d-4e5b-a5f6-919f299e6324'] response: {'name': 'network-changed', 'server_uuid': '8855dca3-a8ec-4ce7-b744-504fb0a6a567', 'tag': '13b2f129-456d-4fb7-8874-84ea6ec3be7c', 'status': 'completed', 'code': 200}
2026-05-12 12:39:46.473 10 INFO neutron.api.wsgi [req-60e07722-4698-4ad8-b30c-8c2b48f8419c req-b99ad182-ced2-4061-be49-7840dfa4cd62 6a0fa76a025445feada92c64ffcc763d f41aa58f03874dfabc59d018e2100818 - - default default] 10.0.0.244 "GET /v2.0/ports?device_id=4865c6e8-ffc9-4242-a6c2-612a267ba60a HTTP/1.1" status: 200 len: 210 time: 0.0187721
2026-05-12 12:39:46.557 9 INFO neutron.api.wsgi [req-7a59a2bb-ce61-4fa9-83bd-1b6f93058132 req-5c2f9562-bdde-471d-a42f-ca7941fa85cb 5ce2567bd6444aae8502e5c696294335 0585709910514915943bf3e368a6d362 - - 47381db344db47a48704c1a03e71a1b2 47381db344db47a48704c1a03e71a1b2] 199.19.213.54 "GET /v2.0/ports?tenant_id=e967b5b50dad41d1a32c56051a7f6779&device_id=8855dca3-a8ec-4ce7-b744-504fb0a6a567 HTTP/1.1" status: 200 len: 1409 time: 0.0411434
2026-05-12 12:39:46.563 10 WARNING neutron.scheduler.dhcp_agent_scheduler [None req-47404aad-c224-4432-a2f6-3fda6d8584b7 64f9b7774c464e02ab90ada8329bc7b7 7a646a88bf784450a6af27f50fa4f3aa - - default default] No more DHCP agents
2026-05-12 12:39:46.564 10 WARNING neutron.api.rpc.agentnotifiers.dhcp_rpc_agent_api [None req-47404aad-c224-4432-a2f6-3fda6d8584b7 64f9b7774c464e02ab90ada8329bc7b7 7a646a88bf784450a6af27f50fa4f3aa - - default default] Unable to schedule network 29071bf4-bd6a-4612-8f18-8c0ba7b0f471: no agents available; will retry on subsequent port and subnet creation events.
2026-05-12 12:39:46.591 9 WARNING neutron.scheduler.dhcp_agent_scheduler [None req-cf2a36ee-8a6b-456c-ada6-099a0225a62f 81032ca9546749779c89b5807960a1a5 32e17c06cc9449c7b6c3253151b5a7ce - - default default] No more DHCP agents
2026-05-12 12:39:46.592 9 WARNING neutron.api.rpc.agentnotifiers.dhcp_rpc_agent_api [None req-cf2a36ee-8a6b-456c-ada6-099a0225a62f 81032ca9546749779c89b5807960a1a5 32e17c06cc9449c7b6c3253151b5a7ce - - default default] Unable to schedule network 6e649ba5-9a43-4689-aabd-5b4fe3770958: no agents available; will retry on subsequent port and subnet creation events.
2026-05-12 12:39:46.624 9 INFO neutron.api.wsgi [req-7a59a2bb-ce61-4fa9-83bd-1b6f93058132 req-e34047e2-f48d-4c25-b88a-88eaddee18b7 5ce2567bd6444aae8502e5c696294335 0585709910514915943bf3e368a6d362 - - 47381db344db47a48704c1a03e71a1b2 47381db344db47a48704c1a03e71a1b2] 199.19.213.54 "GET /v2.0/networks?id=48feb46a-9663-4120-88bc-448c882021ae HTTP/1.1" status: 200 len: 980 time: 0.0603304
2026-05-12 12:39:46.671 9 INFO neutron.api.wsgi [req-7a59a2bb-ce61-4fa9-83bd-1b6f93058132 req-655cfcb7-ef0b-46ae-9291-d313d042f89c 5ce2567bd6444aae8502e5c696294335 0585709910514915943bf3e368a6d362 - - 47381db344db47a48704c1a03e71a1b2 47381db344db47a48704c1a03e71a1b2] 199.19.213.54 "GET /v2.0/floatingips?fixed_ip_address=10.100.0.8&port_id=13b2f129-456d-4fb7-8874-84ea6ec3be7c HTTP/1.1" status: 200 len: 1059 time: 0.0404062
2026-05-12 12:39:46.714 9 INFO neutron.api.wsgi [req-7a59a2bb-ce61-4fa9-83bd-1b6f93058132 req-ecb3c929-0997-4380-ab59-3dffcb1a6699 5ce2567bd6444aae8502e5c696294335 0585709910514915943bf3e368a6d362 - - 47381db344db47a48704c1a03e71a1b2 47381db344db47a48704c1a03e71a1b2] 199.19.213.54 "GET /v2.0/subnets?id=9c45025f-f507-4fee-9f71-7aa58b4accba HTTP/1.1" status: 200 len: 899 time: 0.0331285
2026-05-12 12:39:46.737 9 INFO neutron.api.wsgi [req-7a59a2bb-ce61-4fa9-83bd-1b6f93058132 req-aa60768f-2bbf-44c7-86bb-91ecf09a5617 5ce2567bd6444aae8502e5c696294335 0585709910514915943bf3e368a6d362 - - 47381db344db47a48704c1a03e71a1b2 47381db344db47a48704c1a03e71a1b2] 199.19.213.54 "GET /v2.0/ports?network_id=48feb46a-9663-4120-88bc-448c882021ae&device_owner=network%3Adhcp HTTP/1.1" status: 200 len: 210 time: 0.0180361
2026-05-12 12:39:46.811 9 INFO neutron.api.wsgi [req-7a59a2bb-ce61-4fa9-83bd-1b6f93058132 req-9aa35bc2-5c95-4c93-bf96-04df39696bb2 5ce2567bd6444aae8502e5c696294335 0585709910514915943bf3e368a6d362 - - 47381db344db47a48704c1a03e71a1b2 47381db344db47a48704c1a03e71a1b2] 199.19.213.54 "GET /v2.0/networks/48feb46a-9663-4120-88bc-448c882021ae?fields=segments HTTP/1.1" status: 200 len: 212 time: 0.0689018
2026-05-12 12:39:46.867 9 INFO neutron.api.wsgi [req-7a59a2bb-ce61-4fa9-83bd-1b6f93058132 req-a59de930-41c0-4b03-8481-f36a931d5624 5ce2567bd6444aae8502e5c696294335 0585709910514915943bf3e368a6d362 - - 47381db344db47a48704c1a03e71a1b2 47381db344db47a48704c1a03e71a1b2] 199.19.213.54 "GET /v2.0/networks/48feb46a-9663-4120-88bc-448c882021ae?fields=provider%3Aphysical_network&fields=provider%3Anetwork_type HTTP/1.1" status: 200 len: 277 time: 0.0474033
2026-05-12 12:39:47.045 10 INFO neutron.db.ovn_revision_numbers_db [None req-3853d74d-a333-40cd-9e42-cfafd60e7fbb - - - - - -] Successfully bumped revision number for resource 61e60bf6-b6c6-45ee-b822-63a545503469 (type: ports) to 2
2026-05-12 12:39:47.083 10 INFO neutron.db.ovn_revision_numbers_db [None req-3853d74d-a333-40cd-9e42-cfafd60e7fbb - - - - - -] Successfully bumped revision number for resource 40ae09cd-1dcc-4b11-8378-1f58ddcbb7e3 (type: subnets) to 0
2026-05-12 12:39:47.104 10 INFO neutron.api.wsgi [None req-47404aad-c224-4432-a2f6-3fda6d8584b7 64f9b7774c464e02ab90ada8329bc7b7 7a646a88bf784450a6af27f50fa4f3aa - - default default] 10.0.0.120 "POST /v2.0/subnets HTTP/1.1" status: 201 len: 825 time: 0.7420826
2026-05-12 12:39:47.114 10 WARNING neutron_lib.context [None req-1b668871-99ea-483a-b188-493ee8d4751f 64f9b7774c464e02ab90ada8329bc7b7 7a646a88bf784450a6af27f50fa4f3aa - - default default] Method 'is_advsvc' is deprecated since 2023.2 release (neutron-lib 3.8.0) and will be removed once support for the old RBAC API policies will be removed from Neutron. Please use method 'is_service_role' instead.
2026-05-12 12:39:47.153 9 INFO neutron.db.ovn_revision_numbers_db [None req-22079d77-9d89-40d1-9052-b4648f41f55a - - - - - -] Successfully bumped revision number for resource c6a306e8-0a64-47e5-93dc-b18133643041 (type: ports) to 2
2026-05-12 12:39:47.188 9 INFO neutron.db.ovn_revision_numbers_db [None req-22079d77-9d89-40d1-9052-b4648f41f55a - - - - - -] Successfully bumped revision number for resource d7a11d0f-646b-45b8-a528-b01f26180a1c (type: subnets) to 0
2026-05-12 12:39:47.207 9 INFO neutron.api.wsgi [None req-cf2a36ee-8a6b-456c-ada6-099a0225a62f 81032ca9546749779c89b5807960a1a5 32e17c06cc9449c7b6c3253151b5a7ce - - default default] 10.0.0.120 "POST /v2.0/subnets HTTP/1.1" status: 201 len: 889 time: 0.8071408
2026-05-12 12:39:47.387 10 WARNING neutron.scheduler.dhcp_agent_scheduler [None req-1b668871-99ea-483a-b188-493ee8d4751f 64f9b7774c464e02ab90ada8329bc7b7 7a646a88bf784450a6af27f50fa4f3aa - - default default] No more DHCP agents
2026-05-12 12:39:47.390 10 WARNING neutron.api.rpc.agentnotifiers.dhcp_rpc_agent_api [None req-1b668871-99ea-483a-b188-493ee8d4751f 64f9b7774c464e02ab90ada8329bc7b7 7a646a88bf784450a6af27f50fa4f3aa - - default default] Unable to schedule network e80612a0-4607-40a8-9398-0f790195c840: no agents available; will retry on subsequent port and subnet creation events.
2026-05-12 12:39:47.746 9 INFO neutron.api.wsgi [None req-dcf0d0fb-08a8-4c6a-b017-b7468dec41f7 6a0fa76a025445feada92c64ffcc763d f41aa58f03874dfabc59d018e2100818 - - default default] 10.0.0.120 "DELETE /v2.0/security-groups/838658e5-03dd-47d7-84e6-6f10b4319e99 HTTP/1.1" status: 204 len: 168 time: 0.1355743
2026-05-12 12:39:47.762 9 INFO neutron.api.v2.resource [None req-1d76a421-89eb-49f4-8589-f9b1da5ec2c0 6a0fa76a025445feada92c64ffcc763d f41aa58f03874dfabc59d018e2100818 - - default default] show failed (client error): The resource could not be found.
2026-05-12 12:39:47.763 9 INFO neutron.api.wsgi [None req-1d76a421-89eb-49f4-8589-f9b1da5ec2c0 6a0fa76a025445feada92c64ffcc763d f41aa58f03874dfabc59d018e2100818 - - default default] 10.0.0.120 "GET /v2.0/security-groups/838658e5-03dd-47d7-84e6-6f10b4319e99 HTTP/1.1" status: 404 len: 347 time: 0.0115685
2026-05-12 12:39:47.766 10 INFO neutron.api.wsgi [req-a5f44eaf-8df7-402d-b872-589dac2b8d5c req-6a2d9db3-aec4-4b6b-b1cd-03dc6603d03b da00f3621d7345f4bb9f06a1f323269b e967b5b50dad41d1a32c56051a7f6779 - - default default] 10.0.0.244 "GET /v2.0/ports?device_id=8855dca3-a8ec-4ce7-b744-504fb0a6a567 HTTP/1.1" status: 200 len: 1170 time: 0.1473722
2026-05-12 12:39:47.812 10 WARNING neutron.scheduler.dhcp_agent_scheduler [None req-f678ee30-2459-4c93-9667-cf84b555a9d9 81032ca9546749779c89b5807960a1a5 32e17c06cc9449c7b6c3253151b5a7ce - - default default] No more DHCP agents
2026-05-12 12:39:47.815 10 WARNING neutron.api.rpc.agentnotifiers.dhcp_rpc_agent_api [None req-f678ee30-2459-4c93-9667-cf84b555a9d9 81032ca9546749779c89b5807960a1a5 32e17c06cc9449c7b6c3253151b5a7ce - - default default] Unable to schedule network 21c26207-72a1-4f08-9de0-efc892f7f37c: no agents available; will retry on subsequent port and subnet creation events.
2026-05-12 12:39:47.819 10 INFO neutron.api.wsgi [req-a5f44eaf-8df7-402d-b872-589dac2b8d5c req-7f2ea075-a97e-416b-b64e-86d0b4c9847d da00f3621d7345f4bb9f06a1f323269b e967b5b50dad41d1a32c56051a7f6779 - - default default] 10.0.0.244 "GET /v2.0/security-groups?id=eacdc555-7ab4-4931-955a-a3f10f72a405&fields=id&fields=name HTTP/1.1" status: 200 len: 313 time: 0.0476937
2026-05-12 12:39:47.927 9 INFO neutron.api.wsgi [req-e053b723-8b79-4176-8e02-9820cfe1becd req-b15a671a-f172-4666-b8c3-5c6ff2fe1545 5ce2567bd6444aae8502e5c696294335 0585709910514915943bf3e368a6d362 - - 47381db344db47a48704c1a03e71a1b2 47381db344db47a48704c1a03e71a1b2] 199.19.213.54 "GET /v2.0/ports?tenant_id=e967b5b50dad41d1a32c56051a7f6779&device_id=8855dca3-a8ec-4ce7-b744-504fb0a6a567 HTTP/1.1" status: 200 len: 1409 time: 0.0392098
2026-05-12 12:39:47.975 10 INFO neutron.db.ovn_revision_numbers_db [None req-f678ee30-2459-4c93-9667-cf84b555a9d9 81032ca9546749779c89b5807960a1a5 32e17c06cc9449c7b6c3253151b5a7ce - - default default] Successfully bumped revision number for resource 6c53f37f-3c4f-4262-b364-6e761c57f2f8 (type: ports) to 1
2026-05-12 12:39:48.002 9 INFO neutron.api.wsgi [req-e053b723-8b79-4176-8e02-9820cfe1becd req-7c0b920e-c6dd-4fee-a4ac-00abdda7a2d5 5ce2567bd6444aae8502e5c696294335 0585709910514915943bf3e368a6d362 - - 47381db344db47a48704c1a03e71a1b2 47381db344db47a48704c1a03e71a1b2] 199.19.213.54 "GET /v2.0/networks?id=48feb46a-9663-4120-88bc-448c882021ae HTTP/1.1" status: 200 len: 980 time: 0.0707822
2026-05-12 12:39:48.029 10 INFO neutron.db.ovn_revision_numbers_db [None req-48284089-6aa3-4fb9-98ff-af09009b2e15 - - - - - -] Successfully bumped revision number for resource 49205389-a7b9-4402-8c01-17afdf34b927 (type: ports) to 2
2026-05-12 12:39:48.094 10 INFO neutron.db.ovn_revision_numbers_db [None req-48284089-6aa3-4fb9-98ff-af09009b2e15 - - - - - -] Successfully bumped revision number for resource 8f467a2a-aafd-4899-9697-157f2453c649 (type: subnets) to 0
2026-05-12 12:39:48.112 10 INFO neutron.api.wsgi [None req-1b668871-99ea-483a-b188-493ee8d4751f 64f9b7774c464e02ab90ada8329bc7b7 7a646a88bf784450a6af27f50fa4f3aa - - default default] 10.0.0.120 "POST /v2.0/subnets HTTP/1.1" status: 201 len: 825 time: 1.0018668
2026-05-12 12:39:48.124 10 WARNING neutron_lib.context [None req-462af5aa-2b07-4de5-8e32-9e7a00e3c839 64f9b7774c464e02ab90ada8329bc7b7 7a646a88bf784450a6af27f50fa4f3aa - - default default] Method 'is_advsvc' is deprecated since 2023.2 release (neutron-lib 3.8.0) and will be removed once support for the old RBAC API policies will be removed from Neutron. Please use method 'is_service_role' instead.
2026-05-12 12:39:48.188 10 INFO neutron.plugins.ml2.drivers.ovn.mech_driver.mech_driver [None req-379ea4a2-93aa-407f-ba65-12dbc3d840b1 - - - - - -] OVN reports status down for port: 13b2f129-456d-4fb7-8874-84ea6ec3be7c
2026-05-12 12:39:48.288 10 INFO neutron.db.ovn_revision_numbers_db [None req-462af5aa-2b07-4de5-8e32-9e7a00e3c839 64f9b7774c464e02ab90ada8329bc7b7 7a646a88bf784450a6af27f50fa4f3aa - - default default] Successfully bumped revision number for resource 84a6d556-844d-4c65-93f1-519d42cadaf2 (type: routers) to 1
2026-05-12 12:39:48.322 10 INFO neutron.api.wsgi [None req-462af5aa-2b07-4de5-8e32-9e7a00e3c839 64f9b7774c464e02ab90ada8329bc7b7 7a646a88bf784450a6af27f50fa4f3aa - - default default] 10.0.0.120 "POST /v2.0/routers HTTP/1.1" status: 201 len: 802 time: 0.2020547
2026-05-12 12:39:48.360 9 INFO neutron.api.wsgi [req-e053b723-8b79-4176-8e02-9820cfe1becd req-18ba08aa-6061-436f-b419-bd226024a92b 5ce2567bd6444aae8502e5c696294335 0585709910514915943bf3e368a6d362 - - 47381db344db47a48704c1a03e71a1b2 47381db344db47a48704c1a03e71a1b2] 199.19.213.54 "GET /v2.0/floatingips?fixed_ip_address=10.100.0.8&port_id=13b2f129-456d-4fb7-8874-84ea6ec3be7c HTTP/1.1" status: 200 len: 1059 time: 0.3505578
2026-05-12 12:39:48.398 9 INFO neutron.api.wsgi [req-e053b723-8b79-4176-8e02-9820cfe1becd req-4d6fa9f5-5822-4a90-8c6f-4ad45437d0ac 5ce2567bd6444aae8502e5c696294335 0585709910514915943bf3e368a6d362 - - 47381db344db47a48704c1a03e71a1b2 47381db344db47a48704c1a03e71a1b2] 199.19.213.54 "GET /v2.0/subnets?id=9c45025f-f507-4fee-9f71-7aa58b4accba HTTP/1.1" status: 200 len: 899 time: 0.0327706
2026-05-12 12:39:48.423 9 INFO neutron.api.wsgi [req-e053b723-8b79-4176-8e02-9820cfe1becd req-dd081e35-2912-44cb-a75a-b46890586f9b 5ce2567bd6444aae8502e5c696294335 0585709910514915943bf3e368a6d362 - - 47381db344db47a48704c1a03e71a1b2 47381db344db47a48704c1a03e71a1b2] 199.19.213.54 "GET /v2.0/ports?network_id=48feb46a-9663-4120-88bc-448c882021ae&device_owner=network%3Adhcp HTTP/1.1" status: 200 len: 210 time: 0.0177951
2026-05-12 12:39:48.466 9 INFO neutron.api.wsgi [None req-6f121b17-eba8-4e85-bb39-0419cc48f32c 6a0fa76a025445feada92c64ffcc763d f41aa58f03874dfabc59d018e2100818 - - default default] 10.0.0.120 "DELETE /v2.0/floatingips/089c6f60-ff57-42be-a284-400fe5e6ec83 HTTP/1.1" status: 204 len: 168 time: 0.6986332
2026-05-12 12:39:48.496 10 INFO neutron.notifiers.nova [-] Nova event matching ['req-782993dc-6b05-45ca-845a-38706bf47214'] response: {'server_uuid': '8855dca3-a8ec-4ce7-b744-504fb0a6a567', 'name': 'network-vif-unplugged', 'status': 'completed', 'tag': '13b2f129-456d-4fb7-8874-84ea6ec3be7c', 'code': 200}
2026-05-12 12:39:48.522 9 INFO neutron.api.wsgi [req-e053b723-8b79-4176-8e02-9820cfe1becd req-1f7c1e1a-af67-4b45-960e-5c670e17e37a 5ce2567bd6444aae8502e5c696294335 0585709910514915943bf3e368a6d362 - - 47381db344db47a48704c1a03e71a1b2 47381db344db47a48704c1a03e71a1b2] 199.19.213.54 "GET /v2.0/networks/48feb46a-9663-4120-88bc-448c882021ae?fields=segments HTTP/1.1" status: 200 len: 212 time: 0.0884957
2026-05-12 12:39:48.571 9 INFO neutron.api.wsgi [req-e053b723-8b79-4176-8e02-9820cfe1becd req-74a3271e-cb1e-4b92-8a83-45b7d76ec4a4 5ce2567bd6444aae8502e5c696294335 0585709910514915943bf3e368a6d362 - - 47381db344db47a48704c1a03e71a1b2 47381db344db47a48704c1a03e71a1b2] 199.19.213.54 "GET /v2.0/networks/48feb46a-9663-4120-88bc-448c882021ae?fields=provider%3Aphysical_network&fields=provider%3Anetwork_type HTTP/1.1" status: 200 len: 277 time: 0.0462744
2026-05-12 12:39:49.136 10 INFO neutron.api.wsgi [req-09c90114-feab-4d08-bc47-f4655988a8a8 req-977b2e4d-ddd6-4a93-bf1e-93a1d0e95954 da00f3621d7345f4bb9f06a1f323269b e967b5b50dad41d1a32c56051a7f6779 - - default default] 10.0.0.244 "GET /v2.0/ports?device_id=8855dca3-a8ec-4ce7-b744-504fb0a6a567 HTTP/1.1" status: 200 len: 1168 time: 0.0891283
2026-05-12 12:39:49.241 10 INFO neutron.db.ovn_revision_numbers_db [None req-379ea4a2-93aa-407f-ba65-12dbc3d840b1 - - - - - -] Successfully bumped revision number for resource 13b2f129-456d-4fb7-8874-84ea6ec3be7c (type: ports) to 8
2026-05-12 12:39:49.248 10 INFO neutron.api.wsgi [req-09c90114-feab-4d08-bc47-f4655988a8a8 req-8d7dca83-8c51-4939-8afb-d861862360a8 da00f3621d7345f4bb9f06a1f323269b e967b5b50dad41d1a32c56051a7f6779 - - default default] 10.0.0.244 "GET /v2.0/security-groups?id=eacdc555-7ab4-4931-955a-a3f10f72a405&fields=id&fields=name HTTP/1.1" status: 200 len: 313 time: 0.0998657
2026-05-12 12:39:49.418 10 WARNING neutron.scheduler.dhcp_agent_scheduler [None req-8511a838-69e8-4759-b0b7-b3de8e85ec42 64f9b7774c464e02ab90ada8329bc7b7 7a646a88bf784450a6af27f50fa4f3aa - - default default] No more DHCP agents
2026-05-12 12:39:49.424 10 WARNING neutron.api.rpc.agentnotifiers.dhcp_rpc_agent_api [None req-8511a838-69e8-4759-b0b7-b3de8e85ec42 64f9b7774c464e02ab90ada8329bc7b7 7a646a88bf784450a6af27f50fa4f3aa - - default default] Unable to schedule network 29071bf4-bd6a-4612-8f18-8c0ba7b0f471: no agents available; will retry on subsequent port and subnet creation events.
2026-05-12 12:39:49.457 9 INFO neutron.api.wsgi [req-73e0d06b-9748-4459-a152-893d8a1318ad req-21af2935-bd60-4fe1-a00f-ce6a62a1b521 da00f3621d7345f4bb9f06a1f323269b e967b5b50dad41d1a32c56051a7f6779 - - default default] 199.19.213.54 "GET /v2.0/ports?device_id=8855dca3-a8ec-4ce7-b744-504fb0a6a567 HTTP/1.1" status: 200 len: 1168 time: 0.0811827
2026-05-12 12:39:49.529 10 INFO neutron.plugins.ml2.drivers.ovn.mech_driver.ovsdb.commands [None req-afde4e88-f316-4b5e-9444-45bf54fc070c - - - - - -] Schedule LRP lrp-6c53f37f-3c4f-4262-b364-6e761c57f2f8 on gateway aa54491d-9319-4127-9ea3-129af324942d with priority 1
2026-05-12 12:39:49.537 10 INFO neutron.plugins.ml2.drivers.ovn.mech_driver.mech_driver [None req-1dc7b644-e8c5-42a8-9b8b-1c7525dcb64f - - - - - -] OVN reports status up for port: 6c53f37f-3c4f-4262-b364-6e761c57f2f8
2026-05-12 12:39:49.554 10 INFO neutron.plugins.ml2.drivers.ovn.mech_driver.ovsdb.ovsdb_monitor [None req-d0131d5e-7fcb-4bec-83c2-5c5b370c9cb6 - - - - - -] Router 7ce68c8d-2932-49b7-b6ee-2cda41478d0f is bound to host instance
2026-05-12 12:39:49.566 9 INFO neutron.api.wsgi [-] 10.0.0.36 "GET / HTTP/1.1" status: 200 len: 247 time: 0.0016191
2026-05-12 12:39:49.567 9 INFO neutron.api.wsgi [-] 10.0.0.36 "GET / HTTP/1.1" status: 200 len: 247 time: 0.0010519
2026-05-12 12:39:49.585 10 INFO neutron.plugins.ml2.plugin [None req-1dc7b644-e8c5-42a8-9b8b-1c7525dcb64f - - - - - -] Attempt 1 to provision port 6c53f37f-3c4f-4262-b364-6e761c57f2f8
2026-05-12 12:39:49.649 10 INFO neutron.db.ovn_revision_numbers_db [None req-f678ee30-2459-4c93-9667-cf84b555a9d9 81032ca9546749779c89b5807960a1a5 32e17c06cc9449c7b6c3253151b5a7ce - - default default] Successfully bumped revision number for resource 6c53f37f-3c4f-4262-b364-6e761c57f2f8 (type: router_ports) to 1
2026-05-12 12:39:49.785 10 INFO neutron.db.ovn_revision_numbers_db [None req-8511a838-69e8-4759-b0b7-b3de8e85ec42 64f9b7774c464e02ab90ada8329bc7b7 7a646a88bf784450a6af27f50fa4f3aa - - default default] Successfully bumped revision number for resource 00b122a5-faa7-4172-b1bf-6bc23861a9f1 (type: ports) to 1
2026-05-12 12:39:49.812 10 INFO neutron.db.ovn_revision_numbers_db [None req-f678ee30-2459-4c93-9667-cf84b555a9d9 81032ca9546749779c89b5807960a1a5 32e17c06cc9449c7b6c3253151b5a7ce - - default default] Successfully bumped revision number for resource 7ce68c8d-2932-49b7-b6ee-2cda41478d0f (type: routers) to 2
2026-05-12 12:39:49.870 10 INFO neutron.api.wsgi [None req-f678ee30-2459-4c93-9667-cf84b555a9d9 81032ca9546749779c89b5807960a1a5 32e17c06cc9449c7b6c3253151b5a7ce - - default default] 10.0.0.120 "POST /v2.0/routers HTTP/1.1" status: 201 len: 1167 time: 2.6575332 /var/lib/openstack/lib/python3.12/site-packages/pycadf/identifier.py:71: UserWarning: Invalid uuid: neutron. To ensure interoperability, identifiers should be a valid uuid. warnings.warn(('Invalid uuid: %s. To ensure interoperability, '
2026-05-12 12:39:49.903 9 INFO neutron.db.l3_db [req-73e0d06b-9748-4459-a152-893d8a1318ad req-a112c215-36db-4d27-bedd-133e659d6082 da00f3621d7345f4bb9f06a1f323269b e967b5b50dad41d1a32c56051a7f6779 - - default default] Floating IP 074749e3-fd1f-40d9-a657-451cecc905d6 disassociated. External IP: 10.96.250.201, port: 13b2f129-456d-4fb7-8874-84ea6ec3be7c.
2026-05-12 12:39:50.103 9 INFO neutron.api.wsgi [req-73e0d06b-9748-4459-a152-893d8a1318ad req-a112c215-36db-4d27-bedd-133e659d6082 da00f3621d7345f4bb9f06a1f323269b e967b5b50dad41d1a32c56051a7f6779 - - default default] 199.19.213.54 "DELETE /v2.0/ports/13b2f129-456d-4fb7-8874-84ea6ec3be7c HTTP/1.1" status: 204 len: 173 time: 0.6422918
2026-05-12 12:39:50.149 9 INFO neutron.notifiers.nova [-] Nova event matching ['req-2a64f3a7-28f6-41a8-9364-943e6347c9d3'] response: {'server_uuid': '8855dca3-a8ec-4ce7-b744-504fb0a6a567', 'name': 'network-vif-deleted', 'tag': '13b2f129-456d-4fb7-8874-84ea6ec3be7c', 'status': 'completed', 'code': 200} /var/lib/openstack/lib/python3.12/site-packages/pycadf/identifier.py:71: UserWarning: Invalid uuid: neutron. To ensure interoperability, identifiers should be a valid uuid. warnings.warn(('Invalid uuid: %s. To ensure interoperability, '
2026-05-12 12:39:50.360 10 INFO neutron.api.wsgi [req-7ebefa4c-45dc-4273-b883-ea11c17aa2dd req-a7caefac-fedb-4780-91ce-77630f615aab da00f3621d7345f4bb9f06a1f323269b e967b5b50dad41d1a32c56051a7f6779 - - default default] 10.0.0.244 "GET /v2.0/ports?device_id=8855dca3-a8ec-4ce7-b744-504fb0a6a567 HTTP/1.1" status: 200 len: 210 time: 0.0350862
2026-05-12 12:39:50.453 9 WARNING neutron.scheduler.dhcp_agent_scheduler [None req-214e87ba-11db-424d-a4f8-47d692cec182 81032ca9546749779c89b5807960a1a5 32e17c06cc9449c7b6c3253151b5a7ce - - default default] No more DHCP agents
2026-05-12 12:39:50.455 9 WARNING neutron.api.rpc.agentnotifiers.dhcp_rpc_agent_api [None req-214e87ba-11db-424d-a4f8-47d692cec182 81032ca9546749779c89b5807960a1a5 32e17c06cc9449c7b6c3253151b5a7ce - - default default] Unable to schedule network 6e649ba5-9a43-4689-aabd-5b4fe3770958: no agents available; will retry on subsequent port and subnet creation events.
2026-05-12 12:39:50.534 10 INFO neutron.notifiers.nova [-] Nova event matching ['req-575f1e14-1c23-42ad-946e-00a9e8288d7c'] response: {'server_uuid': '8855dca3-a8ec-4ce7-b744-504fb0a6a567', 'name': 'network-vif-unplugged', 'status': 'completed', 'tag': '13b2f129-456d-4fb7-8874-84ea6ec3be7c', 'code': 200}
2026-05-12 12:39:50.610 9 INFO neutron.db.ovn_revision_numbers_db [None req-214e87ba-11db-424d-a4f8-47d692cec182 81032ca9546749779c89b5807960a1a5 32e17c06cc9449c7b6c3253151b5a7ce - - default default] Successfully bumped revision number for resource ff7ea8c0-01cd-49af-8ca6-746c29ff5b71 (type: ports) to 1
2026-05-12 12:39:50.619 10 INFO neutron.db.ovn_revision_numbers_db [None req-3b982353-d7b9-4b11-8711-e9b539ab57ef - - - - - -] Successfully bumped revision number for resource 6c53f37f-3c4f-4262-b364-6e761c57f2f8 (type: ports) to 1
2026-05-12 12:39:50.739 9 INFO neutron.plugins.ml2.drivers.ovn.mech_driver.mech_driver [None req-c64086ff-4d4a-49b1-bdee-9b62a086cd76 - - - - - -] OVN reports status up for port: 00b122a5-faa7-4172-b1bf-6bc23861a9f1
2026-05-12 12:39:50.759 9 INFO neutron.plugins.ml2.plugin [None req-c64086ff-4d4a-49b1-bdee-9b62a086cd76 - - - - - -] Attempt 1 to provision port 00b122a5-faa7-4172-b1bf-6bc23861a9f1
2026-05-12 12:39:50.779 10 INFO neutron.db.ovn_revision_numbers_db [None req-8511a838-69e8-4759-b0b7-b3de8e85ec42 64f9b7774c464e02ab90ada8329bc7b7 7a646a88bf784450a6af27f50fa4f3aa - - default default] Successfully bumped revision number for resource 00b122a5-faa7-4172-b1bf-6bc23861a9f1 (type: ports) to 1
2026-05-12 12:39:50.896 10 WARNING neutron.scheduler.dhcp_agent_scheduler [None req-8511a838-69e8-4759-b0b7-b3de8e85ec42 64f9b7774c464e02ab90ada8329bc7b7 7a646a88bf784450a6af27f50fa4f3aa - - default default] No more DHCP agents
2026-05-12 12:39:50.901 10 WARNING neutron.api.rpc.agentnotifiers.dhcp_rpc_agent_api [None req-8511a838-69e8-4759-b0b7-b3de8e85ec42 64f9b7774c464e02ab90ada8329bc7b7 7a646a88bf784450a6af27f50fa4f3aa - - default default] Unable to schedule network 29071bf4-bd6a-4612-8f18-8c0ba7b0f471: no agents available; will retry on subsequent port and subnet creation events.
2026-05-12 12:39:51.223 10 INFO neutron.api.wsgi [None req-45edc076-4e23-4b91-afb3-768f2a2a377e 81032ca9546749779c89b5807960a1a5 32e17c06cc9449c7b6c3253151b5a7ce - - default default] 10.0.0.120 "PUT /v2.0/routers/7fdd05cd-a352-4e4b-83fc-18a3dd1ba06f/remove_router_interface HTTP/1.1" status: 200 len: 503 time: 2.7488308 /var/lib/openstack/lib/python3.12/site-packages/pycadf/identifier.py:71: UserWarning: Invalid uuid: neutron. To ensure interoperability, identifiers should be a valid uuid. warnings.warn(('Invalid uuid: %s. To ensure interoperability, '
2026-05-12 12:39:51.270 9 INFO neutron.db.ovn_revision_numbers_db [None req-c64086ff-4d4a-49b1-bdee-9b62a086cd76 - - - - - -] Successfully bumped revision number for resource 00b122a5-faa7-4172-b1bf-6bc23861a9f1 (type: ports) to 2
2026-05-12 12:39:51.297 10 INFO neutron.db.ovn_revision_numbers_db [None req-8511a838-69e8-4759-b0b7-b3de8e85ec42 64f9b7774c464e02ab90ada8329bc7b7 7a646a88bf784450a6af27f50fa4f3aa - - default default] Successfully bumped revision number for resource 00b122a5-faa7-4172-b1bf-6bc23861a9f1 (type: router_ports) to 1
2026-05-12 12:39:51.459 9 INFO neutron.db.ovn_revision_numbers_db [None req-214e87ba-11db-424d-a4f8-47d692cec182 81032ca9546749779c89b5807960a1a5 32e17c06cc9449c7b6c3253151b5a7ce - - default default] Successfully bumped revision number for resource ff7ea8c0-01cd-49af-8ca6-746c29ff5b71 (type: ports) to 1
2026-05-12 12:39:51.519 9 WARNING neutron.scheduler.dhcp_agent_scheduler [None req-214e87ba-11db-424d-a4f8-47d692cec182 81032ca9546749779c89b5807960a1a5 32e17c06cc9449c7b6c3253151b5a7ce - - default default] No more DHCP agents
2026-05-12 12:39:51.521 9 WARNING neutron.api.rpc.agentnotifiers.dhcp_rpc_agent_api [None req-214e87ba-11db-424d-a4f8-47d692cec182 81032ca9546749779c89b5807960a1a5 32e17c06cc9449c7b6c3253151b5a7ce - - default default] Unable to schedule network 6e649ba5-9a43-4689-aabd-5b4fe3770958: no agents available; will retry on subsequent port and subnet creation events.
2026-05-12 12:39:51.544 10 INFO neutron.api.wsgi [None req-8511a838-69e8-4759-b0b7-b3de8e85ec42 64f9b7774c464e02ab90ada8329bc7b7 7a646a88bf784450a6af27f50fa4f3aa - - default default] 10.0.0.120 "PUT /v2.0/routers/84a6d556-844d-4c65-93f1-519d42cadaf2/add_router_interface HTTP/1.1" status: 200 len: 503 time: 3.2174489
2026-05-12 12:39:51.569 10 INFO neutron.api.wsgi [req-45728184-5764-4492-a85d-7a51f16aefb8 req-3ba43e03-15bb-45b7-b3b5-6de228f085ed da00f3621d7345f4bb9f06a1f323269b e967b5b50dad41d1a32c56051a7f6779 - - default default] 10.0.0.244 "GET /v2.0/ports?device_id=8855dca3-a8ec-4ce7-b744-504fb0a6a567 HTTP/1.1" status: 200 len: 210 time: 0.0284023
2026-05-12 12:39:51.586 10 INFO neutron.db.ovn_revision_numbers_db [None req-3b982353-d7b9-4b11-8711-e9b539ab57ef - - - - - -] Successfully bumped revision number for resource 6c53f37f-3c4f-4262-b364-6e761c57f2f8 (type: ports) to 4
2026-05-12 12:39:51.658 9 INFO neutron.api.wsgi [None req-adce5ae9-6595-41ee-a4f7-826cafb23896 64f9b7774c464e02ab90ada8329bc7b7 7a646a88bf784450a6af27f50fa4f3aa - - default default] 10.0.0.120 "GET /v2.0/ports/00b122a5-faa7-4172-b1bf-6bc23861a9f1 HTTP/1.1" status: 200 len: 1137 time: 0.1093104
2026-05-12 12:39:52.033 10 INFO neutron.db.ovn_revision_numbers_db [None req-3b982353-d7b9-4b11-8711-e9b539ab57ef - - - - - -] Successfully bumped revision number for resource 6c53f37f-3c4f-4262-b364-6e761c57f2f8 (type: ports) to 5
2026-05-12 12:39:52.311 9 WARNING neutron.scheduler.dhcp_agent_scheduler [None req-d324fad1-4a36-4993-8407-74479e5d97db 64f9b7774c464e02ab90ada8329bc7b7 7a646a88bf784450a6af27f50fa4f3aa - - default default] No more DHCP agents
2026-05-12 12:39:52.313 9 WARNING neutron.api.rpc.agentnotifiers.dhcp_rpc_agent_api [None req-d324fad1-4a36-4993-8407-74479e5d97db 64f9b7774c464e02ab90ada8329bc7b7 7a646a88bf784450a6af27f50fa4f3aa - - default default] Unable to schedule network e80612a0-4607-40a8-9398-0f790195c840: no agents available; will retry on subsequent port and subnet creation events.
2026-05-12 12:39:52.377 10 INFO neutron.api.wsgi [None req-00538bec-70c7-44c7-8969-4191916cc5ad 81032ca9546749779c89b5807960a1a5 32e17c06cc9449c7b6c3253151b5a7ce - - default default] 10.0.0.120 "DELETE /v2.0/routers/7fdd05cd-a352-4e4b-83fc-18a3dd1ba06f HTTP/1.1" status: 204 len: 168 time: 1.1456416
2026-05-12 12:39:52.522 9 INFO neutron.db.ovn_revision_numbers_db [None req-214e87ba-11db-424d-a4f8-47d692cec182 81032ca9546749779c89b5807960a1a5 32e17c06cc9449c7b6c3253151b5a7ce - - default default] Successfully bumped revision number for resource ff7ea8c0-01cd-49af-8ca6-746c29ff5b71 (type: router_ports) to 1
