2026-03-19 08:32:56.060 8 INFO cinder.api.openstack.wsgi [None req-f1ed3453-2230-4c58-afc0-4afea0dc0dc2 4dc1459707a841c98e4188535c999b88 f8249dbc805c4cb58c90d8cf4b1a0e2a - - default default] GET http://cinder-api.openstack.svc.cluster.local:8776/v3/f8249dbc805c4cb58c90d8cf4b1a0e2a/os-quota-sets/5898fe16cb974e0d9865b739d9878bac?usage=true
2026-03-19 08:32:56.078 8 INFO cinder.api.openstack.wsgi [None req-f1ed3453-2230-4c58-afc0-4afea0dc0dc2 4dc1459707a841c98e4188535c999b88 f8249dbc805c4cb58c90d8cf4b1a0e2a - - default default] http://cinder-api.openstack.svc.cluster.local:8776/v3/f8249dbc805c4cb58c90d8cf4b1a0e2a/os-quota-sets/5898fe16cb974e0d9865b739d9878bac?usage=true returned with HTTP 200 [pid: 8|app: 0|req: 456/905] 10.0.0.121 () {28 vars in 736 bytes} [Thu Mar 19 08:32:56 2026] GET /v3/f8249dbc805c4cb58c90d8cf4b1a0e2a/os-quota-sets/5898fe16cb974e0d9865b739d9878bac?usage=true => generated 847 bytes in 22 msecs (HTTP/1.1 200) 7 headers in 285 bytes (1 switches on core 0)
2026-03-19 08:32:56.089 7 INFO cinder.api.openstack.wsgi [None req-c28c6c2c-28a3-47e2-af2d-87efe6957075 4dc1459707a841c98e4188535c999b88 f8249dbc805c4cb58c90d8cf4b1a0e2a - - default default] GET http://cinder-api.openstack.svc.cluster.local:8776/v3/f8249dbc805c4cb58c90d8cf4b1a0e2a/os-quota-sets/59f4bdd8926b4a75952aa764985d3576?usage=true
2026-03-19 08:32:56.108 7 INFO cinder.api.openstack.wsgi [None req-c28c6c2c-28a3-47e2-af2d-87efe6957075 4dc1459707a841c98e4188535c999b88 f8249dbc805c4cb58c90d8cf4b1a0e2a - - default default] http://cinder-api.openstack.svc.cluster.local:8776/v3/f8249dbc805c4cb58c90d8cf4b1a0e2a/os-quota-sets/59f4bdd8926b4a75952aa764985d3576?usage=true returned with HTTP 200 [pid: 7|app: 0|req: 450/906] 10.0.0.121 () {28 vars in 736 bytes} [Thu Mar 19 08:32:56 2026] GET /v3/f8249dbc805c4cb58c90d8cf4b1a0e2a/os-quota-sets/59f4bdd8926b4a75952aa764985d3576?usage=true => generated 847 bytes in 26 msecs (HTTP/1.1 200) 7 headers in 285 bytes (1 switches on core 0)
2026-03-19 08:32:56.117 8 INFO cinder.api.openstack.wsgi [None req-1bb0574c-e14d-4371-a87f-eab62dbe2e5c 4dc1459707a841c98e4188535c999b88 f8249dbc805c4cb58c90d8cf4b1a0e2a - - default default] GET http://cinder-api.openstack.svc.cluster.local:8776/v3/f8249dbc805c4cb58c90d8cf4b1a0e2a/os-quota-sets/85759755d07944f0897c24ad86ae09e4?usage=true
2026-03-19 08:32:56.134 8 INFO cinder.api.openstack.wsgi [None req-1bb0574c-e14d-4371-a87f-eab62dbe2e5c 4dc1459707a841c98e4188535c999b88 f8249dbc805c4cb58c90d8cf4b1a0e2a - - default default] http://cinder-api.openstack.svc.cluster.local:8776/v3/f8249dbc805c4cb58c90d8cf4b1a0e2a/os-quota-sets/85759755d07944f0897c24ad86ae09e4?usage=true returned with HTTP 200 [pid: 8|app: 0|req: 457/907] 10.0.0.121 () {28 vars in 736 bytes} [Thu Mar 19 08:32:56 2026] GET /v3/f8249dbc805c4cb58c90d8cf4b1a0e2a/os-quota-sets/85759755d07944f0897c24ad86ae09e4?usage=true => generated 847 bytes in 22 msecs (HTTP/1.1 200) 7 headers in 285 bytes (1 switches on core 0)
2026-03-19 08:32:56.146 7 INFO cinder.api.openstack.wsgi [None req-23e1652d-60dd-432e-b126-ac7f17e53c2e 4dc1459707a841c98e4188535c999b88 f8249dbc805c4cb58c90d8cf4b1a0e2a - - default default] GET http://cinder-api.openstack.svc.cluster.local:8776/v3/f8249dbc805c4cb58c90d8cf4b1a0e2a/os-quota-sets/858057f334774377a2582e9d1492638c?usage=true
2026-03-19 08:32:56.171 7 INFO cinder.api.openstack.wsgi [None req-23e1652d-60dd-432e-b126-ac7f17e53c2e 4dc1459707a841c98e4188535c999b88 f8249dbc805c4cb58c90d8cf4b1a0e2a - - default default] http://cinder-api.openstack.svc.cluster.local:8776/v3/f8249dbc805c4cb58c90d8cf4b1a0e2a/os-quota-sets/858057f334774377a2582e9d1492638c?usage=true returned with HTTP 200 [pid: 7|app: 0|req: 451/908] 10.0.0.121 () {28 vars in 736 bytes} [Thu Mar 19 08:32:56 2026] GET /v3/f8249dbc805c4cb58c90d8cf4b1a0e2a/os-quota-sets/858057f334774377a2582e9d1492638c?usage=true => generated 847 bytes in 33 msecs (HTTP/1.1 200) 7 headers in 285 bytes (1 switches on core 0)
2026-03-19 08:32:56.183 8 INFO cinder.api.openstack.wsgi [None req-3adc3ef2-fc45-47e1-af76-fa8f430e2d8b 4dc1459707a841c98e4188535c999b88 f8249dbc805c4cb58c90d8cf4b1a0e2a - - default default] GET http://cinder-api.openstack.svc.cluster.local:8776/v3/f8249dbc805c4cb58c90d8cf4b1a0e2a/os-quota-sets/f20b9b20429d462fa737444089c4caec?usage=true
2026-03-19 08:32:56.209 8 INFO cinder.api.openstack.wsgi [None req-3adc3ef2-fc45-47e1-af76-fa8f430e2d8b 4dc1459707a841c98e4188535c999b88 f8249dbc805c4cb58c90d8cf4b1a0e2a - - default default] http://cinder-api.openstack.svc.cluster.local:8776/v3/f8249dbc805c4cb58c90d8cf4b1a0e2a/os-quota-sets/f20b9b20429d462fa737444089c4caec?usage=true returned with HTTP 200 [pid: 8|app: 0|req: 458/909] 10.0.0.121 () {28 vars in 736 bytes} [Thu Mar 19 08:32:56 2026] GET /v3/f8249dbc805c4cb58c90d8cf4b1a0e2a/os-quota-sets/f20b9b20429d462fa737444089c4caec?usage=true => generated 847 bytes in 33 msecs (HTTP/1.1 200) 7 headers in 285 bytes (1 switches on core 0)
2026-03-19 08:32:56.229 7 INFO cinder.api.openstack.wsgi [None req-a9140a3d-bab8-42b3-af7f-7cc14dab85cd 4dc1459707a841c98e4188535c999b88 f8249dbc805c4cb58c90d8cf4b1a0e2a - - default default] GET http://cinder-api.openstack.svc.cluster.local:8776/v3/f8249dbc805c4cb58c90d8cf4b1a0e2a/os-quota-sets/f8249dbc805c4cb58c90d8cf4b1a0e2a?usage=true
2026-03-19 08:32:56.252 7 INFO cinder.api.openstack.wsgi [None req-a9140a3d-bab8-42b3-af7f-7cc14dab85cd 4dc1459707a841c98e4188535c999b88 f8249dbc805c4cb58c90d8cf4b1a0e2a - - default default] http://cinder-api.openstack.svc.cluster.local:8776/v3/f8249dbc805c4cb58c90d8cf4b1a0e2a/os-quota-sets/f8249dbc805c4cb58c90d8cf4b1a0e2a?usage=true returned with HTTP 200 [pid: 7|app: 0|req: 452/910] 10.0.0.121 () {28 vars in 736 bytes} [Thu Mar 19 08:32:56 2026] GET /v3/f8249dbc805c4cb58c90d8cf4b1a0e2a/os-quota-sets/f8249dbc805c4cb58c90d8cf4b1a0e2a?usage=true => generated 845 bytes in 35 msecs (HTTP/1.1 200) 7 headers in 285 bytes (1 switches on core 0)
2026-03-19 08:32:56.262 8 INFO cinder.api.openstack.wsgi [None req-71394fe3-f964-4c4b-aff3-180d9cd71f66 4dc1459707a841c98e4188535c999b88 f8249dbc805c4cb58c90d8cf4b1a0e2a - - default default] GET http://cinder-api.openstack.svc.cluster.local:8776/v3/f8249dbc805c4cb58c90d8cf4b1a0e2a/snapshots?all_tenants=true
2026-03-19 08:32:56.268 8 INFO cinder.volume.api [None req-71394fe3-f964-4c4b-aff3-180d9cd71f66 4dc1459707a841c98e4188535c999b88 f8249dbc805c4cb58c90d8cf4b1a0e2a - - default default] Get all snapshots completed successfully.
2026-03-19 08:32:56.268 8 INFO cinder.api.openstack.wsgi [None req-71394fe3-f964-4c4b-aff3-180d9cd71f66 4dc1459707a841c98e4188535c999b88 f8249dbc805c4cb58c90d8cf4b1a0e2a - - default default] http://cinder-api.openstack.svc.cluster.local:8776/v3/f8249dbc805c4cb58c90d8cf4b1a0e2a/snapshots?all_tenants=true returned with HTTP 200 [pid: 8|app: 0|req: 459/911] 10.0.0.121 () {28 vars in 674 bytes} [Thu Mar 19 08:32:56 2026] GET /v3/f8249dbc805c4cb58c90d8cf4b1a0e2a/snapshots?all_tenants=true => generated 17 bytes in 12 msecs (HTTP/1.1 200) 7 headers in 284 bytes (1 switches on core 0)
2026-03-19 08:32:58.039 8 INFO cinder.api.openstack.wsgi [None req-71394fe3-f964-4c4b-aff3-180d9cd71f66 4dc1459707a841c98e4188535c999b88 f8249dbc805c4cb58c90d8cf4b1a0e2a - - default default] GET http://10.0.0.88:8776/
2026-03-19 08:32:58.039 7 INFO cinder.api.openstack.wsgi [None req-a9140a3d-bab8-42b3-af7f-7cc14dab85cd 4dc1459707a841c98e4188535c999b88 f8249dbc805c4cb58c90d8cf4b1a0e2a - - default default] GET http://10.0.0.88:8776/
2026-03-19 08:32:58.040 7 INFO cinder.api.openstack.wsgi [None req-a9140a3d-bab8-42b3-af7f-7cc14dab85cd 4dc1459707a841c98e4188535c999b88 f8249dbc805c4cb58c90d8cf4b1a0e2a - - default default] http://10.0.0.88:8776/ returned with HTTP 300
2026-03-19 08:32:58.040 8 INFO cinder.api.openstack.wsgi [None req-71394fe3-f964-4c4b-aff3-180d9cd71f66 4dc1459707a841c98e4188535c999b88 f8249dbc805c4cb58c90d8cf4b1a0e2a - - default default] http://10.0.0.88:8776/ returned with HTTP 300
2026-03-19 08:33:08.039 8 INFO cinder.api.openstack.wsgi [None req-71394fe3-f964-4c4b-aff3-180d9cd71f66 4dc1459707a841c98e4188535c999b88 f8249dbc805c4cb58c90d8cf4b1a0e2a - - default default] GET http://10.0.0.88:8776/
2026-03-19 08:33:08.039 7 INFO cinder.api.openstack.wsgi [None req-a9140a3d-bab8-42b3-af7f-7cc14dab85cd 4dc1459707a841c98e4188535c999b88 f8249dbc805c4cb58c90d8cf4b1a0e2a - - default default] GET http://10.0.0.88:8776/
2026-03-19 08:33:08.040 8 INFO cinder.api.openstack.wsgi [None req-71394fe3-f964-4c4b-aff3-180d9cd71f66 4dc1459707a841c98e4188535c999b88 f8249dbc805c4cb58c90d8cf4b1a0e2a - - default default] http://10.0.0.88:8776/ returned with HTTP 300
2026-03-19 08:33:08.040 7 INFO cinder.api.openstack.wsgi [None req-a9140a3d-bab8-42b3-af7f-7cc14dab85cd 4dc1459707a841c98e4188535c999b88 f8249dbc805c4cb58c90d8cf4b1a0e2a - - default default] http://10.0.0.88:8776/ returned with HTTP 300
2026-03-19 08:33:18.039 8 INFO cinder.api.openstack.wsgi [None req-71394fe3-f964-4c4b-aff3-180d9cd71f66 4dc1459707a841c98e4188535c999b88 f8249dbc805c4cb58c90d8cf4b1a0e2a - - default default] GET http://10.0.0.88:8776/
2026-03-19 08:33:18.039 7 INFO cinder.api.openstack.wsgi [None req-a9140a3d-bab8-42b3-af7f-7cc14dab85cd 4dc1459707a841c98e4188535c999b88 f8249dbc805c4cb58c90d8cf4b1a0e2a - - default default] GET http://10.0.0.88:8776/
2026-03-19 08:33:18.040 8 INFO cinder.api.openstack.wsgi [None req-71394fe3-f964-4c4b-aff3-180d9cd71f66 4dc1459707a841c98e4188535c999b88 f8249dbc805c4cb58c90d8cf4b1a0e2a - - default default] http://10.0.0.88:8776/ returned with HTTP 300
2026-03-19 08:33:18.044 7 INFO cinder.api.openstack.wsgi [None req-a9140a3d-bab8-42b3-af7f-7cc14dab85cd 4dc1459707a841c98e4188535c999b88 f8249dbc805c4cb58c90d8cf4b1a0e2a - - default default] http://10.0.0.88:8776/ returned with HTTP 300
2026-03-19 08:33:28.039 7 INFO cinder.api.openstack.wsgi [None req-a9140a3d-bab8-42b3-af7f-7cc14dab85cd 4dc1459707a841c98e4188535c999b88 f8249dbc805c4cb58c90d8cf4b1a0e2a - - default default] GET http://10.0.0.88:8776/
2026-03-19 08:33:28.039 8 INFO cinder.api.openstack.wsgi [None req-71394fe3-f964-4c4b-aff3-180d9cd71f66 4dc1459707a841c98e4188535c999b88 f8249dbc805c4cb58c90d8cf4b1a0e2a - - default default] GET http://10.0.0.88:8776/
2026-03-19 08:33:28.040 7 INFO cinder.api.openstack.wsgi [None req-a9140a3d-bab8-42b3-af7f-7cc14dab85cd 4dc1459707a841c98e4188535c999b88 f8249dbc805c4cb58c90d8cf4b1a0e2a - - default default] http://10.0.0.88:8776/ returned with HTTP 300
2026-03-19 08:33:28.040 8 INFO cinder.api.openstack.wsgi [None req-71394fe3-f964-4c4b-aff3-180d9cd71f66 4dc1459707a841c98e4188535c999b88 f8249dbc805c4cb58c90d8cf4b1a0e2a - - default default] http://10.0.0.88:8776/ returned with HTTP 300
2026-03-19 08:33:38.038 8 INFO cinder.api.openstack.wsgi [None req-71394fe3-f964-4c4b-aff3-180d9cd71f66 4dc1459707a841c98e4188535c999b88 f8249dbc805c4cb58c90d8cf4b1a0e2a - - default default] GET http://10.0.0.88:8776/
2026-03-19 08:33:38.039 7 INFO cinder.api.openstack.wsgi [None req-a9140a3d-bab8-42b3-af7f-7cc14dab85cd 4dc1459707a841c98e4188535c999b88 f8249dbc805c4cb58c90d8cf4b1a0e2a - - default default] GET http://10.0.0.88:8776/
2026-03-19 08:33:38.040 8 INFO cinder.api.openstack.wsgi [None req-71394fe3-f964-4c4b-aff3-180d9cd71f66 4dc1459707a841c98e4188535c999b88 f8249dbc805c4cb58c90d8cf4b1a0e2a - - default default] http://10.0.0.88:8776/ returned with HTTP 300
2026-03-19 08:33:38.040 7 INFO cinder.api.openstack.wsgi [None req-a9140a3d-bab8-42b3-af7f-7cc14dab85cd 4dc1459707a841c98e4188535c999b88 f8249dbc805c4cb58c90d8cf4b1a0e2a - - default default] http://10.0.0.88:8776/ returned with HTTP 300
2026-03-19 08:33:48.039 7 INFO cinder.api.openstack.wsgi [None req-a9140a3d-bab8-42b3-af7f-7cc14dab85cd 4dc1459707a841c98e4188535c999b88 f8249dbc805c4cb58c90d8cf4b1a0e2a - - default default] GET http://10.0.0.88:8776/
2026-03-19 08:33:48.039 8 INFO cinder.api.openstack.wsgi [None req-71394fe3-f964-4c4b-aff3-180d9cd71f66 4dc1459707a841c98e4188535c999b88 f8249dbc805c4cb58c90d8cf4b1a0e2a - - default default] GET http://10.0.0.88:8776/
2026-03-19 08:33:48.040 7 INFO cinder.api.openstack.wsgi [None req-a9140a3d-bab8-42b3-af7f-7cc14dab85cd 4dc1459707a841c98e4188535c999b88 f8249dbc805c4cb58c90d8cf4b1a0e2a - - default default] http://10.0.0.88:8776/ returned with HTTP 300
2026-03-19 08:33:48.040 8 INFO cinder.api.openstack.wsgi [None req-71394fe3-f964-4c4b-aff3-180d9cd71f66 4dc1459707a841c98e4188535c999b88 f8249dbc805c4cb58c90d8cf4b1a0e2a - - default default] http://10.0.0.88:8776/ returned with HTTP 300
2026-03-19 08:33:55.197 8 INFO cinder.api.openstack.wsgi [None req-c557a832-f2af-45cb-b07b-190cc4689ec9 4dc1459707a841c98e4188535c999b88 f8249dbc805c4cb58c90d8cf4b1a0e2a - - default default] GET http://cinder-api.openstack.svc.cluster.local:8776/v3/f8249dbc805c4cb58c90d8cf4b1a0e2a/volumes/detail?all_tenants=true
2026-03-19 08:33:55.206 8 INFO cinder.volume.api [None req-c557a832-f2af-45cb-b07b-190cc4689ec9 4dc1459707a841c98e4188535c999b88 f8249dbc805c4cb58c90d8cf4b1a0e2a - - default default] Get all volumes completed successfully.
2026-03-19 08:33:55.207 8 INFO cinder.api.openstack.wsgi [None req-c557a832-f2af-45cb-b07b-190cc4689ec9 4dc1459707a841c98e4188535c999b88 f8249dbc805c4cb58c90d8cf4b1a0e2a - - default default] http://cinder-api.openstack.svc.cluster.local:8776/v3/f8249dbc805c4cb58c90d8cf4b1a0e2a/volumes/detail?all_tenants=true returned with HTTP 200 [pid: 8|app: 0|req: 466/924] 10.0.0.121 () {28 vars in 684 bytes} [Thu Mar 19 08:33:55 2026] GET /v3/f8249dbc805c4cb58c90d8cf4b1a0e2a/volumes/detail?all_tenants=true => generated 15 bytes in 71 msecs (HTTP/1.1 200) 7 headers in 284 bytes (1 switches on core 0)
2026-03-19 08:33:55.256 7 INFO cinder.api.openstack.wsgi [None req-35613384-ce1c-42aa-ad4b-67fb3046aec4 4dc1459707a841c98e4188535c999b88 f8249dbc805c4cb58c90d8cf4b1a0e2a - - default default] GET http://cinder-api.openstack.svc.cluster.local:8776/v3/f8249dbc805c4cb58c90d8cf4b1a0e2a/os-quota-sets/079e22eb24d744c8a97ed8bebc278d6e?usage=true
2026-03-19 08:33:55.283 7 INFO cinder.api.openstack.wsgi [None req-35613384-ce1c-42aa-ad4b-67fb3046aec4 4dc1459707a841c98e4188535c999b88 f8249dbc805c4cb58c90d8cf4b1a0e2a - - default default] http://cinder-api.openstack.svc.cluster.local:8776/v3/f8249dbc805c4cb58c90d8cf4b1a0e2a/os-quota-sets/079e22eb24d744c8a97ed8bebc278d6e?usage=true returned with HTTP 200 [pid: 7|app: 0|req: 459/925] 10.0.0.121 () {28 vars in 736 bytes} [Thu Mar 19 08:33:55 2026] GET /v3/f8249dbc805c4cb58c90d8cf4b1a0e2a/os-quota-sets/079e22eb24d744c8a97ed8bebc278d6e?usage=true => generated 847 bytes in 35 msecs (HTTP/1.1 200) 7 headers in 285 bytes (1 switches on core 0)
2026-03-19 08:33:55.293 8 INFO cinder.api.openstack.wsgi [None req-094f474b-f778-4a4d-baa8-3e8ab0f75ee0 4dc1459707a841c98e4188535c999b88 f8249dbc805c4cb58c90d8cf4b1a0e2a - - default default] GET http://cinder-api.openstack.svc.cluster.local:8776/v3/f8249dbc805c4cb58c90d8cf4b1a0e2a/os-quota-sets/0e3eabc641f0405299fa675b7beb273d?usage=true
2026-03-19 08:33:55.309 8 INFO cinder.api.openstack.wsgi [None req-094f474b-f778-4a4d-baa8-3e8ab0f75ee0 4dc1459707a841c98e4188535c999b88 f8249dbc805c4cb58c90d8cf4b1a0e2a - - default default] http://cinder-api.openstack.svc.cluster.local:8776/v3/f8249dbc805c4cb58c90d8cf4b1a0e2a/os-quota-sets/0e3eabc641f0405299fa675b7beb273d?usage=true returned with HTTP 200 [pid: 8|app: 0|req: 467/926] 10.0.0.121 () {28 vars in 736 bytes} [Thu Mar 19 08:33:55 2026] GET /v3/f8249dbc805c4cb58c90d8cf4b1a0e2a/os-quota-sets/0e3eabc641f0405299fa675b7beb273d?usage=true => generated 845 bytes in 21 msecs (HTTP/1.1 200) 7 headers in 285 bytes (1 switches on core 0)
2026-03-19 08:33:55.320 7 INFO cinder.api.openstack.wsgi [None req-b5dfee66-d4ad-4769-8c11-01e9a3336e2a 4dc1459707a841c98e4188535c999b88 f8249dbc805c4cb58c90d8cf4b1a0e2a - - default default] GET http://cinder-api.openstack.svc.cluster.local:8776/v3/f8249dbc805c4cb58c90d8cf4b1a0e2a/os-quota-sets/2538d6b87adc4031a15268862411078f?usage=true
2026-03-19 08:33:55.340 7 INFO cinder.api.openstack.wsgi [None req-b5dfee66-d4ad-4769-8c11-01e9a3336e2a 4dc1459707a841c98e4188535c999b88 f8249dbc805c4cb58c90d8cf4b1a0e2a - - default default] http://cinder-api.openstack.svc.cluster.local:8776/v3/f8249dbc805c4cb58c90d8cf4b1a0e2a/os-quota-sets/2538d6b87adc4031a15268862411078f?usage=true returned with HTTP 200 [pid: 7|app: 0|req: 460/927] 10.0.0.121 () {28 vars in 736 bytes} [Thu Mar 19 08:33:55 2026] GET /v3/f8249dbc805c4cb58c90d8cf4b1a0e2a/os-quota-sets/2538d6b87adc4031a15268862411078f?usage=true => generated 847 bytes in 28 msecs (HTTP/1.1 200) 7 headers in 285 bytes (1 switches on core 0)
2026-03-19 08:33:55.352 8 INFO cinder.api.openstack.wsgi [None req-e84e3472-8d72-4142-9999-e338a5457864 4dc1459707a841c98e4188535c999b88 f8249dbc805c4cb58c90d8cf4b1a0e2a - - default default] GET http://cinder-api.openstack.svc.cluster.local:8776/v3/f8249dbc805c4cb58c90d8cf4b1a0e2a/os-quota-sets/2bc2e7af6a1645a5aaf8c58388b46dd6?usage=true
2026-03-19 08:33:55.370 8 INFO cinder.api.openstack.wsgi [None req-e84e3472-8d72-4142-9999-e338a5457864 4dc1459707a841c98e4188535c999b88 f8249dbc805c4cb58c90d8cf4b1a0e2a - - default default] http://cinder-api.openstack.svc.cluster.local:8776/v3/f8249dbc805c4cb58c90d8cf4b1a0e2a/os-quota-sets/2bc2e7af6a1645a5aaf8c58388b46dd6?usage=true returned with HTTP 200 [pid: 8|app: 0|req: 468/928] 10.0.0.121 () {28 vars in 736 bytes} [Thu Mar 19 08:33:55 2026] GET /v3/f8249dbc805c4cb58c90d8cf4b1a0e2a/os-quota-sets/2bc2e7af6a1645a5aaf8c58388b46dd6?usage=true => generated 847 bytes in 26 msecs (HTTP/1.1 200) 7 headers in 285 bytes (1 switches on core 0)
2026-03-19 08:33:55.381 7 INFO cinder.api.openstack.wsgi [None req-ca0c6adf-9f13-438c-83ea-47877b931b82 4dc1459707a841c98e4188535c999b88 f8249dbc805c4cb58c90d8cf4b1a0e2a - - default default] GET http://cinder-api.openstack.svc.cluster.local:8776/v3/f8249dbc805c4cb58c90d8cf4b1a0e2a/os-quota-sets/33acc41e598f4da99003bea73dbb24dc?usage=true
2026-03-19 08:33:55.404 7 INFO cinder.api.openstack.wsgi [None req-ca0c6adf-9f13-438c-83ea-47877b931b82 4dc1459707a841c98e4188535c999b88 f8249dbc805c4cb58c90d8cf4b1a0e2a - - default default] http://cinder-api.openstack.svc.cluster.local:8776/v3/f8249dbc805c4cb58c90d8cf4b1a0e2a/os-quota-sets/33acc41e598f4da99003bea73dbb24dc?usage=true returned with HTTP 200 [pid: 7|app: 0|req: 461/929] 10.0.0.121 () {28 vars in 736 bytes} [Thu Mar 19 08:33:55 2026] GET /v3/f8249dbc805c4cb58c90d8cf4b1a0e2a/os-quota-sets/33acc41e598f4da99003bea73dbb24dc?usage=true => generated 847 bytes in 31 msecs (HTTP/1.1 200) 7 headers in 285 bytes (1 switches on core 0)
2026-03-19 08:33:55.416 8 INFO cinder.api.openstack.wsgi [None req-ca693554-3ff7-4f37-b471-ececc1026d0c 4dc1459707a841c98e4188535c999b88 f8249dbc805c4cb58c90d8cf4b1a0e2a - - default default] GET http://cinder-api.openstack.svc.cluster.local:8776/v3/f8249dbc805c4cb58c90d8cf4b1a0e2a/os-quota-sets/5898fe16cb974e0d9865b739d9878bac?usage=true
2026-03-19 08:33:55.432 8 INFO cinder.api.openstack.wsgi [None req-ca693554-3ff7-4f37-b471-ececc1026d0c 4dc1459707a841c98e4188535c999b88 f8249dbc805c4cb58c90d8cf4b1a0e2a - - default default] http://cinder-api.openstack.svc.cluster.local:8776/v3/f8249dbc805c4cb58c90d8cf4b1a0e2a/os-quota-sets/5898fe16cb974e0d9865b739d9878bac?usage=true returned with HTTP 200 [pid: 8|app: 0|req: 469/930] 10.0.0.121 () {28 vars in 736 bytes} [Thu Mar 19 08:33:55 2026] GET /v3/f8249dbc805c4cb58c90d8cf4b1a0e2a/os-quota-sets/5898fe16cb974e0d9865b739d9878bac?usage=true => generated 847 bytes in 24 msecs (HTTP/1.1 200) 7 headers in 285 bytes (1 switches on core 0)
2026-03-19 08:33:55.444 7 INFO cinder.api.openstack.wsgi [None req-457595cc-a64e-4a78-bc51-8575b3fe823e 4dc1459707a841c98e4188535c999b88 f8249dbc805c4cb58c90d8cf4b1a0e2a - - default default] GET http://cinder-api.openstack.svc.cluster.local:8776/v3/f8249dbc805c4cb58c90d8cf4b1a0e2a/os-quota-sets/59f4bdd8926b4a75952aa764985d3576?usage=true
2026-03-19 08:33:55.467 7 INFO cinder.api.openstack.wsgi [None req-457595cc-a64e-4a78-bc51-8575b3fe823e 4dc1459707a841c98e4188535c999b88 f8249dbc805c4cb58c90d8cf4b1a0e2a - - default default] http://cinder-api.openstack.svc.cluster.local:8776/v3/f8249dbc805c4cb58c90d8cf4b1a0e2a/os-quota-sets/59f4bdd8926b4a75952aa764985d3576?usage=true returned with HTTP 200 [pid: 7|app: 0|req: 462/931] 10.0.0.121 () {28 vars in 736 bytes} [Thu Mar 19 08:33:55 2026] GET /v3/f8249dbc805c4cb58c90d8cf4b1a0e2a/os-quota-sets/59f4bdd8926b4a75952aa764985d3576?usage=true => generated 847 bytes in 32 msecs (HTTP/1.1 200) 7 headers in 285 bytes (1 switches on core 0)
2026-03-19 08:33:55.478 8 INFO cinder.api.openstack.wsgi [None req-52e18ab7-d1f9-4071-bfae-4ccc4506e138 4dc1459707a841c98e4188535c999b88 f8249dbc805c4cb58c90d8cf4b1a0e2a - - default default] GET http://cinder-api.openstack.svc.cluster.local:8776/v3/f8249dbc805c4cb58c90d8cf4b1a0e2a/os-quota-sets/85759755d07944f0897c24ad86ae09e4?usage=true
2026-03-19 08:33:55.494 8 INFO cinder.api.openstack.wsgi [None req-52e18ab7-d1f9-4071-bfae-4ccc4506e138 4dc1459707a841c98e4188535c999b88 f8249dbc805c4cb58c90d8cf4b1a0e2a - - default default] http://cinder-api.openstack.svc.cluster.local:8776/v3/f8249dbc805c4cb58c90d8cf4b1a0e2a/os-quota-sets/85759755d07944f0897c24ad86ae09e4?usage=true returned with HTTP 200 [pid: 8|app: 0|req: 470/932] 10.0.0.121 () {28 vars in 736 bytes} [Thu Mar 19 08:33:55 2026] GET /v3/f8249dbc805c4cb58c90d8cf4b1a0e2a/os-quota-sets/85759755d07944f0897c24ad86ae09e4?usage=true => generated 847 bytes in 23 msecs (HTTP/1.1 200) 7 headers in 285 bytes (1 switches on core 0)
2026-03-19 08:33:55.505 7 INFO cinder.api.openstack.wsgi [None req-1471e64f-783e-4724-9557-b48b59cbc5f7 4dc1459707a841c98e4188535c999b88 f8249dbc805c4cb58c90d8cf4b1a0e2a - - default default] GET http://cinder-api.openstack.svc.cluster.local:8776/v3/f8249dbc805c4cb58c90d8cf4b1a0e2a/os-quota-sets/858057f334774377a2582e9d1492638c?usage=true
2026-03-19 08:33:55.528 7 INFO cinder.api.openstack.wsgi [None req-1471e64f-783e-4724-9557-b48b59cbc5f7 4dc1459707a841c98e4188535c999b88 f8249dbc805c4cb58c90d8cf4b1a0e2a - - default default] http://cinder-api.openstack.svc.cluster.local:8776/v3/f8249dbc805c4cb58c90d8cf4b1a0e2a/os-quota-sets/858057f334774377a2582e9d1492638c?usage=true returned with HTTP 200 [pid: 7|app: 0|req: 463/933] 10.0.0.121 () {28 vars in 736 bytes} [Thu Mar 19 08:33:55 2026] GET /v3/f8249dbc805c4cb58c90d8cf4b1a0e2a/os-quota-sets/858057f334774377a2582e9d1492638c?usage=true => generated 847 bytes in 31 msecs (HTTP/1.1 200) 7 headers in 285 bytes (1 switches on core 0)
2026-03-19 08:33:55.539 8 INFO cinder.api.openstack.wsgi [None req-3da0e4a2-e434-4c06-a829-35587bac2630 4dc1459707a841c98e4188535c999b88 f8249dbc805c4cb58c90d8cf4b1a0e2a - - default default] GET http://cinder-api.openstack.svc.cluster.local:8776/v3/f8249dbc805c4cb58c90d8cf4b1a0e2a/os-quota-sets/f20b9b20429d462fa737444089c4caec?usage=true
2026-03-19 08:33:55.555 8 INFO cinder.api.openstack.wsgi [None req-3da0e4a2-e434-4c06-a829-35587bac2630 4dc1459707a841c98e4188535c999b88 f8249dbc805c4cb58c90d8cf4b1a0e2a - - default default] http://cinder-api.openstack.svc.cluster.local:8776/v3/f8249dbc805c4cb58c90d8cf4b1a0e2a/os-quota-sets/f20b9b20429d462fa737444089c4caec?usage=true returned with HTTP 200 [pid: 8|app: 0|req: 471/934] 10.0.0.121 () {28 vars in 736 bytes} [Thu Mar 19 08:33:55 2026] GET /v3/f8249dbc805c4cb58c90d8cf4b1a0e2a/os-quota-sets/f20b9b20429d462fa737444089c4caec?usage=true => generated 847 bytes in 24 msecs (HTTP/1.1 200) 7 headers in 285 bytes (1 switches on core 0)
2026-03-19 08:33:55.569 7 INFO cinder.api.openstack.wsgi [None req-65f33fdb-6fbb-403b-9c1f-3b4eb95ad78e 4dc1459707a841c98e4188535c999b88 f8249dbc805c4cb58c90d8cf4b1a0e2a - - default default] GET http://cinder-api.openstack.svc.cluster.local:8776/v3/f8249dbc805c4cb58c90d8cf4b1a0e2a/os-quota-sets/f8249dbc805c4cb58c90d8cf4b1a0e2a?usage=true
2026-03-19 08:33:55.593 7 INFO cinder.api.openstack.wsgi [None req-65f33fdb-6fbb-403b-9c1f-3b4eb95ad78e 4dc1459707a841c98e4188535c999b88 f8249dbc805c4cb58c90d8cf4b1a0e2a - - default default] http://cinder-api.openstack.svc.cluster.local:8776/v3/f8249dbc805c4cb58c90d8cf4b1a0e2a/os-quota-sets/f8249dbc805c4cb58c90d8cf4b1a0e2a?usage=true returned with HTTP 200 [pid: 7|app: 0|req: 464/935] 10.0.0.121 () {28 vars in 736 bytes} [Thu Mar 19 08:33:55 2026] GET /v3/f8249dbc805c4cb58c90d8cf4b1a0e2a/os-quota-sets/f8249dbc805c4cb58c90d8cf4b1a0e2a?usage=true => generated 845 bytes in 34 msecs (HTTP/1.1 200) 7 headers in 285 bytes (1 switches on core 0)
2026-03-19 08:33:55.605 8 INFO cinder.api.openstack.wsgi [None req-34f29e7d-e856-42a3-ad5d-d40a5a82e941 4dc1459707a841c98e4188535c999b88 f8249dbc805c4cb58c90d8cf4b1a0e2a - - default default] GET http://cinder-api.openstack.svc.cluster.local:8776/v3/f8249dbc805c4cb58c90d8cf4b1a0e2a/volumes/detail?all_tenants=true
2026-03-19 08:33:55.613 8 INFO cinder.volume.api [None req-34f29e7d-e856-42a3-ad5d-d40a5a82e941 4dc1459707a841c98e4188535c999b88 f8249dbc805c4cb58c90d8cf4b1a0e2a - - default default] Get all volumes completed successfully.
2026-03-19 08:33:55.614 8 INFO cinder.api.openstack.wsgi [None req-34f29e7d-e856-42a3-ad5d-d40a5a82e941 4dc1459707a841c98e4188535c999b88 f8249dbc805c4cb58c90d8cf4b1a0e2a - - default default] http://cinder-api.openstack.svc.cluster.local:8776/v3/f8249dbc805c4cb58c90d8cf4b1a0e2a/volumes/detail?all_tenants=true returned with HTTP 200 [pid: 8|app: 0|req: 472/936] 10.0.0.121 () {28 vars in 684 bytes} [Thu Mar 19 08:33:55 2026] GET /v3/f8249dbc805c4cb58c90d8cf4b1a0e2a/volumes/detail?all_tenants=true => generated 15 bytes in 15 msecs (HTTP/1.1 200) 7 headers in 284 bytes (1 switches on core 0)
2026-03-19 08:33:55.625 7 INFO cinder.api.openstack.wsgi [None req-7f39053e-9504-4e7a-828c-bc4d845fc0ba 4dc1459707a841c98e4188535c999b88 f8249dbc805c4cb58c90d8cf4b1a0e2a - - default default] GET http://cinder-api.openstack.svc.cluster.local:8776/v3/f8249dbc805c4cb58c90d8cf4b1a0e2a/snapshots?all_tenants=true
2026-03-19 08:33:55.633 7 INFO cinder.volume.api [None req-7f39053e-9504-4e7a-828c-bc4d845fc0ba 4dc1459707a841c98e4188535c999b88 f8249dbc805c4cb58c90d8cf4b1a0e2a - - default default] Get all snapshots completed successfully.
2026-03-19 08:33:55.633 7 INFO cinder.api.openstack.wsgi [None req-7f39053e-9504-4e7a-828c-bc4d845fc0ba 4dc1459707a841c98e4188535c999b88 f8249dbc805c4cb58c90d8cf4b1a0e2a - - default default] http://cinder-api.openstack.svc.cluster.local:8776/v3/f8249dbc805c4cb58c90d8cf4b1a0e2a/snapshots?all_tenants=true returned with HTTP 200 [pid: 7|app: 0|req: 465/937] 10.0.0.121 () {28 vars in 674 bytes} [Thu Mar 19 08:33:55 2026] GET /v3/f8249dbc805c4cb58c90d8cf4b1a0e2a/snapshots?all_tenants=true => generated 17 bytes in 16 msecs (HTTP/1.1 200) 7 headers in 284 bytes (1 switches on core 0)
2026-03-19 08:33:55.644 8 INFO cinder.api.openstack.wsgi [None req-279aec1c-f81a-4edd-9b09-317192cb872a 4dc1459707a841c98e4188535c999b88 f8249dbc805c4cb58c90d8cf4b1a0e2a - - default default] GET http://cinder-api.openstack.svc.cluster.local:8776/v3/f8249dbc805c4cb58c90d8cf4b1a0e2a/os-services
2026-03-19 08:33:55.649 8 INFO cinder.api.openstack.wsgi [None req-279aec1c-f81a-4edd-9b09-317192cb872a 4dc1459707a841c98e4188535c999b88 f8249dbc805c4cb58c90d8cf4b1a0e2a - - default default] http://cinder-api.openstack.svc.cluster.local:8776/v3/f8249dbc805c4cb58c90d8cf4b1a0e2a/os-services returned with HTTP 200 [pid: 8|app: 0|req: 473/938] 10.0.0.121 () {28 vars in 645 bytes} [Thu Mar 19 08:33:55 2026] GET /v3/f8249dbc805c4cb58c90d8cf4b1a0e2a/os-services => generated 646 bytes in 10 msecs (HTTP/1.1 200) 7 headers in 285 bytes (1 switches on core 0)
2026-03-19 08:33:55.664 7 INFO cinder.api.openstack.wsgi [None req-1e477c3c-0838-4d87-9f69-5406d2451367 4dc1459707a841c98e4188535c999b88 f8249dbc805c4cb58c90d8cf4b1a0e2a - - default default] GET http://cinder-api.openstack.svc.cluster.local:8776/v3/f8249dbc805c4cb58c90d8cf4b1a0e2a/scheduler-stats/get_pools?detail=true
2026-03-19 08:33:56.167 7 INFO cinder.api.openstack.wsgi [None req-1e477c3c-0838-4d87-9f69-5406d2451367 4dc1459707a841c98e4188535c999b88 f8249dbc805c4cb58c90d8cf4b1a0e2a - - default default] http://cinder-api.openstack.svc.cluster.local:8776/v3/f8249dbc805c4cb58c90d8cf4b1a0e2a/scheduler-stats/get_pools?detail=true returned with HTTP 200 [pid: 7|app: 0|req: 466/939] 10.0.0.121 () {28 vars in 696 bytes} [Thu Mar 19 08:33:55 2026] GET /v3/f8249dbc805c4cb58c90d8cf4b1a0e2a/scheduler-stats/get_pools?detail=true => generated 670 bytes in 517 msecs (HTTP/1.1 200) 7 headers in 285 bytes (1 switches on core 0)
2026-03-19 08:33:58.038 8 INFO cinder.api.openstack.wsgi [None req-279aec1c-f81a-4edd-9b09-317192cb872a 4dc1459707a841c98e4188535c999b88 f8249dbc805c4cb58c90d8cf4b1a0e2a - - default default] GET http://10.0.0.88:8776/
2026-03-19 08:33:58.038 7 INFO cinder.api.openstack.wsgi [None req-1e477c3c-0838-4d87-9f69-5406d2451367 4dc1459707a841c98e4188535c999b88 f8249dbc805c4cb58c90d8cf4b1a0e2a - - default default] GET http://10.0.0.88:8776/
2026-03-19 08:33:58.039 8 INFO cinder.api.openstack.wsgi [None req-279aec1c-f81a-4edd-9b09-317192cb872a 4dc1459707a841c98e4188535c999b88 f8249dbc805c4cb58c90d8cf4b1a0e2a - - default default] http://10.0.0.88:8776/ returned with HTTP 300
2026-03-19 08:33:58.040 7 INFO cinder.api.openstack.wsgi [None req-1e477c3c-0838-4d87-9f69-5406d2451367 4dc1459707a841c98e4188535c999b88 f8249dbc805c4cb58c90d8cf4b1a0e2a - - default default] http://10.0.0.88:8776/ returned with HTTP 300
2026-03-19 08:34:05.656 8 INFO cinder.api.openstack.wsgi [None req-142c310b-e80f-4ad9-adcd-5a5c57f585e5 4dc1459707a841c98e4188535c999b88 f8249dbc805c4cb58c90d8cf4b1a0e2a - - default default] POST http://cinder-api.openstack.svc.cluster.local:8776/v3/f8249dbc805c4cb58c90d8cf4b1a0e2a/volumes
2026-03-19 08:34:05.760 8 INFO cinder.api.v3.volumes [None req-142c310b-e80f-4ad9-adcd-5a5c57f585e5 4dc1459707a841c98e4188535c999b88 f8249dbc805c4cb58c90d8cf4b1a0e2a - - default default] Create volume of 16 GB
2026-03-19 08:34:05.766 8 INFO cinder.volume.api [None req-142c310b-e80f-4ad9-adcd-5a5c57f585e5 4dc1459707a841c98e4188535c999b88 f8249dbc805c4cb58c90d8cf4b1a0e2a - - default default] Availability Zones retrieved successfully.
2026-03-19 08:34:05.973 8 INFO cinder.volume.api [None req-142c310b-e80f-4ad9-adcd-5a5c57f585e5 4dc1459707a841c98e4188535c999b88 f8249dbc805c4cb58c90d8cf4b1a0e2a - - default default] Create volume request issued successfully.
2026-03-19 08:34:05.974 8 INFO cinder.api.openstack.wsgi [None req-142c310b-e80f-4ad9-adcd-5a5c57f585e5 4dc1459707a841c98e4188535c999b88 f8249dbc805c4cb58c90d8cf4b1a0e2a - - default default] http://cinder-api.openstack.svc.cluster.local:8776/v3/f8249dbc805c4cb58c90d8cf4b1a0e2a/volumes returned with HTTP 202 [pid: 8|app: 0|req: 475/942] 199.204.45.138 () {34 vars in 734 bytes} [Thu Mar 19 08:34:05 2026] POST /v3/f8249dbc805c4cb58c90d8cf4b1a0e2a/volumes => generated 846 bytes in 354 msecs (HTTP/1.1 202) 7 headers in 291 bytes (1 switches on core 0)
2026-03-19 08:34:05.989 7 INFO cinder.api.openstack.wsgi [req-142c310b-e80f-4ad9-adcd-5a5c57f585e5 req-e70747ba-1e20-4477-af4a-abd5ee1c85c4 4dc1459707a841c98e4188535c999b88 f8249dbc805c4cb58c90d8cf4b1a0e2a - - default default] GET http://cinder-api.openstack.svc.cluster.local:8776/v3/f8249dbc805c4cb58c90d8cf4b1a0e2a/volumes/e1b9f362-3e3b-46e7-b3a4-155db3104f96 /var/lib/openstack/lib/python3.12/site-packages/oslo_context/context.py:101: DeprecationWarning: Policy enforcement is depending on the value of is_admin. This key is deprecated. Please update your policy file to use the standard policy values. warnings.warn(
2026-03-19 08:34:06.025 7 INFO cinder.volume.api [req-142c310b-e80f-4ad9-adcd-5a5c57f585e5 req-e70747ba-1e20-4477-af4a-abd5ee1c85c4 4dc1459707a841c98e4188535c999b88 f8249dbc805c4cb58c90d8cf4b1a0e2a - - default default] Volume info retrieved successfully.
2026-03-19 08:34:06.032 7 INFO cinder.api.openstack.wsgi [req-142c310b-e80f-4ad9-adcd-5a5c57f585e5 req-e70747ba-1e20-4477-af4a-abd5ee1c85c4 4dc1459707a841c98e4188535c999b88 f8249dbc805c4cb58c90d8cf4b1a0e2a - - default default] http://cinder-api.openstack.svc.cluster.local:8776/v3/f8249dbc805c4cb58c90d8cf4b1a0e2a/volumes/e1b9f362-3e3b-46e7-b3a4-155db3104f96 returned with HTTP 200 [pid: 7|app: 0|req: 468/943] 199.204.45.138 () {32 vars in 825 bytes} [Thu Mar 19 08:34:05 2026] GET /v3/f8249dbc805c4cb58c90d8cf4b1a0e2a/volumes/e1b9f362-3e3b-46e7-b3a4-155db3104f96 => generated 1025 bytes in 51 msecs (HTTP/1.1 200) 7 headers in 286 bytes (1 switches on core 0)
2026-03-19 08:34:08.039 8 INFO cinder.api.openstack.wsgi [None req-142c310b-e80f-4ad9-adcd-5a5c57f585e5 4dc1459707a841c98e4188535c999b88 f8249dbc805c4cb58c90d8cf4b1a0e2a - - default default] GET http://10.0.0.88:8776/
2026-03-19 08:34:08.039 7 INFO cinder.api.openstack.wsgi [req-142c310b-e80f-4ad9-adcd-5a5c57f585e5 req-e70747ba-1e20-4477-af4a-abd5ee1c85c4 4dc1459707a841c98e4188535c999b88 f8249dbc805c4cb58c90d8cf4b1a0e2a - - default default] GET http://10.0.0.88:8776/
2026-03-19 08:34:08.040 8 INFO cinder.api.openstack.wsgi [None req-142c310b-e80f-4ad9-adcd-5a5c57f585e5 4dc1459707a841c98e4188535c999b88 f8249dbc805c4cb58c90d8cf4b1a0e2a - - default default] http://10.0.0.88:8776/ returned with HTTP 300
2026-03-19 08:34:08.040 7 INFO cinder.api.openstack.wsgi [req-142c310b-e80f-4ad9-adcd-5a5c57f585e5 req-e70747ba-1e20-4477-af4a-abd5ee1c85c4 4dc1459707a841c98e4188535c999b88 f8249dbc805c4cb58c90d8cf4b1a0e2a - - default default] http://10.0.0.88:8776/ returned with HTTP 300 /var/lib/openstack/lib/python3.12/site-packages/pycadf/identifier.py:70: UserWarning: Invalid uuid: cinderv3. To ensure interoperability, identifiers should be a valid uuid. warnings.warn(('Invalid uuid: %s. To ensure interoperability, '
2026-03-19 08:34:11.049 8 INFO cinder.api.openstack.wsgi [req-142c310b-e80f-4ad9-adcd-5a5c57f585e5 req-283a8f59-80a3-4c3a-8740-2a1a7563f04a 4dc1459707a841c98e4188535c999b88 f8249dbc805c4cb58c90d8cf4b1a0e2a - - default default] GET http://cinder-api.openstack.svc.cluster.local:8776/v3/f8249dbc805c4cb58c90d8cf4b1a0e2a/volumes/e1b9f362-3e3b-46e7-b3a4-155db3104f96 /var/lib/openstack/lib/python3.12/site-packages/oslo_context/context.py:101: DeprecationWarning: Policy enforcement is depending on the value of is_admin. This key is deprecated. Please update your policy file to use the standard policy values. warnings.warn(
2026-03-19 08:34:11.064 8 INFO cinder.volume.api [req-142c310b-e80f-4ad9-adcd-5a5c57f585e5 req-283a8f59-80a3-4c3a-8740-2a1a7563f04a 4dc1459707a841c98e4188535c999b88 f8249dbc805c4cb58c90d8cf4b1a0e2a - - default default] Volume info retrieved successfully.
2026-03-19 08:34:11.069 8 INFO cinder.api.openstack.wsgi [req-142c310b-e80f-4ad9-adcd-5a5c57f585e5 req-283a8f59-80a3-4c3a-8740-2a1a7563f04a 4dc1459707a841c98e4188535c999b88 f8249dbc805c4cb58c90d8cf4b1a0e2a - - default default] http://cinder-api.openstack.svc.cluster.local:8776/v3/f8249dbc805c4cb58c90d8cf4b1a0e2a/volumes/e1b9f362-3e3b-46e7-b3a4-155db3104f96 returned with HTTP 200 [pid: 8|app: 0|req: 477/946] 199.204.45.138 () {32 vars in 825 bytes} [Thu Mar 19 08:34:11 2026] GET /v3/f8249dbc805c4cb58c90d8cf4b1a0e2a/volumes/e1b9f362-3e3b-46e7-b3a4-155db3104f96 => generated 1489 bytes in 26 msecs (HTTP/1.1 200) 7 headers in 286 bytes (1 switches on core 0) /var/lib/openstack/lib/python3.12/site-packages/pycadf/identifier.py:70: UserWarning: Invalid uuid: cinderv3. To ensure interoperability, identifiers should be a valid uuid. warnings.warn(('Invalid uuid: %s. To ensure interoperability, '
2026-03-19 08:34:11.485 7 INFO cinder.api.openstack.wsgi [req-bdd3a9fa-2224-410c-b97f-f844e09ba7c8 req-0269f785-b11e-4a2b-8e72-f716df365275 4dc1459707a841c98e4188535c999b88 f8249dbc805c4cb58c90d8cf4b1a0e2a - - default default] GET http://cinder-api.openstack.svc.cluster.local:8776/v3/f8249dbc805c4cb58c90d8cf4b1a0e2a/volumes/e1b9f362-3e3b-46e7-b3a4-155db3104f96 /var/lib/openstack/lib/python3.12/site-packages/oslo_context/context.py:101: DeprecationWarning: Policy enforcement is depending on the value of is_admin. This key is deprecated. Please update your policy file to use the standard policy values. warnings.warn(
2026-03-19 08:34:11.500 7 INFO cinder.volume.api [req-bdd3a9fa-2224-410c-b97f-f844e09ba7c8 req-0269f785-b11e-4a2b-8e72-f716df365275 4dc1459707a841c98e4188535c999b88 f8249dbc805c4cb58c90d8cf4b1a0e2a - - default default] Volume info retrieved successfully.
2026-03-19 08:34:11.505 7 INFO cinder.api.openstack.wsgi [req-bdd3a9fa-2224-410c-b97f-f844e09ba7c8 req-0269f785-b11e-4a2b-8e72-f716df365275 4dc1459707a841c98e4188535c999b88 f8249dbc805c4cb58c90d8cf4b1a0e2a - - default default] http://cinder-api.openstack.svc.cluster.local:8776/v3/f8249dbc805c4cb58c90d8cf4b1a0e2a/volumes/e1b9f362-3e3b-46e7-b3a4-155db3104f96 returned with HTTP 200 [pid: 7|app: 0|req: 470/947] 10.0.0.110 () {34 vars in 1028 bytes} [Thu Mar 19 08:34:11 2026] GET /v3/f8249dbc805c4cb58c90d8cf4b1a0e2a/volumes/e1b9f362-3e3b-46e7-b3a4-155db3104f96 => generated 1489 bytes in 31 msecs (HTTP/1.1 200) 7 headers in 286 bytes (1 switches on core 0) /var/lib/openstack/lib/python3.12/site-packages/pycadf/identifier.py:70: UserWarning: Invalid uuid: cinderv3. To ensure interoperability, identifiers should be a valid uuid. warnings.warn(('Invalid uuid: %s. To ensure interoperability, '
2026-03-19 08:34:11.919 8 INFO cinder.api.openstack.wsgi [req-bdd3a9fa-2224-410c-b97f-f844e09ba7c8 req-90e5058d-8df1-4d0b-bc58-a0437967f248 4dc1459707a841c98e4188535c999b88 f8249dbc805c4cb58c90d8cf4b1a0e2a - - default default] GET http://cinder-api.openstack.svc.cluster.local:8776/v3/f8249dbc805c4cb58c90d8cf4b1a0e2a/volumes/e1b9f362-3e3b-46e7-b3a4-155db3104f96 /var/lib/openstack/lib/python3.12/site-packages/oslo_context/context.py:101: DeprecationWarning: Policy enforcement is depending on the value of is_admin. This key is deprecated. Please update your policy file to use the standard policy values. warnings.warn(
2026-03-19 08:34:11.931 8 INFO cinder.volume.api [req-bdd3a9fa-2224-410c-b97f-f844e09ba7c8 req-90e5058d-8df1-4d0b-bc58-a0437967f248 4dc1459707a841c98e4188535c999b88 f8249dbc805c4cb58c90d8cf4b1a0e2a - - default default] Volume info retrieved successfully.
2026-03-19 08:34:11.935 8 INFO cinder.api.openstack.wsgi [req-bdd3a9fa-2224-410c-b97f-f844e09ba7c8 req-90e5058d-8df1-4d0b-bc58-a0437967f248 4dc1459707a841c98e4188535c999b88 f8249dbc805c4cb58c90d8cf4b1a0e2a - - default default] http://cinder-api.openstack.svc.cluster.local:8776/v3/f8249dbc805c4cb58c90d8cf4b1a0e2a/volumes/e1b9f362-3e3b-46e7-b3a4-155db3104f96 returned with HTTP 200 [pid: 8|app: 0|req: 478/948] 10.0.0.110 () {34 vars in 1028 bytes} [Thu Mar 19 08:34:11 2026] GET /v3/f8249dbc805c4cb58c90d8cf4b1a0e2a/volumes/e1b9f362-3e3b-46e7-b3a4-155db3104f96 => generated 1489 bytes in 25 msecs (HTTP/1.1 200) 7 headers in 286 bytes (1 switches on core 0)
2026-03-19 08:34:11.942 7 INFO cinder.api.openstack.wsgi [req-bdd3a9fa-2224-410c-b97f-f844e09ba7c8 req-0269f785-b11e-4a2b-8e72-f716df365275 4dc1459707a841c98e4188535c999b88 f8249dbc805c4cb58c90d8cf4b1a0e2a - - default default] GET http://cinder-api.openstack.svc.cluster.local:8776/
2026-03-19 08:34:11.943 7 INFO cinder.api.openstack.wsgi [req-bdd3a9fa-2224-410c-b97f-f844e09ba7c8 req-0269f785-b11e-4a2b-8e72-f716df365275 4dc1459707a841c98e4188535c999b88 f8249dbc805c4cb58c90d8cf4b1a0e2a - - default default] http://cinder-api.openstack.svc.cluster.local:8776/ returned with HTTP 300 [pid: 7|app: 0|req: 471/949] 10.0.0.110 () {32 vars in 829 bytes} [Thu Mar 19 08:34:11 2026] GET / => generated 411 bytes in 1 msecs (HTTP/1.1 300) 5 headers in 169 bytes (1 switches on core 0) /var/lib/openstack/lib/python3.12/site-packages/pycadf/identifier.py:70: UserWarning: Invalid uuid: cinderv3. To ensure interoperability, identifiers should be a valid uuid. warnings.warn(('Invalid uuid: %s. To ensure interoperability, '
2026-03-19 08:34:11.954 8 INFO cinder.api.openstack.wsgi [req-bdd3a9fa-2224-410c-b97f-f844e09ba7c8 req-2276dd5f-6f31-48e2-9b1d-60bfc2207094 4dc1459707a841c98e4188535c999b88 f8249dbc805c4cb58c90d8cf4b1a0e2a - - default default] POST http://cinder-api.openstack.svc.cluster.local:8776/v3/f8249dbc805c4cb58c90d8cf4b1a0e2a/attachments /var/lib/openstack/lib/python3.12/site-packages/oslo_context/context.py:101: DeprecationWarning: Policy enforcement is depending on the value of is_admin. This key is deprecated. Please update your policy file to use the standard policy values. warnings.warn(
2026-03-19 08:34:12.001 8 INFO cinder.api.openstack.wsgi [req-bdd3a9fa-2224-410c-b97f-f844e09ba7c8 req-2276dd5f-6f31-48e2-9b1d-60bfc2207094 4dc1459707a841c98e4188535c999b88 f8249dbc805c4cb58c90d8cf4b1a0e2a - - default default] http://cinder-api.openstack.svc.cluster.local:8776/v3/f8249dbc805c4cb58c90d8cf4b1a0e2a/attachments returned with HTTP 200 [pid: 8|app: 0|req: 479/950] 10.0.0.110 () {40 vars in 1057 bytes} [Thu Mar 19 08:34:11 2026] POST /v3/f8249dbc805c4cb58c90d8cf4b1a0e2a/attachments => generated 273 bytes in 54 msecs (HTTP/1.1 200) 7 headers in 286 bytes (1 switches on core 0) /var/lib/openstack/lib/python3.12/site-packages/pycadf/identifier.py:70: UserWarning: Invalid uuid: cinderv3. To ensure interoperability, identifiers should be a valid uuid. warnings.warn(('Invalid uuid: %s. To ensure interoperability, '
2026-03-19 08:34:15.481 7 INFO cinder.api.openstack.wsgi [req-142c310b-e80f-4ad9-adcd-5a5c57f585e5 req-578f351e-9cef-4102-b56b-edba2e6455de 4dc1459707a841c98e4188535c999b88 f8249dbc805c4cb58c90d8cf4b1a0e2a - - default default] GET http://cinder-api.openstack.svc.cluster.local:8776/v3/f8249dbc805c4cb58c90d8cf4b1a0e2a/volumes/e1b9f362-3e3b-46e7-b3a4-155db3104f96 /var/lib/openstack/lib/python3.12/site-packages/oslo_context/context.py:101: DeprecationWarning: Policy enforcement is depending on the value of is_admin. This key is deprecated. Please update your policy file to use the standard policy values. warnings.warn(
2026-03-19 08:34:15.498 7 INFO cinder.volume.api [req-142c310b-e80f-4ad9-adcd-5a5c57f585e5 req-578f351e-9cef-4102-b56b-edba2e6455de 4dc1459707a841c98e4188535c999b88 f8249dbc805c4cb58c90d8cf4b1a0e2a - - default default] Volume info retrieved successfully.
2026-03-19 08:34:15.504 7 INFO cinder.api.openstack.wsgi [req-142c310b-e80f-4ad9-adcd-5a5c57f585e5 req-578f351e-9cef-4102-b56b-edba2e6455de 4dc1459707a841c98e4188535c999b88 f8249dbc805c4cb58c90d8cf4b1a0e2a - - default default] http://cinder-api.openstack.svc.cluster.local:8776/v3/f8249dbc805c4cb58c90d8cf4b1a0e2a/volumes/e1b9f362-3e3b-46e7-b3a4-155db3104f96 returned with HTTP 200 [pid: 7|app: 0|req: 472/951] 199.204.45.138 () {32 vars in 825 bytes} [Thu Mar 19 08:34:15 2026] GET /v3/f8249dbc805c4cb58c90d8cf4b1a0e2a/volumes/e1b9f362-3e3b-46e7-b3a4-155db3104f96 => generated 1488 bytes in 30 msecs (HTTP/1.1 200) 7 headers in 286 bytes (1 switches on core 0)
2026-03-19 08:34:17.376 8 INFO cinder.api.openstack.wsgi [req-bdd3a9fa-2224-410c-b97f-f844e09ba7c8 req-2276dd5f-6f31-48e2-9b1d-60bfc2207094 4dc1459707a841c98e4188535c999b88 f8249dbc805c4cb58c90d8cf4b1a0e2a - - default default] GET http://cinder-api.openstack.svc.cluster.local:8776/
2026-03-19 08:34:17.378 8 INFO cinder.api.openstack.wsgi [req-bdd3a9fa-2224-410c-b97f-f844e09ba7c8 req-2276dd5f-6f31-48e2-9b1d-60bfc2207094 4dc1459707a841c98e4188535c999b88 f8249dbc805c4cb58c90d8cf4b1a0e2a - - default default] http://cinder-api.openstack.svc.cluster.local:8776/ returned with HTTP 300 [pid: 8|app: 0|req: 480/952] 199.204.45.138 () {32 vars in 840 bytes} [Thu Mar 19 08:34:17 2026] GET / => generated 411 bytes in 3 msecs (HTTP/1.1 300) 5 headers in 169 bytes (1 switches on core 0) /var/lib/openstack/lib/python3.12/site-packages/pycadf/identifier.py:70: UserWarning: Invalid uuid: cinderv3. To ensure interoperability, identifiers should be a valid uuid. warnings.warn(('Invalid uuid: %s. To ensure interoperability, '
2026-03-19 08:34:17.392 7 INFO cinder.api.openstack.wsgi [req-bdd3a9fa-2224-410c-b97f-f844e09ba7c8 req-c73e0d8d-e55e-43d7-8c95-9777b9555ad5 4dc1459707a841c98e4188535c999b88 f8249dbc805c4cb58c90d8cf4b1a0e2a - - default default] GET http://cinder-api.openstack.svc.cluster.local:8776/v3/f8249dbc805c4cb58c90d8cf4b1a0e2a/volumes/e1b9f362-3e3b-46e7-b3a4-155db3104f96 /var/lib/openstack/lib/python3.12/site-packages/oslo_context/context.py:101: DeprecationWarning: Policy enforcement is depending on the value of is_admin. This key is deprecated. Please update your policy file to use the standard policy values. warnings.warn(
2026-03-19 08:34:17.410 7 INFO cinder.volume.api [req-bdd3a9fa-2224-410c-b97f-f844e09ba7c8 req-c73e0d8d-e55e-43d7-8c95-9777b9555ad5 4dc1459707a841c98e4188535c999b88 f8249dbc805c4cb58c90d8cf4b1a0e2a - - default default] Volume info retrieved successfully.
2026-03-19 08:34:17.415 7 INFO cinder.api.openstack.wsgi [req-bdd3a9fa-2224-410c-b97f-f844e09ba7c8 req-c73e0d8d-e55e-43d7-8c95-9777b9555ad5 4dc1459707a841c98e4188535c999b88 f8249dbc805c4cb58c90d8cf4b1a0e2a - - default default] http://cinder-api.openstack.svc.cluster.local:8776/v3/f8249dbc805c4cb58c90d8cf4b1a0e2a/volumes/e1b9f362-3e3b-46e7-b3a4-155db3104f96 returned with HTTP 200 [pid: 7|app: 0|req: 473/953] 199.204.45.138 () {36 vars in 1073 bytes} [Thu Mar 19 08:34:17 2026] GET /v3/f8249dbc805c4cb58c90d8cf4b1a0e2a/volumes/e1b9f362-3e3b-46e7-b3a4-155db3104f96 => generated 1712 bytes in 33 msecs (HTTP/1.1 200) 7 headers in 287 bytes (1 switches on core 0) /var/lib/openstack/lib/python3.12/site-packages/pycadf/identifier.py:70: UserWarning: Invalid uuid: cinderv3. To ensure interoperability, identifiers should be a valid uuid. warnings.warn(('Invalid uuid: %s. To ensure interoperability, '
2026-03-19 08:34:17.497 8 INFO cinder.api.openstack.wsgi [req-bdd3a9fa-2224-410c-b97f-f844e09ba7c8 req-35791f6d-14f9-42da-b317-ef3571c433a4 4dc1459707a841c98e4188535c999b88 f8249dbc805c4cb58c90d8cf4b1a0e2a - - default default] PUT http://cinder-api.openstack.svc.cluster.local:8776/v3/f8249dbc805c4cb58c90d8cf4b1a0e2a/attachments/c16cb625-1091-496e-89a2-5bf44160e3d0 /var/lib/openstack/lib/python3.12/site-packages/oslo_context/context.py:101: DeprecationWarning: Policy enforcement is depending on the value of is_admin. This key is deprecated. Please update your policy file to use the standard policy values. warnings.warn(
2026-03-19 08:34:18.039 7 INFO cinder.api.openstack.wsgi [req-bdd3a9fa-2224-410c-b97f-f844e09ba7c8 req-c73e0d8d-e55e-43d7-8c95-9777b9555ad5 4dc1459707a841c98e4188535c999b88 f8249dbc805c4cb58c90d8cf4b1a0e2a - - default default] GET http://10.0.0.88:8776/
2026-03-19 08:34:18.040 7 INFO cinder.api.openstack.wsgi [req-bdd3a9fa-2224-410c-b97f-f844e09ba7c8 req-c73e0d8d-e55e-43d7-8c95-9777b9555ad5 4dc1459707a841c98e4188535c999b88 f8249dbc805c4cb58c90d8cf4b1a0e2a - - default default] http://10.0.0.88:8776/ returned with HTTP 300
2026-03-19 08:34:18.043 7 INFO cinder.api.openstack.wsgi [req-bdd3a9fa-2224-410c-b97f-f844e09ba7c8 req-c73e0d8d-e55e-43d7-8c95-9777b9555ad5 4dc1459707a841c98e4188535c999b88 f8249dbc805c4cb58c90d8cf4b1a0e2a - - default default] GET http://10.0.0.88:8776/
2026-03-19 08:34:18.044 7 INFO cinder.api.openstack.wsgi [req-bdd3a9fa-2224-410c-b97f-f844e09ba7c8 req-c73e0d8d-e55e-43d7-8c95-9777b9555ad5 4dc1459707a841c98e4188535c999b88 f8249dbc805c4cb58c90d8cf4b1a0e2a - - default default] http://10.0.0.88:8776/ returned with HTTP 300 /var/lib/openstack/lib/python3.12/site-packages/pycadf/identifier.py:70: UserWarning: Invalid uuid: cinderv3. To ensure interoperability, identifiers should be a valid uuid. warnings.warn(('Invalid uuid: %s. To ensure interoperability, '
2026-03-19 08:34:18.366 7 INFO cinder.api.openstack.wsgi [req-142c310b-e80f-4ad9-adcd-5a5c57f585e5 req-1cdbf0ee-8a13-4de8-b502-437d98f1cd60 4dc1459707a841c98e4188535c999b88 f8249dbc805c4cb58c90d8cf4b1a0e2a - - default default] GET http://cinder-api.openstack.svc.cluster.local:8776/v3/f8249dbc805c4cb58c90d8cf4b1a0e2a/volumes/e1b9f362-3e3b-46e7-b3a4-155db3104f96 /var/lib/openstack/lib/python3.12/site-packages/oslo_context/context.py:101: DeprecationWarning: Policy enforcement is depending on the value of is_admin. This key is deprecated. Please update your policy file to use the standard policy values. warnings.warn(
2026-03-19 08:34:18.389 7 INFO cinder.volume.api [req-142c310b-e80f-4ad9-adcd-5a5c57f585e5 req-1cdbf0ee-8a13-4de8-b502-437d98f1cd60 4dc1459707a841c98e4188535c999b88 f8249dbc805c4cb58c90d8cf4b1a0e2a - - default default] Volume info retrieved successfully.
2026-03-19 08:34:18.394 7 INFO cinder.api.openstack.wsgi [req-142c310b-e80f-4ad9-adcd-5a5c57f585e5 req-1cdbf0ee-8a13-4de8-b502-437d98f1cd60 4dc1459707a841c98e4188535c999b88 f8249dbc805c4cb58c90d8cf4b1a0e2a - - default default] http://cinder-api.openstack.svc.cluster.local:8776/v3/f8249dbc805c4cb58c90d8cf4b1a0e2a/volumes/e1b9f362-3e3b-46e7-b3a4-155db3104f96 returned with HTTP 200 [pid: 7|app: 0|req: 476/956] 199.204.45.138 () {32 vars in 825 bytes} [Thu Mar 19 08:34:18 2026] GET /v3/f8249dbc805c4cb58c90d8cf4b1a0e2a/volumes/e1b9f362-3e3b-46e7-b3a4-155db3104f96 => generated 1489 bytes in 35 msecs (HTTP/1.1 200) 7 headers in 286 bytes (1 switches on core 0)
2026-03-19 08:34:18.545 8 INFO cinder.api.openstack.wsgi [req-bdd3a9fa-2224-410c-b97f-f844e09ba7c8 req-35791f6d-14f9-42da-b317-ef3571c433a4 4dc1459707a841c98e4188535c999b88 f8249dbc805c4cb58c90d8cf4b1a0e2a - - default default] http://cinder-api.openstack.svc.cluster.local:8776/v3/f8249dbc805c4cb58c90d8cf4b1a0e2a/attachments/c16cb625-1091-496e-89a2-5bf44160e3d0 returned with HTTP 200 [pid: 8|app: 0|req: 481/957] 199.204.45.138 () {40 vars in 1135 bytes} [Thu Mar 19 08:34:17 2026] PUT /v3/f8249dbc805c4cb58c90d8cf4b1a0e2a/attachments/c16cb625-1091-496e-89a2-5bf44160e3d0 => generated 802 bytes in 1059 msecs (HTTP/1.1 200) 7 headers in 286 bytes (1 switches on core 0) /var/lib/openstack/lib/python3.12/site-packages/pycadf/identifier.py:70: UserWarning: Invalid uuid: cinderv3. To ensure interoperability, identifiers should be a valid uuid. warnings.warn(('Invalid uuid: %s. To ensure interoperability, '
