2026-03-19 08:37:10.348 8 INFO neutron_taas.services.taas.taas_plugin [req-8e84471a-357a-445b-9aa3-bf79e6b2ffad req-2edaf960-b421-4ba3-a214-4cf2f60bc896 8ab76dd90c414bd186650812f024a37a 85759755d07944f0897c24ad86ae09e4 - - default default] TaaS: Handle Delete Port: d612eda0-a58b-4be0-b4a0-05b092ad09eb
2026-03-19 08:37:10.351 8 INFO neutron_taas.services.taas.tap_mirror_plugin [req-8e84471a-357a-445b-9aa3-bf79e6b2ffad req-2edaf960-b421-4ba3-a214-4cf2f60bc896 8ab76dd90c414bd186650812f024a37a 85759755d07944f0897c24ad86ae09e4 - - default default] Tap Mirror: Handle Delete Port: d612eda0-a58b-4be0-b4a0-05b092ad09eb [pid: 8|app: 0|req: 1736/3488] 199.204.45.138 () {36 vars in 997 bytes} [Thu Mar 19 08:37:10 2026] DELETE /v2.0/ports/d612eda0-a58b-4be0-b4a0-05b092ad09eb => generated 0 bytes in 308 msecs (HTTP/1.1 204) 3 headers in 131 bytes (1 switches on core 0)
2026-03-19 08:37:10.549 8 INFO neutron.notifiers.nova [-] Nova event matching ['req-1aa88603-8462-4009-bf61-ea893c7d6943'] response: {'server_uuid': 'cb4b7e9f-2d04-45c3-a192-97b8a9d32c2f', 'name': 'network-vif-deleted', 'tag': 'd612eda0-a58b-4be0-b4a0-05b092ad09eb', 'status': 'completed', 'code': 200} [pid: 7|app: 0|req: 1753/3489] 10.0.0.110 () {34 vars in 990 bytes} [Thu Mar 19 08:37:12 2026] GET /v2.0/ports?device_id=cb4b7e9f-2d04-45c3-a192-97b8a9d32c2f => generated 12 bytes in 16 msecs (HTTP/1.1 200) 4 headers in 156 bytes (1 switches on core 0)
2026-03-19 08:37:18.158 8 INFO neutron_taas.services.taas.taas_plugin [None req-68bfa4c6-ac62-4300-93bc-26626cdbfe56 8ab76dd90c414bd186650812f024a37a 85759755d07944f0897c24ad86ae09e4 - - default default] TaaS: Handle Delete Port: aa2abe4d-2919-4f35-a861-810855536709
2026-03-19 08:37:18.160 8 INFO neutron_taas.services.taas.tap_mirror_plugin [None req-68bfa4c6-ac62-4300-93bc-26626cdbfe56 8ab76dd90c414bd186650812f024a37a 85759755d07944f0897c24ad86ae09e4 - - default default] Tap Mirror: Handle Delete Port: aa2abe4d-2919-4f35-a861-810855536709
2026-03-19 08:37:18.340 8 INFO neutron.db.l3_db [None req-68bfa4c6-ac62-4300-93bc-26626cdbfe56 8ab76dd90c414bd186650812f024a37a 85759755d07944f0897c24ad86ae09e4 - - default default] Floating IP 1132f10e-8809-4d78-afaa-84b6754947a2 disassociated (deleted). External IP: 10.96.250.211, port: e8027d30-35b0-4f2e-bccc-3059cd44553f. [pid: 8|app: 0|req: 1737/3490] 10.0.0.201 () {32 vars in 732 bytes} [Thu Mar 19 08:37:18 2026] DELETE /v2.0/floatingips/1132f10e-8809-4d78-afaa-84b6754947a2 => generated 0 bytes in 588 msecs (HTTP/1.1 204) 2 headers in 112 bytes (1 switches on core 0)
2026-03-19 08:37:18.640 7 INFO neutron.api.v2.resource [None req-2a968b88-7718-45d1-a53f-b01b21c901ae 8ab76dd90c414bd186650812f024a37a 85759755d07944f0897c24ad86ae09e4 - - default default] show failed (client error): The resource could not be found. [pid: 7|app: 0|req: 1754/3491] 10.0.0.201 () {32 vars in 729 bytes} [Thu Mar 19 08:37:18 2026] GET /v2.0/floatingips/1132f10e-8809-4d78-afaa-84b6754947a2 => generated 144 bytes in 27 msecs (HTTP/1.1 404) 4 headers in 164 bytes (1 switches on core 0)
2026-03-19 08:37:18.658 8 INFO neutron.notifiers.nova [-] Nova event matching ['req-4bef0492-41e4-4a00-8ed6-aaf66edbddbf'] response: {'name': 'network-changed', 'server_uuid': '46872d66-fd1f-454c-a45e-94c0a0a20457', 'tag': 'e8027d30-35b0-4f2e-bccc-3059cd44553f', 'status': 'completed', 'code': 200} [pid: 8|app: 0|req: 1738/3492] 10.0.0.110 () {34 vars in 990 bytes} [Thu Mar 19 08:37:18 2026] GET /v2.0/ports?device_id=46872d66-fd1f-454c-a45e-94c0a0a20457 => generated 1200 bytes in 69 msecs (HTTP/1.1 200) 4 headers in 158 bytes (1 switches on core 0) [pid: 7|app: 0|req: 1755/3493] 10.0.0.110 () {34 vars in 1040 bytes} [Thu Mar 19 08:37:18 2026] GET /v2.0/security-groups?id=73268b5d-4044-42ab-85d8-63f33c7515ec&fields=id&fields=name => generated 112 bytes in 34 msecs (HTTP/1.1 200) 4 headers in 157 bytes (1 switches on core 0) [pid: 8|app: 0|req: 1739/3494] 199.204.45.138 () {34 vars in 1080 bytes} [Thu Mar 19 08:37:19 2026] GET /v2.0/ports?tenant_id=85759755d07944f0897c24ad86ae09e4&device_id=46872d66-fd1f-454c-a45e-94c0a0a20457 => generated 1469 bytes in 61 msecs (HTTP/1.1 200) 4 headers in 158 bytes (1 switches on core 0) [pid: 7|app: 0|req: 1756/3495] 199.204.45.138 () {34 vars in 986 bytes} [Thu Mar 19 08:37:19 2026] GET /v2.0/networks?id=b3080c74-97e3-4f27-8219-7ac70d8af760 => generated 801 bytes in 48 msecs (HTTP/1.1 200) 4 headers in 157 bytes (1 switches on core 0) [pid: 8|app: 0|req: 1740/3496] 199.204.45.138 () {34 vars in 1058 bytes} [Thu Mar 19 08:37:19 2026] GET /v2.0/floatingips?fixed_ip_address=10.2.1.101&port_id=e8027d30-35b0-4f2e-bccc-3059cd44553f => generated 19 bytes in 34 msecs (HTTP/1.1 200) 4 headers in 156 bytes (1 switches on core 0) [pid: 7|app: 0|req: 1757/3497] 199.204.45.138 () {34 vars in 1104 bytes} [Thu Mar 19 08:37:19 2026] GET /v2.0/floatingips?fixed_ip_address=fd7b%3Af9f7%3Afff%3A4eca%3A%3A274&port_id=e8027d30-35b0-4f2e-bccc-3059cd44553f => generated 19 bytes in 25 msecs (HTTP/1.1 200) 4 headers in 156 bytes (1 switches on core 0) [pid: 8|app: 0|req: 1741/3498] 199.204.45.138 () {34 vars in 1064 bytes} [Thu Mar 19 08:37:19 2026] GET /v2.0/subnets?id=c1115d21-afda-4b19-bb2f-189393898910&id=b26b0bd2-b6e3-486a-9b52-8cd12571df01 => generated 1410 bytes in 36 msecs (HTTP/1.1 200) 4 headers in 158 bytes (1 switches on core 0) [pid: 7|app: 0|req: 1758/3499] 199.204.45.138 () {34 vars in 1052 bytes} [Thu Mar 19 08:37:19 2026] GET /v2.0/ports?network_id=b3080c74-97e3-4f27-8219-7ac70d8af760&device_owner=network%3Adhcp => generated 1457 bytes in 35 msecs (HTTP/1.1 200) 4 headers in 158 bytes (1 switches on core 0) [pid: 8|app: 0|req: 1742/3500] 199.204.45.138 () {34 vars in 1052 bytes} [Thu Mar 19 08:37:19 2026] GET /v2.0/ports?network_id=b3080c74-97e3-4f27-8219-7ac70d8af760&device_owner=network%3Adhcp => generated 1457 bytes in 41 msecs (HTTP/1.1 200) 4 headers in 158 bytes (1 switches on core 0) [pid: 7|app: 0|req: 1759/3501] 199.204.45.138 () {34 vars in 1012 bytes} [Thu Mar 19 08:37:19 2026] GET /v2.0/networks/b3080c74-97e3-4f27-8219-7ac70d8af760?fields=segments => generated 14 bytes in 42 msecs (HTTP/1.1 200) 4 headers in 156 bytes (1 switches on core 0) [pid: 8|app: 0|req: 1743/3502] 199.204.45.138 () {34 vars in 1112 bytes} [Thu Mar 19 08:37:19 2026] GET /v2.0/networks/b3080c74-97e3-4f27-8219-7ac70d8af760?fields=provider%3Aphysical_network&fields=provider%3Anetwork_type => generated 78 bytes in 57 msecs (HTTP/1.1 200) 4 headers in 156 bytes (1 switches on core 0) [pid: 7|app: 0|req: 1760/3503] 199.204.45.138 () {34 vars in 994 bytes} [Thu Mar 19 08:37:21 2026] GET /v2.0/ports?device_id=46872d66-fd1f-454c-a45e-94c0a0a20457 => generated 1200 bytes in 71 msecs (HTTP/1.1 200) 4 headers in 158 bytes (1 switches on core 0)
2026-03-19 08:37:21.622 8 INFO neutron_taas.services.taas.taas_plugin [req-f8d3ba73-455a-41d2-b382-c6acbb9dad47 req-2b234b21-4efe-4e5c-933f-8fb924d38bf2 8ab76dd90c414bd186650812f024a37a 85759755d07944f0897c24ad86ae09e4 - - default default] TaaS: Handle Delete Port: e8027d30-35b0-4f2e-bccc-3059cd44553f
2026-03-19 08:37:21.625 8 INFO neutron_taas.services.taas.tap_mirror_plugin [req-f8d3ba73-455a-41d2-b382-c6acbb9dad47 req-2b234b21-4efe-4e5c-933f-8fb924d38bf2 8ab76dd90c414bd186650812f024a37a 85759755d07944f0897c24ad86ae09e4 - - default default] Tap Mirror: Handle Delete Port: e8027d30-35b0-4f2e-bccc-3059cd44553f [pid: 8|app: 0|req: 1744/3504] 199.204.45.138 () {36 vars in 997 bytes} [Thu Mar 19 08:37:21 2026] DELETE /v2.0/ports/e8027d30-35b0-4f2e-bccc-3059cd44553f => generated 0 bytes in 282 msecs (HTTP/1.1 204) 3 headers in 131 bytes (1 switches on core 0)
2026-03-19 08:37:21.828 8 INFO neutron.notifiers.nova [-] Nova event matching ['req-91697e65-f622-4835-bc22-bc99f5415aaf'] response: {'server_uuid': '46872d66-fd1f-454c-a45e-94c0a0a20457', 'name': 'network-vif-deleted', 'tag': 'e8027d30-35b0-4f2e-bccc-3059cd44553f', 'status': 'completed', 'code': 200} [pid: 7|app: 0|req: 1761/3505] 10.0.0.110 () {34 vars in 990 bytes} [Thu Mar 19 08:37:24 2026] GET /v2.0/ports?device_id=46872d66-fd1f-454c-a45e-94c0a0a20457 => generated 12 bytes in 29 msecs (HTTP/1.1 200) 4 headers in 156 bytes (1 switches on core 0) [pid: 8|app: 0|req: 1746/3508] 10.0.0.201 () {32 vars in 750 bytes} [Thu Mar 19 08:37:29 2026] DELETE /v2.0/security-group-rules/2e136851-8e66-4c7d-94f5-2ec58bbecb38 => generated 0 bytes in 86 msecs (HTTP/1.1 204) 2 headers in 112 bytes (1 switches on core 0)
2026-03-19 08:37:29.205 7 INFO neutron.api.v2.resource [None req-2d75897f-aad1-4a36-ac8a-5eff80aa0edd 8ab76dd90c414bd186650812f024a37a 85759755d07944f0897c24ad86ae09e4 - - default default] show failed (client error): The resource could not be found. [pid: 7|app: 0|req: 1763/3509] 10.0.0.201 () {32 vars in 747 bytes} [Thu Mar 19 08:37:29 2026] GET /v2.0/security-group-rules/2e136851-8e66-4c7d-94f5-2ec58bbecb38 => generated 155 bytes in 14 msecs (HTTP/1.1 404) 4 headers in 164 bytes (1 switches on core 0) [pid: 8|app: 0|req: 1747/3510] 10.0.0.201 () {32 vars in 750 bytes} [Thu Mar 19 08:37:29 2026] DELETE /v2.0/security-group-rules/5d755c9c-30ed-4550-88c2-42a3ef60aa5e => generated 0 bytes in 88 msecs (HTTP/1.1 204) 2 headers in 112 bytes (1 switches on core 0)
2026-03-19 08:37:29.320 7 INFO neutron.api.v2.resource [None req-816a329e-bc50-423f-90e7-1d0b104b9401 8ab76dd90c414bd186650812f024a37a 85759755d07944f0897c24ad86ae09e4 - - default default] show failed (client error): The resource could not be found. [pid: 7|app: 0|req: 1764/3511] 10.0.0.201 () {32 vars in 747 bytes} [Thu Mar 19 08:37:29 2026] GET /v2.0/security-group-rules/5d755c9c-30ed-4550-88c2-42a3ef60aa5e => generated 155 bytes in 15 msecs (HTTP/1.1 404) 4 headers in 164 bytes (1 switches on core 0) [pid: 8|app: 0|req: 1748/3512] 10.0.0.201 () {32 vars in 750 bytes} [Thu Mar 19 08:37:29 2026] DELETE /v2.0/security-group-rules/7a25e5a1-2842-4871-a047-841f0bed1473 => generated 0 bytes in 72 msecs (HTTP/1.1 204) 2 headers in 112 bytes (1 switches on core 0)
2026-03-19 08:37:29.413 7 INFO neutron.api.v2.resource [None req-1679b865-009a-4345-b32b-afed70fbdd6d 8ab76dd90c414bd186650812f024a37a 85759755d07944f0897c24ad86ae09e4 - - default default] show failed (client error): The resource could not be found. [pid: 7|app: 0|req: 1765/3513] 10.0.0.201 () {32 vars in 747 bytes} [Thu Mar 19 08:37:29 2026] GET /v2.0/security-group-rules/7a25e5a1-2842-4871-a047-841f0bed1473 => generated 155 bytes in 12 msecs (HTTP/1.1 404) 4 headers in 164 bytes (1 switches on core 0) [pid: 8|app: 0|req: 1749/3514] 10.0.0.201 () {32 vars in 750 bytes} [Thu Mar 19 08:37:29 2026] DELETE /v2.0/security-group-rules/8a826b72-ef9c-4a7e-a438-1955aeb664ae => generated 0 bytes in 75 msecs (HTTP/1.1 204) 2 headers in 112 bytes (1 switches on core 0)
2026-03-19 08:37:29.511 7 INFO neutron.api.v2.resource [None req-3c75b34b-2e88-4230-839e-9c0e4dc79dbb 8ab76dd90c414bd186650812f024a37a 85759755d07944f0897c24ad86ae09e4 - - default default] show failed (client error): The resource could not be found. [pid: 7|app: 0|req: 1766/3515] 10.0.0.201 () {32 vars in 747 bytes} [Thu Mar 19 08:37:29 2026] GET /v2.0/security-group-rules/8a826b72-ef9c-4a7e-a438-1955aeb664ae => generated 155 bytes in 14 msecs (HTTP/1.1 404) 4 headers in 164 bytes (1 switches on core 0) [pid: 8|app: 0|req: 1750/3516] 10.0.0.201 () {32 vars in 750 bytes} [Thu Mar 19 08:37:29 2026] DELETE /v2.0/security-group-rules/aea9c14a-f04c-4c74-95a1-0487ee2c04b8 => generated 0 bytes in 80 msecs (HTTP/1.1 204) 2 headers in 112 bytes (1 switches on core 0)
2026-03-19 08:37:29.612 7 INFO neutron.api.v2.resource [None req-ef542e1c-2c3e-49ed-a6ce-8fb6d8883e58 8ab76dd90c414bd186650812f024a37a 85759755d07944f0897c24ad86ae09e4 - - default default] show failed (client error): The resource could not be found. [pid: 7|app: 0|req: 1767/3517] 10.0.0.201 () {32 vars in 747 bytes} [Thu Mar 19 08:37:29 2026] GET /v2.0/security-group-rules/aea9c14a-f04c-4c74-95a1-0487ee2c04b8 => generated 155 bytes in 11 msecs (HTTP/1.1 404) 4 headers in 164 bytes (1 switches on core 0) [pid: 8|app: 0|req: 1751/3518] 10.0.0.201 () {32 vars in 750 bytes} [Thu Mar 19 08:37:29 2026] DELETE /v2.0/security-group-rules/75766642-0254-4bed-a72e-e69ee3896e72 => generated 0 bytes in 78 msecs (HTTP/1.1 204) 2 headers in 112 bytes (1 switches on core 0)
2026-03-19 08:37:29.713 7 INFO neutron.api.v2.resource [None req-2e6fe422-a54a-4498-b6d6-ea15c1565923 8ab76dd90c414bd186650812f024a37a 85759755d07944f0897c24ad86ae09e4 - - default default] show failed (client error): The resource could not be found. [pid: 7|app: 0|req: 1768/3519] 10.0.0.201 () {32 vars in 747 bytes} [Thu Mar 19 08:37:29 2026] GET /v2.0/security-group-rules/75766642-0254-4bed-a72e-e69ee3896e72 => generated 155 bytes in 10 msecs (HTTP/1.1 404) 4 headers in 164 bytes (1 switches on core 0) [pid: 8|app: 0|req: 1752/3520] 10.0.0.201 () {32 vars in 750 bytes} [Thu Mar 19 08:37:29 2026] DELETE /v2.0/security-group-rules/e045f19e-817a-49c5-a4a8-874b7f02894e => generated 0 bytes in 57 msecs (HTTP/1.1 204) 2 headers in 112 bytes (1 switches on core 0)
2026-03-19 08:37:29.792 7 INFO neutron.api.v2.resource [None req-7b8cca79-0c34-47d3-86e1-0a1f4c3b8546 8ab76dd90c414bd186650812f024a37a 85759755d07944f0897c24ad86ae09e4 - - default default] show failed (client error): The resource could not be found. [pid: 7|app: 0|req: 1769/3521] 10.0.0.201 () {32 vars in 747 bytes} [Thu Mar 19 08:37:29 2026] GET /v2.0/security-group-rules/e045f19e-817a-49c5-a4a8-874b7f02894e => generated 155 bytes in 10 msecs (HTTP/1.1 404) 4 headers in 164 bytes (1 switches on core 0) [pid: 8|app: 0|req: 1753/3522] 10.0.0.201 () {32 vars in 750 bytes} [Thu Mar 19 08:37:29 2026] DELETE /v2.0/security-group-rules/0e6f9e85-951c-4691-b8df-13c5f4b3a1f0 => generated 0 bytes in 79 msecs (HTTP/1.1 204) 2 headers in 112 bytes (1 switches on core 0)
2026-03-19 08:37:29.897 7 INFO neutron.api.v2.resource [None req-5bd94f66-7107-4347-9fc1-fc8de0ce4b8a 8ab76dd90c414bd186650812f024a37a 85759755d07944f0897c24ad86ae09e4 - - default default] show failed (client error): The resource could not be found. [pid: 7|app: 0|req: 1770/3523] 10.0.0.201 () {32 vars in 747 bytes} [Thu Mar 19 08:37:29 2026] GET /v2.0/security-group-rules/0e6f9e85-951c-4691-b8df-13c5f4b3a1f0 => generated 155 bytes in 15 msecs (HTTP/1.1 404) 4 headers in 164 bytes (1 switches on core 0) [pid: 8|app: 0|req: 1754/3524] 10.0.0.201 () {32 vars in 750 bytes} [Thu Mar 19 08:37:29 2026] DELETE /v2.0/security-group-rules/34f980ba-022d-4ea6-b3da-aa81be0ceede => generated 0 bytes in 70 msecs (HTTP/1.1 204) 2 headers in 112 bytes (1 switches on core 0)
2026-03-19 08:37:29.992 7 INFO neutron.api.v2.resource [None req-45008b1f-14c5-41f8-817c-a9c8a53e7845 8ab76dd90c414bd186650812f024a37a 85759755d07944f0897c24ad86ae09e4 - - default default] show failed (client error): The resource could not be found. [pid: 7|app: 0|req: 1771/3525] 10.0.0.201 () {32 vars in 747 bytes} [Thu Mar 19 08:37:29 2026] GET /v2.0/security-group-rules/34f980ba-022d-4ea6-b3da-aa81be0ceede => generated 155 bytes in 13 msecs (HTTP/1.1 404) 4 headers in 164 bytes (1 switches on core 0) [pid: 8|app: 0|req: 1755/3526] 10.0.0.201 () {32 vars in 750 bytes} [Thu Mar 19 08:37:29 2026] DELETE /v2.0/security-group-rules/17cdc190-f843-46e6-9ecd-577849f6ef1a => generated 0 bytes in 74 msecs (HTTP/1.1 204) 2 headers in 112 bytes (1 switches on core 0)
2026-03-19 08:37:30.088 7 INFO neutron.api.v2.resource [None req-661a29f8-c774-41c6-9c79-3c6d05dab3f5 8ab76dd90c414bd186650812f024a37a 85759755d07944f0897c24ad86ae09e4 - - default default] show failed (client error): The resource could not be found. [pid: 7|app: 0|req: 1772/3527] 10.0.0.201 () {32 vars in 747 bytes} [Thu Mar 19 08:37:30 2026] GET /v2.0/security-group-rules/17cdc190-f843-46e6-9ecd-577849f6ef1a => generated 155 bytes in 12 msecs (HTTP/1.1 404) 4 headers in 164 bytes (1 switches on core 0) [pid: 8|app: 0|req: 1756/3528] 10.0.0.201 () {32 vars in 750 bytes} [Thu Mar 19 08:37:30 2026] DELETE /v2.0/security-group-rules/ce6cb305-3a6c-4aeb-99cc-219477234b53 => generated 0 bytes in 59 msecs (HTTP/1.1 204) 2 headers in 112 bytes (1 switches on core 0)
2026-03-19 08:37:30.172 7 INFO neutron.api.v2.resource [None req-a05e6874-75c1-4224-8095-01c335730adf 8ab76dd90c414bd186650812f024a37a 85759755d07944f0897c24ad86ae09e4 - - default default] show failed (client error): The resource could not be found. [pid: 7|app: 0|req: 1773/3529] 10.0.0.201 () {32 vars in 747 bytes} [Thu Mar 19 08:37:30 2026] GET /v2.0/security-group-rules/ce6cb305-3a6c-4aeb-99cc-219477234b53 => generated 155 bytes in 13 msecs (HTTP/1.1 404) 4 headers in 164 bytes (1 switches on core 0) [pid: 8|app: 0|req: 1757/3530] 10.0.0.201 () {32 vars in 740 bytes} [Thu Mar 19 08:37:30 2026] DELETE /v2.0/security-groups/73268b5d-4044-42ab-85d8-63f33c7515ec => generated 0 bytes in 75 msecs (HTTP/1.1 204) 2 headers in 112 bytes (1 switches on core 0)
2026-03-19 08:37:30.271 7 INFO neutron.api.v2.resource [None req-5cf066a4-97ff-4e71-8eeb-0b5103ab76b5 8ab76dd90c414bd186650812f024a37a 85759755d07944f0897c24ad86ae09e4 - - default default] show failed (client error): The resource could not be found. [pid: 7|app: 0|req: 1774/3531] 10.0.0.201 () {32 vars in 737 bytes} [Thu Mar 19 08:37:30 2026] GET /v2.0/security-groups/73268b5d-4044-42ab-85d8-63f33c7515ec => generated 146 bytes in 14 msecs (HTTP/1.1 404) 4 headers in 164 bytes (1 switches on core 0)
2026-03-19 08:37:30.891 8 INFO neutron_taas.services.taas.taas_plugin [None req-86831029-9739-42a6-8f46-bc63c5b114bc 8ab76dd90c414bd186650812f024a37a 85759755d07944f0897c24ad86ae09e4 - - default default] TaaS: Handle Delete Port: 9efa8866-ac07-4167-ae80-8754c53fb497
2026-03-19 08:37:30.893 8 INFO neutron_taas.services.taas.tap_mirror_plugin [None req-86831029-9739-42a6-8f46-bc63c5b114bc 8ab76dd90c414bd186650812f024a37a 85759755d07944f0897c24ad86ae09e4 - - default default] Tap Mirror: Handle Delete Port: 9efa8866-ac07-4167-ae80-8754c53fb497 [pid: 8|app: 0|req: 1758/3532] 10.0.0.201 () {34 vars in 789 bytes} [Thu Mar 19 08:37:30 2026] PUT /v2.0/routers/6dc0b8d8-9869-4c2c-b4e8-bbbf3b54ccd7/remove_router_interface => generated 309 bytes in 854 msecs (HTTP/1.1 200) 4 headers in 157 bytes (1 switches on core 0)
2026-03-19 08:37:31.550 7 INFO neutron.api.v2.resource [None req-599b3f34-ed9e-471a-aa46-41369b35f53a 8ab76dd90c414bd186650812f024a37a 85759755d07944f0897c24ad86ae09e4 - - default default] remove_router_interface failed (client error): The resource could not be found. [pid: 7|app: 0|req: 1775/3533] 10.0.0.201 () {34 vars in 789 bytes} [Thu Mar 19 08:37:31 2026] PUT /v2.0/routers/6dc0b8d8-9869-4c2c-b4e8-bbbf3b54ccd7/remove_router_interface => generated 198 bytes in 176 msecs (HTTP/1.1 404) 4 headers in 164 bytes (1 switches on core 0)
2026-03-19 08:37:31.937 8 INFO neutron_taas.services.taas.taas_plugin [None req-37467bf5-0af7-4831-bfd1-531fb35a13ac 8ab76dd90c414bd186650812f024a37a 85759755d07944f0897c24ad86ae09e4 - - default default] TaaS: Handle Delete Port: 6552fb50-48c4-47ba-97cc-8c4d96bf53e0
2026-03-19 08:37:31.941 8 INFO neutron_taas.services.taas.tap_mirror_plugin [None req-37467bf5-0af7-4831-bfd1-531fb35a13ac 8ab76dd90c414bd186650812f024a37a 85759755d07944f0897c24ad86ae09e4 - - default default] Tap Mirror: Handle Delete Port: 6552fb50-48c4-47ba-97cc-8c4d96bf53e0 [pid: 8|app: 0|req: 1759/3534] 10.0.0.201 () {34 vars in 789 bytes} [Thu Mar 19 08:37:31 2026] PUT /v2.0/routers/6dc0b8d8-9869-4c2c-b4e8-bbbf3b54ccd7/remove_router_interface => generated 309 bytes in 825 msecs (HTTP/1.1 200) 4 headers in 157 bytes (1 switches on core 0)
2026-03-19 08:37:32.557 7 INFO neutron.api.v2.resource [None req-f4c23640-2c89-4d3d-88c2-aa128861daef 8ab76dd90c414bd186650812f024a37a 85759755d07944f0897c24ad86ae09e4 - - default default] remove_router_interface failed (client error): The resource could not be found. [pid: 7|app: 0|req: 1776/3535] 10.0.0.201 () {34 vars in 789 bytes} [Thu Mar 19 08:37:32 2026] PUT /v2.0/routers/6dc0b8d8-9869-4c2c-b4e8-bbbf3b54ccd7/remove_router_interface => generated 198 bytes in 170 msecs (HTTP/1.1 404) 4 headers in 164 bytes (1 switches on core 0)
2026-03-19 08:37:32.886 8 INFO neutron_taas.services.taas.taas_plugin [None req-34ef75d1-1bab-4f75-a4ba-efb188716d55 8ab76dd90c414bd186650812f024a37a 85759755d07944f0897c24ad86ae09e4 - - default default] TaaS: Handle Delete Port: 43d1f932-802d-4bde-9934-b79ff0b466b8
2026-03-19 08:37:32.890 8 INFO neutron_taas.services.taas.tap_mirror_plugin [None req-34ef75d1-1bab-4f75-a4ba-efb188716d55 8ab76dd90c414bd186650812f024a37a 85759755d07944f0897c24ad86ae09e4 - - default default] Tap Mirror: Handle Delete Port: 43d1f932-802d-4bde-9934-b79ff0b466b8 [pid: 8|app: 0|req: 1760/3536] 10.0.0.201 () {34 vars in 789 bytes} [Thu Mar 19 08:37:32 2026] PUT /v2.0/routers/6dc0b8d8-9869-4c2c-b4e8-bbbf3b54ccd7/remove_router_interface => generated 309 bytes in 883 msecs (HTTP/1.1 200) 4 headers in 157 bytes (1 switches on core 0)
2026-03-19 08:37:33.592 7 INFO neutron.api.v2.resource [None req-73bab2f5-4453-472e-8159-40395da19efa 8ab76dd90c414bd186650812f024a37a 85759755d07944f0897c24ad86ae09e4 - - default default] remove_router_interface failed (client error): The resource could not be found. [pid: 7|app: 0|req: 1777/3537] 10.0.0.201 () {34 vars in 789 bytes} [Thu Mar 19 08:37:33 2026] PUT /v2.0/routers/6dc0b8d8-9869-4c2c-b4e8-bbbf3b54ccd7/remove_router_interface => generated 198 bytes in 139 msecs (HTTP/1.1 404) 4 headers in 164 bytes (1 switches on core 0)
2026-03-19 08:37:33.780 8 INFO neutron_taas.services.taas.taas_plugin [None req-531341f1-aeba-4857-a171-409698173604 8ab76dd90c414bd186650812f024a37a 85759755d07944f0897c24ad86ae09e4 - - default default] TaaS: Handle Delete Port: 295b02d1-ef71-4bcc-8809-e9051c162423
2026-03-19 08:37:33.783 8 INFO neutron_taas.services.taas.tap_mirror_plugin [None req-531341f1-aeba-4857-a171-409698173604 8ab76dd90c414bd186650812f024a37a 85759755d07944f0897c24ad86ae09e4 - - default default] Tap Mirror: Handle Delete Port: 295b02d1-ef71-4bcc-8809-e9051c162423
2026-03-19 08:37:34.033 8 INFO neutron_taas.services.taas.taas_plugin [None req-531341f1-aeba-4857-a171-409698173604 8ab76dd90c414bd186650812f024a37a 85759755d07944f0897c24ad86ae09e4 - - default default] TaaS: Handle Delete Port: 929e52c5-39e2-46e7-8d77-b6bef2ea599d
2026-03-19 08:37:34.036 8 INFO neutron_taas.services.taas.tap_mirror_plugin [None req-531341f1-aeba-4857-a171-409698173604 8ab76dd90c414bd186650812f024a37a 85759755d07944f0897c24ad86ae09e4 - - default default] Tap Mirror: Handle Delete Port: 929e52c5-39e2-46e7-8d77-b6bef2ea599d
2026-03-19 08:37:34.498 8 INFO neutron.db.l3_hamode_db [None req-531341f1-aeba-4857-a171-409698173604 8ab76dd90c414bd186650812f024a37a 85759755d07944f0897c24ad86ae09e4 - - default default] HA network 1c2216ef-2ed5-4ec8-819f-07dd894533cf was deleted as no HA routers are present in tenant 85759755d07944f0897c24ad86ae09e4. [pid: 8|app: 0|req: 1761/3538] 10.0.0.201 () {32 vars in 724 bytes} [Thu Mar 19 08:37:33 2026] DELETE /v2.0/routers/6dc0b8d8-9869-4c2c-b4e8-bbbf3b54ccd7 => generated 0 bytes in 934 msecs (HTTP/1.1 204) 2 headers in 112 bytes (1 switches on core 0)
2026-03-19 08:37:34.562 8 INFO neutron.services.segments.plugin [-] Segment b8f553bf-7257-4760-8043-82ed971c7b4e resource provider aggregate not found
2026-03-19 08:37:34.572 8 INFO neutron.services.segments.plugin [-] Segment b8f553bf-7257-4760-8043-82ed971c7b4e resource provider aggregate not found
2026-03-19 08:37:34.583 8 INFO neutron.services.segments.plugin [-] Segment b8f553bf-7257-4760-8043-82ed971c7b4e resource provider not found; error: Placement Client Error (4xx): {"errors": [{"status": 404, "title": "Not Found", "detail": "The resource could not be found.\n\n No resource provider with uuid b8f553bf-7257-4760-8043-82ed971c7b4e found for delete ", "request_id": "req-333fb32c-0b6f-496f-bee3-ce0e6fe8c0f6"}]}
2026-03-19 08:37:34.587 7 INFO neutron.api.v2.resource [None req-eb2cbe74-b607-4ef0-bd31-beef343cbbd8 8ab76dd90c414bd186650812f024a37a 85759755d07944f0897c24ad86ae09e4 - - default default] show failed (client error): The resource could not be found. [pid: 7|app: 0|req: 1778/3539] 10.0.0.201 () {32 vars in 721 bytes} [Thu Mar 19 08:37:34 2026] GET /v2.0/routers/6dc0b8d8-9869-4c2c-b4e8-bbbf3b54ccd7 => generated 135 bytes in 42 msecs (HTTP/1.1 404) 4 headers in 164 bytes (1 switches on core 0)
2026-03-19 08:37:34.593 8 INFO neutron.services.segments.plugin [-] Segment b8f553bf-7257-4760-8043-82ed971c7b4e resource provider not found; error: Placement Client Error (4xx): {"errors": [{"status": 404, "title": "Not Found", "detail": "The resource could not be found.\n\n No resource provider with uuid b8f553bf-7257-4760-8043-82ed971c7b4e found for delete ", "request_id": "req-9bdc1f0a-daa8-4ab2-91e9-d4d8e066b751"}]} [pid: 8|app: 0|req: 1762/3540] 10.0.0.201 () {32 vars in 724 bytes} [Thu Mar 19 08:37:34 2026] DELETE /v2.0/subnets/23d24f2a-a6c4-4548-ab72-9a3abb1e4db7 => generated 0 bytes in 161 msecs (HTTP/1.1 204) 3 headers in 131 bytes (1 switches on core 0)
2026-03-19 08:37:34.776 7 INFO neutron.pecan_wsgi.hooks.translation [None req-ed355e2c-feca-46fe-96d0-4192b5aead4e 8ab76dd90c414bd186650812f024a37a 85759755d07944f0897c24ad86ae09e4 - - default default] GET failed (client error): The resource could not be found. [pid: 7|app: 0|req: 1779/3541] 10.0.0.201 () {32 vars in 721 bytes} [Thu Mar 19 08:37:34 2026] GET /v2.0/subnets/23d24f2a-a6c4-4548-ab72-9a3abb1e4db7 => generated 136 bytes in 19 msecs (HTTP/1.1 404) 4 headers in 164 bytes (1 switches on core 0) [pid: 8|app: 0|req: 1763/3542] 10.0.0.201 () {32 vars in 724 bytes} [Thu Mar 19 08:37:34 2026] DELETE /v2.0/subnets/bc0fe2f6-f06b-4863-8ebe-97dda6c8407b => generated 0 bytes in 134 msecs (HTTP/1.1 204) 3 headers in 131 bytes (1 switches on core 0)
2026-03-19 08:37:34.945 7 INFO neutron.pecan_wsgi.hooks.translation [None req-52dfe6f2-730c-44e2-8850-201c0e9cb9fb 8ab76dd90c414bd186650812f024a37a 85759755d07944f0897c24ad86ae09e4 - - default default] GET failed (client error): The resource could not be found. [pid: 7|app: 0|req: 1780/3543] 10.0.0.201 () {32 vars in 721 bytes} [Thu Mar 19 08:37:34 2026] GET /v2.0/subnets/bc0fe2f6-f06b-4863-8ebe-97dda6c8407b => generated 136 bytes in 20 msecs (HTTP/1.1 404) 4 headers in 164 bytes (1 switches on core 0)
2026-03-19 08:37:35.025 8 INFO neutron_taas.services.taas.taas_plugin [None req-db7de76b-bf9e-4cc9-894e-3be4032f74de 8ab76dd90c414bd186650812f024a37a 85759755d07944f0897c24ad86ae09e4 - - default default] TaaS: Handle Delete Port: ac793148-dd5e-4def-ab3d-41ef1801c433
2026-03-19 08:37:35.028 8 INFO neutron_taas.services.taas.tap_mirror_plugin [None req-db7de76b-bf9e-4cc9-894e-3be4032f74de 8ab76dd90c414bd186650812f024a37a 85759755d07944f0897c24ad86ae09e4 - - default default] Tap Mirror: Handle Delete Port: ac793148-dd5e-4def-ab3d-41ef1801c433 [pid: 8|app: 0|req: 1764/3544] 10.0.0.201 () {32 vars in 726 bytes} [Thu Mar 19 08:37:34 2026] DELETE /v2.0/networks/4ed5db7d-165e-49e2-9afe-b05b4788298b => generated 0 bytes in 213 msecs (HTTP/1.1 204) 3 headers in 131 bytes (1 switches on core 0)
2026-03-19 08:37:35.186 7 INFO neutron.pecan_wsgi.hooks.translation [None req-e0c31380-18a0-4f2f-8673-5480f7ee20a4 8ab76dd90c414bd186650812f024a37a 85759755d07944f0897c24ad86ae09e4 - - default default] GET failed (client error): The resource could not be found. [pid: 7|app: 0|req: 1781/3545] 10.0.0.201 () {32 vars in 723 bytes} [Thu Mar 19 08:37:35 2026] GET /v2.0/networks/4ed5db7d-165e-49e2-9afe-b05b4788298b => generated 138 bytes in 14 msecs (HTTP/1.1 404) 4 headers in 164 bytes (1 switches on core 0) [pid: 8|app: 0|req: 1765/3546] 10.0.0.201 () {32 vars in 724 bytes} [Thu Mar 19 08:37:35 2026] DELETE /v2.0/subnets/b26b0bd2-b6e3-486a-9b52-8cd12571df01 => generated 0 bytes in 135 msecs (HTTP/1.1 204) 3 headers in 131 bytes (1 switches on core 0)
2026-03-19 08:37:35.348 7 INFO neutron.pecan_wsgi.hooks.translation [None req-7eb7a97d-e7f0-427f-b328-d9c2d7e44c38 8ab76dd90c414bd186650812f024a37a 85759755d07944f0897c24ad86ae09e4 - - default default] GET failed (client error): The resource could not be found. [pid: 7|app: 0|req: 1782/3547] 10.0.0.201 () {32 vars in 721 bytes} [Thu Mar 19 08:37:35 2026] GET /v2.0/subnets/b26b0bd2-b6e3-486a-9b52-8cd12571df01 => generated 136 bytes in 17 msecs (HTTP/1.1 404) 4 headers in 164 bytes (1 switches on core 0) [pid: 8|app: 0|req: 1766/3548] 10.0.0.201 () {32 vars in 724 bytes} [Thu Mar 19 08:37:35 2026] DELETE /v2.0/subnets/c1115d21-afda-4b19-bb2f-189393898910 => generated 0 bytes in 117 msecs (HTTP/1.1 204) 3 headers in 131 bytes (1 switches on core 0)
2026-03-19 08:37:35.494 7 INFO neutron.pecan_wsgi.hooks.translation [None req-11e713a9-a4a6-4cb8-8188-3191e33f7f2b 8ab76dd90c414bd186650812f024a37a 85759755d07944f0897c24ad86ae09e4 - - default default] GET failed (client error): The resource could not be found. [pid: 7|app: 0|req: 1783/3549] 10.0.0.201 () {32 vars in 721 bytes} [Thu Mar 19 08:37:35 2026] GET /v2.0/subnets/c1115d21-afda-4b19-bb2f-189393898910 => generated 136 bytes in 17 msecs (HTTP/1.1 404) 4 headers in 164 bytes (1 switches on core 0)
2026-03-19 08:37:35.598 8 INFO neutron_taas.services.taas.taas_plugin [None req-4bc8babc-f984-407e-bfa8-d106dd8b0bfc 8ab76dd90c414bd186650812f024a37a 85759755d07944f0897c24ad86ae09e4 - - default default] TaaS: Handle Delete Port: 8f1c5fbf-3b19-4acb-9f84-034f1100c040
2026-03-19 08:37:35.601 8 INFO neutron_taas.services.taas.tap_mirror_plugin [None req-4bc8babc-f984-407e-bfa8-d106dd8b0bfc 8ab76dd90c414bd186650812f024a37a 85759755d07944f0897c24ad86ae09e4 - - default default] Tap Mirror: Handle Delete Port: 8f1c5fbf-3b19-4acb-9f84-034f1100c040 [pid: 8|app: 0|req: 1767/3550] 10.0.0.201 () {32 vars in 726 bytes} [Thu Mar 19 08:37:35 2026] DELETE /v2.0/networks/b3080c74-97e3-4f27-8219-7ac70d8af760 => generated 0 bytes in 278 msecs (HTTP/1.1 204) 3 headers in 131 bytes (1 switches on core 0)
2026-03-19 08:37:35.799 7 INFO neutron.pecan_wsgi.hooks.translation [None req-68fb9e91-d31b-43ba-9374-6bac8ac6188a 8ab76dd90c414bd186650812f024a37a 85759755d07944f0897c24ad86ae09e4 - - default default] GET failed (client error): The resource could not be found. [pid: 7|app: 0|req: 1784/3551] 10.0.0.201 () {32 vars in 723 bytes} [Thu Mar 19 08:37:35 2026] GET /v2.0/networks/b3080c74-97e3-4f27-8219-7ac70d8af760 => generated 138 bytes in 17 msecs (HTTP/1.1 404) 4 headers in 164 bytes (1 switches on core 0) [pid: 8|app: 0|req: 1768/3552] 10.0.0.201 () {32 vars in 724 bytes} [Thu Mar 19 08:37:35 2026] DELETE /v2.0/subnets/d92ef913-2ea4-43df-8307-4e7f9830ee94 => generated 0 bytes in 154 msecs (HTTP/1.1 204) 3 headers in 131 bytes (1 switches on core 0)
2026-03-19 08:37:35.978 7 INFO neutron.pecan_wsgi.hooks.translation [None req-2b5109ce-d5cb-43f0-be69-11cbd99612aa 8ab76dd90c414bd186650812f024a37a 85759755d07944f0897c24ad86ae09e4 - - default default] GET failed (client error): The resource could not be found. [pid: 7|app: 0|req: 1785/3553] 10.0.0.201 () {32 vars in 721 bytes} [Thu Mar 19 08:37:35 2026] GET /v2.0/subnets/d92ef913-2ea4-43df-8307-4e7f9830ee94 => generated 136 bytes in 15 msecs (HTTP/1.1 404) 4 headers in 164 bytes (1 switches on core 0) [pid: 8|app: 0|req: 1769/3554] 10.0.0.201 () {32 vars in 724 bytes} [Thu Mar 19 08:37:35 2026] DELETE /v2.0/subnets/c9e8d5c6-1493-4c12-bceb-7233ed9ab290 => generated 0 bytes in 138 msecs (HTTP/1.1 204) 3 headers in 131 bytes (1 switches on core 0)
2026-03-19 08:37:36.151 7 INFO neutron.pecan_wsgi.hooks.translation [None req-4e8d13e7-5d3f-4d9e-bab3-74068c64254b 8ab76dd90c414bd186650812f024a37a 85759755d07944f0897c24ad86ae09e4 - - default default] GET failed (client error): The resource could not be found. [pid: 7|app: 0|req: 1786/3555] 10.0.0.201 () {32 vars in 721 bytes} [Thu Mar 19 08:37:36 2026] GET /v2.0/subnets/c9e8d5c6-1493-4c12-bceb-7233ed9ab290 => generated 136 bytes in 18 msecs (HTTP/1.1 404) 4 headers in 164 bytes (1 switches on core 0)
2026-03-19 08:37:36.247 8 INFO neutron_taas.services.taas.taas_plugin [None req-cec11e63-553e-4f8f-adb0-601e92cfbd39 8ab76dd90c414bd186650812f024a37a 85759755d07944f0897c24ad86ae09e4 - - default default] TaaS: Handle Delete Port: ef19004e-3cbf-4557-915e-a18233403025
2026-03-19 08:37:36.250 8 INFO neutron_taas.services.taas.tap_mirror_plugin [None req-cec11e63-553e-4f8f-adb0-601e92cfbd39 8ab76dd90c414bd186650812f024a37a 85759755d07944f0897c24ad86ae09e4 - - default default] Tap Mirror: Handle Delete Port: ef19004e-3cbf-4557-915e-a18233403025 [pid: 8|app: 0|req: 1770/3556] 10.0.0.201 () {32 vars in 726 bytes} [Thu Mar 19 08:37:36 2026] DELETE /v2.0/networks/41a6fae9-7d91-44b1-90ab-efa2117c93e2 => generated 0 bytes in 291 msecs (HTTP/1.1 204) 3 headers in 131 bytes (1 switches on core 0)
2026-03-19 08:37:36.471 7 INFO neutron.pecan_wsgi.hooks.translation [None req-c419828f-a777-4edb-afb0-aae7bc9d565c 8ab76dd90c414bd186650812f024a37a 85759755d07944f0897c24ad86ae09e4 - - default default] GET failed (client error): The resource could not be found. [pid: 7|app: 0|req: 1787/3557] 10.0.0.201 () {32 vars in 723 bytes} [Thu Mar 19 08:37:36 2026] GET /v2.0/networks/41a6fae9-7d91-44b1-90ab-efa2117c93e2 => generated 138 bytes in 19 msecs (HTTP/1.1 404) 4 headers in 164 bytes (1 switches on core 0)
2026-03-19 08:37:36.598 8 INFO neutron.services.segments.plugin [-] Segment f96f5431-dbc0-4494-a1ea-77f969a5feb1 resource provider aggregate not found
2026-03-19 08:37:36.608 8 INFO neutron.services.segments.plugin [-] Segment f96f5431-dbc0-4494-a1ea-77f969a5feb1 resource provider not found; error: Placement Client Error (4xx): {"errors": [{"status": 404, "title": "Not Found", "detail": "The resource could not be found.\n\n No resource provider with uuid f96f5431-dbc0-4494-a1ea-77f969a5feb1 found for delete ", "request_id": "req-e0c2cabc-f391-4408-b1f8-927a8da60489"}]}
2026-03-19 08:37:36.609 8 INFO neutron.services.segments.plugin [-] Segment f96f5431-dbc0-4494-a1ea-77f969a5feb1 resource provider aggregate not found
2026-03-19 08:37:36.623 8 INFO neutron.services.segments.plugin [-] Segment 2cd8c452-e897-49fa-89c6-67de59ebcc29 resource provider aggregate not found
2026-03-19 08:37:36.627 8 INFO neutron.services.segments.plugin [-] Segment f96f5431-dbc0-4494-a1ea-77f969a5feb1 resource provider not found; error: Placement Client Error (4xx): {"errors": [{"status": 404, "title": "Not Found", "detail": "The resource could not be found.\n\n No resource provider with uuid f96f5431-dbc0-4494-a1ea-77f969a5feb1 found for delete ", "request_id": "req-25cd21a9-d6f0-481f-ac09-3aa40c22f9e7"}]}
2026-03-19 08:37:36.636 8 INFO neutron.services.segments.plugin [-] Segment 2cd8c452-e897-49fa-89c6-67de59ebcc29 resource provider not found; error: Placement Client Error (4xx): {"errors": [{"status": 404, "title": "Not Found", "detail": "The resource could not be found.\n\n No resource provider with uuid 2cd8c452-e897-49fa-89c6-67de59ebcc29 found for delete ", "request_id": "req-4d29eb4a-9ade-4216-bed6-d6bffaf4a1f3"}]}
2026-03-19 08:37:36.641 8 INFO neutron.services.segments.plugin [-] Segment 2cd8c452-e897-49fa-89c6-67de59ebcc29 resource provider aggregate not found
2026-03-19 08:37:36.653 8 INFO neutron.services.segments.plugin [-] Segment 2cd8c452-e897-49fa-89c6-67de59ebcc29 resource provider not found; error: Placement Client Error (4xx): {"errors": [{"status": 404, "title": "Not Found", "detail": "The resource could not be found.\n\n No resource provider with uuid 2cd8c452-e897-49fa-89c6-67de59ebcc29 found for delete ", "request_id": "req-710fa7e4-a8fe-4a3a-bc2d-5d6a9f6481ea"}]}
2026-03-19 08:37:36.656 8 INFO neutron.services.segments.plugin [-] Segment c6db1d79-3f77-4661-8c23-91c740173c91 resource provider aggregate not found
2026-03-19 08:37:36.669 8 INFO neutron.services.segments.plugin [-] Segment c6db1d79-3f77-4661-8c23-91c740173c91 resource provider not found; error: Placement Client Error (4xx): {"errors": [{"status": 404, "title": "Not Found", "detail": "The resource could not be found.\n\n No resource provider with uuid c6db1d79-3f77-4661-8c23-91c740173c91 found for delete ", "request_id": "req-f5d8d6c9-201a-4ebd-9d1c-b92206a8bc7d"}]}
2026-03-19 08:37:36.673 8 INFO neutron.services.segments.plugin [-] Segment c6db1d79-3f77-4661-8c23-91c740173c91 resource provider aggregate not found
