2026-03-19 08:28:31.214 7 INFO placement.requestlog [None req-9f033b66-c493-491b-b88e-eb2c4303a03f 45c5f832bdda415bb049d6f9a5fb1c3d 0e3eabc641f0405299fa675b7beb273d - - e9142a31601d46d1a1b29ee3575fa954 e9142a31601d46d1a1b29ee3575fa954] 10.0.0.164 "GET /resource_providers/830479d9-0f0d-4683-a24e-0e4dd1e7a60f/aggregates" status: 404 len: 235 microversion: 1.1 [pid: 7|app: 0|req: 382/763] 10.0.0.164 () {32 vars in 816 bytes} [Thu Mar 19 08:28:31 2026] GET /resource_providers/830479d9-0f0d-4683-a24e-0e4dd1e7a60f/aggregates => generated 235 bytes in 8 msecs (HTTP/1.1 404) 5 headers in 202 bytes (1 switches on core 0)
2026-03-19 08:28:31.218 8 INFO placement.requestlog [None req-e0acc47e-3b85-4533-85dd-49df046e9c74 45c5f832bdda415bb049d6f9a5fb1c3d 0e3eabc641f0405299fa675b7beb273d - - e9142a31601d46d1a1b29ee3575fa954 e9142a31601d46d1a1b29ee3575fa954] 10.0.0.164 "GET /resource_providers/830479d9-0f0d-4683-a24e-0e4dd1e7a60f/aggregates" status: 404 len: 235 microversion: 1.1 [pid: 8|app: 0|req: 382/764] 10.0.0.164 () {32 vars in 816 bytes} [Thu Mar 19 08:28:31 2026] GET /resource_providers/830479d9-0f0d-4683-a24e-0e4dd1e7a60f/aggregates => generated 235 bytes in 10 msecs (HTTP/1.1 404) 5 headers in 202 bytes (1 switches on core 0)
2026-03-19 08:28:31.247 7 INFO placement.requestlog [None req-3ecea0c3-07c4-4892-b6fc-916abe9c8687 45c5f832bdda415bb049d6f9a5fb1c3d 0e3eabc641f0405299fa675b7beb273d - - e9142a31601d46d1a1b29ee3575fa954 e9142a31601d46d1a1b29ee3575fa954] 10.0.0.164 "DELETE /resource_providers/830479d9-0f0d-4683-a24e-0e4dd1e7a60f" status: 404 len: 246 microversion: 1.1 [pid: 7|app: 0|req: 383/765] 10.0.0.164 () {34 vars in 816 bytes} [Thu Mar 19 08:28:31 2026] DELETE /resource_providers/830479d9-0f0d-4683-a24e-0e4dd1e7a60f => generated 246 bytes in 18 msecs (HTTP/1.1 404) 6 headers in 231 bytes (1 switches on core 0)
2026-03-19 08:28:31.248 8 INFO placement.requestlog [None req-6c1faf4d-c0e7-4a4b-9967-6f1360cdfc70 45c5f832bdda415bb049d6f9a5fb1c3d 0e3eabc641f0405299fa675b7beb273d - - e9142a31601d46d1a1b29ee3575fa954 e9142a31601d46d1a1b29ee3575fa954] 10.0.0.164 "DELETE /resource_providers/830479d9-0f0d-4683-a24e-0e4dd1e7a60f" status: 404 len: 246 microversion: 1.1 [pid: 8|app: 0|req: 383/766] 10.0.0.164 () {34 vars in 816 bytes} [Thu Mar 19 08:28:31 2026] DELETE /resource_providers/830479d9-0f0d-4683-a24e-0e4dd1e7a60f => generated 246 bytes in 19 msecs (HTTP/1.1 404) 6 headers in 231 bytes (1 switches on core 0)
2026-03-19 08:28:32.248 7 INFO placement.requestlog [req-1f203df0-fba5-430e-a771-d78bec106c3a req-c28da5e1-3ea2-48af-8d06-3592752384ce 8a243f8e804a45e89c9b76b1a9885b21 0e3eabc641f0405299fa675b7beb273d - - e9142a31601d46d1a1b29ee3575fa954 e9142a31601d46d1a1b29ee3575fa954] 199.204.45.138 "GET /resource_providers/00813b7a-1053-4758-95f1-20f6b8f79d98/allocations" status: 200 len: 152 microversion: 1.0 [pid: 7|app: 0|req: 384/767] 199.204.45.138 () {32 vars in 857 bytes} [Thu Mar 19 08:28:32 2026] GET /resource_providers/00813b7a-1053-4758-95f1-20f6b8f79d98/allocations => generated 152 bytes in 19 msecs (HTTP/1.1 200) 6 headers in 224 bytes (1 switches on core 0)
2026-03-19 08:28:32.273 8 INFO placement.requestlog [req-1f203df0-fba5-430e-a771-d78bec106c3a req-5d2edc7d-0695-475f-b074-47ae1c290f03 8a243f8e804a45e89c9b76b1a9885b21 0e3eabc641f0405299fa675b7beb273d - - e9142a31601d46d1a1b29ee3575fa954 e9142a31601d46d1a1b29ee3575fa954] 199.204.45.138 "GET /resource_providers/00813b7a-1053-4758-95f1-20f6b8f79d98/allocations" status: 200 len: 152 microversion: 1.0 [pid: 8|app: 0|req: 384/768] 199.204.45.138 () {32 vars in 857 bytes} [Thu Mar 19 08:28:32 2026] GET /resource_providers/00813b7a-1053-4758-95f1-20f6b8f79d98/allocations => generated 152 bytes in 17 msecs (HTTP/1.1 200) 6 headers in 224 bytes (1 switches on core 0)
2026-03-19 08:28:32.302 7 INFO placement.requestlog [req-1f203df0-fba5-430e-a771-d78bec106c3a req-9d6aab12-3924-4f43-9b01-d0b10218baae 8a243f8e804a45e89c9b76b1a9885b21 0e3eabc641f0405299fa675b7beb273d - - e9142a31601d46d1a1b29ee3575fa954 e9142a31601d46d1a1b29ee3575fa954] 199.204.45.138 "GET /allocations/00b3942f-dfdd-4bdf-8d51-b462afe2e66e" status: 200 len: 257 microversion: 1.28 [pid: 7|app: 0|req: 385/769] 199.204.45.138 () {34 vars in 863 bytes} [Thu Mar 19 08:28:32 2026] GET /allocations/00b3942f-dfdd-4bdf-8d51-b462afe2e66e => generated 257 bytes in 20 msecs (HTTP/1.1 200) 8 headers in 296 bytes (1 switches on core 0)
2026-03-19 08:28:36.845 8 INFO placement.requestlog [req-14b8985a-8640-4f9c-9651-5dccebab3884 req-3bd70686-4a6e-432c-8178-915f334a30c0 8a243f8e804a45e89c9b76b1a9885b21 0e3eabc641f0405299fa675b7beb273d - - e9142a31601d46d1a1b29ee3575fa954 e9142a31601d46d1a1b29ee3575fa954] 10.0.0.151 "GET /allocation_candidates?limit=1000&resources=DISK_GB%3A1%2CMEMORY_MB%3A512%2CVCPU%3A1&root_required=%21COMPUTE_STATUS_DISABLED" status: 200 len: 2642 microversion: 1.36 [pid: 8|app: 0|req: 385/770] 10.0.0.151 () {34 vars in 1012 bytes} [Thu Mar 19 08:28:36 2026] GET /allocation_candidates?limit=1000&resources=DISK_GB%3A1%2CMEMORY_MB%3A512%2CVCPU%3A1&root_required=%21COMPUTE_STATUS_DISABLED => generated 2642 bytes in 51 msecs (HTTP/1.1 200) 8 headers in 297 bytes (1 switches on core 0)
2026-03-19 08:28:36.877 7 INFO placement.requestlog [req-14b8985a-8640-4f9c-9651-5dccebab3884 req-ab06b1be-f9b9-4b61-9316-7f3621dedeb1 8a243f8e804a45e89c9b76b1a9885b21 0e3eabc641f0405299fa675b7beb273d - - e9142a31601d46d1a1b29ee3575fa954 e9142a31601d46d1a1b29ee3575fa954] 10.0.0.151 "GET /allocations/50e23126-90b0-4fcb-8963-7f888ad54647" status: 200 len: 19 microversion: 1.28 [pid: 7|app: 0|req: 386/771] 10.0.0.151 () {34 vars in 861 bytes} [Thu Mar 19 08:28:36 2026] GET /allocations/50e23126-90b0-4fcb-8963-7f888ad54647 => generated 19 bytes in 13 msecs (HTTP/1.1 200) 8 headers in 295 bytes (1 switches on core 0)
2026-03-19 08:28:36.951 8 INFO placement.requestlog [req-14b8985a-8640-4f9c-9651-5dccebab3884 req-2b5dcafa-7ec3-44f7-a8fb-5f5a610ee1bc 8a243f8e804a45e89c9b76b1a9885b21 0e3eabc641f0405299fa675b7beb273d - - e9142a31601d46d1a1b29ee3575fa954 e9142a31601d46d1a1b29ee3575fa954] 10.0.0.151 "PUT /allocations/50e23126-90b0-4fcb-8963-7f888ad54647" status: 204 len: 0 microversion: 1.36 [pid: 8|app: 0|req: 386/772] 10.0.0.151 () {38 vars in 914 bytes} [Thu Mar 19 08:28:36 2026] PUT /allocations/50e23126-90b0-4fcb-8963-7f888ad54647 => generated 0 bytes in 69 msecs (HTTP/1.1 204) 5 headers in 199 bytes (1 switches on core 0)
2026-03-19 08:28:38.259 8 INFO placement.requestlog [None req-5f92d573-8ef6-45b8-9cd7-9b99cb2af63e - - - - - -] 10.0.0.212 "GET /" status: 200 len: 136 microversion: 1.0
2026-03-19 08:28:38.259 7 INFO placement.requestlog [None req-fdd476a6-f720-406d-9d3b-b6868f77857e - - - - - -] 10.0.0.212 "GET /" status: 200 len: 136 microversion: 1.0
2026-03-19 08:28:38.453 8 INFO placement.requestlog [req-14b8985a-8640-4f9c-9651-5dccebab3884 req-113245ed-ce78-44ff-9b0b-c005feac9afc 8a243f8e804a45e89c9b76b1a9885b21 0e3eabc641f0405299fa675b7beb273d - - e9142a31601d46d1a1b29ee3575fa954 e9142a31601d46d1a1b29ee3575fa954] 199.204.45.138 "GET /allocations/50e23126-90b0-4fcb-8963-7f888ad54647" status: 200 len: 257 microversion: 1.28 [pid: 8|app: 0|req: 388/775] 199.204.45.138 () {34 vars in 863 bytes} [Thu Mar 19 08:28:38 2026] GET /allocations/50e23126-90b0-4fcb-8963-7f888ad54647 => generated 257 bytes in 23 msecs (HTTP/1.1 200) 8 headers in 296 bytes (1 switches on core 0)
2026-03-19 08:28:39.499 7 INFO placement.requestlog [req-14b8985a-8640-4f9c-9651-5dccebab3884 req-45cff739-f26f-482b-abec-d1f9fdcfb175 8a243f8e804a45e89c9b76b1a9885b21 0e3eabc641f0405299fa675b7beb273d - - e9142a31601d46d1a1b29ee3575fa954 e9142a31601d46d1a1b29ee3575fa954] 199.204.45.138 "GET /resource_providers/00813b7a-1053-4758-95f1-20f6b8f79d98/allocations" status: 200 len: 252 microversion: 1.0 [pid: 7|app: 0|req: 388/776] 199.204.45.138 () {32 vars in 857 bytes} [Thu Mar 19 08:28:39 2026] GET /resource_providers/00813b7a-1053-4758-95f1-20f6b8f79d98/allocations => generated 252 bytes in 20 msecs (HTTP/1.1 200) 6 headers in 224 bytes (1 switches on core 0)
2026-03-19 08:28:39.519 8 INFO placement.requestlog [req-14b8985a-8640-4f9c-9651-5dccebab3884 req-5ca4eb16-5c5f-4de4-ba30-ee3fbf6e5828 8a243f8e804a45e89c9b76b1a9885b21 0e3eabc641f0405299fa675b7beb273d - - e9142a31601d46d1a1b29ee3575fa954 e9142a31601d46d1a1b29ee3575fa954] 199.204.45.138 "GET /allocations/00b3942f-dfdd-4bdf-8d51-b462afe2e66e" status: 200 len: 257 microversion: 1.28 [pid: 8|app: 0|req: 389/777] 199.204.45.138 () {34 vars in 863 bytes} [Thu Mar 19 08:28:39 2026] GET /allocations/00b3942f-dfdd-4bdf-8d51-b462afe2e66e => generated 257 bytes in 13 msecs (HTTP/1.1 200) 8 headers in 296 bytes (1 switches on core 0)
2026-03-19 08:28:39.545 7 INFO placement.requestlog [req-14b8985a-8640-4f9c-9651-5dccebab3884 req-0e28b053-aae1-46d9-92b2-15b0287bcf30 8a243f8e804a45e89c9b76b1a9885b21 0e3eabc641f0405299fa675b7beb273d - - e9142a31601d46d1a1b29ee3575fa954 e9142a31601d46d1a1b29ee3575fa954] 199.204.45.138 "GET /allocations/50e23126-90b0-4fcb-8963-7f888ad54647" status: 200 len: 257 microversion: 1.28 [pid: 7|app: 0|req: 389/778] 199.204.45.138 () {34 vars in 863 bytes} [Thu Mar 19 08:28:39 2026] GET /allocations/50e23126-90b0-4fcb-8963-7f888ad54647 => generated 257 bytes in 16 msecs (HTTP/1.1 200) 8 headers in 296 bytes (1 switches on core 0)
2026-03-19 08:28:40.086 8 INFO placement.requestlog [None req-2d6e96e4-2c62-4836-949c-b1c0fa345f5e 45c5f832bdda415bb049d6f9a5fb1c3d 0e3eabc641f0405299fa675b7beb273d - - e9142a31601d46d1a1b29ee3575fa954 e9142a31601d46d1a1b29ee3575fa954] 10.0.0.164 "GET /resource_providers/9f8d5391-0d82-42c8-bf6a-d837dc0e692d/aggregates" status: 404 len: 235 microversion: 1.1 [pid: 8|app: 0|req: 390/779] 10.0.0.164 () {32 vars in 816 bytes} [Thu Mar 19 08:28:40 2026] GET /resource_providers/9f8d5391-0d82-42c8-bf6a-d837dc0e692d/aggregates => generated 235 bytes in 12 msecs (HTTP/1.1 404) 5 headers in 202 bytes (1 switches on core 0)
2026-03-19 08:28:40.091 7 INFO placement.requestlog [None req-715744a4-6589-48ae-a918-84b431123dda 45c5f832bdda415bb049d6f9a5fb1c3d 0e3eabc641f0405299fa675b7beb273d - - e9142a31601d46d1a1b29ee3575fa954 e9142a31601d46d1a1b29ee3575fa954] 10.0.0.164 "GET /resource_providers/9f8d5391-0d82-42c8-bf6a-d837dc0e692d/aggregates" status: 404 len: 235 microversion: 1.1 [pid: 7|app: 0|req: 390/780] 10.0.0.164 () {32 vars in 816 bytes} [Thu Mar 19 08:28:40 2026] GET /resource_providers/9f8d5391-0d82-42c8-bf6a-d837dc0e692d/aggregates => generated 235 bytes in 12 msecs (HTTP/1.1 404) 5 headers in 202 bytes (1 switches on core 0)
2026-03-19 08:28:40.110 7 INFO placement.requestlog [None req-1589adcc-9695-4e4b-9606-6e2efbbeddcd 45c5f832bdda415bb049d6f9a5fb1c3d 0e3eabc641f0405299fa675b7beb273d - - e9142a31601d46d1a1b29ee3575fa954 e9142a31601d46d1a1b29ee3575fa954] 10.0.0.164 "DELETE /resource_providers/9f8d5391-0d82-42c8-bf6a-d837dc0e692d" status: 404 len: 246 microversion: 1.1 [pid: 7|app: 0|req: 391/781] 10.0.0.164 () {34 vars in 816 bytes} [Thu Mar 19 08:28:40 2026] DELETE /resource_providers/9f8d5391-0d82-42c8-bf6a-d837dc0e692d => generated 246 bytes in 8 msecs (HTTP/1.1 404) 6 headers in 231 bytes (1 switches on core 0)
2026-03-19 08:28:40.113 8 INFO placement.requestlog [None req-9ff7955c-ccf9-43fa-89dc-f2eed9116700 45c5f832bdda415bb049d6f9a5fb1c3d 0e3eabc641f0405299fa675b7beb273d - - e9142a31601d46d1a1b29ee3575fa954 e9142a31601d46d1a1b29ee3575fa954] 10.0.0.164 "DELETE /resource_providers/9f8d5391-0d82-42c8-bf6a-d837dc0e692d" status: 404 len: 246 microversion: 1.1 [pid: 8|app: 0|req: 391/782] 10.0.0.164 () {34 vars in 816 bytes} [Thu Mar 19 08:28:40 2026] DELETE /resource_providers/9f8d5391-0d82-42c8-bf6a-d837dc0e692d => generated 246 bytes in 11 msecs (HTTP/1.1 404) 6 headers in 231 bytes (1 switches on core 0)
2026-03-19 08:28:42.134 7 INFO placement.requestlog [None req-ac90156d-b955-46f1-9c95-208b2228f21e 45c5f832bdda415bb049d6f9a5fb1c3d 0e3eabc641f0405299fa675b7beb273d - - e9142a31601d46d1a1b29ee3575fa954 e9142a31601d46d1a1b29ee3575fa954] 10.0.0.164 "GET /resource_providers/ee7f279f-10cf-41c8-9864-edc2c801acce/aggregates" status: 404 len: 235 microversion: 1.1 [pid: 7|app: 0|req: 392/783] 10.0.0.164 () {32 vars in 816 bytes} [Thu Mar 19 08:28:42 2026] GET /resource_providers/ee7f279f-10cf-41c8-9864-edc2c801acce/aggregates => generated 235 bytes in 14 msecs (HTTP/1.1 404) 5 headers in 202 bytes (1 switches on core 0)
2026-03-19 08:28:42.136 8 INFO placement.requestlog [None req-85896f8b-1a45-4d63-9c58-97e1161b98e2 45c5f832bdda415bb049d6f9a5fb1c3d 0e3eabc641f0405299fa675b7beb273d - - e9142a31601d46d1a1b29ee3575fa954 e9142a31601d46d1a1b29ee3575fa954] 10.0.0.164 "GET /resource_providers/ee7f279f-10cf-41c8-9864-edc2c801acce/aggregates" status: 404 len: 235 microversion: 1.1 [pid: 8|app: 0|req: 392/784] 10.0.0.164 () {32 vars in 816 bytes} [Thu Mar 19 08:28:42 2026] GET /resource_providers/ee7f279f-10cf-41c8-9864-edc2c801acce/aggregates => generated 235 bytes in 13 msecs (HTTP/1.1 404) 5 headers in 202 bytes (1 switches on core 0)
2026-03-19 08:28:42.156 7 INFO placement.requestlog [None req-61670c00-fbf6-493b-82db-5ccb617a24c9 45c5f832bdda415bb049d6f9a5fb1c3d 0e3eabc641f0405299fa675b7beb273d - - e9142a31601d46d1a1b29ee3575fa954 e9142a31601d46d1a1b29ee3575fa954] 10.0.0.164 "DELETE /resource_providers/ee7f279f-10cf-41c8-9864-edc2c801acce" status: 404 len: 246 microversion: 1.1 [pid: 7|app: 0|req: 393/785] 10.0.0.164 () {34 vars in 816 bytes} [Thu Mar 19 08:28:42 2026] DELETE /resource_providers/ee7f279f-10cf-41c8-9864-edc2c801acce => generated 246 bytes in 11 msecs (HTTP/1.1 404) 6 headers in 231 bytes (1 switches on core 0)
2026-03-19 08:28:42.157 8 INFO placement.requestlog [None req-1c7cb27d-d504-41dc-ab8c-6b3bad065675 45c5f832bdda415bb049d6f9a5fb1c3d 0e3eabc641f0405299fa675b7beb273d - - e9142a31601d46d1a1b29ee3575fa954 e9142a31601d46d1a1b29ee3575fa954] 10.0.0.164 "DELETE /resource_providers/ee7f279f-10cf-41c8-9864-edc2c801acce" status: 404 len: 246 microversion: 1.1 [pid: 8|app: 0|req: 393/786] 10.0.0.164 () {34 vars in 816 bytes} [Thu Mar 19 08:28:42 2026] DELETE /resource_providers/ee7f279f-10cf-41c8-9864-edc2c801acce => generated 246 bytes in 10 msecs (HTTP/1.1 404) 6 headers in 231 bytes (1 switches on core 0)
2026-03-19 08:28:42.182 8 INFO placement.requestlog [None req-ee83fe5a-f6fd-4e1f-b444-25bb2cee6d9f 45c5f832bdda415bb049d6f9a5fb1c3d 0e3eabc641f0405299fa675b7beb273d - - e9142a31601d46d1a1b29ee3575fa954 e9142a31601d46d1a1b29ee3575fa954] 10.0.0.164 "GET /resource_providers/20e69b14-d413-4ce8-8b03-9c80864cb5c4/aggregates" status: 404 len: 235 microversion: 1.1 [pid: 8|app: 0|req: 394/787] 10.0.0.164 () {32 vars in 816 bytes} [Thu Mar 19 08:28:42 2026] GET /resource_providers/20e69b14-d413-4ce8-8b03-9c80864cb5c4/aggregates => generated 235 bytes in 9 msecs (HTTP/1.1 404) 5 headers in 202 bytes (1 switches on core 0)
2026-03-19 08:28:42.182 7 INFO placement.requestlog [None req-4d1f6854-8237-4d5a-a983-d21cdccf9eed 45c5f832bdda415bb049d6f9a5fb1c3d 0e3eabc641f0405299fa675b7beb273d - - e9142a31601d46d1a1b29ee3575fa954 e9142a31601d46d1a1b29ee3575fa954] 10.0.0.164 "GET /resource_providers/20e69b14-d413-4ce8-8b03-9c80864cb5c4/aggregates" status: 404 len: 235 microversion: 1.1 [pid: 7|app: 0|req: 394/788] 10.0.0.164 () {32 vars in 816 bytes} [Thu Mar 19 08:28:42 2026] GET /resource_providers/20e69b14-d413-4ce8-8b03-9c80864cb5c4/aggregates => generated 235 bytes in 10 msecs (HTTP/1.1 404) 5 headers in 202 bytes (1 switches on core 0)
2026-03-19 08:28:42.199 8 INFO placement.requestlog [None req-2edbae4f-fa23-4a6b-893d-71cdc0da9f3a 45c5f832bdda415bb049d6f9a5fb1c3d 0e3eabc641f0405299fa675b7beb273d - - e9142a31601d46d1a1b29ee3575fa954 e9142a31601d46d1a1b29ee3575fa954] 10.0.0.164 "DELETE /resource_providers/20e69b14-d413-4ce8-8b03-9c80864cb5c4" status: 404 len: 246 microversion: 1.1 [pid: 8|app: 0|req: 395/789] 10.0.0.164 () {34 vars in 816 bytes} [Thu Mar 19 08:28:42 2026] DELETE /resource_providers/20e69b14-d413-4ce8-8b03-9c80864cb5c4 => generated 246 bytes in 4 msecs (HTTP/1.1 404) 6 headers in 231 bytes (1 switches on core 0)
2026-03-19 08:28:42.207 7 INFO placement.requestlog [None req-f453e5e4-68e8-4ae4-afa6-b6b912b0bc75 45c5f832bdda415bb049d6f9a5fb1c3d 0e3eabc641f0405299fa675b7beb273d - - e9142a31601d46d1a1b29ee3575fa954 e9142a31601d46d1a1b29ee3575fa954] 10.0.0.164 "DELETE /resource_providers/20e69b14-d413-4ce8-8b03-9c80864cb5c4" status: 404 len: 246 microversion: 1.1 [pid: 7|app: 0|req: 395/790] 10.0.0.164 () {34 vars in 816 bytes} [Thu Mar 19 08:28:42 2026] DELETE /resource_providers/20e69b14-d413-4ce8-8b03-9c80864cb5c4 => generated 246 bytes in 11 msecs (HTTP/1.1 404) 6 headers in 231 bytes (1 switches on core 0)
2026-03-19 08:28:45.064 8 INFO placement.requestlog [None req-fabb8f17-876c-47b3-b3cb-c9eadf5a98ea 45c5f832bdda415bb049d6f9a5fb1c3d 0e3eabc641f0405299fa675b7beb273d - - e9142a31601d46d1a1b29ee3575fa954 e9142a31601d46d1a1b29ee3575fa954] 10.0.0.164 "GET /resource_providers/d6f36d0b-de32-442d-93ab-f906970317bd/aggregates" status: 404 len: 235 microversion: 1.1 [pid: 8|app: 0|req: 396/791] 10.0.0.164 () {32 vars in 816 bytes} [Thu Mar 19 08:28:45 2026] GET /resource_providers/d6f36d0b-de32-442d-93ab-f906970317bd/aggregates => generated 235 bytes in 11 msecs (HTTP/1.1 404) 5 headers in 202 bytes (1 switches on core 0)
2026-03-19 08:28:45.069 7 INFO placement.requestlog [None req-a4dbb4c7-9501-4251-9496-f45af4eb5037 45c5f832bdda415bb049d6f9a5fb1c3d 0e3eabc641f0405299fa675b7beb273d - - e9142a31601d46d1a1b29ee3575fa954 e9142a31601d46d1a1b29ee3575fa954] 10.0.0.164 "GET /resource_providers/d6f36d0b-de32-442d-93ab-f906970317bd/aggregates" status: 404 len: 235 microversion: 1.1 [pid: 7|app: 0|req: 396/792] 10.0.0.164 () {32 vars in 816 bytes} [Thu Mar 19 08:28:45 2026] GET /resource_providers/d6f36d0b-de32-442d-93ab-f906970317bd/aggregates => generated 235 bytes in 13 msecs (HTTP/1.1 404) 5 headers in 202 bytes (1 switches on core 0)
2026-03-19 08:28:45.089 8 INFO placement.requestlog [None req-e84fac1c-4386-498f-a7b4-031fd007201b 45c5f832bdda415bb049d6f9a5fb1c3d 0e3eabc641f0405299fa675b7beb273d - - e9142a31601d46d1a1b29ee3575fa954 e9142a31601d46d1a1b29ee3575fa954] 10.0.0.164 "DELETE /resource_providers/d6f36d0b-de32-442d-93ab-f906970317bd" status: 404 len: 246 microversion: 1.1
2026-03-19 08:28:45.090 7 INFO placement.requestlog [None req-c904d869-b871-4878-8b9a-cb59fb3ac019 45c5f832bdda415bb049d6f9a5fb1c3d 0e3eabc641f0405299fa675b7beb273d - - e9142a31601d46d1a1b29ee3575fa954 e9142a31601d46d1a1b29ee3575fa954] 10.0.0.164 "DELETE /resource_providers/d6f36d0b-de32-442d-93ab-f906970317bd" status: 404 len: 246 microversion: 1.1 [pid: 8|app: 0|req: 397/794] 10.0.0.164 () {34 vars in 816 bytes} [Thu Mar 19 08:28:45 2026] DELETE /resource_providers/d6f36d0b-de32-442d-93ab-f906970317bd => generated 246 bytes in 13 msecs (HTTP/1.1 404) 6 headers in 231 bytes (1 switches on core 0) [pid: 7|app: 0|req: 397/794] 10.0.0.164 () {34 vars in 816 bytes} [Thu Mar 19 08:28:45 2026] DELETE /resource_providers/d6f36d0b-de32-442d-93ab-f906970317bd => generated 246 bytes in 8 msecs (HTTP/1.1 404) 6 headers in 231 bytes (1 switches on core 0)
2026-03-19 08:28:47.121 8 INFO placement.requestlog [None req-8815c728-0d29-412d-9a84-8a2338a6c951 45c5f832bdda415bb049d6f9a5fb1c3d 0e3eabc641f0405299fa675b7beb273d - - e9142a31601d46d1a1b29ee3575fa954 e9142a31601d46d1a1b29ee3575fa954] 10.0.0.164 "GET /resource_providers/be88df77-e813-47e1-8457-2e1200d6a60d/aggregates" status: 404 len: 235 microversion: 1.1 [pid: 8|app: 0|req: 398/795] 10.0.0.164 () {32 vars in 816 bytes} [Thu Mar 19 08:28:47 2026] GET /resource_providers/be88df77-e813-47e1-8457-2e1200d6a60d/aggregates => generated 235 bytes in 21 msecs (HTTP/1.1 404) 5 headers in 202 bytes (1 switches on core 0)
2026-03-19 08:28:47.130 7 INFO placement.requestlog [None req-e5bbd013-79e2-4a9d-9fa1-a632166bf335 45c5f832bdda415bb049d6f9a5fb1c3d 0e3eabc641f0405299fa675b7beb273d - - e9142a31601d46d1a1b29ee3575fa954 e9142a31601d46d1a1b29ee3575fa954] 10.0.0.164 "GET /resource_providers/be88df77-e813-47e1-8457-2e1200d6a60d/aggregates" status: 404 len: 235 microversion: 1.1 [pid: 7|app: 0|req: 398/796] 10.0.0.164 () {32 vars in 816 bytes} [Thu Mar 19 08:28:47 2026] GET /resource_providers/be88df77-e813-47e1-8457-2e1200d6a60d/aggregates => generated 235 bytes in 15 msecs (HTTP/1.1 404) 5 headers in 202 bytes (1 switches on core 0)
2026-03-19 08:28:47.147 7 INFO placement.requestlog [None req-fb68e234-de8c-4755-a4b4-26208c948fff 45c5f832bdda415bb049d6f9a5fb1c3d 0e3eabc641f0405299fa675b7beb273d - - e9142a31601d46d1a1b29ee3575fa954 e9142a31601d46d1a1b29ee3575fa954] 10.0.0.164 "DELETE /resource_providers/be88df77-e813-47e1-8457-2e1200d6a60d" status: 404 len: 246 microversion: 1.1 [pid: 7|app: 0|req: 399/797] 10.0.0.164 () {34 vars in 816 bytes} [Thu Mar 19 08:28:47 2026] DELETE /resource_providers/be88df77-e813-47e1-8457-2e1200d6a60d => generated 246 bytes in 9 msecs (HTTP/1.1 404) 6 headers in 231 bytes (1 switches on core 0)
2026-03-19 08:28:47.151 8 INFO placement.requestlog [None req-ee397449-6e10-41e9-b34e-ab2506030842 45c5f832bdda415bb049d6f9a5fb1c3d 0e3eabc641f0405299fa675b7beb273d - - e9142a31601d46d1a1b29ee3575fa954 e9142a31601d46d1a1b29ee3575fa954] 10.0.0.164 "DELETE /resource_providers/be88df77-e813-47e1-8457-2e1200d6a60d" status: 404 len: 246 microversion: 1.1 [pid: 8|app: 0|req: 399/798] 10.0.0.164 () {34 vars in 816 bytes} [Thu Mar 19 08:28:47 2026] DELETE /resource_providers/be88df77-e813-47e1-8457-2e1200d6a60d => generated 246 bytes in 14 msecs (HTTP/1.1 404) 6 headers in 231 bytes (1 switches on core 0)
2026-03-19 08:28:48.259 7 INFO placement.requestlog [None req-a39e3ba4-2a3f-4622-9f77-da0445b0e357 - - - - - -] 10.0.0.212 "GET /" status: 200 len: 136 microversion: 1.0
2026-03-19 08:28:48.259 8 INFO placement.requestlog [None req-9045ca2c-ebab-4e75-a251-e3fbbb2e2b7f - - - - - -] 10.0.0.212 "GET /" status: 200 len: 136 microversion: 1.0
2026-03-19 08:28:48.449 7 INFO placement.requestlog [req-7a87f914-47d1-4197-81bd-bb57c376858e req-d5e9f2d7-3a43-4ffc-93bb-6900b8486285 8a243f8e804a45e89c9b76b1a9885b21 0e3eabc641f0405299fa675b7beb273d - - e9142a31601d46d1a1b29ee3575fa954 e9142a31601d46d1a1b29ee3575fa954] 199.204.45.138 "GET /resource_providers/00813b7a-1053-4758-95f1-20f6b8f79d98/allocations" status: 200 len: 252 microversion: 1.0 [pid: 7|app: 0|req: 401/801] 199.204.45.138 () {32 vars in 857 bytes} [Thu Mar 19 08:28:48 2026] GET /resource_providers/00813b7a-1053-4758-95f1-20f6b8f79d98/allocations => generated 252 bytes in 17 msecs (HTTP/1.1 200) 6 headers in 224 bytes (1 switches on core 0)
2026-03-19 08:28:48.475 8 INFO placement.requestlog [req-7a87f914-47d1-4197-81bd-bb57c376858e req-e94dac20-baad-4152-ab57-752a1e50e13a 8a243f8e804a45e89c9b76b1a9885b21 0e3eabc641f0405299fa675b7beb273d - - e9142a31601d46d1a1b29ee3575fa954 e9142a31601d46d1a1b29ee3575fa954] 199.204.45.138 "GET /allocations/00b3942f-dfdd-4bdf-8d51-b462afe2e66e" status: 200 len: 257 microversion: 1.28 [pid: 8|app: 0|req: 401/802] 199.204.45.138 () {34 vars in 863 bytes} [Thu Mar 19 08:28:48 2026] GET /allocations/00b3942f-dfdd-4bdf-8d51-b462afe2e66e => generated 257 bytes in 17 msecs (HTTP/1.1 200) 8 headers in 296 bytes (1 switches on core 0)
2026-03-19 08:28:48.501 7 INFO placement.requestlog [req-7a87f914-47d1-4197-81bd-bb57c376858e req-5075620d-78e7-465b-82d8-52d7b7aed251 8a243f8e804a45e89c9b76b1a9885b21 0e3eabc641f0405299fa675b7beb273d - - e9142a31601d46d1a1b29ee3575fa954 e9142a31601d46d1a1b29ee3575fa954] 199.204.45.138 "GET /allocations/50e23126-90b0-4fcb-8963-7f888ad54647" status: 200 len: 257 microversion: 1.28 [pid: 7|app: 0|req: 402/803] 199.204.45.138 () {34 vars in 863 bytes} [Thu Mar 19 08:28:48 2026] GET /allocations/50e23126-90b0-4fcb-8963-7f888ad54647 => generated 257 bytes in 19 msecs (HTTP/1.1 200) 8 headers in 296 bytes (1 switches on core 0)
2026-03-19 08:28:49.563 8 INFO placement.requestlog [req-7a87f914-47d1-4197-81bd-bb57c376858e req-08130936-ce2a-4eae-b3b8-242ef8ece958 8a243f8e804a45e89c9b76b1a9885b21 0e3eabc641f0405299fa675b7beb273d - - e9142a31601d46d1a1b29ee3575fa954 e9142a31601d46d1a1b29ee3575fa954] 199.204.45.138 "DELETE /allocations/00b3942f-dfdd-4bdf-8d51-b462afe2e66e" status: 204 len: 0 microversion: 1.0 [pid: 8|app: 0|req: 402/804] 199.204.45.138 () {34 vars in 841 bytes} [Thu Mar 19 08:28:49 2026] DELETE /allocations/00b3942f-dfdd-4bdf-8d51-b462afe2e66e => generated 0 bytes in 28 msecs (HTTP/1.1 204) 5 headers in 198 bytes (1 switches on core 0)
2026-03-19 08:28:50.220 8 INFO placement.requestlog [None req-1bf9ba5c-93c7-48e5-b577-25708e9c77ae 45c5f832bdda415bb049d6f9a5fb1c3d 0e3eabc641f0405299fa675b7beb273d - - e9142a31601d46d1a1b29ee3575fa954 e9142a31601d46d1a1b29ee3575fa954] 10.0.0.164 "GET /resource_providers/64350172-0133-4639-ae62-92ee91e9899f/aggregates" status: 404 len: 235 microversion: 1.1 [pid: 8|app: 0|req: 403/805] 10.0.0.164 () {32 vars in 816 bytes} [Thu Mar 19 08:28:50 2026] GET /resource_providers/64350172-0133-4639-ae62-92ee91e9899f/aggregates => generated 235 bytes in 9 msecs (HTTP/1.1 404) 5 headers in 202 bytes (1 switches on core 0)
2026-03-19 08:28:50.227 7 INFO placement.requestlog [None req-a7d1ada3-fd4a-4bea-93cf-69ba1ab4c58a 45c5f832bdda415bb049d6f9a5fb1c3d 0e3eabc641f0405299fa675b7beb273d - - e9142a31601d46d1a1b29ee3575fa954 e9142a31601d46d1a1b29ee3575fa954] 10.0.0.164 "GET /resource_providers/64350172-0133-4639-ae62-92ee91e9899f/aggregates" status: 404 len: 235 microversion: 1.1 [pid: 7|app: 0|req: 403/806] 10.0.0.164 () {32 vars in 816 bytes} [Thu Mar 19 08:28:50 2026] GET /resource_providers/64350172-0133-4639-ae62-92ee91e9899f/aggregates => generated 235 bytes in 21 msecs (HTTP/1.1 404) 5 headers in 202 bytes (1 switches on core 0)
2026-03-19 08:28:50.239 8 INFO placement.requestlog [None req-d7bd28fe-a0ee-4685-848f-07d27869c60d 45c5f832bdda415bb049d6f9a5fb1c3d 0e3eabc641f0405299fa675b7beb273d - - e9142a31601d46d1a1b29ee3575fa954 e9142a31601d46d1a1b29ee3575fa954] 10.0.0.164 "DELETE /resource_providers/64350172-0133-4639-ae62-92ee91e9899f" status: 404 len: 246 microversion: 1.1 [pid: 8|app: 0|req: 404/807] 10.0.0.164 () {34 vars in 816 bytes} [Thu Mar 19 08:28:50 2026] DELETE /resource_providers/64350172-0133-4639-ae62-92ee91e9899f => generated 246 bytes in 6 msecs (HTTP/1.1 404) 6 headers in 231 bytes (1 switches on core 0)
2026-03-19 08:28:50.252 7 INFO placement.requestlog [None req-dcbcede1-bfdf-474b-93ce-556b1f74a39a 45c5f832bdda415bb049d6f9a5fb1c3d 0e3eabc641f0405299fa675b7beb273d - - e9142a31601d46d1a1b29ee3575fa954 e9142a31601d46d1a1b29ee3575fa954] 10.0.0.164 "DELETE /resource_providers/64350172-0133-4639-ae62-92ee91e9899f" status: 404 len: 246 microversion: 1.1 [pid: 7|app: 0|req: 404/808] 10.0.0.164 () {34 vars in 816 bytes} [Thu Mar 19 08:28:50 2026] DELETE /resource_providers/64350172-0133-4639-ae62-92ee91e9899f => generated 246 bytes in 12 msecs (HTTP/1.1 404) 6 headers in 231 bytes (1 switches on core 0)
2026-03-19 08:28:50.556 8 INFO placement.requestlog [None req-116b618d-7981-4bcb-ab35-262daef7f83f 45c5f832bdda415bb049d6f9a5fb1c3d 0e3eabc641f0405299fa675b7beb273d - - e9142a31601d46d1a1b29ee3575fa954 e9142a31601d46d1a1b29ee3575fa954] 10.0.0.164 "GET /resource_providers/e2e643e5-e300-4964-a84c-7a17a0446bd7/aggregates" status: 404 len: 235 microversion: 1.1 [pid: 8|app: 0|req: 405/809] 10.0.0.164 () {32 vars in 816 bytes} [Thu Mar 19 08:28:50 2026] GET /resource_providers/e2e643e5-e300-4964-a84c-7a17a0446bd7/aggregates => generated 235 bytes in 14 msecs (HTTP/1.1 404) 5 headers in 202 bytes (1 switches on core 0)
2026-03-19 08:28:50.564 7 INFO placement.requestlog [None req-fd716002-ba5f-44b9-9f41-9c0260feb3cc 45c5f832bdda415bb049d6f9a5fb1c3d 0e3eabc641f0405299fa675b7beb273d - - e9142a31601d46d1a1b29ee3575fa954 e9142a31601d46d1a1b29ee3575fa954] 10.0.0.164 "GET /resource_providers/e2e643e5-e300-4964-a84c-7a17a0446bd7/aggregates" status: 404 len: 235 microversion: 1.1 [pid: 7|app: 0|req: 405/810] 10.0.0.164 () {32 vars in 816 bytes} [Thu Mar 19 08:28:50 2026] GET /resource_providers/e2e643e5-e300-4964-a84c-7a17a0446bd7/aggregates => generated 235 bytes in 21 msecs (HTTP/1.1 404) 5 headers in 202 bytes (1 switches on core 0)
2026-03-19 08:28:50.586 8 INFO placement.requestlog [None req-5b1d579f-19ae-46c8-ac50-1a8ed7ccc1c8 45c5f832bdda415bb049d6f9a5fb1c3d 0e3eabc641f0405299fa675b7beb273d - - e9142a31601d46d1a1b29ee3575fa954 e9142a31601d46d1a1b29ee3575fa954] 10.0.0.164 "DELETE /resource_providers/e2e643e5-e300-4964-a84c-7a17a0446bd7" status: 404 len: 246 microversion: 1.1 [pid: 8|app: 0|req: 406/811] 10.0.0.164 () {34 vars in 816 bytes} [Thu Mar 19 08:28:50 2026] DELETE /resource_providers/e2e643e5-e300-4964-a84c-7a17a0446bd7 => generated 246 bytes in 11 msecs (HTTP/1.1 404) 6 headers in 231 bytes (1 switches on core 0)
2026-03-19 08:28:50.601 7 INFO placement.requestlog [None req-7f898e12-cfa0-47cf-8f94-d38ebc2eea05 45c5f832bdda415bb049d6f9a5fb1c3d 0e3eabc641f0405299fa675b7beb273d - - e9142a31601d46d1a1b29ee3575fa954 e9142a31601d46d1a1b29ee3575fa954] 10.0.0.164 "DELETE /resource_providers/e2e643e5-e300-4964-a84c-7a17a0446bd7" status: 404 len: 246 microversion: 1.1 [pid: 7|app: 0|req: 406/812] 10.0.0.164 () {34 vars in 816 bytes} [Thu Mar 19 08:28:50 2026] DELETE /resource_providers/e2e643e5-e300-4964-a84c-7a17a0446bd7 => generated 246 bytes in 19 msecs (HTTP/1.1 404) 6 headers in 231 bytes (1 switches on core 0)
2026-03-19 08:28:52.655 8 INFO placement.requestlog [None req-e3c044c7-70bf-4333-9104-0e010a44fc79 45c5f832bdda415bb049d6f9a5fb1c3d 0e3eabc641f0405299fa675b7beb273d - - e9142a31601d46d1a1b29ee3575fa954 e9142a31601d46d1a1b29ee3575fa954] 10.0.0.164 "GET /resource_providers/fe774f1a-a6de-4f10-831b-f41b2fe80ab3/aggregates" status: 404 len: 235 microversion: 1.1 [pid: 8|app: 0|req: 407/813] 10.0.0.164 () {32 vars in 816 bytes} [Thu Mar 19 08:28:52 2026] GET /resource_providers/fe774f1a-a6de-4f10-831b-f41b2fe80ab3/aggregates => generated 235 bytes in 13 msecs (HTTP/1.1 404) 5 headers in 202 bytes (1 switches on core 0)
2026-03-19 08:28:52.662 7 INFO placement.requestlog [None req-a98a3b7b-e17b-4510-b46b-ea9d34e27fc7 45c5f832bdda415bb049d6f9a5fb1c3d 0e3eabc641f0405299fa675b7beb273d - - e9142a31601d46d1a1b29ee3575fa954 e9142a31601d46d1a1b29ee3575fa954] 10.0.0.164 "GET /resource_providers/fe774f1a-a6de-4f10-831b-f41b2fe80ab3/aggregates" status: 404 len: 235 microversion: 1.1 [pid: 7|app: 0|req: 407/814] 10.0.0.164 () {32 vars in 816 bytes} [Thu Mar 19 08:28:52 2026] GET /resource_providers/fe774f1a-a6de-4f10-831b-f41b2fe80ab3/aggregates => generated 235 bytes in 13 msecs (HTTP/1.1 404) 5 headers in 202 bytes (1 switches on core 0)
2026-03-19 08:28:52.675 8 INFO placement.requestlog [None req-8875bc45-fddc-47ac-aa2d-907a9906ed9e 45c5f832bdda415bb049d6f9a5fb1c3d 0e3eabc641f0405299fa675b7beb273d - - e9142a31601d46d1a1b29ee3575fa954 e9142a31601d46d1a1b29ee3575fa954] 10.0.0.164 "DELETE /resource_providers/fe774f1a-a6de-4f10-831b-f41b2fe80ab3" status: 404 len: 246 microversion: 1.1 [pid: 8|app: 0|req: 408/815] 10.0.0.164 () {34 vars in 816 bytes} [Thu Mar 19 08:28:52 2026] DELETE /resource_providers/fe774f1a-a6de-4f10-831b-f41b2fe80ab3 => generated 246 bytes in 9 msecs (HTTP/1.1 404) 6 headers in 231 bytes (1 switches on core 0)
2026-03-19 08:28:52.683 7 INFO placement.requestlog [None req-ee15a857-9ac8-41b1-8ee3-12fd51f7fa0d 45c5f832bdda415bb049d6f9a5fb1c3d 0e3eabc641f0405299fa675b7beb273d - - e9142a31601d46d1a1b29ee3575fa954 e9142a31601d46d1a1b29ee3575fa954] 10.0.0.164 "DELETE /resource_providers/fe774f1a-a6de-4f10-831b-f41b2fe80ab3" status: 404 len: 246 microversion: 1.1 [pid: 7|app: 0|req: 408/816] 10.0.0.164 () {34 vars in 816 bytes} [Thu Mar 19 08:28:52 2026] DELETE /resource_providers/fe774f1a-a6de-4f10-831b-f41b2fe80ab3 => generated 246 bytes in 11 msecs (HTTP/1.1 404) 6 headers in 231 bytes (1 switches on core 0)
2026-03-19 08:28:53.239 8 INFO placement.requestlog [None req-63df2cab-ca2a-4f08-ba0f-11f12676bae8 45c5f832bdda415bb049d6f9a5fb1c3d 0e3eabc641f0405299fa675b7beb273d - - e9142a31601d46d1a1b29ee3575fa954 e9142a31601d46d1a1b29ee3575fa954] 10.0.0.164 "GET /resource_providers/225dbc05-2c15-444c-80eb-759a080bfa4d/aggregates" status: 404 len: 235 microversion: 1.1 [pid: 8|app: 0|req: 409/817] 10.0.0.164 () {32 vars in 816 bytes} [Thu Mar 19 08:28:53 2026] GET /resource_providers/225dbc05-2c15-444c-80eb-759a080bfa4d/aggregates => generated 235 bytes in 8 msecs (HTTP/1.1 404) 5 headers in 202 bytes (1 switches on core 0)
2026-03-19 08:28:53.245 7 INFO placement.requestlog [None req-35aa2069-b115-406a-8a0b-f02dd6fb70a0 45c5f832bdda415bb049d6f9a5fb1c3d 0e3eabc641f0405299fa675b7beb273d - - e9142a31601d46d1a1b29ee3575fa954 e9142a31601d46d1a1b29ee3575fa954] 10.0.0.164 "GET /resource_providers/225dbc05-2c15-444c-80eb-759a080bfa4d/aggregates" status: 404 len: 235 microversion: 1.1 [pid: 7|app: 0|req: 409/818] 10.0.0.164 () {32 vars in 816 bytes} [Thu Mar 19 08:28:53 2026] GET /resource_providers/225dbc05-2c15-444c-80eb-759a080bfa4d/aggregates => generated 235 bytes in 11 msecs (HTTP/1.1 404) 5 headers in 202 bytes (1 switches on core 0)
2026-03-19 08:28:53.263 8 INFO placement.requestlog [None req-b8d2e9a6-1bb2-45ae-8200-d86b37adcf57 45c5f832bdda415bb049d6f9a5fb1c3d 0e3eabc641f0405299fa675b7beb273d - - e9142a31601d46d1a1b29ee3575fa954 e9142a31601d46d1a1b29ee3575fa954] 10.0.0.164 "DELETE /resource_providers/225dbc05-2c15-444c-80eb-759a080bfa4d" status: 404 len: 246 microversion: 1.1 [pid: 8|app: 0|req: 410/819] 10.0.0.164 () {34 vars in 816 bytes} [Thu Mar 19 08:28:53 2026] DELETE /resource_providers/225dbc05-2c15-444c-80eb-759a080bfa4d => generated 246 bytes in 10 msecs (HTTP/1.1 404) 6 headers in 231 bytes (1 switches on core 0)
2026-03-19 08:28:53.266 7 INFO placement.requestlog [None req-821106d4-a3a6-4526-8a34-7ecdc818e8a3 45c5f832bdda415bb049d6f9a5fb1c3d 0e3eabc641f0405299fa675b7beb273d - - e9142a31601d46d1a1b29ee3575fa954 e9142a31601d46d1a1b29ee3575fa954] 10.0.0.164 "DELETE /resource_providers/225dbc05-2c15-444c-80eb-759a080bfa4d" status: 404 len: 246 microversion: 1.1 [pid: 7|app: 0|req: 410/820] 10.0.0.164 () {34 vars in 816 bytes} [Thu Mar 19 08:28:53 2026] DELETE /resource_providers/225dbc05-2c15-444c-80eb-759a080bfa4d => generated 246 bytes in 10 msecs (HTTP/1.1 404) 6 headers in 231 bytes (1 switches on core 0)
2026-03-19 08:28:54.915 7 INFO placement.requestlog [None req-c50abe16-8905-42cf-ad98-4f69a11f3967 45c5f832bdda415bb049d6f9a5fb1c3d 0e3eabc641f0405299fa675b7beb273d - - e9142a31601d46d1a1b29ee3575fa954 e9142a31601d46d1a1b29ee3575fa954] 10.0.0.164 "GET /resource_providers/9837ece8-c56a-42db-92bf-6f3d48b3f57e/aggregates" status: 404 len: 235 microversion: 1.1 [pid: 7|app: 0|req: 411/821] 10.0.0.164 () {32 vars in 816 bytes} [Thu Mar 19 08:28:54 2026] GET /resource_providers/9837ece8-c56a-42db-92bf-6f3d48b3f57e/aggregates => generated 235 bytes in 16 msecs (HTTP/1.1 404) 5 headers in 202 bytes (1 switches on core 0)
2026-03-19 08:28:54.916 8 INFO placement.requestlog [None req-1e07c3da-c79d-4693-bc1c-afde80e98387 45c5f832bdda415bb049d6f9a5fb1c3d 0e3eabc641f0405299fa675b7beb273d - - e9142a31601d46d1a1b29ee3575fa954 e9142a31601d46d1a1b29ee3575fa954] 10.0.0.164 "GET /resource_providers/9837ece8-c56a-42db-92bf-6f3d48b3f57e/aggregates" status: 404 len: 235 microversion: 1.1 [pid: 8|app: 0|req: 411/822] 10.0.0.164 () {32 vars in 816 bytes} [Thu Mar 19 08:28:54 2026] GET /resource_providers/9837ece8-c56a-42db-92bf-6f3d48b3f57e/aggregates => generated 235 bytes in 22 msecs (HTTP/1.1 404) 5 headers in 202 bytes (1 switches on core 0)
2026-03-19 08:28:54.948 7 INFO placement.requestlog [None req-5591e565-d6f2-442d-8821-c996f457b1f1 45c5f832bdda415bb049d6f9a5fb1c3d 0e3eabc641f0405299fa675b7beb273d - - e9142a31601d46d1a1b29ee3575fa954 e9142a31601d46d1a1b29ee3575fa954] 10.0.0.164 "DELETE /resource_providers/9837ece8-c56a-42db-92bf-6f3d48b3f57e" status: 404 len: 246 microversion: 1.1 [pid: 7|app: 0|req: 412/823] 10.0.0.164 () {34 vars in 816 bytes} [Thu Mar 19 08:28:54 2026] DELETE /resource_providers/9837ece8-c56a-42db-92bf-6f3d48b3f57e => generated 246 bytes in 9 msecs (HTTP/1.1 404) 6 headers in 231 bytes (1 switches on core 0)
2026-03-19 08:28:54.958 8 INFO placement.requestlog [None req-43a1f93e-1b74-4ca2-8307-f00775f1d393 45c5f832bdda415bb049d6f9a5fb1c3d 0e3eabc641f0405299fa675b7beb273d - - e9142a31601d46d1a1b29ee3575fa954 e9142a31601d46d1a1b29ee3575fa954] 10.0.0.164 "DELETE /resource_providers/9837ece8-c56a-42db-92bf-6f3d48b3f57e" status: 404 len: 246 microversion: 1.1 [pid: 8|app: 0|req: 412/824] 10.0.0.164 () {34 vars in 816 bytes} [Thu Mar 19 08:28:54 2026] DELETE /resource_providers/9837ece8-c56a-42db-92bf-6f3d48b3f57e => generated 246 bytes in 12 msecs (HTTP/1.1 404) 6 headers in 231 bytes (1 switches on core 0)
2026-03-19 08:28:55.089 7 INFO placement.requestlog [req-ec528341-150e-43a1-ace3-51337ac1f400 req-53290329-1673-48e6-a542-994288f103d4 8a243f8e804a45e89c9b76b1a9885b21 0e3eabc641f0405299fa675b7beb273d - - e9142a31601d46d1a1b29ee3575fa954 e9142a31601d46d1a1b29ee3575fa954] 199.204.45.138 "GET /resource_providers/00813b7a-1053-4758-95f1-20f6b8f79d98/allocations" status: 200 len: 152 microversion: 1.0 [pid: 7|app: 0|req: 413/825] 199.204.45.138 () {32 vars in 857 bytes} [Thu Mar 19 08:28:55 2026] GET /resource_providers/00813b7a-1053-4758-95f1-20f6b8f79d98/allocations => generated 152 bytes in 21 msecs (HTTP/1.1 200) 6 headers in 224 bytes (1 switches on core 0)
2026-03-19 08:28:55.107 8 INFO placement.requestlog [req-ec528341-150e-43a1-ace3-51337ac1f400 req-cbbb0e88-7287-4bd9-a755-8fe6d99bce27 8a243f8e804a45e89c9b76b1a9885b21 0e3eabc641f0405299fa675b7beb273d - - e9142a31601d46d1a1b29ee3575fa954 e9142a31601d46d1a1b29ee3575fa954] 199.204.45.138 "GET /allocations/50e23126-90b0-4fcb-8963-7f888ad54647" status: 200 len: 257 microversion: 1.28 [pid: 8|app: 0|req: 413/826] 199.204.45.138 () {34 vars in 863 bytes} [Thu Mar 19 08:28:55 2026] GET /allocations/50e23126-90b0-4fcb-8963-7f888ad54647 => generated 257 bytes in 12 msecs (HTTP/1.1 200) 8 headers in 296 bytes (1 switches on core 0)
2026-03-19 08:28:55.901 8 INFO placement.requestlog [None req-b6b011fd-cdae-495e-b362-8beed278d40c 45c5f832bdda415bb049d6f9a5fb1c3d 0e3eabc641f0405299fa675b7beb273d - - e9142a31601d46d1a1b29ee3575fa954 e9142a31601d46d1a1b29ee3575fa954] 10.0.0.164 "GET /resource_providers/aac97d49-45e2-4a0e-8cc2-82a5d3565e2e/aggregates" status: 404 len: 235 microversion: 1.1 [pid: 8|app: 0|req: 414/827] 10.0.0.164 () {32 vars in 816 bytes} [Thu Mar 19 08:28:55 2026] GET /resource_providers/aac97d49-45e2-4a0e-8cc2-82a5d3565e2e/aggregates => generated 235 bytes in 8 msecs (HTTP/1.1 404) 5 headers in 202 bytes (1 switches on core 0)
2026-03-19 08:28:55.907 8 INFO placement.requestlog [None req-07e56eaf-c9dd-448c-8dff-537d471fef51 45c5f832bdda415bb049d6f9a5fb1c3d 0e3eabc641f0405299fa675b7beb273d - - e9142a31601d46d1a1b29ee3575fa954 e9142a31601d46d1a1b29ee3575fa954] 10.0.0.164 "GET /resource_providers/aac97d49-45e2-4a0e-8cc2-82a5d3565e2e/aggregates" status: 404 len: 235 microversion: 1.1 [pid: 8|app: 0|req: 415/828] 10.0.0.164 () {32 vars in 816 bytes} [Thu Mar 19 08:28:55 2026] GET /resource_providers/aac97d49-45e2-4a0e-8cc2-82a5d3565e2e/aggregates => generated 235 bytes in 5 msecs (HTTP/1.1 404) 5 headers in 202 bytes (1 switches on core 0)
2026-03-19 08:28:55.917 8 INFO placement.requestlog [None req-34a14259-1450-43a7-aaaa-4b0727770155 45c5f832bdda415bb049d6f9a5fb1c3d 0e3eabc641f0405299fa675b7beb273d - - e9142a31601d46d1a1b29ee3575fa954 e9142a31601d46d1a1b29ee3575fa954] 10.0.0.164 "DELETE /resource_providers/aac97d49-45e2-4a0e-8cc2-82a5d3565e2e" status: 404 len: 246 microversion: 1.1 [pid: 8|app: 0|req: 416/829] 10.0.0.164 () {34 vars in 816 bytes} [Thu Mar 19 08:28:55 2026] DELETE /resource_providers/aac97d49-45e2-4a0e-8cc2-82a5d3565e2e => generated 246 bytes in 7 msecs (HTTP/1.1 404) 6 headers in 231 bytes (1 switches on core 0)
2026-03-19 08:28:55.934 8 INFO placement.requestlog [None req-53e2d6aa-20a6-49a3-a00d-78a98b4454ed 45c5f832bdda415bb049d6f9a5fb1c3d 0e3eabc641f0405299fa675b7beb273d - - e9142a31601d46d1a1b29ee3575fa954 e9142a31601d46d1a1b29ee3575fa954] 10.0.0.164 "DELETE /resource_providers/aac97d49-45e2-4a0e-8cc2-82a5d3565e2e" status: 404 len: 246 microversion: 1.1 [pid: 8|app: 0|req: 417/830] 10.0.0.164 () {34 vars in 816 bytes} [Thu Mar 19 08:28:55 2026] DELETE /resource_providers/aac97d49-45e2-4a0e-8cc2-82a5d3565e2e => generated 246 bytes in 8 msecs (HTTP/1.1 404) 6 headers in 231 bytes (1 switches on core 0)
2026-03-19 08:28:55.937 7 INFO placement.requestlog [None req-971230af-6651-4e88-b097-13040dc4a5f6 4dc1459707a841c98e4188535c999b88 f8249dbc805c4cb58c90d8cf4b1a0e2a - - default default] 10.0.0.121 "GET /resource_providers" status: 200 len: 405 microversion: 1.0 [pid: 7|app: 0|req: 414/831] 10.0.0.121 () {28 vars in 593 bytes} [Thu Mar 19 08:28:55 2026] GET /resource_providers => generated 405 bytes in 398 msecs (HTTP/1.1 200) 6 headers in 224 bytes (1 switches on core 0)
2026-03-19 08:28:55.974 8 INFO placement.requestlog [None req-b0144d9f-fde6-4e94-89b2-e286054e4dba 4dc1459707a841c98e4188535c999b88 f8249dbc805c4cb58c90d8cf4b1a0e2a - - default default] 10.0.0.121 "GET /resource_providers/00813b7a-1053-4758-95f1-20f6b8f79d98/inventories" status: 200 len: 400 microversion: 1.0 [pid: 8|app: 0|req: 418/832] 10.0.0.121 () {28 vars in 691 bytes} [Thu Mar 19 08:28:55 2026] GET /resource_providers/00813b7a-1053-4758-95f1-20f6b8f79d98/inventories => generated 400 bytes in 26 msecs (HTTP/1.1 200) 6 headers in 224 bytes (1 switches on core 0)
2026-03-19 08:28:56.006 7 INFO placement.requestlog [None req-64905ada-a063-40fe-b825-77d7b43e90fd 4dc1459707a841c98e4188535c999b88 f8249dbc805c4cb58c90d8cf4b1a0e2a - - default default] 10.0.0.121 "GET /resource_providers/00813b7a-1053-4758-95f1-20f6b8f79d98/usages" status: 200 len: 90 microversion: 1.0 [pid: 7|app: 0|req: 415/833] 10.0.0.121 () {28 vars in 681 bytes} [Thu Mar 19 08:28:55 2026] GET /resource_providers/00813b7a-1053-4758-95f1-20f6b8f79d98/usages => generated 90 bytes in 16 msecs (HTTP/1.1 200) 6 headers in 223 bytes (1 switches on core 0)
2026-03-19 08:28:56.165 8 INFO placement.requestlog [req-ec528341-150e-43a1-ace3-51337ac1f400 req-a317c275-b786-4811-8104-1e6ca6cad6bd 8a243f8e804a45e89c9b76b1a9885b21 0e3eabc641f0405299fa675b7beb273d - - e9142a31601d46d1a1b29ee3575fa954 e9142a31601d46d1a1b29ee3575fa954] 199.204.45.138 "DELETE /allocations/50e23126-90b0-4fcb-8963-7f888ad54647" status: 204 len: 0 microversion: 1.0 [pid: 8|app: 0|req: 419/834] 199.204.45.138 () {34 vars in 841 bytes} [Thu Mar 19 08:28:56 2026] DELETE /allocations/50e23126-90b0-4fcb-8963-7f888ad54647 => generated 0 bytes in 26 msecs (HTTP/1.1 204) 5 headers in 198 bytes (1 switches on core 0)
2026-03-19 08:28:57.944 7 INFO placement.requestlog [None req-c0e45c7b-3ee0-4987-8a0b-f22f40913010 45c5f832bdda415bb049d6f9a5fb1c3d 0e3eabc641f0405299fa675b7beb273d - - e9142a31601d46d1a1b29ee3575fa954 e9142a31601d46d1a1b29ee3575fa954] 10.0.0.164 "GET /resource_providers/30305e49-9acd-4ea2-87fd-7709596de994/aggregates" status: 404 len: 235 microversion: 1.1 [pid: 7|app: 0|req: 416/835] 10.0.0.164 () {32 vars in 816 bytes} [Thu Mar 19 08:28:57 2026] GET /resource_providers/30305e49-9acd-4ea2-87fd-7709596de994/aggregates => generated 235 bytes in 15 msecs (HTTP/1.1 404) 5 headers in 202 bytes (1 switches on core 0)
2026-03-19 08:28:57.953 8 INFO placement.requestlog [None req-62bb3403-e84d-4139-b686-25f028ba2981 45c5f832bdda415bb049d6f9a5fb1c3d 0e3eabc641f0405299fa675b7beb273d - - e9142a31601d46d1a1b29ee3575fa954 e9142a31601d46d1a1b29ee3575fa954] 10.0.0.164 "GET /resource_providers/30305e49-9acd-4ea2-87fd-7709596de994/aggregates" status: 404 len: 235 microversion: 1.1 [pid: 8|app: 0|req: 420/836] 10.0.0.164 () {32 vars in 816 bytes} [Thu Mar 19 08:28:57 2026] GET /resource_providers/30305e49-9acd-4ea2-87fd-7709596de994/aggregates => generated 235 bytes in 12 msecs (HTTP/1.1 404) 5 headers in 202 bytes (1 switches on core 0)
2026-03-19 08:28:57.970 7 INFO placement.requestlog [None req-c842ab76-4477-495f-9e5d-9d7a92bd96d4 45c5f832bdda415bb049d6f9a5fb1c3d 0e3eabc641f0405299fa675b7beb273d - - e9142a31601d46d1a1b29ee3575fa954 e9142a31601d46d1a1b29ee3575fa954] 10.0.0.164 "DELETE /resource_providers/30305e49-9acd-4ea2-87fd-7709596de994" status: 404 len: 246 microversion: 1.1 [pid: 7|app: 0|req: 417/837] 10.0.0.164 () {34 vars in 816 bytes} [Thu Mar 19 08:28:57 2026] DELETE /resource_providers/30305e49-9acd-4ea2-87fd-7709596de994 => generated 246 bytes in 17 msecs (HTTP/1.1 404) 6 headers in 231 bytes (1 switches on core 0)
2026-03-19 08:28:57.975 8 INFO placement.requestlog [None req-e2d5d313-cc6f-4d60-89ba-2a59653418aa 45c5f832bdda415bb049d6f9a5fb1c3d 0e3eabc641f0405299fa675b7beb273d - - e9142a31601d46d1a1b29ee3575fa954 e9142a31601d46d1a1b29ee3575fa954] 10.0.0.164 "DELETE /resource_providers/30305e49-9acd-4ea2-87fd-7709596de994" status: 404 len: 246 microversion: 1.1 [pid: 8|app: 0|req: 421/838] 10.0.0.164 () {34 vars in 816 bytes} [Thu Mar 19 08:28:57 2026] DELETE /resource_providers/30305e49-9acd-4ea2-87fd-7709596de994 => generated 246 bytes in 10 msecs (HTTP/1.1 404) 6 headers in 231 bytes (1 switches on core 0)
2026-03-19 08:28:58.260 7 INFO placement.requestlog [None req-3d81e3f4-0347-45b3-93b7-a5759e344c08 - - - - - -] 10.0.0.212 "GET /" status: 200 len: 136 microversion: 1.0
2026-03-19 08:28:58.261 8 INFO placement.requestlog [None req-7a315966-2563-4cb5-bdf8-b451aaa91e2e - - - - - -] 10.0.0.212 "GET /" status: 200 len: 136 microversion: 1.0
2026-03-19 08:28:59.605 7 INFO placement.requestlog [None req-5fb941e9-91a5-4563-9a1a-121ffdffc9ef 45c5f832bdda415bb049d6f9a5fb1c3d 0e3eabc641f0405299fa675b7beb273d - - e9142a31601d46d1a1b29ee3575fa954 e9142a31601d46d1a1b29ee3575fa954] 10.0.0.164 "GET /resource_providers/421f7f66-152e-4b0d-8a0b-3533c38ae2ad/aggregates" status: 404 len: 235 microversion: 1.1 [pid: 7|app: 0|req: 419/841] 10.0.0.164 () {32 vars in 816 bytes} [Thu Mar 19 08:28:59 2026] GET /resource_providers/421f7f66-152e-4b0d-8a0b-3533c38ae2ad/aggregates => generated 235 bytes in 15 msecs (HTTP/1.1 404) 5 headers in 202 bytes (1 switches on core 0)
2026-03-19 08:28:59.613 8 INFO placement.requestlog [None req-4826f43b-936e-4cc4-9934-be44eb4d1799 45c5f832bdda415bb049d6f9a5fb1c3d 0e3eabc641f0405299fa675b7beb273d - - e9142a31601d46d1a1b29ee3575fa954 e9142a31601d46d1a1b29ee3575fa954] 10.0.0.164 "GET /resource_providers/421f7f66-152e-4b0d-8a0b-3533c38ae2ad/aggregates" status: 404 len: 235 microversion: 1.1 [pid: 8|app: 0|req: 423/842] 10.0.0.164 () {32 vars in 816 bytes} [Thu Mar 19 08:28:59 2026] GET /resource_providers/421f7f66-152e-4b0d-8a0b-3533c38ae2ad/aggregates => generated 235 bytes in 10 msecs (HTTP/1.1 404) 5 headers in 202 bytes (1 switches on core 0)
2026-03-19 08:28:59.621 7 INFO placement.requestlog [None req-54c4b9fb-971f-43f3-a7e9-b9748617719e 45c5f832bdda415bb049d6f9a5fb1c3d 0e3eabc641f0405299fa675b7beb273d - - e9142a31601d46d1a1b29ee3575fa954 e9142a31601d46d1a1b29ee3575fa954] 10.0.0.164 "DELETE /resource_providers/421f7f66-152e-4b0d-8a0b-3533c38ae2ad" status: 404 len: 246 microversion: 1.1 [pid: 7|app: 0|req: 420/843] 10.0.0.164 () {34 vars in 816 bytes} [Thu Mar 19 08:28:59 2026] DELETE /resource_providers/421f7f66-152e-4b0d-8a0b-3533c38ae2ad => generated 246 bytes in 7 msecs (HTTP/1.1 404) 6 headers in 231 bytes (1 switches on core 0)
2026-03-19 08:28:59.629 8 INFO placement.requestlog [None req-d79d22dc-8e44-4504-87a2-7d9cc08f447e 45c5f832bdda415bb049d6f9a5fb1c3d 0e3eabc641f0405299fa675b7beb273d - - e9142a31601d46d1a1b29ee3575fa954 e9142a31601d46d1a1b29ee3575fa954] 10.0.0.164 "DELETE /resource_providers/421f7f66-152e-4b0d-8a0b-3533c38ae2ad" status: 404 len: 246 microversion: 1.1 [pid: 8|app: 0|req: 424/844] 10.0.0.164 () {34 vars in 816 bytes} [Thu Mar 19 08:28:59 2026] DELETE /resource_providers/421f7f66-152e-4b0d-8a0b-3533c38ae2ad => generated 246 bytes in 8 msecs (HTTP/1.1 404) 6 headers in 231 bytes (1 switches on core 0)
2026-03-19 08:29:00.002 7 INFO placement.requestlog [None req-03f99892-c064-4ea3-86a3-9a4303a6fcb6 45c5f832bdda415bb049d6f9a5fb1c3d 0e3eabc641f0405299fa675b7beb273d - - e9142a31601d46d1a1b29ee3575fa954 e9142a31601d46d1a1b29ee3575fa954] 10.0.0.164 "GET /resource_providers/8e0de6b0-8016-4bec-82f7-27bd79ecfa7d/aggregates" status: 404 len: 235 microversion: 1.1 [pid: 7|app: 0|req: 421/845] 10.0.0.164 () {32 vars in 816 bytes} [Thu Mar 19 08:28:59 2026] GET /resource_providers/8e0de6b0-8016-4bec-82f7-27bd79ecfa7d/aggregates => generated 235 bytes in 11 msecs (HTTP/1.1 404) 5 headers in 202 bytes (1 switches on core 0)
2026-03-19 08:29:00.005 8 INFO placement.requestlog [None req-8dadfc2f-bcf3-4f80-9a4f-40dee8ca12c2 45c5f832bdda415bb049d6f9a5fb1c3d 0e3eabc641f0405299fa675b7beb273d - - e9142a31601d46d1a1b29ee3575fa954 e9142a31601d46d1a1b29ee3575fa954] 10.0.0.164 "GET /resource_providers/8e0de6b0-8016-4bec-82f7-27bd79ecfa7d/aggregates" status: 404 len: 235 microversion: 1.1 [pid: 8|app: 0|req: 425/846] 10.0.0.164 () {32 vars in 816 bytes} [Thu Mar 19 08:28:59 2026] GET /resource_providers/8e0de6b0-8016-4bec-82f7-27bd79ecfa7d/aggregates => generated 235 bytes in 14 msecs (HTTP/1.1 404) 5 headers in 202 bytes (1 switches on core 0)
2026-03-19 08:29:00.025 7 INFO placement.requestlog [None req-2c7e7f08-d0ca-4dce-adc3-ba8865c402a5 45c5f832bdda415bb049d6f9a5fb1c3d 0e3eabc641f0405299fa675b7beb273d - - e9142a31601d46d1a1b29ee3575fa954 e9142a31601d46d1a1b29ee3575fa954] 10.0.0.164 "DELETE /resource_providers/8e0de6b0-8016-4bec-82f7-27bd79ecfa7d" status: 404 len: 246 microversion: 1.1 [pid: 7|app: 0|req: 422/847] 10.0.0.164 () {34 vars in 816 bytes} [Thu Mar 19 08:29:00 2026] DELETE /resource_providers/8e0de6b0-8016-4bec-82f7-27bd79ecfa7d => generated 246 bytes in 8 msecs (HTTP/1.1 404) 6 headers in 231 bytes (1 switches on core 0)
