2026-03-19 08:32:20.623 8 INFO placement.requestlog [None req-f9c7b2dd-1855-4f56-8315-9311df0307e5 45c5f832bdda415bb049d6f9a5fb1c3d 0e3eabc641f0405299fa675b7beb273d - - e9142a31601d46d1a1b29ee3575fa954 e9142a31601d46d1a1b29ee3575fa954] 10.0.0.164 "GET /resource_providers/19546d32-8bec-450a-9029-70477842c042/aggregates" status: 404 len: 235 microversion: 1.1 [pid: 8|app: 0|req: 600/1197] 10.0.0.164 () {32 vars in 816 bytes} [Thu Mar 19 08:32:20 2026] GET /resource_providers/19546d32-8bec-450a-9029-70477842c042/aggregates => generated 235 bytes in 12 msecs (HTTP/1.1 404) 5 headers in 202 bytes (1 switches on core 0)
2026-03-19 08:32:20.625 7 INFO placement.requestlog [None req-2f1a8931-02eb-40d5-9986-32a354a51179 45c5f832bdda415bb049d6f9a5fb1c3d 0e3eabc641f0405299fa675b7beb273d - - e9142a31601d46d1a1b29ee3575fa954 e9142a31601d46d1a1b29ee3575fa954] 10.0.0.164 "GET /resource_providers/19546d32-8bec-450a-9029-70477842c042/aggregates" status: 404 len: 235 microversion: 1.1 [pid: 7|app: 0|req: 598/1198] 10.0.0.164 () {32 vars in 816 bytes} [Thu Mar 19 08:32:20 2026] GET /resource_providers/19546d32-8bec-450a-9029-70477842c042/aggregates => generated 235 bytes in 10 msecs (HTTP/1.1 404) 5 headers in 202 bytes (1 switches on core 0)
2026-03-19 08:32:20.650 8 INFO placement.requestlog [None req-b7be83ed-e813-40eb-99c6-154289cdd94e 45c5f832bdda415bb049d6f9a5fb1c3d 0e3eabc641f0405299fa675b7beb273d - - e9142a31601d46d1a1b29ee3575fa954 e9142a31601d46d1a1b29ee3575fa954] 10.0.0.164 "DELETE /resource_providers/19546d32-8bec-450a-9029-70477842c042" status: 404 len: 246 microversion: 1.1 [pid: 8|app: 0|req: 601/1199] 10.0.0.164 () {34 vars in 816 bytes} [Thu Mar 19 08:32:20 2026] DELETE /resource_providers/19546d32-8bec-450a-9029-70477842c042 => generated 246 bytes in 8 msecs (HTTP/1.1 404) 6 headers in 231 bytes (1 switches on core 0)
2026-03-19 08:32:20.652 7 INFO placement.requestlog [None req-5821ac3a-cf74-49e9-b0e1-92d8868e2b12 45c5f832bdda415bb049d6f9a5fb1c3d 0e3eabc641f0405299fa675b7beb273d - - e9142a31601d46d1a1b29ee3575fa954 e9142a31601d46d1a1b29ee3575fa954] 10.0.0.164 "DELETE /resource_providers/19546d32-8bec-450a-9029-70477842c042" status: 404 len: 246 microversion: 1.1 [pid: 7|app: 0|req: 599/1200] 10.0.0.164 () {34 vars in 816 bytes} [Thu Mar 19 08:32:20 2026] DELETE /resource_providers/19546d32-8bec-450a-9029-70477842c042 => generated 246 bytes in 9 msecs (HTTP/1.1 404) 6 headers in 231 bytes (1 switches on core 0)
2026-03-19 08:32:22.674 7 INFO placement.requestlog [None req-771badb5-9942-45aa-9fe3-31a0fdd26be9 45c5f832bdda415bb049d6f9a5fb1c3d 0e3eabc641f0405299fa675b7beb273d - - e9142a31601d46d1a1b29ee3575fa954 e9142a31601d46d1a1b29ee3575fa954] 10.0.0.164 "GET /resource_providers/10dfd11f-f7de-4974-8b8a-2f5e13d33c55/aggregates" status: 404 len: 235 microversion: 1.1 [pid: 7|app: 0|req: 600/1201] 10.0.0.164 () {32 vars in 816 bytes} [Thu Mar 19 08:32:22 2026] GET /resource_providers/10dfd11f-f7de-4974-8b8a-2f5e13d33c55/aggregates => generated 235 bytes in 10 msecs (HTTP/1.1 404) 5 headers in 202 bytes (1 switches on core 0)
2026-03-19 08:32:22.675 8 INFO placement.requestlog [None req-d74b5c47-c7e3-4043-830d-108623ed12ea 45c5f832bdda415bb049d6f9a5fb1c3d 0e3eabc641f0405299fa675b7beb273d - - e9142a31601d46d1a1b29ee3575fa954 e9142a31601d46d1a1b29ee3575fa954] 10.0.0.164 "GET /resource_providers/10dfd11f-f7de-4974-8b8a-2f5e13d33c55/aggregates" status: 404 len: 235 microversion: 1.1 [pid: 8|app: 0|req: 602/1202] 10.0.0.164 () {32 vars in 816 bytes} [Thu Mar 19 08:32:22 2026] GET /resource_providers/10dfd11f-f7de-4974-8b8a-2f5e13d33c55/aggregates => generated 235 bytes in 13 msecs (HTTP/1.1 404) 5 headers in 202 bytes (1 switches on core 0)
2026-03-19 08:32:22.693 7 INFO placement.requestlog [None req-64b795f8-70bf-42ee-ab63-c78e1fbe2ee8 45c5f832bdda415bb049d6f9a5fb1c3d 0e3eabc641f0405299fa675b7beb273d - - e9142a31601d46d1a1b29ee3575fa954 e9142a31601d46d1a1b29ee3575fa954] 10.0.0.164 "DELETE /resource_providers/10dfd11f-f7de-4974-8b8a-2f5e13d33c55" status: 404 len: 246 microversion: 1.1 [pid: 7|app: 0|req: 601/1203] 10.0.0.164 () {34 vars in 816 bytes} [Thu Mar 19 08:32:22 2026] DELETE /resource_providers/10dfd11f-f7de-4974-8b8a-2f5e13d33c55 => generated 246 bytes in 9 msecs (HTTP/1.1 404) 6 headers in 231 bytes (1 switches on core 0)
2026-03-19 08:32:22.696 8 INFO placement.requestlog [None req-76b8975d-b0b4-44ce-b583-902cd4ff3515 45c5f832bdda415bb049d6f9a5fb1c3d 0e3eabc641f0405299fa675b7beb273d - - e9142a31601d46d1a1b29ee3575fa954 e9142a31601d46d1a1b29ee3575fa954] 10.0.0.164 "DELETE /resource_providers/10dfd11f-f7de-4974-8b8a-2f5e13d33c55" status: 404 len: 246 microversion: 1.1 [pid: 8|app: 0|req: 603/1204] 10.0.0.164 () {34 vars in 816 bytes} [Thu Mar 19 08:32:22 2026] DELETE /resource_providers/10dfd11f-f7de-4974-8b8a-2f5e13d33c55 => generated 246 bytes in 11 msecs (HTTP/1.1 404) 6 headers in 231 bytes (1 switches on core 0)
2026-03-19 08:32:24.713 7 INFO placement.requestlog [None req-545dabb6-96c5-4e49-9dc4-e4a46128bcf1 45c5f832bdda415bb049d6f9a5fb1c3d 0e3eabc641f0405299fa675b7beb273d - - e9142a31601d46d1a1b29ee3575fa954 e9142a31601d46d1a1b29ee3575fa954] 10.0.0.164 "GET /resource_providers/666fd405-a80a-4d51-bed6-a07af85eab08/aggregates" status: 404 len: 235 microversion: 1.1 [pid: 7|app: 0|req: 602/1205] 10.0.0.164 () {32 vars in 816 bytes} [Thu Mar 19 08:32:24 2026] GET /resource_providers/666fd405-a80a-4d51-bed6-a07af85eab08/aggregates => generated 235 bytes in 9 msecs (HTTP/1.1 404) 5 headers in 202 bytes (1 switches on core 0)
2026-03-19 08:32:24.718 8 INFO placement.requestlog [None req-1d9c9c11-e296-44d3-b18d-478bd64b0fee 45c5f832bdda415bb049d6f9a5fb1c3d 0e3eabc641f0405299fa675b7beb273d - - e9142a31601d46d1a1b29ee3575fa954 e9142a31601d46d1a1b29ee3575fa954] 10.0.0.164 "GET /resource_providers/666fd405-a80a-4d51-bed6-a07af85eab08/aggregates" status: 404 len: 235 microversion: 1.1 [pid: 8|app: 0|req: 604/1206] 10.0.0.164 () {32 vars in 816 bytes} [Thu Mar 19 08:32:24 2026] GET /resource_providers/666fd405-a80a-4d51-bed6-a07af85eab08/aggregates => generated 235 bytes in 12 msecs (HTTP/1.1 404) 5 headers in 202 bytes (1 switches on core 0)
2026-03-19 08:32:24.729 7 INFO placement.requestlog [None req-4eead61e-8c90-4900-8055-382cf5b9ff65 45c5f832bdda415bb049d6f9a5fb1c3d 0e3eabc641f0405299fa675b7beb273d - - e9142a31601d46d1a1b29ee3575fa954 e9142a31601d46d1a1b29ee3575fa954] 10.0.0.164 "DELETE /resource_providers/666fd405-a80a-4d51-bed6-a07af85eab08" status: 404 len: 246 microversion: 1.1 [pid: 7|app: 0|req: 603/1207] 10.0.0.164 () {34 vars in 816 bytes} [Thu Mar 19 08:32:24 2026] DELETE /resource_providers/666fd405-a80a-4d51-bed6-a07af85eab08 => generated 246 bytes in 6 msecs (HTTP/1.1 404) 6 headers in 231 bytes (1 switches on core 0)
2026-03-19 08:32:24.741 8 INFO placement.requestlog [None req-47f19cfb-8536-40bc-9dcb-c1d6cd3774f5 45c5f832bdda415bb049d6f9a5fb1c3d 0e3eabc641f0405299fa675b7beb273d - - e9142a31601d46d1a1b29ee3575fa954 e9142a31601d46d1a1b29ee3575fa954] 10.0.0.164 "DELETE /resource_providers/666fd405-a80a-4d51-bed6-a07af85eab08" status: 404 len: 246 microversion: 1.1 [pid: 8|app: 0|req: 605/1208] 10.0.0.164 () {34 vars in 816 bytes} [Thu Mar 19 08:32:24 2026] DELETE /resource_providers/666fd405-a80a-4d51-bed6-a07af85eab08 => generated 246 bytes in 15 msecs (HTTP/1.1 404) 6 headers in 231 bytes (1 switches on core 0)
2026-03-19 08:32:28.260 7 INFO placement.requestlog [None req-c53379f4-3c14-4ad9-8b85-467a890a8985 - - - - - -] 10.0.0.212 "GET /" status: 200 len: 136 microversion: 1.0
2026-03-19 08:32:28.260 8 INFO placement.requestlog [None req-9087a8c1-11e8-402f-a57f-a73158874b08 - - - - - -] 10.0.0.212 "GET /" status: 200 len: 136 microversion: 1.0
2026-03-19 08:32:34.462 8 INFO placement.requestlog [None req-ba3e27d2-1de4-41f6-ac55-3fc73a39cd29 45c5f832bdda415bb049d6f9a5fb1c3d 0e3eabc641f0405299fa675b7beb273d - - e9142a31601d46d1a1b29ee3575fa954 e9142a31601d46d1a1b29ee3575fa954] 10.0.0.164 "GET /resource_providers/8fbe7bc9-0579-4678-9e3d-0cdbefd9fc0c/aggregates" status: 404 len: 235 microversion: 1.1 [pid: 8|app: 0|req: 607/1211] 10.0.0.164 () {32 vars in 816 bytes} [Thu Mar 19 08:32:34 2026] GET /resource_providers/8fbe7bc9-0579-4678-9e3d-0cdbefd9fc0c/aggregates => generated 235 bytes in 8 msecs (HTTP/1.1 404) 5 headers in 202 bytes (1 switches on core 0)
2026-03-19 08:32:34.462 7 INFO placement.requestlog [None req-8c2f3387-3118-49a5-a139-2fb7f40bc518 45c5f832bdda415bb049d6f9a5fb1c3d 0e3eabc641f0405299fa675b7beb273d - - e9142a31601d46d1a1b29ee3575fa954 e9142a31601d46d1a1b29ee3575fa954] 10.0.0.164 "GET /resource_providers/8fbe7bc9-0579-4678-9e3d-0cdbefd9fc0c/aggregates" status: 404 len: 235 microversion: 1.1 [pid: 7|app: 0|req: 605/1212] 10.0.0.164 () {32 vars in 816 bytes} [Thu Mar 19 08:32:34 2026] GET /resource_providers/8fbe7bc9-0579-4678-9e3d-0cdbefd9fc0c/aggregates => generated 235 bytes in 12 msecs (HTTP/1.1 404) 5 headers in 202 bytes (1 switches on core 0)
2026-03-19 08:32:34.481 7 INFO placement.requestlog [None req-820c7a87-b5f2-43ff-a790-b9219ff80ec4 45c5f832bdda415bb049d6f9a5fb1c3d 0e3eabc641f0405299fa675b7beb273d - - e9142a31601d46d1a1b29ee3575fa954 e9142a31601d46d1a1b29ee3575fa954] 10.0.0.164 "DELETE /resource_providers/8fbe7bc9-0579-4678-9e3d-0cdbefd9fc0c" status: 404 len: 246 microversion: 1.1 [pid: 7|app: 0|req: 606/1213] 10.0.0.164 () {34 vars in 816 bytes} [Thu Mar 19 08:32:34 2026] DELETE /resource_providers/8fbe7bc9-0579-4678-9e3d-0cdbefd9fc0c => generated 246 bytes in 9 msecs (HTTP/1.1 404) 6 headers in 231 bytes (1 switches on core 0)
2026-03-19 08:32:34.484 8 INFO placement.requestlog [None req-8280de12-88eb-4376-955a-f4db6b9f3da3 45c5f832bdda415bb049d6f9a5fb1c3d 0e3eabc641f0405299fa675b7beb273d - - e9142a31601d46d1a1b29ee3575fa954 e9142a31601d46d1a1b29ee3575fa954] 10.0.0.164 "DELETE /resource_providers/8fbe7bc9-0579-4678-9e3d-0cdbefd9fc0c" status: 404 len: 246 microversion: 1.1 [pid: 8|app: 0|req: 608/1214] 10.0.0.164 () {34 vars in 816 bytes} [Thu Mar 19 08:32:34 2026] DELETE /resource_providers/8fbe7bc9-0579-4678-9e3d-0cdbefd9fc0c => generated 246 bytes in 13 msecs (HTTP/1.1 404) 6 headers in 231 bytes (1 switches on core 0)
2026-03-19 08:32:34.617 7 INFO placement.requestlog [None req-faba58de-383f-4679-955b-0d17339e02a0 45c5f832bdda415bb049d6f9a5fb1c3d 0e3eabc641f0405299fa675b7beb273d - - e9142a31601d46d1a1b29ee3575fa954 e9142a31601d46d1a1b29ee3575fa954] 10.0.0.164 "GET /resource_providers/01717ba2-6b52-4723-a03e-66c28db63953/aggregates" status: 404 len: 235 microversion: 1.1 [pid: 7|app: 0|req: 607/1215] 10.0.0.164 () {32 vars in 816 bytes} [Thu Mar 19 08:32:34 2026] GET /resource_providers/01717ba2-6b52-4723-a03e-66c28db63953/aggregates => generated 235 bytes in 10 msecs (HTTP/1.1 404) 5 headers in 202 bytes (1 switches on core 0)
2026-03-19 08:32:34.623 8 INFO placement.requestlog [None req-c8cac72b-24f3-4895-ac8e-cbd91fc2d98b 45c5f832bdda415bb049d6f9a5fb1c3d 0e3eabc641f0405299fa675b7beb273d - - e9142a31601d46d1a1b29ee3575fa954 e9142a31601d46d1a1b29ee3575fa954] 10.0.0.164 "GET /resource_providers/01717ba2-6b52-4723-a03e-66c28db63953/aggregates" status: 404 len: 235 microversion: 1.1 [pid: 8|app: 0|req: 609/1216] 10.0.0.164 () {32 vars in 816 bytes} [Thu Mar 19 08:32:34 2026] GET /resource_providers/01717ba2-6b52-4723-a03e-66c28db63953/aggregates => generated 235 bytes in 11 msecs (HTTP/1.1 404) 5 headers in 202 bytes (1 switches on core 0)
2026-03-19 08:32:34.639 7 INFO placement.requestlog [None req-6cb66510-8f04-41ff-a332-5299f921db9e 45c5f832bdda415bb049d6f9a5fb1c3d 0e3eabc641f0405299fa675b7beb273d - - e9142a31601d46d1a1b29ee3575fa954 e9142a31601d46d1a1b29ee3575fa954] 10.0.0.164 "DELETE /resource_providers/01717ba2-6b52-4723-a03e-66c28db63953" status: 404 len: 246 microversion: 1.1 [pid: 7|app: 0|req: 608/1217] 10.0.0.164 () {34 vars in 816 bytes} [Thu Mar 19 08:32:34 2026] DELETE /resource_providers/01717ba2-6b52-4723-a03e-66c28db63953 => generated 246 bytes in 10 msecs (HTTP/1.1 404) 6 headers in 231 bytes (1 switches on core 0)
2026-03-19 08:32:34.644 8 INFO placement.requestlog [None req-43779663-515a-4a79-b700-367ee4affa4a 45c5f832bdda415bb049d6f9a5fb1c3d 0e3eabc641f0405299fa675b7beb273d - - e9142a31601d46d1a1b29ee3575fa954 e9142a31601d46d1a1b29ee3575fa954] 10.0.0.164 "DELETE /resource_providers/01717ba2-6b52-4723-a03e-66c28db63953" status: 404 len: 246 microversion: 1.1 [pid: 8|app: 0|req: 610/1218] 10.0.0.164 () {34 vars in 816 bytes} [Thu Mar 19 08:32:34 2026] DELETE /resource_providers/01717ba2-6b52-4723-a03e-66c28db63953 => generated 246 bytes in 11 msecs (HTTP/1.1 404) 6 headers in 231 bytes (1 switches on core 0)
2026-03-19 08:32:34.800 7 INFO placement.requestlog [req-df15f959-ef3e-4e4a-9759-65e77c69366a req-0de7e8a7-abc6-4f22-83c1-93fc391b419e 8a243f8e804a45e89c9b76b1a9885b21 0e3eabc641f0405299fa675b7beb273d - - e9142a31601d46d1a1b29ee3575fa954 e9142a31601d46d1a1b29ee3575fa954] 199.204.45.138 "GET /resource_providers/00813b7a-1053-4758-95f1-20f6b8f79d98/allocations" status: 200 len: 55 microversion: 1.0 [pid: 7|app: 0|req: 609/1219] 199.204.45.138 () {32 vars in 857 bytes} [Thu Mar 19 08:32:34 2026] GET /resource_providers/00813b7a-1053-4758-95f1-20f6b8f79d98/allocations => generated 55 bytes in 11 msecs (HTTP/1.1 200) 6 headers in 223 bytes (1 switches on core 0)
2026-03-19 08:32:34.823 8 INFO placement.requestlog [req-df15f959-ef3e-4e4a-9759-65e77c69366a req-43511ac6-e150-4c92-ab4a-1318e532f7e6 8a243f8e804a45e89c9b76b1a9885b21 0e3eabc641f0405299fa675b7beb273d - - e9142a31601d46d1a1b29ee3575fa954 e9142a31601d46d1a1b29ee3575fa954] 199.204.45.138 "GET /resource_providers/00813b7a-1053-4758-95f1-20f6b8f79d98/allocations" status: 200 len: 55 microversion: 1.0 [pid: 8|app: 0|req: 611/1220] 199.204.45.138 () {32 vars in 857 bytes} [Thu Mar 19 08:32:34 2026] GET /resource_providers/00813b7a-1053-4758-95f1-20f6b8f79d98/allocations => generated 55 bytes in 17 msecs (HTTP/1.1 200) 6 headers in 223 bytes (1 switches on core 0)
2026-03-19 08:32:36.502 7 INFO placement.requestlog [None req-e53a5e48-75b5-4758-b519-aa9369ac68d9 45c5f832bdda415bb049d6f9a5fb1c3d 0e3eabc641f0405299fa675b7beb273d - - e9142a31601d46d1a1b29ee3575fa954 e9142a31601d46d1a1b29ee3575fa954] 10.0.0.164 "GET /resource_providers/e2bef5d9-d4df-43b4-ae3f-9490e978b618/aggregates" status: 404 len: 235 microversion: 1.1 [pid: 7|app: 0|req: 610/1221] 10.0.0.164 () {32 vars in 816 bytes} [Thu Mar 19 08:32:36 2026] GET /resource_providers/e2bef5d9-d4df-43b4-ae3f-9490e978b618/aggregates => generated 235 bytes in 11 msecs (HTTP/1.1 404) 5 headers in 202 bytes (1 switches on core 0)
2026-03-19 08:32:36.507 8 INFO placement.requestlog [None req-17bc4033-893c-4ec6-a644-f6ad86f85584 45c5f832bdda415bb049d6f9a5fb1c3d 0e3eabc641f0405299fa675b7beb273d - - e9142a31601d46d1a1b29ee3575fa954 e9142a31601d46d1a1b29ee3575fa954] 10.0.0.164 "GET /resource_providers/e2bef5d9-d4df-43b4-ae3f-9490e978b618/aggregates" status: 404 len: 235 microversion: 1.1 [pid: 8|app: 0|req: 612/1222] 10.0.0.164 () {32 vars in 816 bytes} [Thu Mar 19 08:32:36 2026] GET /resource_providers/e2bef5d9-d4df-43b4-ae3f-9490e978b618/aggregates => generated 235 bytes in 10 msecs (HTTP/1.1 404) 5 headers in 202 bytes (1 switches on core 0)
2026-03-19 08:32:36.524 7 INFO placement.requestlog [None req-0b7e2ee4-b309-4e91-b3d1-a6ad1d607121 45c5f832bdda415bb049d6f9a5fb1c3d 0e3eabc641f0405299fa675b7beb273d - - e9142a31601d46d1a1b29ee3575fa954 e9142a31601d46d1a1b29ee3575fa954] 10.0.0.164 "DELETE /resource_providers/e2bef5d9-d4df-43b4-ae3f-9490e978b618" status: 404 len: 246 microversion: 1.1
2026-03-19 08:32:36.525 8 INFO placement.requestlog [None req-0fc49cc6-f9a1-47bf-93ca-e95363ac2d45 45c5f832bdda415bb049d6f9a5fb1c3d 0e3eabc641f0405299fa675b7beb273d - - e9142a31601d46d1a1b29ee3575fa954 e9142a31601d46d1a1b29ee3575fa954] 10.0.0.164 "DELETE /resource_providers/e2bef5d9-d4df-43b4-ae3f-9490e978b618" status: 404 len: 246 microversion: 1.1 [pid: 7|app: 0|req: 611/1223] 10.0.0.164 () {34 vars in 816 bytes} [Thu Mar 19 08:32:36 2026] DELETE /resource_providers/e2bef5d9-d4df-43b4-ae3f-9490e978b618 => generated 246 bytes in 10 msecs (HTTP/1.1 404) 6 headers in 231 bytes (1 switches on core 0) [pid: 8|app: 0|req: 613/1224] 10.0.0.164 () {34 vars in 816 bytes} [Thu Mar 19 08:32:36 2026] DELETE /resource_providers/e2bef5d9-d4df-43b4-ae3f-9490e978b618 => generated 246 bytes in 8 msecs (HTTP/1.1 404) 6 headers in 231 bytes (1 switches on core 0)
2026-03-19 08:32:36.546 7 INFO placement.requestlog [None req-2dfc64ab-aad8-426f-8373-8050245b8f5c 45c5f832bdda415bb049d6f9a5fb1c3d 0e3eabc641f0405299fa675b7beb273d - - e9142a31601d46d1a1b29ee3575fa954 e9142a31601d46d1a1b29ee3575fa954] 10.0.0.164 "GET /resource_providers/9af51cc1-c9c1-4535-bd5b-ff7261fcd45f/aggregates" status: 404 len: 235 microversion: 1.1 [pid: 7|app: 0|req: 612/1225] 10.0.0.164 () {32 vars in 816 bytes} [Thu Mar 19 08:32:36 2026] GET /resource_providers/9af51cc1-c9c1-4535-bd5b-ff7261fcd45f/aggregates => generated 235 bytes in 10 msecs (HTTP/1.1 404) 5 headers in 202 bytes (1 switches on core 0)
2026-03-19 08:32:36.548 8 INFO placement.requestlog [None req-7b07f841-a678-4a76-9885-efdca3834aa8 45c5f832bdda415bb049d6f9a5fb1c3d 0e3eabc641f0405299fa675b7beb273d - - e9142a31601d46d1a1b29ee3575fa954 e9142a31601d46d1a1b29ee3575fa954] 10.0.0.164 "GET /resource_providers/9af51cc1-c9c1-4535-bd5b-ff7261fcd45f/aggregates" status: 404 len: 235 microversion: 1.1 [pid: 8|app: 0|req: 614/1226] 10.0.0.164 () {32 vars in 816 bytes} [Thu Mar 19 08:32:36 2026] GET /resource_providers/9af51cc1-c9c1-4535-bd5b-ff7261fcd45f/aggregates => generated 235 bytes in 9 msecs (HTTP/1.1 404) 5 headers in 202 bytes (1 switches on core 0)
2026-03-19 08:32:36.569 7 INFO placement.requestlog [None req-23f3ea0e-78e8-49a9-b425-fd523b64f157 45c5f832bdda415bb049d6f9a5fb1c3d 0e3eabc641f0405299fa675b7beb273d - - e9142a31601d46d1a1b29ee3575fa954 e9142a31601d46d1a1b29ee3575fa954] 10.0.0.164 "DELETE /resource_providers/9af51cc1-c9c1-4535-bd5b-ff7261fcd45f" status: 404 len: 246 microversion: 1.1 [pid: 7|app: 0|req: 613/1227] 10.0.0.164 () {34 vars in 816 bytes} [Thu Mar 19 08:32:36 2026] DELETE /resource_providers/9af51cc1-c9c1-4535-bd5b-ff7261fcd45f => generated 246 bytes in 9 msecs (HTTP/1.1 404) 6 headers in 231 bytes (1 switches on core 0)
2026-03-19 08:32:36.572 8 INFO placement.requestlog [None req-9c9b6c24-0f08-45e2-bedd-75e9d08c8689 45c5f832bdda415bb049d6f9a5fb1c3d 0e3eabc641f0405299fa675b7beb273d - - e9142a31601d46d1a1b29ee3575fa954 e9142a31601d46d1a1b29ee3575fa954] 10.0.0.164 "DELETE /resource_providers/9af51cc1-c9c1-4535-bd5b-ff7261fcd45f" status: 404 len: 246 microversion: 1.1 [pid: 8|app: 0|req: 615/1228] 10.0.0.164 () {34 vars in 816 bytes} [Thu Mar 19 08:32:36 2026] DELETE /resource_providers/9af51cc1-c9c1-4535-bd5b-ff7261fcd45f => generated 246 bytes in 10 msecs (HTTP/1.1 404) 6 headers in 231 bytes (1 switches on core 0)
2026-03-19 08:32:36.668 8 INFO placement.requestlog [None req-0cd9a92f-f4b6-407c-b317-79a5d4333ce5 45c5f832bdda415bb049d6f9a5fb1c3d 0e3eabc641f0405299fa675b7beb273d - - e9142a31601d46d1a1b29ee3575fa954 e9142a31601d46d1a1b29ee3575fa954] 10.0.0.164 "GET /resource_providers/3c6809a4-f4ac-4dca-b766-f0cf1d4b0f24/aggregates" status: 404 len: 235 microversion: 1.1
2026-03-19 08:32:36.668 7 INFO placement.requestlog [None req-4bcff3d5-48df-4ee3-961d-5a7c7b0dc511 45c5f832bdda415bb049d6f9a5fb1c3d 0e3eabc641f0405299fa675b7beb273d - - e9142a31601d46d1a1b29ee3575fa954 e9142a31601d46d1a1b29ee3575fa954] 10.0.0.164 "GET /resource_providers/3c6809a4-f4ac-4dca-b766-f0cf1d4b0f24/aggregates" status: 404 len: 235 microversion: 1.1 [pid: 7|app: 0|req: 614/1229] 10.0.0.164 () {32 vars in 816 bytes} [Thu Mar 19 08:32:36 2026] GET /resource_providers/3c6809a4-f4ac-4dca-b766-f0cf1d4b0f24/aggregates => generated 235 bytes in 16 msecs (HTTP/1.1 404) 5 headers in 202 bytes (1 switches on core 0) [pid: 8|app: 0|req: 616/1230] 10.0.0.164 () {32 vars in 816 bytes} [Thu Mar 19 08:32:36 2026] GET /resource_providers/3c6809a4-f4ac-4dca-b766-f0cf1d4b0f24/aggregates => generated 235 bytes in 14 msecs (HTTP/1.1 404) 5 headers in 202 bytes (1 switches on core 0)
2026-03-19 08:32:36.686 7 INFO placement.requestlog [None req-b4358d3c-d666-4221-bb7b-e89af70ab4dc 45c5f832bdda415bb049d6f9a5fb1c3d 0e3eabc641f0405299fa675b7beb273d - - e9142a31601d46d1a1b29ee3575fa954 e9142a31601d46d1a1b29ee3575fa954] 10.0.0.164 "DELETE /resource_providers/3c6809a4-f4ac-4dca-b766-f0cf1d4b0f24" status: 404 len: 246 microversion: 1.1 [pid: 7|app: 0|req: 615/1231] 10.0.0.164 () {34 vars in 816 bytes} [Thu Mar 19 08:32:36 2026] DELETE /resource_providers/3c6809a4-f4ac-4dca-b766-f0cf1d4b0f24 => generated 246 bytes in 7 msecs (HTTP/1.1 404) 6 headers in 231 bytes (1 switches on core 0)
2026-03-19 08:32:36.689 8 INFO placement.requestlog [None req-add2e6c0-d245-4915-a3c9-49498a0cedda 45c5f832bdda415bb049d6f9a5fb1c3d 0e3eabc641f0405299fa675b7beb273d - - e9142a31601d46d1a1b29ee3575fa954 e9142a31601d46d1a1b29ee3575fa954] 10.0.0.164 "DELETE /resource_providers/3c6809a4-f4ac-4dca-b766-f0cf1d4b0f24" status: 404 len: 246 microversion: 1.1 [pid: 8|app: 0|req: 617/1232] 10.0.0.164 () {34 vars in 816 bytes} [Thu Mar 19 08:32:36 2026] DELETE /resource_providers/3c6809a4-f4ac-4dca-b766-f0cf1d4b0f24 => generated 246 bytes in 9 msecs (HTTP/1.1 404) 6 headers in 231 bytes (1 switches on core 0)
2026-03-19 08:32:38.260 7 INFO placement.requestlog [None req-4ea4b16c-e70c-4058-bd72-222f2883e772 - - - - - -] 10.0.0.212 "GET /" status: 200 len: 136 microversion: 1.0
2026-03-19 08:32:38.260 8 INFO placement.requestlog [None req-6e11bdbe-65c0-4c77-a4be-5e10466376f8 - - - - - -] 10.0.0.212 "GET /" status: 200 len: 136 microversion: 1.0
2026-03-19 08:32:48.260 7 INFO placement.requestlog [None req-17365f76-4a7f-441b-8fb8-3a2ac36a5eab - - - - - -] 10.0.0.212 "GET /" status: 200 len: 136 microversion: 1.0
2026-03-19 08:32:48.260 8 INFO placement.requestlog [None req-c0d0ac0e-9282-414d-8c20-35e49206e34b - - - - - -] 10.0.0.212 "GET /" status: 200 len: 136 microversion: 1.0
2026-03-19 08:32:55.285 7 INFO placement.requestlog [None req-1a63e070-9563-4e0e-8bae-a51f0ad47a79 4dc1459707a841c98e4188535c999b88 f8249dbc805c4cb58c90d8cf4b1a0e2a - - default default] 10.0.0.121 "GET /resource_providers" status: 200 len: 406 microversion: 1.0 [pid: 7|app: 0|req: 618/1237] 10.0.0.121 () {28 vars in 593 bytes} [Thu Mar 19 08:32:55 2026] GET /resource_providers => generated 406 bytes in 186 msecs (HTTP/1.1 200) 6 headers in 224 bytes (1 switches on core 0)
2026-03-19 08:32:55.305 8 INFO placement.requestlog [None req-0e96b946-0b28-4ac1-9248-56fba5cf6ad2 4dc1459707a841c98e4188535c999b88 f8249dbc805c4cb58c90d8cf4b1a0e2a - - default default] 10.0.0.121 "GET /resource_providers/00813b7a-1053-4758-95f1-20f6b8f79d98/inventories" status: 200 len: 401 microversion: 1.0 [pid: 8|app: 0|req: 620/1238] 10.0.0.121 () {28 vars in 691 bytes} [Thu Mar 19 08:32:55 2026] GET /resource_providers/00813b7a-1053-4758-95f1-20f6b8f79d98/inventories => generated 401 bytes in 14 msecs (HTTP/1.1 200) 6 headers in 224 bytes (1 switches on core 0)
2026-03-19 08:32:55.327 7 INFO placement.requestlog [None req-64bb0304-c7ef-4420-9781-d7519b91565d 4dc1459707a841c98e4188535c999b88 f8249dbc805c4cb58c90d8cf4b1a0e2a - - default default] 10.0.0.121 "GET /resource_providers/00813b7a-1053-4758-95f1-20f6b8f79d98/usages" status: 200 len: 89 microversion: 1.0 [pid: 7|app: 0|req: 619/1239] 10.0.0.121 () {28 vars in 681 bytes} [Thu Mar 19 08:32:55 2026] GET /resource_providers/00813b7a-1053-4758-95f1-20f6b8f79d98/usages => generated 89 bytes in 18 msecs (HTTP/1.1 200) 6 headers in 223 bytes (1 switches on core 0)
2026-03-19 08:32:58.259 8 INFO placement.requestlog [None req-6eec3e9c-2023-4637-98ea-aa78fbdcd964 - - - - - -] 10.0.0.212 "GET /" status: 200 len: 136 microversion: 1.0
2026-03-19 08:32:58.260 7 INFO placement.requestlog [None req-7d76860a-af87-4f68-b305-f3005b0eb4b8 - - - - - -] 10.0.0.212 "GET /" status: 200 len: 136 microversion: 1.0
2026-03-19 08:33:02.238 8 INFO placement.requestlog [req-ed794543-a14b-4e90-91e6-19d14fd83eca req-7ba597f8-b66a-496f-95f3-c80674c001be 8a243f8e804a45e89c9b76b1a9885b21 0e3eabc641f0405299fa675b7beb273d - - e9142a31601d46d1a1b29ee3575fa954 e9142a31601d46d1a1b29ee3575fa954] 10.0.0.151 "GET /allocation_candidates?limit=1000&resources=DISK_GB%3A1%2CMEMORY_MB%3A512%2CVCPU%3A1&root_required=%21COMPUTE_STATUS_DISABLED" status: 200 len: 2640 microversion: 1.36 [pid: 8|app: 0|req: 622/1242] 10.0.0.151 () {34 vars in 1012 bytes} [Thu Mar 19 08:33:02 2026] GET /allocation_candidates?limit=1000&resources=DISK_GB%3A1%2CMEMORY_MB%3A512%2CVCPU%3A1&root_required=%21COMPUTE_STATUS_DISABLED => generated 2640 bytes in 124 msecs (HTTP/1.1 200) 8 headers in 297 bytes (1 switches on core 0)
2026-03-19 08:33:02.267 7 INFO placement.requestlog [req-ed794543-a14b-4e90-91e6-19d14fd83eca req-2283f5df-47a7-4797-9fe4-4fd31d71572b 8a243f8e804a45e89c9b76b1a9885b21 0e3eabc641f0405299fa675b7beb273d - - e9142a31601d46d1a1b29ee3575fa954 e9142a31601d46d1a1b29ee3575fa954] 10.0.0.151 "GET /allocations/46872d66-fd1f-454c-a45e-94c0a0a20457" status: 200 len: 19 microversion: 1.28 [pid: 7|app: 0|req: 621/1243] 10.0.0.151 () {34 vars in 861 bytes} [Thu Mar 19 08:33:02 2026] GET /allocations/46872d66-fd1f-454c-a45e-94c0a0a20457 => generated 19 bytes in 8 msecs (HTTP/1.1 200) 8 headers in 295 bytes (1 switches on core 0)
2026-03-19 08:33:02.336 8 INFO placement.requestlog [req-ed794543-a14b-4e90-91e6-19d14fd83eca req-baa38f7c-f7f5-4c93-9d7f-d0e11a3faba1 8a243f8e804a45e89c9b76b1a9885b21 0e3eabc641f0405299fa675b7beb273d - - e9142a31601d46d1a1b29ee3575fa954 e9142a31601d46d1a1b29ee3575fa954] 10.0.0.151 "PUT /allocations/46872d66-fd1f-454c-a45e-94c0a0a20457" status: 204 len: 0 microversion: 1.36 [pid: 8|app: 0|req: 623/1244] 10.0.0.151 () {38 vars in 914 bytes} [Thu Mar 19 08:33:02 2026] PUT /allocations/46872d66-fd1f-454c-a45e-94c0a0a20457 => generated 0 bytes in 66 msecs (HTTP/1.1 204) 5 headers in 199 bytes (1 switches on core 0)
2026-03-19 08:33:03.762 7 INFO placement.requestlog [req-ed794543-a14b-4e90-91e6-19d14fd83eca req-f2196757-ee78-4596-bfba-471db4d4ba30 8a243f8e804a45e89c9b76b1a9885b21 0e3eabc641f0405299fa675b7beb273d - - e9142a31601d46d1a1b29ee3575fa954 e9142a31601d46d1a1b29ee3575fa954] 199.204.45.138 "GET /allocations/46872d66-fd1f-454c-a45e-94c0a0a20457" status: 200 len: 258 microversion: 1.28 [pid: 7|app: 0|req: 622/1245] 199.204.45.138 () {34 vars in 863 bytes} [Thu Mar 19 08:33:03 2026] GET /allocations/46872d66-fd1f-454c-a45e-94c0a0a20457 => generated 258 bytes in 11 msecs (HTTP/1.1 200) 8 headers in 296 bytes (1 switches on core 0)
2026-03-19 08:33:04.804 8 INFO placement.requestlog [req-ed794543-a14b-4e90-91e6-19d14fd83eca req-425d0dd2-e549-42f9-bc64-c7ba8f6288f6 8a243f8e804a45e89c9b76b1a9885b21 0e3eabc641f0405299fa675b7beb273d - - e9142a31601d46d1a1b29ee3575fa954 e9142a31601d46d1a1b29ee3575fa954] 199.204.45.138 "GET /resource_providers/00813b7a-1053-4758-95f1-20f6b8f79d98/allocations" status: 200 len: 153 microversion: 1.0 [pid: 8|app: 0|req: 624/1246] 199.204.45.138 () {32 vars in 857 bytes} [Thu Mar 19 08:33:04 2026] GET /resource_providers/00813b7a-1053-4758-95f1-20f6b8f79d98/allocations => generated 153 bytes in 15 msecs (HTTP/1.1 200) 6 headers in 224 bytes (1 switches on core 0)
2026-03-19 08:33:04.820 7 INFO placement.requestlog [req-ed794543-a14b-4e90-91e6-19d14fd83eca req-7226a6c9-7015-4867-822b-a702bc3aa2a3 8a243f8e804a45e89c9b76b1a9885b21 0e3eabc641f0405299fa675b7beb273d - - e9142a31601d46d1a1b29ee3575fa954 e9142a31601d46d1a1b29ee3575fa954] 199.204.45.138 "GET /allocations/46872d66-fd1f-454c-a45e-94c0a0a20457" status: 200 len: 258 microversion: 1.28 [pid: 7|app: 0|req: 623/1247] 199.204.45.138 () {34 vars in 863 bytes} [Thu Mar 19 08:33:04 2026] GET /allocations/46872d66-fd1f-454c-a45e-94c0a0a20457 => generated 258 bytes in 12 msecs (HTTP/1.1 200) 8 headers in 296 bytes (1 switches on core 0)
2026-03-19 08:33:08.259 7 INFO placement.requestlog [None req-e4efb5b7-2a10-48d8-8439-9b6c523cb19c - - - - - -] 10.0.0.212 "GET /" status: 200 len: 136 microversion: 1.0
2026-03-19 08:33:08.259 8 INFO placement.requestlog [None req-4147fa5a-5fb9-4e6e-baaf-50b5e3412a17 - - - - - -] 10.0.0.212 "GET /" status: 200 len: 136 microversion: 1.0
2026-03-19 08:33:18.259 7 INFO placement.requestlog [None req-6503240d-ef4b-42dd-843d-660958c5b3e1 - - - - - -] 10.0.0.212 "GET /" status: 200 len: 136 microversion: 1.0
2026-03-19 08:33:18.259 8 INFO placement.requestlog [None req-2cefc183-4272-40f3-b6d1-2d84f759f986 - - - - - -] 10.0.0.212 "GET /" status: 200 len: 136 microversion: 1.0
2026-03-19 08:33:19.716 7 INFO placement.requestlog [req-224bae22-bae0-46ad-9ea1-4810f7f9f263 req-5ad272da-3d51-4c03-9c3a-0fba464dcc7f 8a243f8e804a45e89c9b76b1a9885b21 0e3eabc641f0405299fa675b7beb273d - - e9142a31601d46d1a1b29ee3575fa954 e9142a31601d46d1a1b29ee3575fa954] 10.0.0.151 "GET /allocation_candidates?limit=1000&resources=DISK_GB%3A1%2CMEMORY_MB%3A512%2CVCPU%3A1&root_required=%21COMPUTE_STATUS_DISABLED" status: 200 len: 2642 microversion: 1.36 [pid: 7|app: 0|req: 626/1252] 10.0.0.151 () {34 vars in 1012 bytes} [Thu Mar 19 08:33:19 2026] GET /allocation_candidates?limit=1000&resources=DISK_GB%3A1%2CMEMORY_MB%3A512%2CVCPU%3A1&root_required=%21COMPUTE_STATUS_DISABLED => generated 2642 bytes in 42 msecs (HTTP/1.1 200) 8 headers in 297 bytes (1 switches on core 0)
2026-03-19 08:33:19.750 8 INFO placement.requestlog [req-224bae22-bae0-46ad-9ea1-4810f7f9f263 req-b89aea37-b3a5-46a2-a42b-8aa93c13b2e9 8a243f8e804a45e89c9b76b1a9885b21 0e3eabc641f0405299fa675b7beb273d - - e9142a31601d46d1a1b29ee3575fa954 e9142a31601d46d1a1b29ee3575fa954] 10.0.0.151 "GET /allocations/cb4b7e9f-2d04-45c3-a192-97b8a9d32c2f" status: 200 len: 19 microversion: 1.28 [pid: 8|app: 0|req: 627/1253] 10.0.0.151 () {34 vars in 861 bytes} [Thu Mar 19 08:33:19 2026] GET /allocations/cb4b7e9f-2d04-45c3-a192-97b8a9d32c2f => generated 19 bytes in 13 msecs (HTTP/1.1 200) 8 headers in 295 bytes (1 switches on core 0)
2026-03-19 08:33:19.805 7 INFO placement.requestlog [req-224bae22-bae0-46ad-9ea1-4810f7f9f263 req-0ba44144-c12e-42d4-ae09-2ca3dfd31378 8a243f8e804a45e89c9b76b1a9885b21 0e3eabc641f0405299fa675b7beb273d - - e9142a31601d46d1a1b29ee3575fa954 e9142a31601d46d1a1b29ee3575fa954] 10.0.0.151 "PUT /allocations/cb4b7e9f-2d04-45c3-a192-97b8a9d32c2f" status: 204 len: 0 microversion: 1.36 [pid: 7|app: 0|req: 627/1254] 10.0.0.151 () {38 vars in 914 bytes} [Thu Mar 19 08:33:19 2026] PUT /allocations/cb4b7e9f-2d04-45c3-a192-97b8a9d32c2f => generated 0 bytes in 49 msecs (HTTP/1.1 204) 5 headers in 199 bytes (1 switches on core 0)
2026-03-19 08:33:21.343 8 INFO placement.requestlog [req-224bae22-bae0-46ad-9ea1-4810f7f9f263 req-a27ffcd4-5e9d-43fc-a54d-d1c6fb5e0275 8a243f8e804a45e89c9b76b1a9885b21 0e3eabc641f0405299fa675b7beb273d - - e9142a31601d46d1a1b29ee3575fa954 e9142a31601d46d1a1b29ee3575fa954] 199.204.45.138 "GET /allocations/cb4b7e9f-2d04-45c3-a192-97b8a9d32c2f" status: 200 len: 258 microversion: 1.28 [pid: 8|app: 0|req: 628/1255] 199.204.45.138 () {34 vars in 863 bytes} [Thu Mar 19 08:33:21 2026] GET /allocations/cb4b7e9f-2d04-45c3-a192-97b8a9d32c2f => generated 258 bytes in 14 msecs (HTTP/1.1 200) 8 headers in 296 bytes (1 switches on core 0)
2026-03-19 08:33:22.388 7 INFO placement.requestlog [req-224bae22-bae0-46ad-9ea1-4810f7f9f263 req-e9e8eebe-c329-4cbb-a488-73c372198928 8a243f8e804a45e89c9b76b1a9885b21 0e3eabc641f0405299fa675b7beb273d - - e9142a31601d46d1a1b29ee3575fa954 e9142a31601d46d1a1b29ee3575fa954] 199.204.45.138 "GET /resource_providers/00813b7a-1053-4758-95f1-20f6b8f79d98/allocations" status: 200 len: 253 microversion: 1.0 [pid: 7|app: 0|req: 628/1256] 199.204.45.138 () {32 vars in 857 bytes} [Thu Mar 19 08:33:22 2026] GET /resource_providers/00813b7a-1053-4758-95f1-20f6b8f79d98/allocations => generated 253 bytes in 22 msecs (HTTP/1.1 200) 6 headers in 224 bytes (1 switches on core 0)
2026-03-19 08:33:22.409 8 INFO placement.requestlog [req-224bae22-bae0-46ad-9ea1-4810f7f9f263 req-72a50b8e-5d63-4aa4-83f2-b0fc2729fabb 8a243f8e804a45e89c9b76b1a9885b21 0e3eabc641f0405299fa675b7beb273d - - e9142a31601d46d1a1b29ee3575fa954 e9142a31601d46d1a1b29ee3575fa954] 199.204.45.138 "GET /allocations/cb4b7e9f-2d04-45c3-a192-97b8a9d32c2f" status: 200 len: 258 microversion: 1.28 [pid: 8|app: 0|req: 629/1257] 199.204.45.138 () {34 vars in 863 bytes} [Thu Mar 19 08:33:22 2026] GET /allocations/cb4b7e9f-2d04-45c3-a192-97b8a9d32c2f => generated 258 bytes in 11 msecs (HTTP/1.1 200) 8 headers in 296 bytes (1 switches on core 0)
2026-03-19 08:33:22.427 7 INFO placement.requestlog [req-224bae22-bae0-46ad-9ea1-4810f7f9f263 req-406654e5-90d1-41e6-974a-b603e279e5c0 8a243f8e804a45e89c9b76b1a9885b21 0e3eabc641f0405299fa675b7beb273d - - e9142a31601d46d1a1b29ee3575fa954 e9142a31601d46d1a1b29ee3575fa954] 199.204.45.138 "GET /allocations/46872d66-fd1f-454c-a45e-94c0a0a20457" status: 200 len: 258 microversion: 1.28 [pid: 7|app: 0|req: 629/1258] 199.204.45.138 () {34 vars in 863 bytes} [Thu Mar 19 08:33:22 2026] GET /allocations/46872d66-fd1f-454c-a45e-94c0a0a20457 => generated 258 bytes in 13 msecs (HTTP/1.1 200) 8 headers in 296 bytes (1 switches on core 0)
2026-03-19 08:33:28.259 8 INFO placement.requestlog [None req-26f588b7-d1d5-441f-aad1-09ff47e4087b - - - - - -] 10.0.0.212 "GET /" status: 200 len: 136 microversion: 1.0
2026-03-19 08:33:28.259 7 INFO placement.requestlog [None req-d894daba-06ca-48b8-b378-f77003a80403 - - - - - -] 10.0.0.212 "GET /" status: 200 len: 136 microversion: 1.0
2026-03-19 08:33:36.160 8 INFO placement.requestlog [req-e27ceb34-2150-4308-9a9b-2ae574530082 req-6308958a-0ae6-4569-bbcb-02f6dd5bc176 8a243f8e804a45e89c9b76b1a9885b21 0e3eabc641f0405299fa675b7beb273d - - e9142a31601d46d1a1b29ee3575fa954 e9142a31601d46d1a1b29ee3575fa954] 199.204.45.138 "GET /resource_providers/00813b7a-1053-4758-95f1-20f6b8f79d98/allocations" status: 200 len: 253 microversion: 1.0 [pid: 8|app: 0|req: 631/1261] 199.204.45.138 () {32 vars in 857 bytes} [Thu Mar 19 08:33:36 2026] GET /resource_providers/00813b7a-1053-4758-95f1-20f6b8f79d98/allocations => generated 253 bytes in 18 msecs (HTTP/1.1 200) 6 headers in 224 bytes (1 switches on core 0)
2026-03-19 08:33:36.184 7 INFO placement.requestlog [req-e27ceb34-2150-4308-9a9b-2ae574530082 req-b94c99f9-ea1a-404d-b462-e8e2ec851337 8a243f8e804a45e89c9b76b1a9885b21 0e3eabc641f0405299fa675b7beb273d - - e9142a31601d46d1a1b29ee3575fa954 e9142a31601d46d1a1b29ee3575fa954] 199.204.45.138 "GET /resource_providers/00813b7a-1053-4758-95f1-20f6b8f79d98/allocations" status: 200 len: 253 microversion: 1.0 [pid: 7|app: 0|req: 631/1262] 199.204.45.138 () {32 vars in 857 bytes} [Thu Mar 19 08:33:36 2026] GET /resource_providers/00813b7a-1053-4758-95f1-20f6b8f79d98/allocations => generated 253 bytes in 17 msecs (HTTP/1.1 200) 6 headers in 224 bytes (1 switches on core 0)
2026-03-19 08:33:36.202 8 INFO placement.requestlog [req-e27ceb34-2150-4308-9a9b-2ae574530082 req-6112bbb6-33db-435e-bf49-26d77f269218 8a243f8e804a45e89c9b76b1a9885b21 0e3eabc641f0405299fa675b7beb273d - - e9142a31601d46d1a1b29ee3575fa954 e9142a31601d46d1a1b29ee3575fa954] 199.204.45.138 "GET /allocations/cb4b7e9f-2d04-45c3-a192-97b8a9d32c2f" status: 200 len: 258 microversion: 1.28 [pid: 8|app: 0|req: 632/1263] 199.204.45.138 () {34 vars in 863 bytes} [Thu Mar 19 08:33:36 2026] GET /allocations/cb4b7e9f-2d04-45c3-a192-97b8a9d32c2f => generated 258 bytes in 11 msecs (HTTP/1.1 200) 8 headers in 296 bytes (1 switches on core 0)
2026-03-19 08:33:36.225 7 INFO placement.requestlog [req-e27ceb34-2150-4308-9a9b-2ae574530082 req-3ffc7072-960b-4762-a01b-71d4430865b5 8a243f8e804a45e89c9b76b1a9885b21 0e3eabc641f0405299fa675b7beb273d - - e9142a31601d46d1a1b29ee3575fa954 e9142a31601d46d1a1b29ee3575fa954] 199.204.45.138 "GET /allocations/46872d66-fd1f-454c-a45e-94c0a0a20457" status: 200 len: 258 microversion: 1.28 [pid: 7|app: 0|req: 632/1264] 199.204.45.138 () {34 vars in 863 bytes} [Thu Mar 19 08:33:36 2026] GET /allocations/46872d66-fd1f-454c-a45e-94c0a0a20457 => generated 258 bytes in 15 msecs (HTTP/1.1 200) 8 headers in 296 bytes (1 switches on core 0)
2026-03-19 08:33:38.262 8 INFO placement.requestlog [None req-25d9f452-4140-4d4f-98b9-091fadbf6c64 - - - - - -] 10.0.0.212 "GET /" status: 200 len: 136 microversion: 1.0
2026-03-19 08:33:38.263 7 INFO placement.requestlog [None req-39ab8f54-4582-4195-8cf1-e756274f9cce - - - - - -] 10.0.0.212 "GET /" status: 200 len: 136 microversion: 1.0
2026-03-19 08:33:48.260 7 INFO placement.requestlog [None req-b2c14973-44b0-429e-af7d-58da68237177 - - - - - -] 10.0.0.212 "GET /" status: 200 len: 136 microversion: 1.0
2026-03-19 08:33:48.260 8 INFO placement.requestlog [None req-c6d80ba1-254d-4236-88a2-76d0a1e14e6e - - - - - -] 10.0.0.212 "GET /" status: 200 len: 136 microversion: 1.0
2026-03-19 08:33:55.178 7 INFO placement.requestlog [None req-dcc5e403-d88b-4b10-9b16-d8a951f42cfc 4dc1459707a841c98e4188535c999b88 f8249dbc805c4cb58c90d8cf4b1a0e2a - - default default] 10.0.0.121 "GET /resource_providers" status: 200 len: 406 microversion: 1.0 [pid: 7|app: 0|req: 635/1269] 10.0.0.121 () {28 vars in 593 bytes} [Thu Mar 19 08:33:55 2026] GET /resource_providers => generated 406 bytes in 41 msecs (HTTP/1.1 200) 6 headers in 224 bytes (1 switches on core 0)
2026-03-19 08:33:55.200 8 INFO placement.requestlog [None req-7239bb4e-2850-441f-aeda-efdb0670a59d 4dc1459707a841c98e4188535c999b88 f8249dbc805c4cb58c90d8cf4b1a0e2a - - default default] 10.0.0.121 "GET /resource_providers/00813b7a-1053-4758-95f1-20f6b8f79d98/inventories" status: 200 len: 401 microversion: 1.0 [pid: 8|app: 0|req: 635/1270] 10.0.0.121 () {28 vars in 691 bytes} [Thu Mar 19 08:33:55 2026] GET /resource_providers/00813b7a-1053-4758-95f1-20f6b8f79d98/inventories => generated 401 bytes in 18 msecs (HTTP/1.1 200) 6 headers in 224 bytes (1 switches on core 0)
2026-03-19 08:33:55.221 7 INFO placement.requestlog [None req-7c8831d0-accc-4a1d-b4cf-e7114a5d6c00 4dc1459707a841c98e4188535c999b88 f8249dbc805c4cb58c90d8cf4b1a0e2a - - default default] 10.0.0.121 "GET /resource_providers/00813b7a-1053-4758-95f1-20f6b8f79d98/usages" status: 200 len: 92 microversion: 1.0 [pid: 7|app: 0|req: 636/1271] 10.0.0.121 () {28 vars in 681 bytes} [Thu Mar 19 08:33:55 2026] GET /resource_providers/00813b7a-1053-4758-95f1-20f6b8f79d98/usages => generated 92 bytes in 15 msecs (HTTP/1.1 200) 6 headers in 223 bytes (1 switches on core 0)
2026-03-19 08:33:58.260 8 INFO placement.requestlog [None req-6950bee2-c3be-4ccf-9395-52d374544b9f - - - - - -] 10.0.0.212 "GET /" status: 200 len: 136 microversion: 1.0
2026-03-19 08:33:58.260 7 INFO placement.requestlog [None req-95d0d3f1-b2bc-48a6-a718-1591347e28b0 - - - - - -] 10.0.0.212 "GET /" status: 200 len: 136 microversion: 1.0
2026-03-19 08:34:08.259 7 INFO placement.requestlog [None req-2dccc151-9ce1-4790-a065-b386f06be6a7 - - - - - -] 10.0.0.212 "GET /" status: 200 len: 136 microversion: 1.0
2026-03-19 08:34:08.259 8 INFO placement.requestlog [None req-7d75d13d-4a35-43e1-8ceb-d716b5234fb8 - - - - - -] 10.0.0.212 "GET /" status: 200 len: 136 microversion: 1.0
2026-03-19 08:34:12.105 7 INFO placement.requestlog [req-bdd3a9fa-2224-410c-b97f-f844e09ba7c8 req-f43ea65b-85cc-4100-919e-508d00652247 8a243f8e804a45e89c9b76b1a9885b21 0e3eabc641f0405299fa675b7beb273d - - e9142a31601d46d1a1b29ee3575fa954 e9142a31601d46d1a1b29ee3575fa954] 10.0.0.151 "GET /allocation_candidates?limit=1000&resources=MEMORY_MB%3A2048%2CVCPU%3A2&root_required=%21COMPUTE_STATUS_DISABLED" status: 200 len: 2630 microversion: 1.36 [pid: 7|app: 0|req: 639/1276] 10.0.0.151 () {34 vars in 986 bytes} [Thu Mar 19 08:34:12 2026] GET /allocation_candidates?limit=1000&resources=MEMORY_MB%3A2048%2CVCPU%3A2&root_required=%21COMPUTE_STATUS_DISABLED => generated 2630 bytes in 42 msecs (HTTP/1.1 200) 8 headers in 297 bytes (1 switches on core 0)
2026-03-19 08:34:12.134 8 INFO placement.requestlog [req-bdd3a9fa-2224-410c-b97f-f844e09ba7c8 req-0a3e9c75-752a-4c2d-a590-81af63e65c0d 8a243f8e804a45e89c9b76b1a9885b21 0e3eabc641f0405299fa675b7beb273d - - e9142a31601d46d1a1b29ee3575fa954 e9142a31601d46d1a1b29ee3575fa954] 10.0.0.151 "GET /allocations/116a6a7f-9b0c-465a-9a82-ff05ee3ca836" status: 200 len: 19 microversion: 1.28 [pid: 8|app: 0|req: 638/1277] 10.0.0.151 () {34 vars in 861 bytes} [Thu Mar 19 08:34:12 2026] GET /allocations/116a6a7f-9b0c-465a-9a82-ff05ee3ca836 => generated 19 bytes in 11 msecs (HTTP/1.1 200) 8 headers in 295 bytes (1 switches on core 0)
2026-03-19 08:34:12.200 7 INFO placement.requestlog [req-bdd3a9fa-2224-410c-b97f-f844e09ba7c8 req-25501a36-b17d-436e-83e4-03a2441fe744 8a243f8e804a45e89c9b76b1a9885b21 0e3eabc641f0405299fa675b7beb273d - - e9142a31601d46d1a1b29ee3575fa954 e9142a31601d46d1a1b29ee3575fa954] 10.0.0.151 "PUT /allocations/116a6a7f-9b0c-465a-9a82-ff05ee3ca836" status: 204 len: 0 microversion: 1.36 [pid: 7|app: 0|req: 640/1278] 10.0.0.151 () {38 vars in 914 bytes} [Thu Mar 19 08:34:12 2026] PUT /allocations/116a6a7f-9b0c-465a-9a82-ff05ee3ca836 => generated 0 bytes in 59 msecs (HTTP/1.1 204) 5 headers in 199 bytes (1 switches on core 0)
2026-03-19 08:34:13.718 8 INFO placement.requestlog [req-bdd3a9fa-2224-410c-b97f-f844e09ba7c8 req-1e410a8f-7b58-4b67-9cd2-68d93b6c4f97 8a243f8e804a45e89c9b76b1a9885b21 0e3eabc641f0405299fa675b7beb273d - - e9142a31601d46d1a1b29ee3575fa954 e9142a31601d46d1a1b29ee3575fa954] 199.204.45.138 "GET /allocations/116a6a7f-9b0c-465a-9a82-ff05ee3ca836" status: 200 len: 245 microversion: 1.28 [pid: 8|app: 0|req: 639/1279] 199.204.45.138 () {34 vars in 863 bytes} [Thu Mar 19 08:34:13 2026] GET /allocations/116a6a7f-9b0c-465a-9a82-ff05ee3ca836 => generated 245 bytes in 14 msecs (HTTP/1.1 200) 8 headers in 296 bytes (1 switches on core 0)
2026-03-19 08:34:14.762 7 INFO placement.requestlog [req-bdd3a9fa-2224-410c-b97f-f844e09ba7c8 req-4c25367d-382b-4bf4-819b-0f3c0a8eed0c 8a243f8e804a45e89c9b76b1a9885b21 0e3eabc641f0405299fa675b7beb273d - - e9142a31601d46d1a1b29ee3575fa954 e9142a31601d46d1a1b29ee3575fa954] 199.204.45.138 "GET /resource_providers/00813b7a-1053-4758-95f1-20f6b8f79d98/allocations" status: 200 len: 340 microversion: 1.0 [pid: 7|app: 0|req: 641/1280] 199.204.45.138 () {32 vars in 857 bytes} [Thu Mar 19 08:34:14 2026] GET /resource_providers/00813b7a-1053-4758-95f1-20f6b8f79d98/allocations => generated 340 bytes in 17 msecs (HTTP/1.1 200) 6 headers in 224 bytes (1 switches on core 0)
2026-03-19 08:34:14.778 8 INFO placement.requestlog [req-bdd3a9fa-2224-410c-b97f-f844e09ba7c8 req-52c35871-aff5-4666-8691-fc940db5953b 8a243f8e804a45e89c9b76b1a9885b21 0e3eabc641f0405299fa675b7beb273d - - e9142a31601d46d1a1b29ee3575fa954 e9142a31601d46d1a1b29ee3575fa954] 199.204.45.138 "GET /allocations/cb4b7e9f-2d04-45c3-a192-97b8a9d32c2f" status: 200 len: 258 microversion: 1.28 [pid: 8|app: 0|req: 640/1281] 199.204.45.138 () {34 vars in 863 bytes} [Thu Mar 19 08:34:14 2026] GET /allocations/cb4b7e9f-2d04-45c3-a192-97b8a9d32c2f => generated 258 bytes in 10 msecs (HTTP/1.1 200) 8 headers in 296 bytes (1 switches on core 0)
2026-03-19 08:34:14.796 7 INFO placement.requestlog [req-bdd3a9fa-2224-410c-b97f-f844e09ba7c8 req-12e9852e-8718-44bf-be96-fcc0d436fe91 8a243f8e804a45e89c9b76b1a9885b21 0e3eabc641f0405299fa675b7beb273d - - e9142a31601d46d1a1b29ee3575fa954 e9142a31601d46d1a1b29ee3575fa954] 199.204.45.138 "GET /allocations/116a6a7f-9b0c-465a-9a82-ff05ee3ca836" status: 200 len: 245 microversion: 1.28 [pid: 7|app: 0|req: 642/1282] 199.204.45.138 () {34 vars in 863 bytes} [Thu Mar 19 08:34:14 2026] GET /allocations/116a6a7f-9b0c-465a-9a82-ff05ee3ca836 => generated 245 bytes in 13 msecs (HTTP/1.1 200) 8 headers in 296 bytes (1 switches on core 0)
2026-03-19 08:34:14.814 8 INFO placement.requestlog [req-bdd3a9fa-2224-410c-b97f-f844e09ba7c8 req-1f66f26d-c589-4afb-92b3-6c291599f643 8a243f8e804a45e89c9b76b1a9885b21 0e3eabc641f0405299fa675b7beb273d - - e9142a31601d46d1a1b29ee3575fa954 e9142a31601d46d1a1b29ee3575fa954] 199.204.45.138 "GET /allocations/46872d66-fd1f-454c-a45e-94c0a0a20457" status: 200 len: 258 microversion: 1.28 [pid: 8|app: 0|req: 641/1283] 199.204.45.138 () {34 vars in 863 bytes} [Thu Mar 19 08:34:14 2026] GET /allocations/46872d66-fd1f-454c-a45e-94c0a0a20457 => generated 258 bytes in 12 msecs (HTTP/1.1 200) 8 headers in 296 bytes (1 switches on core 0)
2026-03-19 08:34:18.259 8 INFO placement.requestlog [None req-c88904aa-1628-4f90-bc91-fa738978a979 - - - - - -] 10.0.0.212 "GET /" status: 200 len: 136 microversion: 1.0
2026-03-19 08:34:18.259 7 INFO placement.requestlog [None req-6b2d42d9-07d2-4ca8-8da3-100754d51e1a - - - - - -] 10.0.0.212 "GET /" status: 200 len: 136 microversion: 1.0
2026-03-19 08:34:28.260 7 INFO placement.requestlog [None req-a1597ad9-77d4-4b42-aed9-ec4d6c532f2f - - - - - -] 10.0.0.212 "GET /" status: 200 len: 136 microversion: 1.0
2026-03-19 08:34:28.260 8 INFO placement.requestlog [None req-4894152d-b147-481f-acd9-f046c2bf28ec - - - - - -] 10.0.0.212 "GET /" status: 200 len: 136 microversion: 1.0
2026-03-19 08:34:36.291 7 INFO placement.requestlog [req-1414ff1f-b4bc-4085-81c8-459aae54d5a9 req-09bd9f71-4cb9-4fa5-8e47-3147ae3140f3 8a243f8e804a45e89c9b76b1a9885b21 0e3eabc641f0405299fa675b7beb273d - - e9142a31601d46d1a1b29ee3575fa954 e9142a31601d46d1a1b29ee3575fa954] 199.204.45.138 "GET /resource_providers/00813b7a-1053-4758-95f1-20f6b8f79d98/allocations" status: 200 len: 340 microversion: 1.0 [pid: 7|app: 0|req: 645/1288] 199.204.45.138 () {32 vars in 857 bytes} [Thu Mar 19 08:34:36 2026] GET /resource_providers/00813b7a-1053-4758-95f1-20f6b8f79d98/allocations => generated 340 bytes in 18 msecs (HTTP/1.1 200) 6 headers in 224 bytes (1 switches on core 0)
2026-03-19 08:34:36.314 8 INFO placement.requestlog [req-1414ff1f-b4bc-4085-81c8-459aae54d5a9 req-34c933d6-8f12-4942-9cec-5a5f25e48014 8a243f8e804a45e89c9b76b1a9885b21 0e3eabc641f0405299fa675b7beb273d - - e9142a31601d46d1a1b29ee3575fa954 e9142a31601d46d1a1b29ee3575fa954] 199.204.45.138 "GET /resource_providers/00813b7a-1053-4758-95f1-20f6b8f79d98/allocations" status: 200 len: 340 microversion: 1.0 [pid: 8|app: 0|req: 644/1289] 199.204.45.138 () {32 vars in 857 bytes} [Thu Mar 19 08:34:36 2026] GET /resource_providers/00813b7a-1053-4758-95f1-20f6b8f79d98/allocations => generated 340 bytes in 15 msecs (HTTP/1.1 200) 6 headers in 224 bytes (1 switches on core 0)
2026-03-19 08:34:36.329 7 INFO placement.requestlog [req-1414ff1f-b4bc-4085-81c8-459aae54d5a9 req-74b7460e-6f89-437c-b290-703a1ffd271f 8a243f8e804a45e89c9b76b1a9885b21 0e3eabc641f0405299fa675b7beb273d - - e9142a31601d46d1a1b29ee3575fa954 e9142a31601d46d1a1b29ee3575fa954] 199.204.45.138 "GET /allocations/cb4b7e9f-2d04-45c3-a192-97b8a9d32c2f" status: 200 len: 258 microversion: 1.28 [pid: 7|app: 0|req: 646/1290] 199.204.45.138 () {34 vars in 863 bytes} [Thu Mar 19 08:34:36 2026] GET /allocations/cb4b7e9f-2d04-45c3-a192-97b8a9d32c2f => generated 258 bytes in 11 msecs (HTTP/1.1 200) 8 headers in 296 bytes (1 switches on core 0)
2026-03-19 08:34:36.356 8 INFO placement.requestlog [req-1414ff1f-b4bc-4085-81c8-459aae54d5a9 req-f7f4c00a-427c-45bf-81ff-ef18fe9cb1b1 8a243f8e804a45e89c9b76b1a9885b21 0e3eabc641f0405299fa675b7beb273d - - e9142a31601d46d1a1b29ee3575fa954 e9142a31601d46d1a1b29ee3575fa954] 199.204.45.138 "GET /allocations/116a6a7f-9b0c-465a-9a82-ff05ee3ca836" status: 200 len: 245 microversion: 1.28 [pid: 8|app: 0|req: 645/1291] 199.204.45.138 () {34 vars in 863 bytes} [Thu Mar 19 08:34:36 2026] GET /allocations/116a6a7f-9b0c-465a-9a82-ff05ee3ca836 => generated 245 bytes in 17 msecs (HTTP/1.1 200) 8 headers in 296 bytes (1 switches on core 0)
2026-03-19 08:34:36.375 7 INFO placement.requestlog [req-1414ff1f-b4bc-4085-81c8-459aae54d5a9 req-ed0dcc7e-d596-4fd6-a35e-071b53857a6f 8a243f8e804a45e89c9b76b1a9885b21 0e3eabc641f0405299fa675b7beb273d - - e9142a31601d46d1a1b29ee3575fa954 e9142a31601d46d1a1b29ee3575fa954] 199.204.45.138 "GET /allocations/46872d66-fd1f-454c-a45e-94c0a0a20457" status: 200 len: 258 microversion: 1.28 [pid: 7|app: 0|req: 647/1292] 199.204.45.138 () {34 vars in 863 bytes} [Thu Mar 19 08:34:36 2026] GET /allocations/46872d66-fd1f-454c-a45e-94c0a0a20457 => generated 258 bytes in 12 msecs (HTTP/1.1 200) 8 headers in 296 bytes (1 switches on core 0)
2026-03-19 08:34:38.260 8 INFO placement.requestlog [None req-ecef10bb-437f-4b17-a71e-0c5bc444ab36 - - - - - -] 10.0.0.212 "GET /" status: 200 len: 136 microversion: 1.0
2026-03-19 08:34:38.261 7 INFO placement.requestlog [None req-cc461c82-3152-4a41-b4d0-805cf86ecd5c - - - - - -] 10.0.0.212 "GET /" status: 200 len: 136 microversion: 1.0
2026-03-19 08:34:48.259 8 INFO placement.requestlog [None req-4dfda3c7-b151-4407-8dd5-25e5fc5bc49e - - - - - -] 10.0.0.212 "GET /" status: 200 len: 136 microversion: 1.0
2026-03-19 08:34:48.259 7 INFO placement.requestlog [None req-b1c74e93-8615-4269-a7e5-a88c72050934 - - - - - -] 10.0.0.212 "GET /" status: 200 len: 136 microversion: 1.0
2026-03-19 08:34:55.113 7 INFO placement.requestlog [None req-8d6f0829-329d-4caa-9815-36a4820c9771 4dc1459707a841c98e4188535c999b88 f8249dbc805c4cb58c90d8cf4b1a0e2a - - default default] 10.0.0.121 "GET /resource_providers" status: 200 len: 406 microversion: 1.0 [pid: 7|app: 0|req: 650/1297] 10.0.0.121 () {28 vars in 593 bytes} [Thu Mar 19 08:34:55 2026] GET /resource_providers => generated 406 bytes in 87 msecs (HTTP/1.1 200) 6 headers in 224 bytes (1 switches on core 0)
2026-03-19 08:34:55.140 8 INFO placement.requestlog [None req-a96096f4-3714-42b9-87e6-81ab38500cb5 4dc1459707a841c98e4188535c999b88 f8249dbc805c4cb58c90d8cf4b1a0e2a - - default default] 10.0.0.121 "GET /resource_providers/00813b7a-1053-4758-95f1-20f6b8f79d98/inventories" status: 200 len: 401 microversion: 1.0 [pid: 8|app: 0|req: 648/1298] 10.0.0.121 () {28 vars in 691 bytes} [Thu Mar 19 08:34:55 2026] GET /resource_providers/00813b7a-1053-4758-95f1-20f6b8f79d98/inventories => generated 401 bytes in 18 msecs (HTTP/1.1 200) 6 headers in 224 bytes (1 switches on core 0)
