+ COMMAND=start + start + for KEYSTONE_WSGI_SCRIPT in keystone-wsgi-public ++ type -p keystone-wsgi-public + cp -a /var/lib/openstack/bin/keystone-wsgi-public /var/www/cgi-bin/keystone/ + '[' -f /etc/apache2/envvars ']' + source /etc/apache2/envvars ++ unset HOME ++ '[' '' '!=' '' ']' ++ SUFFIX= ++ export APACHE_RUN_USER=www-data ++ APACHE_RUN_USER=www-data ++ export APACHE_RUN_GROUP=www-data ++ APACHE_RUN_GROUP=www-data ++ export APACHE_PID_FILE=/var/run/apache2/apache2.pid ++ APACHE_PID_FILE=/var/run/apache2/apache2.pid ++ export APACHE_RUN_DIR=/var/run/apache2 ++ APACHE_RUN_DIR=/var/run/apache2 ++ export APACHE_LOCK_DIR=/var/lock/apache2 ++ APACHE_LOCK_DIR=/var/lock/apache2 ++ export APACHE_LOG_DIR=/var/log/apache2 ++ APACHE_LOG_DIR=/var/log/apache2 ++ export LANG=C ++ LANG=C ++ export LANG + '[' -f /var/run/apache2/apache2.pid ']' + exec apache2 -DFOREGROUND AH00558: apache2: Could not reliably determine the server's fully qualified domain name, using 10.0.0.172. Set the 'ServerName' directive globally to suppress this message AH00558: apache2: Could not reliably determine the server's fully qualified domain name, using 10.0.0.172. Set the 'ServerName' directive globally to suppress this message
[Mon Aug 31 07:44:15.907475 2026] [mpm_event:notice] [pid 1:tid 140464864229248] AH00489: Apache/2.4.58 (Ubuntu) mod_wsgi/5.0.0 Python/3.12 configured -- resuming normal operations
[Mon Aug 31 07:44:15.907739 2026] [core:notice] [pid 1:tid 140464864229248] AH00094: Command line: 'apache2 -D FOREGROUND'
[Mon Aug 31 07:45:11.598036 2026] [wsgi:error] [pid 10:tid 140464227456704] /var/lib/openstack/lib/python3.12/site-packages/oslo_utils/importutils.py:77: EventletDeprecationWarning:
[Mon Aug 31 07:45:11.598101 2026] [wsgi:error] [pid 10:tid 140464227456704] Eventlet is deprecated. It is currently being maintained in bugfix mode, and
[Mon Aug 31 07:45:11.598103 2026] [wsgi:error] [pid 10:tid 140464227456704] we strongly recommend against using it for new projects.
[Mon Aug 31 07:45:11.598104 2026] [wsgi:error] [pid 10:tid 140464227456704]
[Mon Aug 31 07:45:11.598105 2026] [wsgi:error] [pid 10:tid 140464227456704] If you are already using Eventlet, we recommend migrating to a different
[Mon Aug 31 07:45:11.598106 2026] [wsgi:error] [pid 10:tid 140464227456704] framework. For more detail see
[Mon Aug 31 07:45:11.598107 2026] [wsgi:error] [pid 10:tid 140464227456704] https://eventlet.readthedocs.io/en/latest/asyncio/migration.html
[Mon Aug 31 07:45:11.598108 2026] [wsgi:error] [pid 10:tid 140464227456704]
[Mon Aug 31 07:45:11.598109 2026] [wsgi:error] [pid 10:tid 140464227456704] __import__(import_str)
[Mon Aug 31 07:45:11.661058 2026] [wsgi:error] [pid 11:tid 140464227456704] /var/lib/openstack/lib/python3.12/site-packages/oslo_utils/importutils.py:77: EventletDeprecationWarning:
[Mon Aug 31 07:45:11.661110 2026] [wsgi:error] [pid 11:tid 140464227456704] Eventlet is deprecated. It is currently being maintained in bugfix mode, and
[Mon Aug 31 07:45:11.661112 2026] [wsgi:error] [pid 11:tid 140464227456704] we strongly recommend against using it for new projects.
[Mon Aug 31 07:45:11.661113 2026] [wsgi:error] [pid 11:tid 140464227456704]
[Mon Aug 31 07:45:11.661114 2026] [wsgi:error] [pid 11:tid 140464227456704] If you are already using Eventlet, we recommend migrating to a different
[Mon Aug 31 07:45:11.661116 2026] [wsgi:error] [pid 11:tid 140464227456704] framework. For more detail see
[Mon Aug 31 07:45:11.661117 2026] [wsgi:error] [pid 11:tid 140464227456704] https://eventlet.readthedocs.io/en/latest/asyncio/migration.html
[Mon Aug 31 07:45:11.661118 2026] [wsgi:error] [pid 11:tid 140464227456704]
[Mon Aug 31 07:45:11.661119 2026] [wsgi:error] [pid 11:tid 140464227456704] __import__(import_str) 10.0.0.38 - - [31/Aug/2026:07:45:10 +0000] "GET /v3/ HTTP/1.1" 200 250 10.0.0.38 - - [31/Aug/2026:07:45:10 +0000] "GET /v3/ HTTP/1.1" 200 250
[Mon Aug 31 07:45:24.942813 2026] [wsgi:error] [pid 9:tid 140464227456704] /var/lib/openstack/lib/python3.12/site-packages/oslo_utils/importutils.py:77: EventletDeprecationWarning:
[Mon Aug 31 07:45:24.942870 2026] [wsgi:error] [pid 9:tid 140464227456704] Eventlet is deprecated. It is currently being maintained in bugfix mode, and
[Mon Aug 31 07:45:24.942873 2026] [wsgi:error] [pid 9:tid 140464227456704] we strongly recommend against using it for new projects.
[Mon Aug 31 07:45:24.942874 2026] [wsgi:error] [pid 9:tid 140464227456704]
[Mon Aug 31 07:45:24.942875 2026] [wsgi:error] [pid 9:tid 140464227456704] If you are already using Eventlet, we recommend migrating to a different
[Mon Aug 31 07:45:24.942876 2026] [wsgi:error] [pid 9:tid 140464227456704] framework. For more detail see
[Mon Aug 31 07:45:24.942877 2026] [wsgi:error] [pid 9:tid 140464227456704] https://eventlet.readthedocs.io/en/latest/asyncio/migration.html
[Mon Aug 31 07:45:24.942878 2026] [wsgi:error] [pid 9:tid 140464227456704]
[Mon Aug 31 07:45:24.942879 2026] [wsgi:error] [pid 9:tid 140464227456704] __import__(import_str) 10.0.0.207 - - [31/Aug/2026:07:45:23 +0000] "GET / HTTP/1.1" 300 295
[Mon Aug 31 07:45:30.651722 2026] [wsgi:error] [pid 12:tid 140464227456704] /var/lib/openstack/lib/python3.12/site-packages/oslo_utils/importutils.py:77: EventletDeprecationWarning:
[Mon Aug 31 07:45:30.651775 2026] [wsgi:error] [pid 12:tid 140464227456704] Eventlet is deprecated. It is currently being maintained in bugfix mode, and
[Mon Aug 31 07:45:30.651778 2026] [wsgi:error] [pid 12:tid 140464227456704] we strongly recommend against using it for new projects.
[Mon Aug 31 07:45:30.651779 2026] [wsgi:error] [pid 12:tid 140464227456704]
[Mon Aug 31 07:45:30.651781 2026] [wsgi:error] [pid 12:tid 140464227456704] If you are already using Eventlet, we recommend migrating to a different
[Mon Aug 31 07:45:30.651783 2026] [wsgi:error] [pid 12:tid 140464227456704] framework. For more detail see
[Mon Aug 31 07:45:30.651784 2026] [wsgi:error] [pid 12:tid 140464227456704] https://eventlet.readthedocs.io/en/latest/asyncio/migration.html
[Mon Aug 31 07:45:30.651786 2026] [wsgi:error] [pid 12:tid 140464227456704]
[Mon Aug 31 07:45:30.651787 2026] [wsgi:error] [pid 12:tid 140464227456704] __import__(import_str)
[Mon Aug 31 07:45:35.592952 2026] [wsgi:error] [pid 12:tid 140464227456704] [remote 10.0.0.207:55536] 2026-08-31 07:45:35.589 12 WARNING keystone.identity.core [None req-64d6c5ea-0260-4b16-85e7-9d692de8a700 - - - - - -] Invalid domain name (atmosphere) found in config file name: keystone.exception.DomainNotFound: Could not find domain: atmosphere.
[Mon Aug 31 07:45:35.645108 2026] [wsgi:error] [pid 12:tid 140464227456704] [remote 10.0.0.207:55536] 2026-08-31 07:45:35.644 12 WARNING keystone.common.password_hashing [None req-64d6c5ea-0260-4b16-85e7-9d692de8a700 - - - - - -] Truncating password to algorithm specific maximum length 72 characters.
[Mon Aug 31 07:45:35.947736 2026] [wsgi:error] [pid 12:tid 140464227456704] [remote 10.0.0.207:55536] 2026-08-31 07:45:35.947 12 WARNING keystone.common.fernet_utils [None req-64d6c5ea-0260-4b16-85e7-9d692de8a700 - - - - - -] key_repository is world readable: /etc/keystone/fernet-keys/ 10.0.0.207 - - [31/Aug/2026:07:45:29 +0000] "POST /v3/auth/tokens HTTP/1.1" 201 1360
[Mon Aug 31 07:45:36.409803 2026] [wsgi:error] [pid 10:tid 140464227456704] [remote 10.0.0.207:55536] 2026-08-31 07:45:36.407 10 WARNING keystone.identity.core [None req-aeba37bd-deea-4a44-b566-b3e727a3644a - - - - - -] Invalid domain name (atmosphere) found in config file name: keystone.exception.DomainNotFound: Could not find domain: atmosphere. 10.0.0.207 - - [31/Aug/2026:07:45:36 +0000] "POST /v3/domains HTTP/1.1" 201 261 10.0.0.88 - - [31/Aug/2026:07:45:48 +0000] "GET / HTTP/1.1" 300 295
[Mon Aug 31 07:45:48.441538 2026] [wsgi:error] [pid 9:tid 140464227456704] [remote 10.0.0.88:36914] 2026-08-31 07:45:48.441 9 WARNING keystone.common.password_hashing [None req-3e01c42a-7492-45ed-8445-59b126ccdad3 - - - - - -] Truncating password to algorithm specific maximum length 72 characters.
[Mon Aug 31 07:45:48.716868 2026] [wsgi:error] [pid 9:tid 140464227456704] [remote 10.0.0.88:36914] 2026-08-31 07:45:48.716 9 WARNING keystone.common.fernet_utils [None req-3e01c42a-7492-45ed-8445-59b126ccdad3 - - - - - -] key_repository is world readable: /etc/keystone/fernet-keys/ 10.0.0.88 - - [31/Aug/2026:07:45:48 +0000] "POST /v3/auth/tokens HTTP/1.1" 201 1360 10.0.0.88 - - [31/Aug/2026:07:45:48 +0000] "GET /v3/roles/admin HTTP/1.1" 404 83
[Mon Aug 31 07:45:48.947307 2026] [wsgi:error] [pid 10:tid 140464227456704] [remote 10.0.0.88:36914] 2026-08-31 07:45:48.946 10 WARNING keystone.common.rbac_enforcer.enforcer [None req-a5f82b7d-aa28-4676-aa66-ad71716b3996 6be010add92f46d799c18a6eb01312ff 60a29f3bfae749d681771e2a6b9478e1 - - default default] Deprecated policy rules found. Use oslopolicy-policy-generator and oslopolicy-policy-upgrade to detect and resolve deprecated policies in your configuration. 10.0.0.88 - - [31/Aug/2026:07:45:48 +0000] "GET /v3/roles?name=admin HTTP/1.1" 200 389
[Mon Aug 31 07:45:49.528639 2026] [wsgi:error] [pid 11:tid 140464227456704] [remote 10.0.0.88:36914] 2026-08-31 07:45:49.528 11 WARNING keystone.common.rbac_enforcer.enforcer [None req-61a2df64-c595-4748-b70e-cdc4844d7a66 6be010add92f46d799c18a6eb01312ff 60a29f3bfae749d681771e2a6b9478e1 - - default default] Deprecated policy rules found. Use oslopolicy-policy-generator and oslopolicy-policy-upgrade to detect and resolve deprecated policies in your configuration. 10.0.0.88 - - [31/Aug/2026:07:45:49 +0000] "GET /v3/users/admin-RegionOne HTTP/1.1" 404 93
[Mon Aug 31 07:45:49.815738 2026] [wsgi:error] [pid 9:tid 140464227456704] [remote 10.0.0.88:36914] 2026-08-31 07:45:49.815 9 WARNING keystone.common.rbac_enforcer.enforcer [None req-dacd0214-5a4c-40c7-a7f0-d1d9ce746cca 6be010add92f46d799c18a6eb01312ff 60a29f3bfae749d681771e2a6b9478e1 - - default default] Deprecated policy rules found. Use oslopolicy-policy-generator and oslopolicy-policy-upgrade to detect and resolve deprecated policies in your configuration. 10.0.0.88 - - [31/Aug/2026:07:45:49 +0000] "GET /v3/users?name=admin-RegionOne HTTP/1.1" 200 422
[Mon Aug 31 07:45:50.073644 2026] [wsgi:error] [pid 12:tid 140464227456704] [remote 10.0.0.88:36914] 2026-08-31 07:45:50.073 12 WARNING keystone.common.rbac_enforcer.enforcer [None req-364efe98-b5aa-45a7-bf5b-75f96960bc47 6be010add92f46d799c18a6eb01312ff 60a29f3bfae749d681771e2a6b9478e1 - - default default] Deprecated policy rules found. Use oslopolicy-policy-generator and oslopolicy-policy-upgrade to detect and resolve deprecated policies in your configuration. 10.0.0.88 - - [31/Aug/2026:07:45:49 +0000] "GET /v3/domains/default HTTP/1.1" 200 224 10.0.0.88 - - [31/Aug/2026:07:45:50 +0000] "PUT /v3/domains/default/users/6be010add92f46d799c18a6eb01312ff/roles/8db56319192c4cf09119ff11b4ba5705 HTTP/1.1" 204 - 10.0.0.38 - - [31/Aug/2026:07:46:00 +0000] "GET / HTTP/1.1" 300 281 10.0.0.38 - - [31/Aug/2026:07:46:02 +0000] "GET /v3 HTTP/1.1" 200 266
[Mon Aug 31 07:46:02.633169 2026] [wsgi:error] [pid 12:tid 140464227456704] [remote 10.0.0.38:36864] 2026-08-31 07:46:02.632 12 WARNING keystone.common.password_hashing [None req-b18afad7-c466-4672-96b2-841e09f6214c - - - - - -] Truncating password to algorithm specific maximum length 72 characters.
[Mon Aug 31 07:46:02.954363 2026] [wsgi:error] [pid 12:tid 140464227456704] [remote 10.0.0.38:36864] 2026-08-31 07:46:02.954 12 WARNING keystone.common.fernet_utils [None req-b18afad7-c466-4672-96b2-841e09f6214c - - - - - -] key_repository is world readable: /etc/keystone/fernet-keys/ 10.0.0.38 - - [31/Aug/2026:07:46:02 +0000] "POST /v3/auth/tokens HTTP/1.1" 201 1360 10.0.0.38 - - [31/Aug/2026:07:46:03 +0000] "GET / HTTP/1.1" 300 281 10.0.0.38 - - [31/Aug/2026:07:46:03 +0000] "GET /v3/domains/atmosphere HTTP/1.1" 404 90 10.0.0.38 - - [31/Aug/2026:07:46:03 +0000] "GET /v3/domains?name=atmosphere HTTP/1.1" 200 370 10.0.0.38 - - [31/Aug/2026:07:46:03 +0000] "GET /v3/domains/f53cf4b7e4f94328991e4288b06a3df4 HTTP/1.1" 200 247 10.0.0.38 - - [31/Aug/2026:07:46:04 +0000] "GET /v3 HTTP/1.1" 200 266
[Mon Aug 31 07:46:04.401170 2026] [wsgi:error] [pid 11:tid 140464227456704] [remote 10.0.0.38:36864] 2026-08-31 07:46:04.400 11 WARNING keystone.common.password_hashing [None req-0215926a-67de-439b-94f9-6e92530eb832 - - - - - -] Truncating password to algorithm specific maximum length 72 characters.
[Mon Aug 31 07:46:04.685261 2026] [wsgi:error] [pid 11:tid 140464227456704] [remote 10.0.0.38:36864] 2026-08-31 07:46:04.685 11 WARNING keystone.common.fernet_utils [None req-0215926a-67de-439b-94f9-6e92530eb832 - - - - - -] key_repository is world readable: /etc/keystone/fernet-keys/ 10.0.0.38 - - [31/Aug/2026:07:46:04 +0000] "POST /v3/auth/tokens HTTP/1.1" 201 1360 10.0.0.38 - - [31/Aug/2026:07:46:04 +0000] "GET / HTTP/1.1" 300 281 10.0.0.38 - - [31/Aug/2026:07:46:04 +0000] "GET /v3/OS-FEDERATION/identity_providers/atmosphere HTTP/1.1" 404 101 10.0.0.38 - - [31/Aug/2026:07:46:04 +0000] "GET /v3/OS-FEDERATION/identity_providers HTTP/1.1" 200 156 10.0.0.38 - - [31/Aug/2026:07:46:04 +0000] "PUT /v3/OS-FEDERATION/identity_providers/atmosphere HTTP/1.1" 201 342 10.0.0.38 - - [31/Aug/2026:07:46:05 +0000] "GET /v3 HTTP/1.1" 200 266
[Mon Aug 31 07:46:05.796284 2026] [wsgi:error] [pid 12:tid 140464227456704] [remote 10.0.0.38:36864] 2026-08-31 07:46:05.795 12 WARNING keystone.common.password_hashing [None req-a20051ca-78d7-4bb8-903c-0f5a6f6f0417 - - - - - -] Truncating password to algorithm specific maximum length 72 characters.
[Mon Aug 31 07:46:06.126714 2026] [wsgi:error] [pid 12:tid 140464227456704] [remote 10.0.0.38:36864] 2026-08-31 07:46:06.126 12 WARNING keystone.common.fernet_utils [None req-a20051ca-78d7-4bb8-903c-0f5a6f6f0417 - - - - - -] key_repository is world readable: /etc/keystone/fernet-keys/ 10.0.0.38 - - [31/Aug/2026:07:46:05 +0000] "POST /v3/auth/tokens HTTP/1.1" 201 1360 10.0.0.38 - - [31/Aug/2026:07:46:06 +0000] "GET / HTTP/1.1" 300 281 10.0.0.38 - - [31/Aug/2026:07:46:06 +0000] "GET /v3/OS-FEDERATION/mappings/atmosphere-openid HTTP/1.1" 404 98 10.0.0.38 - - [31/Aug/2026:07:46:06 +0000] "GET /v3/OS-FEDERATION/mappings HTTP/1.1" 200 136 10.0.0.38 - - [31/Aug/2026:07:46:06 +0000] "PUT /v3/OS-FEDERATION/mappings/atmosphere-openid HTTP/1.1" 201 357 10.0.0.38 - - [31/Aug/2026:07:46:07 +0000] "GET /v3 HTTP/1.1" 200 266
[Mon Aug 31 07:46:07.162517 2026] [wsgi:error] [pid 11:tid 140464227456704] [remote 10.0.0.38:36868] 2026-08-31 07:46:07.162 11 WARNING keystone.common.password_hashing [None req-c6ec86e6-5699-4e67-a6a5-e3550d9378b1 - - - - - -] Truncating password to algorithm specific maximum length 72 characters.
[Mon Aug 31 07:46:07.460560 2026] [wsgi:error] [pid 11:tid 140464227456704] [remote 10.0.0.38:36868] 2026-08-31 07:46:07.460 11 WARNING keystone.common.fernet_utils [None req-c6ec86e6-5699-4e67-a6a5-e3550d9378b1 - - - - - -] key_repository is world readable: /etc/keystone/fernet-keys/ 10.0.0.38 - - [31/Aug/2026:07:46:07 +0000] "POST /v3/auth/tokens HTTP/1.1" 201 1360 10.0.0.38 - - [31/Aug/2026:07:46:07 +0000] "GET / HTTP/1.1" 300 281 10.0.0.38 - - [31/Aug/2026:07:46:07 +0000] "GET /v3/OS-FEDERATION/identity_providers/atmosphere/protocols/openid?idp_id=atmosphere HTTP/1.1" 404 131 10.0.0.38 - - [31/Aug/2026:07:46:07 +0000] "GET /v3/OS-FEDERATION/identity_providers/atmosphere/protocols HTTP/1.1" 200 168 10.0.0.38 - - [31/Aug/2026:07:46:07 +0000] "PUT /v3/OS-FEDERATION/identity_providers/atmosphere/protocols/openid HTTP/1.1" 201 224 10.0.0.38 - - [31/Aug/2026:07:46:10 +0000] "GET /v3/ HTTP/1.1" 200 250 10.0.0.38 - - [31/Aug/2026:07:46:10 +0000] "GET /v3/ HTTP/1.1" 200 250 10.0.0.38 - - [31/Aug/2026:07:47:10 +0000] "GET /v3/ HTTP/1.1" 200 250 10.0.0.38 - - [31/Aug/2026:07:47:10 +0000] "GET /v3/ HTTP/1.1" 200 250 10.0.0.34 - - [31/Aug/2026:07:47:37 +0000] "GET / HTTP/1.1" 300 295
[Mon Aug 31 07:47:37.329577 2026] [wsgi:error] [pid 12:tid 140464227456704] [remote 10.0.0.34:47650] 2026-08-31 07:47:37.329 12 WARNING keystone.common.password_hashing [None req-021029d3-945b-40da-9995-567c415c797e - - - - - -] Truncating password to algorithm specific maximum length 72 characters.
[Mon Aug 31 07:47:37.663231 2026] [wsgi:error] [pid 12:tid 140464227456704] [remote 10.0.0.34:47650] 2026-08-31 07:47:37.663 12 WARNING keystone.common.fernet_utils [None req-021029d3-945b-40da-9995-567c415c797e - - - - - -] key_repository is world readable: /etc/keystone/fernet-keys/ 10.0.0.34 - - [31/Aug/2026:07:47:37 +0000] "POST /v3/auth/tokens HTTP/1.1" 201 1360 10.0.0.34 - - [31/Aug/2026:07:47:37 +0000] "GET /v3/services HTTP/1.1" 200 355 10.0.0.34 - - [31/Aug/2026:07:47:41 +0000] "GET / HTTP/1.1" 300 295
[Mon Aug 31 07:47:41.354258 2026] [wsgi:error] [pid 9:tid 140464227456704] [remote 10.0.0.34:53302] 2026-08-31 07:47:41.353 9 WARNING keystone.common.password_hashing [None req-358a0167-9d91-4d09-b5d0-dc56460ebb4e - - - - - -] Truncating password to algorithm specific maximum length 72 characters.
[Mon Aug 31 07:47:41.681705 2026] [wsgi:error] [pid 9:tid 140464227456704] [remote 10.0.0.34:53302] 2026-08-31 07:47:41.681 9 WARNING keystone.common.fernet_utils [None req-358a0167-9d91-4d09-b5d0-dc56460ebb4e - - - - - -] key_repository is world readable: /etc/keystone/fernet-keys/ 10.0.0.34 - - [31/Aug/2026:07:47:41 +0000] "POST /v3/auth/tokens HTTP/1.1" 201 1360 10.0.0.34 - - [31/Aug/2026:07:47:41 +0000] "GET /v3/services HTTP/1.1" 200 355 10.0.0.34 - - [31/Aug/2026:07:47:45 +0000] "GET / HTTP/1.1" 300 295
[Mon Aug 31 07:47:45.394161 2026] [wsgi:error] [pid 11:tid 140464227456704] [remote 10.0.0.34:53310] 2026-08-31 07:47:45.393 11 WARNING keystone.common.password_hashing [None req-569809d4-0217-41ba-9800-a94ebba5e741 - - - - - -] Truncating password to algorithm specific maximum length 72 characters.
[Mon Aug 31 07:47:45.676707 2026] [wsgi:error] [pid 11:tid 140464227456704] [remote 10.0.0.34:53310] 2026-08-31 07:47:45.676 11 WARNING keystone.common.fernet_utils [None req-569809d4-0217-41ba-9800-a94ebba5e741 - - - - - -] key_repository is world readable: /etc/keystone/fernet-keys/ 10.0.0.34 - - [31/Aug/2026:07:47:45 +0000] "POST /v3/auth/tokens HTTP/1.1" 201 1360 10.0.0.34 - - [31/Aug/2026:07:47:45 +0000] "GET /v3/services HTTP/1.1" 200 355 10.0.0.34 - - [31/Aug/2026:07:47:49 +0000] "GET / HTTP/1.1" 300 295
[Mon Aug 31 07:47:49.314521 2026] [wsgi:error] [pid 10:tid 140464227456704] [remote 10.0.0.34:53322] 2026-08-31 07:47:49.313 10 WARNING keystone.common.password_hashing [None req-f164e9e4-b4e5-433f-8a7f-1b21f1bce46c - - - - - -] Truncating password to algorithm specific maximum length 72 characters.
[Mon Aug 31 07:47:49.590682 2026] [wsgi:error] [pid 10:tid 140464227456704] [remote 10.0.0.34:53322] 2026-08-31 07:47:49.590 10 WARNING keystone.common.fernet_utils [None req-f164e9e4-b4e5-433f-8a7f-1b21f1bce46c - - - - - -] key_repository is world readable: /etc/keystone/fernet-keys/ 10.0.0.34 - - [31/Aug/2026:07:47:49 +0000] "POST /v3/auth/tokens HTTP/1.1" 201 1360 10.0.0.34 - - [31/Aug/2026:07:47:49 +0000] "POST /v3/services HTTP/1.1" 201 296 10.0.0.60 - - [31/Aug/2026:07:48:01 +0000] "GET / HTTP/1.1" 300 295
[Mon Aug 31 07:48:01.731378 2026] [wsgi:error] [pid 12:tid 140464227456704] [remote 10.0.0.60:45600] 2026-08-31 07:48:01.731 12 WARNING keystone.common.password_hashing [None req-a95a968a-a66a-40ba-87fc-c794b2fe8f7b - - - - - -] Truncating password to algorithm specific maximum length 72 characters. 10.0.0.60 - - [31/Aug/2026:07:48:01 +0000] "GET / HTTP/1.1" 300 295 10.0.0.60 - - [31/Aug/2026:07:48:01 +0000] "GET / HTTP/1.1" 300 295
[Mon Aug 31 07:48:01.826053 2026] [wsgi:error] [pid 11:tid 140464227456704] [remote 10.0.0.60:45614] 2026-08-31 07:48:01.825 11 WARNING keystone.common.password_hashing [None req-a97c7a23-98b4-45ec-8714-9f94c01424ee - - - - - -] Truncating password to algorithm specific maximum length 72 characters.
[Mon Aug 31 07:48:01.847990 2026] [wsgi:error] [pid 10:tid 140464227456704] [remote 10.0.0.60:45618] 2026-08-31 07:48:01.847 10 WARNING keystone.common.password_hashing [None req-dcc4b2dd-2e49-4f0a-8066-16cf7f4a77cf - - - - - -] Truncating password to algorithm specific maximum length 72 characters.
[Mon Aug 31 07:48:02.030221 2026] [wsgi:error] [pid 12:tid 140464227456704] [remote 10.0.0.60:45600] 2026-08-31 07:48:02.030 12 WARNING keystone.common.fernet_utils [None req-a95a968a-a66a-40ba-87fc-c794b2fe8f7b - - - - - -] key_repository is world readable: /etc/keystone/fernet-keys/ 10.0.0.60 - - [31/Aug/2026:07:48:01 +0000] "POST /v3/auth/tokens HTTP/1.1" 201 1464
[Mon Aug 31 07:48:02.153800 2026] [wsgi:error] [pid 11:tid 140464227456704] [remote 10.0.0.60:45614] 2026-08-31 07:48:02.153 11 WARNING keystone.common.fernet_utils [None req-a97c7a23-98b4-45ec-8714-9f94c01424ee - - - - - -] key_repository is world readable: /etc/keystone/fernet-keys/ 10.0.0.60 - - [31/Aug/2026:07:48:01 +0000] "POST /v3/auth/tokens HTTP/1.1" 201 1464
[Mon Aug 31 07:48:02.182927 2026] [wsgi:error] [pid 10:tid 140464227456704] [remote 10.0.0.60:45618] 2026-08-31 07:48:02.182 10 WARNING keystone.common.fernet_utils [None req-dcc4b2dd-2e49-4f0a-8066-16cf7f4a77cf - - - - - -] key_repository is world readable: /etc/keystone/fernet-keys/ 10.0.0.60 - - [31/Aug/2026:07:48:01 +0000] "POST /v3/auth/tokens HTTP/1.1" 201 1464 10.0.0.60 - - [31/Aug/2026:07:48:02 +0000] "GET /v3/services HTTP/1.1" 200 639 10.0.0.60 - - [31/Aug/2026:07:48:02 +0000] "GET /v3/services HTTP/1.1" 200 639 10.0.0.60 - - [31/Aug/2026:07:48:02 +0000] "GET /v3/services HTTP/1.1" 200 639 10.0.0.60 - - [31/Aug/2026:07:48:03 +0000] "GET / HTTP/1.1" 300 295
[Mon Aug 31 07:48:03.725756 2026] [wsgi:error] [pid 9:tid 140464227456704] [remote 10.0.0.60:45630] 2026-08-31 07:48:03.725 9 WARNING keystone.common.password_hashing [None req-3e8f442e-7200-4711-82c4-4d498de7db9c - - - - - -] Truncating password to algorithm specific maximum length 72 characters. 10.0.0.60 - - [31/Aug/2026:07:48:03 +0000] "GET / HTTP/1.1" 300 295
[Mon Aug 31 07:48:03.852549 2026] [wsgi:error] [pid 11:tid 140464227456704] [remote 10.0.0.60:45644] 2026-08-31 07:48:03.852 11 WARNING keystone.common.password_hashing [None req-09ea6ddb-d521-41df-9877-1e5b025ef79e - - - - - -] Truncating password to algorithm specific maximum length 72 characters. 10.0.0.60 - - [31/Aug/2026:07:48:03 +0000] "GET / HTTP/1.1" 300 295
[Mon Aug 31 07:48:03.956310 2026] [wsgi:error] [pid 12:tid 140464227456704] [remote 10.0.0.60:45648] 2026-08-31 07:48:03.956 12 WARNING keystone.common.password_hashing [None req-43e13103-e937-4eb7-8d07-2a7deadc57c3 - - - - - -] Truncating password to algorithm specific maximum length 72 characters.
[Mon Aug 31 07:48:04.030812 2026] [wsgi:error] [pid 9:tid 140464227456704] [remote 10.0.0.60:45630] 2026-08-31 07:48:04.030 9 WARNING keystone.common.fernet_utils [None req-3e8f442e-7200-4711-82c4-4d498de7db9c - - - - - -] key_repository is world readable: /etc/keystone/fernet-keys/ 10.0.0.60 - - [31/Aug/2026:07:48:03 +0000] "POST /v3/auth/tokens HTTP/1.1" 201 1464 10.0.0.60 - - [31/Aug/2026:07:48:04 +0000] "GET /v3/endpoints HTTP/1.1" 200 1227 10.0.0.60 - - [31/Aug/2026:07:48:04 +0000] "GET /v3/services/ea41f1ea4f6a4b02b986afdcecb488dc HTTP/1.1" 200 233
[Mon Aug 31 07:48:04.188548 2026] [wsgi:error] [pid 11:tid 140464227456704] [remote 10.0.0.60:45644] 2026-08-31 07:48:04.188 11 WARNING keystone.common.fernet_utils [None req-09ea6ddb-d521-41df-9877-1e5b025ef79e - - - - - -] key_repository is world readable: /etc/keystone/fernet-keys/ 10.0.0.60 - - [31/Aug/2026:07:48:03 +0000] "POST /v3/auth/tokens HTTP/1.1" 201 1464 10.0.0.60 - - [31/Aug/2026:07:48:04 +0000] "GET /v3/services/ea41f1ea4f6a4b02b986afdcecb488dc HTTP/1.1" 200 233 10.0.0.60 - - [31/Aug/2026:07:48:04 +0000] "GET /v3/services/ea41f1ea4f6a4b02b986afdcecb488dc HTTP/1.1" 200 233 10.0.0.60 - - [31/Aug/2026:07:48:04 +0000] "GET /v3/endpoints HTTP/1.1" 200 1227 10.0.0.60 - - [31/Aug/2026:07:48:04 +0000] "GET /v3/services/ea41f1ea4f6a4b02b986afdcecb488dc HTTP/1.1" 200 233 10.0.0.60 - - [31/Aug/2026:07:48:04 +0000] "GET /v3/services/ea41f1ea4f6a4b02b986afdcecb488dc HTTP/1.1" 200 233
[Mon Aug 31 07:48:04.343247 2026] [wsgi:error] [pid 12:tid 140464227456704] [remote 10.0.0.60:45648] 2026-08-31 07:48:04.343 12 WARNING keystone.common.fernet_utils [None req-43e13103-e937-4eb7-8d07-2a7deadc57c3 - - - - - -] key_repository is world readable: /etc/keystone/fernet-keys/ 10.0.0.60 - - [31/Aug/2026:07:48:03 +0000] "POST /v3/auth/tokens HTTP/1.1" 201 1464 10.0.0.60 - - [31/Aug/2026:07:48:04 +0000] "GET /v3/services/ea41f1ea4f6a4b02b986afdcecb488dc HTTP/1.1" 200 233 10.0.0.60 - - [31/Aug/2026:07:48:04 +0000] "GET /v3/endpoints HTTP/1.1" 200 1227 10.0.0.60 - - [31/Aug/2026:07:48:04 +0000] "GET /v3/services/ea41f1ea4f6a4b02b986afdcecb488dc HTTP/1.1" 200 233 10.0.0.60 - - [31/Aug/2026:07:48:04 +0000] "GET /v3/services/ea41f1ea4f6a4b02b986afdcecb488dc HTTP/1.1" 200 233 10.0.0.60 - - [31/Aug/2026:07:48:04 +0000] "GET /v3/services/ea41f1ea4f6a4b02b986afdcecb488dc HTTP/1.1" 200 233 10.0.0.60 - - [31/Aug/2026:07:48:05 +0000] "GET / HTTP/1.1" 300 295
[Mon Aug 31 07:48:05.624725 2026] [wsgi:error] [pid 9:tid 140464227456704] [remote 10.0.0.60:45660] 2026-08-31 07:48:05.624 9 WARNING keystone.common.password_hashing [None req-8481cc6f-1c37-4bb0-bad4-3ca36c99c24c - - - - - -] Truncating password to algorithm specific maximum length 72 characters. 10.0.0.60 - - [31/Aug/2026:07:48:05 +0000] "GET / HTTP/1.1" 300 295
[Mon Aug 31 07:48:05.682403 2026] [wsgi:error] [pid 11:tid 140464227456704] [remote 10.0.0.60:45672] 2026-08-31 07:48:05.682 11 WARNING keystone.common.password_hashing [None req-98125726-0150-4415-8e03-904f9ebe91e6 - - - - - -] Truncating password to algorithm specific maximum length 72 characters. 10.0.0.60 - - [31/Aug/2026:07:48:05 +0000] "GET / HTTP/1.1" 300 295
[Mon Aug 31 07:48:05.910368 2026] [wsgi:error] [pid 12:tid 140464227456704] [remote 10.0.0.60:45674] 2026-08-31 07:48:05.910 12 WARNING keystone.common.password_hashing [None req-d16fd56c-42b9-4498-8a55-6263f39b5ba8 - - - - - -] Truncating password to algorithm specific maximum length 72 characters.
[Mon Aug 31 07:48:05.934404 2026] [wsgi:error] [pid 9:tid 140464227456704] [remote 10.0.0.60:45660] 2026-08-31 07:48:05.934 9 WARNING keystone.common.fernet_utils [None req-8481cc6f-1c37-4bb0-bad4-3ca36c99c24c - - - - - -] key_repository is world readable: /etc/keystone/fernet-keys/ 10.0.0.60 - - [31/Aug/2026:07:48:05 +0000] "POST /v3/auth/tokens HTTP/1.1" 201 1464
[Mon Aug 31 07:48:05.986837 2026] [wsgi:error] [pid 11:tid 140464227456704] [remote 10.0.0.60:45672] 2026-08-31 07:48:05.986 11 WARNING keystone.common.fernet_utils [None req-98125726-0150-4415-8e03-904f9ebe91e6 - - - - - -] key_repository is world readable: /etc/keystone/fernet-keys/ 10.0.0.60 - - [31/Aug/2026:07:48:05 +0000] "POST /v3/auth/tokens HTTP/1.1" 201 1464 10.0.0.60 - - [31/Aug/2026:07:48:06 +0000] "GET /v3/services/95ae13517af345b697a9c22d6ff2fadb HTTP/1.1" 200 296 10.0.0.60 - - [31/Aug/2026:07:48:06 +0000] "GET /v3/regions/RegionOne HTTP/1.1" 200 173 10.0.0.60 - - [31/Aug/2026:07:48:06 +0000] "GET /v3/services/95ae13517af345b697a9c22d6ff2fadb HTTP/1.1" 200 296 10.0.0.60 - - [31/Aug/2026:07:48:06 +0000] "GET /v3/regions/RegionOne HTTP/1.1" 200 173 10.0.0.60 - - [31/Aug/2026:07:48:06 +0000] "POST /v3/endpoints HTTP/1.1" 201 380
[Mon Aug 31 07:48:06.193012 2026] [wsgi:error] [pid 12:tid 140464227456704] [remote 10.0.0.60:45674] 2026-08-31 07:48:06.192 12 WARNING keystone.common.fernet_utils [None req-d16fd56c-42b9-4498-8a55-6263f39b5ba8 - - - - - -] key_repository is world readable: /etc/keystone/fernet-keys/ 10.0.0.60 - - [31/Aug/2026:07:48:05 +0000] "POST /v3/auth/tokens HTTP/1.1" 201 1641 10.0.0.60 - - [31/Aug/2026:07:48:06 +0000] "POST /v3/endpoints HTTP/1.1" 201 383 10.0.0.60 - - [31/Aug/2026:07:48:06 +0000] "GET /v3/services/95ae13517af345b697a9c22d6ff2fadb HTTP/1.1" 200 296 10.0.0.60 - - [31/Aug/2026:07:48:06 +0000] "GET /v3/regions/RegionOne HTTP/1.1" 200 173 10.0.0.60 - - [31/Aug/2026:07:48:06 +0000] "POST /v3/endpoints HTTP/1.1" 201 370 10.0.0.60 - - [31/Aug/2026:07:48:07 +0000] "GET / HTTP/1.1" 300 295
[Mon Aug 31 07:48:07.645265 2026] [wsgi:error] [pid 9:tid 140464227456704] [remote 10.0.0.60:45676] 2026-08-31 07:48:07.644 9 WARNING keystone.common.password_hashing [None req-c6622764-7494-407d-b909-7aaa571debdd - - - - - -] Truncating password to algorithm specific maximum length 72 characters. 10.0.0.60 - - [31/Aug/2026:07:48:07 +0000] "GET / HTTP/1.1" 300 295
[Mon Aug 31 07:48:07.769874 2026] [wsgi:error] [pid 12:tid 140464227456704] [remote 10.0.0.60:45684] 2026-08-31 07:48:07.769 12 WARNING keystone.common.password_hashing [None req-34df30ca-f3a7-4bfe-81bf-dddd1c9ce308 - - - - - -] Truncating password to algorithm specific maximum length 72 characters.
[Mon Aug 31 07:48:07.949195 2026] [wsgi:error] [pid 9:tid 140464227456704] [remote 10.0.0.60:45676] 2026-08-31 07:48:07.949 9 WARNING keystone.common.fernet_utils [None req-c6622764-7494-407d-b909-7aaa571debdd - - - - - -] key_repository is world readable: /etc/keystone/fernet-keys/ 10.0.0.60 - - [31/Aug/2026:07:48:07 +0000] "POST /v3/auth/tokens HTTP/1.1" 201 1992 10.0.0.60 - - [31/Aug/2026:07:48:07 +0000] "GET / HTTP/1.1" 300 295
[Mon Aug 31 07:48:07.991743 2026] [wsgi:error] [pid 10:tid 140464227456704] [remote 10.0.0.60:45688] 2026-08-31 07:48:07.991 10 WARNING keystone.common.password_hashing [None req-b556fca0-1c48-4aaf-a091-96e949cd7bee - - - - - -] Truncating password to algorithm specific maximum length 72 characters.
[Mon Aug 31 07:48:08.058273 2026] [wsgi:error] [pid 12:tid 140464227456704] [remote 10.0.0.60:45684] 2026-08-31 07:48:08.058 12 WARNING keystone.common.fernet_utils [None req-34df30ca-f3a7-4bfe-81bf-dddd1c9ce308 - - - - - -] key_repository is world readable: /etc/keystone/fernet-keys/ 10.0.0.60 - - [31/Aug/2026:07:48:07 +0000] "POST /v3/auth/tokens HTTP/1.1" 201 1992 10.0.0.60 - - [31/Aug/2026:07:48:08 +0000] "GET /v3/endpoints/ad990d19eb04468ba1c086b20ad786e6 HTTP/1.1" 200 380 10.0.0.60 - - [31/Aug/2026:07:48:08 +0000] "GET /v3/services/95ae13517af345b697a9c22d6ff2fadb HTTP/1.1" 200 296 10.0.0.60 - - [31/Aug/2026:07:48:08 +0000] "GET /v3/endpoints/302f89240f5149e5896896a2354d452f HTTP/1.1" 200 383 10.0.0.60 - - [31/Aug/2026:07:48:08 +0000] "GET /v3/services/95ae13517af345b697a9c22d6ff2fadb HTTP/1.1" 200 296
[Mon Aug 31 07:48:08.365278 2026] [wsgi:error] [pid 10:tid 140464227456704] [remote 10.0.0.60:45688] 2026-08-31 07:48:08.365 10 WARNING keystone.common.fernet_utils [None req-b556fca0-1c48-4aaf-a091-96e949cd7bee - - - - - -] key_repository is world readable: /etc/keystone/fernet-keys/ 10.0.0.60 - - [31/Aug/2026:07:48:07 +0000] "POST /v3/auth/tokens HTTP/1.1" 201 1992 10.0.0.60 - - [31/Aug/2026:07:48:08 +0000] "GET /v3/endpoints/81d69071a1ec490294c6af55e49b5e24 HTTP/1.1" 200 370 10.0.0.60 - - [31/Aug/2026:07:48:08 +0000] "GET /v3/services/95ae13517af345b697a9c22d6ff2fadb HTTP/1.1" 200 296 10.0.0.38 - - [31/Aug/2026:07:48:10 +0000] "GET /v3/ HTTP/1.1" 200 250 10.0.0.38 - - [31/Aug/2026:07:48:10 +0000] "GET /v3/ HTTP/1.1" 200 250 10.0.0.114 - - [31/Aug/2026:07:48:20 +0000] "GET / HTTP/1.1" 300 295
[Mon Aug 31 07:48:20.556363 2026] [wsgi:error] [pid 12:tid 140464227456704] [remote 10.0.0.114:35572] 2026-08-31 07:48:20.556 12 WARNING keystone.common.password_hashing [None req-fe55bbc1-b230-4a40-b9aa-e0ebc78b8f74 - - - - - -] Truncating password to algorithm specific maximum length 72 characters.
[Mon Aug 31 07:48:20.889110 2026] [wsgi:error] [pid 12:tid 140464227456704] [remote 10.0.0.114:35572] 2026-08-31 07:48:20.888 12 WARNING keystone.common.fernet_utils [None req-fe55bbc1-b230-4a40-b9aa-e0ebc78b8f74 - - - - - -] key_repository is world readable: /etc/keystone/fernet-keys/ 10.0.0.114 - - [31/Aug/2026:07:48:20 +0000] "POST /v3/auth/tokens HTTP/1.1" 201 1992 10.0.0.114 - - [31/Aug/2026:07:48:21 +0000] "POST /v3/domains HTTP/1.1" 201 284 10.0.0.114 - - [31/Aug/2026:07:48:22 +0000] "GET / HTTP/1.1" 300 295
[Mon Aug 31 07:48:22.674023 2026] [wsgi:error] [pid 11:tid 140464227456704] [remote 10.0.0.114:35578] 2026-08-31 07:48:22.673 11 WARNING keystone.common.password_hashing [None req-979bfaa1-bb4b-4a10-8d4d-ee105c1f4c0a - - - - - -] Truncating password to algorithm specific maximum length 72 characters.
[Mon Aug 31 07:48:22.971186 2026] [wsgi:error] [pid 11:tid 140464227456704] [remote 10.0.0.114:35578] 2026-08-31 07:48:22.971 11 WARNING keystone.common.fernet_utils [None req-979bfaa1-bb4b-4a10-8d4d-ee105c1f4c0a - - - - - -] key_repository is world readable: /etc/keystone/fernet-keys/ 10.0.0.114 - - [31/Aug/2026:07:48:22 +0000] "POST /v3/auth/tokens HTTP/1.1" 201 1992
[Mon Aug 31 07:48:23.262561 2026] [wsgi:error] [pid 12:tid 140464227456704] [remote 10.0.0.114:35578] 2026-08-31 07:48:23.232 12 ERROR keystone.server.flask.application [None req-8576e25c-a425-47a2-9a68-1952a5b90777 6be010add92f46d799c18a6eb01312ff 60a29f3bfae749d681771e2a6b9478e1 - - default default] Conflict occurred attempting to store project - it is not permitted to have two projects acting as domains with the same name: service.: keystone.exception.Conflict: Conflict occurred attempting to store project - it is not permitted to have two projects acting as domains with the same name: service.
[Mon Aug 31 07:48:23.262607 2026] [wsgi:error] [pid 12:tid 140464227456704] [remote 10.0.0.114:35578] 2026-08-31 07:48:23.232 12 ERROR keystone.server.flask.application
Traceback (most recent call last):
[Mon Aug 31 07:48:23.262611 2026] [wsgi:error] [pid 12:tid 140464227456704] [remote 10.0.0.114:35578] 2026-08-31 07:48:23.232 12 ERROR keystone.server.flask.application
File "/var/lib/openstack/lib/python3.12/site-packages/sqlalchemy/engine/base.py", line 1969, in _exec_single_context
[Mon Aug 31 07:48:23.262615 2026] [wsgi:error] [pid 12:tid 140464227456704] [remote 10.0.0.114:35578] 2026-08-31 07:48:23.232 12 ERROR keystone.server.flask.application self.dialect.do_execute(
[Mon Aug 31 07:48:23.262634 2026] [wsgi:error] [pid 12:tid 140464227456704] [remote 10.0.0.114:35578] 2026-08-31 07:48:23.232 12 ERROR keystone.server.flask.application
File "/var/lib/openstack/lib/python3.12/site-packages/sqlalchemy/engine/default.py", line 952, in do_execute
[Mon Aug 31 07:48:23.262638 2026] [wsgi:error] [pid 12:tid 140464227456704] [remote 10.0.0.114:35578] 2026-08-31 07:48:23.232 12 ERROR keystone.server.flask.application cursor.execute(statement, parameters)
[Mon Aug 31 07:48:23.262641 2026] [wsgi:error] [pid 12:tid 140464227456704] [remote 10.0.0.114:35578] 2026-08-31 07:48:23.232 12 ERROR keystone.server.flask.application
File "/var/lib/openstack/lib/python3.12/site-packages/pymysql/cursors.py", line 159, in execute
[Mon Aug 31 07:48:23.262644 2026] [wsgi:error] [pid 12:tid 140464227456704] [remote 10.0.0.114:35578] 2026-08-31 07:48:23.232 12 ERROR keystone.server.flask.application result = self._query(query)
[Mon Aug 31 07:48:23.262647 2026] [wsgi:error] [pid 12:tid 140464227456704] [remote 10.0.0.114:35578] 2026-08-31 07:48:23.232 12 ERROR keystone.server.flask.application ^^^^^^^^^^^^^^^^^^
[Mon Aug 31 07:48:23.262650 2026] [wsgi:error] [pid 12:tid 140464227456704] [remote 10.0.0.114:35578] 2026-08-31 07:48:23.232 12 ERROR keystone.server.flask.application
File "/var/lib/openstack/lib/python3.12/site-packages/pymysql/cursors.py", line 330, in _query
[Mon Aug 31 07:48:23.262653 2026] [wsgi:error] [pid 12:tid 140464227456704] [remote 10.0.0.114:35578] 2026-08-31 07:48:23.232 12 ERROR keystone.server.flask.application conn.query(q)
[Mon Aug 31 07:48:23.262656 2026] [wsgi:error] [pid 12:tid 140464227456704] [remote 10.0.0.114:35578] 2026-08-31 07:48:23.232 12 ERROR keystone.server.flask.application
File "/var/lib/openstack/lib/python3.12/site-packages/pymysql/connections.py", line 582, in query
[Mon Aug 31 07:48:23.262659 2026] [wsgi:error] [pid 12:tid 140464227456704] [remote 10.0.0.114:35578] 2026-08-31 07:48:23.232 12 ERROR keystone.server.flask.application self._affected_rows = self._read_query_result(unbuffered=unbuffered)
[Mon Aug 31 07:48:23.262662 2026] [wsgi:error] [pid 12:tid 140464227456704] [remote 10.0.0.114:35578] 2026-08-31 07:48:23.232 12 ERROR keystone.server.flask.application ^^^^^^^^^^^^^^^^^^^^^^^^^^^^^^^^^^^^^^^^^^^^^^
[Mon Aug 31 07:48:23.262665 2026] [wsgi:error] [pid 12:tid 140464227456704] [remote 10.0.0.114:35578] 2026-08-31 07:48:23.232 12 ERROR keystone.server.flask.application
File "/var/lib/openstack/lib/python3.12/site-packages/pymysql/connections.py", line 847, in _read_query_result
[Mon Aug 31 07:48:23.262669 2026] [wsgi:error] [pid 12:tid 140464227456704] [remote 10.0.0.114:35578] 2026-08-31 07:48:23.232 12 ERROR keystone.server.flask.application result.read()
[Mon Aug 31 07:48:23.262675 2026] [wsgi:error] [pid 12:tid 140464227456704] [remote 10.0.0.114:35578] 2026-08-31 07:48:23.232 12 ERROR keystone.server.flask.application
File "/var/lib/openstack/lib/python3.12/site-packages/pymysql/connections.py", line 1245, in read
[Mon Aug 31 07:48:23.262678 2026] [wsgi:error] [pid 12:tid 140464227456704] [remote 10.0.0.114:35578] 2026-08-31 07:48:23.232 12 ERROR keystone.server.flask.application first_packet = self.connection._read_packet()
[Mon Aug 31 07:48:23.262680 2026] [wsgi:error] [pid 12:tid 140464227456704] [remote 10.0.0.114:35578] 2026-08-31 07:48:23.232 12 ERROR keystone.server.flask.application ^^^^^^^^^^^^^^^^^^^^^^^^^^^^^^
[Mon Aug 31 07:48:23.262683 2026] [wsgi:error] [pid 12:tid 140464227456704] [remote 10.0.0.114:35578] 2026-08-31 07:48:23.232 12 ERROR keystone.server.flask.application
File "/var/lib/openstack/lib/python3.12/site-packages/pymysql/connections.py", line 803, in _read_packet
[Mon Aug 31 07:48:23.262686 2026] [wsgi:error] [pid 12:tid 140464227456704] [remote 10.0.0.114:35578] 2026-08-31 07:48:23.232 12 ERROR keystone.server.flask.application packet.raise_for_error()
[Mon Aug 31 07:48:23.262688 2026] [wsgi:error] [pid 12:tid 140464227456704] [remote 10.0.0.114:35578] 2026-08-31 07:48:23.232 12 ERROR keystone.server.flask.application
File "/var/lib/openstack/lib/python3.12/site-packages/pymysql/protocol.py", line 219, in raise_for_error
[Mon Aug 31 07:48:23.262691 2026] [wsgi:error] [pid 12:tid 140464227456704] [remote 10.0.0.114:35578] 2026-08-31 07:48:23.232 12 ERROR keystone.server.flask.application err.raise_mysql_exception(self._data)
[Mon Aug 31 07:48:23.262694 2026] [wsgi:error] [pid 12:tid 140464227456704] [remote 10.0.0.114:35578] 2026-08-31 07:48:23.232 12 ERROR keystone.server.flask.application
File "/var/lib/openstack/lib/python3.12/site-packages/pymysql/err.py", line 154, in raise_mysql_exception
[Mon Aug 31 07:48:23.262697 2026] [wsgi:error] [pid 12:tid 140464227456704] [remote 10.0.0.114:35578] 2026-08-31 07:48:23.232 12 ERROR keystone.server.flask.application raise errorclass(errno, errval, sqlstate=sqlstate)
[Mon Aug 31 07:48:23.262700 2026] [wsgi:error] [pid 12:tid 140464227456704] [remote 10.0.0.114:35578] 2026-08-31 07:48:23.232 12 ERROR keystone.server.flask.application pymysql.err.IntegrityError: (1062, "Duplicate entry '<>-service' for key 'project.ixu_project_name_domain_id'")
[Mon Aug 31 07:48:23.262717 2026] [wsgi:error] [pid 12:tid 140464227456704] [remote 10.0.0.114:35578] 2026-08-31 07:48:23.232 12 ERROR keystone.server.flask.application
[Mon Aug 31 07:48:23.262720 2026] [wsgi:error] [pid 12:tid 140464227456704] [remote 10.0.0.114:35578] 2026-08-31 07:48:23.232 12 ERROR keystone.server.flask.application The above exception was the direct cause of the following exception:
[Mon Aug 31 07:48:23.262724 2026] [wsgi:error] [pid 12:tid 140464227456704] [remote 10.0.0.114:35578] 2026-08-31 07:48:23.232 12 ERROR keystone.server.flask.application
[Mon Aug 31 07:48:23.262727 2026] [wsgi:error] [pid 12:tid 140464227456704] [remote 10.0.0.114:35578] 2026-08-31 07:48:23.232 12 ERROR keystone.server.flask.application
Traceback (most recent call last):
[Mon Aug 31 07:48:23.262730 2026] [wsgi:error] [pid 12:tid 140464227456704] [remote 10.0.0.114:35578] 2026-08-31 07:48:23.232 12 ERROR keystone.server.flask.application
File "/var/lib/openstack/lib/python3.12/site-packages/keystone/common/sql/core.py", line 575, in wrapper
[Mon Aug 31 07:48:23.262734 2026] [wsgi:error] [pid 12:tid 140464227456704] [remote 10.0.0.114:35578] 2026-08-31 07:48:23.232 12 ERROR keystone.server.flask.application return method(*args, **kwargs)
[Mon Aug 31 07:48:23.262737 2026] [wsgi:error] [pid 12:tid 140464227456704] [remote 10.0.0.114:35578] 2026-08-31 07:48:23.232 12 ERROR keystone.server.flask.application ^^^^^^^^^^^^^^^^^^^^^^^
[Mon Aug 31 07:48:23.262741 2026] [wsgi:error] [pid 12:tid 140464227456704] [remote 10.0.0.114:35578] 2026-08-31 07:48:23.232 12 ERROR keystone.server.flask.application
File "/var/lib/openstack/lib/python3.12/site-packages/keystone/resource/backends/sql.py", line 278, in create_project
[Mon Aug 31 07:48:23.262745 2026] [wsgi:error] [pid 12:tid 140464227456704] [remote 10.0.0.114:35578] 2026-08-31 07:48:23.232 12 ERROR keystone.server.flask.application with sql.session_for_write() as session:
[Mon Aug 31 07:48:23.262749 2026] [wsgi:error] [pid 12:tid 140464227456704] [remote 10.0.0.114:35578] 2026-08-31 07:48:23.232 12 ERROR keystone.server.flask.application
File "/usr/lib/python3.12/contextlib.py", line 144, in __exit__
[Mon Aug 31 07:48:23.262756 2026] [wsgi:error] [pid 12:tid 140464227456704] [remote 10.0.0.114:35578] 2026-08-31 07:48:23.232 12 ERROR keystone.server.flask.application next(self.gen)
[Mon Aug 31 07:48:23.262759 2026] [wsgi:error] [pid 12:tid 140464227456704] [remote 10.0.0.114:35578] 2026-08-31 07:48:23.232 12 ERROR keystone.server.flask.application
File "/var/lib/openstack/lib/python3.12/site-packages/oslo_db/sqlalchemy/enginefacade.py", line 1175, in _transaction_scope
[Mon Aug 31 07:48:23.262764 2026] [wsgi:error] [pid 12:tid 140464227456704] [remote 10.0.0.114:35578] 2026-08-31 07:48:23.232 12 ERROR keystone.server.flask.application with current._produce_block(
[Mon Aug 31 07:48:23.262769 2026] [wsgi:error] [pid 12:tid 140464227456704] [remote 10.0.0.114:35578] 2026-08-31 07:48:23.232 12 ERROR keystone.server.flask.application
File "/usr/lib/python3.12/contextlib.py", line 144, in __exit__
[Mon Aug 31 07:48:23.262775 2026] [wsgi:error] [pid 12:tid 140464227456704] [remote 10.0.0.114:35578] 2026-08-31 07:48:23.232 12 ERROR keystone.server.flask.application next(self.gen)
[Mon Aug 31 07:48:23.262778 2026] [wsgi:error] [pid 12:tid 140464227456704] [remote 10.0.0.114:35578] 2026-08-31 07:48:23.232 12 ERROR keystone.server.flask.application
File "/var/lib/openstack/lib/python3.12/site-packages/oslo_db/sqlalchemy/enginefacade.py", line 837, in _session
[Mon Aug 31 07:48:23.262783 2026] [wsgi:error] [pid 12:tid 140464227456704] [remote 10.0.0.114:35578] 2026-08-31 07:48:23.232 12 ERROR keystone.server.flask.application with excutils.save_and_reraise_exception():
[Mon Aug 31 07:48:23.262787 2026] [wsgi:error] [pid 12:tid 140464227456704] [remote 10.0.0.114:35578] 2026-08-31 07:48:23.232 12 ERROR keystone.server.flask.application
File "/var/lib/openstack/lib/python3.12/site-packages/oslo_utils/excutils.py", line 266, in __exit__
[Mon Aug 31 07:48:23.262808 2026] [wsgi:error] [pid 12:tid 140464227456704] [remote 10.0.0.114:35578] 2026-08-31 07:48:23.232 12 ERROR keystone.server.flask.application self.force_reraise()
[Mon Aug 31 07:48:23.262811 2026] [wsgi:error] [pid 12:tid 140464227456704] [remote 10.0.0.114:35578] 2026-08-31 07:48:23.232 12 ERROR keystone.server.flask.application
File "/var/lib/openstack/lib/python3.12/site-packages/oslo_utils/excutils.py", line 232, in force_reraise
[Mon Aug 31 07:48:23.262815 2026] [wsgi:error] [pid 12:tid 140464227456704] [remote 10.0.0.114:35578] 2026-08-31 07:48:23.232 12 ERROR keystone.server.flask.application raise self.value
[Mon Aug 31 07:48:23.262819 2026] [wsgi:error] [pid 12:tid 140464227456704] [remote 10.0.0.114:35578] 2026-08-31 07:48:23.232 12 ERROR keystone.server.flask.application
File "/var/lib/openstack/lib/python3.12/site-packages/oslo_db/sqlalchemy/enginefacade.py", line 835, in _session
[Mon Aug 31 07:48:23.262823 2026] [wsgi:error] [pid 12:tid 140464227456704] [remote 10.0.0.114:35578] 2026-08-31 07:48:23.232 12 ERROR keystone.server.flask.application self._end_session_transaction(self.session)
[Mon Aug 31 07:48:23.262827 2026] [wsgi:error] [pid 12:tid 140464227456704] [remote 10.0.0.114:35578] 2026-08-31 07:48:23.232 12 ERROR keystone.server.flask.application
File "/var/lib/openstack/lib/python3.12/site-packages/oslo_db/sqlalchemy/enginefacade.py", line 748, in _end_session_transaction
[Mon Aug 31 07:48:23.262832 2026] [wsgi:error] [pid 12:tid 140464227456704] [remote 10.0.0.114:35578] 2026-08-31 07:48:23.232 12 ERROR keystone.server.flask.application session.commit()
[Mon Aug 31 07:48:23.262837 2026] [wsgi:error] [pid 12:tid 140464227456704] [remote 10.0.0.114:35578] 2026-08-31 07:48:23.232 12 ERROR keystone.server.flask.application
File "/var/lib/openstack/lib/python3.12/site-packages/sqlalchemy/orm/session.py", line 2034, in commit
[Mon Aug 31 07:48:23.262841 2026] [wsgi:error] [pid 12:tid 140464227456704] [remote 10.0.0.114:35578] 2026-08-31 07:48:23.232 12 ERROR keystone.server.flask.application trans.commit(_to_root=True)
[Mon Aug 31 07:48:23.262844 2026] [wsgi:error] [pid 12:tid 140464227456704] [remote 10.0.0.114:35578] 2026-08-31 07:48:23.232 12 ERROR keystone.server.flask.application File "", line 2, in commit
[Mon Aug 31 07:48:23.262848 2026] [wsgi:error] [pid 12:tid 140464227456704] [remote 10.0.0.114:35578] 2026-08-31 07:48:23.232 12 ERROR keystone.server.flask.application
File "/var/lib/openstack/lib/python3.12/site-packages/sqlalchemy/orm/state_changes.py", line 137, in _go
[Mon Aug 31 07:48:23.262853 2026] [wsgi:error] [pid 12:tid 140464227456704] [remote 10.0.0.114:35578] 2026-08-31 07:48:23.232 12 ERROR keystone.server.flask.application ret_value = fn(self, *arg, **kw)
[Mon Aug 31 07:48:23.262856 2026] [wsgi:error] [pid 12:tid 140464227456704] [remote 10.0.0.114:35578] 2026-08-31 07:48:23.232 12 ERROR keystone.server.flask.application ^^^^^^^^^^^^^^^^^^^^
[Mon Aug 31 07:48:23.262862 2026] [wsgi:error] [pid 12:tid 140464227456704] [remote 10.0.0.114:35578] 2026-08-31 07:48:23.232 12 ERROR keystone.server.flask.application
File "/var/lib/openstack/lib/python3.12/site-packages/sqlalchemy/orm/session.py", line 1315, in commit
[Mon Aug 31 07:48:23.262866 2026] [wsgi:error] [pid 12:tid 140464227456704] [remote 10.0.0.114:35578] 2026-08-31 07:48:23.232 12 ERROR keystone.server.flask.application self._prepare_impl()
[Mon Aug 31 07:48:23.262871 2026] [wsgi:error] [pid 12:tid 140464227456704] [remote 10.0.0.114:35578] 2026-08-31 07:48:23.232 12 ERROR keystone.server.flask.application File "", line 2, in _prepare_impl
[Mon Aug 31 07:48:23.262875 2026] [wsgi:error] [pid 12:tid 140464227456704] [remote 10.0.0.114:35578] 2026-08-31 07:48:23.232 12 ERROR keystone.server.flask.application
File "/var/lib/openstack/lib/python3.12/site-packages/sqlalchemy/orm/state_changes.py", line 137, in _go
[Mon Aug 31 07:48:23.262880 2026] [wsgi:error] [pid 12:tid 140464227456704] [remote 10.0.0.114:35578] 2026-08-31 07:48:23.232 12 ERROR keystone.server.flask.application ret_value = fn(self, *arg, **kw)
[Mon Aug 31 07:48:23.262883 2026] [wsgi:error] [pid 12:tid 140464227456704] [remote 10.0.0.114:35578] 2026-08-31 07:48:23.232 12 ERROR keystone.server.flask.application ^^^^^^^^^^^^^^^^^^^^
[Mon Aug 31 07:48:23.262887 2026] [wsgi:error] [pid 12:tid 140464227456704] [remote 10.0.0.114:35578] 2026-08-31 07:48:23.232 12 ERROR keystone.server.flask.application
File "/var/lib/openstack/lib/python3.12/site-packages/sqlalchemy/orm/session.py", line 1290, in _prepare_impl
[Mon Aug 31 07:48:23.262892 2026] [wsgi:error] [pid 12:tid 140464227456704] [remote 10.0.0.114:35578] 2026-08-31 07:48:23.232 12 ERROR keystone.server.flask.application self.session.flush()
[Mon Aug 31 07:48:23.262896 2026] [wsgi:error] [pid 12:tid 140464227456704] [remote 10.0.0.114:35578] 2026-08-31 07:48:23.232 12 ERROR keystone.server.flask.application
File "/var/lib/openstack/lib/python3.12/site-packages/sqlalchemy/orm/session.py", line 4352, in flush
[Mon Aug 31 07:48:23.262901 2026] [wsgi:error] [pid 12:tid 140464227456704] [remote 10.0.0.114:35578] 2026-08-31 07:48:23.232 12 ERROR keystone.server.flask.application self._flush(objects)
[Mon Aug 31 07:48:23.262904 2026] [wsgi:error] [pid 12:tid 140464227456704] [remote 10.0.0.114:35578] 2026-08-31 07:48:23.232 12 ERROR keystone.server.flask.application
File "/var/lib/openstack/lib/python3.12/site-packages/sqlalchemy/orm/session.py", line 4487, in _flush
[Mon Aug 31 07:48:23.262908 2026] [wsgi:error] [pid 12:tid 140464227456704] [remote 10.0.0.114:35578] 2026-08-31 07:48:23.232 12 ERROR keystone.server.flask.application with util.safe_reraise():
[Mon Aug 31 07:48:23.262913 2026] [wsgi:error] [pid 12:tid 140464227456704] [remote 10.0.0.114:35578] 2026-08-31 07:48:23.232 12 ERROR keystone.server.flask.application
File "/var/lib/openstack/lib/python3.12/site-packages/sqlalchemy/util/langhelpers.py", line 122, in __exit__
[Mon Aug 31 07:48:23.262918 2026] [wsgi:error] [pid 12:tid 140464227456704] [remote 10.0.0.114:35578] 2026-08-31 07:48:23.232 12 ERROR keystone.server.flask.application raise exc_value.with_traceback(exc_tb)
[Mon Aug 31 07:48:23.262923 2026] [wsgi:error] [pid 12:tid 140464227456704] [remote 10.0.0.114:35578] 2026-08-31 07:48:23.232 12 ERROR keystone.server.flask.application
File "/var/lib/openstack/lib/python3.12/site-packages/sqlalchemy/orm/session.py", line 4448, in _flush
[Mon Aug 31 07:48:23.262928 2026] [wsgi:error] [pid 12:tid 140464227456704] [remote 10.0.0.114:35578] 2026-08-31 07:48:23.232 12 ERROR keystone.server.flask.application flush_context.execute()
[Mon Aug 31 07:48:23.262932 2026] [wsgi:error] [pid 12:tid 140464227456704] [remote 10.0.0.114:35578] 2026-08-31 07:48:23.232 12 ERROR keystone.server.flask.application
