Jul 27 19:41:19.310870 np0000187085 devstack@neutron-api.service[102297]: DEBUG ovsdbapp.backend.ovs_idl [None req-9fa47bbd-50e1-4ca7-aa0e-60920d61e774 None None] Created schema index Meter.name {{(pid=102297) autocreate_indices /opt/stack/data/venv/lib/python3.12/site-packages/ovsdbapp/backend/ovs_idl/__init__.py:106}}
Jul 27 19:41:19.310870 np0000187085 devstack@neutron-api.service[102297]: DEBUG ovsdbapp.backend.ovs_idl [None req-9fa47bbd-50e1-4ca7-aa0e-60920d61e774 None None] Created schema index Load_Balancer_Group.name {{(pid=102297) autocreate_indices /opt/stack/data/venv/lib/python3.12/site-packages/ovsdbapp/backend/ovs_idl/__init__.py:106}}
Jul 27 19:41:19.311003 np0000187085 devstack@neutron-api.service[102297]: DEBUG ovsdbapp.backend.ovs_idl [None req-9fa47bbd-50e1-4ca7-aa0e-60920d61e774 None None] Created schema index HA_Chassis_Group.name {{(pid=102297) autocreate_indices /opt/stack/data/venv/lib/python3.12/site-packages/ovsdbapp/backend/ovs_idl/__init__.py:106}}
Jul 27 19:41:19.311098 np0000187085 devstack@neutron-api.service[102297]: DEBUG ovsdbapp.backend.ovs_idl [None req-9fa47bbd-50e1-4ca7-aa0e-60920d61e774 None None] Created schema index Address_Set.name {{(pid=102297) autocreate_indices /opt/stack/data/venv/lib/python3.12/site-packages/ovsdbapp/backend/ovs_idl/__init__.py:106}}
Jul 27 19:41:19.311189 np0000187085 devstack@neutron-api.service[102297]: DEBUG ovsdbapp.backend.ovs_idl [None req-9fa47bbd-50e1-4ca7-aa0e-60920d61e774 None None] Created schema index Connection.target {{(pid=102297) autocreate_indices /opt/stack/data/venv/lib/python3.12/site-packages/ovsdbapp/backend/ovs_idl/__init__.py:106}}
Jul 27 19:41:19.311292 np0000187085 devstack@neutron-api.service[102297]: DEBUG ovsdbapp.backend.ovs_idl [None req-9fa47bbd-50e1-4ca7-aa0e-60920d61e774 None None] Created schema index Gateway_Chassis.name {{(pid=102297) autocreate_indices /opt/stack/data/venv/lib/python3.12/site-packages/ovsdbapp/backend/ovs_idl/__init__.py:106}}
Jul 27 19:41:19.311292 np0000187085 devstack@neutron-api.service[102297]: DEBUG ovsdbapp.backend.ovs_idl [None req-9fa47bbd-50e1-4ca7-aa0e-60920d61e774 None None] Created schema index Mirror.name {{(pid=102297) autocreate_indices /opt/stack/data/venv/lib/python3.12/site-packages/ovsdbapp/backend/ovs_idl/__init__.py:106}}
Jul 27 19:41:19.311371 np0000187085 devstack@neutron-api.service[102297]: DEBUG ovsdbapp.backend.ovs_idl [None req-9fa47bbd-50e1-4ca7-aa0e-60920d61e774 None None] Created schema index Chassis_Template_Var.chassis {{(pid=102297) autocreate_indices /opt/stack/data/venv/lib/python3.12/site-packages/ovsdbapp/backend/ovs_idl/__init__.py:106}}
Jul 27 19:41:19.311493 np0000187085 devstack@neutron-api.service[102297]: DEBUG ovsdbapp.backend.ovs_idl [None req-9fa47bbd-50e1-4ca7-aa0e-60920d61e774 None None] Created schema index Logical_Router_Port.name {{(pid=102297) autocreate_indices /opt/stack/data/venv/lib/python3.12/site-packages/ovsdbapp/backend/ovs_idl/__init__.py:106}}
Jul 27 19:41:19.311654 np0000187085 devstack@neutron-api.service[102297]: DEBUG ovsdbapp.backend.ovs_idl [None req-9fa47bbd-50e1-4ca7-aa0e-60920d61e774 None None] Created schema index Port_Group.name {{(pid=102297) autocreate_indices /opt/stack/data/venv/lib/python3.12/site-packages/ovsdbapp/backend/ovs_idl/__init__.py:106}}
Jul 27 19:41:19.311750 np0000187085 devstack@neutron-api.service[102297]: DEBUG ovsdbapp.backend.ovs_idl [None req-9fa47bbd-50e1-4ca7-aa0e-60920d61e774 None None] Created schema index Logical_Switch_Port.name {{(pid=102297) autocreate_indices /opt/stack/data/venv/lib/python3.12/site-packages/ovsdbapp/backend/ovs_idl/__init__.py:106}}
Jul 27 19:41:19.314493 np0000187085 devstack@neutron-api.service[102297]: INFO ovsdbapp.backend.ovs_idl.vlog [None req-9fa47bbd-50e1-4ca7-aa0e-60920d61e774 None None] ssl:199.204.45.205:6641: connecting...
Jul 27 19:41:19.314755 np0000187085 devstack@neutron-api.service[102296]: DEBUG oslo_concurrency.processutils [None req-733f9475-a0b8-4d2c-926b-638c31b60447 None None] CMD "ovsdb-client transact ssl:199.204.45.205:6641 --timeout 180 -p /opt/stack/data/CA/int-ca/private/devstack-cert.key -c /opt/stack/data/CA/int-ca/devstack-cert.crt -C /opt/stack/data/CA/int-ca/ca-chain.pem ["OVN_Northbound", {"op": "wait", "timeout": 0, "table": "Port_Group", "where": [["name", "==", "pvlan_pg_drop"]], "until": "==", "rows": []}, {"op": "insert", "table": "ACL", "row": {"action": "drop", "direction": "to-lport", "match": "outport == @pvlan_pg_drop && ip", "priority": 1010}, "uuid-name": "pvlandroptoport"}, {"op": "insert", "table": "ACL", "row": {"action": "drop", "direction": "from-lport", "match": "inport == @pvlan_pg_drop && ip", "priority": 1010}, "uuid-name": "pvlandropfromport"}, {"op": "insert", "table": "Port_Group", "row": {"name": "pvlan_pg_drop", "acls": ["set", [["named-uuid", "pvlandroptoport"], ["named-uuid", "pvlandropfromport"]]]}}]" returned: 0 in 0.040s {{(pid=102296) execute /opt/stack/data/venv/lib/python3.12/site-packages/oslo_concurrency/processutils.py:468}}
Jul 27 19:41:19.318655 np0000187085 devstack@neutron-api.service[102296]: WSGI app 0 (mountpoint='') ready in 8 seconds on interpreter 0x7187b6ea4668 pid: 102296 (default app)
Jul 27 19:41:19.320531 np0000187085 devstack@neutron-api.service[102297]: INFO ovsdbapp.backend.ovs_idl.vlog [None req-9fa47bbd-50e1-4ca7-aa0e-60920d61e774 None None] ssl:199.204.45.205:6641: connected
Jul 27 19:41:19.354969 np0000187085 devstack@neutron-api.service[102297]: DEBUG neutron.common.ovn.hash_ring_manager [None req-9fa47bbd-50e1-4ca7-aa0e-60920d61e774 None None] Allow caching, nodes 4>=4 {{(pid=102297) _wait_startup_before_caching /opt/stack/neutron/neutron/common/ovn/hash_ring_manager.py:71}}
Jul 27 19:41:19.360646 np0000187085 devstack@neutron-api.service[102297]: DEBUG neutron.common.ovn.hash_ring_manager [None req-9fa47bbd-50e1-4ca7-aa0e-60920d61e774 None None] Hash Ring loaded. 4 active nodes. 0 offline nodes {{(pid=102297) _load_hash_ring /opt/stack/neutron/neutron/common/ovn/hash_ring_manager.py:110}}
Jul 27 19:41:19.360910 np0000187085 devstack@neutron-api.service[102297]: DEBUG neutron.plugins.ml2.drivers.ovn.mech_driver.ovsdb.ovsdb_monitor [None req-9fa47bbd-50e1-4ca7-aa0e-60920d61e774 None None] Hash Ring: Node dd835738a75558f7820e23219f668b56 (host: np0000187085) handling event "create" for row e5d7b64e-19d1-4cfb-8d13-1a16244dd522 (table: ACL) {{(pid=102297) notify /opt/stack/neutron/neutron/plugins/ml2/drivers/ovn/mech_driver/ovsdb/ovsdb_monitor.py:1013}}
Jul 27 19:41:19.361091 np0000187085 devstack@neutron-api.service[102297]: DEBUG neutron.plugins.ml2.drivers.ovn.mech_driver.ovsdb.ovsdb_monitor [None req-9fa47bbd-50e1-4ca7-aa0e-60920d61e774 None None] Hash Ring: Node dd835738a75558f7820e23219f668b56 (host: np0000187085) handling event "create" for row 44107ab8-7ee1-4d4c-beae-9cafeeb9589d (table: NB_Global) {{(pid=102297) notify /opt/stack/neutron/neutron/plugins/ml2/drivers/ovn/mech_driver/ovsdb/ovsdb_monitor.py:1013}}
Jul 27 19:41:19.361241 np0000187085 devstack@neutron-api.service[102297]: DEBUG neutron.plugins.ml2.drivers.ovn.mech_driver.ovsdb.ovsdb_monitor [None req-9fa47bbd-50e1-4ca7-aa0e-60920d61e774 None None] Hash Ring: Node dd835738a75558f7820e23219f668b56 (host: np0000187085) handling event "create" for row 0823adc5-3f5d-409a-8a32-6477768e4028 (table: Port_Group) {{(pid=102297) notify /opt/stack/neutron/neutron/plugins/ml2/drivers/ovn/mech_driver/ovsdb/ovsdb_monitor.py:1013}}
Jul 27 19:41:19.362331 np0000187085 devstack@neutron-api.service[102297]: INFO neutron.plugins.ml2.drivers.ovn.mech_driver.ovsdb.impl_idl_ovn [None req-9fa47bbd-50e1-4ca7-aa0e-60920d61e774 None None] Getting OvsdbSbOvnIdl for WorkerService with retry
Jul 27 19:41:19.393434 np0000187085 devstack@neutron-api.service[102297]: DEBUG ovsdbapp.backend.ovs_idl [None req-9fa47bbd-50e1-4ca7-aa0e-60920d61e774 None None] Created lookup_table index Chassis.name {{(pid=102297) autocreate_indices /opt/stack/data/venv/lib/python3.12/site-packages/ovsdbapp/backend/ovs_idl/__init__.py:87}}
Jul 27 19:41:19.393575 np0000187085 devstack@neutron-api.service[102297]: DEBUG ovsdbapp.backend.ovs_idl [None req-9fa47bbd-50e1-4ca7-aa0e-60920d61e774 None None] Created lookup_table index Port_Binding.logical_port {{(pid=102297) autocreate_indices /opt/stack/data/venv/lib/python3.12/site-packages/ovsdbapp/backend/ovs_idl/__init__.py:87}}
Jul 27 19:41:19.393664 np0000187085 devstack@neutron-api.service[102297]: DEBUG ovsdbapp.backend.ovs_idl [None req-9fa47bbd-50e1-4ca7-aa0e-60920d61e774 None None] Created schema index Chassis_Private.name {{(pid=102297) autocreate_indices /opt/stack/data/venv/lib/python3.12/site-packages/ovsdbapp/backend/ovs_idl/__init__.py:106}}
Jul 27 19:41:19.393727 np0000187085 devstack@neutron-api.service[102297]: DEBUG ovsdbapp.backend.ovs_idl [None req-9fa47bbd-50e1-4ca7-aa0e-60920d61e774 None None] Created schema index Datapath_Binding.tunnel_key {{(pid=102297) autocreate_indices /opt/stack/data/venv/lib/python3.12/site-packages/ovsdbapp/backend/ovs_idl/__init__.py:106}}
Jul 27 19:41:19.396152 np0000187085 devstack@neutron-api.service[102297]: INFO ovsdbapp.backend.ovs_idl.vlog [None req-9fa47bbd-50e1-4ca7-aa0e-60920d61e774 None None] ssl:199.204.45.205:6642: connecting...
Jul 27 19:41:19.401189 np0000187085 devstack@neutron-api.service[102297]: INFO ovsdbapp.backend.ovs_idl.vlog [None req-9fa47bbd-50e1-4ca7-aa0e-60920d61e774 None None] ssl:199.204.45.205:6642: connected
Jul 27 19:41:19.432177 np0000187085 devstack@neutron-api.service[102297]: DEBUG neutron.common.ovn.hash_ring_manager [None req-9fa47bbd-50e1-4ca7-aa0e-60920d61e774 None None] Allow caching, nodes 4>=4 {{(pid=102297) _wait_startup_before_caching /opt/stack/neutron/neutron/common/ovn/hash_ring_manager.py:71}}
Jul 27 19:41:19.437376 np0000187085 devstack@neutron-api.service[102297]: DEBUG neutron.common.ovn.hash_ring_manager [None req-9fa47bbd-50e1-4ca7-aa0e-60920d61e774 None None] Hash Ring loaded. 4 active nodes. 0 offline nodes {{(pid=102297) _load_hash_ring /opt/stack/neutron/neutron/common/ovn/hash_ring_manager.py:110}}
Jul 27 19:41:19.438074 np0000187085 devstack@neutron-api.service[102297]: DEBUG ovsdbapp.backend.ovs_idl.event [None req-9fa47bbd-50e1-4ca7-aa0e-60920d61e774 None None] Matched CREATE: ChassisAgentWriteEvent(events=('create', 'update'), table='Chassis_Private', conditions=None, old_conditions=None), priority=20 to row=Chassis_Private(uuid=ffb18b9e-1bf7-4e07-95d9-769ef558e9e3, chassis=226610a3-5edd-4c0b-8621-30ef050c8901, external_ids={'neutron:ovn-bridge': 'br-int', 'neutron:ovn-neutron-agent-id': '45f13265-89a1-5f0b-bf71-931a80c76cbb', 'neutron:ovn-neutron-agent-sb-cfg': '0'}, name='b499c459-41f3-4368-a845-7084e2f5b1f3', nb_cfg=0, nb_cfg_timestamp=0) old= {{(pid=102297) matches /opt/stack/data/venv/lib/python3.12/site-packages/ovsdbapp/backend/ovs_idl/event.py:55}}
Jul 27 19:41:19.438562 np0000187085 devstack@neutron-api.service[102297]: DEBUG ovsdbapp.backend.ovs_idl.event [None req-9fa47bbd-50e1-4ca7-aa0e-60920d61e774 None None] Matched CREATE: ChassisOVNAgentWriteEvent(events=('create', 'update'), table='Chassis_Private', conditions=None, old_conditions=None), priority=20 to row=Chassis_Private(uuid=ffb18b9e-1bf7-4e07-95d9-769ef558e9e3, chassis=226610a3-5edd-4c0b-8621-30ef050c8901, external_ids={'neutron:ovn-bridge': 'br-int', 'neutron:ovn-neutron-agent-id': '45f13265-89a1-5f0b-bf71-931a80c76cbb', 'neutron:ovn-neutron-agent-sb-cfg': '0'}, name='b499c459-41f3-4368-a845-7084e2f5b1f3', nb_cfg=0, nb_cfg_timestamp=0) old= {{(pid=102297) matches /opt/stack/data/venv/lib/python3.12/site-packages/ovsdbapp/backend/ovs_idl/event.py:55}}
Jul 27 19:41:19.438962 np0000187085 devstack@neutron-api.service[102297]: DEBUG neutron.plugins.ml2.drivers.ovn.mech_driver.ovsdb.ovsdb_monitor [None req-9fa47bbd-50e1-4ca7-aa0e-60920d61e774 None None] Hash Ring: Node dd835738a75558f7820e23219f668b56 (host: np0000187085) handling event "create" for row ffb18b9e-1bf7-4e07-95d9-769ef558e9e3 (table: Chassis_Private) {{(pid=102297) notify /opt/stack/neutron/neutron/plugins/ml2/drivers/ovn/mech_driver/ovsdb/ovsdb_monitor.py:1013}}
Jul 27 19:41:19.441928 np0000187085 devstack@neutron-api.service[102297]: INFO neutron.plugins.ml2.drivers.ovn.mech_driver.mech_driver [None req-9fa47bbd-50e1-4ca7-aa0e-60920d61e774 None None] WorkerService process has finished the post initialization
Jul 27 19:41:19.442307 np0000187085 devstack@neutron-api.service[102297]: DEBUG oslo_concurrency.processutils [None req-9fa47bbd-50e1-4ca7-aa0e-60920d61e774 None None] Running cmd (subprocess): ovsdb-client transact ssl:199.204.45.205:6641 --timeout 180 -p /opt/stack/data/CA/int-ca/private/devstack-cert.key -c /opt/stack/data/CA/int-ca/devstack-cert.crt -C /opt/stack/data/CA/int-ca/ca-chain.pem ["OVN_Northbound", {"op": "wait", "timeout": 0, "table": "Port_Group", "where": [["name", "==", "pvlan_pg_drop"]], "until": "==", "rows": []}, {"op": "insert", "table": "ACL", "row": {"action": "drop", "direction": "to-lport", "match": "outport == @pvlan_pg_drop && ip", "priority": 1010}, "uuid-name": "pvlandroptoport"}, {"op": "insert", "table": "ACL", "row": {"action": "drop", "direction": "from-lport", "match": "inport == @pvlan_pg_drop && ip", "priority": 1010}, "uuid-name": "pvlandropfromport"}, {"op": "insert", "table": "Port_Group", "row": {"name": "pvlan_pg_drop", "acls": ["set", [["named-uuid", "pvlandroptoport"], ["named-uuid", "pvlandropfromport"]]]}}] {{(pid=102297) execute /opt/stack/data/venv/lib/python3.12/site-packages/oslo_concurrency/processutils.py:440}}
Jul 27 19:41:19.485168 np0000187085 devstack@neutron-api.service[102297]: DEBUG oslo_concurrency.processutils [None req-9fa47bbd-50e1-4ca7-aa0e-60920d61e774 None None] CMD "ovsdb-client transact ssl:199.204.45.205:6641 --timeout 180 -p /opt/stack/data/CA/int-ca/private/devstack-cert.key -c /opt/stack/data/CA/int-ca/devstack-cert.crt -C /opt/stack/data/CA/int-ca/ca-chain.pem ["OVN_Northbound", {"op": "wait", "timeout": 0, "table": "Port_Group", "where": [["name", "==", "pvlan_pg_drop"]], "until": "==", "rows": []}, {"op": "insert", "table": "ACL", "row": {"action": "drop", "direction": "to-lport", "match": "outport == @pvlan_pg_drop && ip", "priority": 1010}, "uuid-name": "pvlandroptoport"}, {"op": "insert", "table": "ACL", "row": {"action": "drop", "direction": "from-lport", "match": "inport == @pvlan_pg_drop && ip", "priority": 1010}, "uuid-name": "pvlandropfromport"}, {"op": "insert", "table": "Port_Group", "row": {"name": "pvlan_pg_drop", "acls": ["set", [["named-uuid", "pvlandroptoport"], ["named-uuid", "pvlandropfromport"]]]}}]" returned: 0 in 0.042s {{(pid=102297) execute /opt/stack/data/venv/lib/python3.12/site-packages/oslo_concurrency/processutils.py:468}}
Jul 27 19:41:19.488651 np0000187085 devstack@neutron-api.service[102297]: WSGI app 0 (mountpoint='') ready in 8 seconds on interpreter 0x7187b6ea4668 pid: 102297 (default app)
Jul 27 19:41:20.350217 np0000187085 devstack@neutron-api.service[102298]: DEBUG neutron.common.ovn.hash_ring_manager [-] Allow caching, nodes 4>=4 {{(pid=102298) _wait_startup_before_caching /opt/stack/neutron/neutron/common/ovn/hash_ring_manager.py:71}}
Jul 27 19:41:20.350628 np0000187085 devstack@neutron-api.service[102299]: DEBUG neutron.common.ovn.hash_ring_manager [-] Allow caching, nodes 4>=4 {{(pid=102299) _wait_startup_before_caching /opt/stack/neutron/neutron/common/ovn/hash_ring_manager.py:71}}
Jul 27 19:41:20.350941 np0000187085 devstack@neutron-api.service[102299]: DEBUG neutron.plugins.ml2.drivers.ovn.mech_driver.ovsdb.ovsdb_monitor [-] Hash Ring: Node 053b5e60540b5ff99adffc3a9dfbaff1 (host: np0000187085) handling event "update" for row a4bf9a17-52d3-464a-b93e-535223d21994 (table: Connection) {{(pid=102299) notify /opt/stack/neutron/neutron/plugins/ml2/drivers/ovn/mech_driver/ovsdb/ovsdb_monitor.py:1013}}
Jul 27 19:41:20.351233 np0000187085 devstack@neutron-api.service[102298]: DEBUG neutron.plugins.ml2.drivers.ovn.mech_driver.ovsdb.ovsdb_monitor [-] Hash Ring: Node f1a0c19828d953cc88b74ff258f21e2e (host: np0000187085) handling event "update" for row a4bf9a17-52d3-464a-b93e-535223d21994 (table: Connection) {{(pid=102298) notify /opt/stack/neutron/neutron/plugins/ml2/drivers/ovn/mech_driver/ovsdb/ovsdb_monitor.py:1013}}
Jul 27 19:41:20.353298 np0000187085 devstack@neutron-api.service[102296]: DEBUG neutron.common.ovn.hash_ring_manager [-] Allow caching, nodes 4>=4 {{(pid=102296) _wait_startup_before_caching /opt/stack/neutron/neutron/common/ovn/hash_ring_manager.py:71}}
Jul 27 19:41:22.884020 np0000187085 devstack@neutron-api.service[102299]: DEBUG neutron.plugins.ml2.drivers.ovn.mech_driver.ovsdb.ovsdb_monitor [-] Hash Ring: Node 053b5e60540b5ff99adffc3a9dfbaff1 (host: np0000187085) handling event "update" for row a4bf9a17-52d3-464a-b93e-535223d21994 (table: Connection) {{(pid=102299) notify /opt/stack/neutron/neutron/plugins/ml2/drivers/ovn/mech_driver/ovsdb/ovsdb_monitor.py:1013}}
Jul 27 19:41:22.886441 np0000187085 devstack@neutron-api.service[102298]: DEBUG neutron.plugins.ml2.drivers.ovn.mech_driver.ovsdb.ovsdb_monitor [-] Hash Ring: Node f1a0c19828d953cc88b74ff258f21e2e (host: np0000187085) handling event "update" for row a4bf9a17-52d3-464a-b93e-535223d21994 (table: Connection) {{(pid=102298) notify /opt/stack/neutron/neutron/plugins/ml2/drivers/ovn/mech_driver/ovsdb/ovsdb_monitor.py:1013}}
Jul 27 19:41:26.038864 np0000187085 devstack@neutron-api.service[102298]: DEBUG neutron.api.wsgi [None req-60e52df6-2401-49e3-8db2-aacf75eadf25 admin admin] Missing Content-Type {{(pid=102298) get_content_type /opt/stack/neutron/neutron/api/wsgi.py:80}}
Jul 27 19:41:26.039672 np0000187085 devstack@neutron-api.service[102298]: DEBUG neutron.api.wsgi [None req-60e52df6-2401-49e3-8db2-aacf75eadf25 admin admin] https://199.204.45.205/networking/v2.0/extensions returned with HTTP 200 {{(pid=102298) __call__ /opt/stack/neutron/neutron/api/wsgi.py:540}}
Jul 27 19:41:26.039672 np0000187085 devstack@neutron-api.service[102298]: [pid: 102298|app: 0|req: 2/2] 199.204.45.205 () {64 vars in 1323 bytes} [Mon Jul 27 19:41:25 2026] GET /networking/v2.0/extensions => generated 16171 bytes in 475 msecs (HTTP/1.1 200) 4 headers in 159 bytes (1 switches on core 0)
Jul 27 19:41:26.463755 np0000187085 devstack@neutron-api.service[102299]: DEBUG neutron.api.v2.base [None req-2dbd0c76-1e21-4220-b9e5-1aab8c881b0b admin admin] Request body: {'subnetpool': {'default_prefixlen': 26, 'shared': True, 'name': 'shared-default-subnetpool-v4', 'prefixes': ['10.1.0.0/20'], 'is_default': True}} {{(pid=102299) prepare_request_body /opt/stack/neutron/neutron/api/v2/base.py:727}}
Jul 27 19:41:26.653932 np0000187085 devstack@neutron-api.service[102299]: DEBUG neutron.policy [None req-2dbd0c76-1e21-4220-b9e5-1aab8c881b0b admin admin] Loaded default policies from ['neutron'] under neutron.policies entry points {{(pid=102299) register_rules /opt/stack/neutron/neutron/policy.py:65}}
Jul 27 19:41:26.811460 np0000187085 devstack@neutron-api.service[102299]: DEBUG neutron_lib.callbacks.manager [None req-2dbd0c76-1e21-4220-b9e5-1aab8c881b0b admin admin] Publish callbacks ['neutron.objects.securitygroup.RbacNeutronDbObjectMixin.validate_rbac_policy_change-1506045581732', 'neutron.objects.address_group.RbacNeutronDbObjectMixin.validate_rbac_policy_change-1506043508451', 'neutron.objects.network.RbacNeutronDbObjectMixin.validate_rbac_policy_change-1506045477521', 'neutron.objects.qos.policy.RbacNeutronDbObjectMixin.validate_rbac_policy_change-1506045485420', 'neutron.objects.subnetpool.RbacNeutronDbObjectMixin.validate_rbac_policy_change-1506045508607', 'neutron.objects.address_scope.RbacNeutronDbObjectMixin.validate_rbac_policy_change-1506045497239', 'neutron.plugins.ml2.plugin.External_net_db_mixin._process_ext_policy_create-33307024', 'neutron.plugins.ml2.plugin.NeutronDbPluginV2.validate_network_rbac_policy_change-33392036'] for rbac-policy (None), before_create {{(pid=102299) _notify_loop /opt/stack/data/venv/lib/python3.12/site-packages/neutron_lib/callbacks/manager.py:184}}
Jul 27 19:41:26.869387 np0000187085 devstack@neutron-api.service[102299]: DEBUG neutron_lib.callbacks.manager [None req-2dbd0c76-1e21-4220-b9e5-1aab8c881b0b admin admin] Publish callbacks [] for subnetpool (None), before_response {{(pid=102299) _notify_loop /opt/stack/data/venv/lib/python3.12/site-packages/neutron_lib/callbacks/manager.py:184}}
Jul 27 19:41:26.870303 np0000187085 devstack@neutron-api.service[102299]: [pid: 102299|app: 0|req: 1/3] 199.204.45.205 () {68 vars in 1367 bytes} [Mon Jul 27 19:41:26 2026] POST /networking/v2.0/subnetpools => generated 533 bytes in 523 msecs (HTTP/1.1 201) 4 headers in 162 bytes (1 switches on core 0)
Jul 27 19:41:27.214954 np0000187085 devstack@neutron-api.service[102296]: DEBUG neutron.api.v2.base [None req-06a17129-4b6f-44bb-9c8b-1764f621e29b admin admin] Request body: {'subnetpool': {'default_prefixlen': 64, 'shared': True, 'name': 'shared-default-subnetpool-v6', 'prefixes': ['fddd:361a:7136::/56'], 'is_default': True}} {{(pid=102296) prepare_request_body /opt/stack/neutron/neutron/api/v2/base.py:727}}
Jul 27 19:41:27.376099 np0000187085 devstack@neutron-api.service[102296]: DEBUG neutron.policy [None req-06a17129-4b6f-44bb-9c8b-1764f621e29b admin admin] Loaded default policies from ['neutron'] under neutron.policies entry points {{(pid=102296) register_rules /opt/stack/neutron/neutron/policy.py:65}}
Jul 27 19:41:27.554459 np0000187085 devstack@neutron-api.service[102296]: DEBUG neutron_lib.callbacks.manager [None req-06a17129-4b6f-44bb-9c8b-1764f621e29b admin admin] Publish callbacks ['neutron.objects.securitygroup.RbacNeutronDbObjectMixin.validate_rbac_policy_change-1506045560111', 'neutron.objects.address_group.RbacNeutronDbObjectMixin.validate_rbac_policy_change-1506043519350', 'neutron.objects.network.RbacNeutronDbObjectMixin.validate_rbac_policy_change-1506045468231', 'neutron.objects.qos.policy.RbacNeutronDbObjectMixin.validate_rbac_policy_change-1506045461439', 'neutron.objects.subnetpool.RbacNeutronDbObjectMixin.validate_rbac_policy_change-1506045471613', 'neutron.objects.address_scope.RbacNeutronDbObjectMixin.validate_rbac_policy_change-1506045514257', 'neutron.plugins.ml2.plugin.External_net_db_mixin._process_ext_policy_create-33427706', 'neutron.plugins.ml2.plugin.NeutronDbPluginV2.validate_network_rbac_policy_change-33453206'] for rbac-policy (None), before_create {{(pid=102296) _notify_loop /opt/stack/data/venv/lib/python3.12/site-packages/neutron_lib/callbacks/manager.py:184}}
Jul 27 19:41:27.609206 np0000187085 devstack@neutron-api.service[102296]: DEBUG neutron_lib.callbacks.manager [None req-06a17129-4b6f-44bb-9c8b-1764f621e29b admin admin] Publish callbacks [] for subnetpool (None), before_response {{(pid=102296) _notify_loop /opt/stack/data/venv/lib/python3.12/site-packages/neutron_lib/callbacks/manager.py:184}}
Jul 27 19:41:27.610382 np0000187085 devstack@neutron-api.service[102296]: [pid: 102296|app: 0|req: 1/4] 199.204.45.205 () {68 vars in 1367 bytes} [Mon Jul 27 19:41:27 2026] POST /networking/v2.0/subnetpools => generated 543 bytes in 513 msecs (HTTP/1.1 201) 4 headers in 162 bytes (1 switches on core 0)
Jul 27 19:41:28.050625 np0000187085 devstack@neutron-api.service[102297]: DEBUG neutron.api.v2.base [None req-3c86fdd1-a428-4272-bd96-277b8fbeb513 admin admin] Request body: {'network': {'name': 'private', 'admin_state_up': True}} {{(pid=102297) prepare_request_body /opt/stack/neutron/neutron/api/v2/base.py:727}}
Jul 27 19:41:28.124672 np0000187085 devstack@neutron-api.service[102297]: DEBUG neutron.pecan_wsgi.hooks.quota_enforcement [None req-3c86fdd1-a428-4272-bd96-277b8fbeb513 admin admin] Made reservation on behalf of 83b255c3473342f8829cfc0c99a50a77 for: {'network': 1} {{(pid=102297) before /opt/stack/neutron/neutron/pecan_wsgi/hooks/quota_enforcement.py:66}}
Jul 27 19:41:28.286613 np0000187085 devstack@neutron-api.service[102297]: DEBUG neutron.policy [None req-3c86fdd1-a428-4272-bd96-277b8fbeb513 admin admin] Loaded default policies from ['neutron'] under neutron.policies entry points {{(pid=102297) register_rules /opt/stack/neutron/neutron/policy.py:65}}
Jul 27 19:41:28.388536 np0000187085 devstack@neutron-api.service[102297]: DEBUG neutron_lib.callbacks.manager [None req-3c86fdd1-a428-4272-bd96-277b8fbeb513 admin admin] Publish callbacks ['neutron.plugins.ml2.plugin.SecurityGroupDbMixin._ensure_default_security_group_handler-46236'] for network (None), before_create {{(pid=102297) _notify_loop /opt/stack/data/venv/lib/python3.12/site-packages/neutron_lib/callbacks/manager.py:184}}
Jul 27 19:41:28.414255 np0000187085 devstack@neutron-api.service[102297]: DEBUG neutron_lib.callbacks.manager [None req-3c86fdd1-a428-4272-bd96-277b8fbeb513 admin admin] Publish callbacks [] for security_group (None), before_create {{(pid=102297) _notify_loop /opt/stack/data/venv/lib/python3.12/site-packages/neutron_lib/callbacks/manager.py:184}}
Jul 27 19:41:28.526303 np0000187085 devstack@neutron-api.service[102297]: DEBUG neutron_lib.callbacks.manager [None req-3c86fdd1-a428-4272-bd96-277b8fbeb513 admin admin] Publish callbacks ['neutron.plugins.ml2.drivers.ovn.mech_driver.mech_driver.OVNMechanismDriver._create_security_group_precommit-519749'] for security_group (112c59ff-c926-48d9-a3fc-97ac2fb2f487), precommit_create {{(pid=102297) _notify_loop /opt/stack/data/venv/lib/python3.12/site-packages/neutron_lib/callbacks/manager.py:184}}
Jul 27 19:41:28.526538 np0000187085 devstack@neutron-api.service[102297]: DEBUG neutron.db.ovn_revision_numbers_db [None req-3c86fdd1-a428-4272-bd96-277b8fbeb513 admin admin] create_initial_revision uuid=112c59ff-c926-48d9-a3fc-97ac2fb2f487, type=security_groups, rev=-1 {{(pid=102297) create_initial_revision /opt/stack/neutron/neutron/db/ovn_revision_numbers_db.py:98}}
Jul 27 19:41:28.529381 np0000187085 devstack@neutron-api.service[102297]: DEBUG neutron.db.ovn_revision_numbers_db [None req-3c86fdd1-a428-4272-bd96-277b8fbeb513 admin admin] create_initial_revision uuid=11c9de0d-6225-444c-950d-de11a706c4aa, type=security_group_rules, rev=-1 {{(pid=102297) create_initial_revision /opt/stack/neutron/neutron/db/ovn_revision_numbers_db.py:98}}
Jul 27 19:41:28.530531 np0000187085 devstack@neutron-api.service[102297]: DEBUG neutron.db.ovn_revision_numbers_db [None req-3c86fdd1-a428-4272-bd96-277b8fbeb513 admin admin] create_initial_revision uuid=5a0c27df-53d9-47d6-ba9b-e80a78542018, type=security_group_rules, rev=-1 {{(pid=102297) create_initial_revision /opt/stack/neutron/neutron/db/ovn_revision_numbers_db.py:98}}
Jul 27 19:41:28.531732 np0000187085 devstack@neutron-api.service[102297]: DEBUG neutron.db.ovn_revision_numbers_db [None req-3c86fdd1-a428-4272-bd96-277b8fbeb513 admin admin] create_initial_revision uuid=b67b553f-bd48-4f36-81e8-d13f6275fdcd, type=security_group_rules, rev=-1 {{(pid=102297) create_initial_revision /opt/stack/neutron/neutron/db/ovn_revision_numbers_db.py:98}}
Jul 27 19:41:28.533297 np0000187085 devstack@neutron-api.service[102297]: DEBUG neutron.db.ovn_revision_numbers_db [None req-3c86fdd1-a428-4272-bd96-277b8fbeb513 admin admin] create_initial_revision uuid=cfaf4d70-90c8-4355-84c8-051e8873de10, type=security_group_rules, rev=-1 {{(pid=102297) create_initial_revision /opt/stack/neutron/neutron/db/ovn_revision_numbers_db.py:98}}
Jul 27 19:41:28.548601 np0000187085 devstack@neutron-api.service[102297]: DEBUG neutron_lib.callbacks.manager [None req-3c86fdd1-a428-4272-bd96-277b8fbeb513 admin admin] Publish callbacks ['neutron.plugins.ml2.drivers.ovn.mech_driver.mech_driver.OVNMechanismDriver._create_security_group-519807', 'neutron.plugins.ml2.ovo_rpc._ObjectChangeHandler.handle_event-31903001'] for security_group (112c59ff-c926-48d9-a3fc-97ac2fb2f487), after_create {{(pid=102297) _notify_loop /opt/stack/data/venv/lib/python3.12/site-packages/neutron_lib/callbacks/manager.py:184}}
Jul 27 19:41:28.549076 np0000187085 devstack@neutron-api.service[102297]: INFO neutron.plugins.ml2.drivers.ovn.mech_driver.ovsdb.extensions.qos [None req-3c86fdd1-a428-4272-bd96-277b8fbeb513 admin admin] Starting OVNClientQosExtension
Jul 27 19:41:28.549076 np0000187085 devstack@neutron-api.service[102297]: INFO neutron.plugins.ml2.drivers.ovn.mech_driver.ovsdb.extensions.placement [None req-3c86fdd1-a428-4272-bd96-277b8fbeb513 admin admin] Starting OVNClientPlacementExtension
Jul 27 19:41:28.551116 np0000187085 devstack@neutron-api.service[102297]: DEBUG ovsdbapp.backend.ovs_idl.transaction [-] Running txn n=1 command(idx=0): PgAddCommand(_result=None, name=pg_112c59ff_c926_48d9_a3fc_97ac2fb2f487, may_exist=False, columns={'acls': [], 'external_ids': {'neutron:security_group_id': '112c59ff-c926-48d9-a3fc-97ac2fb2f487'}}) {{(pid=102297) do_commit /opt/stack/data/venv/lib/python3.12/site-packages/ovsdbapp/backend/ovs_idl/transaction.py:89}}
Jul 27 19:41:28.554041 np0000187085 devstack@neutron-api.service[102297]: DEBUG ovsdbapp.backend.ovs_idl.transaction [-] Running txn n=1 command(idx=1): PgAclAddCommand(_result=None, entity=pg_112c59ff_c926_48d9_a3fc_97ac2fb2f487, direction=to-lport, priority=1002, match=outport == @pg_112c59ff_c926_48d9_a3fc_97ac2fb2f487 && ip4 && ip4.src == $pg_112c59ff_c926_48d9_a3fc_97ac2fb2f487_ip4, action=allow-related, log=False, may_exist=True, severity=[], name=[], meter=[], external_ids={'neutron:security_group_rule_id': '11c9de0d-6225-444c-950d-de11a706c4aa'}) {{(pid=102297) do_commit /opt/stack/data/venv/lib/python3.12/site-packages/ovsdbapp/backend/ovs_idl/transaction.py:89}}
Jul 27 19:41:28.554791 np0000187085 devstack@neutron-api.service[102297]: DEBUG ovsdbapp.backend.ovs_idl.transaction [-] Running txn n=1 command(idx=2): PgAclAddCommand(_result=None, entity=pg_112c59ff_c926_48d9_a3fc_97ac2fb2f487, direction=from-lport, priority=1002, match=inport == @pg_112c59ff_c926_48d9_a3fc_97ac2fb2f487 && ip6, action=allow-related, log=False, may_exist=True, severity=[], name=[], meter=[], external_ids={'neutron:security_group_rule_id': '5a0c27df-53d9-47d6-ba9b-e80a78542018'}) {{(pid=102297) do_commit /opt/stack/data/venv/lib/python3.12/site-packages/ovsdbapp/backend/ovs_idl/transaction.py:89}}
Jul 27 19:41:28.555441 np0000187085 devstack@neutron-api.service[102297]: DEBUG ovsdbapp.backend.ovs_idl.transaction [-] Running txn n=1 command(idx=3): PgAclAddCommand(_result=None, entity=pg_112c59ff_c926_48d9_a3fc_97ac2fb2f487, direction=from-lport, priority=1002, match=inport == @pg_112c59ff_c926_48d9_a3fc_97ac2fb2f487 && ip4, action=allow-related, log=False, may_exist=True, severity=[], name=[], meter=[], external_ids={'neutron:security_group_rule_id': 'b67b553f-bd48-4f36-81e8-d13f6275fdcd'}) {{(pid=102297) do_commit /opt/stack/data/venv/lib/python3.12/site-packages/ovsdbapp/backend/ovs_idl/transaction.py:89}}
Jul 27 19:41:28.556011 np0000187085 devstack@neutron-api.service[102297]: DEBUG ovsdbapp.backend.ovs_idl.transaction [-] Running txn n=1 command(idx=4): PgAclAddCommand(_result=None, entity=pg_112c59ff_c926_48d9_a3fc_97ac2fb2f487, direction=to-lport, priority=1002, match=outport == @pg_112c59ff_c926_48d9_a3fc_97ac2fb2f487 && ip6 && ip6.src == $pg_112c59ff_c926_48d9_a3fc_97ac2fb2f487_ip6, action=allow-related, log=False, may_exist=True, severity=[], name=[], meter=[], external_ids={'neutron:security_group_rule_id': 'cfaf4d70-90c8-4355-84c8-051e8873de10'}) {{(pid=102297) do_commit /opt/stack/data/venv/lib/python3.12/site-packages/ovsdbapp/backend/ovs_idl/transaction.py:89}}
Jul 27 19:41:28.562627 np0000187085 devstack@neutron-api.service[102297]: DEBUG neutron.plugins.ml2.drivers.ovn.mech_driver.ovsdb.ovsdb_monitor [-] Hash Ring: Node dd835738a75558f7820e23219f668b56 (host: np0000187085) handling event "create" for row d80a70a9-ca8a-4309-9779-7bb9fd03bc2b (table: ACL) {{(pid=102297) notify /opt/stack/neutron/neutron/plugins/ml2/drivers/ovn/mech_driver/ovsdb/ovsdb_monitor.py:1013}}
Jul 27 19:41:28.566484 np0000187085 devstack@neutron-api.service[102297]: DEBUG neutron.plugins.ml2.drivers.ovn.mech_driver.ovsdb.ovsdb_monitor [-] Hash Ring: Node dd835738a75558f7820e23219f668b56 (host: np0000187085) handling event "create" for row e3675f3b-70ff-46d6-9225-8a80939f875a (table: ACL) {{(pid=102297) notify /opt/stack/neutron/neutron/plugins/ml2/drivers/ovn/mech_driver/ovsdb/ovsdb_monitor.py:1013}}
Jul 27 19:41:28.566667 np0000187085 devstack@neutron-api.service[102298]: DEBUG neutron.plugins.ml2.drivers.ovn.mech_driver.ovsdb.ovsdb_monitor [-] Hash Ring: Node f1a0c19828d953cc88b74ff258f21e2e (host: np0000187085) handling event "create" for row 0e57a6b5-56a9-4db0-8d14-003babe7bea5 (table: ACL) {{(pid=102298) notify /opt/stack/neutron/neutron/plugins/ml2/drivers/ovn/mech_driver/ovsdb/ovsdb_monitor.py:1013}}
Jul 27 19:41:28.567215 np0000187085 devstack@neutron-api.service[102298]: DEBUG neutron.plugins.ml2.drivers.ovn.mech_driver.ovsdb.ovsdb_monitor [-] Hash Ring: Node f1a0c19828d953cc88b74ff258f21e2e (host: np0000187085) handling event "create" for row ca23d7cd-22d1-4097-b06a-59272e32ce1f (table: ACL) {{(pid=102298) notify /opt/stack/neutron/neutron/plugins/ml2/drivers/ovn/mech_driver/ovsdb/ovsdb_monitor.py:1013}}
Jul 27 19:41:28.567440 np0000187085 devstack@neutron-api.service[102298]: DEBUG neutron.plugins.ml2.drivers.ovn.mech_driver.ovsdb.ovsdb_monitor [-] Hash Ring: Node f1a0c19828d953cc88b74ff258f21e2e (host: np0000187085) handling event "create" for row d80a70a9-ca8a-4309-9779-7bb9fd03bc2b (table: ACL) {{(pid=102298) notify /opt/stack/neutron/neutron/plugins/ml2/drivers/ovn/mech_driver/ovsdb/ovsdb_monitor.py:1013}}
Jul 27 19:41:28.567731 np0000187085 devstack@neutron-api.service[102298]: DEBUG neutron.plugins.ml2.drivers.ovn.mech_driver.ovsdb.ovsdb_monitor [-] Hash Ring: Node f1a0c19828d953cc88b74ff258f21e2e (host: np0000187085) handling event "create" for row e3675f3b-70ff-46d6-9225-8a80939f875a (table: ACL) {{(pid=102298) notify /opt/stack/neutron/neutron/plugins/ml2/drivers/ovn/mech_driver/ovsdb/ovsdb_monitor.py:1013}}
Jul 27 19:41:28.568601 np0000187085 devstack@neutron-api.service[102298]: DEBUG neutron.plugins.ml2.drivers.ovn.mech_driver.ovsdb.ovsdb_monitor [-] Hash Ring: Node f1a0c19828d953cc88b74ff258f21e2e (host: np0000187085) handling event "create" for row 064ca6f9-b613-4ad8-a9e0-357a9e8c39c3 (table: Port_Group) {{(pid=102298) notify /opt/stack/neutron/neutron/plugins/ml2/drivers/ovn/mech_driver/ovsdb/ovsdb_monitor.py:1013}}
Jul 27 19:41:28.570413 np0000187085 devstack@neutron-api.service[102296]: DEBUG neutron.plugins.ml2.drivers.ovn.mech_driver.ovsdb.ovsdb_monitor [-] Hash Ring: Node 3a611414dcd1517d80f1648f22696015 (host: np0000187085) handling event "create" for row 0e57a6b5-56a9-4db0-8d14-003babe7bea5 (table: ACL) {{(pid=102296) notify /opt/stack/neutron/neutron/plugins/ml2/drivers/ovn/mech_driver/ovsdb/ovsdb_monitor.py:1013}}
Jul 27 19:41:28.570413 np0000187085 devstack@neutron-api.service[102296]: DEBUG neutron.plugins.ml2.drivers.ovn.mech_driver.ovsdb.ovsdb_monitor [-] Hash Ring: Node 3a611414dcd1517d80f1648f22696015 (host: np0000187085) handling event "create" for row 064ca6f9-b613-4ad8-a9e0-357a9e8c39c3 (table: Port_Group) {{(pid=102296) notify /opt/stack/neutron/neutron/plugins/ml2/drivers/ovn/mech_driver/ovsdb/ovsdb_monitor.py:1013}}
Jul 27 19:41:28.571303 np0000187085 devstack@neutron-api.service[102299]: DEBUG neutron.plugins.ml2.drivers.ovn.mech_driver.ovsdb.ovsdb_monitor [-] Hash Ring: Node 053b5e60540b5ff99adffc3a9dfbaff1 (host: np0000187085) handling event "create" for row ca23d7cd-22d1-4097-b06a-59272e32ce1f (table: ACL) {{(pid=102299) notify /opt/stack/neutron/neutron/plugins/ml2/drivers/ovn/mech_driver/ovsdb/ovsdb_monitor.py:1013}}
Jul 27 19:41:28.572197 np0000187085 devstack@neutron-api.service[102299]: DEBUG neutron.plugins.ml2.drivers.ovn.mech_driver.ovsdb.ovsdb_monitor [-] Hash Ring: Node 053b5e60540b5ff99adffc3a9dfbaff1 (host: np0000187085) handling event "create" for row d80a70a9-ca8a-4309-9779-7bb9fd03bc2b (table: ACL) {{(pid=102299) notify /opt/stack/neutron/neutron/plugins/ml2/drivers/ovn/mech_driver/ovsdb/ovsdb_monitor.py:1013}}
Jul 27 19:41:28.596707 np0000187085 devstack@neutron-api.service[102297]: INFO neutron.db.ovn_revision_numbers_db [None req-3c86fdd1-a428-4272-bd96-277b8fbeb513 admin admin] Successfully bumped revision number for resource 112c59ff-c926-48d9-a3fc-97ac2fb2f487 (type: security_groups) to 1
Jul 27 19:41:28.619652 np0000187085 devstack@neutron-api.service[102297]: INFO neutron.db.ovn_revision_numbers_db [None req-3c86fdd1-a428-4272-bd96-277b8fbeb513 admin admin] Successfully bumped revision number for resource 11c9de0d-6225-444c-950d-de11a706c4aa (type: security_group_rules) to 0
Jul 27 19:41:28.635641 np0000187085 devstack@neutron-api.service[102297]: INFO neutron.db.ovn_revision_numbers_db [None req-3c86fdd1-a428-4272-bd96-277b8fbeb513 admin admin] Successfully bumped revision number for resource 5a0c27df-53d9-47d6-ba9b-e80a78542018 (type: security_group_rules) to 0
Jul 27 19:41:28.650301 np0000187085 devstack@neutron-api.service[102297]: INFO neutron.db.ovn_revision_numbers_db [None req-3c86fdd1-a428-4272-bd96-277b8fbeb513 admin admin] Successfully bumped revision number for resource b67b553f-bd48-4f36-81e8-d13f6275fdcd (type: security_group_rules) to 0
Jul 27 19:41:28.665800 np0000187085 devstack@neutron-api.service[102297]: INFO neutron.db.ovn_revision_numbers_db [None req-3c86fdd1-a428-4272-bd96-277b8fbeb513 admin admin] Successfully bumped revision number for resource cfaf4d70-90c8-4355-84c8-051e8873de10 (type: security_group_rules) to 0
Jul 27 19:41:28.693069 np0000187085 devstack@neutron-api.service[102297]: DEBUG neutron.api.rpc.handlers.resources_rpc [None req-3c86fdd1-a428-4272-bd96-277b8fbeb513 admin admin] Pushing event updated for resources: {'SecurityGroup': ['ID=112c59ff-c926-48d9-a3fc-97ac2fb2f487,revision_number=1']} {{(pid=102297) push /opt/stack/neutron/neutron/api/rpc/handlers/resources_rpc.py:237}}
Jul 27 19:41:28.702387 np0000187085 devstack@neutron-api.service[102297]: DEBUG ovsdbapp.backend.ovs_idl.transaction [-] Running txn n=1 command(idx=0): CheckLivenessCommand(_result=None) {{(pid=102297) do_commit /opt/stack/data/venv/lib/python3.12/site-packages/ovsdbapp/backend/ovs_idl/transaction.py:89}}
Jul 27 19:41:28.732290 np0000187085 devstack@neutron-api.service[102297]: DEBUG neutron.plugins.ml2.drivers.ovn.mech_driver.ovsdb.ovsdb_monitor [-] Hash Ring: Node dd835738a75558f7820e23219f668b56 (host: np0000187085) handling event "update" for row 44107ab8-7ee1-4d4c-beae-9cafeeb9589d (table: NB_Global) {{(pid=102297) notify /opt/stack/neutron/neutron/plugins/ml2/drivers/ovn/mech_driver/ovsdb/ovsdb_monitor.py:1013}}
Jul 27 19:41:28.732822 np0000187085 devstack@neutron-api.service[102298]: DEBUG neutron.plugins.ml2.drivers.ovn.mech_driver.ovsdb.ovsdb_monitor [-] Hash Ring: Node f1a0c19828d953cc88b74ff258f21e2e (host: np0000187085) handling event "update" for row 44107ab8-7ee1-4d4c-beae-9cafeeb9589d (table: NB_Global) {{(pid=102298) notify /opt/stack/neutron/neutron/plugins/ml2/drivers/ovn/mech_driver/ovsdb/ovsdb_monitor.py:1013}}
Jul 27 19:41:28.734461 np0000187085 devstack@neutron-api.service[102299]: DEBUG neutron.plugins.ml2.drivers.ovn.mech_driver.ovsdb.ovsdb_monitor [-] Hash Ring: Node 053b5e60540b5ff99adffc3a9dfbaff1 (host: np0000187085) handling event "update" for row 44107ab8-7ee1-4d4c-beae-9cafeeb9589d (table: NB_Global) {{(pid=102299) notify /opt/stack/neutron/neutron/plugins/ml2/drivers/ovn/mech_driver/ovsdb/ovsdb_monitor.py:1013}}
Jul 27 19:41:28.735194 np0000187085 devstack@neutron-api.service[102298]: DEBUG neutron.plugins.ml2.drivers.ovn.mech_driver.ovsdb.ovsdb_monitor [-] Hash Ring: Node f1a0c19828d953cc88b74ff258f21e2e (host: np0000187085) handling event "update" for row 44107ab8-7ee1-4d4c-beae-9cafeeb9589d (table: NB_Global) {{(pid=102298) notify /opt/stack/neutron/neutron/plugins/ml2/drivers/ovn/mech_driver/ovsdb/ovsdb_monitor.py:1013}}
Jul 27 19:41:28.738282 np0000187085 devstack@neutron-api.service[102296]: DEBUG ovsdbapp.backend.ovs_idl.event [-] Matched UPDATE: ChassisAgentWriteEvent(events=('create', 'update'), table='Chassis_Private', conditions=None, old_conditions=None), priority=20 to row=Chassis_Private(uuid=ffb18b9e-1bf7-4e07-95d9-769ef558e9e3, chassis=226610a3-5edd-4c0b-8621-30ef050c8901, external_ids={'neutron:ovn-bridge': 'br-int', 'neutron:ovn-neutron-agent-id': '45f13265-89a1-5f0b-bf71-931a80c76cbb', 'neutron:ovn-neutron-agent-sb-cfg': '0'}, name='b499c459-41f3-4368-a845-7084e2f5b1f3', nb_cfg=1, nb_cfg_timestamp=1785181288732) old=Chassis_Private(uuid=ffb18b9e-1bf7-4e07-95d9-769ef558e9e3, nb_cfg=0, nb_cfg_timestamp=0) {{(pid=102296) matches /opt/stack/data/venv/lib/python3.12/site-packages/ovsdbapp/backend/ovs_idl/event.py:55}}
Jul 27 19:41:28.739374 np0000187085 devstack@neutron-api.service[102298]: DEBUG ovsdbapp.backend.ovs_idl.event [-] Matched UPDATE: ChassisAgentWriteEvent(events=('create', 'update'), table='Chassis_Private', conditions=None, old_conditions=None), priority=20 to row=Chassis_Private(uuid=ffb18b9e-1bf7-4e07-95d9-769ef558e9e3, chassis=226610a3-5edd-4c0b-8621-30ef050c8901, external_ids={'neutron:ovn-bridge': 'br-int', 'neutron:ovn-neutron-agent-id': '45f13265-89a1-5f0b-bf71-931a80c76cbb', 'neutron:ovn-neutron-agent-sb-cfg': '0'}, name='b499c459-41f3-4368-a845-7084e2f5b1f3', nb_cfg=1, nb_cfg_timestamp=1785181288732) old=Chassis_Private(uuid=ffb18b9e-1bf7-4e07-95d9-769ef558e9e3, nb_cfg=0, nb_cfg_timestamp=0) {{(pid=102298) matches /opt/stack/data/venv/lib/python3.12/site-packages/ovsdbapp/backend/ovs_idl/event.py:55}}
Jul 27 19:41:28.739474 np0000187085 devstack@neutron-api.service[102297]: DEBUG neutron.api.rpc.callbacks.version_manager [None req-3c86fdd1-a428-4272-bd96-277b8fbeb513 admin admin] Tracked resource versions report:
Jul 27 19:41:28.739474 np0000187085 devstack@neutron-api.service[102297]: pushed versions:
Jul 27 19:41:28.739474 np0000187085 devstack@neutron-api.service[102297]: { 'AddressGroup': {'1.2'},
Jul 27 19:41:28.739474 np0000187085 devstack@neutron-api.service[102297]: 'Agent': {'1.1'},
Jul 27 19:41:28.739474 np0000187085 devstack@neutron-api.service[102297]: 'ConntrackHelper': {'1.0'},
Jul 27 19:41:28.739474 np0000187085 devstack@neutron-api.service[102297]: 'LocalIPAssociation': {'1.0'},
Jul 27 19:41:28.739474 np0000187085 devstack@neutron-api.service[102297]: 'Log': {'1.0'},
Jul 27 19:41:28.739474 np0000187085 devstack@neutron-api.service[102297]: 'NDPProxy': {'1.0'},
Jul 27 19:41:28.739474 np0000187085 devstack@neutron-api.service[102297]: 'Network': {'1.3'},
Jul 27 19:41:28.739474 np0000187085 devstack@neutron-api.service[102297]: 'Port': {'1.11'},
Jul 27 19:41:28.739474 np0000187085 devstack@neutron-api.service[102297]: 'PortForwarding': {'1.3'},
Jul 27 19:41:28.739474 np0000187085 devstack@neutron-api.service[102297]: 'QosPolicy': {'1.10'},
Jul 27 19:41:28.739474 np0000187085 devstack@neutron-api.service[102297]: 'SecurityGroup': {'1.6'},
Jul 27 19:41:28.739474 np0000187085 devstack@neutron-api.service[102297]: 'SecurityGroupRule': {'1.3'},
Jul 27 19:41:28.739474 np0000187085 devstack@neutron-api.service[102297]: 'SubPort': {'1.0'},
Jul 27 19:41:28.739474 np0000187085 devstack@neutron-api.service[102297]: 'Subnet': {'1.2'},
Jul 27 19:41:28.739474 np0000187085 devstack@neutron-api.service[102297]: 'Trunk': {'1.1'}}
Jul 27 19:41:28.739474 np0000187085 devstack@neutron-api.service[102297]: consumer versions:
Jul 27 19:41:28.739474 np0000187085 devstack@neutron-api.service[102297]: {}
Jul 27 19:41:28.739474 np0000187085 devstack@neutron-api.service[102297]: {{(pid=102297) report /opt/stack/neutron/neutron/api/rpc/callbacks/version_manager.py:183}}
Jul 27 19:41:28.741138 np0000187085 devstack@neutron-api.service[102299]: DEBUG neutron.plugins.ml2.drivers.ovn.mech_driver.ovsdb.ovsdb_monitor [-] Hash Ring: Node 053b5e60540b5ff99adffc3a9dfbaff1 (host: np0000187085) handling event "update" for row 44107ab8-7ee1-4d4c-beae-9cafeeb9589d (table: NB_Global) {{(pid=102299) notify /opt/stack/neutron/neutron/plugins/ml2/drivers/ovn/mech_driver/ovsdb/ovsdb_monitor.py:1013}}
Jul 27 19:41:28.741318 np0000187085 devstack@neutron-api.service[102298]: DEBUG neutron.plugins.ml2.drivers.ovn.mech_driver.ovsdb.ovsdb_monitor [-] Hash Ring: Node f1a0c19828d953cc88b74ff258f21e2e (host: np0000187085) handling event "update" for row 44107ab8-7ee1-4d4c-beae-9cafeeb9589d (table: NB_Global) {{(pid=102298) notify /opt/stack/neutron/neutron/plugins/ml2/drivers/ovn/mech_driver/ovsdb/ovsdb_monitor.py:1013}}
Jul 27 19:41:28.742217 np0000187085 devstack@neutron-api.service[102298]: DEBUG neutron.plugins.ml2.drivers.ovn.mech_driver.ovsdb.ovsdb_monitor [-] Hash Ring: Node f1a0c19828d953cc88b74ff258f21e2e (host: np0000187085) handling event "update" for row 44107ab8-7ee1-4d4c-beae-9cafeeb9589d (table: NB_Global) {{(pid=102298) notify /opt/stack/neutron/neutron/plugins/ml2/drivers/ovn/mech_driver/ovsdb/ovsdb_monitor.py:1013}}
Jul 27 19:41:28.742483 np0000187085 devstack@neutron-api.service[102299]: DEBUG ovsdbapp.backend.ovs_idl.event [-] Matched UPDATE: ChassisAgentWriteEvent(events=('create', 'update'), table='Chassis_Private', conditions=None, old_conditions=None), priority=20 to row=Chassis_Private(uuid=ffb18b9e-1bf7-4e07-95d9-769ef558e9e3, chassis=226610a3-5edd-4c0b-8621-30ef050c8901, external_ids={'neutron:ovn-bridge': 'br-int', 'neutron:ovn-neutron-agent-id': '45f13265-89a1-5f0b-bf71-931a80c76cbb', 'neutron:ovn-neutron-agent-sb-cfg': '0'}, name='b499c459-41f3-4368-a845-7084e2f5b1f3', nb_cfg=1, nb_cfg_timestamp=1785181288732) old=Chassis_Private(uuid=ffb18b9e-1bf7-4e07-95d9-769ef558e9e3, nb_cfg=0, nb_cfg_timestamp=0) {{(pid=102299) matches /opt/stack/data/venv/lib/python3.12/site-packages/ovsdbapp/backend/ovs_idl/event.py:55}}
Jul 27 19:41:28.745544 np0000187085 devstack@neutron-api.service[102296]: DEBUG ovsdbapp.backend.ovs_idl.event [-] Matched UPDATE: ChassisOVNAgentWriteEvent(events=('create', 'update'), table='Chassis_Private', conditions=None, old_conditions=None), priority=20 to row=Chassis_Private(uuid=ffb18b9e-1bf7-4e07-95d9-769ef558e9e3, chassis=226610a3-5edd-4c0b-8621-30ef050c8901, external_ids={'neutron:ovn-bridge': 'br-int', 'neutron:ovn-neutron-agent-id': '45f13265-89a1-5f0b-bf71-931a80c76cbb', 'neutron:ovn-neutron-agent-sb-cfg': '1'}, name='b499c459-41f3-4368-a845-7084e2f5b1f3', nb_cfg=1, nb_cfg_timestamp=1785181288732) old=Chassis_Private(uuid=ffb18b9e-1bf7-4e07-95d9-769ef558e9e3, external_ids={'neutron:ovn-bridge': 'br-int', 'neutron:ovn-neutron-agent-id': '45f13265-89a1-5f0b-bf71-931a80c76cbb', 'neutron:ovn-neutron-agent-sb-cfg': '0'}) {{(pid=102296) matches /opt/stack/data/venv/lib/python3.12/site-packages/ovsdbapp/backend/ovs_idl/event.py:55}}
Jul 27 19:41:28.745645 np0000187085 devstack@neutron-api.service[102299]: DEBUG neutron.plugins.ml2.drivers.ovn.mech_driver.ovsdb.ovsdb_monitor [-] Hash Ring: Node 053b5e60540b5ff99adffc3a9dfbaff1 (host: np0000187085) handling event "update" for row 44107ab8-7ee1-4d4c-beae-9cafeeb9589d (table: NB_Global) {{(pid=102299) notify /opt/stack/neutron/neutron/plugins/ml2/drivers/ovn/mech_driver/ovsdb/ovsdb_monitor.py:1013}}
Jul 27 19:41:28.745981 np0000187085 devstack@neutron-api.service[102298]: DEBUG neutron.common.ovn.hash_ring_manager [-] Allow caching, nodes 4>=4 {{(pid=102298) _wait_startup_before_caching /opt/stack/neutron/neutron/common/ovn/hash_ring_manager.py:71}}
Jul 27 19:41:28.746274 np0000187085 devstack@neutron-api.service[102298]: DEBUG neutron.plugins.ml2.drivers.ovn.mech_driver.ovsdb.ovsdb_monitor [-] Hash Ring: Node f1a0c19828d953cc88b74ff258f21e2e (host: np0000187085) handling event "update" for row ffb18b9e-1bf7-4e07-95d9-769ef558e9e3 (table: Chassis_Private) {{(pid=102298) notify /opt/stack/neutron/neutron/plugins/ml2/drivers/ovn/mech_driver/ovsdb/ovsdb_monitor.py:1013}}
Jul 27 19:41:28.746600 np0000187085 devstack@neutron-api.service[102299]: DEBUG neutron.plugins.ml2.drivers.ovn.mech_driver.ovsdb.ovsdb_monitor [-] Hash Ring: Node 053b5e60540b5ff99adffc3a9dfbaff1 (host: np0000187085) handling event "update" for row 44107ab8-7ee1-4d4c-beae-9cafeeb9589d (table: NB_Global) {{(pid=102299) notify /opt/stack/neutron/neutron/plugins/ml2/drivers/ovn/mech_driver/ovsdb/ovsdb_monitor.py:1013}}
Jul 27 19:41:28.747278 np0000187085 devstack@neutron-api.service[102298]: DEBUG ovsdbapp.backend.ovs_idl.event [-] Matched UPDATE: ChassisOVNAgentWriteEvent(events=('create', 'update'), table='Chassis_Private', conditions=None, old_conditions=None), priority=20 to row=Chassis_Private(uuid=ffb18b9e-1bf7-4e07-95d9-769ef558e9e3, chassis=226610a3-5edd-4c0b-8621-30ef050c8901, external_ids={'neutron:ovn-bridge': 'br-int', 'neutron:ovn-neutron-agent-id': '45f13265-89a1-5f0b-bf71-931a80c76cbb', 'neutron:ovn-neutron-agent-sb-cfg': '1'}, name='b499c459-41f3-4368-a845-7084e2f5b1f3', nb_cfg=1, nb_cfg_timestamp=1785181288732) old=Chassis_Private(uuid=ffb18b9e-1bf7-4e07-95d9-769ef558e9e3, external_ids={'neutron:ovn-bridge': 'br-int', 'neutron:ovn-neutron-agent-id': '45f13265-89a1-5f0b-bf71-931a80c76cbb', 'neutron:ovn-neutron-agent-sb-cfg': '0'}) {{(pid=102298) matches /opt/stack/data/venv/lib/python3.12/site-packages/ovsdbapp/backend/ovs_idl/event.py:55}}
Jul 27 19:41:28.747473 np0000187085 devstack@neutron-api.service[102297]: DEBUG ovsdbapp.backend.ovs_idl.event [-] Matched UPDATE: ChassisAgentWriteEvent(events=('create', 'update'), table='Chassis_Private', conditions=None, old_conditions=None), priority=20 to row=Chassis_Private(uuid=ffb18b9e-1bf7-4e07-95d9-769ef558e9e3, chassis=226610a3-5edd-4c0b-8621-30ef050c8901, external_ids={'neutron:ovn-bridge': 'br-int', 'neutron:ovn-neutron-agent-id': '45f13265-89a1-5f0b-bf71-931a80c76cbb', 'neutron:ovn-neutron-agent-sb-cfg': '0'}, name='b499c459-41f3-4368-a845-7084e2f5b1f3', nb_cfg=1, nb_cfg_timestamp=1785181288732) old=Chassis_Private(uuid=ffb18b9e-1bf7-4e07-95d9-769ef558e9e3, nb_cfg=0, nb_cfg_timestamp=0) {{(pid=102297) matches /opt/stack/data/venv/lib/python3.12/site-packages/ovsdbapp/backend/ovs_idl/event.py:55}}
