Apr 29 21:41:27.798603 np0000171297 systemd[1]: Starting devstack@n-api-meta.service - Devstack devstack@n-api-meta.service...
Apr 29 21:41:27.806509 np0000171297 devstack@n-api-meta.service[109778]: [uWSGI] getting INI configuration from /etc/nova/nova-metadata-uwsgi.ini
Apr 29 21:41:27.807165 np0000171297 devstack@n-api-meta.service[109778]: open("./http_plugin.so"): No such file or directory [core/utils.c line 3709]
Apr 29 21:41:27.807165 np0000171297 devstack@n-api-meta.service[109778]: !!! UNABLE to load uWSGI plugin: ./http_plugin.so: cannot open shared object file: No such file or directory !!!
Apr 29 21:41:27.807165 np0000171297 devstack@n-api-meta.service[109778]: open("./python3_plugin.so"): No such file or directory [core/utils.c line 3709]
Apr 29 21:41:27.807165 np0000171297 devstack@n-api-meta.service[109778]: !!! UNABLE to load uWSGI plugin: ./python3_plugin.so: cannot open shared object file: No such file or directory !!!
Apr 29 21:41:27.807165 np0000171297 devstack@n-api-meta.service[109778]: *** Starting uWSGI 2.0.31 (64bit) on [Wed Apr 29 21:41:27 2026] ***
Apr 29 21:41:27.807165 np0000171297 devstack@n-api-meta.service[109778]: compiled with version: 13.3.0 on 29 April 2026 21:30:39
Apr 29 21:41:27.807165 np0000171297 devstack@n-api-meta.service[109778]: os: Linux-6.8.0-110-generic #110-Ubuntu SMP PREEMPT_DYNAMIC Thu Mar 19 15:09:20 UTC 2026
Apr 29 21:41:27.807165 np0000171297 devstack@n-api-meta.service[109778]: nodename: np0000171297
Apr 29 21:41:27.807165 np0000171297 devstack@n-api-meta.service[109778]: machine: x86_64
Apr 29 21:41:27.807165 np0000171297 devstack@n-api-meta.service[109778]: clock source: unix
Apr 29 21:41:27.807165 np0000171297 devstack@n-api-meta.service[109778]: pcre jit disabled
Apr 29 21:41:27.807165 np0000171297 devstack@n-api-meta.service[109778]: detected number of CPU cores: 16
Apr 29 21:41:27.807165 np0000171297 devstack@n-api-meta.service[109778]: current working directory: /
Apr 29 21:41:27.807165 np0000171297 devstack@n-api-meta.service[109778]: detected binary path: /opt/stack/data/venv/bin/uwsgi
Apr 29 21:41:27.807165 np0000171297 devstack@n-api-meta.service[109778]: your processes number limit is 256917
Apr 29 21:41:27.807165 np0000171297 devstack@n-api-meta.service[109778]: your memory page size is 4096 bytes
Apr 29 21:41:27.807165 np0000171297 devstack@n-api-meta.service[109778]: detected max file descriptor number: 2048
Apr 29 21:41:27.807165 np0000171297 devstack@n-api-meta.service[109778]: lock engine: pthread robust mutexes
Apr 29 21:41:27.807165 np0000171297 devstack@n-api-meta.service[109778]: thunder lock: enabled
Apr 29 21:41:27.807165 np0000171297 devstack@n-api-meta.service[109778]: uWSGI http bound on 0.0.0.0:8775 fd 5
Apr 29 21:41:27.808253 np0000171297 devstack@n-api-meta.service[109778]: uwsgi socket 0 bound to TCP address 127.0.0.1:35899 (port auto-assigned) fd 4
Apr 29 21:41:27.808253 np0000171297 devstack@n-api-meta.service[109778]: Python version: 3.12.3 (main, Mar 23 2026, 19:04:32) [GCC 13.3.0]
Apr 29 21:41:27.808253 np0000171297 devstack@n-api-meta.service[109778]: PEP 405 virtualenv detected: /opt/stack/data/venv
Apr 29 21:41:27.808253 np0000171297 devstack@n-api-meta.service[109778]: Set PythonHome to /opt/stack/data/venv
Apr 29 21:41:27.842429 np0000171297 devstack@n-api-meta.service[109778]: Python main interpreter initialized at 0x70e071aa3668
Apr 29 21:41:27.842429 np0000171297 devstack@n-api-meta.service[109778]: python threads support enabled
Apr 29 21:41:27.842429 np0000171297 devstack@n-api-meta.service[109778]: your server socket listen backlog is limited to 100 connections
Apr 29 21:41:27.842429 np0000171297 devstack@n-api-meta.service[109778]: your mercy for graceful operations on workers is 80 seconds
Apr 29 21:41:27.842942 np0000171297 devstack@n-api-meta.service[109778]: mapped 671795 bytes (656 KB) for 4 cores
Apr 29 21:41:27.843113 np0000171297 devstack@n-api-meta.service[109778]: *** Operational MODE: preforking ***
Apr 29 21:41:27.843332 np0000171297 devstack@n-api-meta.service[109778]: *** uWSGI is running in multiple interpreter mode ***
Apr 29 21:41:27.843332 np0000171297 devstack@n-api-meta.service[109778]: spawned uWSGI master process (pid: 109778)
Apr 29 21:41:27.843532 np0000171297 systemd[1]: Started devstack@n-api-meta.service - Devstack devstack@n-api-meta.service.
Apr 29 21:41:27.844118 np0000171297 devstack@n-api-meta.service[109778]: spawned uWSGI worker 1 (pid: 109779, cores: 1)
Apr 29 21:41:27.844660 np0000171297 devstack@n-api-meta.service[109778]: spawned uWSGI worker 2 (pid: 109780, cores: 1)
Apr 29 21:41:27.845154 np0000171297 devstack@n-api-meta.service[109778]: spawned uWSGI worker 3 (pid: 109781, cores: 1)
Apr 29 21:41:27.845600 np0000171297 devstack@n-api-meta.service[109778]: spawned uWSGI worker 4 (pid: 109782, cores: 1)
Apr 29 21:41:27.846410 np0000171297 devstack@n-api-meta.service[109778]: spawned uWSGI http 1 (pid: 109783)
Apr 29 21:41:27.846410 np0000171297 devstack@n-api-meta.service[109778]: running "unix_signal:15 gracefully_kill_them_all" (master-start)...
Apr 29 21:41:28.154373 np0000171297 devstack@n-api-meta.service[109782]: /opt/stack/data/venv/lib/python3.12/site-packages/oslo_concurrency/lockutils.py:41: EventletDeprecationWarning:
Apr 29 21:41:28.154373 np0000171297 devstack@n-api-meta.service[109782]: Eventlet is deprecated. It is currently being maintained in bugfix mode, and
Apr 29 21:41:28.154373 np0000171297 devstack@n-api-meta.service[109782]: we strongly recommend against using it for new projects.
Apr 29 21:41:28.154373 np0000171297 devstack@n-api-meta.service[109782]: If you are already using Eventlet, we recommend migrating to a different
Apr 29 21:41:28.154373 np0000171297 devstack@n-api-meta.service[109782]: framework. For more detail see
Apr 29 21:41:28.154373 np0000171297 devstack@n-api-meta.service[109782]: https://eventlet.readthedocs.io/en/latest/asyncio/migration.html
Apr 29 21:41:28.154373 np0000171297 devstack@n-api-meta.service[109782]: import eventlet
Apr 29 21:41:28.165403 np0000171297 devstack@n-api-meta.service[109780]: /opt/stack/data/venv/lib/python3.12/site-packages/oslo_concurrency/lockutils.py:41: EventletDeprecationWarning:
Apr 29 21:41:28.165403 np0000171297 devstack@n-api-meta.service[109780]: Eventlet is deprecated. It is currently being maintained in bugfix mode, and
Apr 29 21:41:28.165403 np0000171297 devstack@n-api-meta.service[109780]: we strongly recommend against using it for new projects.
Apr 29 21:41:28.165403 np0000171297 devstack@n-api-meta.service[109780]: If you are already using Eventlet, we recommend migrating to a different
Apr 29 21:41:28.165403 np0000171297 devstack@n-api-meta.service[109780]: framework. For more detail see
Apr 29 21:41:28.165403 np0000171297 devstack@n-api-meta.service[109780]: https://eventlet.readthedocs.io/en/latest/asyncio/migration.html
Apr 29 21:41:28.165403 np0000171297 devstack@n-api-meta.service[109780]: import eventlet
Apr 29 21:41:28.175990 np0000171297 devstack@n-api-meta.service[109781]: /opt/stack/data/venv/lib/python3.12/site-packages/oslo_concurrency/lockutils.py:41: EventletDeprecationWarning:
Apr 29 21:41:28.175990 np0000171297 devstack@n-api-meta.service[109781]: Eventlet is deprecated. It is currently being maintained in bugfix mode, and
Apr 29 21:41:28.175990 np0000171297 devstack@n-api-meta.service[109781]: we strongly recommend against using it for new projects.
Apr 29 21:41:28.175990 np0000171297 devstack@n-api-meta.service[109781]: If you are already using Eventlet, we recommend migrating to a different
Apr 29 21:41:28.175990 np0000171297 devstack@n-api-meta.service[109781]: framework. For more detail see
Apr 29 21:41:28.175990 np0000171297 devstack@n-api-meta.service[109781]: https://eventlet.readthedocs.io/en/latest/asyncio/migration.html
Apr 29 21:41:28.175990 np0000171297 devstack@n-api-meta.service[109781]: import eventlet
Apr 29 21:41:28.176380 np0000171297 devstack@n-api-meta.service[109779]: /opt/stack/data/venv/lib/python3.12/site-packages/oslo_concurrency/lockutils.py:41: EventletDeprecationWarning:
Apr 29 21:41:28.176380 np0000171297 devstack@n-api-meta.service[109779]: Eventlet is deprecated. It is currently being maintained in bugfix mode, and
Apr 29 21:41:28.176380 np0000171297 devstack@n-api-meta.service[109779]: we strongly recommend against using it for new projects.
Apr 29 21:41:28.176380 np0000171297 devstack@n-api-meta.service[109779]: If you are already using Eventlet, we recommend migrating to a different
Apr 29 21:41:28.176380 np0000171297 devstack@n-api-meta.service[109779]: framework. For more detail see
Apr 29 21:41:28.176380 np0000171297 devstack@n-api-meta.service[109779]: https://eventlet.readthedocs.io/en/latest/asyncio/migration.html
Apr 29 21:41:28.176380 np0000171297 devstack@n-api-meta.service[109779]: import eventlet
Apr 29 21:41:28.200992 np0000171297 devstack@n-api-meta.service[109782]: Service is starting with native threading. This is currently experimental. Do not use it in production without first testing it in pre-production.
Apr 29 21:41:28.214554 np0000171297 devstack@n-api-meta.service[109780]: Service is starting with native threading. This is currently experimental. Do not use it in production without first testing it in pre-production.
Apr 29 21:41:28.235511 np0000171297 devstack@n-api-meta.service[109781]: Service is starting with native threading. This is currently experimental. Do not use it in production without first testing it in pre-production.
Apr 29 21:41:28.242559 np0000171297 devstack@n-api-meta.service[109779]: Service is starting with native threading. This is currently experimental. Do not use it in production without first testing it in pre-production.
Apr 29 21:41:29.634296 np0000171297 devstack@n-api-meta.service[109782]: INFO dbcounter [None req-b0d6a373-d308-4838-9d25-c361d9e63097 None None] Registered counter for database nova_api
Apr 29 21:41:29.652302 np0000171297 devstack@n-api-meta.service[109782]: DEBUG oslo_db.sqlalchemy.engines [None req-b0d6a373-d308-4838-9d25-c361d9e63097 None None] MySQL server mode set to STRICT_TRANS_TABLES,STRICT_ALL_TABLES,NO_ZERO_IN_DATE,NO_ZERO_DATE,ERROR_FOR_DIVISION_BY_ZERO,TRADITIONAL,NO_ENGINE_SUBSTITUTION {{(pid=109782) _check_effective_sql_mode /opt/stack/data/venv/lib/python3.12/site-packages/oslo_db/sqlalchemy/engines.py:325}}
Apr 29 21:41:29.680634 np0000171297 devstack@n-api-meta.service[109781]: INFO dbcounter [None req-9007b624-ac27-40ce-bd22-88ec02046cf8 None None] Registered counter for database nova_api
Apr 29 21:41:29.687626 np0000171297 devstack@n-api-meta.service[109782]: DEBUG dbcounter [-] [109782] Writer thread running {{(pid=109782) stat_writer /opt/stack/data/venv/lib/python3.12/site-packages/dbcounter.py:102}}
Apr 29 21:41:29.690365 np0000171297 devstack@n-api-meta.service[109782]: DEBUG nova.context [None req-b0d6a373-d308-4838-9d25-c361d9e63097 None None] Found 2 cells: 00000000-0000-0000-0000-000000000000(cell0),7edf254c-a506-46b3-8b54-b575f507f84d(cell1) {{(pid=109782) load_cells /opt/stack/nova/nova/context.py:509}}
Apr 29 21:41:29.690661 np0000171297 devstack@n-api-meta.service[109782]: INFO nova.utils [None req-b0d6a373-d308-4838-9d25-c361d9e63097 None None] The cell worker thread pool MainProcess.cell_worker is initialized
Apr 29 21:41:29.692560 np0000171297 devstack@n-api-meta.service[109782]: DEBUG oslo_concurrency.lockutils [None req-b0d6a373-d308-4838-9d25-c361d9e63097 None None] Acquiring lock "00000000-0000-0000-0000-000000000000" by "nova.context.set_target_cell..get_or_set_cached_cell_and_set_connections" {{(pid=109782) inner /opt/stack/data/venv/lib/python3.12/site-packages/oslo_concurrency/lockutils.py:506}}
Apr 29 21:41:29.692740 np0000171297 devstack@n-api-meta.service[109782]: DEBUG oslo_concurrency.lockutils [None req-b0d6a373-d308-4838-9d25-c361d9e63097 None None] Lock "00000000-0000-0000-0000-000000000000" acquired by "nova.context.set_target_cell..get_or_set_cached_cell_and_set_connections" :: waited 0.000s {{(pid=109782) inner /opt/stack/data/venv/lib/python3.12/site-packages/oslo_concurrency/lockutils.py:519}}
Apr 29 21:41:29.693124 np0000171297 devstack@n-api-meta.service[109782]: DEBUG oslo_concurrency.lockutils [None req-b0d6a373-d308-4838-9d25-c361d9e63097 None None] Lock "00000000-0000-0000-0000-000000000000" "released" by "nova.context.set_target_cell..get_or_set_cached_cell_and_set_connections" :: held 0.000s {{(pid=109782) inner /opt/stack/data/venv/lib/python3.12/site-packages/oslo_concurrency/lockutils.py:538}}
Apr 29 21:41:29.693941 np0000171297 devstack@n-api-meta.service[109782]: DEBUG oslo_concurrency.lockutils [None req-b0d6a373-d308-4838-9d25-c361d9e63097 None None] Acquiring lock "7edf254c-a506-46b3-8b54-b575f507f84d" by "nova.context.set_target_cell..get_or_set_cached_cell_and_set_connections" {{(pid=109782) inner /opt/stack/data/venv/lib/python3.12/site-packages/oslo_concurrency/lockutils.py:506}}
Apr 29 21:41:29.694091 np0000171297 devstack@n-api-meta.service[109782]: DEBUG oslo_concurrency.lockutils [None req-b0d6a373-d308-4838-9d25-c361d9e63097 None None] Lock "7edf254c-a506-46b3-8b54-b575f507f84d" acquired by "nova.context.set_target_cell..get_or_set_cached_cell_and_set_connections" :: waited 0.000s {{(pid=109782) inner /opt/stack/data/venv/lib/python3.12/site-packages/oslo_concurrency/lockutils.py:519}}
Apr 29 21:41:29.694984 np0000171297 devstack@n-api-meta.service[109782]: DEBUG oslo_concurrency.lockutils [None req-b0d6a373-d308-4838-9d25-c361d9e63097 None None] Lock "7edf254c-a506-46b3-8b54-b575f507f84d" "released" by "nova.context.set_target_cell..get_or_set_cached_cell_and_set_connections" :: held 0.001s {{(pid=109782) inner /opt/stack/data/venv/lib/python3.12/site-packages/oslo_concurrency/lockutils.py:538}}
Apr 29 21:41:29.698987 np0000171297 devstack@n-api-meta.service[109782]: INFO dbcounter [None req-b0d6a373-d308-4838-9d25-c361d9e63097 None None] Registered counter for database nova_cell0
Apr 29 21:41:29.701588 np0000171297 devstack@n-api-meta.service[109781]: DEBUG oslo_db.sqlalchemy.engines [None req-9007b624-ac27-40ce-bd22-88ec02046cf8 None None] MySQL server mode set to STRICT_TRANS_TABLES,STRICT_ALL_TABLES,NO_ZERO_IN_DATE,NO_ZERO_DATE,ERROR_FOR_DIVISION_BY_ZERO,TRADITIONAL,NO_ENGINE_SUBSTITUTION {{(pid=109781) _check_effective_sql_mode /opt/stack/data/venv/lib/python3.12/site-packages/oslo_db/sqlalchemy/engines.py:325}}
Apr 29 21:41:29.703928 np0000171297 devstack@n-api-meta.service[109782]: INFO dbcounter [None req-b0d6a373-d308-4838-9d25-c361d9e63097 None None] Registered counter for database nova_cell1
Apr 29 21:41:29.715206 np0000171297 devstack@n-api-meta.service[109782]: DEBUG oslo_db.sqlalchemy.engines [None req-b0d6a373-d308-4838-9d25-c361d9e63097 None None] MySQL server mode set to STRICT_TRANS_TABLES,STRICT_ALL_TABLES,NO_ZERO_IN_DATE,NO_ZERO_DATE,ERROR_FOR_DIVISION_BY_ZERO,TRADITIONAL,NO_ENGINE_SUBSTITUTION {{(pid=109782) _check_effective_sql_mode /opt/stack/data/venv/lib/python3.12/site-packages/oslo_db/sqlalchemy/engines.py:325}}
Apr 29 21:41:29.726883 np0000171297 devstack@n-api-meta.service[109782]: DEBUG oslo_db.sqlalchemy.engines [None req-b0d6a373-d308-4838-9d25-c361d9e63097 None None] MySQL server mode set to STRICT_TRANS_TABLES,STRICT_ALL_TABLES,NO_ZERO_IN_DATE,NO_ZERO_DATE,ERROR_FOR_DIVISION_BY_ZERO,TRADITIONAL,NO_ENGINE_SUBSTITUTION {{(pid=109782) _check_effective_sql_mode /opt/stack/data/venv/lib/python3.12/site-packages/oslo_db/sqlalchemy/engines.py:325}}
Apr 29 21:41:29.736516 np0000171297 devstack@n-api-meta.service[109781]: DEBUG dbcounter [-] [109781] Writer thread running {{(pid=109781) stat_writer /opt/stack/data/venv/lib/python3.12/site-packages/dbcounter.py:102}}
Apr 29 21:41:29.738509 np0000171297 devstack@n-api-meta.service[109781]: DEBUG nova.context [None req-9007b624-ac27-40ce-bd22-88ec02046cf8 None None] Found 2 cells: 00000000-0000-0000-0000-000000000000(cell0),7edf254c-a506-46b3-8b54-b575f507f84d(cell1) {{(pid=109781) load_cells /opt/stack/nova/nova/context.py:509}}
Apr 29 21:41:29.738764 np0000171297 devstack@n-api-meta.service[109781]: INFO nova.utils [None req-9007b624-ac27-40ce-bd22-88ec02046cf8 None None] The cell worker thread pool MainProcess.cell_worker is initialized
Apr 29 21:41:29.740501 np0000171297 devstack@n-api-meta.service[109781]: DEBUG oslo_concurrency.lockutils [None req-9007b624-ac27-40ce-bd22-88ec02046cf8 None None] Acquiring lock "00000000-0000-0000-0000-000000000000" by "nova.context.set_target_cell..get_or_set_cached_cell_and_set_connections" {{(pid=109781) inner /opt/stack/data/venv/lib/python3.12/site-packages/oslo_concurrency/lockutils.py:506}}
Apr 29 21:41:29.740657 np0000171297 devstack@n-api-meta.service[109781]: DEBUG oslo_concurrency.lockutils [None req-9007b624-ac27-40ce-bd22-88ec02046cf8 None None] Lock "00000000-0000-0000-0000-000000000000" acquired by "nova.context.set_target_cell..get_or_set_cached_cell_and_set_connections" :: waited 0.000s {{(pid=109781) inner /opt/stack/data/venv/lib/python3.12/site-packages/oslo_concurrency/lockutils.py:519}}
Apr 29 21:41:29.741001 np0000171297 devstack@n-api-meta.service[109781]: DEBUG oslo_concurrency.lockutils [None req-9007b624-ac27-40ce-bd22-88ec02046cf8 None None] Lock "00000000-0000-0000-0000-000000000000" "released" by "nova.context.set_target_cell..get_or_set_cached_cell_and_set_connections" :: held 0.000s {{(pid=109781) inner /opt/stack/data/venv/lib/python3.12/site-packages/oslo_concurrency/lockutils.py:538}}
Apr 29 21:41:29.741759 np0000171297 devstack@n-api-meta.service[109781]: DEBUG oslo_concurrency.lockutils [None req-9007b624-ac27-40ce-bd22-88ec02046cf8 None None] Acquiring lock "7edf254c-a506-46b3-8b54-b575f507f84d" by "nova.context.set_target_cell..get_or_set_cached_cell_and_set_connections" {{(pid=109781) inner /opt/stack/data/venv/lib/python3.12/site-packages/oslo_concurrency/lockutils.py:506}}
Apr 29 21:41:29.741899 np0000171297 devstack@n-api-meta.service[109781]: DEBUG oslo_concurrency.lockutils [None req-9007b624-ac27-40ce-bd22-88ec02046cf8 None None] Lock "7edf254c-a506-46b3-8b54-b575f507f84d" acquired by "nova.context.set_target_cell..get_or_set_cached_cell_and_set_connections" :: waited 0.000s {{(pid=109781) inner /opt/stack/data/venv/lib/python3.12/site-packages/oslo_concurrency/lockutils.py:519}}
Apr 29 21:41:29.742748 np0000171297 devstack@n-api-meta.service[109781]: DEBUG oslo_concurrency.lockutils [None req-9007b624-ac27-40ce-bd22-88ec02046cf8 None None] Lock "7edf254c-a506-46b3-8b54-b575f507f84d" "released" by "nova.context.set_target_cell..get_or_set_cached_cell_and_set_connections" :: held 0.001s {{(pid=109781) inner /opt/stack/data/venv/lib/python3.12/site-packages/oslo_concurrency/lockutils.py:538}}
Apr 29 21:41:29.746025 np0000171297 devstack@n-api-meta.service[109781]: INFO dbcounter [None req-9007b624-ac27-40ce-bd22-88ec02046cf8 None None] Registered counter for database nova_cell0
Apr 29 21:41:29.752301 np0000171297 devstack@n-api-meta.service[109779]: INFO dbcounter [None req-3a60661e-eb78-4832-aaa6-037e8fdbbe7e None None] Registered counter for database nova_api
Apr 29 21:41:29.754816 np0000171297 devstack@n-api-meta.service[109781]: INFO dbcounter [None req-9007b624-ac27-40ce-bd22-88ec02046cf8 None None] Registered counter for database nova_cell1
Apr 29 21:41:29.802751 np0000171297 devstack@n-api-meta.service[109781]: DEBUG oslo_db.sqlalchemy.engines [None req-9007b624-ac27-40ce-bd22-88ec02046cf8 None None] MySQL server mode set to STRICT_TRANS_TABLES,STRICT_ALL_TABLES,NO_ZERO_IN_DATE,NO_ZERO_DATE,ERROR_FOR_DIVISION_BY_ZERO,TRADITIONAL,NO_ENGINE_SUBSTITUTION {{(pid=109781) _check_effective_sql_mode /opt/stack/data/venv/lib/python3.12/site-packages/oslo_db/sqlalchemy/engines.py:325}}
Apr 29 21:41:29.802751 np0000171297 devstack@n-api-meta.service[109781]: DEBUG oslo_db.sqlalchemy.engines [None req-9007b624-ac27-40ce-bd22-88ec02046cf8 None None] MySQL server mode set to STRICT_TRANS_TABLES,STRICT_ALL_TABLES,NO_ZERO_IN_DATE,NO_ZERO_DATE,ERROR_FOR_DIVISION_BY_ZERO,TRADITIONAL,NO_ENGINE_SUBSTITUTION {{(pid=109781) _check_effective_sql_mode /opt/stack/data/venv/lib/python3.12/site-packages/oslo_db/sqlalchemy/engines.py:325}}
Apr 29 21:41:29.802922 np0000171297 devstack@n-api-meta.service[109779]: DEBUG oslo_db.sqlalchemy.engines [None req-3a60661e-eb78-4832-aaa6-037e8fdbbe7e None None] MySQL server mode set to STRICT_TRANS_TABLES,STRICT_ALL_TABLES,NO_ZERO_IN_DATE,NO_ZERO_DATE,ERROR_FOR_DIVISION_BY_ZERO,TRADITIONAL,NO_ENGINE_SUBSTITUTION {{(pid=109779) _check_effective_sql_mode /opt/stack/data/venv/lib/python3.12/site-packages/oslo_db/sqlalchemy/engines.py:325}}
Apr 29 21:41:29.810083 np0000171297 devstack@n-api-meta.service[109779]: DEBUG dbcounter [-] [109779] Writer thread running {{(pid=109779) stat_writer /opt/stack/data/venv/lib/python3.12/site-packages/dbcounter.py:102}}
Apr 29 21:41:29.812560 np0000171297 devstack@n-api-meta.service[109779]: DEBUG nova.context [None req-3a60661e-eb78-4832-aaa6-037e8fdbbe7e None None] Found 2 cells: 00000000-0000-0000-0000-000000000000(cell0),7edf254c-a506-46b3-8b54-b575f507f84d(cell1) {{(pid=109779) load_cells /opt/stack/nova/nova/context.py:509}}
Apr 29 21:41:29.812795 np0000171297 devstack@n-api-meta.service[109779]: INFO nova.utils [None req-3a60661e-eb78-4832-aaa6-037e8fdbbe7e None None] The cell worker thread pool MainProcess.cell_worker is initialized
Apr 29 21:41:29.814606 np0000171297 devstack@n-api-meta.service[109779]: DEBUG oslo_concurrency.lockutils [None req-3a60661e-eb78-4832-aaa6-037e8fdbbe7e None None] Acquiring lock "00000000-0000-0000-0000-000000000000" by "nova.context.set_target_cell..get_or_set_cached_cell_and_set_connections" {{(pid=109779) inner /opt/stack/data/venv/lib/python3.12/site-packages/oslo_concurrency/lockutils.py:506}}
Apr 29 21:41:29.814780 np0000171297 devstack@n-api-meta.service[109779]: DEBUG oslo_concurrency.lockutils [None req-3a60661e-eb78-4832-aaa6-037e8fdbbe7e None None] Lock "00000000-0000-0000-0000-000000000000" acquired by "nova.context.set_target_cell..get_or_set_cached_cell_and_set_connections" :: waited 0.000s {{(pid=109779) inner /opt/stack/data/venv/lib/python3.12/site-packages/oslo_concurrency/lockutils.py:519}}
Apr 29 21:41:29.815151 np0000171297 devstack@n-api-meta.service[109779]: DEBUG oslo_concurrency.lockutils [None req-3a60661e-eb78-4832-aaa6-037e8fdbbe7e None None] Lock "00000000-0000-0000-0000-000000000000" "released" by "nova.context.set_target_cell..get_or_set_cached_cell_and_set_connections" :: held 0.000s {{(pid=109779) inner /opt/stack/data/venv/lib/python3.12/site-packages/oslo_concurrency/lockutils.py:538}}
Apr 29 21:41:29.815881 np0000171297 devstack@n-api-meta.service[109779]: DEBUG oslo_concurrency.lockutils [None req-3a60661e-eb78-4832-aaa6-037e8fdbbe7e None None] Acquiring lock "7edf254c-a506-46b3-8b54-b575f507f84d" by "nova.context.set_target_cell..get_or_set_cached_cell_and_set_connections" {{(pid=109779) inner /opt/stack/data/venv/lib/python3.12/site-packages/oslo_concurrency/lockutils.py:506}}
Apr 29 21:41:29.816024 np0000171297 devstack@n-api-meta.service[109779]: DEBUG oslo_concurrency.lockutils [None req-3a60661e-eb78-4832-aaa6-037e8fdbbe7e None None] Lock "7edf254c-a506-46b3-8b54-b575f507f84d" acquired by "nova.context.set_target_cell..get_or_set_cached_cell_and_set_connections" :: waited 0.000s {{(pid=109779) inner /opt/stack/data/venv/lib/python3.12/site-packages/oslo_concurrency/lockutils.py:519}}
Apr 29 21:41:29.816915 np0000171297 devstack@n-api-meta.service[109779]: DEBUG oslo_concurrency.lockutils [None req-3a60661e-eb78-4832-aaa6-037e8fdbbe7e None None] Lock "7edf254c-a506-46b3-8b54-b575f507f84d" "released" by "nova.context.set_target_cell..get_or_set_cached_cell_and_set_connections" :: held 0.001s {{(pid=109779) inner /opt/stack/data/venv/lib/python3.12/site-packages/oslo_concurrency/lockutils.py:538}}
Apr 29 21:41:29.820072 np0000171297 devstack@n-api-meta.service[109782]: DEBUG dbcounter [-] [109782] Writer thread running {{(pid=109782) stat_writer /opt/stack/data/venv/lib/python3.12/site-packages/dbcounter.py:102}}
Apr 29 21:41:29.820607 np0000171297 devstack@n-api-meta.service[109779]: INFO dbcounter [None req-3a60661e-eb78-4832-aaa6-037e8fdbbe7e None None] Registered counter for database nova_cell0
Apr 29 21:41:29.825886 np0000171297 devstack@n-api-meta.service[109779]: INFO dbcounter [None req-3a60661e-eb78-4832-aaa6-037e8fdbbe7e None None] Registered counter for database nova_cell1
Apr 29 21:41:29.826319 np0000171297 devstack@n-api-meta.service[109782]: DEBUG dbcounter [-] [109782] Writer thread running {{(pid=109782) stat_writer /opt/stack/data/venv/lib/python3.12/site-packages/dbcounter.py:102}}
Apr 29 21:41:29.831951 np0000171297 devstack@n-api-meta.service[109782]: INFO dbcounter [None req-b0d6a373-d308-4838-9d25-c361d9e63097 None None] Registered counter for database nova_cell0
Apr 29 21:41:29.836293 np0000171297 devstack@n-api-meta.service[109779]: DEBUG oslo_db.sqlalchemy.engines [None req-3a60661e-eb78-4832-aaa6-037e8fdbbe7e None None] MySQL server mode set to STRICT_TRANS_TABLES,STRICT_ALL_TABLES,NO_ZERO_IN_DATE,NO_ZERO_DATE,ERROR_FOR_DIVISION_BY_ZERO,TRADITIONAL,NO_ENGINE_SUBSTITUTION {{(pid=109779) _check_effective_sql_mode /opt/stack/data/venv/lib/python3.12/site-packages/oslo_db/sqlalchemy/engines.py:325}}
Apr 29 21:41:29.841829 np0000171297 devstack@n-api-meta.service[109779]: DEBUG oslo_db.sqlalchemy.engines [None req-3a60661e-eb78-4832-aaa6-037e8fdbbe7e None None] MySQL server mode set to STRICT_TRANS_TABLES,STRICT_ALL_TABLES,NO_ZERO_IN_DATE,NO_ZERO_DATE,ERROR_FOR_DIVISION_BY_ZERO,TRADITIONAL,NO_ENGINE_SUBSTITUTION {{(pid=109779) _check_effective_sql_mode /opt/stack/data/venv/lib/python3.12/site-packages/oslo_db/sqlalchemy/engines.py:325}}
Apr 29 21:41:29.844684 np0000171297 devstack@n-api-meta.service[109782]: DEBUG oslo_db.sqlalchemy.engines [None req-b0d6a373-d308-4838-9d25-c361d9e63097 None None] MySQL server mode set to STRICT_TRANS_TABLES,STRICT_ALL_TABLES,NO_ZERO_IN_DATE,NO_ZERO_DATE,ERROR_FOR_DIVISION_BY_ZERO,TRADITIONAL,NO_ENGINE_SUBSTITUTION {{(pid=109782) _check_effective_sql_mode /opt/stack/data/venv/lib/python3.12/site-packages/oslo_db/sqlalchemy/engines.py:325}}
Apr 29 21:41:29.852194 np0000171297 devstack@n-api-meta.service[109780]: INFO dbcounter [None req-e4e97746-9193-4578-8290-4cc9c6452cce None None] Registered counter for database nova_api
Apr 29 21:41:29.853435 np0000171297 devstack@n-api-meta.service[109782]: DEBUG dbcounter [-] [109782] Writer thread running {{(pid=109782) stat_writer /opt/stack/data/venv/lib/python3.12/site-packages/dbcounter.py:102}}
Apr 29 21:41:29.859154 np0000171297 devstack@n-api-meta.service[109781]: DEBUG dbcounter [-] [109781] Writer thread running {{(pid=109781) stat_writer /opt/stack/data/venv/lib/python3.12/site-packages/dbcounter.py:102}}
Apr 29 21:41:29.866070 np0000171297 devstack@n-api-meta.service[109781]: DEBUG dbcounter [-] [109781] Writer thread running {{(pid=109781) stat_writer /opt/stack/data/venv/lib/python3.12/site-packages/dbcounter.py:102}}
Apr 29 21:41:29.870449 np0000171297 devstack@n-api-meta.service[109781]: INFO dbcounter [None req-9007b624-ac27-40ce-bd22-88ec02046cf8 None None] Registered counter for database nova_cell0
Apr 29 21:41:29.871458 np0000171297 devstack@n-api-meta.service[109780]: DEBUG oslo_db.sqlalchemy.engines [None req-e4e97746-9193-4578-8290-4cc9c6452cce None None] MySQL server mode set to STRICT_TRANS_TABLES,STRICT_ALL_TABLES,NO_ZERO_IN_DATE,NO_ZERO_DATE,ERROR_FOR_DIVISION_BY_ZERO,TRADITIONAL,NO_ENGINE_SUBSTITUTION {{(pid=109780) _check_effective_sql_mode /opt/stack/data/venv/lib/python3.12/site-packages/oslo_db/sqlalchemy/engines.py:325}}
Apr 29 21:41:29.879035 np0000171297 devstack@n-api-meta.service[109781]: DEBUG oslo_db.sqlalchemy.engines [None req-9007b624-ac27-40ce-bd22-88ec02046cf8 None None] MySQL server mode set to STRICT_TRANS_TABLES,STRICT_ALL_TABLES,NO_ZERO_IN_DATE,NO_ZERO_DATE,ERROR_FOR_DIVISION_BY_ZERO,TRADITIONAL,NO_ENGINE_SUBSTITUTION {{(pid=109781) _check_effective_sql_mode /opt/stack/data/venv/lib/python3.12/site-packages/oslo_db/sqlalchemy/engines.py:325}}
Apr 29 21:41:29.887213 np0000171297 devstack@n-api-meta.service[109781]: DEBUG dbcounter [-] [109781] Writer thread running {{(pid=109781) stat_writer /opt/stack/data/venv/lib/python3.12/site-packages/dbcounter.py:102}}
Apr 29 21:41:29.903677 np0000171297 devstack@n-api-meta.service[109782]: WARNING nova.api.metadata.handler [None req-b0d6a373-d308-4838-9d25-c361d9e63097 None None] metadata_proxy_shared_secret is not configured, the metadata information returned by the proxy cannot be trusted
Apr 29 21:41:29.905672 np0000171297 devstack@n-api-meta.service[109780]: DEBUG dbcounter [-] [109780] Writer thread running {{(pid=109780) stat_writer /opt/stack/data/venv/lib/python3.12/site-packages/dbcounter.py:102}}
Apr 29 21:41:29.906167 np0000171297 devstack@n-api-meta.service[109782]: DEBUG nova.api.openstack.wsgi_app [None req-b0d6a373-d308-4838-9d25-c361d9e63097 None None] ******************************************************************************** {{(pid=109782) log_opt_values /opt/stack/data/venv/lib/python3.12/site-packages/oslo_config/cfg.py:2979}}
Apr 29 21:41:29.906281 np0000171297 devstack@n-api-meta.service[109782]: DEBUG nova.api.openstack.wsgi_app [None req-b0d6a373-d308-4838-9d25-c361d9e63097 None None] Configuration options gathered from: {{(pid=109782) log_opt_values /opt/stack/data/venv/lib/python3.12/site-packages/oslo_config/cfg.py:2980}}
Apr 29 21:41:29.906383 np0000171297 devstack@n-api-meta.service[109782]: DEBUG nova.api.openstack.wsgi_app [None req-b0d6a373-d308-4838-9d25-c361d9e63097 None None] command line args: [] {{(pid=109782) log_opt_values /opt/stack/data/venv/lib/python3.12/site-packages/oslo_config/cfg.py:2981}}
Apr 29 21:41:29.906584 np0000171297 devstack@n-api-meta.service[109782]: DEBUG nova.api.openstack.wsgi_app [None req-b0d6a373-d308-4838-9d25-c361d9e63097 None None] config files: ['/etc/nova/api-paste.ini', '/etc/nova/nova.conf'] {{(pid=109782) log_opt_values /opt/stack/data/venv/lib/python3.12/site-packages/oslo_config/cfg.py:2982}}
Apr 29 21:41:29.906684 np0000171297 devstack@n-api-meta.service[109782]: DEBUG nova.api.openstack.wsgi_app [None req-b0d6a373-d308-4838-9d25-c361d9e63097 None None] ================================================================================ {{(pid=109782) log_opt_values /opt/stack/data/venv/lib/python3.12/site-packages/oslo_config/cfg.py:2987}}
Apr 29 21:41:29.906878 np0000171297 devstack@n-api-meta.service[109782]: DEBUG nova.api.openstack.wsgi_app [None req-b0d6a373-d308-4838-9d25-c361d9e63097 None None] allow_resize_to_same_host = True {{(pid=109782) log_opt_values /opt/stack/data/venv/lib/python3.12/site-packages/oslo_config/cfg.py:2995}}
Apr 29 21:41:29.906999 np0000171297 devstack@n-api-meta.service[109782]: DEBUG nova.api.openstack.wsgi_app [None req-b0d6a373-d308-4838-9d25-c361d9e63097 None None] arq_binding_timeout = 300 {{(pid=109782) log_opt_values /opt/stack/data/venv/lib/python3.12/site-packages/oslo_config/cfg.py:2995}}
Apr 29 21:41:29.907184 np0000171297 devstack@n-api-meta.service[109782]: DEBUG nova.api.openstack.wsgi_app [None req-b0d6a373-d308-4838-9d25-c361d9e63097 None None] block_device_allocate_retries = 60 {{(pid=109782) log_opt_values /opt/stack/data/venv/lib/python3.12/site-packages/oslo_config/cfg.py:2995}}
Apr 29 21:41:29.907318 np0000171297 devstack@n-api-meta.service[109782]: DEBUG nova.api.openstack.wsgi_app [None req-b0d6a373-d308-4838-9d25-c361d9e63097 None None] block_device_allocate_retries_interval = 3 {{(pid=109782) log_opt_values /opt/stack/data/venv/lib/python3.12/site-packages/oslo_config/cfg.py:2995}}
Apr 29 21:41:29.907456 np0000171297 devstack@n-api-meta.service[109782]: DEBUG nova.api.openstack.wsgi_app [None req-b0d6a373-d308-4838-9d25-c361d9e63097 None None] cell_worker_thread_pool_size = 5 {{(pid=109782) log_opt_values /opt/stack/data/venv/lib/python3.12/site-packages/oslo_config/cfg.py:2995}}
Apr 29 21:41:29.907597 np0000171297 devstack@n-api-meta.service[109782]: DEBUG nova.api.openstack.wsgi_app [None req-b0d6a373-d308-4838-9d25-c361d9e63097 None None] cert = self.pem {{(pid=109782) log_opt_values /opt/stack/data/venv/lib/python3.12/site-packages/oslo_config/cfg.py:2995}}
Apr 29 21:41:29.907732 np0000171297 devstack@n-api-meta.service[109782]: DEBUG nova.api.openstack.wsgi_app [None req-b0d6a373-d308-4838-9d25-c361d9e63097 None None] compute_driver = libvirt.LibvirtDriver {{(pid=109782) log_opt_values /opt/stack/data/venv/lib/python3.12/site-packages/oslo_config/cfg.py:2995}}
Apr 29 21:41:29.907868 np0000171297 devstack@n-api-meta.service[109782]: DEBUG nova.api.openstack.wsgi_app [None req-b0d6a373-d308-4838-9d25-c361d9e63097 None None] compute_monitors = [] {{(pid=109782) log_opt_values /opt/stack/data/venv/lib/python3.12/site-packages/oslo_config/cfg.py:2995}}
Apr 29 21:41:29.908004 np0000171297 devstack@n-api-meta.service[109782]: DEBUG nova.api.openstack.wsgi_app [None req-b0d6a373-d308-4838-9d25-c361d9e63097 None None] config_dir = [] {{(pid=109782) log_opt_values /opt/stack/data/venv/lib/python3.12/site-packages/oslo_config/cfg.py:2995}}
Apr 29 21:41:29.908160 np0000171297 devstack@n-api-meta.service[109782]: DEBUG nova.api.openstack.wsgi_app [None req-b0d6a373-d308-4838-9d25-c361d9e63097 None None] config_drive_format = iso9660 {{(pid=109782) log_opt_values /opt/stack/data/venv/lib/python3.12/site-packages/oslo_config/cfg.py:2995}}
Apr 29 21:41:29.908269 np0000171297 devstack@n-api-meta.service[109782]: DEBUG nova.api.openstack.wsgi_app [None req-b0d6a373-d308-4838-9d25-c361d9e63097 None None] config_file = ['/etc/nova/api-paste.ini', '/etc/nova/nova.conf'] {{(pid=109782) log_opt_values /opt/stack/data/venv/lib/python3.12/site-packages/oslo_config/cfg.py:2995}}
Apr 29 21:41:29.908402 np0000171297 devstack@n-api-meta.service[109782]: DEBUG nova.api.openstack.wsgi_app [None req-b0d6a373-d308-4838-9d25-c361d9e63097 None None] config_source = [] {{(pid=109782) log_opt_values /opt/stack/data/venv/lib/python3.12/site-packages/oslo_config/cfg.py:2995}}
Apr 29 21:41:29.908476 np0000171297 devstack@n-api-meta.service[109780]: DEBUG nova.context [None req-e4e97746-9193-4578-8290-4cc9c6452cce None None] Found 2 cells: 00000000-0000-0000-0000-000000000000(cell0),7edf254c-a506-46b3-8b54-b575f507f84d(cell1) {{(pid=109780) load_cells /opt/stack/nova/nova/context.py:509}}
Apr 29 21:41:29.908547 np0000171297 devstack@n-api-meta.service[109782]: DEBUG nova.api.openstack.wsgi_app [None req-b0d6a373-d308-4838-9d25-c361d9e63097 None None] console_host = np0000171297 {{(pid=109782) log_opt_values /opt/stack/data/venv/lib/python3.12/site-packages/oslo_config/cfg.py:2995}}
Apr 29 21:41:29.908665 np0000171297 devstack@n-api-meta.service[109782]: DEBUG nova.api.openstack.wsgi_app [None req-b0d6a373-d308-4838-9d25-c361d9e63097 None None] control_exchange = nova {{(pid=109782) log_opt_values /opt/stack/data/venv/lib/python3.12/site-packages/oslo_config/cfg.py:2995}}
Apr 29 21:41:29.908729 np0000171297 devstack@n-api-meta.service[109780]: INFO nova.utils [None req-e4e97746-9193-4578-8290-4cc9c6452cce None None] The cell worker thread pool MainProcess.cell_worker is initialized
Apr 29 21:41:29.908785 np0000171297 devstack@n-api-meta.service[109782]: DEBUG nova.api.openstack.wsgi_app [None req-b0d6a373-d308-4838-9d25-c361d9e63097 None None] cpu_allocation_ratio = None {{(pid=109782) log_opt_values /opt/stack/data/venv/lib/python3.12/site-packages/oslo_config/cfg.py:2995}}
Apr 29 21:41:29.908920 np0000171297 devstack@n-api-meta.service[109782]: DEBUG nova.api.openstack.wsgi_app [None req-b0d6a373-d308-4838-9d25-c361d9e63097 None None] daemon = False {{(pid=109782) log_opt_values /opt/stack/data/venv/lib/python3.12/site-packages/oslo_config/cfg.py:2995}}
Apr 29 21:41:29.909078 np0000171297 devstack@n-api-meta.service[109782]: DEBUG nova.api.openstack.wsgi_app [None req-b0d6a373-d308-4838-9d25-c361d9e63097 None None] debug = True {{(pid=109782) log_opt_values /opt/stack/data/venv/lib/python3.12/site-packages/oslo_config/cfg.py:2995}}
Apr 29 21:41:29.909213 np0000171297 devstack@n-api-meta.service[109782]: DEBUG nova.api.openstack.wsgi_app [None req-b0d6a373-d308-4838-9d25-c361d9e63097 None None] default_access_ip_network_name = None {{(pid=109782) log_opt_values /opt/stack/data/venv/lib/python3.12/site-packages/oslo_config/cfg.py:2995}}
Apr 29 21:41:29.909348 np0000171297 devstack@n-api-meta.service[109782]: DEBUG nova.api.openstack.wsgi_app [None req-b0d6a373-d308-4838-9d25-c361d9e63097 None None] default_availability_zone = nova {{(pid=109782) log_opt_values /opt/stack/data/venv/lib/python3.12/site-packages/oslo_config/cfg.py:2995}}
Apr 29 21:41:29.909484 np0000171297 devstack@n-api-meta.service[109782]: DEBUG nova.api.openstack.wsgi_app [None req-b0d6a373-d308-4838-9d25-c361d9e63097 None None] default_ephemeral_format = ext4 {{(pid=109782) log_opt_values /opt/stack/data/venv/lib/python3.12/site-packages/oslo_config/cfg.py:2995}}
Apr 29 21:41:29.909612 np0000171297 devstack@n-api-meta.service[109782]: DEBUG nova.api.openstack.wsgi_app [None req-b0d6a373-d308-4838-9d25-c361d9e63097 None None] default_green_pool_size = 1000 {{(pid=109782) log_opt_values /opt/stack/data/venv/lib/python3.12/site-packages/oslo_config/cfg.py:2995}}
Apr 29 21:41:29.909835 np0000171297 devstack@n-api-meta.service[109782]: DEBUG nova.api.openstack.wsgi_app [None req-b0d6a373-d308-4838-9d25-c361d9e63097 None None] default_log_levels = ['amqp=WARN', 'boto=WARN', 'sqlalchemy=WARN', 'suds=INFO', 'oslo.messaging=INFO', 'oslo_messaging=INFO', 'iso8601=WARN', 'requests.packages.urllib3.connectionpool=WARN', 'urllib3.connectionpool=WARN', 'websocket=WARN', 'requests.packages.urllib3.util.retry=WARN', 'urllib3.util.retry=WARN', 'keystonemiddleware=WARN', 'routes.middleware=WARN', 'stevedore=WARN', 'taskflow=WARN', 'keystoneauth=WARN', 'oslo.cache=INFO', 'oslo_policy=INFO', 'dogpile.core.dogpile=INFO', 'glanceclient=WARN', 'oslo.privsep.daemon=INFO'] {{(pid=109782) log_opt_values /opt/stack/data/venv/lib/python3.12/site-packages/oslo_config/cfg.py:2995}}
Apr 29 21:41:29.909985 np0000171297 devstack@n-api-meta.service[109782]: DEBUG nova.api.openstack.wsgi_app [None req-b0d6a373-d308-4838-9d25-c361d9e63097 None None] default_schedule_zone = None {{(pid=109782) log_opt_values /opt/stack/data/venv/lib/python3.12/site-packages/oslo_config/cfg.py:2995}}
Apr 29 21:41:29.910104 np0000171297 devstack@n-api-meta.service[109782]: DEBUG nova.api.openstack.wsgi_app [None req-b0d6a373-d308-4838-9d25-c361d9e63097 None None] default_thread_pool_size = 10 {{(pid=109782) log_opt_values /opt/stack/data/venv/lib/python3.12/site-packages/oslo_config/cfg.py:2995}}
Apr 29 21:41:29.910233 np0000171297 devstack@n-api-meta.service[109782]: DEBUG nova.api.openstack.wsgi_app [None req-b0d6a373-d308-4838-9d25-c361d9e63097 None None] disk_allocation_ratio = None {{(pid=109782) log_opt_values /opt/stack/data/venv/lib/python3.12/site-packages/oslo_config/cfg.py:2995}}
Apr 29 21:41:29.910362 np0000171297 devstack@n-api-meta.service[109782]: DEBUG nova.api.openstack.wsgi_app [None req-b0d6a373-d308-4838-9d25-c361d9e63097 None None] enable_new_services = True {{(pid=109782) log_opt_values /opt/stack/data/venv/lib/python3.12/site-packages/oslo_config/cfg.py:2995}}
Apr 29 21:41:29.910504 np0000171297 devstack@n-api-meta.service[109782]: DEBUG nova.api.openstack.wsgi_app [None req-b0d6a373-d308-4838-9d25-c361d9e63097 None None] flat_injected = False {{(pid=109782) log_opt_values /opt/stack/data/venv/lib/python3.12/site-packages/oslo_config/cfg.py:2995}}
Apr 29 21:41:29.910634 np0000171297 devstack@n-api-meta.service[109782]: DEBUG nova.api.openstack.wsgi_app [None req-b0d6a373-d308-4838-9d25-c361d9e63097 None None] force_config_drive = False {{(pid=109782) log_opt_values /opt/stack/data/venv/lib/python3.12/site-packages/oslo_config/cfg.py:2995}}
Apr 29 21:41:29.910761 np0000171297 devstack@n-api-meta.service[109782]: DEBUG nova.api.openstack.wsgi_app [None req-b0d6a373-d308-4838-9d25-c361d9e63097 None None] force_raw_images = True {{(pid=109782) log_opt_values /opt/stack/data/venv/lib/python3.12/site-packages/oslo_config/cfg.py:2995}}
Apr 29 21:41:29.910823 np0000171297 devstack@n-api-meta.service[109780]: DEBUG oslo_concurrency.lockutils [None req-e4e97746-9193-4578-8290-4cc9c6452cce None None] Acquiring lock "00000000-0000-0000-0000-000000000000" by "nova.context.set_target_cell..get_or_set_cached_cell_and_set_connections" {{(pid=109780) inner /opt/stack/data/venv/lib/python3.12/site-packages/oslo_concurrency/lockutils.py:506}}
Apr 29 21:41:29.910909 np0000171297 devstack@n-api-meta.service[109782]: DEBUG nova.api.openstack.wsgi_app [None req-b0d6a373-d308-4838-9d25-c361d9e63097 None None] graceful_shutdown_timeout = 5 {{(pid=109782) log_opt_values /opt/stack/data/venv/lib/python3.12/site-packages/oslo_config/cfg.py:2995}}
Apr 29 21:41:29.910976 np0000171297 devstack@n-api-meta.service[109780]: DEBUG oslo_concurrency.lockutils [None req-e4e97746-9193-4578-8290-4cc9c6452cce None None] Lock "00000000-0000-0000-0000-000000000000" acquired by "nova.context.set_target_cell..get_or_set_cached_cell_and_set_connections" :: waited 0.000s {{(pid=109780) inner /opt/stack/data/venv/lib/python3.12/site-packages/oslo_concurrency/lockutils.py:519}}
Apr 29 21:41:29.911048 np0000171297 devstack@n-api-meta.service[109782]: DEBUG nova.api.openstack.wsgi_app [None req-b0d6a373-d308-4838-9d25-c361d9e63097 None None] heal_instance_info_cache_interval = -1 {{(pid=109782) log_opt_values /opt/stack/data/venv/lib/python3.12/site-packages/oslo_config/cfg.py:2995}}
Apr 29 21:41:29.911236 np0000171297 devstack@n-api-meta.service[109782]: DEBUG nova.api.openstack.wsgi_app [None req-b0d6a373-d308-4838-9d25-c361d9e63097 None None] host = np0000171297 {{(pid=109782) log_opt_values /opt/stack/data/venv/lib/python3.12/site-packages/oslo_config/cfg.py:2995}}
Apr 29 21:41:29.911333 np0000171297 devstack@n-api-meta.service[109780]: DEBUG oslo_concurrency.lockutils [None req-e4e97746-9193-4578-8290-4cc9c6452cce None None] Lock "00000000-0000-0000-0000-000000000000" "released" by "nova.context.set_target_cell..get_or_set_cached_cell_and_set_connections" :: held 0.000s {{(pid=109780) inner /opt/stack/data/venv/lib/python3.12/site-packages/oslo_concurrency/lockutils.py:538}}
Apr 29 21:41:29.911406 np0000171297 devstack@n-api-meta.service[109782]: DEBUG nova.api.openstack.wsgi_app [None req-b0d6a373-d308-4838-9d25-c361d9e63097 None None] initial_cpu_allocation_ratio = 4.0 {{(pid=109782) log_opt_values /opt/stack/data/venv/lib/python3.12/site-packages/oslo_config/cfg.py:2995}}
Apr 29 21:41:29.911510 np0000171297 devstack@n-api-meta.service[109782]: DEBUG nova.api.openstack.wsgi_app [None req-b0d6a373-d308-4838-9d25-c361d9e63097 None None] initial_disk_allocation_ratio = 1.0 {{(pid=109782) log_opt_values /opt/stack/data/venv/lib/python3.12/site-packages/oslo_config/cfg.py:2995}}
Apr 29 21:41:29.911644 np0000171297 devstack@n-api-meta.service[109782]: DEBUG nova.api.openstack.wsgi_app [None req-b0d6a373-d308-4838-9d25-c361d9e63097 None None] initial_ram_allocation_ratio = 1.0 {{(pid=109782) log_opt_values /opt/stack/data/venv/lib/python3.12/site-packages/oslo_config/cfg.py:2995}}
Apr 29 21:41:29.911802 np0000171297 devstack@n-api-meta.service[109782]: DEBUG nova.api.openstack.wsgi_app [None req-b0d6a373-d308-4838-9d25-c361d9e63097 None None] injected_network_template = /opt/stack/nova/nova/virt/interfaces.template {{(pid=109782) log_opt_values /opt/stack/data/venv/lib/python3.12/site-packages/oslo_config/cfg.py:2995}}
Apr 29 21:41:29.911932 np0000171297 devstack@n-api-meta.service[109782]: DEBUG nova.api.openstack.wsgi_app [None req-b0d6a373-d308-4838-9d25-c361d9e63097 None None] instance_build_timeout = 0 {{(pid=109782) log_opt_values /opt/stack/data/venv/lib/python3.12/site-packages/oslo_config/cfg.py:2995}}
Apr 29 21:41:29.912094 np0000171297 devstack@n-api-meta.service[109782]: DEBUG nova.api.openstack.wsgi_app [None req-b0d6a373-d308-4838-9d25-c361d9e63097 None None] instance_delete_interval = 300 {{(pid=109782) log_opt_values /opt/stack/data/venv/lib/python3.12/site-packages/oslo_config/cfg.py:2995}}
Apr 29 21:41:29.912170 np0000171297 devstack@n-api-meta.service[109780]: DEBUG oslo_concurrency.lockutils [None req-e4e97746-9193-4578-8290-4cc9c6452cce None None] Acquiring lock "7edf254c-a506-46b3-8b54-b575f507f84d" by "nova.context.set_target_cell..get_or_set_cached_cell_and_set_connections" {{(pid=109780) inner /opt/stack/data/venv/lib/python3.12/site-packages/oslo_concurrency/lockutils.py:506}}
Apr 29 21:41:29.912233 np0000171297 devstack@n-api-meta.service[109782]: DEBUG nova.api.openstack.wsgi_app [None req-b0d6a373-d308-4838-9d25-c361d9e63097 None None] instance_format = [instance: %(uuid)s] {{(pid=109782) log_opt_values /opt/stack/data/venv/lib/python3.12/site-packages/oslo_config/cfg.py:2995}}
Apr 29 21:41:29.912295 np0000171297 devstack@n-api-meta.service[109780]: DEBUG oslo_concurrency.lockutils [None req-e4e97746-9193-4578-8290-4cc9c6452cce None None] Lock "7edf254c-a506-46b3-8b54-b575f507f84d" acquired by "nova.context.set_target_cell..get_or_set_cached_cell_and_set_connections" :: waited 0.000s {{(pid=109780) inner /opt/stack/data/venv/lib/python3.12/site-packages/oslo_concurrency/lockutils.py:519}}
Apr 29 21:41:29.912375 np0000171297 devstack@n-api-meta.service[109782]: DEBUG nova.api.openstack.wsgi_app [None req-b0d6a373-d308-4838-9d25-c361d9e63097 None None] instance_name_template = instance-%08x {{(pid=109782) log_opt_values /opt/stack/data/venv/lib/python3.12/site-packages/oslo_config/cfg.py:2995}}
Apr 29 21:41:29.912463 np0000171297 devstack@n-api-meta.service[109782]: DEBUG nova.api.openstack.wsgi_app [None req-b0d6a373-d308-4838-9d25-c361d9e63097 None None] instance_usage_audit = False {{(pid=109782) log_opt_values /opt/stack/data/venv/lib/python3.12/site-packages/oslo_config/cfg.py:2995}}
Apr 29 21:41:29.912601 np0000171297 devstack@n-api-meta.service[109782]: DEBUG nova.api.openstack.wsgi_app [None req-b0d6a373-d308-4838-9d25-c361d9e63097 None None] instance_usage_audit_period = month {{(pid=109782) log_opt_values /opt/stack/data/venv/lib/python3.12/site-packages/oslo_config/cfg.py:2995}}
Apr 29 21:41:29.912735 np0000171297 devstack@n-api-meta.service[109782]: DEBUG nova.api.openstack.wsgi_app [None req-b0d6a373-d308-4838-9d25-c361d9e63097 None None] instance_uuid_format = [instance: %(uuid)s] {{(pid=109782) log_opt_values /opt/stack/data/venv/lib/python3.12/site-packages/oslo_config/cfg.py:2995}}
Apr 29 21:41:29.912875 np0000171297 devstack@n-api-meta.service[109782]: DEBUG nova.api.openstack.wsgi_app [None req-b0d6a373-d308-4838-9d25-c361d9e63097 None None] instances_path = /opt/stack/data/nova/instances {{(pid=109782) log_opt_values /opt/stack/data/venv/lib/python3.12/site-packages/oslo_config/cfg.py:2995}}
Apr 29 21:41:29.913008 np0000171297 devstack@n-api-meta.service[109782]: DEBUG nova.api.openstack.wsgi_app [None req-b0d6a373-d308-4838-9d25-c361d9e63097 None None] internal_service_availability_zone = internal {{(pid=109782) log_opt_values /opt/stack/data/venv/lib/python3.12/site-packages/oslo_config/cfg.py:2995}}
Apr 29 21:41:29.913116 np0000171297 devstack@n-api-meta.service[109780]: DEBUG oslo_concurrency.lockutils [None req-e4e97746-9193-4578-8290-4cc9c6452cce None None] Lock "7edf254c-a506-46b3-8b54-b575f507f84d" "released" by "nova.context.set_target_cell..get_or_set_cached_cell_and_set_connections" :: held 0.001s {{(pid=109780) inner /opt/stack/data/venv/lib/python3.12/site-packages/oslo_concurrency/lockutils.py:538}}
Apr 29 21:41:29.913186 np0000171297 devstack@n-api-meta.service[109782]: DEBUG nova.api.openstack.wsgi_app [None req-b0d6a373-d308-4838-9d25-c361d9e63097 None None] key = None {{(pid=109782) log_opt_values /opt/stack/data/venv/lib/python3.12/site-packages/oslo_config/cfg.py:2995}}
Apr 29 21:41:29.913279 np0000171297 devstack@n-api-meta.service[109782]: DEBUG nova.api.openstack.wsgi_app [None req-b0d6a373-d308-4838-9d25-c361d9e63097 None None] live_migration_retry_count = 30 {{(pid=109782) log_opt_values /opt/stack/data/venv/lib/python3.12/site-packages/oslo_config/cfg.py:2995}}
Apr 29 21:41:29.913415 np0000171297 devstack@n-api-meta.service[109782]: DEBUG nova.api.openstack.wsgi_app [None req-b0d6a373-d308-4838-9d25-c361d9e63097 None None] log_color = False {{(pid=109782) log_opt_values /opt/stack/data/venv/lib/python3.12/site-packages/oslo_config/cfg.py:2995}}
Apr 29 21:41:29.913550 np0000171297 devstack@n-api-meta.service[109782]: DEBUG nova.api.openstack.wsgi_app [None req-b0d6a373-d308-4838-9d25-c361d9e63097 None None] log_config_append = None {{(pid=109782) log_opt_values /opt/stack/data/venv/lib/python3.12/site-packages/oslo_config/cfg.py:2995}}
Apr 29 21:41:29.913679 np0000171297 devstack@n-api-meta.service[109781]: WARNING nova.api.metadata.handler [None req-9007b624-ac27-40ce-bd22-88ec02046cf8 None None] metadata_proxy_shared_secret is not configured, the metadata information returned by the proxy cannot be trusted
Apr 29 21:41:29.913747 np0000171297 devstack@n-api-meta.service[109782]: DEBUG nova.api.openstack.wsgi_app [None req-b0d6a373-d308-4838-9d25-c361d9e63097 None None] log_date_format = %Y-%m-%d %H:%M:%S {{(pid=109782) log_opt_values /opt/stack/data/venv/lib/python3.12/site-packages/oslo_config/cfg.py:2995}}
Apr 29 21:41:29.913809 np0000171297 devstack@n-api-meta.service[109782]: DEBUG nova.api.openstack.wsgi_app [None req-b0d6a373-d308-4838-9d25-c361d9e63097 None None] log_dir = None {{(pid=109782) log_opt_values /opt/stack/data/venv/lib/python3.12/site-packages/oslo_config/cfg.py:2995}}
Apr 29 21:41:29.913933 np0000171297 devstack@n-api-meta.service[109782]: DEBUG nova.api.openstack.wsgi_app [None req-b0d6a373-d308-4838-9d25-c361d9e63097 None None] log_file = None {{(pid=109782) log_opt_values /opt/stack/data/venv/lib/python3.12/site-packages/oslo_config/cfg.py:2995}}
