Apr 29 21:41:30.208408 np0000171297 devstack@n-api-meta.service[109780]: DEBUG nova.api.openstack.wsgi_app [None req-e4e97746-9193-4578-8290-4cc9c6452cce None None] oslo_limit.endpoint_service_type = None {{(pid=109780) log_opt_values /opt/stack/data/venv/lib/python3.12/site-packages/oslo_config/cfg.py:3006}}
Apr 29 21:41:30.208537 np0000171297 devstack@n-api-meta.service[109780]: DEBUG nova.api.openstack.wsgi_app [None req-e4e97746-9193-4578-8290-4cc9c6452cce None None] oslo_limit.insecure = False {{(pid=109780) log_opt_values /opt/stack/data/venv/lib/python3.12/site-packages/oslo_config/cfg.py:3006}}
Apr 29 21:41:30.208664 np0000171297 devstack@n-api-meta.service[109780]: DEBUG nova.api.openstack.wsgi_app [None req-e4e97746-9193-4578-8290-4cc9c6452cce None None] oslo_limit.keyfile = None {{(pid=109780) log_opt_values /opt/stack/data/venv/lib/python3.12/site-packages/oslo_config/cfg.py:3006}}
Apr 29 21:41:30.208792 np0000171297 devstack@n-api-meta.service[109780]: DEBUG nova.api.openstack.wsgi_app [None req-e4e97746-9193-4578-8290-4cc9c6452cce None None] oslo_limit.max_version = None {{(pid=109780) log_opt_values /opt/stack/data/venv/lib/python3.12/site-packages/oslo_config/cfg.py:3006}}
Apr 29 21:41:30.208919 np0000171297 devstack@n-api-meta.service[109780]: DEBUG nova.api.openstack.wsgi_app [None req-e4e97746-9193-4578-8290-4cc9c6452cce None None] oslo_limit.min_version = None {{(pid=109780) log_opt_values /opt/stack/data/venv/lib/python3.12/site-packages/oslo_config/cfg.py:3006}}
Apr 29 21:41:30.209048 np0000171297 devstack@n-api-meta.service[109780]: DEBUG nova.api.openstack.wsgi_app [None req-e4e97746-9193-4578-8290-4cc9c6452cce None None] oslo_limit.region_name = None {{(pid=109780) log_opt_values /opt/stack/data/venv/lib/python3.12/site-packages/oslo_config/cfg.py:3006}}
Apr 29 21:41:30.209225 np0000171297 devstack@n-api-meta.service[109780]: DEBUG nova.api.openstack.wsgi_app [None req-e4e97746-9193-4578-8290-4cc9c6452cce None None] oslo_limit.retriable_status_codes = None {{(pid=109780) log_opt_values /opt/stack/data/venv/lib/python3.12/site-packages/oslo_config/cfg.py:3006}}
Apr 29 21:41:30.209360 np0000171297 devstack@n-api-meta.service[109780]: DEBUG nova.api.openstack.wsgi_app [None req-e4e97746-9193-4578-8290-4cc9c6452cce None None] oslo_limit.service_name = None {{(pid=109780) log_opt_values /opt/stack/data/venv/lib/python3.12/site-packages/oslo_config/cfg.py:3006}}
Apr 29 21:41:30.209509 np0000171297 devstack@n-api-meta.service[109780]: DEBUG nova.api.openstack.wsgi_app [None req-e4e97746-9193-4578-8290-4cc9c6452cce None None] oslo_limit.service_type = None {{(pid=109780) log_opt_values /opt/stack/data/venv/lib/python3.12/site-packages/oslo_config/cfg.py:3006}}
Apr 29 21:41:30.209640 np0000171297 devstack@n-api-meta.service[109780]: DEBUG nova.api.openstack.wsgi_app [None req-e4e97746-9193-4578-8290-4cc9c6452cce None None] oslo_limit.split_loggers = False {{(pid=109780) log_opt_values /opt/stack/data/venv/lib/python3.12/site-packages/oslo_config/cfg.py:3006}}
Apr 29 21:41:30.209768 np0000171297 devstack@n-api-meta.service[109780]: DEBUG nova.api.openstack.wsgi_app [None req-e4e97746-9193-4578-8290-4cc9c6452cce None None] oslo_limit.status_code_retries = None {{(pid=109780) log_opt_values /opt/stack/data/venv/lib/python3.12/site-packages/oslo_config/cfg.py:3006}}
Apr 29 21:41:30.209893 np0000171297 devstack@n-api-meta.service[109780]: DEBUG nova.api.openstack.wsgi_app [None req-e4e97746-9193-4578-8290-4cc9c6452cce None None] oslo_limit.status_code_retry_delay = None {{(pid=109780) log_opt_values /opt/stack/data/venv/lib/python3.12/site-packages/oslo_config/cfg.py:3006}}
Apr 29 21:41:30.210100 np0000171297 devstack@n-api-meta.service[109780]: DEBUG nova.api.openstack.wsgi_app [None req-e4e97746-9193-4578-8290-4cc9c6452cce None None] oslo_limit.timeout = None {{(pid=109780) log_opt_values /opt/stack/data/venv/lib/python3.12/site-packages/oslo_config/cfg.py:3006}}
Apr 29 21:41:30.210233 np0000171297 devstack@n-api-meta.service[109780]: DEBUG nova.api.openstack.wsgi_app [None req-e4e97746-9193-4578-8290-4cc9c6452cce None None] oslo_limit.valid_interfaces = None {{(pid=109780) log_opt_values /opt/stack/data/venv/lib/python3.12/site-packages/oslo_config/cfg.py:3006}}
Apr 29 21:41:30.210438 np0000171297 devstack@n-api-meta.service[109780]: DEBUG nova.api.openstack.wsgi_app [None req-e4e97746-9193-4578-8290-4cc9c6452cce None None] oslo_limit.version = None {{(pid=109780) log_opt_values /opt/stack/data/venv/lib/python3.12/site-packages/oslo_config/cfg.py:3006}}
Apr 29 21:41:30.210656 np0000171297 devstack@n-api-meta.service[109780]: DEBUG nova.api.openstack.wsgi_app [None req-e4e97746-9193-4578-8290-4cc9c6452cce None None] oslo_messaging_rabbit.amqp_auto_delete = False {{(pid=109780) log_opt_values /opt/stack/data/venv/lib/python3.12/site-packages/oslo_config/cfg.py:3006}}
Apr 29 21:41:30.210826 np0000171297 devstack@n-api-meta.service[109780]: DEBUG nova.api.openstack.wsgi_app [None req-e4e97746-9193-4578-8290-4cc9c6452cce None None] oslo_messaging_rabbit.amqp_durable_queues = False {{(pid=109780) log_opt_values /opt/stack/data/venv/lib/python3.12/site-packages/oslo_config/cfg.py:3006}}
Apr 29 21:41:30.210957 np0000171297 devstack@n-api-meta.service[109780]: DEBUG nova.api.openstack.wsgi_app [None req-e4e97746-9193-4578-8290-4cc9c6452cce None None] oslo_messaging_rabbit.conn_pool_min_size = 2 {{(pid=109780) log_opt_values /opt/stack/data/venv/lib/python3.12/site-packages/oslo_config/cfg.py:3006}}
Apr 29 21:41:30.211105 np0000171297 devstack@n-api-meta.service[109780]: DEBUG nova.api.openstack.wsgi_app [None req-e4e97746-9193-4578-8290-4cc9c6452cce None None] oslo_messaging_rabbit.conn_pool_ttl = 1200 {{(pid=109780) log_opt_values /opt/stack/data/venv/lib/python3.12/site-packages/oslo_config/cfg.py:3006}}
Apr 29 21:41:30.211237 np0000171297 devstack@n-api-meta.service[109780]: DEBUG nova.api.openstack.wsgi_app [None req-e4e97746-9193-4578-8290-4cc9c6452cce None None] oslo_messaging_rabbit.direct_mandatory_flag = True {{(pid=109780) log_opt_values /opt/stack/data/venv/lib/python3.12/site-packages/oslo_config/cfg.py:3006}}
Apr 29 21:41:30.211398 np0000171297 devstack@n-api-meta.service[109780]: DEBUG nova.api.openstack.wsgi_app [None req-e4e97746-9193-4578-8290-4cc9c6452cce None None] oslo_messaging_rabbit.enable_cancel_on_failover = False {{(pid=109780) log_opt_values /opt/stack/data/venv/lib/python3.12/site-packages/oslo_config/cfg.py:3006}}
Apr 29 21:41:30.211499 np0000171297 devstack@n-api-meta.service[109780]: DEBUG nova.api.openstack.wsgi_app [None req-e4e97746-9193-4578-8290-4cc9c6452cce None None] oslo_messaging_rabbit.heartbeat_in_pthread = False {{(pid=109780) log_opt_values /opt/stack/data/venv/lib/python3.12/site-packages/oslo_config/cfg.py:3006}}
Apr 29 21:41:30.211638 np0000171297 devstack@n-api-meta.service[109780]: DEBUG nova.api.openstack.wsgi_app [None req-e4e97746-9193-4578-8290-4cc9c6452cce None None] oslo_messaging_rabbit.heartbeat_rate = 3 {{(pid=109780) log_opt_values /opt/stack/data/venv/lib/python3.12/site-packages/oslo_config/cfg.py:3006}}
Apr 29 21:41:30.211775 np0000171297 devstack@n-api-meta.service[109780]: DEBUG nova.api.openstack.wsgi_app [None req-e4e97746-9193-4578-8290-4cc9c6452cce None None] oslo_messaging_rabbit.heartbeat_timeout_threshold = 60 {{(pid=109780) log_opt_values /opt/stack/data/venv/lib/python3.12/site-packages/oslo_config/cfg.py:3006}}
Apr 29 21:41:30.211903 np0000171297 devstack@n-api-meta.service[109780]: DEBUG nova.api.openstack.wsgi_app [None req-e4e97746-9193-4578-8290-4cc9c6452cce None None] oslo_messaging_rabbit.hostname = np0000171297 {{(pid=109780) log_opt_values /opt/stack/data/venv/lib/python3.12/site-packages/oslo_config/cfg.py:3006}}
Apr 29 21:41:30.212030 np0000171297 devstack@n-api-meta.service[109780]: DEBUG nova.api.openstack.wsgi_app [None req-e4e97746-9193-4578-8290-4cc9c6452cce None None] oslo_messaging_rabbit.kombu_compression = None {{(pid=109780) log_opt_values /opt/stack/data/venv/lib/python3.12/site-packages/oslo_config/cfg.py:3006}}
Apr 29 21:41:30.212206 np0000171297 devstack@n-api-meta.service[109780]: DEBUG nova.api.openstack.wsgi_app [None req-e4e97746-9193-4578-8290-4cc9c6452cce None None] oslo_messaging_rabbit.kombu_failover_strategy = round-robin {{(pid=109780) log_opt_values /opt/stack/data/venv/lib/python3.12/site-packages/oslo_config/cfg.py:3006}}
Apr 29 21:41:30.212337 np0000171297 devstack@n-api-meta.service[109780]: DEBUG nova.api.openstack.wsgi_app [None req-e4e97746-9193-4578-8290-4cc9c6452cce None None] oslo_messaging_rabbit.kombu_missing_consumer_retry_timeout = 60 {{(pid=109780) log_opt_values /opt/stack/data/venv/lib/python3.12/site-packages/oslo_config/cfg.py:3006}}
Apr 29 21:41:30.212468 np0000171297 devstack@n-api-meta.service[109780]: DEBUG nova.api.openstack.wsgi_app [None req-e4e97746-9193-4578-8290-4cc9c6452cce None None] oslo_messaging_rabbit.kombu_reconnect_delay = 1.0 {{(pid=109780) log_opt_values /opt/stack/data/venv/lib/python3.12/site-packages/oslo_config/cfg.py:3006}}
Apr 29 21:41:30.212599 np0000171297 devstack@n-api-meta.service[109780]: DEBUG nova.api.openstack.wsgi_app [None req-e4e97746-9193-4578-8290-4cc9c6452cce None None] oslo_messaging_rabbit.kombu_reconnect_splay = 0.0 {{(pid=109780) log_opt_values /opt/stack/data/venv/lib/python3.12/site-packages/oslo_config/cfg.py:3006}}
Apr 29 21:41:30.212734 np0000171297 devstack@n-api-meta.service[109780]: DEBUG nova.api.openstack.wsgi_app [None req-e4e97746-9193-4578-8290-4cc9c6452cce None None] oslo_messaging_rabbit.processname = uwsgi {{(pid=109780) log_opt_values /opt/stack/data/venv/lib/python3.12/site-packages/oslo_config/cfg.py:3006}}
Apr 29 21:41:30.212863 np0000171297 devstack@n-api-meta.service[109780]: DEBUG nova.api.openstack.wsgi_app [None req-e4e97746-9193-4578-8290-4cc9c6452cce None None] oslo_messaging_rabbit.rabbit_ha_queues = False {{(pid=109780) log_opt_values /opt/stack/data/venv/lib/python3.12/site-packages/oslo_config/cfg.py:3006}}
Apr 29 21:41:30.212993 np0000171297 devstack@n-api-meta.service[109780]: DEBUG nova.api.openstack.wsgi_app [None req-e4e97746-9193-4578-8290-4cc9c6452cce None None] oslo_messaging_rabbit.rabbit_interval_max = 30 {{(pid=109780) log_opt_values /opt/stack/data/venv/lib/python3.12/site-packages/oslo_config/cfg.py:3006}}
Apr 29 21:41:30.213151 np0000171297 devstack@n-api-meta.service[109780]: DEBUG nova.api.openstack.wsgi_app [None req-e4e97746-9193-4578-8290-4cc9c6452cce None None] oslo_messaging_rabbit.rabbit_login_method = AMQPLAIN {{(pid=109780) log_opt_values /opt/stack/data/venv/lib/python3.12/site-packages/oslo_config/cfg.py:3006}}
Apr 29 21:41:30.213282 np0000171297 devstack@n-api-meta.service[109780]: DEBUG nova.api.openstack.wsgi_app [None req-e4e97746-9193-4578-8290-4cc9c6452cce None None] oslo_messaging_rabbit.rabbit_qos_prefetch_count = 0 {{(pid=109780) log_opt_values /opt/stack/data/venv/lib/python3.12/site-packages/oslo_config/cfg.py:3006}}
Apr 29 21:41:30.213411 np0000171297 devstack@n-api-meta.service[109780]: DEBUG nova.api.openstack.wsgi_app [None req-e4e97746-9193-4578-8290-4cc9c6452cce None None] oslo_messaging_rabbit.rabbit_quorum_delivery_limit = 0 {{(pid=109780) log_opt_values /opt/stack/data/venv/lib/python3.12/site-packages/oslo_config/cfg.py:3006}}
Apr 29 21:41:30.213540 np0000171297 devstack@n-api-meta.service[109780]: DEBUG nova.api.openstack.wsgi_app [None req-e4e97746-9193-4578-8290-4cc9c6452cce None None] oslo_messaging_rabbit.rabbit_quorum_max_memory_bytes = 0 {{(pid=109780) log_opt_values /opt/stack/data/venv/lib/python3.12/site-packages/oslo_config/cfg.py:3006}}
Apr 29 21:41:30.213669 np0000171297 devstack@n-api-meta.service[109780]: DEBUG nova.api.openstack.wsgi_app [None req-e4e97746-9193-4578-8290-4cc9c6452cce None None] oslo_messaging_rabbit.rabbit_quorum_max_memory_length = 0 {{(pid=109780) log_opt_values /opt/stack/data/venv/lib/python3.12/site-packages/oslo_config/cfg.py:3006}}
Apr 29 21:41:30.213796 np0000171297 devstack@n-api-meta.service[109780]: DEBUG nova.api.openstack.wsgi_app [None req-e4e97746-9193-4578-8290-4cc9c6452cce None None] oslo_messaging_rabbit.rabbit_quorum_queue = False {{(pid=109780) log_opt_values /opt/stack/data/venv/lib/python3.12/site-packages/oslo_config/cfg.py:3006}}
Apr 29 21:41:30.213925 np0000171297 devstack@n-api-meta.service[109780]: DEBUG nova.api.openstack.wsgi_app [None req-e4e97746-9193-4578-8290-4cc9c6452cce None None] oslo_messaging_rabbit.rabbit_retry_backoff = 2 {{(pid=109780) log_opt_values /opt/stack/data/venv/lib/python3.12/site-packages/oslo_config/cfg.py:3006}}
Apr 29 21:41:30.214067 np0000171297 devstack@n-api-meta.service[109780]: DEBUG nova.api.openstack.wsgi_app [None req-e4e97746-9193-4578-8290-4cc9c6452cce None None] oslo_messaging_rabbit.rabbit_retry_interval = 1 {{(pid=109780) log_opt_values /opt/stack/data/venv/lib/python3.12/site-packages/oslo_config/cfg.py:3006}}
Apr 29 21:41:30.214202 np0000171297 devstack@n-api-meta.service[109780]: DEBUG nova.api.openstack.wsgi_app [None req-e4e97746-9193-4578-8290-4cc9c6452cce None None] oslo_messaging_rabbit.rabbit_stream_fanout = False {{(pid=109780) log_opt_values /opt/stack/data/venv/lib/python3.12/site-packages/oslo_config/cfg.py:3006}}
Apr 29 21:41:30.214345 np0000171297 devstack@n-api-meta.service[109780]: DEBUG nova.api.openstack.wsgi_app [None req-e4e97746-9193-4578-8290-4cc9c6452cce None None] oslo_messaging_rabbit.rabbit_transient_queues_ttl = 1800 {{(pid=109780) log_opt_values /opt/stack/data/venv/lib/python3.12/site-packages/oslo_config/cfg.py:3006}}
Apr 29 21:41:30.214475 np0000171297 devstack@n-api-meta.service[109780]: DEBUG nova.api.openstack.wsgi_app [None req-e4e97746-9193-4578-8290-4cc9c6452cce None None] oslo_messaging_rabbit.rabbit_transient_quorum_queue = False {{(pid=109780) log_opt_values /opt/stack/data/venv/lib/python3.12/site-packages/oslo_config/cfg.py:3006}}
Apr 29 21:41:30.214604 np0000171297 devstack@n-api-meta.service[109780]: DEBUG nova.api.openstack.wsgi_app [None req-e4e97746-9193-4578-8290-4cc9c6452cce None None] oslo_messaging_rabbit.rpc_conn_pool_size = 30 {{(pid=109780) log_opt_values /opt/stack/data/venv/lib/python3.12/site-packages/oslo_config/cfg.py:3006}}
Apr 29 21:41:30.214734 np0000171297 devstack@n-api-meta.service[109780]: DEBUG nova.api.openstack.wsgi_app [None req-e4e97746-9193-4578-8290-4cc9c6452cce None None] oslo_messaging_rabbit.ssl = False {{(pid=109780) log_opt_values /opt/stack/data/venv/lib/python3.12/site-packages/oslo_config/cfg.py:3006}}
Apr 29 21:41:30.214867 np0000171297 devstack@n-api-meta.service[109780]: DEBUG nova.api.openstack.wsgi_app [None req-e4e97746-9193-4578-8290-4cc9c6452cce None None] oslo_messaging_rabbit.ssl_ca_file = {{(pid=109780) log_opt_values /opt/stack/data/venv/lib/python3.12/site-packages/oslo_config/cfg.py:3006}}
Apr 29 21:41:30.214999 np0000171297 devstack@n-api-meta.service[109780]: DEBUG nova.api.openstack.wsgi_app [None req-e4e97746-9193-4578-8290-4cc9c6452cce None None] oslo_messaging_rabbit.ssl_cert_file = {{(pid=109780) log_opt_values /opt/stack/data/venv/lib/python3.12/site-packages/oslo_config/cfg.py:3006}}
Apr 29 21:41:30.215148 np0000171297 devstack@n-api-meta.service[109780]: DEBUG nova.api.openstack.wsgi_app [None req-e4e97746-9193-4578-8290-4cc9c6452cce None None] oslo_messaging_rabbit.ssl_enforce_fips_mode = False {{(pid=109780) log_opt_values /opt/stack/data/venv/lib/python3.12/site-packages/oslo_config/cfg.py:3006}}
Apr 29 21:41:30.215283 np0000171297 devstack@n-api-meta.service[109780]: DEBUG nova.api.openstack.wsgi_app [None req-e4e97746-9193-4578-8290-4cc9c6452cce None None] oslo_messaging_rabbit.ssl_key_file = {{(pid=109780) log_opt_values /opt/stack/data/venv/lib/python3.12/site-packages/oslo_config/cfg.py:3006}}
Apr 29 21:41:30.215415 np0000171297 devstack@n-api-meta.service[109780]: DEBUG nova.api.openstack.wsgi_app [None req-e4e97746-9193-4578-8290-4cc9c6452cce None None] oslo_messaging_rabbit.ssl_version = {{(pid=109780) log_opt_values /opt/stack/data/venv/lib/python3.12/site-packages/oslo_config/cfg.py:3006}}
Apr 29 21:41:30.215544 np0000171297 devstack@n-api-meta.service[109780]: DEBUG nova.api.openstack.wsgi_app [None req-e4e97746-9193-4578-8290-4cc9c6452cce None None] oslo_messaging_rabbit.use_queue_manager = False {{(pid=109780) log_opt_values /opt/stack/data/venv/lib/python3.12/site-packages/oslo_config/cfg.py:3006}}
Apr 29 21:41:30.215690 np0000171297 devstack@n-api-meta.service[109780]: DEBUG nova.api.openstack.wsgi_app [None req-e4e97746-9193-4578-8290-4cc9c6452cce None None] oslo_messaging_notifications.driver = ['messagingv2'] {{(pid=109780) log_opt_values /opt/stack/data/venv/lib/python3.12/site-packages/oslo_config/cfg.py:3006}}
Apr 29 21:41:30.215830 np0000171297 devstack@n-api-meta.service[109780]: DEBUG nova.api.openstack.wsgi_app [None req-e4e97746-9193-4578-8290-4cc9c6452cce None None] oslo_messaging_notifications.retry = -1 {{(pid=109780) log_opt_values /opt/stack/data/venv/lib/python3.12/site-packages/oslo_config/cfg.py:3006}}
Apr 29 21:41:30.215960 np0000171297 devstack@n-api-meta.service[109780]: DEBUG nova.api.openstack.wsgi_app [None req-e4e97746-9193-4578-8290-4cc9c6452cce None None] oslo_messaging_notifications.topics = ['notifications'] {{(pid=109780) log_opt_values /opt/stack/data/venv/lib/python3.12/site-packages/oslo_config/cfg.py:3006}}
Apr 29 21:41:30.216121 np0000171297 devstack@n-api-meta.service[109780]: DEBUG nova.api.openstack.wsgi_app [None req-e4e97746-9193-4578-8290-4cc9c6452cce None None] oslo_messaging_notifications.transport_url = **** {{(pid=109780) log_opt_values /opt/stack/data/venv/lib/python3.12/site-packages/oslo_config/cfg.py:3006}}
Apr 29 21:41:30.216255 np0000171297 devstack@n-api-meta.service[109780]: DEBUG nova.api.openstack.wsgi_app [None req-e4e97746-9193-4578-8290-4cc9c6452cce None None] oslo_reports.file_event_handler = None {{(pid=109780) log_opt_values /opt/stack/data/venv/lib/python3.12/site-packages/oslo_config/cfg.py:3006}}
Apr 29 21:41:30.216384 np0000171297 devstack@n-api-meta.service[109780]: DEBUG nova.api.openstack.wsgi_app [None req-e4e97746-9193-4578-8290-4cc9c6452cce None None] oslo_reports.file_event_handler_interval = 1 {{(pid=109780) log_opt_values /opt/stack/data/venv/lib/python3.12/site-packages/oslo_config/cfg.py:3006}}
Apr 29 21:41:30.216517 np0000171297 devstack@n-api-meta.service[109780]: DEBUG nova.api.openstack.wsgi_app [None req-e4e97746-9193-4578-8290-4cc9c6452cce None None] oslo_reports.log_dir = None {{(pid=109780) log_opt_values /opt/stack/data/venv/lib/python3.12/site-packages/oslo_config/cfg.py:3006}}
Apr 29 21:41:30.216622 np0000171297 devstack@n-api-meta.service[109780]: DEBUG nova.api.openstack.wsgi_app [None req-e4e97746-9193-4578-8290-4cc9c6452cce None None] ******************************************************************************** {{(pid=109780) log_opt_values /opt/stack/data/venv/lib/python3.12/site-packages/oslo_config/cfg.py:3013}}
Apr 29 21:41:30.216729 np0000171297 devstack@n-api-meta.service[109780]: WSGI app 0 (mountpoint='') ready in 3 seconds on interpreter 0x70e071aa3668 pid: 109780 (default app)
Apr 29 21:41:39.688619 np0000171297 devstack@n-api-meta.service[109782]: DEBUG dbcounter [-] [109782] Writing DB stats nova_api:SELECT=1 {{(pid=109782) stat_writer /opt/stack/data/venv/lib/python3.12/site-packages/dbcounter.py:115}}
Apr 29 21:41:39.738180 np0000171297 devstack@n-api-meta.service[109781]: DEBUG dbcounter [-] [109781] Writing DB stats nova_api:SELECT=1 {{(pid=109781) stat_writer /opt/stack/data/venv/lib/python3.12/site-packages/dbcounter.py:115}}
Apr 29 21:41:39.811035 np0000171297 devstack@n-api-meta.service[109779]: DEBUG dbcounter [-] [109779] Writing DB stats nova_api:SELECT=1 {{(pid=109779) stat_writer /opt/stack/data/venv/lib/python3.12/site-packages/dbcounter.py:115}}
Apr 29 21:41:39.820186 np0000171297 devstack@n-api-meta.service[109782]: DEBUG dbcounter [-] [109782] Writing DB stats nova_cell0:SELECT=1 {{(pid=109782) stat_writer /opt/stack/data/venv/lib/python3.12/site-packages/dbcounter.py:115}}
Apr 29 21:41:39.827453 np0000171297 devstack@n-api-meta.service[109782]: DEBUG dbcounter [-] [109782] Writing DB stats nova_cell1:SELECT=1 {{(pid=109782) stat_writer /opt/stack/data/venv/lib/python3.12/site-packages/dbcounter.py:115}}
Apr 29 21:41:39.861580 np0000171297 devstack@n-api-meta.service[109782]: DEBUG dbcounter [-] [109782] Writing DB stats nova_cell0:SELECT=2,nova_cell0:INSERT=1 {{(pid=109782) stat_writer /opt/stack/data/venv/lib/python3.12/site-packages/dbcounter.py:115}}
Apr 29 21:41:39.862118 np0000171297 devstack@n-api-meta.service[109781]: DEBUG dbcounter [-] [109781] Writing DB stats nova_cell0:SELECT=1 {{(pid=109781) stat_writer /opt/stack/data/venv/lib/python3.12/site-packages/dbcounter.py:115}}
Apr 29 21:41:39.868202 np0000171297 devstack@n-api-meta.service[109781]: DEBUG dbcounter [-] [109781] Writing DB stats nova_cell1:SELECT=1 {{(pid=109781) stat_writer /opt/stack/data/venv/lib/python3.12/site-packages/dbcounter.py:115}}
Apr 29 21:41:39.887998 np0000171297 devstack@n-api-meta.service[109781]: DEBUG dbcounter [-] [109781] Writing DB stats nova_cell0:SELECT=1 {{(pid=109781) stat_writer /opt/stack/data/venv/lib/python3.12/site-packages/dbcounter.py:115}}
Apr 29 21:41:39.906752 np0000171297 devstack@n-api-meta.service[109780]: DEBUG dbcounter [-] [109780] Writing DB stats nova_api:SELECT=1 {{(pid=109780) stat_writer /opt/stack/data/venv/lib/python3.12/site-packages/dbcounter.py:115}}
Apr 29 21:41:39.936435 np0000171297 devstack@n-api-meta.service[109779]: DEBUG dbcounter [-] [109779] Writing DB stats nova_cell0:SELECT=1 {{(pid=109779) stat_writer /opt/stack/data/venv/lib/python3.12/site-packages/dbcounter.py:115}}
Apr 29 21:41:39.944295 np0000171297 devstack@n-api-meta.service[109779]: DEBUG dbcounter [-] [109779] Writing DB stats nova_cell1:SELECT=1 {{(pid=109779) stat_writer /opt/stack/data/venv/lib/python3.12/site-packages/dbcounter.py:115}}
Apr 29 21:41:39.966628 np0000171297 devstack@n-api-meta.service[109779]: DEBUG dbcounter [-] [109779] Writing DB stats nova_cell0:SELECT=1 {{(pid=109779) stat_writer /opt/stack/data/venv/lib/python3.12/site-packages/dbcounter.py:115}}
Apr 29 21:41:40.033147 np0000171297 devstack@n-api-meta.service[109780]: DEBUG dbcounter [-] [109780] Writing DB stats nova_cell0:SELECT=1 {{(pid=109780) stat_writer /opt/stack/data/venv/lib/python3.12/site-packages/dbcounter.py:115}}
Apr 29 21:41:40.037682 np0000171297 devstack@n-api-meta.service[109780]: DEBUG dbcounter [-] [109780] Writing DB stats nova_cell1:SELECT=1 {{(pid=109780) stat_writer /opt/stack/data/venv/lib/python3.12/site-packages/dbcounter.py:115}}
Apr 29 21:41:40.065904 np0000171297 devstack@n-api-meta.service[109780]: DEBUG dbcounter [-] [109780] Writing DB stats nova_cell0:SELECT=1 {{(pid=109780) stat_writer /opt/stack/data/venv/lib/python3.12/site-packages/dbcounter.py:115}}
Apr 29 21:46:46.442103 np0000171297 devstack@n-api-meta.service[109782]: DEBUG nova.api.metadata.handler [None req-b0d6a373-d308-4838-9d25-c361d9e63097 None None] Metadata request headers: {'Host': '199.204.45.129:8775', 'User-Agent': 'python-requests/2.33.1', 'Accept-Encoding': 'gzip, deflate', 'Accept': '*/*', 'Connection': 'keep-alive', 'X-Forwarded-For': '192.168.24.7', 'X-Instance-Id': 'd3573b15-abfd-4104-ba51-d29911f057bd', 'X-Tenant-Id': 'b69a08a38bfe440990fa2d7406e237ba', 'X-Instance-Id-Signature': 'f54a0078e7ae748a4f16b061d0747d45fbd72ecac777734ce8ccc4e69733e8a5'} {{(pid=109782) __call__ /opt/stack/nova/nova/api/metadata/handler.py:109}}
Apr 29 21:46:46.454278 np0000171297 devstack@n-api-meta.service[109782]: DEBUG oslo_concurrency.lockutils [None req-09cf2487-eaab-472c-b913-61fdb0e04cc2 None None] Acquiring lock "7edf254c-a506-46b3-8b54-b575f507f84d" by "nova.context.set_target_cell..get_or_set_cached_cell_and_set_connections" {{(pid=109782) inner /opt/stack/data/venv/lib/python3.12/site-packages/oslo_concurrency/lockutils.py:506}}
Apr 29 21:46:46.454576 np0000171297 devstack@n-api-meta.service[109782]: DEBUG oslo_concurrency.lockutils [None req-09cf2487-eaab-472c-b913-61fdb0e04cc2 None None] Lock "7edf254c-a506-46b3-8b54-b575f507f84d" acquired by "nova.context.set_target_cell..get_or_set_cached_cell_and_set_connections" :: waited 0.000s {{(pid=109782) inner /opt/stack/data/venv/lib/python3.12/site-packages/oslo_concurrency/lockutils.py:519}}
Apr 29 21:46:46.454806 np0000171297 devstack@n-api-meta.service[109782]: DEBUG oslo_concurrency.lockutils [None req-09cf2487-eaab-472c-b913-61fdb0e04cc2 None None] Lock "7edf254c-a506-46b3-8b54-b575f507f84d" "released" by "nova.context.set_target_cell..get_or_set_cached_cell_and_set_connections" :: held 0.000s {{(pid=109782) inner /opt/stack/data/venv/lib/python3.12/site-packages/oslo_concurrency/lockutils.py:538}}
Apr 29 21:46:46.511997 np0000171297 devstack@n-api-meta.service[109782]: WARNING neutronclient.v2_0.client [None req-09cf2487-eaab-472c-b913-61fdb0e04cc2 None None] The python binding code in neutronclient is deprecated in favor of OpenstackSDK, please use that as this will be removed in a future release.
Apr 29 21:46:46.942252 np0000171297 devstack@n-api-meta.service[109782]: [pid: 109782|app: 0|req: 1/1] 199.204.45.129 () {40 vars in 640 bytes} [Wed Apr 29 21:46:46 2026] GET /openstack => generated 116 bytes in 502 msecs (HTTP/1.1 200) 3 headers in 100 bytes (1 switches on core 0)
Apr 29 21:46:46.955936 np0000171297 devstack@n-api-meta.service[109781]: DEBUG nova.api.metadata.handler [None req-9007b624-ac27-40ce-bd22-88ec02046cf8 None None] Metadata request headers: {'Host': '199.204.45.129:8775', 'User-Agent': 'python-requests/2.33.1', 'Accept-Encoding': 'gzip, deflate', 'Accept': '*/*', 'Connection': 'keep-alive', 'X-Forwarded-For': '192.168.24.7', 'X-Instance-Id': 'd3573b15-abfd-4104-ba51-d29911f057bd', 'X-Tenant-Id': 'b69a08a38bfe440990fa2d7406e237ba', 'X-Instance-Id-Signature': 'f54a0078e7ae748a4f16b061d0747d45fbd72ecac777734ce8ccc4e69733e8a5'} {{(pid=109781) __call__ /opt/stack/nova/nova/api/metadata/handler.py:109}}
Apr 29 21:46:46.960987 np0000171297 devstack@n-api-meta.service[109781]: DEBUG nova.api.metadata.handler [None req-9007b624-ac27-40ce-bd22-88ec02046cf8 None None] Using cached metadata for instance d3573b15-abfd-4104-ba51-d29911f057bd {{(pid=109781) get_metadata_by_instance_id /opt/stack/nova/nova/api/metadata/handler.py:84}}
Apr 29 21:46:46.961463 np0000171297 devstack@n-api-meta.service[109781]: [pid: 109781|app: 0|req: 1/2] 199.204.45.129 () {40 vars in 640 bytes} [Wed Apr 29 21:46:46 2026] GET /openstack => generated 116 bytes in 6 msecs (HTTP/1.1 200) 3 headers in 100 bytes (1 switches on core 0)
Apr 29 21:46:46.969753 np0000171297 devstack@n-api-meta.service[109779]: DEBUG nova.api.metadata.handler [None req-3a60661e-eb78-4832-aaa6-037e8fdbbe7e None None] Metadata request headers: {'Host': '199.204.45.129:8775', 'User-Agent': 'python-requests/2.33.1', 'Accept-Encoding': 'gzip, deflate', 'Accept': '*/*', 'Connection': 'keep-alive', 'X-Forwarded-For': '192.168.24.7', 'X-Instance-Id': 'd3573b15-abfd-4104-ba51-d29911f057bd', 'X-Tenant-Id': 'b69a08a38bfe440990fa2d7406e237ba', 'X-Instance-Id-Signature': 'f54a0078e7ae748a4f16b061d0747d45fbd72ecac777734ce8ccc4e69733e8a5'} {{(pid=109779) __call__ /opt/stack/nova/nova/api/metadata/handler.py:109}}
Apr 29 21:46:46.974624 np0000171297 devstack@n-api-meta.service[109779]: DEBUG nova.api.metadata.handler [None req-3a60661e-eb78-4832-aaa6-037e8fdbbe7e None None] Using cached metadata for instance d3573b15-abfd-4104-ba51-d29911f057bd {{(pid=109779) get_metadata_by_instance_id /opt/stack/nova/nova/api/metadata/handler.py:84}}
Apr 29 21:46:46.975289 np0000171297 devstack@n-api-meta.service[109779]: [pid: 109779|app: 0|req: 1/3] 199.204.45.129 () {40 vars in 692 bytes} [Wed Apr 29 21:46:46 2026] GET /openstack/2018-08-27/meta_data.json => generated 946 bytes in 6 msecs (HTTP/1.1 200) 3 headers in 91 bytes (1 switches on core 0)
Apr 29 21:46:46.984272 np0000171297 devstack@n-api-meta.service[109780]: DEBUG nova.api.metadata.handler [None req-e4e97746-9193-4578-8290-4cc9c6452cce None None] Metadata request headers: {'Host': '199.204.45.129:8775', 'User-Agent': 'python-requests/2.33.1', 'Accept-Encoding': 'gzip, deflate', 'Accept': '*/*', 'Connection': 'keep-alive', 'X-Forwarded-For': '192.168.24.7', 'X-Instance-Id': 'd3573b15-abfd-4104-ba51-d29911f057bd', 'X-Tenant-Id': 'b69a08a38bfe440990fa2d7406e237ba', 'X-Instance-Id-Signature': 'f54a0078e7ae748a4f16b061d0747d45fbd72ecac777734ce8ccc4e69733e8a5'} {{(pid=109780) __call__ /opt/stack/nova/nova/api/metadata/handler.py:109}}
Apr 29 21:46:46.989140 np0000171297 devstack@n-api-meta.service[109780]: DEBUG nova.api.metadata.handler [None req-e4e97746-9193-4578-8290-4cc9c6452cce None None] Using cached metadata for instance d3573b15-abfd-4104-ba51-d29911f057bd {{(pid=109780) get_metadata_by_instance_id /opt/stack/nova/nova/api/metadata/handler.py:84}}
Apr 29 21:46:46.989570 np0000171297 devstack@n-api-meta.service[109780]: [pid: 109780|app: 0|req: 1/4] 199.204.45.129 () {40 vars in 682 bytes} [Wed Apr 29 21:46:46 2026] GET /openstack/2018-08-27/user_data => generated 26434 bytes in 6 msecs (HTTP/1.1 200) 3 headers in 102 bytes (1 switches on core 0)
Apr 29 21:46:46.997838 np0000171297 devstack@n-api-meta.service[109782]: DEBUG nova.api.metadata.handler [None req-09cf2487-eaab-472c-b913-61fdb0e04cc2 None None] Metadata request headers: {'Host': '199.204.45.129:8775', 'User-Agent': 'python-requests/2.33.1', 'Accept-Encoding': 'gzip, deflate', 'Accept': '*/*', 'Connection': 'keep-alive', 'X-Forwarded-For': '192.168.24.7', 'X-Instance-Id': 'd3573b15-abfd-4104-ba51-d29911f057bd', 'X-Tenant-Id': 'b69a08a38bfe440990fa2d7406e237ba', 'X-Instance-Id-Signature': 'f54a0078e7ae748a4f16b061d0747d45fbd72ecac777734ce8ccc4e69733e8a5'} {{(pid=109782) __call__ /opt/stack/nova/nova/api/metadata/handler.py:109}}
Apr 29 21:46:47.000614 np0000171297 devstack@n-api-meta.service[109782]: DEBUG nova.api.metadata.handler [None req-09cf2487-eaab-472c-b913-61fdb0e04cc2 None None] Using cached metadata for instance d3573b15-abfd-4104-ba51-d29911f057bd {{(pid=109782) get_metadata_by_instance_id /opt/stack/nova/nova/api/metadata/handler.py:84}}
Apr 29 21:46:47.001355 np0000171297 devstack@n-api-meta.service[109782]: [pid: 109782|app: 0|req: 2/5] 199.204.45.129 () {40 vars in 697 bytes} [Wed Apr 29 21:46:46 2026] GET /openstack/2018-08-27/vendor_data.json => generated 2 bytes in 4 msecs (HTTP/1.1 200) 3 headers in 89 bytes (1 switches on core 0)
Apr 29 21:46:47.010188 np0000171297 devstack@n-api-meta.service[109781]: DEBUG nova.api.metadata.handler [None req-9007b624-ac27-40ce-bd22-88ec02046cf8 None None] Metadata request headers: {'Host': '199.204.45.129:8775', 'User-Agent': 'python-requests/2.33.1', 'Accept-Encoding': 'gzip, deflate', 'Accept': '*/*', 'Connection': 'keep-alive', 'X-Forwarded-For': '192.168.24.7', 'X-Instance-Id': 'd3573b15-abfd-4104-ba51-d29911f057bd', 'X-Tenant-Id': 'b69a08a38bfe440990fa2d7406e237ba', 'X-Instance-Id-Signature': 'f54a0078e7ae748a4f16b061d0747d45fbd72ecac777734ce8ccc4e69733e8a5'} {{(pid=109781) __call__ /opt/stack/nova/nova/api/metadata/handler.py:109}}
Apr 29 21:46:47.013347 np0000171297 devstack@n-api-meta.service[109781]: DEBUG nova.api.metadata.handler [None req-9007b624-ac27-40ce-bd22-88ec02046cf8 None None] Using cached metadata for instance d3573b15-abfd-4104-ba51-d29911f057bd {{(pid=109781) get_metadata_by_instance_id /opt/stack/nova/nova/api/metadata/handler.py:84}}
Apr 29 21:46:47.014371 np0000171297 devstack@n-api-meta.service[109781]: [pid: 109781|app: 0|req: 2/6] 199.204.45.129 () {40 vars in 699 bytes} [Wed Apr 29 21:46:47 2026] GET /openstack/2018-08-27/vendor_data2.json => generated 14 bytes in 5 msecs (HTTP/1.1 200) 3 headers in 90 bytes (1 switches on core 0)
Apr 29 21:46:47.022110 np0000171297 devstack@n-api-meta.service[109779]: DEBUG nova.api.metadata.handler [None req-3a60661e-eb78-4832-aaa6-037e8fdbbe7e None None] Metadata request headers: {'Host': '199.204.45.129:8775', 'User-Agent': 'python-requests/2.33.1', 'Accept-Encoding': 'gzip, deflate', 'Accept': '*/*', 'Connection': 'keep-alive', 'X-Forwarded-For': '192.168.24.7', 'X-Instance-Id': 'd3573b15-abfd-4104-ba51-d29911f057bd', 'X-Tenant-Id': 'b69a08a38bfe440990fa2d7406e237ba', 'X-Instance-Id-Signature': 'f54a0078e7ae748a4f16b061d0747d45fbd72ecac777734ce8ccc4e69733e8a5'} {{(pid=109779) __call__ /opt/stack/nova/nova/api/metadata/handler.py:109}}
Apr 29 21:46:47.024148 np0000171297 devstack@n-api-meta.service[109779]: DEBUG nova.api.metadata.handler [None req-3a60661e-eb78-4832-aaa6-037e8fdbbe7e None None] Using cached metadata for instance d3573b15-abfd-4104-ba51-d29911f057bd {{(pid=109779) get_metadata_by_instance_id /opt/stack/nova/nova/api/metadata/handler.py:84}}
Apr 29 21:46:47.024515 np0000171297 devstack@n-api-meta.service[109779]: [pid: 109779|app: 0|req: 2/7] 199.204.45.129 () {40 vars in 699 bytes} [Wed Apr 29 21:46:47 2026] GET /openstack/2018-08-27/network_data.json => generated 348 bytes in 3 msecs (HTTP/1.1 200) 3 headers in 100 bytes (1 switches on core 0)
Apr 29 21:46:47.032239 np0000171297 devstack@n-api-meta.service[109780]: DEBUG nova.api.metadata.handler [None req-e4e97746-9193-4578-8290-4cc9c6452cce None None] Metadata request headers: {'Host': '199.204.45.129:8775', 'User-Agent': 'python-requests/2.33.1', 'Accept-Encoding': 'gzip, deflate', 'Accept': '*/*', 'Connection': 'keep-alive', 'X-Forwarded-For': '192.168.24.7', 'X-Instance-Id': 'd3573b15-abfd-4104-ba51-d29911f057bd', 'X-Tenant-Id': 'b69a08a38bfe440990fa2d7406e237ba', 'X-Instance-Id-Signature': 'f54a0078e7ae748a4f16b061d0747d45fbd72ecac777734ce8ccc4e69733e8a5'} {{(pid=109780) __call__ /opt/stack/nova/nova/api/metadata/handler.py:109}}
Apr 29 21:46:47.035566 np0000171297 devstack@n-api-meta.service[109780]: DEBUG nova.api.metadata.handler [None req-e4e97746-9193-4578-8290-4cc9c6452cce None None] Using cached metadata for instance d3573b15-abfd-4104-ba51-d29911f057bd {{(pid=109780) get_metadata_by_instance_id /opt/stack/nova/nova/api/metadata/handler.py:84}}
Apr 29 21:46:47.036557 np0000171297 devstack@n-api-meta.service[109780]: [pid: 109780|app: 0|req: 2/8] 199.204.45.129 () {40 vars in 657 bytes} [Wed Apr 29 21:46:47 2026] GET /latest/meta-data/ => generated 210 bytes in 5 msecs (HTTP/1.1 200) 3 headers in 100 bytes (1 switches on core 0)
Apr 29 21:46:47.042881 np0000171297 devstack@n-api-meta.service[109782]: DEBUG nova.api.metadata.handler [None req-09cf2487-eaab-472c-b913-61fdb0e04cc2 None None] Metadata request headers: {'Host': '199.204.45.129:8775', 'User-Agent': 'python-requests/2.33.1', 'Accept-Encoding': 'gzip, deflate', 'Accept': '*/*', 'Connection': 'keep-alive', 'X-Forwarded-For': '192.168.24.7', 'X-Instance-Id': 'd3573b15-abfd-4104-ba51-d29911f057bd', 'X-Tenant-Id': 'b69a08a38bfe440990fa2d7406e237ba', 'X-Instance-Id-Signature': 'f54a0078e7ae748a4f16b061d0747d45fbd72ecac777734ce8ccc4e69733e8a5'} {{(pid=109782) __call__ /opt/stack/nova/nova/api/metadata/handler.py:109}}
Apr 29 21:46:47.044474 np0000171297 devstack@n-api-meta.service[109782]: DEBUG nova.api.metadata.handler [None req-09cf2487-eaab-472c-b913-61fdb0e04cc2 None None] Using cached metadata for instance d3573b15-abfd-4104-ba51-d29911f057bd {{(pid=109782) get_metadata_by_instance_id /opt/stack/nova/nova/api/metadata/handler.py:84}}
Apr 29 21:46:47.044907 np0000171297 devstack@n-api-meta.service[109782]: [pid: 109782|app: 0|req: 3/9] 199.204.45.129 () {40 vars in 699 bytes} [Wed Apr 29 21:46:47 2026] GET /latest/meta-data/block-device-mapping/ => generated 8 bytes in 2 msecs (HTTP/1.1 200) 3 headers in 98 bytes (1 switches on core 0)
Apr 29 21:46:47.056301 np0000171297 devstack@n-api-meta.service[109781]: DEBUG nova.api.metadata.handler [None req-9007b624-ac27-40ce-bd22-88ec02046cf8 None None] Metadata request headers: {'Host': '199.204.45.129:8775', 'User-Agent': 'python-requests/2.33.1', 'Accept-Encoding': 'gzip, deflate', 'Accept': '*/*', 'Connection': 'keep-alive', 'X-Forwarded-For': '192.168.24.7', 'X-Instance-Id': 'd3573b15-abfd-4104-ba51-d29911f057bd', 'X-Tenant-Id': 'b69a08a38bfe440990fa2d7406e237ba', 'X-Instance-Id-Signature': 'f54a0078e7ae748a4f16b061d0747d45fbd72ecac777734ce8ccc4e69733e8a5'} {{(pid=109781) __call__ /opt/stack/nova/nova/api/metadata/handler.py:109}}
Apr 29 21:46:47.057920 np0000171297 devstack@n-api-meta.service[109781]: DEBUG nova.api.metadata.handler [None req-9007b624-ac27-40ce-bd22-88ec02046cf8 None None] Using cached metadata for instance d3573b15-abfd-4104-ba51-d29911f057bd {{(pid=109781) get_metadata_by_instance_id /opt/stack/nova/nova/api/metadata/handler.py:84}}
Apr 29 21:46:47.058455 np0000171297 devstack@n-api-meta.service[109781]: [pid: 109781|app: 0|req: 3/10] 199.204.45.129 () {40 vars in 705 bytes} [Wed Apr 29 21:46:47 2026] GET /latest/meta-data/block-device-mapping/ami => generated 3 bytes in 3 msecs (HTTP/1.1 200) 3 headers in 98 bytes (1 switches on core 0)
Apr 29 21:46:47.066020 np0000171297 devstack@n-api-meta.service[109779]: DEBUG nova.api.metadata.handler [None req-3a60661e-eb78-4832-aaa6-037e8fdbbe7e None None] Metadata request headers: {'Host': '199.204.45.129:8775', 'User-Agent': 'python-requests/2.33.1', 'Accept-Encoding': 'gzip, deflate', 'Accept': '*/*', 'Connection': 'keep-alive', 'X-Forwarded-For': '192.168.24.7', 'X-Instance-Id': 'd3573b15-abfd-4104-ba51-d29911f057bd', 'X-Tenant-Id': 'b69a08a38bfe440990fa2d7406e237ba', 'X-Instance-Id-Signature': 'f54a0078e7ae748a4f16b061d0747d45fbd72ecac777734ce8ccc4e69733e8a5'} {{(pid=109779) __call__ /opt/stack/nova/nova/api/metadata/handler.py:109}}
Apr 29 21:46:47.067951 np0000171297 devstack@n-api-meta.service[109779]: DEBUG nova.api.metadata.handler [None req-3a60661e-eb78-4832-aaa6-037e8fdbbe7e None None] Using cached metadata for instance d3573b15-abfd-4104-ba51-d29911f057bd {{(pid=109779) get_metadata_by_instance_id /opt/stack/nova/nova/api/metadata/handler.py:84}}
Apr 29 21:46:47.068454 np0000171297 devstack@n-api-meta.service[109779]: [pid: 109779|app: 0|req: 3/11] 199.204.45.129 () {40 vars in 707 bytes} [Wed Apr 29 21:46:47 2026] GET /latest/meta-data/block-device-mapping/root => generated 8 bytes in 3 msecs (HTTP/1.1 200) 3 headers in 98 bytes (1 switches on core 0)
Apr 29 21:46:47.074472 np0000171297 devstack@n-api-meta.service[109780]: DEBUG nova.api.metadata.handler [None req-e4e97746-9193-4578-8290-4cc9c6452cce None None] Metadata request headers: {'Host': '199.204.45.129:8775', 'User-Agent': 'python-requests/2.33.1', 'Accept-Encoding': 'gzip, deflate', 'Accept': '*/*', 'Connection': 'keep-alive', 'X-Forwarded-For': '192.168.24.7', 'X-Instance-Id': 'd3573b15-abfd-4104-ba51-d29911f057bd', 'X-Tenant-Id': 'b69a08a38bfe440990fa2d7406e237ba', 'X-Instance-Id-Signature': 'f54a0078e7ae748a4f16b061d0747d45fbd72ecac777734ce8ccc4e69733e8a5'} {{(pid=109780) __call__ /opt/stack/nova/nova/api/metadata/handler.py:109}}
Apr 29 21:46:47.076630 np0000171297 devstack@n-api-meta.service[109780]: DEBUG nova.api.metadata.handler [None req-e4e97746-9193-4578-8290-4cc9c6452cce None None] Using cached metadata for instance d3573b15-abfd-4104-ba51-d29911f057bd {{(pid=109780) get_metadata_by_instance_id /opt/stack/nova/nova/api/metadata/handler.py:84}}
Apr 29 21:46:47.077121 np0000171297 devstack@n-api-meta.service[109780]: [pid: 109780|app: 0|req: 3/12] 199.204.45.129 () {40 vars in 677 bytes} [Wed Apr 29 21:46:47 2026] GET /latest/meta-data/placement/ => generated 17 bytes in 3 msecs (HTTP/1.1 200) 3 headers in 99 bytes (1 switches on core 0)
Apr 29 21:46:47.087091 np0000171297 devstack@n-api-meta.service[109782]: DEBUG nova.api.metadata.handler [None req-09cf2487-eaab-472c-b913-61fdb0e04cc2 None None] Metadata request headers: {'Host': '199.204.45.129:8775', 'User-Agent': 'python-requests/2.33.1', 'Accept-Encoding': 'gzip, deflate', 'Accept': '*/*', 'Connection': 'keep-alive', 'X-Forwarded-For': '192.168.24.7', 'X-Instance-Id': 'd3573b15-abfd-4104-ba51-d29911f057bd', 'X-Tenant-Id': 'b69a08a38bfe440990fa2d7406e237ba', 'X-Instance-Id-Signature': 'f54a0078e7ae748a4f16b061d0747d45fbd72ecac777734ce8ccc4e69733e8a5'} {{(pid=109782) __call__ /opt/stack/nova/nova/api/metadata/handler.py:109}}
Apr 29 21:46:47.089779 np0000171297 devstack@n-api-meta.service[109782]: DEBUG nova.api.metadata.handler [None req-09cf2487-eaab-472c-b913-61fdb0e04cc2 None None] Using cached metadata for instance d3573b15-abfd-4104-ba51-d29911f057bd {{(pid=109782) get_metadata_by_instance_id /opt/stack/nova/nova/api/metadata/handler.py:84}}
Apr 29 21:46:47.090407 np0000171297 devstack@n-api-meta.service[109782]: [pid: 109782|app: 0|req: 4/13] 199.204.45.129 () {40 vars in 711 bytes} [Wed Apr 29 21:46:47 2026] GET /latest/meta-data/placement/availability-zone => generated 4 bytes in 4 msecs (HTTP/1.1 200) 3 headers in 98 bytes (1 switches on core 0)
Apr 29 21:46:47.098043 np0000171297 devstack@n-api-meta.service[109781]: DEBUG nova.api.metadata.handler [None req-9007b624-ac27-40ce-bd22-88ec02046cf8 None None] Metadata request headers: {'Host': '199.204.45.129:8775', 'User-Agent': 'python-requests/2.33.1', 'Accept-Encoding': 'gzip, deflate', 'Accept': '*/*', 'Connection': 'keep-alive', 'X-Forwarded-For': '192.168.24.7', 'X-Instance-Id': 'd3573b15-abfd-4104-ba51-d29911f057bd', 'X-Tenant-Id': 'b69a08a38bfe440990fa2d7406e237ba', 'X-Instance-Id-Signature': 'f54a0078e7ae748a4f16b061d0747d45fbd72ecac777734ce8ccc4e69733e8a5'} {{(pid=109781) __call__ /opt/stack/nova/nova/api/metadata/handler.py:109}}
Apr 29 21:46:47.100290 np0000171297 devstack@n-api-meta.service[109781]: DEBUG nova.api.metadata.handler [None req-9007b624-ac27-40ce-bd22-88ec02046cf8 None None] Using cached metadata for instance d3573b15-abfd-4104-ba51-d29911f057bd {{(pid=109781) get_metadata_by_instance_id /opt/stack/nova/nova/api/metadata/handler.py:84}}
Apr 29 21:46:47.100688 np0000171297 devstack@n-api-meta.service[109781]: [pid: 109781|app: 0|req: 4/14] 199.204.45.129 () {40 vars in 669 bytes} [Wed Apr 29 21:46:47 2026] GET /latest/meta-data/ami-id => generated 12 bytes in 3 msecs (HTTP/1.1 200) 3 headers in 99 bytes (1 switches on core 0)
Apr 29 21:46:47.108801 np0000171297 devstack@n-api-meta.service[109779]: DEBUG nova.api.metadata.handler [None req-3a60661e-eb78-4832-aaa6-037e8fdbbe7e None None] Metadata request headers: {'Host': '199.204.45.129:8775', 'User-Agent': 'python-requests/2.33.1', 'Accept-Encoding': 'gzip, deflate', 'Accept': '*/*', 'Connection': 'keep-alive', 'X-Forwarded-For': '192.168.24.7', 'X-Instance-Id': 'd3573b15-abfd-4104-ba51-d29911f057bd', 'X-Tenant-Id': 'b69a08a38bfe440990fa2d7406e237ba', 'X-Instance-Id-Signature': 'f54a0078e7ae748a4f16b061d0747d45fbd72ecac777734ce8ccc4e69733e8a5'} {{(pid=109779) __call__ /opt/stack/nova/nova/api/metadata/handler.py:109}}
Apr 29 21:46:47.110109 np0000171297 devstack@n-api-meta.service[109779]: DEBUG nova.api.metadata.handler [None req-3a60661e-eb78-4832-aaa6-037e8fdbbe7e None None] Using cached metadata for instance d3573b15-abfd-4104-ba51-d29911f057bd {{(pid=109779) get_metadata_by_instance_id /opt/stack/nova/nova/api/metadata/handler.py:84}}
Apr 29 21:46:47.110389 np0000171297 devstack@n-api-meta.service[109779]: [pid: 109779|app: 0|req: 4/15] 199.204.45.129 () {40 vars in 689 bytes} [Wed Apr 29 21:46:47 2026] GET /latest/meta-data/ami-launch-index => generated 1 bytes in 1 msecs (HTTP/1.1 200) 3 headers in 98 bytes (1 switches on core 0)
Apr 29 21:46:47.144970 np0000171297 devstack@n-api-meta.service[109780]: DEBUG nova.api.metadata.handler [None req-e4e97746-9193-4578-8290-4cc9c6452cce None None] Metadata request headers: {'Host': '199.204.45.129:8775', 'User-Agent': 'python-requests/2.33.1', 'Accept-Encoding': 'gzip, deflate', 'Accept': '*/*', 'Connection': 'keep-alive', 'X-Forwarded-For': '192.168.24.7', 'X-Instance-Id': 'd3573b15-abfd-4104-ba51-d29911f057bd', 'X-Tenant-Id': 'b69a08a38bfe440990fa2d7406e237ba', 'X-Instance-Id-Signature': 'f54a0078e7ae748a4f16b061d0747d45fbd72ecac777734ce8ccc4e69733e8a5'} {{(pid=109780) __call__ /opt/stack/nova/nova/api/metadata/handler.py:109}}
Apr 29 21:46:47.148413 np0000171297 devstack@n-api-meta.service[109780]: DEBUG nova.api.metadata.handler [None req-e4e97746-9193-4578-8290-4cc9c6452cce None None] Using cached metadata for instance d3573b15-abfd-4104-ba51-d29911f057bd {{(pid=109780) get_metadata_by_instance_id /opt/stack/nova/nova/api/metadata/handler.py:84}}
Apr 29 21:46:47.149161 np0000171297 devstack@n-api-meta.service[109780]: [pid: 109780|app: 0|req: 4/16] 199.204.45.129 () {40 vars in 691 bytes} [Wed Apr 29 21:46:47 2026] GET /latest/meta-data/ami-manifest-path => generated 5 bytes in 5 msecs (HTTP/1.1 200) 3 headers in 98 bytes (1 switches on core 0)
Apr 29 21:46:47.156820 np0000171297 devstack@n-api-meta.service[109782]: DEBUG nova.api.metadata.handler [None req-09cf2487-eaab-472c-b913-61fdb0e04cc2 None None] Metadata request headers: {'Host': '199.204.45.129:8775', 'User-Agent': 'python-requests/2.33.1', 'Accept-Encoding': 'gzip, deflate', 'Accept': '*/*', 'Connection': 'keep-alive', 'X-Forwarded-For': '192.168.24.7', 'X-Instance-Id': 'd3573b15-abfd-4104-ba51-d29911f057bd', 'X-Tenant-Id': 'b69a08a38bfe440990fa2d7406e237ba', 'X-Instance-Id-Signature': 'f54a0078e7ae748a4f16b061d0747d45fbd72ecac777734ce8ccc4e69733e8a5'} {{(pid=109782) __call__ /opt/stack/nova/nova/api/metadata/handler.py:109}}
Apr 29 21:46:47.159915 np0000171297 devstack@n-api-meta.service[109782]: DEBUG nova.api.metadata.handler [None req-09cf2487-eaab-472c-b913-61fdb0e04cc2 None None] Using cached metadata for instance d3573b15-abfd-4104-ba51-d29911f057bd {{(pid=109782) get_metadata_by_instance_id /opt/stack/nova/nova/api/metadata/handler.py:84}}
Apr 29 21:46:47.160628 np0000171297 devstack@n-api-meta.service[109782]: [pid: 109782|app: 0|req: 5/17] 199.204.45.129 () {40 vars in 673 bytes} [Wed Apr 29 21:46:47 2026] GET /latest/meta-data/hostname => generated 32 bytes in 4 msecs (HTTP/1.1 200) 3 headers in 99 bytes (1 switches on core 0)
Apr 29 21:46:47.167109 np0000171297 devstack@n-api-meta.service[109781]: DEBUG nova.api.metadata.handler [None req-9007b624-ac27-40ce-bd22-88ec02046cf8 None None] Metadata request headers: {'Host': '199.204.45.129:8775', 'User-Agent': 'python-requests/2.33.1', 'Accept-Encoding': 'gzip, deflate', 'Accept': '*/*', 'Connection': 'keep-alive', 'X-Forwarded-For': '192.168.24.7', 'X-Instance-Id': 'd3573b15-abfd-4104-ba51-d29911f057bd', 'X-Tenant-Id': 'b69a08a38bfe440990fa2d7406e237ba', 'X-Instance-Id-Signature': 'f54a0078e7ae748a4f16b061d0747d45fbd72ecac777734ce8ccc4e69733e8a5'} {{(pid=109781) __call__ /opt/stack/nova/nova/api/metadata/handler.py:109}}
Apr 29 21:46:47.170121 np0000171297 devstack@n-api-meta.service[109781]: DEBUG nova.api.metadata.handler [None req-9007b624-ac27-40ce-bd22-88ec02046cf8 None None] Using cached metadata for instance d3573b15-abfd-4104-ba51-d29911f057bd {{(pid=109781) get_metadata_by_instance_id /opt/stack/nova/nova/api/metadata/handler.py:84}}
Apr 29 21:46:47.170830 np0000171297 devstack@n-api-meta.service[109781]: [pid: 109781|app: 0|req: 5/18] 199.204.45.129 () {40 vars in 687 bytes} [Wed Apr 29 21:46:47 2026] GET /latest/meta-data/instance-action => generated 4 bytes in 4 msecs (HTTP/1.1 200) 3 headers in 98 bytes (1 switches on core 0)
Apr 29 21:46:47.178976 np0000171297 devstack@n-api-meta.service[109779]: DEBUG nova.api.metadata.handler [None req-3a60661e-eb78-4832-aaa6-037e8fdbbe7e None None] Metadata request headers: {'Host': '199.204.45.129:8775', 'User-Agent': 'python-requests/2.33.1', 'Accept-Encoding': 'gzip, deflate', 'Accept': '*/*', 'Connection': 'keep-alive', 'X-Forwarded-For': '192.168.24.7', 'X-Instance-Id': 'd3573b15-abfd-4104-ba51-d29911f057bd', 'X-Tenant-Id': 'b69a08a38bfe440990fa2d7406e237ba', 'X-Instance-Id-Signature': 'f54a0078e7ae748a4f16b061d0747d45fbd72ecac777734ce8ccc4e69733e8a5'} {{(pid=109779) __call__ /opt/stack/nova/nova/api/metadata/handler.py:109}}
Apr 29 21:46:47.181503 np0000171297 devstack@n-api-meta.service[109779]: DEBUG nova.api.metadata.handler [None req-3a60661e-eb78-4832-aaa6-037e8fdbbe7e None None] Using cached metadata for instance d3573b15-abfd-4104-ba51-d29911f057bd {{(pid=109779) get_metadata_by_instance_id /opt/stack/nova/nova/api/metadata/handler.py:84}}
Apr 29 21:46:47.182075 np0000171297 devstack@n-api-meta.service[109779]: [pid: 109779|app: 0|req: 5/19] 199.204.45.129 () {40 vars in 679 bytes} [Wed Apr 29 21:46:47 2026] GET /latest/meta-data/instance-id => generated 10 bytes in 3 msecs (HTTP/1.1 200) 3 headers in 99 bytes (1 switches on core 0)
Apr 29 21:46:47.190026 np0000171297 devstack@n-api-meta.service[109780]: DEBUG nova.api.metadata.handler [None req-e4e97746-9193-4578-8290-4cc9c6452cce None None] Metadata request headers: {'Host': '199.204.45.129:8775', 'User-Agent': 'python-requests/2.33.1', 'Accept-Encoding': 'gzip, deflate', 'Accept': '*/*', 'Connection': 'keep-alive', 'X-Forwarded-For': '192.168.24.7', 'X-Instance-Id': 'd3573b15-abfd-4104-ba51-d29911f057bd', 'X-Tenant-Id': 'b69a08a38bfe440990fa2d7406e237ba', 'X-Instance-Id-Signature': 'f54a0078e7ae748a4f16b061d0747d45fbd72ecac777734ce8ccc4e69733e8a5'} {{(pid=109780) __call__ /opt/stack/nova/nova/api/metadata/handler.py:109}}
Apr 29 21:46:47.192525 np0000171297 devstack@n-api-meta.service[109780]: DEBUG nova.api.metadata.handler [None req-e4e97746-9193-4578-8290-4cc9c6452cce None None] Using cached metadata for instance d3573b15-abfd-4104-ba51-d29911f057bd {{(pid=109780) get_metadata_by_instance_id /opt/stack/nova/nova/api/metadata/handler.py:84}}
Apr 29 21:46:47.192984 np0000171297 devstack@n-api-meta.service[109780]: [pid: 109780|app: 0|req: 5/20] 199.204.45.129 () {40 vars in 683 bytes} [Wed Apr 29 21:46:47 2026] GET /latest/meta-data/instance-type => generated 8 bytes in 4 msecs (HTTP/1.1 200) 3 headers in 98 bytes (1 switches on core 0)
