2026-07-16 11:14:00.488 7 INFO neutron.db.ovn_revision_numbers_db [None req-48f194ea-272a-42a1-9951-2c48c46cee5e 671c6bb6a0d542a4ac7cea4581ec62a2 b74aecb6ba7d41529657956d04a070d6 - - default default] Successfully bumped revision number for resource f2b3291c-8f2d-46fb-be3b-7aa0ec4791ad (type: security_group_rules) to 0
2026-07-16 11:14:00.561 7 WARNING neutron.plugins.ml2.drivers.ovn.mech_driver.ovsdb.ovn_client [None req-cfeff230-cedb-4c60-95dd-ab6120b90fa5 - - - - - -] No port found with ID 57afe30c-9a48-4c08-a652-77bc96a11afe: RuntimeError: No port found with ID 57afe30c-9a48-4c08-a652-77bc96a11afe
2026-07-16 11:14:00.570 8 WARNING neutron.scheduler.dhcp_agent_scheduler [None req-d6b17df8-1675-4ea9-be27-76c8453506ed 8000e2dbe50e46cc9ff3d769c57a68aa e1797654776b42ff91f33405ab34b9dc - - default default] No more DHCP agents
2026-07-16 11:14:00.572 8 WARNING neutron.api.rpc.agentnotifiers.dhcp_rpc_agent_api [None req-d6b17df8-1675-4ea9-be27-76c8453506ed 8000e2dbe50e46cc9ff3d769c57a68aa e1797654776b42ff91f33405ab34b9dc - - default default] Unable to schedule network a4251f61-8060-433d-a447-d1ec7b5a3ff5: no agents available; will retry on subsequent port and subnet creation events.
2026-07-16 11:14:00.575 7 INFO neutron.plugins.ml2.drivers.ovn.mech_driver.mech_driver [None req-cfeff230-cedb-4c60-95dd-ab6120b90fa5 - - - - - -] OVN reports status down for port: eb06ac96-bda8-4476-a60c-25edd3499a33
2026-07-16 11:14:00.588 7 INFO neutron.db.segments_db [None req-48f194ea-272a-42a1-9951-2c48c46cee5e 671c6bb6a0d542a4ac7cea4581ec62a2 b74aecb6ba7d41529657956d04a070d6 - - default default] Added segment f68affc6-a581-43c2-901c-a2f7591ffaef of type geneve for network 27122107-2e96-458f-9dd3-66d9c5f2384c
2026-07-16 11:14:00.612 8 INFO neutron.db.ovn_revision_numbers_db [None req-d6b17df8-1675-4ea9-be27-76c8453506ed 8000e2dbe50e46cc9ff3d769c57a68aa e1797654776b42ff91f33405ab34b9dc - - default default] Successfully bumped revision number for resource b9e950a1-9a2a-45ce-bb59-78e7d98aec36 (type: subnets) to 0 [pid: 8|app: 0|req: 774/1553] 10.0.0.121 () {34 vars in 669 bytes} [Thu Jul 16 11:14:00 2026] POST /v2.0/subnets => generated 646 bytes in 239 msecs (HTTP/1.1 201) 4 headers in 162 bytes (1 switches on core 0)
2026-07-16 11:14:00.695 7 WARNING neutron.plugins.ml2.drivers.ovn.mech_driver.ovsdb.ovn_client [None req-cfeff230-cedb-4c60-95dd-ab6120b90fa5 - - - - - -] Logical_Switch_Port eb06ac96-bda8-4476-a60c-25edd3499a33 host information not removed, the port state is up
2026-07-16 11:14:00.695 7 INFO neutron.plugins.ml2.drivers.ovn.mech_driver.mech_driver [None req-cfeff230-cedb-4c60-95dd-ab6120b90fa5 - - - - - -] OVN reports status up for port: eb06ac96-bda8-4476-a60c-25edd3499a33
2026-07-16 11:14:00.710 7 INFO neutron.plugins.ml2.plugin [None req-cfeff230-cedb-4c60-95dd-ab6120b90fa5 - - - - - -] Attempt 1 to provision port eb06ac96-bda8-4476-a60c-25edd3499a33
2026-07-16 11:14:00.725 7 INFO neutron.db.segments_db [None req-48f194ea-272a-42a1-9951-2c48c46cee5e 671c6bb6a0d542a4ac7cea4581ec62a2 b74aecb6ba7d41529657956d04a070d6 - - default default] Added segment adb1cf6a-2e95-4037-bf56-c77fc13ff770 of type geneve for network dbf95cff-e253-4e12-9b46-14b4535b9e21
2026-07-16 11:14:00.759 8 INFO neutron.db.ovn_revision_numbers_db [None req-d09ae9ec-cc96-41f7-b07c-a9656ee81a95 8000e2dbe50e46cc9ff3d769c57a68aa e1797654776b42ff91f33405ab34b9dc - - default default] Successfully bumped revision number for resource 82b2cfe9-9eba-4430-95be-b97d5e57fef3 (type: routers) to 1 [pid: 8|app: 0|req: 775/1554] 10.0.0.121 () {34 vars in 669 bytes} [Thu Jul 16 11:14:00 2026] POST /v2.0/routers => generated 628 bytes in 142 msecs (HTTP/1.1 201) 4 headers in 162 bytes (1 switches on core 0)
2026-07-16 11:14:00.938 7 INFO neutron.db.ovn_revision_numbers_db [None req-48f194ea-272a-42a1-9951-2c48c46cee5e 671c6bb6a0d542a4ac7cea4581ec62a2 b74aecb6ba7d41529657956d04a070d6 - - default default] Successfully bumped revision number for resource 27122107-2e96-458f-9dd3-66d9c5f2384c (type: networks) to 1
2026-07-16 11:14:01.135 8 WARNING neutron.scheduler.dhcp_agent_scheduler [None req-4331acc9-61bd-4609-82d1-3a3d9aede697 8000e2dbe50e46cc9ff3d769c57a68aa e1797654776b42ff91f33405ab34b9dc - - default default] No more DHCP agents
2026-07-16 11:14:01.136 8 WARNING neutron.api.rpc.agentnotifiers.dhcp_rpc_agent_api [None req-4331acc9-61bd-4609-82d1-3a3d9aede697 8000e2dbe50e46cc9ff3d769c57a68aa e1797654776b42ff91f33405ab34b9dc - - default default] Unable to schedule network a4251f61-8060-433d-a447-d1ec7b5a3ff5: no agents available; will retry on subsequent port and subnet creation events.
2026-07-16 11:14:01.218 8 INFO neutron.plugins.ml2.drivers.ovn.mech_driver.mech_driver [None req-62e2ca42-bfc1-40c3-8611-d6e62dc7c72e - - - - - -] OVN reports status down for port: 024ebedf-5579-4c02-8d74-c1733092b2dc
2026-07-16 11:14:01.273 8 INFO neutron.services.segments.plugin [-] Segment fd54d115-5858-4842-8ce9-0a9b3eb4802e resource provider aggregate not found
2026-07-16 11:14:01.281 7 WARNING neutron.scheduler.dhcp_agent_scheduler [None req-48f194ea-272a-42a1-9951-2c48c46cee5e 671c6bb6a0d542a4ac7cea4581ec62a2 b74aecb6ba7d41529657956d04a070d6 - - default default] No more DHCP agents
2026-07-16 11:14:01.282 8 INFO neutron.services.segments.plugin [-] Segment fd54d115-5858-4842-8ce9-0a9b3eb4802e resource provider aggregate not found
2026-07-16 11:14:01.285 7 WARNING neutron.api.rpc.agentnotifiers.dhcp_rpc_agent_api [None req-48f194ea-272a-42a1-9951-2c48c46cee5e 671c6bb6a0d542a4ac7cea4581ec62a2 b74aecb6ba7d41529657956d04a070d6 - - default default] Unable to schedule network 27122107-2e96-458f-9dd3-66d9c5f2384c: no agents available; will retry on subsequent port and subnet creation events.
2026-07-16 11:14:01.290 8 INFO neutron.services.segments.plugin [-] Client error retrieving segment fd54d115-5858-4842-8ce9-0a9b3eb4802e resource provider; error: Placement Client Error (4xx): {"errors": [{"status": 404, "title": "Not Found", "detail": "The resource could not be found.\n\n No resource provider with uuid fd54d115-5858-4842-8ce9-0a9b3eb4802e found for delete ", "request_id": "req-6a5a96c1-9b76-48b6-b001-805852a63238"}]}
2026-07-16 11:14:01.299 8 INFO neutron.services.segments.plugin [-] Client error retrieving segment fd54d115-5858-4842-8ce9-0a9b3eb4802e resource provider; error: Placement Client Error (4xx): {"errors": [{"status": 404, "title": "Not Found", "detail": "The resource could not be found.\n\n No resource provider with uuid fd54d115-5858-4842-8ce9-0a9b3eb4802e found for delete ", "request_id": "req-0c6bcad9-0517-41c4-a887-4de3fe7a9f0e"}]}
2026-07-16 11:14:01.315 8 INFO neutron.db.ovn_revision_numbers_db [None req-4331acc9-61bd-4609-82d1-3a3d9aede697 8000e2dbe50e46cc9ff3d769c57a68aa e1797654776b42ff91f33405ab34b9dc - - default default] Successfully bumped revision number for resource 024ebedf-5579-4c02-8d74-c1733092b2dc (type: ports) to 1
2026-07-16 11:14:01.442 7 INFO neutron.db.ovn_revision_numbers_db [None req-cfeff230-cedb-4c60-95dd-ab6120b90fa5 - - - - - -] Successfully bumped revision number for resource eb06ac96-bda8-4476-a60c-25edd3499a33 (type: ports) to 2
2026-07-16 11:14:01.466 8 INFO neutron.plugins.ml2.drivers.ovn.mech_driver.mech_driver [None req-62e2ca42-bfc1-40c3-8611-d6e62dc7c72e - - - - - -] OVN reports status down for port: 3acccaaf-690a-4562-b649-6a8060ec1c0f
2026-07-16 11:14:01.487 7 INFO neutron.db.ovn_revision_numbers_db [None req-48f194ea-272a-42a1-9951-2c48c46cee5e 671c6bb6a0d542a4ac7cea4581ec62a2 b74aecb6ba7d41529657956d04a070d6 - - default default] Successfully bumped revision number for resource 3acccaaf-690a-4562-b649-6a8060ec1c0f (type: ports) to 1
2026-07-16 11:14:01.606 7 INFO neutron.db.ovn_revision_numbers_db [None req-48f194ea-272a-42a1-9951-2c48c46cee5e 671c6bb6a0d542a4ac7cea4581ec62a2 b74aecb6ba7d41529657956d04a070d6 - - default default] Successfully bumped revision number for resource dbf95cff-e253-4e12-9b46-14b4535b9e21 (type: networks) to 1
2026-07-16 11:14:01.772 7 WARNING neutron.scheduler.dhcp_agent_scheduler [None req-48f194ea-272a-42a1-9951-2c48c46cee5e 671c6bb6a0d542a4ac7cea4581ec62a2 b74aecb6ba7d41529657956d04a070d6 - - default default] No more DHCP agents
2026-07-16 11:14:01.774 7 WARNING neutron.api.rpc.agentnotifiers.dhcp_rpc_agent_api [None req-48f194ea-272a-42a1-9951-2c48c46cee5e 671c6bb6a0d542a4ac7cea4581ec62a2 b74aecb6ba7d41529657956d04a070d6 - - default default] Unable to schedule network dbf95cff-e253-4e12-9b46-14b4535b9e21: no agents available; will retry on subsequent port and subnet creation events.
2026-07-16 11:14:01.870 7 INFO neutron.db.ovn_revision_numbers_db [None req-48f194ea-272a-42a1-9951-2c48c46cee5e 671c6bb6a0d542a4ac7cea4581ec62a2 b74aecb6ba7d41529657956d04a070d6 - - default default] Successfully bumped revision number for resource 6ac88d7a-509f-4c91-a1ec-b6912ef1a216 (type: ports) to 1
2026-07-16 11:14:01.880 8 INFO neutron.plugins.ml2.drivers.ovn.mech_driver.mech_driver [None req-62e2ca42-bfc1-40c3-8611-d6e62dc7c72e - - - - - -] OVN reports status down for port: 6ac88d7a-509f-4c91-a1ec-b6912ef1a216 [pid: 7|app: 0|req: 780/1555] 10.0.0.121 () {34 vars in 670 bytes} [Thu Jul 16 11:14:00 2026] POST /v2.0/networks => generated 1320 bytes in 1834 msecs (HTTP/1.1 201) 4 headers in 163 bytes (1 switches on core 0) [pid: 7|app: 0|req: 781/1556] 10.0.0.121 () {32 vars in 717 bytes} [Thu Jul 16 11:14:01 2026] GET /v2.0/ports/eb06ac96-bda8-4476-a60c-25edd3499a33 => generated 943 bytes in 43 msecs (HTTP/1.1 200) 4 headers in 157 bytes (1 switches on core 0) [pid: 7|app: 0|req: 782/1557] 10.0.0.121 () {32 vars in 649 bytes} [Thu Jul 16 11:14:01 2026] GET /v2.0/networks => generated 1969 bytes in 64 msecs (HTTP/1.1 200) 4 headers in 158 bytes (1 switches on core 0)
2026-07-16 11:14:02.098 8 INFO neutron.plugins.ml2.drivers.ovn.mech_driver.mech_driver [None req-62e2ca42-bfc1-40c3-8611-d6e62dc7c72e - - - - - -] OVN reports status up for port: 024ebedf-5579-4c02-8d74-c1733092b2dc
2026-07-16 11:14:02.127 8 INFO neutron.plugins.ml2.plugin [None req-62e2ca42-bfc1-40c3-8611-d6e62dc7c72e - - - - - -] Attempt 1 to provision port 024ebedf-5579-4c02-8d74-c1733092b2dc
2026-07-16 11:14:02.230 8 WARNING neutron.scheduler.dhcp_agent_scheduler [None req-4331acc9-61bd-4609-82d1-3a3d9aede697 8000e2dbe50e46cc9ff3d769c57a68aa e1797654776b42ff91f33405ab34b9dc - - default default] No more DHCP agents
2026-07-16 11:14:02.233 8 WARNING neutron.api.rpc.agentnotifiers.dhcp_rpc_agent_api [None req-4331acc9-61bd-4609-82d1-3a3d9aede697 8000e2dbe50e46cc9ff3d769c57a68aa e1797654776b42ff91f33405ab34b9dc - - default default] Unable to schedule network a4251f61-8060-433d-a447-d1ec7b5a3ff5: no agents available; will retry on subsequent port and subnet creation events.
2026-07-16 11:14:02.265 7 INFO neutron_taas.services.taas.taas_plugin [None req-58724814-de2f-4e60-a9a6-ff6b1af6f992 2bd80c8100d94191b1e1f83e75a6d04f 75fec0e9c6684341b286cbbccc475832 - - default default] TaaS: Handle Delete Port: eb06ac96-bda8-4476-a60c-25edd3499a33
2026-07-16 11:14:02.268 7 INFO neutron_taas.services.taas.tap_mirror_plugin [None req-58724814-de2f-4e60-a9a6-ff6b1af6f992 2bd80c8100d94191b1e1f83e75a6d04f 75fec0e9c6684341b286cbbccc475832 - - default default] Tap Mirror: Handle Delete Port: eb06ac96-bda8-4476-a60c-25edd3499a33 [pid: 7|app: 0|req: 783/1558] 10.0.0.121 () {34 vars in 789 bytes} [Thu Jul 16 11:14:02 2026] PUT /v2.0/routers/7ccb34d6-1b49-4289-82c0-783f09d72e70/remove_router_interface => generated 310 bytes in 619 msecs (HTTP/1.1 200) 4 headers in 157 bytes (1 switches on core 0) /var/lib/openstack/lib/python3.12/site-packages/pycadf/identifier.py:70: UserWarning: Invalid uuid: neutron. To ensure interoperability, identifiers should be a valid uuid. warnings.warn(('Invalid uuid: %s. To ensure interoperability, '
2026-07-16 11:14:02.699 8 INFO neutron.db.ovn_revision_numbers_db [None req-4331acc9-61bd-4609-82d1-3a3d9aede697 8000e2dbe50e46cc9ff3d769c57a68aa e1797654776b42ff91f33405ab34b9dc - - default default] Successfully bumped revision number for resource 024ebedf-5579-4c02-8d74-c1733092b2dc (type: router_ports) to 1 [pid: 8|app: 0|req: 776/1559] 10.0.0.121 () {34 vars in 783 bytes} [Thu Jul 16 11:14:00 2026] PUT /v2.0/routers/82b2cfe9-9eba-4430-95be-b97d5e57fef3/add_router_interface => generated 310 bytes in 1928 msecs (HTTP/1.1 200) 4 headers in 157 bytes (1 switches on core 0)
2026-07-16 11:14:02.751 7 INFO neutron_taas.services.taas.taas_plugin [None req-bac8b2a6-ebd9-4e97-b098-46223235741f 671c6bb6a0d542a4ac7cea4581ec62a2 b74aecb6ba7d41529657956d04a070d6 - - default default] TaaS: Handle Delete Port: 3acccaaf-690a-4562-b649-6a8060ec1c0f
2026-07-16 11:14:02.753 7 INFO neutron_taas.services.taas.tap_mirror_plugin [None req-bac8b2a6-ebd9-4e97-b098-46223235741f 671c6bb6a0d542a4ac7cea4581ec62a2 b74aecb6ba7d41529657956d04a070d6 - - default default] Tap Mirror: Handle Delete Port: 3acccaaf-690a-4562-b649-6a8060ec1c0f [pid: 8|app: 0|req: 777/1560] 10.0.0.121 () {32 vars in 736 bytes} [Thu Jul 16 11:14:02 2026] GET /v2.0/ports?device_id=7ccb34d6-1b49-4289-82c0-783f09d72e70 => generated 12 bytes in 44 msecs (HTTP/1.1 200) 4 headers in 156 bytes (1 switches on core 0) [pid: 8|app: 0|req: 778/1561] 10.0.0.121 () {32 vars in 717 bytes} [Thu Jul 16 11:14:02 2026] GET /v2.0/ports/024ebedf-5579-4c02-8d74-c1733092b2dc => generated 947 bytes in 82 msecs (HTTP/1.1 200) 4 headers in 157 bytes (1 switches on core 0)
2026-07-16 11:14:02.943 8 INFO neutron.db.ovn_revision_numbers_db [None req-62e2ca42-bfc1-40c3-8611-d6e62dc7c72e - - - - - -] Successfully bumped revision number for resource 024ebedf-5579-4c02-8d74-c1733092b2dc (type: ports) to 2
2026-07-16 11:14:02.969 7 INFO neutron.services.segments.plugin [-] Segment f68affc6-a581-43c2-901c-a2f7591ffaef resource provider aggregate not found
2026-07-16 11:14:02.979 7 INFO neutron.services.segments.plugin [-] Segment f68affc6-a581-43c2-901c-a2f7591ffaef resource provider aggregate not found
2026-07-16 11:14:02.999 7 INFO neutron.services.segments.plugin [-] Client error retrieving segment f68affc6-a581-43c2-901c-a2f7591ffaef resource provider; error: Placement Client Error (4xx): {"errors": [{"status": 404, "title": "Not Found", "detail": "The resource could not be found.\n\n No resource provider with uuid f68affc6-a581-43c2-901c-a2f7591ffaef found for delete ", "request_id": "req-8329cade-9145-46d2-99d4-02006e8be152"}]}
2026-07-16 11:14:03.003 7 INFO neutron.services.segments.plugin [-] Client error retrieving segment f68affc6-a581-43c2-901c-a2f7591ffaef resource provider; error: Placement Client Error (4xx): {"errors": [{"status": 404, "title": "Not Found", "detail": "The resource could not be found.\n\n No resource provider with uuid f68affc6-a581-43c2-901c-a2f7591ffaef found for delete ", "request_id": "req-0f9fe68e-35bd-4509-905b-fa48f3ad685a"}]} [pid: 7|app: 0|req: 784/1562] 10.0.0.121 () {32 vars in 726 bytes} [Thu Jul 16 11:14:02 2026] DELETE /v2.0/networks/27122107-2e96-458f-9dd3-66d9c5f2384c => generated 0 bytes in 424 msecs (HTTP/1.1 204) 3 headers in 131 bytes (1 switches on core 0) [pid: 7|app: 0|req: 785/1563] 10.0.0.121 () {32 vars in 717 bytes} [Thu Jul 16 11:14:03 2026] GET /v2.0/ports/024ebedf-5579-4c02-8d74-c1733092b2dc => generated 947 bytes in 69 msecs (HTTP/1.1 200) 4 headers in 157 bytes (1 switches on core 0) [pid: 8|app: 0|req: 779/1564] 10.0.0.121 () {32 vars in 724 bytes} [Thu Jul 16 11:14:02 2026] DELETE /v2.0/routers/7ccb34d6-1b49-4289-82c0-783f09d72e70 => generated 0 bytes in 362 msecs (HTTP/1.1 204) 2 headers in 112 bytes (1 switches on core 0)
2026-07-16 11:14:03.227 7 INFO neutron_taas.services.taas.taas_plugin [None req-abe6f7d4-b9e6-4707-b9b3-a86240032dd3 671c6bb6a0d542a4ac7cea4581ec62a2 b74aecb6ba7d41529657956d04a070d6 - - default default] TaaS: Handle Delete Port: 6ac88d7a-509f-4c91-a1ec-b6912ef1a216
2026-07-16 11:14:03.231 7 INFO neutron_taas.services.taas.tap_mirror_plugin [None req-abe6f7d4-b9e6-4707-b9b3-a86240032dd3 671c6bb6a0d542a4ac7cea4581ec62a2 b74aecb6ba7d41529657956d04a070d6 - - default default] Tap Mirror: Handle Delete Port: 6ac88d7a-509f-4c91-a1ec-b6912ef1a216 [pid: 7|app: 0|req: 786/1565] 10.0.0.121 () {32 vars in 726 bytes} [Thu Jul 16 11:14:03 2026] DELETE /v2.0/networks/dbf95cff-e253-4e12-9b46-14b4535b9e21 => generated 0 bytes in 324 msecs (HTTP/1.1 204) 3 headers in 131 bytes (1 switches on core 0)
2026-07-16 11:14:03.532 8 INFO neutron_taas.services.taas.taas_plugin [None req-198d9354-6a3a-4545-8350-bd531cbac9df 8000e2dbe50e46cc9ff3d769c57a68aa e1797654776b42ff91f33405ab34b9dc - - default default] TaaS: Handle Delete Port: 024ebedf-5579-4c02-8d74-c1733092b2dc
2026-07-16 11:14:03.535 8 INFO neutron_taas.services.taas.tap_mirror_plugin [None req-198d9354-6a3a-4545-8350-bd531cbac9df 8000e2dbe50e46cc9ff3d769c57a68aa e1797654776b42ff91f33405ab34b9dc - - default default] Tap Mirror: Handle Delete Port: 024ebedf-5579-4c02-8d74-c1733092b2dc [pid: 7|app: 0|req: 787/1566] 10.0.0.121 () {32 vars in 724 bytes} [Thu Jul 16 11:14:03 2026] DELETE /v2.0/subnets/7e95cd7d-f855-4836-afdd-aad8205b3d2f => generated 0 bytes in 156 msecs (HTTP/1.1 204) 3 headers in 131 bytes (1 switches on core 0) [pid: 7|app: 0|req: 788/1567] 10.0.0.121 () {32 vars in 649 bytes} [Thu Jul 16 11:14:03 2026] GET /v2.0/networks => generated 689 bytes in 53 msecs (HTTP/1.1 200) 4 headers in 157 bytes (1 switches on core 0)
2026-07-16 11:14:03.775 7 INFO neutron_taas.services.taas.taas_plugin [None req-b8d23eff-e4f9-41b4-ad48-b39a293ee40d 2bd80c8100d94191b1e1f83e75a6d04f 75fec0e9c6684341b286cbbccc475832 - - default default] TaaS: Handle Delete Port: d248e204-be58-4e23-9407-44fa8fdf9a14
2026-07-16 11:14:03.778 7 INFO neutron_taas.services.taas.tap_mirror_plugin [None req-b8d23eff-e4f9-41b4-ad48-b39a293ee40d 2bd80c8100d94191b1e1f83e75a6d04f 75fec0e9c6684341b286cbbccc475832 - - default default] Tap Mirror: Handle Delete Port: d248e204-be58-4e23-9407-44fa8fdf9a14 [pid: 8|app: 0|req: 780/1568] 10.0.0.121 () {34 vars in 789 bytes} [Thu Jul 16 11:14:03 2026] PUT /v2.0/routers/82b2cfe9-9eba-4430-95be-b97d5e57fef3/remove_router_interface => generated 310 bytes in 711 msecs (HTTP/1.1 200) 4 headers in 157 bytes (1 switches on core 0) /var/lib/openstack/lib/python3.12/site-packages/pycadf/identifier.py:70: UserWarning: Invalid uuid: neutron. To ensure interoperability, identifiers should be a valid uuid. warnings.warn(('Invalid uuid: %s. To ensure interoperability, ' [pid: 7|app: 0|req: 789/1569] 10.0.0.121 () {32 vars in 726 bytes} [Thu Jul 16 11:14:03 2026] DELETE /v2.0/networks/10346ce0-b472-4091-b85e-7091aad0f75b => generated 0 bytes in 385 msecs (HTTP/1.1 204) 3 headers in 131 bytes (1 switches on core 0)
2026-07-16 11:14:04.049 8 INFO neutron.db.segments_db [None req-485cbd82-9e1b-493b-abe4-21fe3f08724f 671c6bb6a0d542a4ac7cea4581ec62a2 b74aecb6ba7d41529657956d04a070d6 - - default default] Added segment d13ca5de-135d-4963-8af2-dd3ca1b66e63 of type geneve for network d0767ab1-7b8c-4dba-8f6e-d239c4c6a467 [pid: 7|app: 0|req: 790/1570] 10.0.0.121 () {32 vars in 736 bytes} [Thu Jul 16 11:14:04 2026] GET /v2.0/ports?device_id=82b2cfe9-9eba-4430-95be-b97d5e57fef3 => generated 12 bytes in 28 msecs (HTTP/1.1 200) 4 headers in 156 bytes (1 switches on core 0)
2026-07-16 11:14:04.179 8 INFO neutron.db.ovn_revision_numbers_db [None req-485cbd82-9e1b-493b-abe4-21fe3f08724f 671c6bb6a0d542a4ac7cea4581ec62a2 b74aecb6ba7d41529657956d04a070d6 - - default default] Successfully bumped revision number for resource d0767ab1-7b8c-4dba-8f6e-d239c4c6a467 (type: networks) to 1
2026-07-16 11:14:04.366 8 WARNING neutron.scheduler.dhcp_agent_scheduler [None req-485cbd82-9e1b-493b-abe4-21fe3f08724f 671c6bb6a0d542a4ac7cea4581ec62a2 b74aecb6ba7d41529657956d04a070d6 - - default default] No more DHCP agents
2026-07-16 11:14:04.368 8 WARNING neutron.api.rpc.agentnotifiers.dhcp_rpc_agent_api [None req-485cbd82-9e1b-493b-abe4-21fe3f08724f 671c6bb6a0d542a4ac7cea4581ec62a2 b74aecb6ba7d41529657956d04a070d6 - - default default] Unable to schedule network d0767ab1-7b8c-4dba-8f6e-d239c4c6a467: no agents available; will retry on subsequent port and subnet creation events.
2026-07-16 11:14:04.457 8 INFO neutron.db.ovn_revision_numbers_db [None req-485cbd82-9e1b-493b-abe4-21fe3f08724f 671c6bb6a0d542a4ac7cea4581ec62a2 b74aecb6ba7d41529657956d04a070d6 - - default default] Successfully bumped revision number for resource 109841df-bb83-471a-b324-c80327020aab (type: ports) to 1 [pid: 8|app: 0|req: 781/1571] 10.0.0.121 () {34 vars in 670 bytes} [Thu Jul 16 11:14:03 2026] POST /v2.0/networks => generated 688 bytes in 569 msecs (HTTP/1.1 201) 4 headers in 162 bytes (1 switches on core 0)
2026-07-16 11:14:04.515 7 WARNING neutron.scheduler.dhcp_agent_scheduler [None req-0d880f46-b978-4f72-a6bc-59cc4f029c60 2bd80c8100d94191b1e1f83e75a6d04f 75fec0e9c6684341b286cbbccc475832 - - default default] No more DHCP agents
2026-07-16 11:14:04.517 7 WARNING neutron.api.rpc.agentnotifiers.dhcp_rpc_agent_api [None req-0d880f46-b978-4f72-a6bc-59cc4f029c60 2bd80c8100d94191b1e1f83e75a6d04f 75fec0e9c6684341b286cbbccc475832 - - default default] Unable to schedule network fc5f772d-7223-4385-8c20-bc107b3d9c3a: no agents available; will retry on subsequent port and subnet creation events.
2026-07-16 11:14:04.666 7 INFO neutron.db.ovn_revision_numbers_db [None req-0d880f46-b978-4f72-a6bc-59cc4f029c60 2bd80c8100d94191b1e1f83e75a6d04f 75fec0e9c6684341b286cbbccc475832 - - default default] Successfully bumped revision number for resource bba7165f-3508-438c-b7f8-4bbb45118cc0 (type: ports) to 1 [pid: 8|app: 0|req: 782/1572] 10.0.0.121 () {32 vars in 724 bytes} [Thu Jul 16 11:14:04 2026] DELETE /v2.0/routers/82b2cfe9-9eba-4430-95be-b97d5e57fef3 => generated 0 bytes in 219 msecs (HTTP/1.1 204) 2 headers in 112 bytes (1 switches on core 0)
2026-07-16 11:14:04.787 8 INFO neutron.db.segments_db [None req-89344ddd-0747-4370-8203-e8fd8ef77265 671c6bb6a0d542a4ac7cea4581ec62a2 b74aecb6ba7d41529657956d04a070d6 - - default default] Added segment 9f62e97a-0d79-484a-a8fa-e8abea3f0a7a of type geneve for network 18559bed-0774-42b9-b3e4-81b85f5b45e2
2026-07-16 11:14:04.915 8 INFO neutron.db.ovn_revision_numbers_db [None req-89344ddd-0747-4370-8203-e8fd8ef77265 671c6bb6a0d542a4ac7cea4581ec62a2 b74aecb6ba7d41529657956d04a070d6 - - default default] Successfully bumped revision number for resource 18559bed-0774-42b9-b3e4-81b85f5b45e2 (type: networks) to 1
2026-07-16 11:14:05.025 7 INFO neutron.services.segments.plugin [-] Segment adb1cf6a-2e95-4037-bf56-c77fc13ff770 resource provider aggregate not found
2026-07-16 11:14:05.047 7 INFO neutron.services.segments.plugin [-] Client error retrieving segment adb1cf6a-2e95-4037-bf56-c77fc13ff770 resource provider; error: Placement Client Error (4xx): {"errors": [{"status": 404, "title": "Not Found", "detail": "The resource could not be found.\n\n No resource provider with uuid adb1cf6a-2e95-4037-bf56-c77fc13ff770 found for delete ", "request_id": "req-1bacc03a-7886-4bdc-ab8f-a00b60c0595e"}]}
2026-07-16 11:14:05.052 7 INFO neutron.services.segments.plugin [-] Segment adb1cf6a-2e95-4037-bf56-c77fc13ff770 resource provider aggregate not found
2026-07-16 11:14:05.077 7 INFO neutron.services.segments.plugin [-] Client error retrieving segment adb1cf6a-2e95-4037-bf56-c77fc13ff770 resource provider; error: Placement Client Error (4xx): {"errors": [{"status": 404, "title": "Not Found", "detail": "The resource could not be found.\n\n No resource provider with uuid adb1cf6a-2e95-4037-bf56-c77fc13ff770 found for delete ", "request_id": "req-1942ecba-18c0-4774-a3ea-3b44a0fe4783"}]}
2026-07-16 11:14:05.084 7 INFO neutron.services.segments.plugin [-] Segment 23947d55-c227-4bd3-930e-8b1dd16f1b72 resource provider aggregate not found
2026-07-16 11:14:05.103 7 INFO neutron.services.segments.plugin [-] Segment 23947d55-c227-4bd3-930e-8b1dd16f1b72 resource provider aggregate not found
2026-07-16 11:14:05.106 7 INFO neutron.services.segments.plugin [-] Client error retrieving segment 23947d55-c227-4bd3-930e-8b1dd16f1b72 resource provider; error: Placement Client Error (4xx): {"errors": [{"status": 404, "title": "Not Found", "detail": "The resource could not be found.\n\n No resource provider with uuid 23947d55-c227-4bd3-930e-8b1dd16f1b72 found for delete ", "request_id": "req-7ce0e139-a20e-446a-889f-f2cfe929e3c1"}]}
2026-07-16 11:14:05.122 7 INFO neutron.services.segments.plugin [-] Client error retrieving segment 23947d55-c227-4bd3-930e-8b1dd16f1b72 resource provider; error: Placement Client Error (4xx): {"errors": [{"status": 404, "title": "Not Found", "detail": "The resource could not be found.\n\n No resource provider with uuid 23947d55-c227-4bd3-930e-8b1dd16f1b72 found for delete ", "request_id": "req-5b739610-1b77-4b63-be52-66903ca14099"}]}
2026-07-16 11:14:05.130 8 WARNING neutron.scheduler.dhcp_agent_scheduler [None req-89344ddd-0747-4370-8203-e8fd8ef77265 671c6bb6a0d542a4ac7cea4581ec62a2 b74aecb6ba7d41529657956d04a070d6 - - default default] No more DHCP agents
2026-07-16 11:14:05.132 8 WARNING neutron.api.rpc.agentnotifiers.dhcp_rpc_agent_api [None req-89344ddd-0747-4370-8203-e8fd8ef77265 671c6bb6a0d542a4ac7cea4581ec62a2 b74aecb6ba7d41529657956d04a070d6 - - default default] Unable to schedule network 18559bed-0774-42b9-b3e4-81b85f5b45e2: no agents available; will retry on subsequent port and subnet creation events.
2026-07-16 11:14:05.223 8 INFO neutron.db.ovn_revision_numbers_db [None req-89344ddd-0747-4370-8203-e8fd8ef77265 671c6bb6a0d542a4ac7cea4581ec62a2 b74aecb6ba7d41529657956d04a070d6 - - default default] Successfully bumped revision number for resource a04dcd7a-b8ce-46e0-af56-698516354992 (type: ports) to 1 [pid: 8|app: 0|req: 783/1573] 10.0.0.121 () {34 vars in 670 bytes} [Thu Jul 16 11:14:04 2026] POST /v2.0/networks => generated 687 bytes in 546 msecs (HTTP/1.1 201) 4 headers in 162 bytes (1 switches on core 0)
2026-07-16 11:14:05.327 7 INFO neutron.db.ovn_revision_numbers_db [None req-0d880f46-b978-4f72-a6bc-59cc4f029c60 2bd80c8100d94191b1e1f83e75a6d04f 75fec0e9c6684341b286cbbccc475832 - - default default] Successfully bumped revision number for resource bba7165f-3508-438c-b7f8-4bbb45118cc0 (type: router_ports) to 1 [pid: 8|app: 0|req: 784/1574] 10.0.0.37 () {28 vars in 580 bytes} [Thu Jul 16 11:14:05 2026] GET /v2.0/agents => generated 1214 bytes in 127 msecs (HTTP/1.1 200) 4 headers in 158 bytes (1 switches on core 0)
2026-07-16 11:14:05.390 7 INFO neutron.db.ovn_revision_numbers_db [None req-0d880f46-b978-4f72-a6bc-59cc4f029c60 2bd80c8100d94191b1e1f83e75a6d04f 75fec0e9c6684341b286cbbccc475832 - - default default] Successfully bumped revision number for resource ac8dc8c3-805a-4d92-a05f-687bfe8239c7 (type: routers) to 2 [pid: 7|app: 0|req: 791/1575] 10.0.0.121 () {34 vars in 669 bytes} [Thu Jul 16 11:14:04 2026] POST /v2.0/routers => generated 969 bytes in 1341 msecs (HTTP/1.1 201) 4 headers in 162 bytes (1 switches on core 0) [pid: 8|app: 0|req: 785/1576] 10.0.0.121 () {32 vars in 724 bytes} [Thu Jul 16 11:14:05 2026] DELETE /v2.0/subnets/b9e950a1-9a2a-45ce-bb59-78e7d98aec36 => generated 0 bytes in 121 msecs (HTTP/1.1 204) 3 headers in 131 bytes (1 switches on core 0) [pid: 8|app: 0|req: 786/1577] 10.0.0.37 () {28 vars in 582 bytes} [Thu Jul 16 11:14:05 2026] GET /v2.0/subnets => generated 1308 bytes in 26 msecs (HTTP/1.1 200) 4 headers in 158 bytes (1 switches on core 0) [pid: 8|app: 0|req: 787/1578] 10.0.0.121 () {32 vars in 721 bytes} [Thu Jul 16 11:14:05 2026] GET /v2.0/routers/ac8dc8c3-805a-4d92-a05f-687bfe8239c7 => generated 975 bytes in 65 msecs (HTTP/1.1 200) 4 headers in 157 bytes (1 switches on core 0)
2026-07-16 11:14:05.699 8 INFO neutron_taas.services.taas.taas_plugin [None req-18835fe6-eba2-41d9-be5e-40627453b91e 8000e2dbe50e46cc9ff3d769c57a68aa e1797654776b42ff91f33405ab34b9dc - - default default] TaaS: Handle Delete Port: 48bc9f90-4702-4652-8211-28e2613f5403
2026-07-16 11:14:05.701 8 INFO neutron_taas.services.taas.tap_mirror_plugin [None req-18835fe6-eba2-41d9-be5e-40627453b91e 8000e2dbe50e46cc9ff3d769c57a68aa e1797654776b42ff91f33405ab34b9dc - - default default] Tap Mirror: Handle Delete Port: 48bc9f90-4702-4652-8211-28e2613f5403
2026-07-16 11:14:05.832 7 WARNING neutron.scheduler.dhcp_agent_scheduler [None req-bb5ecf1e-d12c-4a5d-895a-ba5e45badb9d 671c6bb6a0d542a4ac7cea4581ec62a2 b74aecb6ba7d41529657956d04a070d6 - - default default] No more DHCP agents
2026-07-16 11:14:05.834 7 WARNING neutron.api.rpc.agentnotifiers.dhcp_rpc_agent_api [None req-bb5ecf1e-d12c-4a5d-895a-ba5e45badb9d 671c6bb6a0d542a4ac7cea4581ec62a2 b74aecb6ba7d41529657956d04a070d6 - - default default] Unable to schedule network d0767ab1-7b8c-4dba-8f6e-d239c4c6a467: no agents available; will retry on subsequent port and subnet creation events.
2026-07-16 11:14:05.889 8 INFO neutron.services.segments.plugin [-] Segment 1a34b80d-d65e-4bb8-93c8-a184e73c542f resource provider aggregate not found
2026-07-16 11:14:05.893 8 INFO neutron.services.segments.plugin [-] Segment 1a34b80d-d65e-4bb8-93c8-a184e73c542f resource provider aggregate not found
2026-07-16 11:14:05.909 8 INFO neutron.services.segments.plugin [-] Client error retrieving segment 1a34b80d-d65e-4bb8-93c8-a184e73c542f resource provider; error: Placement Client Error (4xx): {"errors": [{"status": 404, "title": "Not Found", "detail": "The resource could not be found.\n\n No resource provider with uuid 1a34b80d-d65e-4bb8-93c8-a184e73c542f found for delete ", "request_id": "req-beafa3dd-4385-49ef-a540-e06e577445a7"}]}
2026-07-16 11:14:05.925 7 INFO neutron.db.ovn_revision_numbers_db [None req-bb5ecf1e-d12c-4a5d-895a-ba5e45badb9d 671c6bb6a0d542a4ac7cea4581ec62a2 b74aecb6ba7d41529657956d04a070d6 - - default default] Successfully bumped revision number for resource 2e3c8a24-1e69-460a-8ef7-a738aaaae038 (type: ports) to 1
2026-07-16 11:14:05.925 8 INFO neutron.services.segments.plugin [-] Client error retrieving segment 1a34b80d-d65e-4bb8-93c8-a184e73c542f resource provider; error: Placement Client Error (4xx): {"errors": [{"status": 404, "title": "Not Found", "detail": "The resource could not be found.\n\n No resource provider with uuid 1a34b80d-d65e-4bb8-93c8-a184e73c542f found for delete ", "request_id": "req-4ceebd39-f13f-4d84-9222-4477aeb91cff"}]} [pid: 8|app: 0|req: 788/1579] 10.0.0.121 () {32 vars in 726 bytes} [Thu Jul 16 11:14:05 2026] DELETE /v2.0/networks/a4251f61-8060-433d-a447-d1ec7b5a3ff5 => generated 0 bytes in 389 msecs (HTTP/1.1 204) 3 headers in 131 bytes (1 switches on core 0)
2026-07-16 11:14:05.990 7 WARNING neutron.scheduler.dhcp_agent_scheduler [None req-bb5ecf1e-d12c-4a5d-895a-ba5e45badb9d 671c6bb6a0d542a4ac7cea4581ec62a2 b74aecb6ba7d41529657956d04a070d6 - - default default] No more DHCP agents
2026-07-16 11:14:05.992 7 WARNING neutron.api.rpc.agentnotifiers.dhcp_rpc_agent_api [None req-bb5ecf1e-d12c-4a5d-895a-ba5e45badb9d 671c6bb6a0d542a4ac7cea4581ec62a2 b74aecb6ba7d41529657956d04a070d6 - - default default] Unable to schedule network 18559bed-0774-42b9-b3e4-81b85f5b45e2: no agents available; will retry on subsequent port and subnet creation events. [pid: 8|app: 0|req: 789/1580] 10.0.0.37 () {28 vars in 590 bytes} [Thu Jul 16 11:14:05 2026] GET /v2.0/subnetpools => generated 19 bytes in 19 msecs (HTTP/1.1 200) 4 headers in 156 bytes (1 switches on core 0)
2026-07-16 11:14:06.092 7 INFO neutron.db.ovn_revision_numbers_db [None req-bb5ecf1e-d12c-4a5d-895a-ba5e45badb9d 671c6bb6a0d542a4ac7cea4581ec62a2 b74aecb6ba7d41529657956d04a070d6 - - default default] Successfully bumped revision number for resource b96d60c0-5d40-4534-a23b-60f5ecc321ac (type: ports) to 1 [pid: 7|app: 0|req: 792/1581] 10.0.0.121 () {34 vars in 665 bytes} [Thu Jul 16 11:14:05 2026] POST /v2.0/ports => generated 1506 bytes in 712 msecs (HTTP/1.1 201) 4 headers in 163 bytes (1 switches on core 0) /var/lib/openstack/lib/python3.12/site-packages/pycadf/identifier.py:70: UserWarning: Invalid uuid: neutron. To ensure interoperability, identifiers should be a valid uuid. warnings.warn(('Invalid uuid: %s. To ensure interoperability, ' [pid: 8|app: 0|req: 790/1582] 10.0.0.121 () {32 vars in 647 bytes} [Thu Jul 16 11:14:06 2026] GET /v2.0/routers => generated 978 bytes in 157 msecs (HTTP/1.1 200) 4 headers in 157 bytes (1 switches on core 0) [pid: 8|app: 0|req: 791/1583] 10.0.0.37 () {28 vars in 590 bytes} [Thu Jul 16 11:14:06 2026] GET /v2.0/floatingips => generated 19 bytes in 21 msecs (HTTP/1.1 200) 4 headers in 156 bytes (1 switches on core 0) [pid: 8|app: 0|req: 792/1584] 10.0.0.121 () {32 vars in 643 bytes} [Thu Jul 16 11:14:06 2026] GET /v2.0/ports => generated 3018 bytes in 89 msecs (HTTP/1.1 200) 4 headers in 158 bytes (1 switches on core 0)
2026-07-16 11:14:06.445 7 WARNING neutron.plugins.ml2.drivers.ovn.mech_driver.ovsdb.ovn_client [None req-45de8ae7-40ed-4895-b001-4d07700e5035 - - - - - -] No port found with ID eb06ac96-bda8-4476-a60c-25edd3499a33: RuntimeError: No port found with ID eb06ac96-bda8-4476-a60c-25edd3499a33
2026-07-16 11:14:06.552 7 WARNING neutron.scheduler.dhcp_agent_scheduler [None req-7c2bfcbb-bf7d-4bc3-9b9a-dbba55ebee8f 8000e2dbe50e46cc9ff3d769c57a68aa e1797654776b42ff91f33405ab34b9dc - - default default] No more DHCP agents
2026-07-16 11:14:06.555 7 WARNING neutron.api.rpc.agentnotifiers.dhcp_rpc_agent_api [None req-7c2bfcbb-bf7d-4bc3-9b9a-dbba55ebee8f 8000e2dbe50e46cc9ff3d769c57a68aa e1797654776b42ff91f33405ab34b9dc - - default default] Unable to schedule network fc5f772d-7223-4385-8c20-bc107b3d9c3a: no agents available; will retry on subsequent port and subnet creation events.
2026-07-16 11:14:06.592 8 INFO neutron.db.ovn_revision_numbers_db [None req-5c5f7e30-f09f-40c5-bbda-b12cdf61c9b5 2bd80c8100d94191b1e1f83e75a6d04f 75fec0e9c6684341b286cbbccc475832 - - default default] Successfully bumped revision number for resource ac8dc8c3-805a-4d92-a05f-687bfe8239c7 (type: routers) to 3 [pid: 8|app: 0|req: 793/1585] 10.0.0.121 () {34 vars in 741 bytes} [Thu Jul 16 11:14:06 2026] PUT /v2.0/routers/ac8dc8c3-805a-4d92-a05f-687bfe8239c7 => generated 982 bytes in 329 msecs (HTTP/1.1 200) 4 headers in 157 bytes (1 switches on core 0) [pid: 8|app: 0|req: 794/1586] 10.0.0.37 () {28 vars in 582 bytes} [Thu Jul 16 11:14:06 2026] GET /v2.0/subnets => generated 1308 bytes in 27 msecs (HTTP/1.1 200) 4 headers in 158 bytes (1 switches on core 0)
2026-07-16 11:14:06.706 7 INFO neutron.db.ovn_revision_numbers_db [None req-7c2bfcbb-bf7d-4bc3-9b9a-dbba55ebee8f 8000e2dbe50e46cc9ff3d769c57a68aa e1797654776b42ff91f33405ab34b9dc - - default default] Successfully bumped revision number for resource 1d572b0c-a054-4a37-aed5-28789a15fd96 (type: ports) to 1
2026-07-16 11:14:06.762 8 INFO neutron_taas.services.taas.taas_plugin [None req-e11c61fa-1aa8-4c97-b6a2-b0d4fcfdb470 671c6bb6a0d542a4ac7cea4581ec62a2 b74aecb6ba7d41529657956d04a070d6 - - default default] TaaS: Handle Delete Port: 2e3c8a24-1e69-460a-8ef7-a738aaaae038
2026-07-16 11:14:06.766 8 INFO neutron_taas.services.taas.tap_mirror_plugin [None req-e11c61fa-1aa8-4c97-b6a2-b0d4fcfdb470 671c6bb6a0d542a4ac7cea4581ec62a2 b74aecb6ba7d41529657956d04a070d6 - - default default] Tap Mirror: Handle Delete Port: 2e3c8a24-1e69-460a-8ef7-a738aaaae038 [pid: 8|app: 0|req: 795/1587] 10.0.0.121 () {32 vars in 720 bytes} [Thu Jul 16 11:14:06 2026] DELETE /v2.0/ports/2e3c8a24-1e69-460a-8ef7-a738aaaae038 => generated 0 bytes in 270 msecs (HTTP/1.1 204) 3 headers in 131 bytes (1 switches on core 0) [pid: 8|app: 0|req: 796/1588] 10.0.0.121 () {32 vars in 721 bytes} [Thu Jul 16 11:14:06 2026] GET /v2.0/routers/ac8dc8c3-805a-4d92-a05f-687bfe8239c7 => generated 982 bytes in 56 msecs (HTTP/1.1 200) 4 headers in 157 bytes (1 switches on core 0) [pid: 8|app: 0|req: 797/1589] 10.0.0.37 () {28 vars in 578 bytes} [Thu Jul 16 11:14:06 2026] GET /v2.0/ports => generated 9825 bytes in 52 msecs (HTTP/1.1 200) 4 headers in 158 bytes (1 switches on core 0)
2026-07-16 11:14:07.139 8 INFO neutron_taas.services.taas.taas_plugin [None req-e2c62f20-cc3c-4ac1-b519-55fcf528e7f0 671c6bb6a0d542a4ac7cea4581ec62a2 b74aecb6ba7d41529657956d04a070d6 - - default default] TaaS: Handle Delete Port: b96d60c0-5d40-4534-a23b-60f5ecc321ac
2026-07-16 11:14:07.141 8 INFO neutron_taas.services.taas.tap_mirror_plugin [None req-e2c62f20-cc3c-4ac1-b519-55fcf528e7f0 671c6bb6a0d542a4ac7cea4581ec62a2 b74aecb6ba7d41529657956d04a070d6 - - default default] Tap Mirror: Handle Delete Port: b96d60c0-5d40-4534-a23b-60f5ecc321ac [pid: 8|app: 0|req: 798/1590] 10.0.0.121 () {32 vars in 720 bytes} [Thu Jul 16 11:14:07 2026] DELETE /v2.0/ports/b96d60c0-5d40-4534-a23b-60f5ecc321ac => generated 0 bytes in 259 msecs (HTTP/1.1 204) 3 headers in 131 bytes (1 switches on core 0) [pid: 8|app: 0|req: 799/1591] 10.0.0.121 () {32 vars in 736 bytes} [Thu Jul 16 11:14:07 2026] GET /v2.0/ports?device_id=ac8dc8c3-805a-4d92-a05f-687bfe8239c7 => generated 12 bytes in 19 msecs (HTTP/1.1 200) 4 headers in 156 bytes (1 switches on core 0) [pid: 8|app: 0|req: 800/1592] 10.0.0.37 () {28 vars in 618 bytes} [Thu Jul 16 11:14:07 2026] GET /v2.0/network-ip-availabilities => generated 2736 bytes in 47 msecs (HTTP/1.1 200) 4 headers in 158 bytes (1 switches on core 0)
2026-07-16 11:14:07.365 7 INFO neutron.db.ovn_revision_numbers_db [None req-7c2bfcbb-bf7d-4bc3-9b9a-dbba55ebee8f 8000e2dbe50e46cc9ff3d769c57a68aa e1797654776b42ff91f33405ab34b9dc - - default default] Successfully bumped revision number for resource 1d572b0c-a054-4a37-aed5-28789a15fd96 (type: router_ports) to 1 [pid: 8|app: 0|req: 801/1593] 10.0.0.121 () {32 vars in 643 bytes} [Thu Jul 16 11:14:07 2026] GET /v2.0/ports => generated 1523 bytes in 56 msecs (HTTP/1.1 200) 4 headers in 158 bytes (1 switches on core 0)
2026-07-16 11:14:07.445 7 INFO neutron.db.ovn_revision_numbers_db [None req-7c2bfcbb-bf7d-4bc3-9b9a-dbba55ebee8f 8000e2dbe50e46cc9ff3d769c57a68aa e1797654776b42ff91f33405ab34b9dc - - default default] Successfully bumped revision number for resource f9c74558-ce94-425c-87bd-0ee4fbb93bef (type: routers) to 2 [pid: 7|app: 0|req: 793/1594] 10.0.0.121 () {34 vars in 669 bytes} [Thu Jul 16 11:14:06 2026] POST /v2.0/routers => generated 973 bytes in 1341 msecs (HTTP/1.1 201) 4 headers in 162 bytes (1 switches on core 0)
2026-07-16 11:14:07.702 8 INFO neutron_taas.services.taas.taas_plugin [None req-f1d44af9-8a19-41c6-9c0e-ea7ec81f746e 2bd80c8100d94191b1e1f83e75a6d04f 75fec0e9c6684341b286cbbccc475832 - - default default] TaaS: Handle Delete Port: bba7165f-3508-438c-b7f8-4bbb45118cc0
2026-07-16 11:14:07.704 8 INFO neutron_taas.services.taas.tap_mirror_plugin [None req-f1d44af9-8a19-41c6-9c0e-ea7ec81f746e 2bd80c8100d94191b1e1f83e75a6d04f 75fec0e9c6684341b286cbbccc475832 - - default default] Tap Mirror: Handle Delete Port: bba7165f-3508-438c-b7f8-4bbb45118cc0
2026-07-16 11:14:08.042 8 WARNING neutron.plugins.ml2.drivers.ovn.mech_driver.ovsdb.ovn_client [None req-5435e6c4-2b57-4b99-9f4d-48bc49b4c697 - - - - - -] No port found with ID 024ebedf-5579-4c02-8d74-c1733092b2dc: RuntimeError: No port found with ID 024ebedf-5579-4c02-8d74-c1733092b2dc [pid: 7|app: 0|req: 794/1595] 10.0.0.37 () {28 vars in 582 bytes} [Thu Jul 16 11:14:07 2026] GET /v2.0/routers => generated 1978 bytes in 911 msecs (HTTP/1.1 200) 4 headers in 158 bytes (1 switches on core 0)
2026-07-16 11:14:08.461 7 INFO neutron.db.segments_db [None req-7a178309-ccdc-4451-9be4-074b73e46a38 671c6bb6a0d542a4ac7cea4581ec62a2 b74aecb6ba7d41529657956d04a070d6 - - default default] Added segment 93e1812d-3526-4829-90a3-b7405a3b06b1 of type geneve for network 9cece56f-3c69-4f10-afc4-8d2baffc6c1d
2026-07-16 11:14:08.579 8 INFO neutron.plugins.ml2.drivers.ovn.mech_driver.mech_driver [None req-5435e6c4-2b57-4b99-9f4d-48bc49b4c697 - - - - - -] OVN reports status down for port: 109841df-bb83-471a-b324-c80327020aab
2026-07-16 11:14:08.587 7 INFO neutron.db.ovn_revision_numbers_db [None req-7a178309-ccdc-4451-9be4-074b73e46a38 671c6bb6a0d542a4ac7cea4581ec62a2 b74aecb6ba7d41529657956d04a070d6 - - default default] Successfully bumped revision number for resource 9cece56f-3c69-4f10-afc4-8d2baffc6c1d (type: networks) to 1
2026-07-16 11:14:08.676 8 INFO neutron.plugins.ml2.drivers.ovn.mech_driver.mech_driver [None req-5435e6c4-2b57-4b99-9f4d-48bc49b4c697 - - - - - -] OVN reports status down for port: bba7165f-3508-438c-b7f8-4bbb45118cc0
2026-07-16 11:14:08.692 8 INFO neutron.plugins.ml2.drivers.ovn.mech_driver.mech_driver [None req-5435e6c4-2b57-4b99-9f4d-48bc49b4c697 - - - - - -] OVN reports status down for port: a04dcd7a-b8ce-46e0-af56-698516354992 [pid: 8|app: 0|req: 802/1596] 10.0.0.121 () {32 vars in 724 bytes} [Thu Jul 16 11:14:07 2026] DELETE /v2.0/routers/ac8dc8c3-805a-4d92-a05f-687bfe8239c7 => generated 0 bytes in 1308 msecs (HTTP/1.1 204) 2 headers in 112 bytes (1 switches on core 0)
2026-07-16 11:14:08.776 7 WARNING neutron.scheduler.dhcp_agent_scheduler [None req-7a178309-ccdc-4451-9be4-074b73e46a38 671c6bb6a0d542a4ac7cea4581ec62a2 b74aecb6ba7d41529657956d04a070d6 - - default default] No more DHCP agents
2026-07-16 11:14:08.778 7 WARNING neutron.api.rpc.agentnotifiers.dhcp_rpc_agent_api [None req-7a178309-ccdc-4451-9be4-074b73e46a38 671c6bb6a0d542a4ac7cea4581ec62a2 b74aecb6ba7d41529657956d04a070d6 - - default default] Unable to schedule network 9cece56f-3c69-4f10-afc4-8d2baffc6c1d: no agents available; will retry on subsequent port and subnet creation events.
2026-07-16 11:14:08.844 8 INFO neutron.plugins.ml2.drivers.ovn.mech_driver.mech_driver [None req-5435e6c4-2b57-4b99-9f4d-48bc49b4c697 - - - - - -] OVN reports status up for port: bba7165f-3508-438c-b7f8-4bbb45118cc0
2026-07-16 11:14:08.853 7 INFO neutron.plugins.ml2.drivers.ovn.mech_driver.mech_driver [None req-45de8ae7-40ed-4895-b001-4d07700e5035 - - - - - -] OVN reports status down for port: f8bca9fe-82fb-459f-98d3-675f7184897d [pid: 8|app: 0|req: 803/1597] 10.0.0.121 () {32 vars in 721 bytes} [Thu Jul 16 11:14:08 2026] GET /v2.0/routers/f9c74558-ce94-425c-87bd-0ee4fbb93bef => generated 979 bytes in 157 msecs (HTTP/1.1 200) 4 headers in 157 bytes (1 switches on core 0)
2026-07-16 11:14:08.883 8 INFO neutron.plugins.ml2.drivers.ovn.mech_driver.mech_driver [None req-5435e6c4-2b57-4b99-9f4d-48bc49b4c697 - - - - - -] OVN reports status down for port: 2e3c8a24-1e69-460a-8ef7-a738aaaae038 [pid: 8|app: 0|req: 804/1598] 10.0.0.37 () {28 vars in 623 bytes} [Thu Jul 16 11:14:08 2026] GET /v2.0/agents?binary=ovn-controller => generated 416 bytes in 32 msecs (HTTP/1.1 200) 4 headers in 157 bytes (1 switches on core 0)
2026-07-16 11:14:08.900 8 INFO neutron.plugins.ml2.drivers.ovn.mech_driver.mech_driver [None req-5435e6c4-2b57-4b99-9f4d-48bc49b4c697 - - - - - -] OVN reports status down for port: b96d60c0-5d40-4534-a23b-60f5ecc321ac
2026-07-16 11:14:08.921 7 INFO neutron.db.ovn_revision_numbers_db [None req-7a178309-ccdc-4451-9be4-074b73e46a38 671c6bb6a0d542a4ac7cea4581ec62a2 b74aecb6ba7d41529657956d04a070d6 - - default default] Successfully bumped revision number for resource f8bca9fe-82fb-459f-98d3-675f7184897d (type: ports) to 1
2026-07-16 11:14:08.924 8 INFO neutron.plugins.ml2.drivers.ovn.mech_driver.mech_driver [None req-5435e6c4-2b57-4b99-9f4d-48bc49b4c697 - - - - - -] OVN reports status down for port: 1d572b0c-a054-4a37-aed5-28789a15fd96 [pid: 8|app: 0|req: 805/1599] 10.0.0.121 () {32 vars in 736 bytes} [Thu Jul 16 11:14:08 2026] GET /v2.0/ports?device_id=ac8dc8c3-805a-4d92-a05f-687bfe8239c7 => generated 12 bytes in 38 msecs (HTTP/1.1 200) 4 headers in 156 bytes (1 switches on core 0) [pid: 7|app: 0|req: 795/1600] 10.0.0.121 () {34 vars in 670 bytes} [Thu Jul 16 11:14:08 2026] POST /v2.0/networks => generated 688 bytes in 589 msecs (HTTP/1.1 201) 4 headers in 162 bytes (1 switches on core 0) [pid: 7|app: 0|req: 796/1601] 10.0.0.37 () {28 vars in 584 bytes} [Thu Jul 16 11:14:08 2026] GET /v2.0/networks => generated 4576 bytes in 86 msecs (HTTP/1.1 200) 4 headers in 158 bytes (1 switches on core 0)
2026-07-16 11:14:09.075 7 INFO neutron.api.v2.resource [None req-730958c2-34a1-475d-87bf-e9e88b9cb817 2bd80c8100d94191b1e1f83e75a6d04f 75fec0e9c6684341b286cbbccc475832 - - default default] delete failed (client error): The resource could not be found. [pid: 7|app: 0|req: 797/1602] 10.0.0.121 () {32 vars in 724 bytes} [Thu Jul 16 11:14:09 2026] DELETE /v2.0/routers/ac8dc8c3-805a-4d92-a05f-687bfe8239c7 => generated 135 bytes in 25 msecs (HTTP/1.1 404) 4 headers in 164 bytes (1 switches on core 0) [pid: 8|app: 0|req: 806/1603] 10.0.0.121 () {32 vars in 647 bytes} [Thu Jul 16 11:14:08 2026] GET /v2.0/routers => generated 982 bytes in 159 msecs (HTTP/1.1 200) 4 headers in 157 bytes (1 switches on core 0)
2026-07-16 11:14:09.090 8 WARNING neutron.plugins.ml2.drivers.ovn.mech_driver.ovsdb.ovn_client [None req-5435e6c4-2b57-4b99-9f4d-48bc49b4c697 - - - - - -] Logical_Switch_Port 1d572b0c-a054-4a37-aed5-28789a15fd96 host information not removed, the port state is up
2026-07-16 11:14:09.091 8 INFO neutron.plugins.ml2.drivers.ovn.mech_driver.mech_driver [None req-5435e6c4-2b57-4b99-9f4d-48bc49b4c697 - - - - - -] OVN reports status up for port: 1d572b0c-a054-4a37-aed5-28789a15fd96
2026-07-16 11:14:09.123 8 INFO neutron.plugins.ml2.plugin [None req-5435e6c4-2b57-4b99-9f4d-48bc49b4c697 - - - - - -] Attempt 1 to provision port 1d572b0c-a054-4a37-aed5-28789a15fd96 [pid: 8|app: 0|req: 807/1604] 10.0.0.37 () {28 vars in 598 bytes} [Thu Jul 16 11:14:09 2026] GET /v2.0/security-groups => generated 26113 bytes in 89 msecs (HTTP/1.1 200) 4 headers in 159 bytes (1 switches on core 0)
2026-07-16 11:14:09.187 7 INFO neutron.db.segments_db [None req-c7bde619-3103-44ea-9123-0bcf8c0a0a85 671c6bb6a0d542a4ac7cea4581ec62a2 b74aecb6ba7d41529657956d04a070d6 - - default default] Added segment e0ecad71-bdc8-4398-b490-61d632f1f19b of type geneve for network cdc1f257-42b7-48aa-9356-a3b2ea5f6c55 [pid: 8|app: 0|req: 808/1605] 10.0.0.121 () {32 vars in 736 bytes} [Thu Jul 16 11:14:09 2026] GET /v2.0/ports?device_id=7ccb34d6-1b49-4289-82c0-783f09d72e70 => generated 12 bytes in 39 msecs (HTTP/1.1 200) 4 headers in 156 bytes (1 switches on core 0)
2026-07-16 11:14:09.326 7 INFO neutron.db.ovn_revision_numbers_db [None req-c7bde619-3103-44ea-9123-0bcf8c0a0a85 671c6bb6a0d542a4ac7cea4581ec62a2 b74aecb6ba7d41529657956d04a070d6 - - default default] Successfully bumped revision number for resource cdc1f257-42b7-48aa-9356-a3b2ea5f6c55 (type: networks) to 1
2026-07-16 11:14:09.493 7 WARNING neutron.scheduler.dhcp_agent_scheduler [None req-c7bde619-3103-44ea-9123-0bcf8c0a0a85 671c6bb6a0d542a4ac7cea4581ec62a2 b74aecb6ba7d41529657956d04a070d6 - - default default] No more DHCP agents
2026-07-16 11:14:09.495 7 WARNING neutron.api.rpc.agentnotifiers.dhcp_rpc_agent_api [None req-c7bde619-3103-44ea-9123-0bcf8c0a0a85 671c6bb6a0d542a4ac7cea4581ec62a2 b74aecb6ba7d41529657956d04a070d6 - - default default] Unable to schedule network cdc1f257-42b7-48aa-9356-a3b2ea5f6c55: no agents available; will retry on subsequent port and subnet creation events.
2026-07-16 11:14:09.579 7 INFO neutron.db.ovn_revision_numbers_db [None req-c7bde619-3103-44ea-9123-0bcf8c0a0a85 671c6bb6a0d542a4ac7cea4581ec62a2 b74aecb6ba7d41529657956d04a070d6 - - default default] Successfully bumped revision number for resource f0f5f11c-b045-43d1-90a3-59e5885bbb1d (type: ports) to 1 [pid: 7|app: 0|req: 798/1606] 10.0.0.121 () {34 vars in 670 bytes} [Thu Jul 16 11:14:09 2026] POST /v2.0/networks => generated 688 bytes in 527 msecs (HTTP/1.1 201) 4 headers in 162 bytes (1 switches on core 0)
2026-07-16 11:14:09.628 7 INFO neutron.api.v2.resource [None req-c63e925a-d176-4fd3-b45e-810e0810a542 2bd80c8100d94191b1e1f83e75a6d04f 75fec0e9c6684341b286cbbccc475832 - - default default] delete failed (client error): The resource could not be found. [pid: 7|app: 0|req: 799/1607] 10.0.0.121 () {32 vars in 724 bytes} [Thu Jul 16 11:14:09 2026] DELETE /v2.0/routers/7ccb34d6-1b49-4289-82c0-783f09d72e70 => generated 135 bytes in 25 msecs (HTTP/1.1 404) 4 headers in 164 bytes (1 switches on core 0)
2026-07-16 11:14:09.630 8 INFO neutron.db.ovn_revision_numbers_db [None req-afcdb851-24ac-4f27-8267-aa1907057bb9 8000e2dbe50e46cc9ff3d769c57a68aa e1797654776b42ff91f33405ab34b9dc - - default default] Successfully bumped revision number for resource f9c74558-ce94-425c-87bd-0ee4fbb93bef (type: routers) to 3 [pid: 8|app: 0|req: 809/1608] 10.0.0.121 () {34 vars in 741 bytes} [Thu Jul 16 11:14:09 2026] PUT /v2.0/routers/f9c74558-ce94-425c-87bd-0ee4fbb93bef => generated 986 bytes in 420 msecs (HTTP/1.1 200) 4 headers in 157 bytes (1 switches on core 0)
2026-07-16 11:14:09.648 7 INFO neutron.pecan_wsgi.hooks.translation [None req-5f47d929-db89-45ab-a438-6ab559aad58e 2bd80c8100d94191b1e1f83e75a6d04f 75fec0e9c6684341b286cbbccc475832 - - default default] DELETE failed (client error): The resource could not be found. [pid: 7|app: 0|req: 800/1609] 10.0.0.121 () {32 vars in 724 bytes} [Thu Jul 16 11:14:09 2026] DELETE /v2.0/subnets/7e95cd7d-f855-4836-afdd-aad8205b3d2f => generated 136 bytes in 16 msecs (HTTP/1.1 404) 4 headers in 164 bytes (1 switches on core 0) [pid: 7|app: 0|req: 801/1610] 10.0.0.121 () {32 vars in 721 bytes} [Thu Jul 16 11:14:09 2026] GET /v2.0/routers/f9c74558-ce94-425c-87bd-0ee4fbb93bef => generated 986 bytes in 61 msecs (HTTP/1.1 200) 4 headers in 157 bytes (1 switches on core 0) [pid: 7|app: 0|req: 802/1611] 10.0.0.121 () {32 vars in 736 bytes} [Thu Jul 16 11:14:09 2026] GET /v2.0/ports?device_id=e4ac60e0-f2c0-43f6-9b1d-1d9afdfceec5 => generated 12 bytes in 18 msecs (HTTP/1.1 200) 4 headers in 156 bytes (1 switches on core 0) [pid: 7|app: 0|req: 803/1612] 10.0.0.121 () {32 vars in 736 bytes} [Thu Jul 16 11:14:09 2026] GET /v2.0/ports?device_id=f9c74558-ce94-425c-87bd-0ee4fbb93bef => generated 12 bytes in 15 msecs (HTTP/1.1 200) 4 headers in 156 bytes (1 switches on core 0)
