2026-07-16 11:13:51.742 7 INFO neutron.services.segments.plugin [-] Client error retrieving segment a4f70924-cbbb-46b9-9c3e-415dfb3b416f resource provider; error: Placement Client Error (4xx): {"errors": [{"status": 404, "title": "Not Found", "detail": "The resource could not be found.\n\n No resource provider with uuid a4f70924-cbbb-46b9-9c3e-415dfb3b416f found for delete ", "request_id": "req-b57e6662-0f8f-4c6c-918e-65c04a0dae2a"}]}
2026-07-16 11:13:51.743 7 INFO neutron.services.segments.plugin [-] Client error retrieving segment a4f70924-cbbb-46b9-9c3e-415dfb3b416f resource provider; error: Placement Client Error (4xx): {"errors": [{"status": 404, "title": "Not Found", "detail": "The resource could not be found.\n\n No resource provider with uuid a4f70924-cbbb-46b9-9c3e-415dfb3b416f found for delete ", "request_id": "req-8913790f-0482-4474-88ce-f7d3af46eca9"}]}
2026-07-16 11:13:51.918 8 INFO neutron.db.ovn_revision_numbers_db [None req-f6ea44d8-e56c-4d54-ba2b-01a8ebb61200 2bd80c8100d94191b1e1f83e75a6d04f 75fec0e9c6684341b286cbbccc475832 - - default default] Successfully bumped revision number for resource 218dc0ee-6c7b-4b7d-a700-e68d14840445 (type: ports) to 2
2026-07-16 11:13:51.976 7 WARNING neutron.scheduler.dhcp_agent_scheduler [None req-ad40a018-187d-40de-89c8-ca5961105bfd cd4dbcb1f1f64cf8b55a1e860d59bc09 d398fb5ee0e14e65a4a2a9470fc43f61 - - default default] No more DHCP agents
2026-07-16 11:13:51.978 7 WARNING neutron.api.rpc.agentnotifiers.dhcp_rpc_agent_api [None req-ad40a018-187d-40de-89c8-ca5961105bfd cd4dbcb1f1f64cf8b55a1e860d59bc09 d398fb5ee0e14e65a4a2a9470fc43f61 - - default default] Unable to schedule network 73104ae8-1b12-40f0-9007-fad24e22cbc2: no agents available; will retry on subsequent port and subnet creation events.
2026-07-16 11:13:52.017 7 INFO neutron.db.ovn_revision_numbers_db [None req-ad40a018-187d-40de-89c8-ca5961105bfd cd4dbcb1f1f64cf8b55a1e860d59bc09 d398fb5ee0e14e65a4a2a9470fc43f61 - - default default] Successfully bumped revision number for resource 347650e2-1ff4-401e-a4ca-57b9c39f7ee1 (type: subnets) to 0
2026-07-16 11:13:52.060 7 WARNING neutron.scheduler.dhcp_agent_scheduler [None req-ad40a018-187d-40de-89c8-ca5961105bfd cd4dbcb1f1f64cf8b55a1e860d59bc09 d398fb5ee0e14e65a4a2a9470fc43f61 - - default default] No more DHCP agents
2026-07-16 11:13:52.062 7 WARNING neutron.api.rpc.agentnotifiers.dhcp_rpc_agent_api [None req-ad40a018-187d-40de-89c8-ca5961105bfd cd4dbcb1f1f64cf8b55a1e860d59bc09 d398fb5ee0e14e65a4a2a9470fc43f61 - - default default] Unable to schedule network 9620feda-1f97-4669-9583-e645920ed9b6: no agents available; will retry on subsequent port and subnet creation events.
2026-07-16 11:13:52.089 7 INFO neutron.db.ovn_revision_numbers_db [None req-ad40a018-187d-40de-89c8-ca5961105bfd cd4dbcb1f1f64cf8b55a1e860d59bc09 d398fb5ee0e14e65a4a2a9470fc43f61 - - default default] Successfully bumped revision number for resource 5f7040b2-c9e8-4cb9-bdc0-a69811e385e5 (type: subnets) to 0 [pid: 7|app: 0|req: 755/1502] 10.0.0.121 () {34 vars in 669 bytes} [Thu Jul 16 11:13:51 2026] POST /v2.0/subnets => generated 1324 bytes in 455 msecs (HTTP/1.1 201) 4 headers in 163 bytes (1 switches on core 0)
2026-07-16 11:13:52.213 7 INFO neutron_taas.services.taas.taas_plugin [None req-2c384df6-3a48-40bb-8570-cf76da40f92b 8000e2dbe50e46cc9ff3d769c57a68aa e1797654776b42ff91f33405ab34b9dc - - default default] TaaS: Handle Delete Port: 9ae0522d-8d87-4234-8a3f-b4308655b27c
2026-07-16 11:13:52.216 7 INFO neutron_taas.services.taas.tap_mirror_plugin [None req-2c384df6-3a48-40bb-8570-cf76da40f92b 8000e2dbe50e46cc9ff3d769c57a68aa e1797654776b42ff91f33405ab34b9dc - - default default] Tap Mirror: Handle Delete Port: 9ae0522d-8d87-4234-8a3f-b4308655b27c [pid: 7|app: 0|req: 756/1503] 10.0.0.121 () {32 vars in 726 bytes} [Thu Jul 16 11:13:52 2026] DELETE /v2.0/networks/50eb5df6-dffc-4e3c-bc2b-c7cfec9ac028 => generated 0 bytes in 326 msecs (HTTP/1.1 204) 3 headers in 131 bytes (1 switches on core 0) [pid: 7|app: 0|req: 757/1504] 10.0.0.121 () {32 vars in 647 bytes} [Thu Jul 16 11:13:52 2026] GET /v2.0/subnets => generated 1960 bytes in 41 msecs (HTTP/1.1 200) 4 headers in 158 bytes (1 switches on core 0) [pid: 7|app: 0|req: 758/1505] 10.0.0.84 () {34 vars in 1069 bytes} [Thu Jul 16 11:13:52 2026] GET /v2.0/ports?fields=security_groups&fields=device_id&device_id=012e0da8-6efe-4310-86cf-e91ca979c061 => generated 12 bytes in 23 msecs (HTTP/1.1 200) 4 headers in 156 bytes (1 switches on core 0)
2026-07-16 11:13:52.577 7 INFO neutron.db.segments_db [None req-bc56394f-4099-486f-97bb-9eeae44a075a 8000e2dbe50e46cc9ff3d769c57a68aa e1797654776b42ff91f33405ab34b9dc - - default default] Added segment fd54d115-5858-4842-8ce9-0a9b3eb4802e of type geneve for network 603ea7c5-2af2-4d88-b10c-d886f935af15
2026-07-16 11:13:52.598 8 WARNING neutron.scheduler.dhcp_agent_scheduler [None req-f6ea44d8-e56c-4d54-ba2b-01a8ebb61200 2bd80c8100d94191b1e1f83e75a6d04f 75fec0e9c6684341b286cbbccc475832 - - default default] No more DHCP agents
2026-07-16 11:13:52.599 8 WARNING neutron.api.rpc.agentnotifiers.dhcp_rpc_agent_api [None req-f6ea44d8-e56c-4d54-ba2b-01a8ebb61200 2bd80c8100d94191b1e1f83e75a6d04f 75fec0e9c6684341b286cbbccc475832 - - default default] Unable to schedule network 10a95724-f85f-4ea5-9c7f-2e9dc10dd060: no agents available; will retry on subsequent port and subnet creation events.
2026-07-16 11:13:52.685 7 INFO neutron.db.ovn_revision_numbers_db [None req-bc56394f-4099-486f-97bb-9eeae44a075a 8000e2dbe50e46cc9ff3d769c57a68aa e1797654776b42ff91f33405ab34b9dc - - default default] Successfully bumped revision number for resource 603ea7c5-2af2-4d88-b10c-d886f935af15 (type: networks) to 1
2026-07-16 11:13:52.837 8 INFO neutron.db.ovn_revision_numbers_db [None req-f6ea44d8-e56c-4d54-ba2b-01a8ebb61200 2bd80c8100d94191b1e1f83e75a6d04f 75fec0e9c6684341b286cbbccc475832 - - default default] Successfully bumped revision number for resource 218dc0ee-6c7b-4b7d-a700-e68d14840445 (type: router_ports) to 2 [pid: 8|app: 0|req: 748/1506] 10.0.0.121 () {34 vars in 783 bytes} [Thu Jul 16 11:13:51 2026] PUT /v2.0/routers/e4ac60e0-f2c0-43f6-9b1d-1d9afdfceec5/add_router_interface => generated 310 bytes in 1448 msecs (HTTP/1.1 200) 4 headers in 157 bytes (1 switches on core 0) /var/lib/openstack/lib/python3.12/site-packages/pycadf/identifier.py:70: UserWarning: Invalid uuid: neutron. To ensure interoperability, identifiers should be a valid uuid. warnings.warn(('Invalid uuid: %s. To ensure interoperability, '
2026-07-16 11:13:52.847 7 WARNING neutron.scheduler.dhcp_agent_scheduler [None req-bc56394f-4099-486f-97bb-9eeae44a075a 8000e2dbe50e46cc9ff3d769c57a68aa e1797654776b42ff91f33405ab34b9dc - - default default] No more DHCP agents
2026-07-16 11:13:52.849 7 WARNING neutron.api.rpc.agentnotifiers.dhcp_rpc_agent_api [None req-bc56394f-4099-486f-97bb-9eeae44a075a 8000e2dbe50e46cc9ff3d769c57a68aa e1797654776b42ff91f33405ab34b9dc - - default default] Unable to schedule network 603ea7c5-2af2-4d88-b10c-d886f935af15: no agents available; will retry on subsequent port and subnet creation events.
2026-07-16 11:13:52.922 7 INFO neutron.db.ovn_revision_numbers_db [None req-bc56394f-4099-486f-97bb-9eeae44a075a 8000e2dbe50e46cc9ff3d769c57a68aa e1797654776b42ff91f33405ab34b9dc - - default default] Successfully bumped revision number for resource 6aee8c37-1976-4fee-8c33-c42aabe1a4ac (type: ports) to 1 [pid: 7|app: 0|req: 759/1507] 10.0.0.121 () {34 vars in 670 bytes} [Thu Jul 16 11:13:52 2026] POST /v2.0/networks => generated 671 bytes in 447 msecs (HTTP/1.1 201) 4 headers in 162 bytes (1 switches on core 0) [pid: 7|app: 0|req: 760/1508] 10.0.0.238 () {34 vars in 990 bytes} [Thu Jul 16 11:13:52 2026] GET /v2.0/ports?device_id=012e0da8-6efe-4310-86cf-e91ca979c061 => generated 12 bytes in 18 msecs (HTTP/1.1 200) 4 headers in 156 bytes (1 switches on core 0)
2026-07-16 11:13:52.977 7 WARNING neutron.plugins.ml2.drivers.ovn.mech_driver.ovsdb.ovn_client [None req-7cc76454-ed3f-4f07-b3a9-c5281d4dd337 - - - - - -] No port found with ID 76badf35-365d-4e1f-832c-936a60eea9be: RuntimeError: No port found with ID 76badf35-365d-4e1f-832c-936a60eea9be [pid: 8|app: 0|req: 749/1509] 10.0.0.121 () {32 vars in 724 bytes} [Thu Jul 16 11:13:52 2026] DELETE /v2.0/subnets/347650e2-1ff4-401e-a4ca-57b9c39f7ee1 => generated 0 bytes in 169 msecs (HTTP/1.1 204) 3 headers in 131 bytes (1 switches on core 0)
2026-07-16 11:13:53.037 7 INFO neutron.plugins.ml2.drivers.ovn.mech_driver.mech_driver [None req-7cc76454-ed3f-4f07-b3a9-c5281d4dd337 - - - - - -] OVN reports status down for port: 2709e38a-a9d8-4e1f-95c0-dbec88a70556 [pid: 7|app: 0|req: 761/1510] 10.0.0.121 () {32 vars in 717 bytes} [Thu Jul 16 11:13:52 2026] GET /v2.0/ports/218dc0ee-6c7b-4b7d-a700-e68d14840445 => generated 1007 bytes in 144 msecs (HTTP/1.1 200) 4 headers in 158 bytes (1 switches on core 0)
2026-07-16 11:13:53.161 7 INFO neutron.plugins.ml2.drivers.ovn.mech_driver.mech_driver [None req-7cc76454-ed3f-4f07-b3a9-c5281d4dd337 - - - - - -] OVN reports status down for port: 56ebb775-36d6-401b-9d5e-b7350673ea5c
2026-07-16 11:13:53.195 8 WARNING neutron.scheduler.dhcp_agent_scheduler [None req-2dfbb2d5-d6af-4cf4-8f32-ef6ca15ce708 8000e2dbe50e46cc9ff3d769c57a68aa e1797654776b42ff91f33405ab34b9dc - - default default] No more DHCP agents
2026-07-16 11:13:53.196 8 WARNING neutron.api.rpc.agentnotifiers.dhcp_rpc_agent_api [None req-2dfbb2d5-d6af-4cf4-8f32-ef6ca15ce708 8000e2dbe50e46cc9ff3d769c57a68aa e1797654776b42ff91f33405ab34b9dc - - default default] Unable to schedule network 603ea7c5-2af2-4d88-b10c-d886f935af15: no agents available; will retry on subsequent port and subnet creation events.
2026-07-16 11:13:53.230 8 INFO neutron.db.ovn_revision_numbers_db [None req-2dfbb2d5-d6af-4cf4-8f32-ef6ca15ce708 8000e2dbe50e46cc9ff3d769c57a68aa e1797654776b42ff91f33405ab34b9dc - - default default] Successfully bumped revision number for resource 5821f8c2-2cfd-404f-ad55-03d8b45fc462 (type: subnets) to 0 [pid: 8|app: 0|req: 750/1511] 10.0.0.121 () {34 vars in 669 bytes} [Thu Jul 16 11:13:53 2026] POST /v2.0/subnets => generated 646 bytes in 236 msecs (HTTP/1.1 201) 4 headers in 162 bytes (1 switches on core 0)
2026-07-16 11:13:53.271 7 INFO neutron.plugins.ml2.drivers.ovn.mech_driver.mech_driver [None req-7cc76454-ed3f-4f07-b3a9-c5281d4dd337 - - - - - -] OVN reports status down for port: a00f9a49-994c-4488-b541-b67951c7ba10 [pid: 7|app: 0|req: 762/1512] 10.0.0.121 () {32 vars in 724 bytes} [Thu Jul 16 11:13:53 2026] DELETE /v2.0/subnets/5f7040b2-c9e8-4cb9-bdc0-a69811e385e5 => generated 0 bytes in 218 msecs (HTTP/1.1 204) 3 headers in 131 bytes (1 switches on core 0)
2026-07-16 11:13:53.388 7 INFO neutron.plugins.ml2.drivers.ovn.mech_driver.mech_driver [None req-7cc76454-ed3f-4f07-b3a9-c5281d4dd337 - - - - - -] OVN reports status down for port: 6aee8c37-1976-4fee-8c33-c42aabe1a4ac
2026-07-16 11:13:53.486 8 WARNING neutron.plugins.ml2.drivers.ovn.mech_driver.ovsdb.ovn_client [None req-62e2ca42-bfc1-40c3-8611-d6e62dc7c72e - - - - - -] No port found with ID 71ce9fb1-dd1a-4ae9-8150-18059d6f2de3: RuntimeError: No port found with ID 71ce9fb1-dd1a-4ae9-8150-18059d6f2de3
2026-07-16 11:13:53.500 8 INFO neutron.plugins.ml2.drivers.ovn.mech_driver.mech_driver [None req-62e2ca42-bfc1-40c3-8611-d6e62dc7c72e - - - - - -] OVN reports status down for port: cf17548a-bb03-4803-892e-b31fbf783d1e
2026-07-16 11:13:53.537 7 INFO neutron.db.ovn_revision_numbers_db [None req-3d3f2ad9-b2b6-4c43-a79e-3150079db099 8000e2dbe50e46cc9ff3d769c57a68aa e1797654776b42ff91f33405ab34b9dc - - default default] Successfully bumped revision number for resource 6d5b2d10-71da-414e-97a2-8fae4fdaae80 (type: routers) to 1 [pid: 7|app: 0|req: 763/1513] 10.0.0.121 () {34 vars in 669 bytes} [Thu Jul 16 11:13:53 2026] POST /v2.0/routers => generated 628 bytes in 227 msecs (HTTP/1.1 201) 4 headers in 162 bytes (1 switches on core 0) [pid: 7|app: 0|req: 764/1514] 10.0.0.121 () {32 vars in 647 bytes} [Thu Jul 16 11:13:53 2026] GET /v2.0/subnets => generated 649 bytes in 33 msecs (HTTP/1.1 200) 4 headers in 157 bytes (1 switches on core 0)
2026-07-16 11:13:53.610 8 INFO neutron_taas.services.taas.taas_plugin [None req-0bbd237d-bd2e-463f-a4ae-0424f3648446 2bd80c8100d94191b1e1f83e75a6d04f 75fec0e9c6684341b286cbbccc475832 - - default default] TaaS: Handle Delete Port: 218dc0ee-6c7b-4b7d-a700-e68d14840445
2026-07-16 11:13:53.617 8 INFO neutron_taas.services.taas.tap_mirror_plugin [None req-0bbd237d-bd2e-463f-a4ae-0424f3648446 2bd80c8100d94191b1e1f83e75a6d04f 75fec0e9c6684341b286cbbccc475832 - - default default] Tap Mirror: Handle Delete Port: 218dc0ee-6c7b-4b7d-a700-e68d14840445
2026-07-16 11:13:53.634 8 INFO neutron.plugins.ml2.drivers.ovn.mech_driver.mech_driver [None req-62e2ca42-bfc1-40c3-8611-d6e62dc7c72e - - - - - -] OVN reports status down for port: cd4cdb0c-b37e-4a8d-9ce5-7a7ebd00fa46
2026-07-16 11:13:53.651 8 INFO neutron.plugins.ml2.drivers.ovn.mech_driver.mech_driver [None req-62e2ca42-bfc1-40c3-8611-d6e62dc7c72e - - - - - -] OVN reports status down for port: fa973401-dcb9-4643-b794-a57e76212b49
2026-07-16 11:13:53.675 8 INFO neutron.plugins.ml2.drivers.ovn.mech_driver.mech_driver [None req-62e2ca42-bfc1-40c3-8611-d6e62dc7c72e - - - - - -] OVN reports status down for port: 9eae3687-9d14-4f70-a838-f7460a084308
2026-07-16 11:13:53.769 7 INFO neutron.services.segments.plugin [-] Segment 37b104bc-4a66-44b6-a402-e03241878d63 resource provider aggregate not found
2026-07-16 11:13:53.773 7 INFO neutron.services.segments.plugin [-] Segment 37b104bc-4a66-44b6-a402-e03241878d63 resource provider aggregate not found
2026-07-16 11:13:53.794 7 INFO neutron.services.segments.plugin [-] Client error retrieving segment 37b104bc-4a66-44b6-a402-e03241878d63 resource provider; error: Placement Client Error (4xx): {"errors": [{"status": 404, "title": "Not Found", "detail": "The resource could not be found.\n\n No resource provider with uuid 37b104bc-4a66-44b6-a402-e03241878d63 found for delete ", "request_id": "req-ba2bf145-f9b9-4cd4-8f36-35d73d8d937d"}]}
2026-07-16 11:13:53.795 7 INFO neutron.services.segments.plugin [-] Client error retrieving segment 37b104bc-4a66-44b6-a402-e03241878d63 resource provider; error: Placement Client Error (4xx): {"errors": [{"status": 404, "title": "Not Found", "detail": "The resource could not be found.\n\n No resource provider with uuid 37b104bc-4a66-44b6-a402-e03241878d63 found for delete ", "request_id": "req-9461a1d5-a61c-4cc8-bfc9-426f3222b729"}]}
2026-07-16 11:13:53.815 8 INFO neutron.plugins.ml2.drivers.ovn.mech_driver.mech_driver [None req-62e2ca42-bfc1-40c3-8611-d6e62dc7c72e - - - - - -] OVN reports status down for port: 218dc0ee-6c7b-4b7d-a700-e68d14840445
2026-07-16 11:13:53.828 8 INFO neutron.plugins.ml2.drivers.ovn.mech_driver.mech_driver [None req-62e2ca42-bfc1-40c3-8611-d6e62dc7c72e - - - - - -] OVN reports status up for port: 218dc0ee-6c7b-4b7d-a700-e68d14840445
2026-07-16 11:13:53.925 7 WARNING neutron.scheduler.dhcp_agent_scheduler [None req-295bf175-95d4-4868-b455-a6ae3a61c48f 8000e2dbe50e46cc9ff3d769c57a68aa e1797654776b42ff91f33405ab34b9dc - - default default] No more DHCP agents
2026-07-16 11:13:53.926 7 WARNING neutron.api.rpc.agentnotifiers.dhcp_rpc_agent_api [None req-295bf175-95d4-4868-b455-a6ae3a61c48f 8000e2dbe50e46cc9ff3d769c57a68aa e1797654776b42ff91f33405ab34b9dc - - default default] Unable to schedule network 603ea7c5-2af2-4d88-b10c-d886f935af15: no agents available; will retry on subsequent port and subnet creation events.
2026-07-16 11:13:54.024 7 INFO neutron.plugins.ml2.drivers.ovn.mech_driver.mech_driver [None req-7cc76454-ed3f-4f07-b3a9-c5281d4dd337 - - - - - -] OVN reports status down for port: 57afe30c-9a48-4c08-a652-77bc96a11afe [pid: 8|app: 0|req: 751/1515] 10.0.0.121 () {34 vars in 789 bytes} [Thu Jul 16 11:13:53 2026] PUT /v2.0/routers/e4ac60e0-f2c0-43f6-9b1d-1d9afdfceec5/remove_router_interface => generated 310 bytes in 830 msecs (HTTP/1.1 200) 4 headers in 157 bytes (1 switches on core 0) /var/lib/openstack/lib/python3.12/site-packages/pycadf/identifier.py:70: UserWarning: Invalid uuid: neutron. To ensure interoperability, identifiers should be a valid uuid. warnings.warn(('Invalid uuid: %s. To ensure interoperability, '
2026-07-16 11:13:54.101 7 INFO neutron.db.ovn_revision_numbers_db [None req-295bf175-95d4-4868-b455-a6ae3a61c48f 8000e2dbe50e46cc9ff3d769c57a68aa e1797654776b42ff91f33405ab34b9dc - - default default] Successfully bumped revision number for resource 57afe30c-9a48-4c08-a652-77bc96a11afe (type: ports) to 1 [pid: 8|app: 0|req: 752/1516] 10.0.0.84 () {34 vars in 1069 bytes} [Thu Jul 16 11:13:54 2026] GET /v2.0/ports?fields=security_groups&fields=device_id&device_id=012e0da8-6efe-4310-86cf-e91ca979c061 => generated 12 bytes in 23 msecs (HTTP/1.1 200) 4 headers in 156 bytes (1 switches on core 0) [pid: 7|app: 0|req: 765/1517] 10.0.0.121 () {34 vars in 665 bytes} [Thu Jul 16 11:13:53 2026] POST /v2.0/ports => generated 964 bytes in 580 msecs (HTTP/1.1 201) 4 headers in 162 bytes (1 switches on core 0) /var/lib/openstack/lib/python3.12/site-packages/pycadf/identifier.py:70: UserWarning: Invalid uuid: neutron. To ensure interoperability, identifiers should be a valid uuid. warnings.warn(('Invalid uuid: %s. To ensure interoperability, '
2026-07-16 11:13:54.222 8 INFO neutron_taas.services.taas.taas_plugin [None req-d4ba5e68-ad36-4c91-bef3-a4accf16e364 cd4dbcb1f1f64cf8b55a1e860d59bc09 d398fb5ee0e14e65a4a2a9470fc43f61 - - default default] TaaS: Handle Delete Port: 9eae3687-9d14-4f70-a838-f7460a084308
2026-07-16 11:13:54.225 8 INFO neutron_taas.services.taas.tap_mirror_plugin [None req-d4ba5e68-ad36-4c91-bef3-a4accf16e364 cd4dbcb1f1f64cf8b55a1e860d59bc09 d398fb5ee0e14e65a4a2a9470fc43f61 - - default default] Tap Mirror: Handle Delete Port: 9eae3687-9d14-4f70-a838-f7460a084308
2026-07-16 11:13:54.295 7 INFO neutron.api.v2.resource [None req-24e64db7-191f-4def-bd36-f40459999c96 2bd80c8100d94191b1e1f83e75a6d04f 75fec0e9c6684341b286cbbccc475832 - - default default] remove_router_interface failed (client error): The resource could not be found. [pid: 7|app: 0|req: 766/1518] 10.0.0.121 () {34 vars in 789 bytes} [Thu Jul 16 11:13:54 2026] PUT /v2.0/routers/e4ac60e0-f2c0-43f6-9b1d-1d9afdfceec5/remove_router_interface => generated 197 bytes in 126 msecs (HTTP/1.1 404) 4 headers in 164 bytes (1 switches on core 0)
2026-07-16 11:13:54.437 8 INFO neutron.services.segments.plugin [-] Segment bf27cd47-b3db-40a5-bfc1-6ab68cfcfb5e resource provider aggregate not found
2026-07-16 11:13:54.443 8 INFO neutron.services.segments.plugin [-] Segment bf27cd47-b3db-40a5-bfc1-6ab68cfcfb5e resource provider aggregate not found
2026-07-16 11:13:54.452 8 INFO neutron.services.segments.plugin [-] Client error retrieving segment bf27cd47-b3db-40a5-bfc1-6ab68cfcfb5e resource provider; error: Placement Client Error (4xx): {"errors": [{"status": 404, "title": "Not Found", "detail": "The resource could not be found.\n\n No resource provider with uuid bf27cd47-b3db-40a5-bfc1-6ab68cfcfb5e found for delete ", "request_id": "req-333aa07f-f8e9-430b-8cdc-a3db225a454b"}]}
2026-07-16 11:13:54.461 8 INFO neutron.services.segments.plugin [-] Client error retrieving segment bf27cd47-b3db-40a5-bfc1-6ab68cfcfb5e resource provider; error: Placement Client Error (4xx): {"errors": [{"status": 404, "title": "Not Found", "detail": "The resource could not be found.\n\n No resource provider with uuid bf27cd47-b3db-40a5-bfc1-6ab68cfcfb5e found for delete ", "request_id": "req-94bd8180-ed26-4835-a6b1-9678a96847ff"}]} [pid: 8|app: 0|req: 753/1519] 10.0.0.121 () {32 vars in 726 bytes} [Thu Jul 16 11:13:54 2026] DELETE /v2.0/networks/9620feda-1f97-4669-9583-e645920ed9b6 => generated 0 bytes in 380 msecs (HTTP/1.1 204) 3 headers in 131 bytes (1 switches on core 0) [pid: 8|app: 0|req: 754/1520] 10.0.0.84 () {34 vars in 989 bytes} [Thu Jul 16 11:13:54 2026] GET /v2.0/ports?device_id=012e0da8-6efe-4310-86cf-e91ca979c061 => generated 12 bytes in 16 msecs (HTTP/1.1 200) 4 headers in 156 bytes (1 switches on core 0) [pid: 8|app: 0|req: 755/1521] 10.0.0.121 () {32 vars in 736 bytes} [Thu Jul 16 11:13:54 2026] GET /v2.0/ports?device_id=e4ac60e0-f2c0-43f6-9b1d-1d9afdfceec5 => generated 12 bytes in 15 msecs (HTTP/1.1 200) 4 headers in 156 bytes (1 switches on core 0)
2026-07-16 11:13:54.632 8 INFO neutron_taas.services.taas.taas_plugin [None req-1249a944-f932-41fa-898f-a18752e6b0a9 cd4dbcb1f1f64cf8b55a1e860d59bc09 d398fb5ee0e14e65a4a2a9470fc43f61 - - default default] TaaS: Handle Delete Port: a00f9a49-994c-4488-b541-b67951c7ba10
2026-07-16 11:13:54.635 8 INFO neutron_taas.services.taas.tap_mirror_plugin [None req-1249a944-f932-41fa-898f-a18752e6b0a9 cd4dbcb1f1f64cf8b55a1e860d59bc09 d398fb5ee0e14e65a4a2a9470fc43f61 - - default default] Tap Mirror: Handle Delete Port: a00f9a49-994c-4488-b541-b67951c7ba10
2026-07-16 11:13:54.726 7 INFO neutron.plugins.ml2.drivers.ovn.mech_driver.mech_driver [None req-7cc76454-ed3f-4f07-b3a9-c5281d4dd337 - - - - - -] OVN reports status up for port: 57afe30c-9a48-4c08-a652-77bc96a11afe
2026-07-16 11:13:54.773 7 INFO neutron.plugins.ml2.plugin [None req-7cc76454-ed3f-4f07-b3a9-c5281d4dd337 - - - - - -] Attempt 1 to provision port 57afe30c-9a48-4c08-a652-77bc96a11afe
2026-07-16 11:13:54.776 7 INFO neutron.db.ovn_revision_numbers_db [None req-49bc2e64-bee3-478b-abe4-c732274427b7 8000e2dbe50e46cc9ff3d769c57a68aa e1797654776b42ff91f33405ab34b9dc - - default default] Successfully bumped revision number for resource 57afe30c-9a48-4c08-a652-77bc96a11afe (type: ports) to 2 [pid: 8|app: 0|req: 756/1522] 10.0.0.121 () {32 vars in 726 bytes} [Thu Jul 16 11:13:54 2026] DELETE /v2.0/networks/73104ae8-1b12-40f0-9007-fad24e22cbc2 => generated 0 bytes in 350 msecs (HTTP/1.1 204) 3 headers in 131 bytes (1 switches on core 0) [pid: 8|app: 0|req: 757/1523] 10.0.0.121 () {32 vars in 724 bytes} [Thu Jul 16 11:13:54 2026] DELETE /v2.0/routers/e4ac60e0-f2c0-43f6-9b1d-1d9afdfceec5 => generated 0 bytes in 200 msecs (HTTP/1.1 204) 2 headers in 112 bytes (1 switches on core 0)
2026-07-16 11:13:55.199 8 INFO neutron_taas.services.taas.taas_plugin [None req-e3682e28-bd02-4d1d-9bbe-3feb4b84ba6d cd4dbcb1f1f64cf8b55a1e860d59bc09 d398fb5ee0e14e65a4a2a9470fc43f61 - - default default] TaaS: Handle Delete Port: 2709e38a-a9d8-4e1f-95c0-dbec88a70556
2026-07-16 11:13:55.201 8 INFO neutron_taas.services.taas.tap_mirror_plugin [None req-e3682e28-bd02-4d1d-9bbe-3feb4b84ba6d cd4dbcb1f1f64cf8b55a1e860d59bc09 d398fb5ee0e14e65a4a2a9470fc43f61 - - default default] Tap Mirror: Handle Delete Port: 2709e38a-a9d8-4e1f-95c0-dbec88a70556 [pid: 8|app: 0|req: 758/1524] 10.0.0.121 () {32 vars in 726 bytes} [Thu Jul 16 11:13:55 2026] DELETE /v2.0/networks/58693161-02c6-41cf-91cf-19944a13f711 => generated 0 bytes in 308 msecs (HTTP/1.1 204) 3 headers in 131 bytes (1 switches on core 0) [pid: 8|app: 0|req: 759/1525] 10.0.0.121 () {32 vars in 724 bytes} [Thu Jul 16 11:13:55 2026] DELETE /v2.0/subnets/684ff0c3-db90-4242-b4fd-f695650dcd4d => generated 0 bytes in 187 msecs (HTTP/1.1 204) 3 headers in 131 bytes (1 switches on core 0)
2026-07-16 11:13:55.589 7 INFO neutron.db.ovn_revision_numbers_db [None req-7cc76454-ed3f-4f07-b3a9-c5281d4dd337 - - - - - -] Successfully bumped revision number for resource 57afe30c-9a48-4c08-a652-77bc96a11afe (type: ports) to 3
2026-07-16 11:13:55.696 8 INFO neutron_taas.services.taas.taas_plugin [None req-0122a1ef-44f1-461e-b268-8b1ea72d6470 cd4dbcb1f1f64cf8b55a1e860d59bc09 d398fb5ee0e14e65a4a2a9470fc43f61 - - default default] TaaS: Handle Delete Port: cf17548a-bb03-4803-892e-b31fbf783d1e
2026-07-16 11:13:55.698 8 INFO neutron_taas.services.taas.tap_mirror_plugin [None req-0122a1ef-44f1-461e-b268-8b1ea72d6470 cd4dbcb1f1f64cf8b55a1e860d59bc09 d398fb5ee0e14e65a4a2a9470fc43f61 - - default default] Tap Mirror: Handle Delete Port: cf17548a-bb03-4803-892e-b31fbf783d1e
2026-07-16 11:13:55.821 7 WARNING neutron.scheduler.dhcp_agent_scheduler [None req-49bc2e64-bee3-478b-abe4-c732274427b7 8000e2dbe50e46cc9ff3d769c57a68aa e1797654776b42ff91f33405ab34b9dc - - default default] No more DHCP agents
2026-07-16 11:13:55.822 7 WARNING neutron.api.rpc.agentnotifiers.dhcp_rpc_agent_api [None req-49bc2e64-bee3-478b-abe4-c732274427b7 8000e2dbe50e46cc9ff3d769c57a68aa e1797654776b42ff91f33405ab34b9dc - - default default] Unable to schedule network 603ea7c5-2af2-4d88-b10c-d886f935af15: no agents available; will retry on subsequent port and subnet creation events. [pid: 8|app: 0|req: 760/1526] 10.0.0.121 () {32 vars in 726 bytes} [Thu Jul 16 11:13:55 2026] DELETE /v2.0/networks/5b889d70-39e8-4b6f-8c39-6b8d0406b4a8 => generated 0 bytes in 341 msecs (HTTP/1.1 204) 3 headers in 131 bytes (1 switches on core 0)
2026-07-16 11:13:56.049 8 INFO neutron_taas.services.taas.taas_plugin [None req-015806ea-e360-4bc9-94f1-9ec3ecdeae25 2bd80c8100d94191b1e1f83e75a6d04f 75fec0e9c6684341b286cbbccc475832 - - default default] TaaS: Handle Delete Port: 56ebb775-36d6-401b-9d5e-b7350673ea5c
2026-07-16 11:13:56.052 8 INFO neutron_taas.services.taas.tap_mirror_plugin [None req-015806ea-e360-4bc9-94f1-9ec3ecdeae25 2bd80c8100d94191b1e1f83e75a6d04f 75fec0e9c6684341b286cbbccc475832 - - default default] Tap Mirror: Handle Delete Port: 56ebb775-36d6-401b-9d5e-b7350673ea5c
2026-07-16 11:13:56.093 7 INFO neutron.db.ovn_revision_numbers_db [None req-49bc2e64-bee3-478b-abe4-c732274427b7 8000e2dbe50e46cc9ff3d769c57a68aa e1797654776b42ff91f33405ab34b9dc - - default default] Successfully bumped revision number for resource 57afe30c-9a48-4c08-a652-77bc96a11afe (type: router_ports) to 3 [pid: 7|app: 0|req: 767/1527] 10.0.0.121 () {34 vars in 783 bytes} [Thu Jul 16 11:13:54 2026] PUT /v2.0/routers/6d5b2d10-71da-414e-97a2-8fae4fdaae80/add_router_interface => generated 310 bytes in 1802 msecs (HTTP/1.1 200) 4 headers in 157 bytes (1 switches on core 0) /var/lib/openstack/lib/python3.12/site-packages/pycadf/identifier.py:70: UserWarning: Invalid uuid: neutron. To ensure interoperability, identifiers should be a valid uuid. warnings.warn(('Invalid uuid: %s. To ensure interoperability, ' [pid: 8|app: 0|req: 761/1528] 10.0.0.121 () {32 vars in 726 bytes} [Thu Jul 16 11:13:55 2026] DELETE /v2.0/networks/10a95724-f85f-4ea5-9c7f-2e9dc10dd060 => generated 0 bytes in 364 msecs (HTTP/1.1 204) 3 headers in 131 bytes (1 switches on core 0) [pid: 8|app: 0|req: 762/1529] 10.0.0.121 () {32 vars in 717 bytes} [Thu Jul 16 11:13:56 2026] GET /v2.0/ports/57afe30c-9a48-4c08-a652-77bc96a11afe => generated 1026 bytes in 37 msecs (HTTP/1.1 200) 4 headers in 158 bytes (1 switches on core 0)
2026-07-16 11:13:56.387 8 INFO neutron.db.segments_db [None req-96e90a43-783b-4fc1-bf77-e877f894c374 2bd80c8100d94191b1e1f83e75a6d04f 75fec0e9c6684341b286cbbccc475832 - - default default] Added segment 23947d55-c227-4bd3-930e-8b1dd16f1b72 of type geneve for network 10346ce0-b472-4091-b85e-7091aad0f75b
2026-07-16 11:13:56.397 7 INFO neutron_taas.services.taas.taas_plugin [None req-1b3f053f-cec2-49d2-8785-bbaee11cea4d 6bbb0080d3c044a79a7289c33a55c10a c3d5f08a203e43689a24d17fcbdcab34 - - default default] TaaS: Handle Delete Port: c72fbf86-730e-4270-8bc5-5923b8142be9
2026-07-16 11:13:56.401 7 INFO neutron_taas.services.taas.tap_mirror_plugin [None req-1b3f053f-cec2-49d2-8785-bbaee11cea4d 6bbb0080d3c044a79a7289c33a55c10a c3d5f08a203e43689a24d17fcbdcab34 - - default default] Tap Mirror: Handle Delete Port: c72fbf86-730e-4270-8bc5-5923b8142be9
2026-07-16 11:13:56.477 8 INFO neutron.services.segments.plugin [-] Segment 80f12ebc-e4f4-40ce-8d7a-f4d593a775f0 resource provider aggregate not found
2026-07-16 11:13:56.487 8 INFO neutron.services.segments.plugin [-] Segment 80f12ebc-e4f4-40ce-8d7a-f4d593a775f0 resource provider aggregate not found
2026-07-16 11:13:56.504 8 INFO neutron.services.segments.plugin [-] Client error retrieving segment 80f12ebc-e4f4-40ce-8d7a-f4d593a775f0 resource provider; error: Placement Client Error (4xx): {"errors": [{"status": 404, "title": "Not Found", "detail": "The resource could not be found.\n\n No resource provider with uuid 80f12ebc-e4f4-40ce-8d7a-f4d593a775f0 found for delete ", "request_id": "req-e63f676e-8092-42f3-bf92-8b5922d8bed2"}]}
2026-07-16 11:13:56.508 8 INFO neutron.services.segments.plugin [-] Client error retrieving segment 80f12ebc-e4f4-40ce-8d7a-f4d593a775f0 resource provider; error: Placement Client Error (4xx): {"errors": [{"status": 404, "title": "Not Found", "detail": "The resource could not be found.\n\n No resource provider with uuid 80f12ebc-e4f4-40ce-8d7a-f4d593a775f0 found for delete ", "request_id": "req-27b55c5c-64d2-4790-a2df-1d9c95a21a8d"}]}
2026-07-16 11:13:56.522 8 INFO neutron.db.ovn_revision_numbers_db [None req-96e90a43-783b-4fc1-bf77-e877f894c374 2bd80c8100d94191b1e1f83e75a6d04f 75fec0e9c6684341b286cbbccc475832 - - default default] Successfully bumped revision number for resource 10346ce0-b472-4091-b85e-7091aad0f75b (type: networks) to 1
2026-07-16 11:13:56.528 8 INFO neutron.services.segments.plugin [-] Segment e5e50b06-a3a9-4888-b1a3-29ee7ab216b7 resource provider aggregate not found
2026-07-16 11:13:56.531 8 INFO neutron.services.segments.plugin [-] Segment e5e50b06-a3a9-4888-b1a3-29ee7ab216b7 resource provider aggregate not found
2026-07-16 11:13:56.555 8 INFO neutron.services.segments.plugin [-] Client error retrieving segment e5e50b06-a3a9-4888-b1a3-29ee7ab216b7 resource provider; error: Placement Client Error (4xx): {"errors": [{"status": 404, "title": "Not Found", "detail": "The resource could not be found.\n\n No resource provider with uuid e5e50b06-a3a9-4888-b1a3-29ee7ab216b7 found for delete ", "request_id": "req-b19fd01c-9d45-4665-b7b7-ac3b10632a76"}]}
2026-07-16 11:13:56.560 8 INFO neutron.services.segments.plugin [-] Client error retrieving segment e5e50b06-a3a9-4888-b1a3-29ee7ab216b7 resource provider; error: Placement Client Error (4xx): {"errors": [{"status": 404, "title": "Not Found", "detail": "The resource could not be found.\n\n No resource provider with uuid e5e50b06-a3a9-4888-b1a3-29ee7ab216b7 found for delete ", "request_id": "req-6cadb2fd-c55d-4abc-a07a-fae6b4d73099"}]}
2026-07-16 11:13:56.578 8 INFO neutron.services.segments.plugin [-] Segment cd9185ce-cd4c-447b-be6c-948b2e262f60 resource provider aggregate not found
2026-07-16 11:13:56.587 8 INFO neutron.services.segments.plugin [-] Segment cd9185ce-cd4c-447b-be6c-948b2e262f60 resource provider aggregate not found
2026-07-16 11:13:56.611 8 INFO neutron.services.segments.plugin [-] Client error retrieving segment cd9185ce-cd4c-447b-be6c-948b2e262f60 resource provider; error: Placement Client Error (4xx): {"errors": [{"status": 404, "title": "Not Found", "detail": "The resource could not be found.\n\n No resource provider with uuid cd9185ce-cd4c-447b-be6c-948b2e262f60 found for delete ", "request_id": "req-8d788092-a0cb-4229-beab-da300d480370"}]}
2026-07-16 11:13:56.616 8 INFO neutron.services.segments.plugin [-] Client error retrieving segment cd9185ce-cd4c-447b-be6c-948b2e262f60 resource provider; error: Placement Client Error (4xx): {"errors": [{"status": 404, "title": "Not Found", "detail": "The resource could not be found.\n\n No resource provider with uuid cd9185ce-cd4c-447b-be6c-948b2e262f60 found for delete ", "request_id": "req-2d37b71f-ebea-4ba1-85b0-0d7a7b2bddff"}]}
2026-07-16 11:13:56.639 8 INFO neutron.services.segments.plugin [-] Segment ee7bfb29-2930-421a-9356-d1bfbd45fbec resource provider aggregate not found
2026-07-16 11:13:56.647 8 INFO neutron.services.segments.plugin [-] Segment ee7bfb29-2930-421a-9356-d1bfbd45fbec resource provider aggregate not found
2026-07-16 11:13:56.665 8 INFO neutron.services.segments.plugin [-] Client error retrieving segment ee7bfb29-2930-421a-9356-d1bfbd45fbec resource provider; error: Placement Client Error (4xx): {"errors": [{"status": 404, "title": "Not Found", "detail": "The resource could not be found.\n\n No resource provider with uuid ee7bfb29-2930-421a-9356-d1bfbd45fbec found for delete ", "request_id": "req-838409bd-bf56-48f2-93bb-14937bc6bab3"}]}
2026-07-16 11:13:56.673 8 INFO neutron.services.segments.plugin [-] Client error retrieving segment ee7bfb29-2930-421a-9356-d1bfbd45fbec resource provider; error: Placement Client Error (4xx): {"errors": [{"status": 404, "title": "Not Found", "detail": "The resource could not be found.\n\n No resource provider with uuid ee7bfb29-2930-421a-9356-d1bfbd45fbec found for delete ", "request_id": "req-326a3716-3da9-4e80-8bc0-001edc48a80e"}]}
2026-07-16 11:13:56.788 8 WARNING neutron.scheduler.dhcp_agent_scheduler [None req-96e90a43-783b-4fc1-bf77-e877f894c374 2bd80c8100d94191b1e1f83e75a6d04f 75fec0e9c6684341b286cbbccc475832 - - default default] No more DHCP agents
2026-07-16 11:13:56.790 8 WARNING neutron.api.rpc.agentnotifiers.dhcp_rpc_agent_api [None req-96e90a43-783b-4fc1-bf77-e877f894c374 2bd80c8100d94191b1e1f83e75a6d04f 75fec0e9c6684341b286cbbccc475832 - - default default] Unable to schedule network 10346ce0-b472-4091-b85e-7091aad0f75b: no agents available; will retry on subsequent port and subnet creation events.
2026-07-16 11:13:56.834 8 INFO neutron.plugins.ml2.drivers.ovn.mech_driver.mech_driver [None req-62e2ca42-bfc1-40c3-8611-d6e62dc7c72e - - - - - -] OVN reports status down for port: d248e204-be58-4e23-9407-44fa8fdf9a14
2026-07-16 11:13:56.888 8 INFO neutron.db.ovn_revision_numbers_db [None req-96e90a43-783b-4fc1-bf77-e877f894c374 2bd80c8100d94191b1e1f83e75a6d04f 75fec0e9c6684341b286cbbccc475832 - - default default] Successfully bumped revision number for resource d248e204-be58-4e23-9407-44fa8fdf9a14 (type: ports) to 1 [pid: 8|app: 0|req: 763/1530] 10.0.0.121 () {34 vars in 670 bytes} [Thu Jul 16 11:13:56 2026] POST /v2.0/networks => generated 667 bytes in 623 msecs (HTTP/1.1 201) 4 headers in 162 bytes (1 switches on core 0) [pid: 7|app: 0|req: 768/1531] 10.0.0.121 () {34 vars in 789 bytes} [Thu Jul 16 11:13:56 2026] PUT /v2.0/routers/34583a87-63ff-4497-8886-d6ee98069b22/remove_router_interface => generated 310 bytes in 915 msecs (HTTP/1.1 200) 4 headers in 157 bytes (1 switches on core 0) /var/lib/openstack/lib/python3.12/site-packages/pycadf/identifier.py:70: UserWarning: Invalid uuid: neutron. To ensure interoperability, identifiers should be a valid uuid. warnings.warn(('Invalid uuid: %s. To ensure interoperability, '
2026-07-16 11:13:57.134 7 WARNING neutron.db.securitygroups_db [None req-9cf2ed15-9e4e-428d-ac4e-74398ec2bbed 6bbb0080d3c044a79a7289c33a55c10a c3d5f08a203e43689a24d17fcbdcab34 - - default default] project_id key not found in filters, using tenant_id instead. This support has been deprecated and will be removed in a future release. [pid: 7|app: 0|req: 769/1532] 10.0.0.121 () {32 vars in 774 bytes} [Thu Jul 16 11:13:57 2026] GET /v2.0/security-groups?tenant_id=d398fb5ee0e14e65a4a2a9470fc43f61&name=default => generated 2925 bytes in 147 msecs (HTTP/1.1 200) 4 headers in 158 bytes (1 switches on core 0)
2026-07-16 11:13:57.221 8 INFO neutron_taas.services.taas.taas_plugin [None req-5f65fd91-c6fb-4242-84a4-7b2860cb32c9 8000e2dbe50e46cc9ff3d769c57a68aa e1797654776b42ff91f33405ab34b9dc - - default default] TaaS: Handle Delete Port: 57afe30c-9a48-4c08-a652-77bc96a11afe
2026-07-16 11:13:57.225 8 INFO neutron_taas.services.taas.tap_mirror_plugin [None req-5f65fd91-c6fb-4242-84a4-7b2860cb32c9 8000e2dbe50e46cc9ff3d769c57a68aa e1797654776b42ff91f33405ab34b9dc - - default default] Tap Mirror: Handle Delete Port: 57afe30c-9a48-4c08-a652-77bc96a11afe
2026-07-16 11:13:57.334 7 WARNING neutron.scheduler.dhcp_agent_scheduler [None req-5d2ff689-3d2f-4e52-bc13-d4c88b93e2eb 2bd80c8100d94191b1e1f83e75a6d04f 75fec0e9c6684341b286cbbccc475832 - - default default] No more DHCP agents
2026-07-16 11:13:57.335 7 WARNING neutron.api.rpc.agentnotifiers.dhcp_rpc_agent_api [None req-5d2ff689-3d2f-4e52-bc13-d4c88b93e2eb 2bd80c8100d94191b1e1f83e75a6d04f 75fec0e9c6684341b286cbbccc475832 - - default default] Unable to schedule network 10346ce0-b472-4091-b85e-7091aad0f75b: no agents available; will retry on subsequent port and subnet creation events. [pid: 8|app: 0|req: 764/1535] 10.0.0.121 () {34 vars in 789 bytes} [Thu Jul 16 11:13:56 2026] PUT /v2.0/routers/6d5b2d10-71da-414e-97a2-8fae4fdaae80/remove_router_interface => generated 310 bytes in 595 msecs (HTTP/1.1 200) 4 headers in 157 bytes (1 switches on core 0) /var/lib/openstack/lib/python3.12/site-packages/pycadf/identifier.py:70: UserWarning: Invalid uuid: neutron. To ensure interoperability, identifiers should be a valid uuid. warnings.warn(('Invalid uuid: %s. To ensure interoperability, '
2026-07-16 11:13:57.821 7 INFO neutron.db.ovn_revision_numbers_db [None req-5d2ff689-3d2f-4e52-bc13-d4c88b93e2eb 2bd80c8100d94191b1e1f83e75a6d04f 75fec0e9c6684341b286cbbccc475832 - - default default] Successfully bumped revision number for resource d248e204-be58-4e23-9407-44fa8fdf9a14 (type: ports) to 2
2026-07-16 11:13:57.857 7 INFO neutron.db.ovn_revision_numbers_db [None req-5d2ff689-3d2f-4e52-bc13-d4c88b93e2eb 2bd80c8100d94191b1e1f83e75a6d04f 75fec0e9c6684341b286cbbccc475832 - - default default] Successfully bumped revision number for resource 7e95cd7d-f855-4836-afdd-aad8205b3d2f (type: subnets) to 0 [pid: 7|app: 0|req: 772/1536] 10.0.0.121 () {34 vars in 669 bytes} [Thu Jul 16 11:13:57 2026] POST /v2.0/subnets => generated 626 bytes in 709 msecs (HTTP/1.1 201) 4 headers in 162 bytes (1 switches on core 0)
2026-07-16 11:13:57.918 8 INFO neutron_taas.services.taas.taas_plugin [None req-5db277ce-e16b-4c20-9e88-cd119468e966 6bbb0080d3c044a79a7289c33a55c10a c3d5f08a203e43689a24d17fcbdcab34 - - default default] TaaS: Handle Delete Port: 9c15082b-2d44-4cfe-b112-bbfc2b93d163
2026-07-16 11:13:57.921 8 INFO neutron_taas.services.taas.tap_mirror_plugin [None req-5db277ce-e16b-4c20-9e88-cd119468e966 6bbb0080d3c044a79a7289c33a55c10a c3d5f08a203e43689a24d17fcbdcab34 - - default default] Tap Mirror: Handle Delete Port: 9c15082b-2d44-4cfe-b112-bbfc2b93d163 [pid: 7|app: 0|req: 773/1537] 10.0.0.121 () {32 vars in 740 bytes} [Thu Jul 16 11:13:57 2026] DELETE /v2.0/security-groups/1363b9f6-a4ac-4677-984c-259643931239 => generated 0 bytes in 196 msecs (HTTP/1.1 204) 2 headers in 112 bytes (1 switches on core 0)
2026-07-16 11:13:58.154 7 INFO neutron.api.v2.resource [None req-f8b4769d-bfb7-4440-a66b-a67cbd2dbcf0 8000e2dbe50e46cc9ff3d769c57a68aa e1797654776b42ff91f33405ab34b9dc - - default default] remove_router_interface failed (client error): The resource could not be found. [pid: 7|app: 0|req: 774/1538] 10.0.0.121 () {34 vars in 789 bytes} [Thu Jul 16 11:13:58 2026] PUT /v2.0/routers/6d5b2d10-71da-414e-97a2-8fae4fdaae80/remove_router_interface => generated 197 bytes in 88 msecs (HTTP/1.1 404) 4 headers in 164 bytes (1 switches on core 0)
2026-07-16 11:13:58.289 7 INFO neutron.db.ovn_revision_numbers_db [None req-84c66599-58b9-44ca-8190-db2f5537b18c 2bd80c8100d94191b1e1f83e75a6d04f 75fec0e9c6684341b286cbbccc475832 - - default default] Successfully bumped revision number for resource 7ccb34d6-1b49-4289-82c0-783f09d72e70 (type: routers) to 1 [pid: 7|app: 0|req: 775/1539] 10.0.0.121 () {34 vars in 669 bytes} [Thu Jul 16 11:13:58 2026] POST /v2.0/routers => generated 624 bytes in 147 msecs (HTTP/1.1 201) 4 headers in 162 bytes (1 switches on core 0) [pid: 7|app: 0|req: 776/1540] 10.0.0.121 () {32 vars in 736 bytes} [Thu Jul 16 11:13:58 2026] GET /v2.0/ports?device_id=6d5b2d10-71da-414e-97a2-8fae4fdaae80 => generated 12 bytes in 19 msecs (HTTP/1.1 200) 4 headers in 156 bytes (1 switches on core 0) [pid: 8|app: 0|req: 765/1541] 10.0.0.121 () {32 vars in 724 bytes} [Thu Jul 16 11:13:57 2026] DELETE /v2.0/routers/34583a87-63ff-4497-8886-d6ee98069b22 => generated 0 bytes in 897 msecs (HTTP/1.1 204) 2 headers in 112 bytes (1 switches on core 0) [pid: 8|app: 0|req: 766/1542] 10.0.0.121 () {32 vars in 724 bytes} [Thu Jul 16 11:13:58 2026] DELETE /v2.0/routers/6d5b2d10-71da-414e-97a2-8fae4fdaae80 => generated 0 bytes in 154 msecs (HTTP/1.1 204) 2 headers in 112 bytes (1 switches on core 0)
2026-07-16 11:13:58.718 7 WARNING neutron.scheduler.dhcp_agent_scheduler [None req-6590332c-2f70-4c7b-b24b-c02c536d5a6f 2bd80c8100d94191b1e1f83e75a6d04f 75fec0e9c6684341b286cbbccc475832 - - default default] No more DHCP agents
2026-07-16 11:13:58.719 7 WARNING neutron.api.rpc.agentnotifiers.dhcp_rpc_agent_api [None req-6590332c-2f70-4c7b-b24b-c02c536d5a6f 2bd80c8100d94191b1e1f83e75a6d04f 75fec0e9c6684341b286cbbccc475832 - - default default] Unable to schedule network 10346ce0-b472-4091-b85e-7091aad0f75b: no agents available; will retry on subsequent port and subnet creation events. [pid: 8|app: 0|req: 767/1543] 10.0.0.121 () {32 vars in 724 bytes} [Thu Jul 16 11:13:58 2026] DELETE /v2.0/subnets/6502a35e-e0c3-413c-b81f-328785cacb08 => generated 0 bytes in 169 msecs (HTTP/1.1 204) 3 headers in 131 bytes (1 switches on core 0)
2026-07-16 11:13:58.893 7 INFO neutron.db.ovn_revision_numbers_db [None req-6590332c-2f70-4c7b-b24b-c02c536d5a6f 2bd80c8100d94191b1e1f83e75a6d04f 75fec0e9c6684341b286cbbccc475832 - - default default] Successfully bumped revision number for resource eb06ac96-bda8-4476-a60c-25edd3499a33 (type: ports) to 1 [pid: 8|app: 0|req: 768/1544] 10.0.0.121 () {32 vars in 724 bytes} [Thu Jul 16 11:13:58 2026] DELETE /v2.0/subnets/5821f8c2-2cfd-404f-ad55-03d8b45fc462 => generated 0 bytes in 154 msecs (HTTP/1.1 204) 3 headers in 131 bytes (1 switches on core 0)
2026-07-16 11:13:59.007 8 INFO neutron_taas.services.taas.taas_plugin [None req-d22766b4-7d8d-4da3-abe4-3800dabb2ea8 6bbb0080d3c044a79a7289c33a55c10a c3d5f08a203e43689a24d17fcbdcab34 - - default default] TaaS: Handle Delete Port: 44e55c8b-ded8-4d8b-8818-857fc88b154f
2026-07-16 11:13:59.010 8 INFO neutron_taas.services.taas.tap_mirror_plugin [None req-d22766b4-7d8d-4da3-abe4-3800dabb2ea8 6bbb0080d3c044a79a7289c33a55c10a c3d5f08a203e43689a24d17fcbdcab34 - - default default] Tap Mirror: Handle Delete Port: 44e55c8b-ded8-4d8b-8818-857fc88b154f
2026-07-16 11:13:59.222 8 INFO neutron.services.segments.plugin [-] Segment a7b3695c-3179-4a0a-b3ac-04845dd4548f resource provider aggregate not found
2026-07-16 11:13:59.225 8 INFO neutron.services.segments.plugin [-] Segment a7b3695c-3179-4a0a-b3ac-04845dd4548f resource provider aggregate not found
2026-07-16 11:13:59.242 8 INFO neutron.services.segments.plugin [-] Client error retrieving segment a7b3695c-3179-4a0a-b3ac-04845dd4548f resource provider; error: Placement Client Error (4xx): {"errors": [{"status": 404, "title": "Not Found", "detail": "The resource could not be found.\n\n No resource provider with uuid a7b3695c-3179-4a0a-b3ac-04845dd4548f found for delete ", "request_id": "req-42af4d81-1e2f-452d-a6db-cb591eb2c6b1"}]}
2026-07-16 11:13:59.245 8 INFO neutron.services.segments.plugin [-] Client error retrieving segment a7b3695c-3179-4a0a-b3ac-04845dd4548f resource provider; error: Placement Client Error (4xx): {"errors": [{"status": 404, "title": "Not Found", "detail": "The resource could not be found.\n\n No resource provider with uuid a7b3695c-3179-4a0a-b3ac-04845dd4548f found for delete ", "request_id": "req-63f7bf57-84a8-450b-8c61-df3edbe3df21"}]} [pid: 8|app: 0|req: 769/1545] 10.0.0.121 () {32 vars in 726 bytes} [Thu Jul 16 11:13:58 2026] DELETE /v2.0/networks/17458a15-fb45-4f13-a534-4e30fe1a8036 => generated 0 bytes in 384 msecs (HTTP/1.1 204) 3 headers in 131 bytes (1 switches on core 0)
2026-07-16 11:13:59.414 8 INFO neutron_taas.services.taas.taas_plugin [None req-06b4934f-2478-4a4e-b681-38c8d3e6418a 8000e2dbe50e46cc9ff3d769c57a68aa e1797654776b42ff91f33405ab34b9dc - - default default] TaaS: Handle Delete Port: 6aee8c37-1976-4fee-8c33-c42aabe1a4ac
2026-07-16 11:13:59.417 8 INFO neutron_taas.services.taas.tap_mirror_plugin [None req-06b4934f-2478-4a4e-b681-38c8d3e6418a 8000e2dbe50e46cc9ff3d769c57a68aa e1797654776b42ff91f33405ab34b9dc - - default default] Tap Mirror: Handle Delete Port: 6aee8c37-1976-4fee-8c33-c42aabe1a4ac
2026-07-16 11:13:59.541 7 WARNING neutron.scheduler.dhcp_agent_scheduler [None req-6590332c-2f70-4c7b-b24b-c02c536d5a6f 2bd80c8100d94191b1e1f83e75a6d04f 75fec0e9c6684341b286cbbccc475832 - - default default] No more DHCP agents
2026-07-16 11:13:59.543 7 WARNING neutron.api.rpc.agentnotifiers.dhcp_rpc_agent_api [None req-6590332c-2f70-4c7b-b24b-c02c536d5a6f 2bd80c8100d94191b1e1f83e75a6d04f 75fec0e9c6684341b286cbbccc475832 - - default default] Unable to schedule network 10346ce0-b472-4091-b85e-7091aad0f75b: no agents available; will retry on subsequent port and subnet creation events. [pid: 8|app: 0|req: 770/1546] 10.0.0.121 () {32 vars in 726 bytes} [Thu Jul 16 11:13:59 2026] DELETE /v2.0/networks/603ea7c5-2af2-4d88-b10c-d886f935af15 => generated 0 bytes in 369 msecs (HTTP/1.1 204) 3 headers in 131 bytes (1 switches on core 0)
2026-07-16 11:13:59.659 8 WARNING neutron.db.securitygroups_db [None req-f22c0cf2-b822-4a16-9044-956be105e45a 6bbb0080d3c044a79a7289c33a55c10a c3d5f08a203e43689a24d17fcbdcab34 - - default default] project_id key not found in filters, using tenant_id instead. This support has been deprecated and will be removed in a future release. [pid: 8|app: 0|req: 771/1547] 10.0.0.121 () {32 vars in 774 bytes} [Thu Jul 16 11:13:59 2026] GET /v2.0/security-groups?tenant_id=6d33a9f5925a4a0c94d088ca7c82ade3&name=default => generated 2925 bytes in 27 msecs (HTTP/1.1 200) 4 headers in 158 bytes (1 switches on core 0)
2026-07-16 11:13:59.784 8 INFO neutron.db.segments_db [None req-38ed3b49-576c-4f8c-8614-1d5b8c750a84 8000e2dbe50e46cc9ff3d769c57a68aa e1797654776b42ff91f33405ab34b9dc - - default default] Added segment 1a34b80d-d65e-4bb8-93c8-a184e73c542f of type geneve for network a4251f61-8060-433d-a447-d1ec7b5a3ff5
2026-07-16 11:13:59.812 7 INFO neutron.db.ovn_revision_numbers_db [None req-6590332c-2f70-4c7b-b24b-c02c536d5a6f 2bd80c8100d94191b1e1f83e75a6d04f 75fec0e9c6684341b286cbbccc475832 - - default default] Successfully bumped revision number for resource eb06ac96-bda8-4476-a60c-25edd3499a33 (type: router_ports) to 1 [pid: 7|app: 0|req: 777/1548] 10.0.0.121 () {34 vars in 783 bytes} [Thu Jul 16 11:13:58 2026] PUT /v2.0/routers/7ccb34d6-1b49-4289-82c0-783f09d72e70/add_router_interface => generated 310 bytes in 1492 msecs (HTTP/1.1 200) 4 headers in 157 bytes (1 switches on core 0)
2026-07-16 11:13:59.907 8 INFO neutron.db.ovn_revision_numbers_db [None req-38ed3b49-576c-4f8c-8614-1d5b8c750a84 8000e2dbe50e46cc9ff3d769c57a68aa e1797654776b42ff91f33405ab34b9dc - - default default] Successfully bumped revision number for resource a4251f61-8060-433d-a447-d1ec7b5a3ff5 (type: networks) to 1 [pid: 7|app: 0|req: 778/1549] 10.0.0.121 () {32 vars in 740 bytes} [Thu Jul 16 11:13:59 2026] DELETE /v2.0/security-groups/aa95eaa4-ab79-4a6c-8868-0cc44e4de328 => generated 0 bytes in 190 msecs (HTTP/1.1 204) 2 headers in 112 bytes (1 switches on core 0) [pid: 7|app: 0|req: 779/1550] 10.0.0.121 () {32 vars in 717 bytes} [Thu Jul 16 11:14:00 2026] GET /v2.0/ports/eb06ac96-bda8-4476-a60c-25edd3499a33 => generated 941 bytes in 51 msecs (HTTP/1.1 200) 4 headers in 157 bytes (1 switches on core 0)
2026-07-16 11:14:00.129 8 WARNING neutron.scheduler.dhcp_agent_scheduler [None req-38ed3b49-576c-4f8c-8614-1d5b8c750a84 8000e2dbe50e46cc9ff3d769c57a68aa e1797654776b42ff91f33405ab34b9dc - - default default] No more DHCP agents
2026-07-16 11:14:00.130 8 WARNING neutron.api.rpc.agentnotifiers.dhcp_rpc_agent_api [None req-38ed3b49-576c-4f8c-8614-1d5b8c750a84 8000e2dbe50e46cc9ff3d769c57a68aa e1797654776b42ff91f33405ab34b9dc - - default default] Unable to schedule network a4251f61-8060-433d-a447-d1ec7b5a3ff5: no agents available; will retry on subsequent port and subnet creation events.
2026-07-16 11:14:00.192 8 INFO neutron.plugins.ml2.drivers.ovn.mech_driver.mech_driver [None req-62e2ca42-bfc1-40c3-8611-d6e62dc7c72e - - - - - -] OVN reports status down for port: 48bc9f90-4702-4652-8211-28e2613f5403
2026-07-16 11:14:00.260 8 INFO neutron.db.ovn_revision_numbers_db [None req-38ed3b49-576c-4f8c-8614-1d5b8c750a84 8000e2dbe50e46cc9ff3d769c57a68aa e1797654776b42ff91f33405ab34b9dc - - default default] Successfully bumped revision number for resource 48bc9f90-4702-4652-8211-28e2613f5403 (type: ports) to 1 [pid: 8|app: 0|req: 772/1551] 10.0.0.121 () {34 vars in 670 bytes} [Thu Jul 16 11:13:59 2026] POST /v2.0/networks => generated 671 bytes in 623 msecs (HTTP/1.1 201) 4 headers in 162 bytes (1 switches on core 0) [pid: 8|app: 0|req: 773/1552] 10.0.0.121 () {32 vars in 717 bytes} [Thu Jul 16 11:14:00 2026] GET /v2.0/ports/eb06ac96-bda8-4476-a60c-25edd3499a33 => generated 941 bytes in 84 msecs (HTTP/1.1 200) 4 headers in 157 bytes (1 switches on core 0)
2026-07-16 11:14:00.444 7 INFO neutron.db.ovn_revision_numbers_db [None req-48f194ea-272a-42a1-9951-2c48c46cee5e 671c6bb6a0d542a4ac7cea4581ec62a2 b74aecb6ba7d41529657956d04a070d6 - - default default] Successfully bumped revision number for resource f5b0f943-1f71-4b69-afbc-b7f455f842a2 (type: security_groups) to 1
2026-07-16 11:14:00.455 7 INFO neutron.db.ovn_revision_numbers_db [None req-48f194ea-272a-42a1-9951-2c48c46cee5e 671c6bb6a0d542a4ac7cea4581ec62a2 b74aecb6ba7d41529657956d04a070d6 - - default default] Successfully bumped revision number for resource 02fd4b9c-29f2-4b6a-98ea-a6a50474f009 (type: security_group_rules) to 0
2026-07-16 11:14:00.466 7 INFO neutron.db.ovn_revision_numbers_db [None req-48f194ea-272a-42a1-9951-2c48c46cee5e 671c6bb6a0d542a4ac7cea4581ec62a2 b74aecb6ba7d41529657956d04a070d6 - - default default] Successfully bumped revision number for resource 44112905-ceb6-4f1a-8af6-53fa2ee5d82b (type: security_group_rules) to 0
2026-07-16 11:14:00.477 7 INFO neutron.db.ovn_revision_numbers_db [None req-48f194ea-272a-42a1-9951-2c48c46cee5e 671c6bb6a0d542a4ac7cea4581ec62a2 b74aecb6ba7d41529657956d04a070d6 - - default default] Successfully bumped revision number for resource 85427db0-bae8-4a38-9855-265d6d9cf77d (type: security_group_rules) to 0
