Apr 23 17:14:41.384828 np0000169841 devstack@neutron-api.service[104499]: INFO neutron.manager [None req-7a03cdfc-f1d8-40d1-a3ef-d31979154c88 None None] Loading Plugin: network_ip_availability
Apr 23 17:14:41.384873 np0000169841 devstack@neutron-api.service[104502]: DEBUG neutron.api.extensions [None req-8bf6e3f3-6076-422d-8ae2-32f3b7edd920 None None] Loading extension file: netmtu_writable.py {{(pid=104502) _load_all_extensions_from_path /opt/stack/neutron/neutron/api/extensions.py:449}}
Apr 23 17:14:41.385198 np0000169841 devstack@neutron-api.service[104502]: DEBUG neutron.api.extensions [None req-8bf6e3f3-6076-422d-8ae2-32f3b7edd920 None None] Ext name="Network MTU (writable)" alias="net-mtu-writable" description="Provides a writable MTU attribute for a network resource." updated="2017-07-12T00:00:00-00:00" {{(pid=104502) _check_extension /opt/stack/neutron/neutron/api/extensions.py:415}}
Apr 23 17:14:41.385368 np0000169841 devstack@neutron-api.service[104502]: INFO neutron.api.extensions [None req-8bf6e3f3-6076-422d-8ae2-32f3b7edd920 None None] Loaded extension: net-mtu-writable
Apr 23 17:14:41.385452 np0000169841 devstack@neutron-api.service[104502]: DEBUG neutron.api.extensions [None req-8bf6e3f3-6076-422d-8ae2-32f3b7edd920 None None] Loading extension file: network_availability_zone.py {{(pid=104502) _load_all_extensions_from_path /opt/stack/neutron/neutron/api/extensions.py:449}}
Apr 23 17:14:41.385718 np0000169841 devstack@neutron-api.service[104502]: DEBUG neutron.api.extensions [None req-8bf6e3f3-6076-422d-8ae2-32f3b7edd920 None None] Ext name="Network Availability Zone" alias="network_availability_zone" description="Availability zone support for network." updated="2015-01-01T10:00:00-00:00" {{(pid=104502) _check_extension /opt/stack/neutron/neutron/api/extensions.py:415}}
Apr 23 17:14:41.385923 np0000169841 devstack@neutron-api.service[104502]: INFO neutron.api.extensions [None req-8bf6e3f3-6076-422d-8ae2-32f3b7edd920 None None] Loaded extension: network_availability_zone
Apr 23 17:14:41.386011 np0000169841 devstack@neutron-api.service[104502]: DEBUG neutron.api.extensions [None req-8bf6e3f3-6076-422d-8ae2-32f3b7edd920 None None] Loading extension file: network_ha.py {{(pid=104502) _load_all_extensions_from_path /opt/stack/neutron/neutron/api/extensions.py:449}}
Apr 23 17:14:41.386258 np0000169841 devstack@neutron-api.service[104502]: DEBUG neutron.api.extensions [None req-8bf6e3f3-6076-422d-8ae2-32f3b7edd920 None None] Ext name="Network HA creation flag" alias="network_ha" description="Network high availability creation flag." updated="2023-04-27T10:00:00-00:00" {{(pid=104502) _check_extension /opt/stack/neutron/neutron/api/extensions.py:415}}
Apr 23 17:14:41.386328 np0000169841 devstack@neutron-api.service[104499]: DEBUG neutron.manager [None req-7a03cdfc-f1d8-40d1-a3ef-d31979154c88 None None] Successfully loaded network-ip-availability plugin. Description: Provides IP availability data for each network and subnet. {{(pid=104499) _create_and_add_service_plugin /opt/stack/neutron/neutron/manager.py:239}}
Apr 23 17:14:41.386376 np0000169841 devstack@neutron-api.service[104499]: INFO neutron.manager [None req-7a03cdfc-f1d8-40d1-a3ef-d31979154c88 None None] Loading Plugin: flavors
Apr 23 17:14:41.386416 np0000169841 devstack@neutron-api.service[104502]: INFO neutron.api.extensions [None req-8bf6e3f3-6076-422d-8ae2-32f3b7edd920 None None] Extension network_ha not supported by any of loaded plugins
Apr 23 17:14:41.386507 np0000169841 devstack@neutron-api.service[104502]: DEBUG neutron.api.extensions [None req-8bf6e3f3-6076-422d-8ae2-32f3b7edd920 None None] Loading extension file: network_ip_availability.py {{(pid=104502) _load_all_extensions_from_path /opt/stack/neutron/neutron/api/extensions.py:449}}
Apr 23 17:14:41.386768 np0000169841 devstack@neutron-api.service[104502]: DEBUG neutron.api.extensions [None req-8bf6e3f3-6076-422d-8ae2-32f3b7edd920 None None] Ext name="Network IP Availability" alias="network-ip-availability" description="Provides IP availability data for each network and subnet." updated="2015-09-24T00:00:00-00:00" {{(pid=104502) _check_extension /opt/stack/neutron/neutron/api/extensions.py:415}}
Apr 23 17:14:41.386955 np0000169841 devstack@neutron-api.service[104502]: INFO neutron.api.extensions [None req-8bf6e3f3-6076-422d-8ae2-32f3b7edd920 None None] Loaded extension: network-ip-availability
Apr 23 17:14:41.387064 np0000169841 devstack@neutron-api.service[104502]: DEBUG neutron.api.extensions [None req-8bf6e3f3-6076-422d-8ae2-32f3b7edd920 None None] Loading extension file: network_ip_availability_details.py {{(pid=104502) _load_all_extensions_from_path /opt/stack/neutron/neutron/api/extensions.py:449}}
Apr 23 17:14:41.387296 np0000169841 devstack@neutron-api.service[104499]: DEBUG neutron.manager [None req-7a03cdfc-f1d8-40d1-a3ef-d31979154c88 None None] Successfully loaded FLAVORS plugin. Description: Neutron Flavors and Service Profiles manager plugin {{(pid=104499) _create_and_add_service_plugin /opt/stack/neutron/neutron/manager.py:239}}
Apr 23 17:14:41.387362 np0000169841 devstack@neutron-api.service[104502]: DEBUG neutron.api.extensions [None req-8bf6e3f3-6076-422d-8ae2-32f3b7edd920 None None] Ext name="Network IP Availability Details Extension" alias="network-ip-availability-details" description="Add ip_availability_details attribute to network-ip-availabilities resource." updated="2025-10-31T00:00:00-00:00" {{(pid=104502) _check_extension /opt/stack/neutron/neutron/api/extensions.py:415}}
Apr 23 17:14:41.387406 np0000169841 devstack@neutron-api.service[104499]: INFO neutron.manager [None req-7a03cdfc-f1d8-40d1-a3ef-d31979154c88 None None] Loading Plugin: revisions
Apr 23 17:14:41.387482 np0000169841 devstack@neutron-api.service[104502]: INFO neutron.api.extensions [None req-8bf6e3f3-6076-422d-8ae2-32f3b7edd920 None None] Loaded extension: network-ip-availability-details
Apr 23 17:14:41.387598 np0000169841 devstack@neutron-api.service[104502]: DEBUG neutron.api.extensions [None req-8bf6e3f3-6076-422d-8ae2-32f3b7edd920 None None] Loading extension file: network_segment_range.py {{(pid=104502) _load_all_extensions_from_path /opt/stack/neutron/neutron/api/extensions.py:449}}
Apr 23 17:14:41.387948 np0000169841 devstack@neutron-api.service[104502]: DEBUG neutron.api.extensions [None req-8bf6e3f3-6076-422d-8ae2-32f3b7edd920 None None] Ext name="Neutron Network Segment Range" alias="network-segment-range" description="Provides support for the network segment range management" updated="2018-11-29T00:00:00-00:00" {{(pid=104502) _check_extension /opt/stack/neutron/neutron/api/extensions.py:415}}
Apr 23 17:14:41.388117 np0000169841 devstack@neutron-api.service[104502]: INFO neutron.api.extensions [None req-8bf6e3f3-6076-422d-8ae2-32f3b7edd920 None None] Extension network-segment-range not supported by any of loaded plugins
Apr 23 17:14:41.388217 np0000169841 devstack@neutron-api.service[104502]: DEBUG neutron.api.extensions [None req-8bf6e3f3-6076-422d-8ae2-32f3b7edd920 None None] Loading extension file: pagination.py {{(pid=104502) _load_all_extensions_from_path /opt/stack/neutron/neutron/api/extensions.py:449}}
Apr 23 17:14:41.388274 np0000169841 devstack@neutron-api.service[104500]: DEBUG neutron_lib.callbacks.manager [None req-d3d3b656-0165-473f-a42b-603eb6d6e3ac None None] Subscribe: > router before_delete 55550000, False {{(pid=104500) subscribe /opt/stack/data/venv/lib/python3.12/site-packages/neutron_lib/callbacks/manager.py:52}}
Apr 23 17:14:41.388394 np0000169841 devstack@neutron-api.service[104500]: DEBUG neutron_lib.callbacks.manager [None req-d3d3b656-0165-473f-a42b-603eb6d6e3ac None None] Subscribe: port after_update 55550000, False {{(pid=104500) subscribe /opt/stack/data/venv/lib/python3.12/site-packages/neutron_lib/callbacks/manager.py:52}}
Apr 23 17:14:41.388444 np0000169841 devstack@neutron-api.service[104499]: DEBUG neutron.manager [None req-7a03cdfc-f1d8-40d1-a3ef-d31979154c88 None None] Successfully loaded revision_plugin plugin. Description: Adds revision numbers to resources. {{(pid=104499) _create_and_add_service_plugin /opt/stack/neutron/neutron/manager.py:239}}
Apr 23 17:14:41.388504 np0000169841 devstack@neutron-api.service[104502]: DEBUG neutron.api.extensions [None req-8bf6e3f3-6076-422d-8ae2-32f3b7edd920 None None] Ext name="Pagination support" alias="pagination" description="Extension that indicates that pagination is enabled." updated="2016-06-12T00:00:00-00:00" {{(pid=104502) _check_extension /opt/stack/neutron/neutron/api/extensions.py:415}}
Apr 23 17:14:41.388550 np0000169841 devstack@neutron-api.service[104500]: DEBUG neutron_lib.callbacks.manager [None req-d3d3b656-0165-473f-a42b-603eb6d6e3ac None None] Subscribe: port after_delete 55550000, False {{(pid=104500) subscribe /opt/stack/data/venv/lib/python3.12/site-packages/neutron_lib/callbacks/manager.py:52}}
Apr 23 17:14:41.388592 np0000169841 devstack@neutron-api.service[104502]: INFO neutron.api.extensions [None req-8bf6e3f3-6076-422d-8ae2-32f3b7edd920 None None] Loaded extension: pagination
Apr 23 17:14:41.388634 np0000169841 devstack@neutron-api.service[104499]: DEBUG oslo_concurrency.lockutils [None req-7a03cdfc-f1d8-40d1-a3ef-d31979154c88 None None] Lock "manager" "released" by "neutron.manager.NeutronManager._create_instance" :: held 4.977s {{(pid=104499) inner /opt/stack/data/venv/lib/python3.12/site-packages/oslo_concurrency/lockutils.py:538}}
Apr 23 17:14:41.388683 np0000169841 devstack@neutron-api.service[104500]: DEBUG neutron_lib.callbacks.manager [None req-d3d3b656-0165-473f-a42b-603eb6d6e3ac None None] Subscribe: subnet after_update 55550000, False {{(pid=104500) subscribe /opt/stack/data/venv/lib/python3.12/site-packages/neutron_lib/callbacks/manager.py:52}}
Apr 23 17:14:41.388733 np0000169841 devstack@neutron-api.service[104502]: DEBUG neutron.api.extensions [None req-8bf6e3f3-6076-422d-8ae2-32f3b7edd920 None None] Loading extension file: port_device_profile.py {{(pid=104502) _load_all_extensions_from_path /opt/stack/neutron/neutron/api/extensions.py:449}}
Apr 23 17:14:41.388775 np0000169841 devstack@neutron-api.service[104500]: DEBUG neutron_lib.callbacks.manager [None req-d3d3b656-0165-473f-a42b-603eb6d6e3ac None None] Subscribe: subnetpool_address_scope after_update 55550000, False {{(pid=104500) subscribe /opt/stack/data/venv/lib/python3.12/site-packages/neutron_lib/callbacks/manager.py:52}}
Apr 23 17:14:41.388849 np0000169841 devstack@neutron-api.service[104499]: DEBUG neutron.api.extensions [None req-7a03cdfc-f1d8-40d1-a3ef-d31979154c88 None None] get_extension_paths = OrderedDict({'/opt/stack/neutron/neutron/extensions': 1}) {{(pid=104499) get_extensions_path /opt/stack/neutron/neutron/api/extensions.py:640}}
Apr 23 17:14:41.388901 np0000169841 devstack@neutron-api.service[104500]: DEBUG neutron_lib.callbacks.manager [None req-d3d3b656-0165-473f-a42b-603eb6d6e3ac None None] Subscribe: port before_update 55550000, False {{(pid=104500) subscribe /opt/stack/data/venv/lib/python3.12/site-packages/neutron_lib/callbacks/manager.py:52}}
Apr 23 17:14:41.388949 np0000169841 devstack@neutron-api.service[104502]: DEBUG neutron.api.extensions [None req-8bf6e3f3-6076-422d-8ae2-32f3b7edd920 None None] Ext name="Port device profile" alias="port-device-profile" description="Expose the port device profile (Cyborg)" updated="2020-12-17T10:00:00-00:00" {{(pid=104502) _check_extension /opt/stack/neutron/neutron/api/extensions.py:415}}
Apr 23 17:14:41.388993 np0000169841 devstack@neutron-api.service[104499]: INFO neutron.api.extensions [None req-7a03cdfc-f1d8-40d1-a3ef-d31979154c88 None None] Initializing extension manager.
Apr 23 17:14:41.389038 np0000169841 devstack@neutron-api.service[104500]: DEBUG neutron_lib.callbacks.manager [None req-d3d3b656-0165-473f-a42b-603eb6d6e3ac None None] Subscribe: port after_update 55550000, False {{(pid=104500) subscribe /opt/stack/data/venv/lib/python3.12/site-packages/neutron_lib/callbacks/manager.py:52}}
Apr 23 17:14:41.389093 np0000169841 devstack@neutron-api.service[104502]: INFO neutron.api.extensions [None req-8bf6e3f3-6076-422d-8ae2-32f3b7edd920 None None] Loaded extension: port-device-profile
Apr 23 17:14:41.389136 np0000169841 devstack@neutron-api.service[104500]: DEBUG neutron_lib.callbacks.manager [None req-d3d3b656-0165-473f-a42b-603eb6d6e3ac None None] Subscribe: > port precommit_delete 55550000, False {{(pid=104500) subscribe /opt/stack/data/venv/lib/python3.12/site-packages/neutron_lib/callbacks/manager.py:52}}
Apr 23 17:14:41.389188 np0000169841 devstack@neutron-api.service[104502]: DEBUG neutron.api.extensions [None req-8bf6e3f3-6076-422d-8ae2-32f3b7edd920 None None] Loading extension file: port_hardware_offload_type.py {{(pid=104502) _load_all_extensions_from_path /opt/stack/neutron/neutron/api/extensions.py:449}}
Apr 23 17:14:41.389234 np0000169841 devstack@neutron-api.service[104499]: DEBUG neutron.api.extensions [None req-7a03cdfc-f1d8-40d1-a3ef-d31979154c88 None None] Loading extension file: __init__.py {{(pid=104499) _load_all_extensions_from_path /opt/stack/neutron/neutron/api/extensions.py:449}}
Apr 23 17:14:41.389275 np0000169841 devstack@neutron-api.service[104500]: DEBUG neutron_lib.callbacks.manager [None req-d3d3b656-0165-473f-a42b-603eb6d6e3ac None None] Subscribe: port before_update 55550000, False {{(pid=104500) subscribe /opt/stack/data/venv/lib/python3.12/site-packages/neutron_lib/callbacks/manager.py:52}}
Apr 23 17:14:41.389332 np0000169841 devstack@neutron-api.service[104499]: DEBUG neutron.api.extensions [None req-7a03cdfc-f1d8-40d1-a3ef-d31979154c88 None None] Loading extension file: __pycache__ {{(pid=104499) _load_all_extensions_from_path /opt/stack/neutron/neutron/api/extensions.py:449}}
Apr 23 17:14:41.389376 np0000169841 devstack@neutron-api.service[104500]: DEBUG neutron_lib.callbacks.manager [None req-d3d3b656-0165-473f-a42b-603eb6d6e3ac None None] Subscribe: port before_delete 55550000, False {{(pid=104500) subscribe /opt/stack/data/venv/lib/python3.12/site-packages/neutron_lib/callbacks/manager.py:52}}
Apr 23 17:14:41.389419 np0000169841 devstack@neutron-api.service[104502]: DEBUG neutron.api.extensions [None req-8bf6e3f3-6076-422d-8ae2-32f3b7edd920 None None] Ext name="Port hardware offload" alias="port-hardware-offload-type" description="Expose port hardware offload extension" updated="2023-05-09T10:00:00-00:00" {{(pid=104502) _check_extension /opt/stack/neutron/neutron/api/extensions.py:415}}
Apr 23 17:14:41.389469 np0000169841 devstack@neutron-api.service[104499]: DEBUG neutron.api.extensions [None req-7a03cdfc-f1d8-40d1-a3ef-d31979154c88 None None] Loading extension file: address_group.py {{(pid=104499) _load_all_extensions_from_path /opt/stack/neutron/neutron/api/extensions.py:449}}
Apr 23 17:14:41.389528 np0000169841 devstack@neutron-api.service[104500]: DEBUG neutron_lib.callbacks.manager [None req-d3d3b656-0165-473f-a42b-603eb6d6e3ac None None] Subscribe: > router precommit_create 55550000, False {{(pid=104500) subscribe /opt/stack/data/venv/lib/python3.12/site-packages/neutron_lib/callbacks/manager.py:52}}
Apr 23 17:14:41.389528 np0000169841 devstack@neutron-api.service[104500]: DEBUG neutron_lib.callbacks.manager [None req-d3d3b656-0165-473f-a42b-603eb6d6e3ac None None] Subscribe: > router precommit_create 55550000, False {{(pid=104500) subscribe /opt/stack/data/venv/lib/python3.12/site-packages/neutron_lib/callbacks/manager.py:52}}
Apr 23 17:14:41.389609 np0000169841 devstack@neutron-api.service[104502]: INFO neutron.api.extensions [None req-8bf6e3f3-6076-422d-8ae2-32f3b7edd920 None None] Extension port-hardware-offload-type not supported by any of loaded plugins
Apr 23 17:14:41.389609 np0000169841 devstack@neutron-api.service[104502]: DEBUG neutron.api.extensions [None req-8bf6e3f3-6076-422d-8ae2-32f3b7edd920 None None] Loading extension file: port_hint_ovs_tx_steering.py {{(pid=104502) _load_all_extensions_from_path /opt/stack/neutron/neutron/api/extensions.py:449}}
Apr 23 17:14:41.389684 np0000169841 devstack@neutron-api.service[104500]: DEBUG neutron_lib.callbacks.manager [None req-d3d3b656-0165-473f-a42b-603eb6d6e3ac None None] Subscribe: > router precommit_update 55550000, False {{(pid=104500) subscribe /opt/stack/data/venv/lib/python3.12/site-packages/neutron_lib/callbacks/manager.py:52}}
Apr 23 17:14:41.389684 np0000169841 devstack@neutron-api.service[104500]: DEBUG neutron_lib.callbacks.manager [None req-d3d3b656-0165-473f-a42b-603eb6d6e3ac None None] Subscribe: subnet after_update 55550000, False {{(pid=104500) subscribe /opt/stack/data/venv/lib/python3.12/site-packages/neutron_lib/callbacks/manager.py:52}}
Apr 23 17:14:41.389768 np0000169841 devstack@neutron-api.service[104499]: DEBUG neutron.api.extensions [None req-7a03cdfc-f1d8-40d1-a3ef-d31979154c88 None None] Ext name="Address group" alias="address-group" description="Support address group" updated="2020-07-15T10:00:00-00:00" {{(pid=104499) _check_extension /opt/stack/neutron/neutron/api/extensions.py:415}}
Apr 23 17:14:41.389862 np0000169841 devstack@neutron-api.service[104502]: DEBUG neutron.api.extensions [None req-8bf6e3f3-6076-422d-8ae2-32f3b7edd920 None None] Ext name="Port hint: Open vSwitch Tx steering" alias="port-hint-ovs-tx-steering" description="Enable Port hint: Open vSwitch Tx steering" updated="2023-01-01T00:00:00-00:00" {{(pid=104502) _check_extension /opt/stack/neutron/neutron/api/extensions.py:415}}
Apr 23 17:14:41.390001 np0000169841 devstack@neutron-api.service[104499]: INFO neutron.api.extensions [None req-7a03cdfc-f1d8-40d1-a3ef-d31979154c88 None None] Loaded extension: address-group
Apr 23 17:14:41.390061 np0000169841 devstack@neutron-api.service[104502]: INFO neutron.api.extensions [None req-8bf6e3f3-6076-422d-8ae2-32f3b7edd920 None None] Extension port-hint-ovs-tx-steering not supported by any of loaded plugins
Apr 23 17:14:41.390061 np0000169841 devstack@neutron-api.service[104502]: DEBUG neutron.api.extensions [None req-8bf6e3f3-6076-422d-8ae2-32f3b7edd920 None None] Loading extension file: port_hints.py {{(pid=104502) _load_all_extensions_from_path /opt/stack/neutron/neutron/api/extensions.py:449}}
Apr 23 17:14:41.390138 np0000169841 devstack@neutron-api.service[104499]: DEBUG neutron.api.extensions [None req-7a03cdfc-f1d8-40d1-a3ef-d31979154c88 None None] Loading extension file: address_scope.py {{(pid=104499) _load_all_extensions_from_path /opt/stack/neutron/neutron/api/extensions.py:449}}
Apr 23 17:14:41.390316 np0000169841 devstack@neutron-api.service[104502]: DEBUG neutron.api.extensions [None req-8bf6e3f3-6076-422d-8ae2-32f3b7edd920 None None] Ext name="Port hints" alias="port-hints" description="Backend specific port hints to allow backend specific tuning" updated="2023-01-01T00:00:00-00:00" {{(pid=104502) _check_extension /opt/stack/neutron/neutron/api/extensions.py:415}}
Apr 23 17:14:41.390387 np0000169841 devstack@neutron-api.service[104499]: DEBUG neutron.api.extensions [None req-7a03cdfc-f1d8-40d1-a3ef-d31979154c88 None None] Ext name="Address scope" alias="address-scope" description="Address scopes extension." updated="2015-07-26T10:00:00-00:00" {{(pid=104499) _check_extension /opt/stack/neutron/neutron/api/extensions.py:415}}
Apr 23 17:14:41.390445 np0000169841 devstack@neutron-api.service[104500]: DEBUG neutron.quota.resource_registry [None req-d3d3b656-0165-473f-a42b-603eb6d6e3ac None None] Tracking information for resource: router configured {{(pid=104500) set_tracked_resource /opt/stack/neutron/neutron/quota/resource_registry.py:203}}
Apr 23 17:14:41.390496 np0000169841 devstack@neutron-api.service[104502]: INFO neutron.api.extensions [None req-8bf6e3f3-6076-422d-8ae2-32f3b7edd920 None None] Extension port-hints not supported by any of loaded plugins
Apr 23 17:14:41.390538 np0000169841 devstack@neutron-api.service[104500]: DEBUG neutron.quota.resource_registry [None req-d3d3b656-0165-473f-a42b-603eb6d6e3ac None None] Tracking information for resource: floatingip configured {{(pid=104500) set_tracked_resource /opt/stack/neutron/neutron/quota/resource_registry.py:203}}
Apr 23 17:14:41.390579 np0000169841 devstack@neutron-api.service[104502]: DEBUG neutron.api.extensions [None req-8bf6e3f3-6076-422d-8ae2-32f3b7edd920 None None] Loading extension file: port_mac_address_override.py {{(pid=104502) _load_all_extensions_from_path /opt/stack/neutron/neutron/api/extensions.py:449}}
Apr 23 17:14:41.390621 np0000169841 devstack@neutron-api.service[104499]: INFO neutron.api.extensions [None req-7a03cdfc-f1d8-40d1-a3ef-d31979154c88 None None] Loaded extension: address-scope
Apr 23 17:14:41.390661 np0000169841 devstack@neutron-api.service[104500]: INFO neutron.services.ovn_l3.plugin [None req-d3d3b656-0165-473f-a42b-603eb6d6e3ac None None] Starting OVNL3RouterPlugin
Apr 23 17:14:41.390702 np0000169841 devstack@neutron-api.service[104499]: DEBUG neutron.api.extensions [None req-7a03cdfc-f1d8-40d1-a3ef-d31979154c88 None None] Loading extension file: admin_state_down_before_update.py {{(pid=104499) _load_all_extensions_from_path /opt/stack/neutron/neutron/api/extensions.py:449}}
Apr 23 17:14:41.390789 np0000169841 devstack@neutron-api.service[104502]: DEBUG neutron.api.extensions [None req-8bf6e3f3-6076-422d-8ae2-32f3b7edd920 None None] Ext name="Neutron Port MAC address override" alias="port-mac-override" description="Allow overriding the MAC address of a direct-physical Port via the active binding profile" updated="2022-03-18T10:00:00-00:00" {{(pid=104502) _check_extension /opt/stack/neutron/neutron/api/extensions.py:415}}
Apr 23 17:14:41.390971 np0000169841 devstack@neutron-api.service[104500]: DEBUG neutron_lib.callbacks.manager [None req-d3d3b656-0165-473f-a42b-603eb6d6e3ac None None] Subscribe: > port_forwarding_plugin after_init 55550000, False {{(pid=104500) subscribe /opt/stack/data/venv/lib/python3.12/site-packages/neutron_lib/callbacks/manager.py:52}}
Apr 23 17:14:41.391022 np0000169841 devstack@neutron-api.service[104499]: DEBUG neutron.api.extensions [None req-7a03cdfc-f1d8-40d1-a3ef-d31979154c88 None None] Ext name="Enforce Router's Admin State Down Before Update Extension" alias="router-admin-state-down-before-update" description="Ensure that the admin state of a router is DOWN (admin_state_up=False) before updating the distributed attribute" updated="2019-07-02T15:56:00" {{(pid=104499) _check_extension /opt/stack/neutron/neutron/api/extensions.py:415}}
Apr 23 17:14:41.391066 np0000169841 devstack@neutron-api.service[104502]: INFO neutron.api.extensions [None req-8bf6e3f3-6076-422d-8ae2-32f3b7edd920 None None] Extension port-mac-override not supported by any of loaded plugins
Apr 23 17:14:41.391066 np0000169841 devstack@neutron-api.service[104502]: DEBUG neutron.api.extensions [None req-8bf6e3f3-6076-422d-8ae2-32f3b7edd920 None None] Loading extension file: port_mac_address_regenerate.py {{(pid=104502) _load_all_extensions_from_path /opt/stack/neutron/neutron/api/extensions.py:449}}
Apr 23 17:14:41.391148 np0000169841 devstack@neutron-api.service[104499]: INFO neutron.api.extensions [None req-7a03cdfc-f1d8-40d1-a3ef-d31979154c88 None None] Extension router-admin-state-down-before-update not supported by any of loaded plugins
Apr 23 17:14:41.391197 np0000169841 devstack@neutron-api.service[104500]: DEBUG neutron_lib.callbacks.manager [None req-d3d3b656-0165-473f-a42b-603eb6d6e3ac None None] Subscribe: > router before_create 55550100, False {{(pid=104500) subscribe /opt/stack/data/venv/lib/python3.12/site-packages/neutron_lib/callbacks/manager.py:52}}
Apr 23 17:14:41.391259 np0000169841 devstack@neutron-api.service[104499]: DEBUG neutron.api.extensions [None req-7a03cdfc-f1d8-40d1-a3ef-d31979154c88 None None] Loading extension file: agent.py {{(pid=104499) _load_all_extensions_from_path /opt/stack/neutron/neutron/api/extensions.py:449}}
Apr 23 17:14:41.391307 np0000169841 devstack@neutron-api.service[104500]: DEBUG neutron_lib.callbacks.manager [None req-d3d3b656-0165-473f-a42b-603eb6d6e3ac None None] Subscribe: > router precommit_delete 55550100, False {{(pid=104500) subscribe /opt/stack/data/venv/lib/python3.12/site-packages/neutron_lib/callbacks/manager.py:52}}
Apr 23 17:14:41.391351 np0000169841 devstack@neutron-api.service[104502]: DEBUG neutron.api.extensions [None req-8bf6e3f3-6076-422d-8ae2-32f3b7edd920 None None] Ext name="Neutron Port MAC address regenerate" alias="port-mac-address-regenerate" description="Network port MAC address regenerate" updated="2018-05-03T10:00:00-00:00" {{(pid=104502) _check_extension /opt/stack/neutron/neutron/api/extensions.py:415}}
Apr 23 17:14:41.391394 np0000169841 devstack@neutron-api.service[104500]: DEBUG neutron_lib.callbacks.manager [None req-d3d3b656-0165-473f-a42b-603eb6d6e3ac None None] Subscribe: > router precommit_create 55550100, False {{(pid=104500) subscribe /opt/stack/data/venv/lib/python3.12/site-packages/neutron_lib/callbacks/manager.py:52}}
Apr 23 17:14:41.391394 np0000169841 devstack@neutron-api.service[104500]: DEBUG neutron_lib.callbacks.manager [None req-d3d3b656-0165-473f-a42b-603eb6d6e3ac None None] Subscribe: > router precommit_update 55550100, False {{(pid=104500) subscribe /opt/stack/data/venv/lib/python3.12/site-packages/neutron_lib/callbacks/manager.py:52}}
Apr 23 17:14:41.391480 np0000169841 devstack@neutron-api.service[104502]: INFO neutron.api.extensions [None req-8bf6e3f3-6076-422d-8ae2-32f3b7edd920 None None] Loaded extension: port-mac-address-regenerate
Apr 23 17:14:41.391521 np0000169841 devstack@neutron-api.service[104499]: DEBUG neutron.api.extensions [None req-7a03cdfc-f1d8-40d1-a3ef-d31979154c88 None None] Ext name="agent" alias="agent" description="The agent management extension." updated="2013-02-03T10:00:00-00:00" {{(pid=104499) _check_extension /opt/stack/neutron/neutron/api/extensions.py:415}}
Apr 23 17:14:41.391602 np0000169841 devstack@neutron-api.service[104502]: DEBUG neutron.api.extensions [None req-8bf6e3f3-6076-422d-8ae2-32f3b7edd920 None None] Loading extension file: port_numa_affinity_policy.py {{(pid=104502) _load_all_extensions_from_path /opt/stack/neutron/neutron/api/extensions.py:449}}
Apr 23 17:14:41.391688 np0000169841 devstack@neutron-api.service[104499]: INFO neutron.api.extensions [None req-7a03cdfc-f1d8-40d1-a3ef-d31979154c88 None None] Loaded extension: agent
Apr 23 17:14:41.391786 np0000169841 devstack@neutron-api.service[104499]: DEBUG neutron.api.extensions [None req-7a03cdfc-f1d8-40d1-a3ef-d31979154c88 None None] Loading extension file: agent_resources_synced.py {{(pid=104499) _load_all_extensions_from_path /opt/stack/neutron/neutron/api/extensions.py:449}}
Apr 23 17:14:41.391875 np0000169841 devstack@neutron-api.service[104502]: DEBUG neutron.api.extensions [None req-8bf6e3f3-6076-422d-8ae2-32f3b7edd920 None None] Ext name="Port NUMA affinity policy" alias="port-numa-affinity-policy" description="Expose the port NUMA affinity policy" updated="2020-07-08T10:00:00-00:00" {{(pid=104502) _check_extension /opt/stack/neutron/neutron/api/extensions.py:415}}
Apr 23 17:14:41.392002 np0000169841 devstack@neutron-api.service[104502]: INFO neutron.api.extensions [None req-8bf6e3f3-6076-422d-8ae2-32f3b7edd920 None None] Loaded extension: port-numa-affinity-policy
Apr 23 17:14:41.392050 np0000169841 devstack@neutron-api.service[104499]: DEBUG neutron.api.extensions [None req-7a03cdfc-f1d8-40d1-a3ef-d31979154c88 None None] Ext name="Agent's Resource View Synced to Placement" alias="agent-resources-synced" description="Stores success/failure of last sync to Placement" updated="2018-12-19T00:00:00-00:00" {{(pid=104499) _check_extension /opt/stack/neutron/neutron/api/extensions.py:415}}
Apr 23 17:14:41.392094 np0000169841 devstack@neutron-api.service[104502]: DEBUG neutron.api.extensions [None req-8bf6e3f3-6076-422d-8ae2-32f3b7edd920 None None] Loading extension file: port_numa_affinity_policy_socket.py {{(pid=104502) _load_all_extensions_from_path /opt/stack/neutron/neutron/api/extensions.py:449}}
Apr 23 17:14:41.392218 np0000169841 devstack@neutron-api.service[104499]: INFO neutron.api.extensions [None req-7a03cdfc-f1d8-40d1-a3ef-d31979154c88 None None] Extension agent-resources-synced not supported by any of loaded plugins
Apr 23 17:14:41.392295 np0000169841 devstack@neutron-api.service[104499]: DEBUG neutron.api.extensions [None req-7a03cdfc-f1d8-40d1-a3ef-d31979154c88 None None] Loading extension file: allowedaddresspairs.py {{(pid=104499) _load_all_extensions_from_path /opt/stack/neutron/neutron/api/extensions.py:449}}
Apr 23 17:14:41.392375 np0000169841 devstack@neutron-api.service[104502]: DEBUG neutron.api.extensions [None req-8bf6e3f3-6076-422d-8ae2-32f3b7edd920 None None] Ext name="Port NUMA affinity policy "socket"" alias="port-numa-affinity-policy-socket" description="Adds "socket" to the supported port NUMA affinity policies" updated="2024-02-09T10:00:00-00:00" {{(pid=104502) _check_extension /opt/stack/neutron/neutron/api/extensions.py:415}}
Apr 23 17:14:41.392484 np0000169841 devstack@neutron-api.service[104502]: INFO neutron.api.extensions [None req-8bf6e3f3-6076-422d-8ae2-32f3b7edd920 None None] Loaded extension: port-numa-affinity-policy-socket
Apr 23 17:14:41.392574 np0000169841 devstack@neutron-api.service[104502]: DEBUG neutron.api.extensions [None req-8bf6e3f3-6076-422d-8ae2-32f3b7edd920 None None] Loading extension file: port_resource_request.py {{(pid=104502) _load_all_extensions_from_path /opt/stack/neutron/neutron/api/extensions.py:449}}
Apr 23 17:14:41.392824 np0000169841 devstack@neutron-api.service[104502]: DEBUG neutron.api.extensions [None req-8bf6e3f3-6076-422d-8ae2-32f3b7edd920 None None] Ext name="Port Resource Request" alias="port-resource-request" description="Expose resource request to Port" updated="2018-05-08T10:00:00-00:00" {{(pid=104502) _check_extension /opt/stack/neutron/neutron/api/extensions.py:415}}
Apr 23 17:14:41.392992 np0000169841 devstack@neutron-api.service[104502]: INFO neutron.api.extensions [None req-8bf6e3f3-6076-422d-8ae2-32f3b7edd920 None None] Extension port-resource-request not supported by any of loaded plugins
Apr 23 17:14:41.393036 np0000169841 devstack@neutron-api.service[104499]: DEBUG neutron.api.extensions [None req-7a03cdfc-f1d8-40d1-a3ef-d31979154c88 None None] Ext name="Allowed Address Pairs" alias="allowed-address-pairs" description="Provides allowed address pairs" updated="2013-07-23T10:00:00-00:00" {{(pid=104499) _check_extension /opt/stack/neutron/neutron/api/extensions.py:415}}
Apr 23 17:14:41.393081 np0000169841 devstack@neutron-api.service[104502]: DEBUG neutron.api.extensions [None req-8bf6e3f3-6076-422d-8ae2-32f3b7edd920 None None] Loading extension file: port_resource_request_groups.py {{(pid=104502) _load_all_extensions_from_path /opt/stack/neutron/neutron/api/extensions.py:449}}
Apr 23 17:14:41.393186 np0000169841 devstack@neutron-api.service[104499]: INFO neutron.api.extensions [None req-7a03cdfc-f1d8-40d1-a3ef-d31979154c88 None None] Loaded extension: allowed-address-pairs
Apr 23 17:14:41.393288 np0000169841 devstack@neutron-api.service[104499]: DEBUG neutron.api.extensions [None req-7a03cdfc-f1d8-40d1-a3ef-d31979154c88 None None] Loading extension file: auto_allocated_topology.py {{(pid=104499) _load_all_extensions_from_path /opt/stack/neutron/neutron/api/extensions.py:449}}
Apr 23 17:14:41.393357 np0000169841 devstack@neutron-api.service[104502]: DEBUG neutron.api.extensions [None req-8bf6e3f3-6076-422d-8ae2-32f3b7edd920 None None] Ext name="Port Resource Request Groups" alias="port-resource-request-groups" description="Support requesting multiple groups of resources and traits from the same RP subtree in resource_request" updated="2021-08-02T10:00:00-00:00" {{(pid=104502) _check_extension /opt/stack/neutron/neutron/api/extensions.py:415}}
Apr 23 17:14:41.393486 np0000169841 devstack@neutron-api.service[104502]: INFO neutron.api.extensions [None req-8bf6e3f3-6076-422d-8ae2-32f3b7edd920 None None] Extension port-resource-request-groups not supported by any of loaded plugins
Apr 23 17:14:41.393532 np0000169841 devstack@neutron-api.service[104499]: DEBUG neutron.api.extensions [None req-7a03cdfc-f1d8-40d1-a3ef-d31979154c88 None None] Ext name="Auto Allocated Topology Services" alias="auto-allocated-topology" description="Auto Allocated Topology Services." updated="2016-01-01T00:00:00-00:00" {{(pid=104499) _check_extension /opt/stack/neutron/neutron/api/extensions.py:415}}
Apr 23 17:14:41.393577 np0000169841 devstack@neutron-api.service[104502]: DEBUG neutron.api.extensions [None req-8bf6e3f3-6076-422d-8ae2-32f3b7edd920 None None] Loading extension file: port_trusted_vif.py {{(pid=104502) _load_all_extensions_from_path /opt/stack/neutron/neutron/api/extensions.py:449}}
Apr 23 17:14:41.393753 np0000169841 devstack@neutron-api.service[104499]: INFO neutron.api.extensions [None req-7a03cdfc-f1d8-40d1-a3ef-d31979154c88 None None] Loaded extension: auto-allocated-topology
Apr 23 17:14:41.393823 np0000169841 devstack@neutron-api.service[104499]: DEBUG neutron.api.extensions [None req-7a03cdfc-f1d8-40d1-a3ef-d31979154c88 None None] Loading extension file: availability_zone.py {{(pid=104499) _load_all_extensions_from_path /opt/stack/neutron/neutron/api/extensions.py:449}}
Apr 23 17:14:41.393866 np0000169841 devstack@neutron-api.service[104502]: DEBUG neutron.api.extensions [None req-8bf6e3f3-6076-422d-8ae2-32f3b7edd920 None None] Ext name="Port trusted vif" alias="port-trusted-vif" description="Expose port 'trusted' attribute in the API" updated="2024-07-10T10:00:00-00:00" {{(pid=104502) _check_extension /opt/stack/neutron/neutron/api/extensions.py:415}}
Apr 23 17:14:41.393994 np0000169841 devstack@neutron-api.service[104502]: INFO neutron.api.extensions [None req-8bf6e3f3-6076-422d-8ae2-32f3b7edd920 None None] Extension port-trusted-vif not supported by any of loaded plugins
Apr 23 17:14:41.394085 np0000169841 devstack@neutron-api.service[104502]: DEBUG neutron.api.extensions [None req-8bf6e3f3-6076-422d-8ae2-32f3b7edd920 None None] Loading extension file: portbindings.py {{(pid=104502) _load_all_extensions_from_path /opt/stack/neutron/neutron/api/extensions.py:449}}
Apr 23 17:14:41.394129 np0000169841 devstack@neutron-api.service[104499]: DEBUG neutron.api.extensions [None req-7a03cdfc-f1d8-40d1-a3ef-d31979154c88 None None] Ext name="Availability Zone" alias="availability_zone" description="The availability zone extension." updated="2015-01-01T10:00:00-00:00" {{(pid=104499) _check_extension /opt/stack/neutron/neutron/api/extensions.py:415}}
Apr 23 17:14:41.394289 np0000169841 devstack@neutron-api.service[104499]: INFO neutron.api.extensions [None req-7a03cdfc-f1d8-40d1-a3ef-d31979154c88 None None] Loaded extension: availability_zone
Apr 23 17:14:41.394359 np0000169841 devstack@neutron-api.service[104502]: DEBUG neutron.api.extensions [None req-8bf6e3f3-6076-422d-8ae2-32f3b7edd920 None None] Ext name="Port Binding" alias="binding" description="Expose port bindings of a virtual port to external application" updated="2014-02-03T10:00:00-00:00" {{(pid=104502) _check_extension /opt/stack/neutron/neutron/api/extensions.py:415}}
Apr 23 17:14:41.394403 np0000169841 devstack@neutron-api.service[104499]: DEBUG neutron.api.extensions [None req-7a03cdfc-f1d8-40d1-a3ef-d31979154c88 None None] Loading extension file: availability_zone_filter.py {{(pid=104499) _load_all_extensions_from_path /opt/stack/neutron/neutron/api/extensions.py:449}}
Apr 23 17:14:41.394485 np0000169841 devstack@neutron-api.service[104502]: INFO neutron.api.extensions [None req-8bf6e3f3-6076-422d-8ae2-32f3b7edd920 None None] Loaded extension: binding
Apr 23 17:14:41.394576 np0000169841 devstack@neutron-api.service[104502]: DEBUG neutron.api.extensions [None req-8bf6e3f3-6076-422d-8ae2-32f3b7edd920 None None] Loading extension file: portbindings_extended.py {{(pid=104502) _load_all_extensions_from_path /opt/stack/neutron/neutron/api/extensions.py:449}}
Apr 23 17:14:41.394639 np0000169841 devstack@neutron-api.service[104499]: DEBUG neutron.api.extensions [None req-7a03cdfc-f1d8-40d1-a3ef-d31979154c88 None None] Ext name="Availability Zone Filter Extension" alias="availability_zone_filter" description="Add filter parameters to AvailabilityZone resource" updated="2018-06-22T10:00:00-00:00" {{(pid=104499) _check_extension /opt/stack/neutron/neutron/api/extensions.py:415}}
Apr 23 17:14:41.394774 np0000169841 devstack@neutron-api.service[104499]: INFO neutron.api.extensions [None req-7a03cdfc-f1d8-40d1-a3ef-d31979154c88 None None] Extension availability_zone_filter not supported by any of loaded plugins
Apr 23 17:14:41.394871 np0000169841 devstack@neutron-api.service[104502]: DEBUG neutron.api.extensions [None req-8bf6e3f3-6076-422d-8ae2-32f3b7edd920 None None] Ext name="Port Bindings Extended" alias="binding-extended" description="Expose port bindings of a virtual port to external application" updated="2017-07-17T10:00:00-00:00" {{(pid=104502) _check_extension /opt/stack/neutron/neutron/api/extensions.py:415}}
Apr 23 17:14:41.394919 np0000169841 devstack@neutron-api.service[104499]: DEBUG neutron.api.extensions [None req-7a03cdfc-f1d8-40d1-a3ef-d31979154c88 None None] Loading extension file: data_plane_status.py {{(pid=104499) _load_all_extensions_from_path /opt/stack/neutron/neutron/api/extensions.py:449}}
Apr 23 17:14:41.394992 np0000169841 devstack@neutron-api.service[104500]: DEBUG neutron.services.provider_configuration [None req-d3d3b656-0165-473f-a42b-603eb6d6e3ac None None] Service providers = [] {{(pid=104500) parse_service_provider_opt /opt/stack/neutron/neutron/services/provider_configuration.py:170}}
Apr 23 17:14:41.395044 np0000169841 devstack@neutron-api.service[104502]: INFO neutron.api.extensions [None req-8bf6e3f3-6076-422d-8ae2-32f3b7edd920 None None] Loaded extension: binding-extended
Apr 23 17:14:41.395114 np0000169841 devstack@neutron-api.service[104499]: DEBUG neutron.api.extensions [None req-7a03cdfc-f1d8-40d1-a3ef-d31979154c88 None None] Ext name="Port data plane status extension" alias="data-plane-status" description="Expose status of underlying data plane" updated="2017-01-24T10:00:00-00:00" {{(pid=104499) _check_extension /opt/stack/neutron/neutron/api/extensions.py:415}}
Apr 23 17:14:41.395160 np0000169841 devstack@neutron-api.service[104500]: DEBUG neutron.db.servicetype_db [None req-d3d3b656-0165-473f-a42b-603eb6d6e3ac None None] Adding provider configuration for service L3_ROUTER_NAT {{(pid=104500) add_provider_configuration /opt/stack/neutron/neutron/db/servicetype_db.py:42}}
Apr 23 17:14:41.395208 np0000169841 devstack@neutron-api.service[104502]: DEBUG neutron.api.extensions [None req-8bf6e3f3-6076-422d-8ae2-32f3b7edd920 None None] Loading extension file: portsecurity.py {{(pid=104502) _load_all_extensions_from_path /opt/stack/neutron/neutron/api/extensions.py:449}}
Apr 23 17:14:41.395291 np0000169841 devstack@neutron-api.service[104499]: INFO neutron.api.extensions [None req-7a03cdfc-f1d8-40d1-a3ef-d31979154c88 None None] Extension data-plane-status not supported by any of loaded plugins
Apr 23 17:14:41.395363 np0000169841 devstack@neutron-api.service[104502]: DEBUG neutron.api.extensions [None req-8bf6e3f3-6076-422d-8ae2-32f3b7edd920 None None] Ext name="Port Security" alias="port-security" description="Provides port security" updated="2012-07-23T10:00:00-00:00" {{(pid=104502) _check_extension /opt/stack/neutron/neutron/api/extensions.py:415}}
Apr 23 17:14:41.395407 np0000169841 devstack@neutron-api.service[104499]: DEBUG neutron.api.extensions [None req-7a03cdfc-f1d8-40d1-a3ef-d31979154c88 None None] Loading extension file: default_subnetpools.py {{(pid=104499) _load_all_extensions_from_path /opt/stack/neutron/neutron/api/extensions.py:449}}
Apr 23 17:14:41.395586 np0000169841 devstack@neutron-api.service[104502]: INFO neutron.api.extensions [None req-8bf6e3f3-6076-422d-8ae2-32f3b7edd920 None None] Loaded extension: port-security
Apr 23 17:14:41.395637 np0000169841 devstack@neutron-api.service[104499]: DEBUG neutron.api.extensions [None req-7a03cdfc-f1d8-40d1-a3ef-d31979154c88 None None] Ext name="Default Subnetpools" alias="default-subnetpools" description="Provides ability to mark and use a subnetpool as the default." updated="2016-02-18T18:00:00-00:00" {{(pid=104499) _check_extension /opt/stack/neutron/neutron/api/extensions.py:415}}
Apr 23 17:14:41.395694 np0000169841 devstack@neutron-api.service[104502]: DEBUG neutron.api.extensions [None req-8bf6e3f3-6076-422d-8ae2-32f3b7edd920 None None] Loading extension file: project_id.py {{(pid=104502) _load_all_extensions_from_path /opt/stack/neutron/neutron/api/extensions.py:449}}
Apr 23 17:14:41.395817 np0000169841 devstack@neutron-api.service[104499]: INFO neutron.api.extensions [None req-7a03cdfc-f1d8-40d1-a3ef-d31979154c88 None None] Loaded extension: default-subnetpools
Apr 23 17:14:41.395896 np0000169841 devstack@neutron-api.service[104502]: DEBUG neutron.api.extensions [None req-8bf6e3f3-6076-422d-8ae2-32f3b7edd920 None None] Ext name="project_id field enabled" alias="project-id" description="Extension that indicates that project_id field is enabled." updated="2016-09-09T09:09:09-09:09" {{(pid=104502) _check_extension /opt/stack/neutron/neutron/api/extensions.py:415}}
Apr 23 17:14:41.395957 np0000169841 devstack@neutron-api.service[104499]: DEBUG neutron.api.extensions [None req-7a03cdfc-f1d8-40d1-a3ef-d31979154c88 None None] Loading extension file: dhcpagentscheduler.py {{(pid=104499) _load_all_extensions_from_path /opt/stack/neutron/neutron/api/extensions.py:449}}
Apr 23 17:14:41.396001 np0000169841 devstack@neutron-api.service[104502]: INFO neutron.api.extensions [None req-8bf6e3f3-6076-422d-8ae2-32f3b7edd920 None None] Loaded extension: project-id
Apr 23 17:14:41.396079 np0000169841 devstack@neutron-api.service[104502]: DEBUG neutron.api.extensions [None req-8bf6e3f3-6076-422d-8ae2-32f3b7edd920 None None] Loading extension file: providernet.py {{(pid=104502) _load_all_extensions_from_path /opt/stack/neutron/neutron/api/extensions.py:449}}
Apr 23 17:14:41.396292 np0000169841 devstack@neutron-api.service[104499]: DEBUG neutron.api.extensions [None req-7a03cdfc-f1d8-40d1-a3ef-d31979154c88 None None] Ext name="DHCP Agent Scheduler" alias="dhcp_agent_scheduler" description="Schedule networks among dhcp agents" updated="2013-02-07T10:00:00-00:00" {{(pid=104499) _check_extension /opt/stack/neutron/neutron/api/extensions.py:415}}
Apr 23 17:14:41.396329 np0000169841 devstack@neutron-api.service[104502]: DEBUG neutron.api.extensions [None req-8bf6e3f3-6076-422d-8ae2-32f3b7edd920 None None] Ext name="Provider Network" alias="provider" description="Expose mapping of virtual networks to physical networks" updated="2012-09-07T10:00:00-00:00" {{(pid=104502) _check_extension /opt/stack/neutron/neutron/api/extensions.py:415}}
Apr 23 17:14:41.396472 np0000169841 devstack@neutron-api.service[104502]: INFO neutron.api.extensions [None req-8bf6e3f3-6076-422d-8ae2-32f3b7edd920 None None] Loaded extension: provider
Apr 23 17:14:41.396506 np0000169841 devstack@neutron-api.service[104499]: INFO neutron.api.extensions [None req-7a03cdfc-f1d8-40d1-a3ef-d31979154c88 None None] Loaded extension: dhcp_agent_scheduler
Apr 23 17:14:41.396566 np0000169841 devstack@neutron-api.service[104502]: DEBUG neutron.api.extensions [None req-8bf6e3f3-6076-422d-8ae2-32f3b7edd920 None None] Loading extension file: qinq.py {{(pid=104502) _load_all_extensions_from_path /opt/stack/neutron/neutron/api/extensions.py:449}}
Apr 23 17:14:41.396608 np0000169841 devstack@neutron-api.service[104499]: DEBUG neutron.api.extensions [None req-7a03cdfc-f1d8-40d1-a3ef-d31979154c88 None None] Loading extension file: dns.py {{(pid=104499) _load_all_extensions_from_path /opt/stack/neutron/neutron/api/extensions.py:449}}
Apr 23 17:14:41.396764 np0000169841 devstack@neutron-api.service[104500]: DEBUG neutron_lib.callbacks.manager [None req-d3d3b656-0165-473f-a42b-603eb6d6e3ac None None] Subscribe: > router precommit_create 55549900, False {{(pid=104500) subscribe /opt/stack/data/venv/lib/python3.12/site-packages/neutron_lib/callbacks/manager.py:52}}
Apr 23 17:14:41.396818 np0000169841 devstack@neutron-api.service[104499]: DEBUG neutron.api.extensions [None req-7a03cdfc-f1d8-40d1-a3ef-d31979154c88 None None] Ext name="DNS Integration" alias="dns-integration" description="Provides integration with DNS." updated="2015-08-15T18:00:00-00:00" {{(pid=104499) _check_extension /opt/stack/neutron/neutron/api/extensions.py:415}}
Apr 23 17:14:41.396852 np0000169841 devstack@neutron-api.service[104502]: DEBUG neutron.api.extensions [None req-8bf6e3f3-6076-422d-8ae2-32f3b7edd920 None None] Ext name="QinQ networks" alias="qinq" description="Expose network 'qinq' attribute in the API. This allows to configure network to allow vlan in vlan configuration using 0x8a88 ethertype (QinQ)." updated="2024-12-02T10:00:00-00:00" {{(pid=104502) _check_extension /opt/stack/neutron/neutron/api/extensions.py:415}}
Apr 23 17:14:41.396905 np0000169841 devstack@neutron-api.service[104500]: DEBUG neutron_lib.callbacks.manager [None req-d3d3b656-0165-473f-a42b-603eb6d6e3ac None None] Subscribe: > router_interface after_create 55550000, False {{(pid=104500) subscribe /opt/stack/data/venv/lib/python3.12/site-packages/neutron_lib/callbacks/manager.py:52}}
Apr 23 17:14:41.396991 np0000169841 devstack@neutron-api.service[104499]: INFO neutron.api.extensions [None req-7a03cdfc-f1d8-40d1-a3ef-d31979154c88 None None] Loaded extension: dns-integration
Apr 23 17:14:41.397027 np0000169841 devstack@neutron-api.service[104500]: DEBUG neutron_lib.callbacks.manager [None req-d3d3b656-0165-473f-a42b-603eb6d6e3ac None None] Subscribe: > floatingip after_create 55550000, False {{(pid=104500) subscribe /opt/stack/data/venv/lib/python3.12/site-packages/neutron_lib/callbacks/manager.py:52}}
Apr 23 17:14:41.397070 np0000169841 devstack@neutron-api.service[104502]: INFO neutron.api.extensions [None req-8bf6e3f3-6076-422d-8ae2-32f3b7edd920 None None] Loaded extension: qinq
Apr 23 17:14:41.397110 np0000169841 devstack@neutron-api.service[104499]: DEBUG neutron.api.extensions [None req-7a03cdfc-f1d8-40d1-a3ef-d31979154c88 None None] Loading extension file: dns_domain_ports.py {{(pid=104499) _load_all_extensions_from_path /opt/stack/neutron/neutron/api/extensions.py:449}}
Apr 23 17:14:41.397142 np0000169841 devstack@neutron-api.service[104502]: DEBUG neutron.api.extensions [None req-8bf6e3f3-6076-422d-8ae2-32f3b7edd920 None None] Loading extension file: qos.py {{(pid=104502) _load_all_extensions_from_path /opt/stack/neutron/neutron/api/extensions.py:449}}
Apr 23 17:14:41.397173 np0000169841 devstack@neutron-api.service[104500]: DEBUG neutron_lib.callbacks.manager [None req-d3d3b656-0165-473f-a42b-603eb6d6e3ac None None] Subscribe: > floatingip precommit_create 55550000, False {{(pid=104500) subscribe /opt/stack/data/venv/lib/python3.12/site-packages/neutron_lib/callbacks/manager.py:52}}
Apr 23 17:14:41.397223 np0000169841 devstack@neutron-api.service[104500]: DEBUG neutron_lib.callbacks.manager [None req-d3d3b656-0165-473f-a42b-603eb6d6e3ac None None] Subscribe: > floatingip precommit_update 55550000, False {{(pid=104500) subscribe /opt/stack/data/venv/lib/python3.12/site-packages/neutron_lib/callbacks/manager.py:52}}
Apr 23 17:14:41.397306 np0000169841 devstack@neutron-api.service[104499]: DEBUG neutron.api.extensions [None req-7a03cdfc-f1d8-40d1-a3ef-d31979154c88 None None] Ext name="dns_domain for ports" alias="dns-domain-ports" description="Allows the DNS domain to be specified for a network port." updated="2017-04-24T10:00:00-00:00" {{(pid=104499) _check_extension /opt/stack/neutron/neutron/api/extensions.py:415}}
Apr 23 17:14:41.397343 np0000169841 devstack@neutron-api.service[104500]: DEBUG neutron_lib.callbacks.manager [None req-d3d3b656-0165-473f-a42b-603eb6d6e3ac None None] Subscribe: > floatingip after_delete 55550000, False {{(pid=104500) subscribe /opt/stack/data/venv/lib/python3.12/site-packages/neutron_lib/callbacks/manager.py:52}}
Apr 23 17:14:41.397426 np0000169841 devstack@neutron-api.service[104500]: DEBUG neutron_lib.callbacks.manager [None req-d3d3b656-0165-473f-a42b-603eb6d6e3ac None None] Subscribe: > floatingip after_status_update 55550000, False {{(pid=104500) subscribe /opt/stack/data/venv/lib/python3.12/site-packages/neutron_lib/callbacks/manager.py:52}}
Apr 23 17:14:41.397481 np0000169841 devstack@neutron-api.service[104499]: INFO neutron.api.extensions [None req-7a03cdfc-f1d8-40d1-a3ef-d31979154c88 None None] Loaded extension: dns-domain-ports
Apr 23 17:14:41.397529 np0000169841 devstack@neutron-api.service[104500]: DEBUG neutron_lib.callbacks.manager [None req-d3d3b656-0165-473f-a42b-603eb6d6e3ac None None] Subscribe: > floatingip after_update 55550000, False {{(pid=104500) subscribe /opt/stack/data/venv/lib/python3.12/site-packages/neutron_lib/callbacks/manager.py:52}}
Apr 23 17:14:41.397570 np0000169841 devstack@neutron-api.service[104499]: DEBUG neutron.api.extensions [None req-7a03cdfc-f1d8-40d1-a3ef-d31979154c88 None None] Loading extension file: dns_integration_domain_keywords.py {{(pid=104499) _load_all_extensions_from_path /opt/stack/neutron/neutron/api/extensions.py:449}}
Apr 23 17:14:41.397634 np0000169841 devstack@neutron-api.service[104500]: DEBUG neutron_lib.callbacks.manager [None req-d3d3b656-0165-473f-a42b-603eb6d6e3ac None None] Subscribe: > port_forwarding after_create 55550000, False {{(pid=104500) subscribe /opt/stack/data/venv/lib/python3.12/site-packages/neutron_lib/callbacks/manager.py:52}}
Apr 23 17:14:41.397786 np0000169841 devstack@neutron-api.service[104500]: DEBUG neutron_lib.callbacks.manager [None req-d3d3b656-0165-473f-a42b-603eb6d6e3ac None None] Subscribe: > router_interface after_delete 55550000, False {{(pid=104500) subscribe /opt/stack/data/venv/lib/python3.12/site-packages/neutron_lib/callbacks/manager.py:52}}
