2026-04-23 03:38:20.392 8 WARNING neutron.db.securitygroups_db [None req-07018adc-e2c7-4723-9826-0bed56c94efe 83096f006f3845cd80432b900d744fd0 1dd1a280350746b5b3b9acc7b9f0c6b1 - - default default] project_id key not found in filters, using tenant_id instead. This support has been deprecated and will be removed in a future release.
2026-04-23 03:38:20.505 8 INFO neutron.db.ovn_revision_numbers_db [None req-07018adc-e2c7-4723-9826-0bed56c94efe 83096f006f3845cd80432b900d744fd0 1dd1a280350746b5b3b9acc7b9f0c6b1 - - default default] Successfully bumped revision number for resource 71fa5d57-a90d-43cf-9f20-bc824d7fe68f (type: security_groups) to 1
2026-04-23 03:38:20.516 8 INFO neutron.db.ovn_revision_numbers_db [None req-07018adc-e2c7-4723-9826-0bed56c94efe 83096f006f3845cd80432b900d744fd0 1dd1a280350746b5b3b9acc7b9f0c6b1 - - default default] Successfully bumped revision number for resource 02f590aa-0018-4b89-b939-b7a748810126 (type: security_group_rules) to 0
2026-04-23 03:38:20.526 8 INFO neutron.db.ovn_revision_numbers_db [None req-07018adc-e2c7-4723-9826-0bed56c94efe 83096f006f3845cd80432b900d744fd0 1dd1a280350746b5b3b9acc7b9f0c6b1 - - default default] Successfully bumped revision number for resource 1d3f764e-f836-443a-89bc-a8dcfd72cba2 (type: security_group_rules) to 0
2026-04-23 03:38:20.537 8 INFO neutron.db.ovn_revision_numbers_db [None req-07018adc-e2c7-4723-9826-0bed56c94efe 83096f006f3845cd80432b900d744fd0 1dd1a280350746b5b3b9acc7b9f0c6b1 - - default default] Successfully bumped revision number for resource 70cfcf73-a21d-495e-9e0e-4c33b0f70eac (type: security_group_rules) to 0
2026-04-23 03:38:20.548 8 INFO neutron.db.ovn_revision_numbers_db [None req-07018adc-e2c7-4723-9826-0bed56c94efe 83096f006f3845cd80432b900d744fd0 1dd1a280350746b5b3b9acc7b9f0c6b1 - - default default] Successfully bumped revision number for resource edd54e46-26a8-4bec-8d86-25df8ca15824 (type: security_group_rules) to 0 [pid: 8|app: 0|req: 1348/2743] 10.0.0.63 () {32 vars in 773 bytes} [Thu Apr 23 03:38:20 2026] GET /v2.0/security-groups?tenant_id=7ae76442252e44ab824038c1eb871a23&name=default => generated 2929 bytes in 193 msecs (HTTP/1.1 200) 4 headers in 158 bytes (1 switches on core 0) [pid: 7|app: 0|req: 1396/2744] 10.0.0.63 () {32 vars in 739 bytes} [Thu Apr 23 03:38:20 2026] DELETE /v2.0/security-groups/71fa5d57-a90d-43cf-9f20-bc824d7fe68f => generated 0 bytes in 187 msecs (HTTP/1.1 204) 2 headers in 112 bytes (1 switches on core 0) [pid: 8|app: 0|req: 1349/2745] 10.0.0.63 () {34 vars in 675 bytes} [Thu Apr 23 03:38:23 2026] POST /v2.0/subnetpools => generated 516 bytes in 208 msecs (HTTP/1.1 201) 4 headers in 162 bytes (1 switches on core 0) [pid: 7|app: 0|req: 1397/2746] 10.0.0.63 () {34 vars in 758 bytes} [Thu Apr 23 03:38:23 2026] PUT /v2.0/subnetpools/33cbf042-d4e6-4d1a-b9a4-914029f5dae7/tags => generated 25 bytes in 42 msecs (HTTP/1.1 200) 4 headers in 156 bytes (1 switches on core 0) [pid: 8|app: 0|req: 1350/2747] 10.0.0.63 () {32 vars in 738 bytes} [Thu Apr 23 03:38:24 2026] GET /v2.0/subnetpools/33cbf042-d4e6-4d1a-b9a4-914029f5dae7/tags => generated 25 bytes in 26 msecs (HTTP/1.1 200) 4 headers in 156 bytes (1 switches on core 0) [pid: 7|app: 0|req: 1398/2748] 10.0.0.63 () {34 vars in 769 bytes} [Thu Apr 23 03:38:24 2026] PUT /v2.0/subnetpools/33cbf042-d4e6-4d1a-b9a4-914029f5dae7/tags/green => generated 4 bytes in 50 msecs (HTTP/1.1 201) 4 headers in 160 bytes (1 switches on core 0) [pid: 8|app: 0|req: 1351/2749] 10.0.0.63 () {32 vars in 738 bytes} [Thu Apr 23 03:38:24 2026] GET /v2.0/subnetpools/33cbf042-d4e6-4d1a-b9a4-914029f5dae7/tags => generated 34 bytes in 28 msecs (HTTP/1.1 200) 4 headers in 156 bytes (1 switches on core 0) [pid: 7|app: 0|req: 1399/2750] 10.0.0.63 () {34 vars in 765 bytes} [Thu Apr 23 03:38:24 2026] PUT /v2.0/subnetpools/33cbf042-d4e6-4d1a-b9a4-914029f5dae7/tags/red => generated 4 bytes in 38 msecs (HTTP/1.1 201) 4 headers in 160 bytes (1 switches on core 0) [pid: 8|app: 0|req: 1352/2751] 10.0.0.63 () {32 vars in 738 bytes} [Thu Apr 23 03:38:24 2026] GET /v2.0/subnetpools/33cbf042-d4e6-4d1a-b9a4-914029f5dae7/tags => generated 34 bytes in 35 msecs (HTTP/1.1 200) 4 headers in 156 bytes (1 switches on core 0) [pid: 7|app: 0|req: 1400/2752] 10.0.0.63 () {34 vars in 787 bytes} [Thu Apr 23 03:38:24 2026] PUT /v2.0/subnetpools/33cbf042-d4e6-4d1a-b9a4-914029f5dae7/tags/black.or.white => generated 4 bytes in 51 msecs (HTTP/1.1 201) 4 headers in 160 bytes (1 switches on core 0) [pid: 8|app: 0|req: 1353/2753] 10.0.0.63 () {32 vars in 738 bytes} [Thu Apr 23 03:38:24 2026] GET /v2.0/subnetpools/33cbf042-d4e6-4d1a-b9a4-914029f5dae7/tags => generated 52 bytes in 39 msecs (HTTP/1.1 200) 4 headers in 156 bytes (1 switches on core 0) [pid: 7|app: 0|req: 1401/2754] 10.0.0.63 () {34 vars in 758 bytes} [Thu Apr 23 03:38:24 2026] PUT /v2.0/subnetpools/33cbf042-d4e6-4d1a-b9a4-914029f5dae7/tags => generated 37 bytes in 43 msecs (HTTP/1.1 200) 4 headers in 156 bytes (1 switches on core 0) [pid: 8|app: 0|req: 1354/2755] 10.0.0.63 () {32 vars in 738 bytes} [Thu Apr 23 03:38:24 2026] GET /v2.0/subnetpools/33cbf042-d4e6-4d1a-b9a4-914029f5dae7/tags => generated 37 bytes in 27 msecs (HTTP/1.1 200) 4 headers in 156 bytes (1 switches on core 0) [pid: 7|app: 0|req: 1402/2756] 10.0.0.63 () {32 vars in 746 bytes} [Thu Apr 23 03:38:24 2026] GET /v2.0/subnetpools/33cbf042-d4e6-4d1a-b9a4-914029f5dae7/tags/red => generated 0 bytes in 27 msecs (HTTP/1.1 204) 2 headers in 112 bytes (1 switches on core 0)
2026-04-23 03:38:24.443 8 INFO neutron.api.v2.resource [None req-e7b2b534-2351-4ded-998f-3f0b81bd3417 30fefc55dccd4e28abec1b4a05907a9a 7b01d21801924518976d53d3c802eb1e - - default default] show failed (client error): The resource could not be found. [pid: 8|app: 0|req: 1355/2757] 10.0.0.63 () {32 vars in 750 bytes} [Thu Apr 23 03:38:24 2026] GET /v2.0/subnetpools/33cbf042-d4e6-4d1a-b9a4-914029f5dae7/tags/green => generated 99 bytes in 28 msecs (HTTP/1.1 404) 4 headers in 163 bytes (1 switches on core 0) [pid: 7|app: 0|req: 1403/2758] 10.0.0.63 () {32 vars in 749 bytes} [Thu Apr 23 03:38:24 2026] DELETE /v2.0/subnetpools/33cbf042-d4e6-4d1a-b9a4-914029f5dae7/tags/red => generated 0 bytes in 45 msecs (HTTP/1.1 204) 2 headers in 112 bytes (1 switches on core 0) [pid: 8|app: 0|req: 1356/2759] 10.0.0.63 () {32 vars in 738 bytes} [Thu Apr 23 03:38:24 2026] GET /v2.0/subnetpools/33cbf042-d4e6-4d1a-b9a4-914029f5dae7/tags => generated 30 bytes in 31 msecs (HTTP/1.1 200) 4 headers in 156 bytes (1 switches on core 0)
2026-04-23 03:38:24.566 7 INFO neutron.api.v2.resource [None req-fd9cea3f-adf9-4a8f-b30a-922d12e814a2 30fefc55dccd4e28abec1b4a05907a9a 7b01d21801924518976d53d3c802eb1e - - default default] delete failed (client error): The resource could not be found. [pid: 7|app: 0|req: 1404/2760] 10.0.0.63 () {32 vars in 753 bytes} [Thu Apr 23 03:38:24 2026] DELETE /v2.0/subnetpools/33cbf042-d4e6-4d1a-b9a4-914029f5dae7/tags/green => generated 99 bytes in 33 msecs (HTTP/1.1 404) 4 headers in 163 bytes (1 switches on core 0) [pid: 8|app: 0|req: 1357/2761] 10.0.0.63 () {32 vars in 741 bytes} [Thu Apr 23 03:38:24 2026] DELETE /v2.0/subnetpools/33cbf042-d4e6-4d1a-b9a4-914029f5dae7/tags => generated 0 bytes in 44 msecs (HTTP/1.1 204) 2 headers in 112 bytes (1 switches on core 0) [pid: 7|app: 0|req: 1405/2762] 10.0.0.63 () {32 vars in 738 bytes} [Thu Apr 23 03:38:24 2026] GET /v2.0/subnetpools/33cbf042-d4e6-4d1a-b9a4-914029f5dae7/tags => generated 12 bytes in 29 msecs (HTTP/1.1 200) 4 headers in 156 bytes (1 switches on core 0) [pid: 8|app: 0|req: 1358/2763] 10.0.0.63 () {32 vars in 731 bytes} [Thu Apr 23 03:38:24 2026] DELETE /v2.0/subnetpools/33cbf042-d4e6-4d1a-b9a4-914029f5dae7 => generated 0 bytes in 36 msecs (HTTP/1.1 204) 2 headers in 112 bytes (1 switches on core 0)
2026-04-23 03:38:25.425 7 WARNING neutron.db.securitygroups_db [None req-632468c0-58d9-48ed-a2c2-db6a7d8a75eb 83096f006f3845cd80432b900d744fd0 1dd1a280350746b5b3b9acc7b9f0c6b1 - - default default] project_id key not found in filters, using tenant_id instead. This support has been deprecated and will be removed in a future release.
2026-04-23 03:38:25.542 7 INFO neutron.db.ovn_revision_numbers_db [None req-632468c0-58d9-48ed-a2c2-db6a7d8a75eb 83096f006f3845cd80432b900d744fd0 1dd1a280350746b5b3b9acc7b9f0c6b1 - - default default] Successfully bumped revision number for resource 85bef583-0df5-4613-ad5c-edc10156c7fa (type: security_groups) to 1
2026-04-23 03:38:25.555 7 INFO neutron.db.ovn_revision_numbers_db [None req-632468c0-58d9-48ed-a2c2-db6a7d8a75eb 83096f006f3845cd80432b900d744fd0 1dd1a280350746b5b3b9acc7b9f0c6b1 - - default default] Successfully bumped revision number for resource 02b9e4b5-176a-4c58-923b-a99bc7fea05d (type: security_group_rules) to 0
2026-04-23 03:38:25.567 7 INFO neutron.db.ovn_revision_numbers_db [None req-632468c0-58d9-48ed-a2c2-db6a7d8a75eb 83096f006f3845cd80432b900d744fd0 1dd1a280350746b5b3b9acc7b9f0c6b1 - - default default] Successfully bumped revision number for resource 1d525c99-fc89-442e-89db-b7c909dd7ab2 (type: security_group_rules) to 0
2026-04-23 03:38:25.579 7 INFO neutron.db.ovn_revision_numbers_db [None req-632468c0-58d9-48ed-a2c2-db6a7d8a75eb 83096f006f3845cd80432b900d744fd0 1dd1a280350746b5b3b9acc7b9f0c6b1 - - default default] Successfully bumped revision number for resource 7f4616c1-1383-45bf-8804-3941a36277ad (type: security_group_rules) to 0
2026-04-23 03:38:25.592 7 INFO neutron.db.ovn_revision_numbers_db [None req-632468c0-58d9-48ed-a2c2-db6a7d8a75eb 83096f006f3845cd80432b900d744fd0 1dd1a280350746b5b3b9acc7b9f0c6b1 - - default default] Successfully bumped revision number for resource e476652d-d7cc-4cab-afde-a6a8d837ca15 (type: security_group_rules) to 0 [pid: 7|app: 0|req: 1406/2764] 10.0.0.63 () {32 vars in 773 bytes} [Thu Apr 23 03:38:25 2026] GET /v2.0/security-groups?tenant_id=7b01d21801924518976d53d3c802eb1e&name=default => generated 2929 bytes in 300 msecs (HTTP/1.1 200) 4 headers in 158 bytes (1 switches on core 0) [pid: 8|app: 0|req: 1359/2765] 10.0.0.63 () {32 vars in 739 bytes} [Thu Apr 23 03:38:25 2026] DELETE /v2.0/security-groups/85bef583-0df5-4613-ad5c-edc10156c7fa => generated 0 bytes in 185 msecs (HTTP/1.1 204) 2 headers in 112 bytes (1 switches on core 0)
2026-04-23 03:38:25.907 7 WARNING neutron.db.securitygroups_db [None req-9a83c714-0316-48b6-bee0-6658abf83bf4 83096f006f3845cd80432b900d744fd0 1dd1a280350746b5b3b9acc7b9f0c6b1 - - default default] project_id key not found in filters, using tenant_id instead. This support has been deprecated and will be removed in a future release.
2026-04-23 03:38:26.028 7 INFO neutron.db.ovn_revision_numbers_db [None req-9a83c714-0316-48b6-bee0-6658abf83bf4 83096f006f3845cd80432b900d744fd0 1dd1a280350746b5b3b9acc7b9f0c6b1 - - default default] Successfully bumped revision number for resource de169988-86e2-43a7-8106-1bad14840a81 (type: security_groups) to 1
2026-04-23 03:38:26.040 7 INFO neutron.db.ovn_revision_numbers_db [None req-9a83c714-0316-48b6-bee0-6658abf83bf4 83096f006f3845cd80432b900d744fd0 1dd1a280350746b5b3b9acc7b9f0c6b1 - - default default] Successfully bumped revision number for resource 503af035-80ef-45ec-84bb-a313fc0e2a8c (type: security_group_rules) to 0
2026-04-23 03:38:26.051 7 INFO neutron.db.ovn_revision_numbers_db [None req-9a83c714-0316-48b6-bee0-6658abf83bf4 83096f006f3845cd80432b900d744fd0 1dd1a280350746b5b3b9acc7b9f0c6b1 - - default default] Successfully bumped revision number for resource 8bc71d95-6372-449e-991a-c11baa902041 (type: security_group_rules) to 0
2026-04-23 03:38:26.063 7 INFO neutron.db.ovn_revision_numbers_db [None req-9a83c714-0316-48b6-bee0-6658abf83bf4 83096f006f3845cd80432b900d744fd0 1dd1a280350746b5b3b9acc7b9f0c6b1 - - default default] Successfully bumped revision number for resource c071e118-91ea-47a2-b86b-cb5562a8d3df (type: security_group_rules) to 0
2026-04-23 03:38:26.075 7 INFO neutron.db.ovn_revision_numbers_db [None req-9a83c714-0316-48b6-bee0-6658abf83bf4 83096f006f3845cd80432b900d744fd0 1dd1a280350746b5b3b9acc7b9f0c6b1 - - default default] Successfully bumped revision number for resource cb3f218a-1157-49a4-8c2e-dba93a5a7957 (type: security_group_rules) to 0 [pid: 7|app: 0|req: 1407/2766] 10.0.0.63 () {32 vars in 773 bytes} [Thu Apr 23 03:38:25 2026] GET /v2.0/security-groups?tenant_id=e98529b88e71432ba13692445ef946af&name=default => generated 2929 bytes in 215 msecs (HTTP/1.1 200) 4 headers in 158 bytes (1 switches on core 0) [pid: 8|app: 0|req: 1360/2767] 10.0.0.63 () {32 vars in 739 bytes} [Thu Apr 23 03:38:26 2026] DELETE /v2.0/security-groups/de169988-86e2-43a7-8106-1bad14840a81 => generated 0 bytes in 195 msecs (HTTP/1.1 204) 2 headers in 112 bytes (1 switches on core 0)
2026-04-23 03:38:29.600 7 INFO neutron.db.ovn_revision_numbers_db [None req-2e369dc2-4a7e-47b2-8e6d-dbc603bf26f4 daa538a5040443b887d8ca1962910677 3e1eb46656bf415b942b9a754715256e - - default default] Successfully bumped revision number for resource 45afd796-aaaa-4a2b-9730-663bc7088518 (type: security_groups) to 1
2026-04-23 03:38:29.612 7 INFO neutron.db.ovn_revision_numbers_db [None req-2e369dc2-4a7e-47b2-8e6d-dbc603bf26f4 daa538a5040443b887d8ca1962910677 3e1eb46656bf415b942b9a754715256e - - default default] Successfully bumped revision number for resource 05ac425e-d3eb-4624-bc59-197f6fbdb2ba (type: security_group_rules) to 0
2026-04-23 03:38:29.624 7 INFO neutron.db.ovn_revision_numbers_db [None req-2e369dc2-4a7e-47b2-8e6d-dbc603bf26f4 daa538a5040443b887d8ca1962910677 3e1eb46656bf415b942b9a754715256e - - default default] Successfully bumped revision number for resource 08de6fc6-b6cf-42f8-8e50-74498fa9e9fa (type: security_group_rules) to 0
2026-04-23 03:38:29.637 7 INFO neutron.db.ovn_revision_numbers_db [None req-2e369dc2-4a7e-47b2-8e6d-dbc603bf26f4 daa538a5040443b887d8ca1962910677 3e1eb46656bf415b942b9a754715256e - - default default] Successfully bumped revision number for resource 47945501-9397-428d-b31b-48ba3ae092a3 (type: security_group_rules) to 0
2026-04-23 03:38:29.650 7 INFO neutron.db.ovn_revision_numbers_db [None req-2e369dc2-4a7e-47b2-8e6d-dbc603bf26f4 daa538a5040443b887d8ca1962910677 3e1eb46656bf415b942b9a754715256e - - default default] Successfully bumped revision number for resource 716368e8-a2c6-46a4-b3ed-fe049d233f56 (type: security_group_rules) to 0
2026-04-23 03:38:29.727 7 INFO neutron.db.segments_db [None req-2e369dc2-4a7e-47b2-8e6d-dbc603bf26f4 daa538a5040443b887d8ca1962910677 3e1eb46656bf415b942b9a754715256e - - default default] Added segment 6d67934f-a06b-4097-9bc7-6c98c4822ac0 of type geneve for network e9989606-781d-4aed-8a54-d1890240728c
2026-04-23 03:38:29.834 7 INFO neutron.db.ovn_revision_numbers_db [None req-2e369dc2-4a7e-47b2-8e6d-dbc603bf26f4 daa538a5040443b887d8ca1962910677 3e1eb46656bf415b942b9a754715256e - - default default] Successfully bumped revision number for resource e9989606-781d-4aed-8a54-d1890240728c (type: networks) to 1
2026-04-23 03:38:29.992 7 WARNING neutron.scheduler.dhcp_agent_scheduler [None req-2e369dc2-4a7e-47b2-8e6d-dbc603bf26f4 daa538a5040443b887d8ca1962910677 3e1eb46656bf415b942b9a754715256e - - default default] No more DHCP agents
2026-04-23 03:38:29.994 7 WARNING neutron.api.rpc.agentnotifiers.dhcp_rpc_agent_api [None req-2e369dc2-4a7e-47b2-8e6d-dbc603bf26f4 daa538a5040443b887d8ca1962910677 3e1eb46656bf415b942b9a754715256e - - default default] Unable to schedule network e9989606-781d-4aed-8a54-d1890240728c: no agents available; will retry on subsequent port and subnet creation events.
2026-04-23 03:38:30.043 7 INFO neutron.plugins.ml2.drivers.ovn.mech_driver.mech_driver [None req-720cdaf4-0acd-4f47-a422-1ade9857f644 - - - - - -] OVN reports status down for port: b605b74f-1f47-4a01-87e8-6f3cf847231d
2026-04-23 03:38:30.109 7 INFO neutron.db.ovn_revision_numbers_db [None req-2e369dc2-4a7e-47b2-8e6d-dbc603bf26f4 daa538a5040443b887d8ca1962910677 3e1eb46656bf415b942b9a754715256e - - default default] Successfully bumped revision number for resource b605b74f-1f47-4a01-87e8-6f3cf847231d (type: ports) to 1 [pid: 7|app: 0|req: 1408/2768] 10.0.0.63 () {34 vars in 669 bytes} [Thu Apr 23 03:38:29 2026] POST /v2.0/networks => generated 664 bytes in 822 msecs (HTTP/1.1 201) 4 headers in 162 bytes (1 switches on core 0)
2026-04-23 03:38:30.347 8 WARNING neutron.scheduler.dhcp_agent_scheduler [None req-e48992c5-75a1-41e0-913c-0648c190b6fa daa538a5040443b887d8ca1962910677 3e1eb46656bf415b942b9a754715256e - - default default] No more DHCP agents
2026-04-23 03:38:30.349 8 WARNING neutron.api.rpc.agentnotifiers.dhcp_rpc_agent_api [None req-e48992c5-75a1-41e0-913c-0648c190b6fa daa538a5040443b887d8ca1962910677 3e1eb46656bf415b942b9a754715256e - - default default] Unable to schedule network e9989606-781d-4aed-8a54-d1890240728c: no agents available; will retry on subsequent port and subnet creation events.
2026-04-23 03:38:30.765 8 INFO neutron.db.ovn_revision_numbers_db [None req-e48992c5-75a1-41e0-913c-0648c190b6fa daa538a5040443b887d8ca1962910677 3e1eb46656bf415b942b9a754715256e - - default default] Successfully bumped revision number for resource b605b74f-1f47-4a01-87e8-6f3cf847231d (type: ports) to 2
2026-04-23 03:38:30.794 8 INFO neutron.db.ovn_revision_numbers_db [None req-e48992c5-75a1-41e0-913c-0648c190b6fa daa538a5040443b887d8ca1962910677 3e1eb46656bf415b942b9a754715256e - - default default] Successfully bumped revision number for resource 79c6ccb8-17ca-423d-9198-84f86c17bbf2 (type: subnets) to 0 [pid: 8|app: 0|req: 1361/2769] 10.0.0.63 () {34 vars in 668 bytes} [Thu Apr 23 03:38:30 2026] POST /v2.0/subnets => generated 626 bytes in 647 msecs (HTTP/1.1 201) 4 headers in 162 bytes (1 switches on core 0)
2026-04-23 03:38:31.209 7 WARNING neutron.scheduler.dhcp_agent_scheduler [None req-52081a0c-45e5-4305-b09e-18c7d62a7e7a daa538a5040443b887d8ca1962910677 3e1eb46656bf415b942b9a754715256e - - default default] No more DHCP agents
2026-04-23 03:38:31.211 7 WARNING neutron.api.rpc.agentnotifiers.dhcp_rpc_agent_api [None req-52081a0c-45e5-4305-b09e-18c7d62a7e7a daa538a5040443b887d8ca1962910677 3e1eb46656bf415b942b9a754715256e - - default default] Unable to schedule network e7923463-bbd3-49a7-98c8-122ecb99b64f: no agents available; will retry on subsequent port and subnet creation events.
2026-04-23 03:38:31.336 8 INFO neutron.plugins.ml2.drivers.ovn.mech_driver.mech_driver [None req-636183bf-bfa9-4554-bc58-828e3b6ba8ab - - - - - -] OVN reports status down for port: feb820c8-b6f2-4f5a-a895-f9e7f1e0d168
2026-04-23 03:38:31.349 7 INFO neutron.db.ovn_revision_numbers_db [None req-52081a0c-45e5-4305-b09e-18c7d62a7e7a daa538a5040443b887d8ca1962910677 3e1eb46656bf415b942b9a754715256e - - default default] Successfully bumped revision number for resource feb820c8-b6f2-4f5a-a895-f9e7f1e0d168 (type: ports) to 1
2026-04-23 03:38:31.924 8 INFO neutron.plugins.ml2.drivers.ovn.mech_driver.mech_driver [None req-636183bf-bfa9-4554-bc58-828e3b6ba8ab - - - - - -] OVN reports status up for port: feb820c8-b6f2-4f5a-a895-f9e7f1e0d168
2026-04-23 03:38:31.937 8 INFO neutron.plugins.ml2.plugin [None req-636183bf-bfa9-4554-bc58-828e3b6ba8ab - - - - - -] Attempt 1 to provision port feb820c8-b6f2-4f5a-a895-f9e7f1e0d168
2026-04-23 03:38:31.955 7 INFO neutron.db.ovn_revision_numbers_db [None req-52081a0c-45e5-4305-b09e-18c7d62a7e7a daa538a5040443b887d8ca1962910677 3e1eb46656bf415b942b9a754715256e - - default default] Successfully bumped revision number for resource feb820c8-b6f2-4f5a-a895-f9e7f1e0d168 (type: router_ports) to 1
2026-04-23 03:38:32.027 7 INFO neutron.db.ovn_revision_numbers_db [None req-52081a0c-45e5-4305-b09e-18c7d62a7e7a daa538a5040443b887d8ca1962910677 3e1eb46656bf415b942b9a754715256e - - default default] Successfully bumped revision number for resource d632169a-fc09-471f-bbe5-0f84fe8af3d4 (type: routers) to 2 [pid: 7|app: 0|req: 1409/2770] 10.0.0.63 () {34 vars in 668 bytes} [Thu Apr 23 03:38:30 2026] POST /v2.0/routers => generated 957 bytes in 1230 msecs (HTTP/1.1 201) 4 headers in 162 bytes (1 switches on core 0)
2026-04-23 03:38:32.532 8 WARNING neutron.scheduler.dhcp_agent_scheduler [None req-1037c956-7b25-4ae6-8a5c-50cf2a1477d0 daa538a5040443b887d8ca1962910677 3e1eb46656bf415b942b9a754715256e - - default default] No more DHCP agents
2026-04-23 03:38:32.533 8 WARNING neutron.api.rpc.agentnotifiers.dhcp_rpc_agent_api [None req-1037c956-7b25-4ae6-8a5c-50cf2a1477d0 daa538a5040443b887d8ca1962910677 3e1eb46656bf415b942b9a754715256e - - default default] Unable to schedule network e9989606-781d-4aed-8a54-d1890240728c: no agents available; will retry on subsequent port and subnet creation events.
2026-04-23 03:38:32.655 7 INFO neutron.plugins.ml2.drivers.ovn.mech_driver.mech_driver [None req-720cdaf4-0acd-4f47-a422-1ade9857f644 - - - - - -] OVN reports status down for port: 609785d8-b94a-4aa0-a4f1-73b5d2214383
2026-04-23 03:38:32.686 8 INFO neutron.db.ovn_revision_numbers_db [None req-1037c956-7b25-4ae6-8a5c-50cf2a1477d0 daa538a5040443b887d8ca1962910677 3e1eb46656bf415b942b9a754715256e - - default default] Successfully bumped revision number for resource 609785d8-b94a-4aa0-a4f1-73b5d2214383 (type: ports) to 1
2026-04-23 03:38:33.271 7 INFO neutron.plugins.ml2.drivers.ovn.mech_driver.mech_driver [None req-720cdaf4-0acd-4f47-a422-1ade9857f644 - - - - - -] OVN reports status up for port: 609785d8-b94a-4aa0-a4f1-73b5d2214383
2026-04-23 03:38:33.284 7 INFO neutron.plugins.ml2.plugin [None req-720cdaf4-0acd-4f47-a422-1ade9857f644 - - - - - -] Attempt 1 to provision port 609785d8-b94a-4aa0-a4f1-73b5d2214383
2026-04-23 03:38:33.342 8 WARNING neutron.scheduler.dhcp_agent_scheduler [None req-1037c956-7b25-4ae6-8a5c-50cf2a1477d0 daa538a5040443b887d8ca1962910677 3e1eb46656bf415b942b9a754715256e - - default default] No more DHCP agents
2026-04-23 03:38:33.344 8 WARNING neutron.api.rpc.agentnotifiers.dhcp_rpc_agent_api [None req-1037c956-7b25-4ae6-8a5c-50cf2a1477d0 daa538a5040443b887d8ca1962910677 3e1eb46656bf415b942b9a754715256e - - default default] Unable to schedule network e9989606-781d-4aed-8a54-d1890240728c: no agents available; will retry on subsequent port and subnet creation events.
2026-04-23 03:38:33.592 7 INFO neutron.db.ovn_revision_numbers_db [None req-720cdaf4-0acd-4f47-a422-1ade9857f644 - - - - - -] Successfully bumped revision number for resource 609785d8-b94a-4aa0-a4f1-73b5d2214383 (type: ports) to 2
2026-04-23 03:38:33.653 8 INFO neutron.db.ovn_revision_numbers_db [None req-1037c956-7b25-4ae6-8a5c-50cf2a1477d0 daa538a5040443b887d8ca1962910677 3e1eb46656bf415b942b9a754715256e - - default default] Successfully bumped revision number for resource 609785d8-b94a-4aa0-a4f1-73b5d2214383 (type: router_ports) to 1 [pid: 8|app: 0|req: 1362/2771] 10.0.0.63 () {34 vars in 782 bytes} [Thu Apr 23 03:38:32 2026] PUT /v2.0/routers/d632169a-fc09-471f-bbe5-0f84fe8af3d4/add_router_interface => generated 310 bytes in 1610 msecs (HTTP/1.1 200) 4 headers in 157 bytes (1 switches on core 0)
2026-04-23 03:38:34.289 7 WARNING neutron.scheduler.dhcp_agent_scheduler [None req-cbac9d12-ea74-4c54-82fe-cfc9606237c2 - - - - - -] No more DHCP agents
2026-04-23 03:38:34.291 7 WARNING neutron.api.rpc.agentnotifiers.dhcp_rpc_agent_api [None req-cbac9d12-ea74-4c54-82fe-cfc9606237c2 - - - - - -] Unable to schedule network e7923463-bbd3-49a7-98c8-122ecb99b64f: no agents available; will retry on subsequent port and subnet creation events.
2026-04-23 03:38:34.439 7 INFO neutron.db.ovn_revision_numbers_db [None req-cbac9d12-ea74-4c54-82fe-cfc9606237c2 - - - - - -] Successfully bumped revision number for resource 1c04fd7d-ca54-4355-a9f0-37881b1bc2d2 (type: ports) to 1
2026-04-23 03:38:34.675 7 INFO neutron.db.ovn_revision_numbers_db [None req-cbac9d12-ea74-4c54-82fe-cfc9606237c2 - - - - - -] Successfully bumped revision number for resource 1c04fd7d-ca54-4355-a9f0-37881b1bc2d2 (type: ports) to 3
2026-04-23 03:38:34.737 7 INFO neutron.db.segments_db [None req-cbac9d12-ea74-4c54-82fe-cfc9606237c2 - - - - - -] Added segment b157925e-badb-4f81-8114-447d2fb49205 of type geneve for network 291e2490-e918-476d-b61b-ad5b8c6f1a4f
2026-04-23 03:38:34.833 7 INFO neutron.db.ovn_revision_numbers_db [None req-488ee0d3-28f6-4f31-ae7b-408bacd5365e - - - - - -] Successfully bumped revision number for resource 291e2490-e918-476d-b61b-ad5b8c6f1a4f (type: networks) to 1
2026-04-23 03:38:34.943 7 WARNING neutron.scheduler.dhcp_agent_scheduler [None req-488ee0d3-28f6-4f31-ae7b-408bacd5365e - - - - - -] No more DHCP agents
2026-04-23 03:38:34.944 7 WARNING neutron.api.rpc.agentnotifiers.dhcp_rpc_agent_api [None req-488ee0d3-28f6-4f31-ae7b-408bacd5365e - - - - - -] Unable to schedule network 291e2490-e918-476d-b61b-ad5b8c6f1a4f: no agents available; will retry on subsequent port and subnet creation events.
2026-04-23 03:38:35.012 7 INFO neutron.db.ovn_revision_numbers_db [None req-488ee0d3-28f6-4f31-ae7b-408bacd5365e - - - - - -] Successfully bumped revision number for resource 1e0e18ff-82e1-48d3-aaff-7cd60708d943 (type: ports) to 1
2026-04-23 03:38:35.130 7 WARNING neutron.scheduler.dhcp_agent_scheduler [None req-488ee0d3-28f6-4f31-ae7b-408bacd5365e - - - - - -] No more DHCP agents
2026-04-23 03:38:35.132 7 WARNING neutron.api.rpc.agentnotifiers.dhcp_rpc_agent_api [None req-488ee0d3-28f6-4f31-ae7b-408bacd5365e - - - - - -] Unable to schedule network 291e2490-e918-476d-b61b-ad5b8c6f1a4f: no agents available; will retry on subsequent port and subnet creation events.
2026-04-23 03:38:35.153 7 INFO neutron.db.ovn_revision_numbers_db [None req-488ee0d3-28f6-4f31-ae7b-408bacd5365e - - - - - -] Successfully bumped revision number for resource 31e3f365-1256-4a23-b767-e1ec730d2a47 (type: subnets) to 0
2026-04-23 03:38:35.536 7 WARNING neutron.scheduler.dhcp_agent_scheduler [None req-488ee0d3-28f6-4f31-ae7b-408bacd5365e - - - - - -] No more DHCP agents
2026-04-23 03:38:35.537 7 WARNING neutron.api.rpc.agentnotifiers.dhcp_rpc_agent_api [None req-488ee0d3-28f6-4f31-ae7b-408bacd5365e - - - - - -] Unable to schedule network 291e2490-e918-476d-b61b-ad5b8c6f1a4f: no agents available; will retry on subsequent port and subnet creation events.
2026-04-23 03:38:35.674 7 INFO neutron.db.ovn_revision_numbers_db [None req-488ee0d3-28f6-4f31-ae7b-408bacd5365e - - - - - -] Successfully bumped revision number for resource ab7c5841-b562-449a-b441-22628a5efa01 (type: ports) to 1
2026-04-23 03:38:36.332 7 WARNING neutron.scheduler.dhcp_agent_scheduler [None req-488ee0d3-28f6-4f31-ae7b-408bacd5365e - - - - - -] No more DHCP agents
2026-04-23 03:38:36.333 7 WARNING neutron.api.rpc.agentnotifiers.dhcp_rpc_agent_api [None req-488ee0d3-28f6-4f31-ae7b-408bacd5365e - - - - - -] Unable to schedule network 291e2490-e918-476d-b61b-ad5b8c6f1a4f: no agents available; will retry on subsequent port and subnet creation events.
2026-04-23 03:38:36.714 7 INFO neutron.db.ovn_revision_numbers_db [None req-488ee0d3-28f6-4f31-ae7b-408bacd5365e - - - - - -] Successfully bumped revision number for resource ab7c5841-b562-449a-b441-22628a5efa01 (type: router_ports) to 1
2026-04-23 03:38:36.900 7 WARNING neutron.scheduler.dhcp_agent_scheduler [None req-488ee0d3-28f6-4f31-ae7b-408bacd5365e - - - - - -] No more DHCP agents
2026-04-23 03:38:36.901 7 WARNING neutron.api.rpc.agentnotifiers.dhcp_rpc_agent_api [None req-488ee0d3-28f6-4f31-ae7b-408bacd5365e - - - - - -] Unable to schedule network 291e2490-e918-476d-b61b-ad5b8c6f1a4f: no agents available; will retry on subsequent port and subnet creation events.
2026-04-23 03:38:37.051 7 INFO neutron.db.ovn_revision_numbers_db [None req-488ee0d3-28f6-4f31-ae7b-408bacd5365e - - - - - -] Successfully bumped revision number for resource 50a79275-7003-4a46-8784-eb00b7743770 (type: ports) to 1
2026-04-23 03:38:37.303 7 INFO neutron.db.ovn_revision_numbers_db [None req-488ee0d3-28f6-4f31-ae7b-408bacd5365e - - - - - -] Successfully bumped revision number for resource 50a79275-7003-4a46-8784-eb00b7743770 (type: ports) to 3
2026-04-23 03:38:37.449 8 WARNING neutron.plugins.ml2.drivers.ovn.mech_driver.ovsdb.ovn_client [None req-636183bf-bfa9-4554-bc58-828e3b6ba8ab - - - - - -] No hosting information found for port feb820c8-b6f2-4f5a-a895-f9e7f1e0d168: RuntimeError: No hosting information found for port feb820c8-b6f2-4f5a-a895-f9e7f1e0d168
2026-04-23 03:38:37.497 8 INFO neutron.common.ovn.utils [None req-636183bf-bfa9-4554-bc58-828e3b6ba8ab - - - - - -] HA Chassis Group neutron-e9989606-781d-4aed-8a54-d1890240728c synchronized; highest priority chassis e8f408aa-69d3-4e05-9fd7-995c5f1c4b67
2026-04-23 03:38:37.515 8 INFO neutron.plugins.ml2.drivers.ovn.mech_driver.mech_driver [None req-636183bf-bfa9-4554-bc58-828e3b6ba8ab - - - - - -] OVN reports status down for port: 1e0e18ff-82e1-48d3-aaff-7cd60708d943
2026-04-23 03:38:37.577 8 INFO neutron.plugins.ml2.drivers.ovn.mech_driver.mech_driver [None req-636183bf-bfa9-4554-bc58-828e3b6ba8ab - - - - - -] OVN reports status down for port: ab7c5841-b562-449a-b441-22628a5efa01 [pid: 7|app: 0|req: 1410/2774] 10.0.0.63 () {34 vars in 684 bytes} [Thu Apr 23 03:38:33 2026] POST /v2.0/vpn/vpnservices => generated 458 bytes in 3958 msecs (HTTP/1.1 201) 4 headers in 162 bytes (1 switches on core 0)
2026-04-23 03:38:37.654 8 WARNING neutron.plugins.ml2.drivers.ovn.mech_driver.ovsdb.ovn_client [None req-636183bf-bfa9-4554-bc58-828e3b6ba8ab - - - - - -] Logical_Switch_Port ab7c5841-b562-449a-b441-22628a5efa01 host information not removed, the port state is up
2026-04-23 03:38:37.654 8 INFO neutron.plugins.ml2.drivers.ovn.mech_driver.mech_driver [None req-636183bf-bfa9-4554-bc58-828e3b6ba8ab - - - - - -] OVN reports status up for port: ab7c5841-b562-449a-b441-22628a5efa01
2026-04-23 03:38:37.670 8 INFO neutron.plugins.ml2.plugin [None req-636183bf-bfa9-4554-bc58-828e3b6ba8ab - - - - - -] Attempt 1 to provision port ab7c5841-b562-449a-b441-22628a5efa01
2026-04-23 03:38:38.222 7 WARNING neutron.plugins.ml2.drivers.ovn.mech_driver.ovsdb.ovn_client [None req-7d3bf3a1-d176-46ef-a333-303a40b5cd6b - - - - - -] No hosting information found for port 609785d8-b94a-4aa0-a4f1-73b5d2214383: RuntimeError: No hosting information found for port 609785d8-b94a-4aa0-a4f1-73b5d2214383
2026-04-23 03:38:38.308 7 INFO neutron.db.ovn_revision_numbers_db [None req-7d3bf3a1-d176-46ef-a333-303a40b5cd6b - - - - - -] Successfully bumped revision number for resource 609785d8-b94a-4aa0-a4f1-73b5d2214383 (type: router_ports) to 2
2026-04-23 03:38:38.308 7 INFO neutron.plugins.ml2.drivers.ovn.mech_driver.mech_driver [None req-7d3bf3a1-d176-46ef-a333-303a40b5cd6b - - - - - -] OVN reports status down for port: 1c04fd7d-ca54-4355-a9f0-37881b1bc2d2
2026-04-23 03:38:38.355 7 INFO neutron.plugins.ml2.drivers.ovn.mech_driver.mech_driver [None req-7d3bf3a1-d176-46ef-a333-303a40b5cd6b - - - - - -] OVN reports status down for port: 50a79275-7003-4a46-8784-eb00b7743770 [pid: 8|app: 0|req: 1365/2775] 10.0.0.63 () {34 vars in 684 bytes} [Thu Apr 23 03:38:37 2026] POST /v2.0/vpn/vpnservices => generated 424 bytes in 1356 msecs (HTTP/1.1 201) 4 headers in 162 bytes (1 switches on core 0) [pid: 7|app: 0|req: 1411/2776] 10.0.0.63 () {34 vars in 683 bytes} [Thu Apr 23 03:38:38 2026] POST /v2.0/vpn/ikepolicies => generated 403 bytes in 102 msecs (HTTP/1.1 201) 4 headers in 162 bytes (1 switches on core 0) [pid: 8|app: 0|req: 1366/2777] 10.0.0.63 () {34 vars in 687 bytes} [Thu Apr 23 03:38:39 2026] POST /v2.0/vpn/ipsecpolicies => generated 413 bytes in 89 msecs (HTTP/1.1 201) 4 headers in 162 bytes (1 switches on core 0)
2026-04-23 03:38:39.194 8 INFO neutron.db.ovn_revision_numbers_db [None req-636183bf-bfa9-4554-bc58-828e3b6ba8ab - - - - - -] Successfully bumped revision number for resource ab7c5841-b562-449a-b441-22628a5efa01 (type: ports) to 2 [pid: 7|app: 0|req: 1412/2778] 10.0.0.63 () {34 vars in 692 bytes} [Thu Apr 23 03:38:39 2026] POST /v2.0/vpn/endpoint-groups => generated 327 bytes in 87 msecs (HTTP/1.1 201) 4 headers in 162 bytes (1 switches on core 0) [pid: 8|app: 0|req: 1367/2779] 10.0.0.63 () {34 vars in 692 bytes} [Thu Apr 23 03:38:39 2026] POST /v2.0/vpn/endpoint-groups => generated 320 bytes in 55 msecs (HTTP/1.1 201) 4 headers in 162 bytes (1 switches on core 0)
2026-04-23 03:38:39.967 7 INFO neutron.db.ovn_revision_numbers_db [None req-c69ff330-4114-4925-b30f-2d17c3601754 daa538a5040443b887d8ca1962910677 3e1eb46656bf415b942b9a754715256e - - default default] Successfully bumped revision number for resource d632169a-fc09-471f-bbe5-0f84fe8af3d4 (type: routers) to 5 [pid: 7|app: 0|req: 1413/2780] 10.0.0.63 () {34 vars in 706 bytes} [Thu Apr 23 03:38:39 2026] POST /v2.0/vpn/ipsec-site-connections => generated 802 bytes in 681 msecs (HTTP/1.1 201) 4 headers in 162 bytes (1 switches on core 0) [pid: 8|app: 0|req: 1368/2781] 10.0.0.63 () {34 vars in 692 bytes} [Thu Apr 23 03:38:40 2026] POST /v2.0/vpn/endpoint-groups => generated 290 bytes in 50 msecs (HTTP/1.1 201) 4 headers in 162 bytes (1 switches on core 0) [pid: 7|app: 0|req: 1414/2782] 10.0.0.63 () {32 vars in 747 bytes} [Thu Apr 23 03:38:40 2026] DELETE /v2.0/vpn/endpoint-groups/431d04c6-8053-4351-bdf3-21b169703ccc => generated 0 bytes in 33 msecs (HTTP/1.1 204) 2 headers in 112 bytes (1 switches on core 0) [pid: 8|app: 0|req: 1369/2783] 10.0.0.63 () {32 vars in 670 bytes} [Thu Apr 23 03:38:40 2026] GET /v2.0/vpn/endpoint-groups => generated 632 bytes in 12 msecs (HTTP/1.1 200) 4 headers in 157 bytes (1 switches on core 0) [pid: 7|app: 0|req: 1415/2784] 10.0.0.63 () {32 vars in 670 bytes} [Thu Apr 23 03:38:40 2026] GET /v2.0/vpn/endpoint-groups => generated 632 bytes in 12 msecs (HTTP/1.1 200) 4 headers in 157 bytes (1 switches on core 0) [pid: 8|app: 0|req: 1370/2785] 10.0.0.63 () {34 vars in 684 bytes} [Thu Apr 23 03:38:40 2026] POST /v2.0/vpn/ikepolicies => generated 402 bytes in 112 msecs (HTTP/1.1 201) 4 headers in 162 bytes (1 switches on core 0) [pid: 7|app: 0|req: 1416/2786] 10.0.0.63 () {32 vars in 662 bytes} [Thu Apr 23 03:38:40 2026] GET /v2.0/vpn/ikepolicies => generated 796 bytes in 18 msecs (HTTP/1.1 200) 4 headers in 157 bytes (1 switches on core 0) [pid: 8|app: 0|req: 1371/2787] 10.0.0.63 () {32 vars in 739 bytes} [Thu Apr 23 03:38:40 2026] DELETE /v2.0/vpn/ikepolicies/ec29c0be-f371-4d97-8349-b571ea8eb547 => generated 0 bytes in 46 msecs (HTTP/1.1 204) 2 headers in 112 bytes (1 switches on core 0) [pid: 7|app: 0|req: 1417/2788] 10.0.0.63 () {34 vars in 688 bytes} [Thu Apr 23 03:38:40 2026] POST /v2.0/vpn/ipsecpolicies => generated 411 bytes in 47 msecs (HTTP/1.1 201) 4 headers in 162 bytes (1 switches on core 0) [pid: 8|app: 0|req: 1372/2789] 10.0.0.63 () {32 vars in 666 bytes} [Thu Apr 23 03:38:40 2026] GET /v2.0/vpn/ipsecpolicies => generated 813 bytes in 15 msecs (HTTP/1.1 200) 4 headers in 157 bytes (1 switches on core 0) [pid: 7|app: 0|req: 1418/2790] 10.0.0.63 () {32 vars in 743 bytes} [Thu Apr 23 03:38:40 2026] DELETE /v2.0/vpn/ipsecpolicies/710d3ef2-28bf-4cb6-87b4-ee57e24519e2 => generated 0 bytes in 43 msecs (HTTP/1.1 204) 2 headers in 112 bytes (1 switches on core 0)
2026-04-23 03:38:40.884 8 INFO neutron.db.segments_db [None req-244c7860-7af7-4d99-a608-3ac974fff1a1 daa538a5040443b887d8ca1962910677 3e1eb46656bf415b942b9a754715256e - - default default] Added segment 725a5a75-3003-4854-990e-b1dfea0a1c25 of type geneve for network d62777e2-bc9e-4665-9e27-e0efb0cd8fa0
2026-04-23 03:38:40.986 8 INFO neutron.db.ovn_revision_numbers_db [None req-244c7860-7af7-4d99-a608-3ac974fff1a1 daa538a5040443b887d8ca1962910677 3e1eb46656bf415b942b9a754715256e - - default default] Successfully bumped revision number for resource d62777e2-bc9e-4665-9e27-e0efb0cd8fa0 (type: networks) to 1
2026-04-23 03:38:41.137 8 WARNING neutron.scheduler.dhcp_agent_scheduler [None req-244c7860-7af7-4d99-a608-3ac974fff1a1 daa538a5040443b887d8ca1962910677 3e1eb46656bf415b942b9a754715256e - - default default] No more DHCP agents
2026-04-23 03:38:41.139 8 WARNING neutron.api.rpc.agentnotifiers.dhcp_rpc_agent_api [None req-244c7860-7af7-4d99-a608-3ac974fff1a1 daa538a5040443b887d8ca1962910677 3e1eb46656bf415b942b9a754715256e - - default default] Unable to schedule network d62777e2-bc9e-4665-9e27-e0efb0cd8fa0: no agents available; will retry on subsequent port and subnet creation events.
2026-04-23 03:38:41.229 8 INFO neutron.db.ovn_revision_numbers_db [None req-244c7860-7af7-4d99-a608-3ac974fff1a1 daa538a5040443b887d8ca1962910677 3e1eb46656bf415b942b9a754715256e - - default default] Successfully bumped revision number for resource 153138e8-30f9-447a-bf44-8221f0726e08 (type: ports) to 1 [pid: 8|app: 0|req: 1373/2791] 10.0.0.63 () {34 vars in 669 bytes} [Thu Apr 23 03:38:40 2026] POST /v2.0/networks => generated 669 bytes in 472 msecs (HTTP/1.1 201) 4 headers in 162 bytes (1 switches on core 0)
2026-04-23 03:38:41.495 7 WARNING neutron.scheduler.dhcp_agent_scheduler [None req-ae998b3d-57ea-4940-8501-2cf3170025bc daa538a5040443b887d8ca1962910677 3e1eb46656bf415b942b9a754715256e - - default default] No more DHCP agents
2026-04-23 03:38:41.496 7 WARNING neutron.api.rpc.agentnotifiers.dhcp_rpc_agent_api [None req-ae998b3d-57ea-4940-8501-2cf3170025bc daa538a5040443b887d8ca1962910677 3e1eb46656bf415b942b9a754715256e - - default default] Unable to schedule network d62777e2-bc9e-4665-9e27-e0efb0cd8fa0: no agents available; will retry on subsequent port and subnet creation events.
2026-04-23 03:38:42.001 7 INFO neutron.db.ovn_revision_numbers_db [None req-ae998b3d-57ea-4940-8501-2cf3170025bc daa538a5040443b887d8ca1962910677 3e1eb46656bf415b942b9a754715256e - - default default] Successfully bumped revision number for resource 153138e8-30f9-447a-bf44-8221f0726e08 (type: ports) to 2
2026-04-23 03:38:42.029 7 INFO neutron.db.ovn_revision_numbers_db [None req-ae998b3d-57ea-4940-8501-2cf3170025bc daa538a5040443b887d8ca1962910677 3e1eb46656bf415b942b9a754715256e - - default default] Successfully bumped revision number for resource 9b10138e-23ba-4254-a5d8-e72459c8fffe (type: subnets) to 0 [pid: 7|app: 0|req: 1419/2792] 10.0.0.63 () {34 vars in 668 bytes} [Thu Apr 23 03:38:41 2026] POST /v2.0/subnets => generated 629 bytes in 779 msecs (HTTP/1.1 201) 4 headers in 162 bytes (1 switches on core 0)
2026-04-23 03:38:42.496 8 WARNING neutron.scheduler.dhcp_agent_scheduler [None req-f5840319-3c48-4252-982d-6806210a410e daa538a5040443b887d8ca1962910677 3e1eb46656bf415b942b9a754715256e - - default default] No more DHCP agents
2026-04-23 03:38:42.498 8 WARNING neutron.api.rpc.agentnotifiers.dhcp_rpc_agent_api [None req-f5840319-3c48-4252-982d-6806210a410e daa538a5040443b887d8ca1962910677 3e1eb46656bf415b942b9a754715256e - - default default] Unable to schedule network e7923463-bbd3-49a7-98c8-122ecb99b64f: no agents available; will retry on subsequent port and subnet creation events.
2026-04-23 03:38:42.610 7 INFO neutron.plugins.ml2.drivers.ovn.mech_driver.mech_driver [None req-7d3bf3a1-d176-46ef-a333-303a40b5cd6b - - - - - -] OVN reports status down for port: 9c56af04-1e8a-40c7-80a9-7add79104321
2026-04-23 03:38:42.643 8 INFO neutron.db.ovn_revision_numbers_db [None req-f5840319-3c48-4252-982d-6806210a410e daa538a5040443b887d8ca1962910677 3e1eb46656bf415b942b9a754715256e - - default default] Successfully bumped revision number for resource 9c56af04-1e8a-40c7-80a9-7add79104321 (type: ports) to 1
2026-04-23 03:38:43.274 7 INFO neutron.plugins.ml2.drivers.ovn.mech_driver.mech_driver [None req-7d3bf3a1-d176-46ef-a333-303a40b5cd6b - - - - - -] OVN reports status up for port: 9c56af04-1e8a-40c7-80a9-7add79104321
2026-04-23 03:38:43.286 7 INFO neutron.plugins.ml2.plugin [None req-7d3bf3a1-d176-46ef-a333-303a40b5cd6b - - - - - -] Attempt 1 to provision port 9c56af04-1e8a-40c7-80a9-7add79104321
2026-04-23 03:38:43.316 8 INFO neutron.db.ovn_revision_numbers_db [None req-f5840319-3c48-4252-982d-6806210a410e daa538a5040443b887d8ca1962910677 3e1eb46656bf415b942b9a754715256e - - default default] Successfully bumped revision number for resource 9c56af04-1e8a-40c7-80a9-7add79104321 (type: router_ports) to 1
2026-04-23 03:38:43.377 8 INFO neutron.db.ovn_revision_numbers_db [None req-f5840319-3c48-4252-982d-6806210a410e daa538a5040443b887d8ca1962910677 3e1eb46656bf415b942b9a754715256e - - default default] Successfully bumped revision number for resource 85a0ddad-30c6-441f-bbdd-60e9502cd110 (type: routers) to 2 [pid: 8|app: 0|req: 1374/2793] 10.0.0.63 () {34 vars in 668 bytes} [Thu Apr 23 03:38:42 2026] POST /v2.0/routers => generated 957 bytes in 1341 msecs (HTTP/1.1 201) 4 headers in 162 bytes (1 switches on core 0)
2026-04-23 03:38:43.912 7 WARNING neutron.scheduler.dhcp_agent_scheduler [None req-adc03842-9cec-45b1-8a22-802333a674e8 daa538a5040443b887d8ca1962910677 3e1eb46656bf415b942b9a754715256e - - default default] No more DHCP agents
2026-04-23 03:38:43.913 7 WARNING neutron.api.rpc.agentnotifiers.dhcp_rpc_agent_api [None req-adc03842-9cec-45b1-8a22-802333a674e8 daa538a5040443b887d8ca1962910677 3e1eb46656bf415b942b9a754715256e - - default default] Unable to schedule network d62777e2-bc9e-4665-9e27-e0efb0cd8fa0: no agents available; will retry on subsequent port and subnet creation events.
2026-04-23 03:38:44.081 7 INFO neutron.db.ovn_revision_numbers_db [None req-adc03842-9cec-45b1-8a22-802333a674e8 daa538a5040443b887d8ca1962910677 3e1eb46656bf415b942b9a754715256e - - default default] Successfully bumped revision number for resource 9ae45094-50e4-4fdc-b524-5d60f07817d7 (type: ports) to 1
2026-04-23 03:38:44.715 7 WARNING neutron.scheduler.dhcp_agent_scheduler [None req-adc03842-9cec-45b1-8a22-802333a674e8 daa538a5040443b887d8ca1962910677 3e1eb46656bf415b942b9a754715256e - - default default] No more DHCP agents
2026-04-23 03:38:44.716 7 WARNING neutron.api.rpc.agentnotifiers.dhcp_rpc_agent_api [None req-adc03842-9cec-45b1-8a22-802333a674e8 daa538a5040443b887d8ca1962910677 3e1eb46656bf415b942b9a754715256e - - default default] Unable to schedule network d62777e2-bc9e-4665-9e27-e0efb0cd8fa0: no agents available; will retry on subsequent port and subnet creation events.
2026-04-23 03:38:45.012 8 WARNING neutron.plugins.ml2.drivers.ovn.mech_driver.ovsdb.ovn_client [None req-76eb26bb-a27b-4ef3-a371-239d40aaf318 - - - - - -] No hosting information found for port ab7c5841-b562-449a-b441-22628a5efa01: RuntimeError: No hosting information found for port ab7c5841-b562-449a-b441-22628a5efa01
2026-04-23 03:38:45.067 7 INFO neutron.db.ovn_revision_numbers_db [None req-adc03842-9cec-45b1-8a22-802333a674e8 daa538a5040443b887d8ca1962910677 3e1eb46656bf415b942b9a754715256e - - default default] Successfully bumped revision number for resource 9ae45094-50e4-4fdc-b524-5d60f07817d7 (type: router_ports) to 1 [pid: 7|app: 0|req: 1420/2794] 10.0.0.63 () {34 vars in 782 bytes} [Thu Apr 23 03:38:43 2026] PUT /v2.0/routers/85a0ddad-30c6-441f-bbdd-60e9502cd110/add_router_interface => generated 310 bytes in 1675 msecs (HTTP/1.1 200) 4 headers in 157 bytes (1 switches on core 0)
2026-04-23 03:38:45.200 8 INFO neutron.common.ovn.utils [None req-76eb26bb-a27b-4ef3-a371-239d40aaf318 - - - - - -] HA Chassis Group neutron-291e2490-e918-476d-b61b-ad5b8c6f1a4f synchronized; highest priority chassis e8f408aa-69d3-4e05-9fd7-995c5f1c4b67
2026-04-23 03:38:45.493 8 INFO neutron.db.ovn_revision_numbers_db [None req-76eb26bb-a27b-4ef3-a371-239d40aaf318 - - - - - -] Successfully bumped revision number for resource ab7c5841-b562-449a-b441-22628a5efa01 (type: router_ports) to 2
2026-04-23 03:38:45.609 8 INFO neutron.plugins.ml2.drivers.ovn.mech_driver.mech_driver [None req-76eb26bb-a27b-4ef3-a371-239d40aaf318 - - - - - -] OVN reports status down for port: 153138e8-30f9-447a-bf44-8221f0726e08
2026-04-23 03:38:45.834 8 INFO neutron.common.ovn.utils [None req-76eb26bb-a27b-4ef3-a371-239d40aaf318 - - - - - -] HA Chassis Group neutron-d62777e2-bc9e-4665-9e27-e0efb0cd8fa0 synchronized; highest priority chassis e8f408aa-69d3-4e05-9fd7-995c5f1c4b67
2026-04-23 03:38:45.855 8 INFO neutron.plugins.ml2.drivers.ovn.mech_driver.mech_driver [None req-76eb26bb-a27b-4ef3-a371-239d40aaf318 - - - - - -] OVN reports status down for port: 9ae45094-50e4-4fdc-b524-5d60f07817d7
2026-04-23 03:38:45.969 8 WARNING neutron.plugins.ml2.drivers.ovn.mech_driver.ovsdb.ovn_client [None req-76eb26bb-a27b-4ef3-a371-239d40aaf318 - - - - - -] Logical_Switch_Port 9ae45094-50e4-4fdc-b524-5d60f07817d7 host information not removed, the port state is up
2026-04-23 03:38:45.969 8 INFO neutron.plugins.ml2.drivers.ovn.mech_driver.mech_driver [None req-76eb26bb-a27b-4ef3-a371-239d40aaf318 - - - - - -] OVN reports status up for port: 9ae45094-50e4-4fdc-b524-5d60f07817d7
2026-04-23 03:38:45.987 8 INFO neutron.plugins.ml2.plugin [None req-76eb26bb-a27b-4ef3-a371-239d40aaf318 - - - - - -] Attempt 1 to provision port 9ae45094-50e4-4fdc-b524-5d60f07817d7
2026-04-23 03:38:46.064 8 WARNING neutron.scheduler.dhcp_agent_scheduler [None req-9de35e61-a863-467c-81b6-ee7a9183f081 - - - - - -] No more DHCP agents
2026-04-23 03:38:46.066 8 WARNING neutron.api.rpc.agentnotifiers.dhcp_rpc_agent_api [None req-9de35e61-a863-467c-81b6-ee7a9183f081 - - - - - -] Unable to schedule network e7923463-bbd3-49a7-98c8-122ecb99b64f: no agents available; will retry on subsequent port and subnet creation events.
2026-04-23 03:38:46.353 8 INFO neutron.db.ovn_revision_numbers_db [None req-9de35e61-a863-467c-81b6-ee7a9183f081 - - - - - -] Successfully bumped revision number for resource 453f9e99-9706-4a3a-b4de-72d60c8c025b (type: ports) to 1
2026-04-23 03:38:46.768 8 INFO neutron.db.ovn_revision_numbers_db [None req-76eb26bb-a27b-4ef3-a371-239d40aaf318 - - - - - -] Successfully bumped revision number for resource 9ae45094-50e4-4fdc-b524-5d60f07817d7 (type: ports) to 2
2026-04-23 03:38:46.867 8 INFO neutron.db.ovn_revision_numbers_db [None req-9de35e61-a863-467c-81b6-ee7a9183f081 - - - - - -] Successfully bumped revision number for resource 453f9e99-9706-4a3a-b4de-72d60c8c025b (type: ports) to 3
2026-04-23 03:38:46.960 8 INFO neutron.db.segments_db [None req-9de35e61-a863-467c-81b6-ee7a9183f081 - - - - - -] Added segment b7535dac-788c-4c7b-aca3-b106beb257a0 of type geneve for network aa9d6185-669b-4a40-b4da-ae87f8036d59
2026-04-23 03:38:47.086 8 INFO neutron.db.ovn_revision_numbers_db [None req-650862a5-3f96-4811-9d9a-773c215b6d4c - - - - - -] Successfully bumped revision number for resource aa9d6185-669b-4a40-b4da-ae87f8036d59 (type: networks) to 1
2026-04-23 03:38:47.234 8 WARNING neutron.scheduler.dhcp_agent_scheduler [None req-650862a5-3f96-4811-9d9a-773c215b6d4c - - - - - -] No more DHCP agents
2026-04-23 03:38:47.236 8 WARNING neutron.api.rpc.agentnotifiers.dhcp_rpc_agent_api [None req-650862a5-3f96-4811-9d9a-773c215b6d4c - - - - - -] Unable to schedule network aa9d6185-669b-4a40-b4da-ae87f8036d59: no agents available; will retry on subsequent port and subnet creation events.
2026-04-23 03:38:47.316 8 INFO neutron.db.ovn_revision_numbers_db [None req-650862a5-3f96-4811-9d9a-773c215b6d4c - - - - - -] Successfully bumped revision number for resource 500cbccd-2f6f-4d94-bdc4-eed0bb33e5a2 (type: ports) to 1
2026-04-23 03:38:47.428 8 WARNING neutron.scheduler.dhcp_agent_scheduler [None req-650862a5-3f96-4811-9d9a-773c215b6d4c - - - - - -] No more DHCP agents
2026-04-23 03:38:47.429 8 WARNING neutron.api.rpc.agentnotifiers.dhcp_rpc_agent_api [None req-650862a5-3f96-4811-9d9a-773c215b6d4c - - - - - -] Unable to schedule network aa9d6185-669b-4a40-b4da-ae87f8036d59: no agents available; will retry on subsequent port and subnet creation events.
2026-04-23 03:38:47.451 8 INFO neutron.db.ovn_revision_numbers_db [None req-650862a5-3f96-4811-9d9a-773c215b6d4c - - - - - -] Successfully bumped revision number for resource e18bc32c-f71e-4dd9-9150-8cc97ed32458 (type: subnets) to 0
2026-04-23 03:38:47.793 8 WARNING neutron.scheduler.dhcp_agent_scheduler [None req-650862a5-3f96-4811-9d9a-773c215b6d4c - - - - - -] No more DHCP agents
2026-04-23 03:38:47.795 8 WARNING neutron.api.rpc.agentnotifiers.dhcp_rpc_agent_api [None req-650862a5-3f96-4811-9d9a-773c215b6d4c - - - - - -] Unable to schedule network aa9d6185-669b-4a40-b4da-ae87f8036d59: no agents available; will retry on subsequent port and subnet creation events.
2026-04-23 03:38:47.951 8 INFO neutron.db.ovn_revision_numbers_db [None req-650862a5-3f96-4811-9d9a-773c215b6d4c - - - - - -] Successfully bumped revision number for resource 0df7aa8a-db52-46e4-90c6-e941c7e75df7 (type: ports) to 1
2026-04-23 03:38:48.489 7 WARNING neutron.plugins.ml2.drivers.ovn.mech_driver.ovsdb.ovn_client [None req-7d3bf3a1-d176-46ef-a333-303a40b5cd6b - - - - - -] No hosting information found for port 9c56af04-1e8a-40c7-80a9-7add79104321: RuntimeError: No hosting information found for port 9c56af04-1e8a-40c7-80a9-7add79104321
2026-04-23 03:38:48.489 7 INFO neutron.plugins.ml2.drivers.ovn.mech_driver.mech_driver [None req-7d3bf3a1-d176-46ef-a333-303a40b5cd6b - - - - - -] OVN reports status up for port: 1c04fd7d-ca54-4355-a9f0-37881b1bc2d2
2026-04-23 03:38:48.499 7 INFO neutron.plugins.ml2.plugin [None req-7d3bf3a1-d176-46ef-a333-303a40b5cd6b - - - - - -] Attempt 1 to provision port 1c04fd7d-ca54-4355-a9f0-37881b1bc2d2
2026-04-23 03:38:48.561 8 WARNING neutron.scheduler.dhcp_agent_scheduler [None req-650862a5-3f96-4811-9d9a-773c215b6d4c - - - - - -] No more DHCP agents
2026-04-23 03:38:48.564 8 WARNING neutron.api.rpc.agentnotifiers.dhcp_rpc_agent_api [None req-650862a5-3f96-4811-9d9a-773c215b6d4c - - - - - -] Unable to schedule network aa9d6185-669b-4a40-b4da-ae87f8036d59: no agents available; will retry on subsequent port and subnet creation events.
2026-04-23 03:38:48.714 7 INFO neutron.db.ovn_revision_numbers_db [None req-7d3bf3a1-d176-46ef-a333-303a40b5cd6b - - - - - -] Successfully bumped revision number for resource 1c04fd7d-ca54-4355-a9f0-37881b1bc2d2 (type: ports) to 4
2026-04-23 03:38:48.824 7 INFO neutron.plugins.ml2.drivers.ovn.mech_driver.mech_driver [None req-0bc667ce-379e-4c6c-b143-a13dd8737f16 - - - - - -] OVN reports status down for port: 500cbccd-2f6f-4d94-bdc4-eed0bb33e5a2
