2026-04-23 03:36:42.151 8 INFO neutron.db.ovn_revision_numbers_db [None req-37ca957d-7f62-474c-b73a-0da58dd95c0e 6ff7e12898974b3ebd9ced57412715b0 b377996405454c8b94f2600be9542e6e - - default default] Successfully bumped revision number for resource 52709da8-d1cc-4f2f-a677-71c3580fe903 (type: networks) to 1
2026-04-23 03:36:42.312 7 INFO neutron.db.ovn_revision_numbers_db [None req-9b9e6fbc-f037-44e8-9722-dc5b15d61e6d 83096f006f3845cd80432b900d744fd0 1dd1a280350746b5b3b9acc7b9f0c6b1 - - default default] Successfully bumped revision number for resource 4668c5cd-44cd-4cc1-8731-a0e80c61fdc8 (type: router_ports) to 1 [pid: 7|app: 0|req: 1151/2264] 10.0.0.63 () {34 vars in 782 bytes} [Thu Apr 23 03:36:39 2026] PUT /v2.0/routers/2cc98b06-c259-44a9-958a-12b4ecb93ee6/add_router_interface => generated 310 bytes in 2430 msecs (HTTP/1.1 200) 4 headers in 157 bytes (1 switches on core 0)
2026-04-23 03:36:42.330 8 INFO neutron.common.ovn.utils [None req-e237d274-0b61-4d34-a1d6-683ce1a3d33e - - - - - -] HA Chassis Group neutron-f5c0f68a-3d02-4221-a027-160e7cd3ccf3 synchronized; highest priority chassis e8f408aa-69d3-4e05-9fd7-995c5f1c4b67
2026-04-23 03:36:42.381 8 WARNING neutron.scheduler.dhcp_agent_scheduler [None req-37ca957d-7f62-474c-b73a-0da58dd95c0e 6ff7e12898974b3ebd9ced57412715b0 b377996405454c8b94f2600be9542e6e - - default default] No more DHCP agents
2026-04-23 03:36:42.383 8 WARNING neutron.api.rpc.agentnotifiers.dhcp_rpc_agent_api [None req-37ca957d-7f62-474c-b73a-0da58dd95c0e 6ff7e12898974b3ebd9ced57412715b0 b377996405454c8b94f2600be9542e6e - - default default] Unable to schedule network 52709da8-d1cc-4f2f-a677-71c3580fe903: no agents available; will retry on subsequent port and subnet creation events.
2026-04-23 03:36:42.427 8 INFO neutron.plugins.ml2.drivers.ovn.mech_driver.mech_driver [None req-e237d274-0b61-4d34-a1d6-683ce1a3d33e - - - - - -] OVN reports status down for port: b8995994-7e7f-4e64-9935-d0d25608f557
2026-04-23 03:36:42.484 8 INFO neutron.db.ovn_revision_numbers_db [None req-37ca957d-7f62-474c-b73a-0da58dd95c0e 6ff7e12898974b3ebd9ced57412715b0 b377996405454c8b94f2600be9542e6e - - default default] Successfully bumped revision number for resource b8995994-7e7f-4e64-9935-d0d25608f557 (type: ports) to 1 [pid: 8|app: 0|req: 1114/2265] 10.0.0.63 () {34 vars in 669 bytes} [Thu Apr 23 03:36:41 2026] POST /v2.0/networks => generated 668 bytes in 611 msecs (HTTP/1.1 201) 4 headers in 162 bytes (1 switches on core 0)
2026-04-23 03:36:42.729 7 WARNING neutron.scheduler.dhcp_agent_scheduler [None req-171be2d3-b7fa-4295-876d-f3d5ff05de9c 6ff7e12898974b3ebd9ced57412715b0 b377996405454c8b94f2600be9542e6e - - default default] No more DHCP agents
2026-04-23 03:36:42.732 7 WARNING neutron.api.rpc.agentnotifiers.dhcp_rpc_agent_api [None req-171be2d3-b7fa-4295-876d-f3d5ff05de9c 6ff7e12898974b3ebd9ced57412715b0 b377996405454c8b94f2600be9542e6e - - default default] Unable to schedule network 52709da8-d1cc-4f2f-a677-71c3580fe903: no agents available; will retry on subsequent port and subnet creation events.
2026-04-23 03:36:43.234 7 INFO neutron.db.ovn_revision_numbers_db [None req-171be2d3-b7fa-4295-876d-f3d5ff05de9c 6ff7e12898974b3ebd9ced57412715b0 b377996405454c8b94f2600be9542e6e - - default default] Successfully bumped revision number for resource b8995994-7e7f-4e64-9935-d0d25608f557 (type: ports) to 2
2026-04-23 03:36:43.276 7 INFO neutron.db.ovn_revision_numbers_db [None req-171be2d3-b7fa-4295-876d-f3d5ff05de9c 6ff7e12898974b3ebd9ced57412715b0 b377996405454c8b94f2600be9542e6e - - default default] Successfully bumped revision number for resource e7db4e32-975a-4aa9-9780-8c42974ce18f (type: subnets) to 0 [pid: 7|app: 0|req: 1152/2266] 10.0.0.63 () {34 vars in 668 bytes} [Thu Apr 23 03:36:42 2026] POST /v2.0/subnets => generated 629 bytes in 762 msecs (HTTP/1.1 201) 4 headers in 162 bytes (1 switches on core 0)
2026-04-23 03:36:43.346 8 INFO neutron.db.ovn_revision_numbers_db [None req-43547821-314c-4efd-b408-0133e23587ca 85e4cf73f0504bb295364a35233a9467 084542e75b5341ee9ce81f655d57457c - - default default] Successfully bumped revision number for resource 34e75d65-e793-4e33-bbd9-ab9bb06f44b9 (type: security_groups) to 1
2026-04-23 03:36:43.359 8 INFO neutron.db.ovn_revision_numbers_db [None req-43547821-314c-4efd-b408-0133e23587ca 85e4cf73f0504bb295364a35233a9467 084542e75b5341ee9ce81f655d57457c - - default default] Successfully bumped revision number for resource 34d8975e-8746-4d7f-9d27-b6948b968596 (type: security_group_rules) to 0
2026-04-23 03:36:43.372 8 INFO neutron.db.ovn_revision_numbers_db [None req-43547821-314c-4efd-b408-0133e23587ca 85e4cf73f0504bb295364a35233a9467 084542e75b5341ee9ce81f655d57457c - - default default] Successfully bumped revision number for resource 42aa8791-ac72-463e-a2ed-04e9b2022afd (type: security_group_rules) to 0
2026-04-23 03:36:43.383 8 INFO neutron.db.ovn_revision_numbers_db [None req-43547821-314c-4efd-b408-0133e23587ca 85e4cf73f0504bb295364a35233a9467 084542e75b5341ee9ce81f655d57457c - - default default] Successfully bumped revision number for resource 5d686d49-7179-4518-9955-6f112a874d22 (type: security_group_rules) to 0
2026-04-23 03:36:43.398 8 INFO neutron.db.ovn_revision_numbers_db [None req-43547821-314c-4efd-b408-0133e23587ca 85e4cf73f0504bb295364a35233a9467 084542e75b5341ee9ce81f655d57457c - - default default] Successfully bumped revision number for resource a656d5d6-79db-4ecb-af0e-6c4184126a7b (type: security_group_rules) to 0
2026-04-23 03:36:43.415 7 INFO neutron.db.ovn_revision_numbers_db [None req-c5bd2103-51da-431c-8b52-bdb68d0b50b0 0f34bdc950a746a9994f8cf66bde4173 702b07c59e6e4d19a0a432b7eec9994c - - default default] Successfully bumped revision number for resource 8f708304-fe46-492e-b080-8c55881c8ff9 (type: security_groups) to 1
2026-04-23 03:36:43.425 7 INFO neutron.db.ovn_revision_numbers_db [None req-c5bd2103-51da-431c-8b52-bdb68d0b50b0 0f34bdc950a746a9994f8cf66bde4173 702b07c59e6e4d19a0a432b7eec9994c - - default default] Successfully bumped revision number for resource 99115309-c46f-4b74-93f4-a97dc5340dc0 (type: security_group_rules) to 0
2026-04-23 03:36:43.437 7 INFO neutron.db.ovn_revision_numbers_db [None req-c5bd2103-51da-431c-8b52-bdb68d0b50b0 0f34bdc950a746a9994f8cf66bde4173 702b07c59e6e4d19a0a432b7eec9994c - - default default] Successfully bumped revision number for resource caa6cfae-2659-4931-9ba0-1e3afe9f88be (type: security_group_rules) to 0 [pid: 7|app: 0|req: 1153/2267] 10.0.0.63 () {34 vars in 684 bytes} [Thu Apr 23 03:36:43 2026] POST /v2.0/security-groups => generated 1673 bytes in 181 msecs (HTTP/1.1 201) 4 headers in 163 bytes (1 switches on core 0)
2026-04-23 03:36:43.510 8 INFO neutron.db.ovn_revision_numbers_db [None req-43547821-314c-4efd-b408-0133e23587ca 85e4cf73f0504bb295364a35233a9467 084542e75b5341ee9ce81f655d57457c - - default default] Successfully bumped revision number for resource 6db55542-cfc6-4ba7-8487-eab5b328ec51 (type: security_groups) to 1
2026-04-23 03:36:43.522 8 INFO neutron.db.ovn_revision_numbers_db [None req-43547821-314c-4efd-b408-0133e23587ca 85e4cf73f0504bb295364a35233a9467 084542e75b5341ee9ce81f655d57457c - - default default] Successfully bumped revision number for resource cafdede8-ac67-4c88-b71c-94c5f3934a2b (type: security_group_rules) to 0
2026-04-23 03:36:43.567 8 INFO neutron.db.ovn_revision_numbers_db [None req-43547821-314c-4efd-b408-0133e23587ca 85e4cf73f0504bb295364a35233a9467 084542e75b5341ee9ce81f655d57457c - - default default] Successfully bumped revision number for resource ebab5ec8-ff5e-4ec5-858a-0f3ef682df9e (type: security_group_rules) to 0
2026-04-23 03:36:43.571 7 INFO neutron.db.segments_db [None req-39422029-9dcd-48d4-bbda-fdcab0bf278f 6ff7e12898974b3ebd9ced57412715b0 b377996405454c8b94f2600be9542e6e - - default default] Added segment 6b8c9c24-7138-4fd1-909f-e5eb6532d9f1 of type geneve for network 58964666-61bd-4190-b96d-688f7e699671 [pid: 8|app: 0|req: 1115/2268] 10.0.0.63 () {34 vars in 683 bytes} [Thu Apr 23 03:36:43 2026] POST /v2.0/security-groups => generated 1601 bytes in 516 msecs (HTTP/1.1 201) 4 headers in 163 bytes (1 switches on core 0)
2026-04-23 03:36:43.671 7 INFO neutron.db.ovn_revision_numbers_db [None req-39422029-9dcd-48d4-bbda-fdcab0bf278f 6ff7e12898974b3ebd9ced57412715b0 b377996405454c8b94f2600be9542e6e - - default default] Successfully bumped revision number for resource 58964666-61bd-4190-b96d-688f7e699671 (type: networks) to 1
2026-04-23 03:36:43.716 8 INFO neutron.db.ovn_revision_numbers_db [None req-36279697-ac32-4744-b8ef-1015f1c779a3 0f34bdc950a746a9994f8cf66bde4173 702b07c59e6e4d19a0a432b7eec9994c - - default default] Successfully bumped revision number for resource 5a7044be-b37d-4671-aaef-b0207306223e (type: security_group_rules) to 0 [pid: 8|app: 0|req: 1116/2269] 10.0.0.63 () {34 vars in 694 bytes} [Thu Apr 23 03:36:43 2026] POST /v2.0/security-group-rules => generated 597 bytes in 141 msecs (HTTP/1.1 201) 4 headers in 162 bytes (1 switches on core 0)
2026-04-23 03:36:43.767 8 WARNING tagging [None req-dbe607e5-76b5-4201-a70c-af6fbd6f9a22 85e4cf73f0504bb295364a35233a9467 084542e75b5341ee9ce81f655d57457c - - default default] project_id key not found in request, using tenant_id instead. This support has been deprecated and will be removed in a future release. [pid: 8|app: 0|req: 1117/2270] 10.0.0.63 () {34 vars in 766 bytes} [Thu Apr 23 03:36:43 2026] PUT /v2.0/security-groups/6db55542-cfc6-4ba7-8487-eab5b328ec51/tags => generated 25 bytes in 50 msecs (HTTP/1.1 200) 4 headers in 156 bytes (1 switches on core 0)
2026-04-23 03:36:43.841 7 WARNING neutron.scheduler.dhcp_agent_scheduler [None req-39422029-9dcd-48d4-bbda-fdcab0bf278f 6ff7e12898974b3ebd9ced57412715b0 b377996405454c8b94f2600be9542e6e - - default default] No more DHCP agents
2026-04-23 03:36:43.843 7 WARNING neutron.api.rpc.agentnotifiers.dhcp_rpc_agent_api [None req-39422029-9dcd-48d4-bbda-fdcab0bf278f 6ff7e12898974b3ebd9ced57412715b0 b377996405454c8b94f2600be9542e6e - - default default] Unable to schedule network 58964666-61bd-4190-b96d-688f7e699671: no agents available; will retry on subsequent port and subnet creation events.
2026-04-23 03:36:43.906 8 INFO neutron.plugins.ml2.drivers.ovn.mech_driver.mech_driver [None req-e237d274-0b61-4d34-a1d6-683ce1a3d33e - - - - - -] OVN reports status down for port: ecaf563b-7d29-4823-a4c2-cb8b9cb3b025
2026-04-23 03:36:43.923 7 INFO neutron.db.ovn_revision_numbers_db [None req-39422029-9dcd-48d4-bbda-fdcab0bf278f 6ff7e12898974b3ebd9ced57412715b0 b377996405454c8b94f2600be9542e6e - - default default] Successfully bumped revision number for resource ecaf563b-7d29-4823-a4c2-cb8b9cb3b025 (type: ports) to 1
2026-04-23 03:36:43.936 8 INFO neutron.db.ovn_revision_numbers_db [None req-3978c813-5a39-44d7-a322-9458a4bb6173 0f34bdc950a746a9994f8cf66bde4173 702b07c59e6e4d19a0a432b7eec9994c - - default default] Successfully bumped revision number for resource d99bc5e1-611d-4335-8840-121e6119153e (type: security_group_rules) to 0 [pid: 7|app: 0|req: 1154/2271] 10.0.0.63 () {34 vars in 669 bytes} [Thu Apr 23 03:36:43 2026] POST /v2.0/networks => generated 670 bytes in 468 msecs (HTTP/1.1 201) 4 headers in 162 bytes (1 switches on core 0)
2026-04-23 03:36:43.967 7 WARNING tagging [None req-fd881b57-a1f9-4249-908e-16adfaeea351 85e4cf73f0504bb295364a35233a9467 084542e75b5341ee9ce81f655d57457c - - default default] project_id key not found in request, using tenant_id instead. This support has been deprecated and will be removed in a future release. [pid: 7|app: 0|req: 1155/2272] 10.0.0.63 () {32 vars in 746 bytes} [Thu Apr 23 03:36:43 2026] GET /v2.0/security-groups/6db55542-cfc6-4ba7-8487-eab5b328ec51/tags => generated 25 bytes in 42 msecs (HTTP/1.1 200) 4 headers in 156 bytes (1 switches on core 0) [pid: 8|app: 0|req: 1118/2273] 10.0.0.63 () {34 vars in 694 bytes} [Thu Apr 23 03:36:43 2026] POST /v2.0/security-group-rules => generated 596 bytes in 196 msecs (HTTP/1.1 201) 4 headers in 162 bytes (1 switches on core 0)
2026-04-23 03:36:44.023 8 WARNING tagging [None req-831911d9-7bd7-4fed-81d2-e6ed1b7ab0a0 85e4cf73f0504bb295364a35233a9467 084542e75b5341ee9ce81f655d57457c - - default default] project_id key not found in request, using tenant_id instead. This support has been deprecated and will be removed in a future release. [pid: 8|app: 0|req: 1119/2274] 10.0.0.63 () {34 vars in 777 bytes} [Thu Apr 23 03:36:43 2026] PUT /v2.0/security-groups/6db55542-cfc6-4ba7-8487-eab5b328ec51/tags/green => generated 4 bytes in 67 msecs (HTTP/1.1 201) 4 headers in 160 bytes (1 switches on core 0)
2026-04-23 03:36:44.161 8 INFO neutron.db.ovn_revision_numbers_db [None req-08f597ab-0375-485d-8e0d-28d43a9d3b92 0f34bdc950a746a9994f8cf66bde4173 702b07c59e6e4d19a0a432b7eec9994c - - default default] Successfully bumped revision number for resource 1a2b04ee-a2d6-4df4-956b-657fe291a5aa (type: security_group_rules) to 0
2026-04-23 03:36:44.171 7 WARNING neutron.scheduler.dhcp_agent_scheduler [None req-656e7feb-0475-4b1b-984d-8dcee10f718f 6ff7e12898974b3ebd9ced57412715b0 b377996405454c8b94f2600be9542e6e - - default default] No more DHCP agents
2026-04-23 03:36:44.172 7 WARNING neutron.api.rpc.agentnotifiers.dhcp_rpc_agent_api [None req-656e7feb-0475-4b1b-984d-8dcee10f718f 6ff7e12898974b3ebd9ced57412715b0 b377996405454c8b94f2600be9542e6e - - default default] Unable to schedule network 58964666-61bd-4190-b96d-688f7e699671: no agents available; will retry on subsequent port and subnet creation events. [pid: 8|app: 0|req: 1120/2275] 10.0.0.63 () {34 vars in 694 bytes} [Thu Apr 23 03:36:44 2026] POST /v2.0/security-group-rules => generated 602 bytes in 131 msecs (HTTP/1.1 201) 4 headers in 162 bytes (1 switches on core 0)
2026-04-23 03:36:44.209 8 WARNING tagging [None req-f448beba-ec95-4e1a-967b-271fbcd9310a 85e4cf73f0504bb295364a35233a9467 084542e75b5341ee9ce81f655d57457c - - default default] project_id key not found in request, using tenant_id instead. This support has been deprecated and will be removed in a future release. [pid: 8|app: 0|req: 1121/2276] 10.0.0.63 () {32 vars in 746 bytes} [Thu Apr 23 03:36:44 2026] GET /v2.0/security-groups/6db55542-cfc6-4ba7-8487-eab5b328ec51/tags => generated 34 bytes in 30 msecs (HTTP/1.1 200) 4 headers in 156 bytes (1 switches on core 0)
2026-04-23 03:36:44.325 8 INFO neutron.db.ovn_revision_numbers_db [None req-7f72a95c-38cb-47b0-b118-f4e39445a1aa 0f34bdc950a746a9994f8cf66bde4173 702b07c59e6e4d19a0a432b7eec9994c - - default default] Successfully bumped revision number for resource bfa2d670-f7f0-4335-9952-40665b07c61c (type: security_group_rules) to 0 [pid: 8|app: 0|req: 1122/2277] 10.0.0.63 () {34 vars in 694 bytes} [Thu Apr 23 03:36:44 2026] POST /v2.0/security-group-rules => generated 601 bytes in 137 msecs (HTTP/1.1 201) 4 headers in 162 bytes (1 switches on core 0)
2026-04-23 03:36:44.378 8 WARNING tagging [None req-2724a6d2-a7ae-4cb6-bf9f-c13168ead1f3 85e4cf73f0504bb295364a35233a9467 084542e75b5341ee9ce81f655d57457c - - default default] project_id key not found in request, using tenant_id instead. This support has been deprecated and will be removed in a future release. [pid: 8|app: 0|req: 1123/2278] 10.0.0.63 () {34 vars in 773 bytes} [Thu Apr 23 03:36:44 2026] PUT /v2.0/security-groups/6db55542-cfc6-4ba7-8487-eab5b328ec51/tags/red => generated 4 bytes in 42 msecs (HTTP/1.1 201) 4 headers in 160 bytes (1 switches on core 0)
2026-04-23 03:36:44.436 8 INFO neutron.db.securitygroups_db [None req-84ac5bdb-e0bd-491e-b0d1-beb065f619f7 0f34bdc950a746a9994f8cf66bde4173 702b07c59e6e4d19a0a432b7eec9994c - - default default] Project 702b07c59e6e4d19a0a432b7eec9994c added a security group rule with legacy IPv6 ICMP protocol name icmp, ipv6-icmp should be used instead. It was automatically converted.
2026-04-23 03:36:44.522 8 INFO neutron.db.ovn_revision_numbers_db [None req-84ac5bdb-e0bd-491e-b0d1-beb065f619f7 0f34bdc950a746a9994f8cf66bde4173 702b07c59e6e4d19a0a432b7eec9994c - - default default] Successfully bumped revision number for resource 68375528-49c0-4653-a32f-cf4cac4116fb (type: security_group_rules) to 0 [pid: 8|app: 0|req: 1124/2279] 10.0.0.63 () {34 vars in 694 bytes} [Thu Apr 23 03:36:44 2026] POST /v2.0/security-group-rules => generated 607 bytes in 152 msecs (HTTP/1.1 201) 4 headers in 162 bytes (1 switches on core 0)
2026-04-23 03:36:44.570 8 WARNING tagging [None req-b811c008-18ad-4bb7-aab0-0aa862db1171 85e4cf73f0504bb295364a35233a9467 084542e75b5341ee9ce81f655d57457c - - default default] project_id key not found in request, using tenant_id instead. This support has been deprecated and will be removed in a future release. [pid: 8|app: 0|req: 1125/2280] 10.0.0.63 () {32 vars in 746 bytes} [Thu Apr 23 03:36:44 2026] GET /v2.0/security-groups/6db55542-cfc6-4ba7-8487-eab5b328ec51/tags => generated 34 bytes in 27 msecs (HTTP/1.1 200) 4 headers in 156 bytes (1 switches on core 0)
2026-04-23 03:36:44.625 8 INFO neutron.db.securitygroups_db [None req-7466e65a-0d98-4b09-818e-da01c5d33f88 0f34bdc950a746a9994f8cf66bde4173 702b07c59e6e4d19a0a432b7eec9994c - - default default] Project 702b07c59e6e4d19a0a432b7eec9994c added a security group rule with legacy IPv6 ICMP protocol name icmp, ipv6-icmp should be used instead. It was automatically converted.
2026-04-23 03:36:44.642 7 INFO neutron.db.ovn_revision_numbers_db [None req-656e7feb-0475-4b1b-984d-8dcee10f718f 6ff7e12898974b3ebd9ced57412715b0 b377996405454c8b94f2600be9542e6e - - default default] Successfully bumped revision number for resource ecaf563b-7d29-4823-a4c2-cb8b9cb3b025 (type: ports) to 2
2026-04-23 03:36:44.673 7 INFO neutron.db.ovn_revision_numbers_db [None req-656e7feb-0475-4b1b-984d-8dcee10f718f 6ff7e12898974b3ebd9ced57412715b0 b377996405454c8b94f2600be9542e6e - - default default] Successfully bumped revision number for resource 13dd7b1f-7bf4-4bc9-a001-9fabb908cfa1 (type: subnets) to 0 [pid: 7|app: 0|req: 1156/2281] 10.0.0.63 () {34 vars in 668 bytes} [Thu Apr 23 03:36:43 2026] POST /v2.0/subnets => generated 629 bytes in 705 msecs (HTTP/1.1 201) 4 headers in 162 bytes (1 switches on core 0)
2026-04-23 03:36:44.708 8 INFO neutron.db.ovn_revision_numbers_db [None req-7466e65a-0d98-4b09-818e-da01c5d33f88 0f34bdc950a746a9994f8cf66bde4173 702b07c59e6e4d19a0a432b7eec9994c - - default default] Successfully bumped revision number for resource f36c98cf-e2bb-42c9-bc73-49fec1750c80 (type: security_group_rules) to 0
2026-04-23 03:36:44.718 7 WARNING tagging [None req-0f65dff9-0cd7-4924-a258-442c487706aa 85e4cf73f0504bb295364a35233a9467 084542e75b5341ee9ce81f655d57457c - - default default] project_id key not found in request, using tenant_id instead. This support has been deprecated and will be removed in a future release. [pid: 8|app: 0|req: 1126/2282] 10.0.0.63 () {34 vars in 694 bytes} [Thu Apr 23 03:36:44 2026] POST /v2.0/security-group-rules => generated 606 bytes in 163 msecs (HTTP/1.1 201) 4 headers in 162 bytes (1 switches on core 0) [pid: 7|app: 0|req: 1157/2283] 10.0.0.63 () {34 vars in 795 bytes} [Thu Apr 23 03:36:44 2026] PUT /v2.0/security-groups/6db55542-cfc6-4ba7-8487-eab5b328ec51/tags/black.or.white => generated 4 bytes in 60 msecs (HTTP/1.1 201) 4 headers in 160 bytes (1 switches on core 0)
2026-04-23 03:36:44.781 7 WARNING tagging [None req-566f0b4b-18d7-4703-9574-bbc2fb27d421 85e4cf73f0504bb295364a35233a9467 084542e75b5341ee9ce81f655d57457c - - default default] project_id key not found in request, using tenant_id instead. This support has been deprecated and will be removed in a future release. [pid: 7|app: 0|req: 1158/2284] 10.0.0.63 () {32 vars in 746 bytes} [Thu Apr 23 03:36:44 2026] GET /v2.0/security-groups/6db55542-cfc6-4ba7-8487-eab5b328ec51/tags => generated 52 bytes in 37 msecs (HTTP/1.1 200) 4 headers in 156 bytes (1 switches on core 0)
2026-04-23 03:36:44.817 7 WARNING tagging [None req-88be1915-c1bf-4b2a-9b50-1b4a4fe1350d 85e4cf73f0504bb295364a35233a9467 084542e75b5341ee9ce81f655d57457c - - default default] project_id key not found in request, using tenant_id instead. This support has been deprecated and will be removed in a future release.
2026-04-23 03:36:44.827 8 INFO neutron.db.segments_db [None req-810b59c7-a2e3-4c8c-bb9e-a98f336d4984 6ff7e12898974b3ebd9ced57412715b0 b377996405454c8b94f2600be9542e6e - - default default] Added segment 113bfd26-0549-4e21-9df6-9e1f263ca464 of type geneve for network 3d96c7b1-06ca-4d9a-959f-1d2dcf8b7943 [pid: 7|app: 0|req: 1159/2285] 10.0.0.63 () {34 vars in 766 bytes} [Thu Apr 23 03:36:44 2026] PUT /v2.0/security-groups/6db55542-cfc6-4ba7-8487-eab5b328ec51/tags => generated 37 bytes in 47 msecs (HTTP/1.1 200) 4 headers in 156 bytes (1 switches on core 0)
2026-04-23 03:36:44.896 7 WARNING tagging [None req-9aa7eff3-64a0-4424-82a1-ce58bfb0e06b 85e4cf73f0504bb295364a35233a9467 084542e75b5341ee9ce81f655d57457c - - default default] project_id key not found in request, using tenant_id instead. This support has been deprecated and will be removed in a future release. [pid: 7|app: 0|req: 1160/2286] 10.0.0.63 () {32 vars in 746 bytes} [Thu Apr 23 03:36:44 2026] GET /v2.0/security-groups/6db55542-cfc6-4ba7-8487-eab5b328ec51/tags => generated 37 bytes in 68 msecs (HTTP/1.1 200) 4 headers in 156 bytes (1 switches on core 0)
2026-04-23 03:36:44.934 8 INFO neutron.db.ovn_revision_numbers_db [None req-810b59c7-a2e3-4c8c-bb9e-a98f336d4984 6ff7e12898974b3ebd9ced57412715b0 b377996405454c8b94f2600be9542e6e - - default default] Successfully bumped revision number for resource 3d96c7b1-06ca-4d9a-959f-1d2dcf8b7943 (type: networks) to 1
2026-04-23 03:36:44.955 7 WARNING tagging [None req-f6089dd3-a076-44c8-b49c-e044db3529fb 85e4cf73f0504bb295364a35233a9467 084542e75b5341ee9ce81f655d57457c - - default default] project_id key not found in request, using tenant_id instead. This support has been deprecated and will be removed in a future release. [pid: 7|app: 0|req: 1161/2287] 10.0.0.63 () {32 vars in 754 bytes} [Thu Apr 23 03:36:44 2026] GET /v2.0/security-groups/6db55542-cfc6-4ba7-8487-eab5b328ec51/tags/red => generated 0 bytes in 46 msecs (HTTP/1.1 204) 2 headers in 112 bytes (1 switches on core 0)
2026-04-23 03:36:45.008 7 WARNING tagging [None req-2ddb1aea-c908-439e-840d-211e072af80e 85e4cf73f0504bb295364a35233a9467 084542e75b5341ee9ce81f655d57457c - - default default] project_id key not found in request, using tenant_id instead. This support has been deprecated and will be removed in a future release.
2026-04-23 03:36:45.019 7 INFO neutron.api.v2.resource [None req-2ddb1aea-c908-439e-840d-211e072af80e 85e4cf73f0504bb295364a35233a9467 084542e75b5341ee9ce81f655d57457c - - default default] show failed (client error): The resource could not be found. [pid: 7|app: 0|req: 1162/2288] 10.0.0.63 () {32 vars in 758 bytes} [Thu Apr 23 03:36:44 2026] GET /v2.0/security-groups/6db55542-cfc6-4ba7-8487-eab5b328ec51/tags/green => generated 99 bytes in 48 msecs (HTTP/1.1 404) 4 headers in 163 bytes (1 switches on core 0)
2026-04-23 03:36:45.059 7 WARNING tagging [None req-4b3aa3d9-0c3f-4f7e-9423-eae0ba3429cf 85e4cf73f0504bb295364a35233a9467 084542e75b5341ee9ce81f655d57457c - - default default] project_id key not found in request, using tenant_id instead. This support has been deprecated and will be removed in a future release. [pid: 7|app: 0|req: 1163/2289] 10.0.0.63 () {32 vars in 757 bytes} [Thu Apr 23 03:36:45 2026] DELETE /v2.0/security-groups/6db55542-cfc6-4ba7-8487-eab5b328ec51/tags/red => generated 0 bytes in 58 msecs (HTTP/1.1 204) 2 headers in 112 bytes (1 switches on core 0)
2026-04-23 03:36:45.115 8 WARNING neutron.scheduler.dhcp_agent_scheduler [None req-810b59c7-a2e3-4c8c-bb9e-a98f336d4984 6ff7e12898974b3ebd9ced57412715b0 b377996405454c8b94f2600be9542e6e - - default default] No more DHCP agents
2026-04-23 03:36:45.116 8 WARNING neutron.api.rpc.agentnotifiers.dhcp_rpc_agent_api [None req-810b59c7-a2e3-4c8c-bb9e-a98f336d4984 6ff7e12898974b3ebd9ced57412715b0 b377996405454c8b94f2600be9542e6e - - default default] Unable to schedule network 3d96c7b1-06ca-4d9a-959f-1d2dcf8b7943: no agents available; will retry on subsequent port and subnet creation events.
2026-04-23 03:36:45.132 7 WARNING tagging [None req-8e57aae2-d1bf-4bf6-95ce-acab0e43c86b 85e4cf73f0504bb295364a35233a9467 084542e75b5341ee9ce81f655d57457c - - default default] project_id key not found in request, using tenant_id instead. This support has been deprecated and will be removed in a future release. [pid: 7|app: 0|req: 1164/2290] 10.0.0.63 () {32 vars in 746 bytes} [Thu Apr 23 03:36:45 2026] GET /v2.0/security-groups/6db55542-cfc6-4ba7-8487-eab5b328ec51/tags => generated 30 bytes in 53 msecs (HTTP/1.1 200) 4 headers in 156 bytes (1 switches on core 0)
2026-04-23 03:36:45.172 8 INFO neutron.plugins.ml2.drivers.ovn.mech_driver.mech_driver [None req-e237d274-0b61-4d34-a1d6-683ce1a3d33e - - - - - -] OVN reports status down for port: 4e53908b-a8de-433c-9954-55e123601023
2026-04-23 03:36:45.227 8 INFO neutron.db.ovn_revision_numbers_db [None req-810b59c7-a2e3-4c8c-bb9e-a98f336d4984 6ff7e12898974b3ebd9ced57412715b0 b377996405454c8b94f2600be9542e6e - - default default] Successfully bumped revision number for resource 4e53908b-a8de-433c-9954-55e123601023 (type: ports) to 1
2026-04-23 03:36:45.256 7 INFO neutron.db.ovn_revision_numbers_db [None req-08f61af3-d4f9-406c-ac5d-7aaa67a09591 0f34bdc950a746a9994f8cf66bde4173 702b07c59e6e4d19a0a432b7eec9994c - - default default] Successfully bumped revision number for resource 9e854763-d5a8-4931-8940-11ee5ea7e192 (type: security_groups) to 1
2026-04-23 03:36:45.266 7 INFO neutron.db.ovn_revision_numbers_db [None req-08f61af3-d4f9-406c-ac5d-7aaa67a09591 0f34bdc950a746a9994f8cf66bde4173 702b07c59e6e4d19a0a432b7eec9994c - - default default] Successfully bumped revision number for resource 7607e073-4efd-4150-8be9-b7d349939549 (type: security_group_rules) to 0
2026-04-23 03:36:45.277 7 INFO neutron.db.ovn_revision_numbers_db [None req-08f61af3-d4f9-406c-ac5d-7aaa67a09591 0f34bdc950a746a9994f8cf66bde4173 702b07c59e6e4d19a0a432b7eec9994c - - default default] Successfully bumped revision number for resource f095a799-ef74-4145-b4b4-385ccb158745 (type: security_group_rules) to 0 [pid: 8|app: 0|req: 1127/2291] 10.0.0.63 () {34 vars in 669 bytes} [Thu Apr 23 03:36:44 2026] POST /v2.0/networks => generated 670 bytes in 536 msecs (HTTP/1.1 201) 4 headers in 162 bytes (1 switches on core 0)
2026-04-23 03:36:45.303 8 WARNING tagging [None req-4a509341-24dd-4fb0-b3cc-62c5c478b99f 85e4cf73f0504bb295364a35233a9467 084542e75b5341ee9ce81f655d57457c - - default default] project_id key not found in request, using tenant_id instead. This support has been deprecated and will be removed in a future release. [pid: 7|app: 0|req: 1165/2292] 10.0.0.63 () {34 vars in 684 bytes} [Thu Apr 23 03:36:45 2026] POST /v2.0/security-groups => generated 1660 bytes in 173 msecs (HTTP/1.1 201) 4 headers in 163 bytes (1 switches on core 0)
2026-04-23 03:36:45.318 8 INFO neutron.api.v2.resource [None req-4a509341-24dd-4fb0-b3cc-62c5c478b99f 85e4cf73f0504bb295364a35233a9467 084542e75b5341ee9ce81f655d57457c - - default default] delete failed (client error): The resource could not be found. [pid: 8|app: 0|req: 1128/2293] 10.0.0.63 () {32 vars in 761 bytes} [Thu Apr 23 03:36:45 2026] DELETE /v2.0/security-groups/6db55542-cfc6-4ba7-8487-eab5b328ec51/tags/green => generated 99 bytes in 42 msecs (HTTP/1.1 404) 4 headers in 163 bytes (1 switches on core 0)
2026-04-23 03:36:45.435 8 INFO neutron.db.ovn_revision_numbers_db [None req-be7d6d60-138e-44ea-b21a-c1c659f4fa00 0f34bdc950a746a9994f8cf66bde4173 702b07c59e6e4d19a0a432b7eec9994c - - default default] Successfully bumped revision number for resource 109ab178-c452-42ba-9084-85e9c09e7d24 (type: security_group_rules) to 0 [pid: 8|app: 0|req: 1129/2294] 10.0.0.63 () {34 vars in 694 bytes} [Thu Apr 23 03:36:45 2026] POST /v2.0/security-group-rules => generated 597 bytes in 147 msecs (HTTP/1.1 201) 4 headers in 162 bytes (1 switches on core 0)
2026-04-23 03:36:45.495 8 WARNING tagging [None req-efa20980-8174-4804-8328-d309e1068c55 85e4cf73f0504bb295364a35233a9467 084542e75b5341ee9ce81f655d57457c - - default default] project_id key not found in request, using tenant_id instead. This support has been deprecated and will be removed in a future release.
2026-04-23 03:36:45.513 7 WARNING neutron.scheduler.dhcp_agent_scheduler [None req-fc6b905c-1eb5-4728-98d3-9fde5e242afd 6ff7e12898974b3ebd9ced57412715b0 b377996405454c8b94f2600be9542e6e - - default default] No more DHCP agents
2026-04-23 03:36:45.515 7 WARNING neutron.api.rpc.agentnotifiers.dhcp_rpc_agent_api [None req-fc6b905c-1eb5-4728-98d3-9fde5e242afd 6ff7e12898974b3ebd9ced57412715b0 b377996405454c8b94f2600be9542e6e - - default default] Unable to schedule network 3d96c7b1-06ca-4d9a-959f-1d2dcf8b7943: no agents available; will retry on subsequent port and subnet creation events. [pid: 8|app: 0|req: 1130/2295] 10.0.0.63 () {32 vars in 749 bytes} [Thu Apr 23 03:36:45 2026] DELETE /v2.0/security-groups/6db55542-cfc6-4ba7-8487-eab5b328ec51/tags => generated 0 bytes in 53 msecs (HTTP/1.1 204) 2 headers in 112 bytes (1 switches on core 0)
2026-04-23 03:36:45.642 8 INFO neutron.db.ovn_revision_numbers_db [None req-47a0f922-e9c3-4b05-a162-a40810ce2018 0f34bdc950a746a9994f8cf66bde4173 702b07c59e6e4d19a0a432b7eec9994c - - default default] Successfully bumped revision number for resource 4a768daa-6a16-4446-8ff5-621806c243de (type: security_group_rules) to 0 [pid: 8|app: 0|req: 1131/2296] 10.0.0.63 () {34 vars in 694 bytes} [Thu Apr 23 03:36:45 2026] POST /v2.0/security-group-rules => generated 602 bytes in 145 msecs (HTTP/1.1 201) 4 headers in 162 bytes (1 switches on core 0)
2026-04-23 03:36:45.690 8 WARNING tagging [None req-391eec57-46b7-4353-ae48-7894df1a47c8 85e4cf73f0504bb295364a35233a9467 084542e75b5341ee9ce81f655d57457c - - default default] project_id key not found in request, using tenant_id instead. This support has been deprecated and will be removed in a future release. [pid: 8|app: 0|req: 1132/2297] 10.0.0.63 () {32 vars in 746 bytes} [Thu Apr 23 03:36:45 2026] GET /v2.0/security-groups/6db55542-cfc6-4ba7-8487-eab5b328ec51/tags => generated 12 bytes in 30 msecs (HTTP/1.1 200) 4 headers in 156 bytes (1 switches on core 0)
2026-04-23 03:36:45.944 8 WARNING neutron.scheduler.dhcp_agent_scheduler [None req-92dc4f02-7940-4b5f-9d69-5d6e09e6b222 0f34bdc950a746a9994f8cf66bde4173 702b07c59e6e4d19a0a432b7eec9994c - - default default] No more DHCP agents
2026-04-23 03:36:45.945 8 WARNING neutron.api.rpc.agentnotifiers.dhcp_rpc_agent_api [None req-92dc4f02-7940-4b5f-9d69-5d6e09e6b222 0f34bdc950a746a9994f8cf66bde4173 702b07c59e6e4d19a0a432b7eec9994c - - default default] Unable to schedule network e7923463-bbd3-49a7-98c8-122ecb99b64f: no agents available; will retry on subsequent port and subnet creation events.
2026-04-23 03:36:45.994 7 INFO neutron.db.ovn_revision_numbers_db [None req-fc6b905c-1eb5-4728-98d3-9fde5e242afd 6ff7e12898974b3ebd9ced57412715b0 b377996405454c8b94f2600be9542e6e - - default default] Successfully bumped revision number for resource 4e53908b-a8de-433c-9954-55e123601023 (type: ports) to 2
2026-04-23 03:36:46.027 7 INFO neutron.db.ovn_revision_numbers_db [None req-fc6b905c-1eb5-4728-98d3-9fde5e242afd 6ff7e12898974b3ebd9ced57412715b0 b377996405454c8b94f2600be9542e6e - - default default] Successfully bumped revision number for resource 991761d5-d437-4bb5-9621-61d6f344ef8c (type: subnets) to 0 [pid: 7|app: 0|req: 1166/2298] 10.0.0.63 () {34 vars in 668 bytes} [Thu Apr 23 03:36:45 2026] POST /v2.0/subnets => generated 629 bytes in 727 msecs (HTTP/1.1 201) 4 headers in 162 bytes (1 switches on core 0) [pid: 7|app: 0|req: 1167/2299] 10.0.0.63 () {32 vars in 739 bytes} [Thu Apr 23 03:36:46 2026] DELETE /v2.0/security-groups/6db55542-cfc6-4ba7-8487-eab5b328ec51 => generated 0 bytes in 119 msecs (HTTP/1.1 204) 2 headers in 112 bytes (1 switches on core 0) [pid: 7|app: 0|req: 1168/2300] 10.0.0.63 () {34 vars in 750 bytes} [Thu Apr 23 03:36:46 2026] PUT /v2.0/subnets/7811ded1-d730-4a20-a1b8-bd2fa492a740/tags => generated 17 bytes in 61 msecs (HTTP/1.1 200) 4 headers in 156 bytes (1 switches on core 0) [pid: 8|app: 0|req: 1133/2301] 10.0.0.63 () {34 vars in 675 bytes} [Thu Apr 23 03:36:45 2026] POST /v2.0/floatingips => generated 552 bytes in 570 msecs (HTTP/1.1 201) 4 headers in 162 bytes (1 switches on core 0) [pid: 7|app: 0|req: 1169/2302] 10.0.0.63 () {34 vars in 750 bytes} [Thu Apr 23 03:36:46 2026] PUT /v2.0/subnets/4a8ed725-a089-4150-b75b-f1626aa85e07/tags => generated 25 bytes in 71 msecs (HTTP/1.1 200) 4 headers in 156 bytes (1 switches on core 0) [pid: 8|app: 0|req: 1134/2303] 10.0.0.63 () {34 vars in 750 bytes} [Thu Apr 23 03:36:46 2026] PUT /v2.0/subnets/e7db4e32-975a-4aa9-9780-8c42974ce18f/tags => generated 34 bytes in 66 msecs (HTTP/1.1 200) 4 headers in 156 bytes (1 switches on core 0)
2026-04-23 03:36:46.371 7 WARNING neutron.db.securitygroups_db [req-558f57d8-35fe-4b8b-b199-04bc50a67ed0 req-82a09d67-4b66-4c5a-997a-57fa6e3f23bd 0f34bdc950a746a9994f8cf66bde4173 702b07c59e6e4d19a0a432b7eec9994c - - default default] project_id key not found in filters, using tenant_id instead. This support has been deprecated and will be removed in a future release. [pid: 7|app: 0|req: 1170/2304] 10.0.0.146 () {34 vars in 1100 bytes} [Thu Apr 23 03:36:46 2026] GET /v2.0/security-groups?name=tempest-securitygroup--1578814901&fields=id&tenant_id=702b07c59e6e4d19a0a432b7eec9994c => generated 69 bytes in 49 msecs (HTTP/1.1 200) 4 headers in 156 bytes (1 switches on core 0) [pid: 8|app: 0|req: 1135/2305] 10.0.0.63 () {34 vars in 750 bytes} [Thu Apr 23 03:36:46 2026] PUT /v2.0/subnets/13dd7b1f-7bf4-4bc9-a001-9fabb908cfa1/tags => generated 19 bytes in 44 msecs (HTTP/1.1 200) 4 headers in 156 bytes (1 switches on core 0)
2026-04-23 03:36:46.430 7 WARNING neutron.db.securitygroups_db [req-558f57d8-35fe-4b8b-b199-04bc50a67ed0 req-46261b38-2241-47b2-8a58-356e2f150085 0f34bdc950a746a9994f8cf66bde4173 702b07c59e6e4d19a0a432b7eec9994c - - default default] project_id key not found in filters, using tenant_id instead. This support has been deprecated and will be removed in a future release. [pid: 7|app: 0|req: 1171/2306] 10.0.0.146 () {34 vars in 1098 bytes} [Thu Apr 23 03:36:46 2026] GET /v2.0/security-groups?name=tempest-secgroup-smoke-212061091&fields=id&tenant_id=702b07c59e6e4d19a0a432b7eec9994c => generated 69 bytes in 30 msecs (HTTP/1.1 200) 4 headers in 156 bytes (1 switches on core 0) [pid: 8|app: 0|req: 1136/2307] 10.0.0.63 () {32 vars in 663 bytes} [Thu Apr 23 03:36:46 2026] GET /v2.0/subnets?tags=red => generated 1904 bytes in 44 msecs (HTTP/1.1 200) 4 headers in 158 bytes (1 switches on core 0) [pid: 7|app: 0|req: 1172/2308] 10.0.0.146 () {34 vars in 982 bytes} [Thu Apr 23 03:36:46 2026] GET /v2.0/networks?id=0a5f717f-1d64-4e16-9f88-6fdd2db5d244 => generated 711 bytes in 34 msecs (HTTP/1.1 200) 4 headers in 157 bytes (1 switches on core 0) [pid: 8|app: 0|req: 1137/2309] 10.0.0.63 () {32 vars in 677 bytes} [Thu Apr 23 03:36:46 2026] GET /v2.0/subnets?tags=red%2Cblue => generated 1283 bytes in 39 msecs (HTTP/1.1 200) 4 headers in 158 bytes (1 switches on core 0) [pid: 7|app: 0|req: 1173/2310] 10.0.0.146 () {34 vars in 965 bytes} [Thu Apr 23 03:36:46 2026] GET /v2.0/quotas/702b07c59e6e4d19a0a432b7eec9994c => generated 292 bytes in 12 msecs (HTTP/1.1 200) 4 headers in 157 bytes (1 switches on core 0) [pid: 8|app: 0|req: 1138/2311] 10.0.0.63 () {32 vars in 673 bytes} [Thu Apr 23 03:36:46 2026] GET /v2.0/subnets?tags-any=blue => generated 1283 bytes in 40 msecs (HTTP/1.1 200) 4 headers in 158 bytes (1 switches on core 0) [pid: 8|app: 0|req: 1139/2312] 10.0.0.63 () {32 vars in 685 bytes} [Thu Apr 23 03:36:46 2026] GET /v2.0/subnets?tags-any=red%2Cblue => generated 1904 bytes in 29 msecs (HTTP/1.1 200) 4 headers in 158 bytes (1 switches on core 0) [pid: 8|app: 0|req: 1140/2313] 10.0.0.63 () {32 vars in 671 bytes} [Thu Apr 23 03:36:46 2026] GET /v2.0/subnets?not-tags=red => generated 1894 bytes in 46 msecs (HTTP/1.1 200) 4 headers in 158 bytes (1 switches on core 0) [pid: 7|app: 0|req: 1174/2314] 10.0.0.146 () {34 vars in 1002 bytes} [Thu Apr 23 03:36:46 2026] GET /v2.0/ports?tenant_id=702b07c59e6e4d19a0a432b7eec9994c&fields=id => generated 103 bytes in 120 msecs (HTTP/1.1 200) 4 headers in 157 bytes (1 switches on core 0) [pid: 8|app: 0|req: 1141/2315] 10.0.0.63 () {32 vars in 685 bytes} [Thu Apr 23 03:36:46 2026] GET /v2.0/subnets?not-tags=red%2Cblue => generated 2515 bytes in 47 msecs (HTTP/1.1 200) 4 headers in 158 bytes (1 switches on core 0) [pid: 7|app: 0|req: 1175/2316] 10.0.0.146 () {34 vars in 1008 bytes} [Thu Apr 23 03:36:46 2026] GET /v2.0/networks/0a5f717f-1d64-4e16-9f88-6fdd2db5d244?fields=segments => generated 14 bytes in 41 msecs (HTTP/1.1 200) 4 headers in 156 bytes (1 switches on core 0) [pid: 8|app: 0|req: 1142/2317] 10.0.0.63 () {32 vars in 681 bytes} [Thu Apr 23 03:36:46 2026] GET /v2.0/subnets?not-tags-any=blue => generated 2515 bytes in 45 msecs (HTTP/1.1 200) 4 headers in 158 bytes (1 switches on core 0) [pid: 7|app: 0|req: 1176/2318] 10.0.0.146 () {34 vars in 1108 bytes} [Thu Apr 23 03:36:46 2026] GET /v2.0/networks/0a5f717f-1d64-4e16-9f88-6fdd2db5d244?fields=provider%3Aphysical_network&fields=provider%3Anetwork_type => generated 79 bytes in 54 msecs (HTTP/1.1 200) 4 headers in 156 bytes (1 switches on core 0) [pid: 8|app: 0|req: 1143/2319] 10.0.0.63 () {32 vars in 693 bytes} [Thu Apr 23 03:36:46 2026] GET /v2.0/subnets?not-tags-any=red%2Cblue => generated 1894 bytes in 33 msecs (HTTP/1.1 200) 4 headers in 158 bytes (1 switches on core 0)
2026-04-23 03:36:46.892 8 WARNING neutron.db.securitygroups_db [None req-fd7c9048-363e-44d3-89ec-df76fffb504b 83096f006f3845cd80432b900d744fd0 1dd1a280350746b5b3b9acc7b9f0c6b1 - - default default] project_id key not found in filters, using tenant_id instead. This support has been deprecated and will be removed in a future release. [pid: 7|app: 0|req: 1177/2320] 10.0.0.63 () {32 vars in 723 bytes} [Thu Apr 23 03:36:46 2026] DELETE /v2.0/subnets/7811ded1-d730-4a20-a1b8-bd2fa492a740 => generated 0 bytes in 171 msecs (HTTP/1.1 204) 3 headers in 131 bytes (1 switches on core 0) [pid: 7|app: 0|req: 1178/2321] 10.0.0.146 () {34 vars in 990 bytes} [Thu Apr 23 03:36:46 2026] GET /v2.0/ports?device_id=3cd1d7fd-29e6-4b39-9c0b-e888f0125068 => generated 12 bytes in 29 msecs (HTTP/1.1 200) 4 headers in 156 bytes (1 switches on core 0)
2026-04-23 03:36:47.048 8 INFO neutron.db.ovn_revision_numbers_db [None req-fd7c9048-363e-44d3-89ec-df76fffb504b 83096f006f3845cd80432b900d744fd0 1dd1a280350746b5b3b9acc7b9f0c6b1 - - default default] Successfully bumped revision number for resource 056d5bb2-3657-4ac8-a15f-15c2fe346c32 (type: security_groups) to 1
2026-04-23 03:36:47.061 8 INFO neutron.db.ovn_revision_numbers_db [None req-fd7c9048-363e-44d3-89ec-df76fffb504b 83096f006f3845cd80432b900d744fd0 1dd1a280350746b5b3b9acc7b9f0c6b1 - - default default] Successfully bumped revision number for resource 0d98b74f-a88c-48f3-bfdb-f686ea9b4206 (type: security_group_rules) to 0
2026-04-23 03:36:47.073 8 INFO neutron.db.ovn_revision_numbers_db [None req-fd7c9048-363e-44d3-89ec-df76fffb504b 83096f006f3845cd80432b900d744fd0 1dd1a280350746b5b3b9acc7b9f0c6b1 - - default default] Successfully bumped revision number for resource 113d9059-92c1-4892-8c91-2a69118f362b (type: security_group_rules) to 0
2026-04-23 03:36:47.085 8 INFO neutron.db.ovn_revision_numbers_db [None req-fd7c9048-363e-44d3-89ec-df76fffb504b 83096f006f3845cd80432b900d744fd0 1dd1a280350746b5b3b9acc7b9f0c6b1 - - default default] Successfully bumped revision number for resource 3dfd179b-9e89-4d69-ab4f-e6616151d764 (type: security_group_rules) to 0
2026-04-23 03:36:47.098 8 INFO neutron.db.ovn_revision_numbers_db [None req-fd7c9048-363e-44d3-89ec-df76fffb504b 83096f006f3845cd80432b900d744fd0 1dd1a280350746b5b3b9acc7b9f0c6b1 - - default default] Successfully bumped revision number for resource 5dd9fbd0-5077-495d-832b-25ee47db3886 (type: security_group_rules) to 0 [pid: 7|app: 0|req: 1179/2322] 10.0.0.63 () {32 vars in 723 bytes} [Thu Apr 23 03:36:46 2026] DELETE /v2.0/subnets/4a8ed725-a089-4150-b75b-f1626aa85e07 => generated 0 bytes in 183 msecs (HTTP/1.1 204) 3 headers in 131 bytes (1 switches on core 0) [pid: 7|app: 0|req: 1180/2323] 10.0.0.63 () {32 vars in 723 bytes} [Thu Apr 23 03:36:47 2026] DELETE /v2.0/subnets/e7db4e32-975a-4aa9-9780-8c42974ce18f => generated 0 bytes in 149 msecs (HTTP/1.1 204) 3 headers in 131 bytes (1 switches on core 0) [pid: 7|app: 0|req: 1181/2324] 10.0.0.63 () {32 vars in 723 bytes} [Thu Apr 23 03:36:47 2026] DELETE /v2.0/subnets/13dd7b1f-7bf4-4bc9-a001-9fabb908cfa1 => generated 0 bytes in 141 msecs (HTTP/1.1 204) 3 headers in 131 bytes (1 switches on core 0)
2026-04-23 03:36:47.571 7 WARNING neutron.plugins.ml2.drivers.ovn.mech_driver.ovsdb.ovn_client [None req-720cdaf4-0acd-4f47-a422-1ade9857f644 - - - - - -] No hosting information found for port 4668c5cd-44cd-4cc1-8731-a0e80c61fdc8: RuntimeError: No hosting information found for port 4668c5cd-44cd-4cc1-8731-a0e80c61fdc8 [pid: 8|app: 0|req: 1144/2325] 10.0.0.63 () {32 vars in 773 bytes} [Thu Apr 23 03:36:46 2026] GET /v2.0/security-groups?tenant_id=959c190fbddf459d83c02062f1b34a5b&name=default => generated 2925 bytes in 821 msecs (HTTP/1.1 200) 4 headers in 158 bytes (1 switches on core 0) [pid: 7|app: 0|req: 1182/2326] 10.0.0.63 () {32 vars in 723 bytes} [Thu Apr 23 03:36:47 2026] DELETE /v2.0/subnets/991761d5-d437-4bb5-9621-61d6f344ef8c => generated 0 bytes in 220 msecs (HTTP/1.1 204) 3 headers in 131 bytes (1 switches on core 0)
2026-04-23 03:36:47.697 7 INFO neutron.db.ovn_revision_numbers_db [None req-720cdaf4-0acd-4f47-a422-1ade9857f644 - - - - - -] Successfully bumped revision number for resource 4668c5cd-44cd-4cc1-8731-a0e80c61fdc8 (type: router_ports) to 2
2026-04-23 03:36:47.836 7 INFO neutron_taas.services.taas.taas_plugin [None req-d89a5044-e28f-4889-ab20-0ffda383a430 6ff7e12898974b3ebd9ced57412715b0 b377996405454c8b94f2600be9542e6e - - default default] TaaS: Handle Delete Port: 177bbba9-dd90-4154-bc88-4ea58608e25c
2026-04-23 03:36:47.839 7 INFO neutron_taas.services.taas.tap_mirror_plugin [None req-d89a5044-e28f-4889-ab20-0ffda383a430 6ff7e12898974b3ebd9ced57412715b0 b377996405454c8b94f2600be9542e6e - - default default] Tap Mirror: Handle Delete Port: 177bbba9-dd90-4154-bc88-4ea58608e25c [pid: 8|app: 0|req: 1145/2327] 10.0.0.63 () {32 vars in 739 bytes} [Thu Apr 23 03:36:47 2026] DELETE /v2.0/security-groups/056d5bb2-3657-4ac8-a15f-15c2fe346c32 => generated 0 bytes in 207 msecs (HTTP/1.1 204) 2 headers in 112 bytes (1 switches on core 0)
2026-04-23 03:36:47.940 8 WARNING neutron.db.securitygroups_db [None req-8820c35d-7cc9-4abe-b4ad-ec3508ccfc6d 83096f006f3845cd80432b900d744fd0 1dd1a280350746b5b3b9acc7b9f0c6b1 - - default default] project_id key not found in filters, using tenant_id instead. This support has been deprecated and will be removed in a future release. [pid: 8|app: 0|req: 1146/2328] 10.0.0.63 () {32 vars in 773 bytes} [Thu Apr 23 03:36:47 2026] GET /v2.0/security-groups?tenant_id=084542e75b5341ee9ce81f655d57457c&name=default => generated 2925 bytes in 37 msecs (HTTP/1.1 200) 4 headers in 158 bytes (1 switches on core 0)
2026-04-23 03:36:48.012 7 INFO neutron.services.segments.plugin [-] Segment ce68e087-e626-4f3c-a69d-5d24f2bda32f resource provider aggregate not found
2026-04-23 03:36:48.016 7 INFO neutron.services.segments.plugin [-] Segment ce68e087-e626-4f3c-a69d-5d24f2bda32f resource provider aggregate not found
2026-04-23 03:36:48.031 7 INFO neutron.services.segments.plugin [-] Segment ce68e087-e626-4f3c-a69d-5d24f2bda32f resource provider not found; error: Placement Client Error (4xx): {"errors": [{"status": 404, "title": "Not Found", "detail": "The resource could not be found.\n\n No resource provider with uuid ce68e087-e626-4f3c-a69d-5d24f2bda32f found for delete ", "request_id": "req-c488e7b9-52aa-42ff-a0bf-b35ba59827bf"}]}
2026-04-23 03:36:48.039 7 INFO neutron.services.segments.plugin [-] Segment ce68e087-e626-4f3c-a69d-5d24f2bda32f resource provider not found; error: Placement Client Error (4xx): {"errors": [{"status": 404, "title": "Not Found", "detail": "The resource could not be found.\n\n No resource provider with uuid ce68e087-e626-4f3c-a69d-5d24f2bda32f found for delete ", "request_id": "req-83e2a5fb-1f1f-4c0a-be53-6c9023a66d65"}]} [pid: 7|app: 0|req: 1183/2329] 10.0.0.63 () {32 vars in 725 bytes} [Thu Apr 23 03:36:47 2026] DELETE /v2.0/networks/ded3aab6-6984-4425-b0e5-73d3ca6addbc => generated 0 bytes in 363 msecs (HTTP/1.1 204) 3 headers in 131 bytes (1 switches on core 0) [pid: 7|app: 0|req: 1184/2330] 10.0.0.146 () {34 vars in 990 bytes} [Thu Apr 23 03:36:48 2026] GET /v2.0/ports?device_id=3cd1d7fd-29e6-4b39-9c0b-e888f0125068 => generated 12 bytes in 16 msecs (HTTP/1.1 200) 4 headers in 156 bytes (1 switches on core 0) [pid: 8|app: 0|req: 1147/2331] 10.0.0.63 () {32 vars in 739 bytes} [Thu Apr 23 03:36:47 2026] DELETE /v2.0/security-groups/34e75d65-e793-4e33-bbd9-ab9bb06f44b9 => generated 0 bytes in 185 msecs (HTTP/1.1 204) 2 headers in 112 bytes (1 switches on core 0)
2026-04-23 03:36:48.195 7 INFO neutron_taas.services.taas.taas_plugin [None req-637cc787-6475-4ccd-bdc5-b324b3b7065c 6ff7e12898974b3ebd9ced57412715b0 b377996405454c8b94f2600be9542e6e - - default default] TaaS: Handle Delete Port: 8fcac905-44d8-4450-986b-3b1992dd1739
2026-04-23 03:36:48.199 7 INFO neutron_taas.services.taas.tap_mirror_plugin [None req-637cc787-6475-4ccd-bdc5-b324b3b7065c 6ff7e12898974b3ebd9ced57412715b0 b377996405454c8b94f2600be9542e6e - - default default] Tap Mirror: Handle Delete Port: 8fcac905-44d8-4450-986b-3b1992dd1739 [pid: 7|app: 0|req: 1185/2332] 10.0.0.63 () {32 vars in 725 bytes} [Thu Apr 23 03:36:48 2026] DELETE /v2.0/networks/d00e74d3-435c-40e7-9326-d0e6fc7bbd59 => generated 0 bytes in 319 msecs (HTTP/1.1 204) 3 headers in 131 bytes (1 switches on core 0)
2026-04-23 03:36:48.513 8 INFO neutron_taas.services.taas.taas_plugin [None req-35235255-bf9b-4a04-a403-4754a71fe706 6ff7e12898974b3ebd9ced57412715b0 b377996405454c8b94f2600be9542e6e - - default default] TaaS: Handle Delete Port: b8995994-7e7f-4e64-9935-d0d25608f557
2026-04-23 03:36:48.515 8 INFO neutron_taas.services.taas.tap_mirror_plugin [None req-35235255-bf9b-4a04-a403-4754a71fe706 6ff7e12898974b3ebd9ced57412715b0 b377996405454c8b94f2600be9542e6e - - default default] Tap Mirror: Handle Delete Port: b8995994-7e7f-4e64-9935-d0d25608f557
2026-04-23 03:36:48.680 8 INFO neutron.services.segments.plugin [-] Segment 49856133-3017-4c25-83e6-a94cd4cff4f0 resource provider aggregate not found
2026-04-23 03:36:48.683 8 INFO neutron.services.segments.plugin [-] Segment 49856133-3017-4c25-83e6-a94cd4cff4f0 resource provider aggregate not found
2026-04-23 03:36:48.704 8 INFO neutron.services.segments.plugin [-] Segment 49856133-3017-4c25-83e6-a94cd4cff4f0 resource provider not found; error: Placement Client Error (4xx): {"errors": [{"status": 404, "title": "Not Found", "detail": "The resource could not be found.\n\n No resource provider with uuid 49856133-3017-4c25-83e6-a94cd4cff4f0 found for delete ", "request_id": "req-9813f37c-46ae-4cff-a7ca-3c3a69d09e5b"}]}
2026-04-23 03:36:48.713 8 INFO neutron.services.segments.plugin [-] Segment 49856133-3017-4c25-83e6-a94cd4cff4f0 resource provider not found; error: Placement Client Error (4xx): {"errors": [{"status": 404, "title": "Not Found", "detail": "The resource could not be found.\n\n No resource provider with uuid 49856133-3017-4c25-83e6-a94cd4cff4f0 found for delete ", "request_id": "req-3855e6b2-a456-4f02-b85a-650007ccb312"}]} [pid: 8|app: 0|req: 1148/2333] 10.0.0.63 () {32 vars in 725 bytes} [Thu Apr 23 03:36:48 2026] DELETE /v2.0/networks/52709da8-d1cc-4f2f-a677-71c3580fe903 => generated 0 bytes in 324 msecs (HTTP/1.1 204) 3 headers in 131 bytes (1 switches on core 0)
2026-04-23 03:36:48.823 7 INFO neutron_taas.services.taas.taas_plugin [None req-b505b630-99f2-4d87-ad0e-26f9e5babac2 6ff7e12898974b3ebd9ced57412715b0 b377996405454c8b94f2600be9542e6e - - default default] TaaS: Handle Delete Port: ecaf563b-7d29-4823-a4c2-cb8b9cb3b025
2026-04-23 03:36:48.825 7 INFO neutron_taas.services.taas.tap_mirror_plugin [None req-b505b630-99f2-4d87-ad0e-26f9e5babac2 6ff7e12898974b3ebd9ced57412715b0 b377996405454c8b94f2600be9542e6e - - default default] Tap Mirror: Handle Delete Port: ecaf563b-7d29-4823-a4c2-cb8b9cb3b025 [pid: 7|app: 0|req: 1186/2334] 10.0.0.63 () {32 vars in 725 bytes} [Thu Apr 23 03:36:48 2026] DELETE /v2.0/networks/58964666-61bd-4190-b96d-688f7e699671 => generated 0 bytes in 258 msecs (HTTP/1.1 204) 3 headers in 131 bytes (1 switches on core 0)
2026-04-23 03:36:49.116 8 INFO neutron_taas.services.taas.taas_plugin [None req-236ed8b6-302e-472f-8c94-a4de5c70eb10 6ff7e12898974b3ebd9ced57412715b0 b377996405454c8b94f2600be9542e6e - - default default] TaaS: Handle Delete Port: 4e53908b-a8de-433c-9954-55e123601023
2026-04-23 03:36:49.120 8 INFO neutron_taas.services.taas.tap_mirror_plugin [None req-236ed8b6-302e-472f-8c94-a4de5c70eb10 6ff7e12898974b3ebd9ced57412715b0 b377996405454c8b94f2600be9542e6e - - default default] Tap Mirror: Handle Delete Port: 4e53908b-a8de-433c-9954-55e123601023 [pid: 7|app: 0|req: 1189/2337] 10.0.0.146 () {34 vars in 990 bytes} [Thu Apr 23 03:36:49 2026] GET /v2.0/ports?device_id=3cd1d7fd-29e6-4b39-9c0b-e888f0125068 => generated 12 bytes in 20 msecs (HTTP/1.1 200) 4 headers in 156 bytes (1 switches on core 0) [pid: 8|app: 0|req: 1149/2338] 10.0.0.63 () {32 vars in 725 bytes} [Thu Apr 23 03:36:48 2026] DELETE /v2.0/networks/3d96c7b1-06ca-4d9a-959f-1d2dcf8b7943 => generated 0 bytes in 333 msecs (HTTP/1.1 204) 3 headers in 131 bytes (1 switches on core 0)
2026-04-23 03:36:50.049 7 INFO neutron.services.segments.plugin [-] Segment 4fe98923-e60c-40fa-8413-a9057ec3c388 resource provider aggregate not found
2026-04-23 03:36:50.057 7 INFO neutron.services.segments.plugin [-] Segment 4fe98923-e60c-40fa-8413-a9057ec3c388 resource provider aggregate not found
