2026-04-23 03:35:25.772 8 INFO neutron.db.segments_db [None req-e5cf9aef-e8a0-4e97-93e2-a5a5223003ad 98a2cbd45a504f299ca22d6f4c38baa3 756555a5450842ed96b7a9b4fb5df8fb - - default default] Added segment f87f8958-9979-480a-a5ae-ebb3dd2bf5c5 of type geneve for network 525a094a-7281-4346-b973-9a4d4646eba0 [pid: 7|app: 0|req: 920/1769] 10.0.0.146 () {34 vars in 990 bytes} [Thu Apr 23 03:35:25 2026] GET /v2.0/ports?device_id=610bd001-9493-4eec-87ed-181fd6e374db => generated 12 bytes in 14 msecs (HTTP/1.1 200) 4 headers in 156 bytes (1 switches on core 0)
2026-04-23 03:35:25.890 8 INFO neutron.db.ovn_revision_numbers_db [None req-e5cf9aef-e8a0-4e97-93e2-a5a5223003ad 98a2cbd45a504f299ca22d6f4c38baa3 756555a5450842ed96b7a9b4fb5df8fb - - default default] Successfully bumped revision number for resource 525a094a-7281-4346-b973-9a4d4646eba0 (type: networks) to 1
2026-04-23 03:35:26.064 8 WARNING neutron.scheduler.dhcp_agent_scheduler [None req-e5cf9aef-e8a0-4e97-93e2-a5a5223003ad 98a2cbd45a504f299ca22d6f4c38baa3 756555a5450842ed96b7a9b4fb5df8fb - - default default] No more DHCP agents
2026-04-23 03:35:26.065 8 WARNING neutron.api.rpc.agentnotifiers.dhcp_rpc_agent_api [None req-e5cf9aef-e8a0-4e97-93e2-a5a5223003ad 98a2cbd45a504f299ca22d6f4c38baa3 756555a5450842ed96b7a9b4fb5df8fb - - default default] Unable to schedule network 525a094a-7281-4346-b973-9a4d4646eba0: no agents available; will retry on subsequent port and subnet creation events.
2026-04-23 03:35:26.155 8 INFO neutron.db.ovn_revision_numbers_db [None req-e5cf9aef-e8a0-4e97-93e2-a5a5223003ad 98a2cbd45a504f299ca22d6f4c38baa3 756555a5450842ed96b7a9b4fb5df8fb - - default default] Successfully bumped revision number for resource fc9a09cf-28f9-4b02-88a6-1d2ed41cce8b (type: ports) to 1 [pid: 8|app: 0|req: 850/1770] 10.0.0.63 () {34 vars in 669 bytes} [Thu Apr 23 03:35:25 2026] POST /v2.0/networks => generated 672 bytes in 499 msecs (HTTP/1.1 201) 4 headers in 162 bytes (1 switches on core 0)
2026-04-23 03:35:26.349 7 WARNING neutron.scheduler.dhcp_agent_scheduler [None req-4fbee7ca-e191-4aa2-b4ec-98189a2d597c 98a2cbd45a504f299ca22d6f4c38baa3 756555a5450842ed96b7a9b4fb5df8fb - - default default] No more DHCP agents
2026-04-23 03:35:26.351 7 WARNING neutron.api.rpc.agentnotifiers.dhcp_rpc_agent_api [None req-4fbee7ca-e191-4aa2-b4ec-98189a2d597c 98a2cbd45a504f299ca22d6f4c38baa3 756555a5450842ed96b7a9b4fb5df8fb - - default default] Unable to schedule network 525a094a-7281-4346-b973-9a4d4646eba0: no agents available; will retry on subsequent port and subnet creation events.
2026-04-23 03:35:26.385 7 INFO neutron.db.ovn_revision_numbers_db [None req-4fbee7ca-e191-4aa2-b4ec-98189a2d597c 98a2cbd45a504f299ca22d6f4c38baa3 756555a5450842ed96b7a9b4fb5df8fb - - default default] Successfully bumped revision number for resource 3e42d914-5c02-4e60-933f-21989691af91 (type: subnets) to 0
2026-04-23 03:35:26.393 8 WARNING neutron.db.securitygroups_db [None req-464a82f1-55a0-4d5d-aa83-8dff4e11cbf8 83096f006f3845cd80432b900d744fd0 1dd1a280350746b5b3b9acc7b9f0c6b1 - - default default] project_id key not found in filters, using tenant_id instead. This support has been deprecated and will be removed in a future release. [pid: 7|app: 0|req: 921/1771] 10.0.0.63 () {34 vars in 668 bytes} [Thu Apr 23 03:35:26 2026] POST /v2.0/subnets => generated 646 bytes in 221 msecs (HTTP/1.1 201) 4 headers in 162 bytes (1 switches on core 0)
2026-04-23 03:35:26.526 8 INFO neutron.db.ovn_revision_numbers_db [None req-464a82f1-55a0-4d5d-aa83-8dff4e11cbf8 83096f006f3845cd80432b900d744fd0 1dd1a280350746b5b3b9acc7b9f0c6b1 - - default default] Successfully bumped revision number for resource fbcfd118-84d2-4b6d-8d7b-08ca7553ae99 (type: security_groups) to 1
2026-04-23 03:35:26.528 7 INFO neutron.db.ovn_revision_numbers_db [None req-3f9758b8-8dc6-4c6c-b4c7-c4dc0c3667d4 98a2cbd45a504f299ca22d6f4c38baa3 756555a5450842ed96b7a9b4fb5df8fb - - default default] Successfully bumped revision number for resource 9ecae5c0-f2a1-4d03-ab87-d9e2b6ec7ceb (type: routers) to 1
2026-04-23 03:35:26.541 8 INFO neutron.db.ovn_revision_numbers_db [None req-464a82f1-55a0-4d5d-aa83-8dff4e11cbf8 83096f006f3845cd80432b900d744fd0 1dd1a280350746b5b3b9acc7b9f0c6b1 - - default default] Successfully bumped revision number for resource 25dd9520-2c80-4ee3-9fc2-0d24432a0518 (type: security_group_rules) to 0 [pid: 7|app: 0|req: 922/1772] 10.0.0.63 () {34 vars in 668 bytes} [Thu Apr 23 03:35:26 2026] POST /v2.0/routers => generated 627 bytes in 137 msecs (HTTP/1.1 201) 4 headers in 162 bytes (1 switches on core 0)
2026-04-23 03:35:26.559 8 INFO neutron.db.ovn_revision_numbers_db [None req-464a82f1-55a0-4d5d-aa83-8dff4e11cbf8 83096f006f3845cd80432b900d744fd0 1dd1a280350746b5b3b9acc7b9f0c6b1 - - default default] Successfully bumped revision number for resource 49f16501-260c-476a-be4f-3133152d1dbb (type: security_group_rules) to 0
2026-04-23 03:35:26.571 8 INFO neutron.db.ovn_revision_numbers_db [None req-464a82f1-55a0-4d5d-aa83-8dff4e11cbf8 83096f006f3845cd80432b900d744fd0 1dd1a280350746b5b3b9acc7b9f0c6b1 - - default default] Successfully bumped revision number for resource 9b4bac54-9059-42e3-b3ed-4e7927662a76 (type: security_group_rules) to 0
2026-04-23 03:35:26.582 8 INFO neutron.db.ovn_revision_numbers_db [None req-464a82f1-55a0-4d5d-aa83-8dff4e11cbf8 83096f006f3845cd80432b900d744fd0 1dd1a280350746b5b3b9acc7b9f0c6b1 - - default default] Successfully bumped revision number for resource d4c63014-fe4a-41fd-a85a-359233727e3c (type: security_group_rules) to 0 [pid: 8|app: 0|req: 851/1773] 10.0.0.63 () {32 vars in 773 bytes} [Thu Apr 23 03:35:26 2026] GET /v2.0/security-groups?tenant_id=475b6b715ccb498c943f5485f2874314&name=default => generated 2925 bytes in 389 msecs (HTTP/1.1 200) 4 headers in 158 bytes (1 switches on core 0) [pid: 8|app: 0|req: 852/1774] 10.0.0.63 () {32 vars in 739 bytes} [Thu Apr 23 03:35:26 2026] DELETE /v2.0/security-groups/fbcfd118-84d2-4b6d-8d7b-08ca7553ae99 => generated 0 bytes in 188 msecs (HTTP/1.1 204) 2 headers in 112 bytes (1 switches on core 0) [pid: 8|app: 0|req: 853/1775] 10.0.0.146 () {34 vars in 990 bytes} [Thu Apr 23 03:35:26 2026] GET /v2.0/ports?device_id=610bd001-9493-4eec-87ed-181fd6e374db => generated 12 bytes in 17 msecs (HTTP/1.1 200) 4 headers in 156 bytes (1 switches on core 0)
2026-04-23 03:35:26.963 7 WARNING neutron.scheduler.dhcp_agent_scheduler [None req-16cc417c-b326-4e15-a62d-5a69c2b40e1c 98a2cbd45a504f299ca22d6f4c38baa3 756555a5450842ed96b7a9b4fb5df8fb - - default default] No more DHCP agents
2026-04-23 03:35:26.965 7 WARNING neutron.api.rpc.agentnotifiers.dhcp_rpc_agent_api [None req-16cc417c-b326-4e15-a62d-5a69c2b40e1c 98a2cbd45a504f299ca22d6f4c38baa3 756555a5450842ed96b7a9b4fb5df8fb - - default default] Unable to schedule network 525a094a-7281-4346-b973-9a4d4646eba0: no agents available; will retry on subsequent port and subnet creation events.
2026-04-23 03:35:26.984 8 WARNING neutron.db.securitygroups_db [None req-603bde8c-4ff8-4f9b-83b4-1ec53726b9fb 83096f006f3845cd80432b900d744fd0 1dd1a280350746b5b3b9acc7b9f0c6b1 - - default default] project_id key not found in filters, using tenant_id instead. This support has been deprecated and will be removed in a future release.
2026-04-23 03:35:27.068 8 INFO neutron.plugins.ml2.drivers.ovn.mech_driver.mech_driver [None req-9e3acd41-d449-4e2e-8124-a58fe059cd4f - - - - - -] OVN reports status down for port: 0e93f73b-6419-4fe2-bdcb-0083308fecb6
2026-04-23 03:35:27.076 7 INFO neutron.db.ovn_revision_numbers_db [None req-16cc417c-b326-4e15-a62d-5a69c2b40e1c 98a2cbd45a504f299ca22d6f4c38baa3 756555a5450842ed96b7a9b4fb5df8fb - - default default] Successfully bumped revision number for resource 0e93f73b-6419-4fe2-bdcb-0083308fecb6 (type: ports) to 1
2026-04-23 03:35:27.191 8 INFO neutron.db.ovn_revision_numbers_db [None req-603bde8c-4ff8-4f9b-83b4-1ec53726b9fb 83096f006f3845cd80432b900d744fd0 1dd1a280350746b5b3b9acc7b9f0c6b1 - - default default] Successfully bumped revision number for resource a1cf46d8-6a72-4c20-932f-ed8ba1ccf042 (type: security_groups) to 1
2026-04-23 03:35:27.207 8 INFO neutron.db.ovn_revision_numbers_db [None req-603bde8c-4ff8-4f9b-83b4-1ec53726b9fb 83096f006f3845cd80432b900d744fd0 1dd1a280350746b5b3b9acc7b9f0c6b1 - - default default] Successfully bumped revision number for resource 1b9bed47-1c88-464e-9937-d6beb9d6096b (type: security_group_rules) to 0
2026-04-23 03:35:27.233 8 INFO neutron.db.ovn_revision_numbers_db [None req-603bde8c-4ff8-4f9b-83b4-1ec53726b9fb 83096f006f3845cd80432b900d744fd0 1dd1a280350746b5b3b9acc7b9f0c6b1 - - default default] Successfully bumped revision number for resource a5ecf5ca-412f-4b45-a5f4-07958c5ae5a2 (type: security_group_rules) to 0
2026-04-23 03:35:27.253 8 INFO neutron.db.ovn_revision_numbers_db [None req-603bde8c-4ff8-4f9b-83b4-1ec53726b9fb 83096f006f3845cd80432b900d744fd0 1dd1a280350746b5b3b9acc7b9f0c6b1 - - default default] Successfully bumped revision number for resource e37aca1d-1142-42db-a644-80e9b2eaf849 (type: security_group_rules) to 0
2026-04-23 03:35:27.262 7 WARNING neutron.plugins.ml2.drivers.ovn.mech_driver.ovsdb.ovn_client [None req-7f8e7e5a-6cad-4661-b66d-f02eeaf60853 - - - - - -] No port found with ID 501f9562-d558-41ca-b520-9e101a7992ff: RuntimeError: No port found with ID 501f9562-d558-41ca-b520-9e101a7992ff
2026-04-23 03:35:27.265 8 INFO neutron.db.ovn_revision_numbers_db [None req-603bde8c-4ff8-4f9b-83b4-1ec53726b9fb 83096f006f3845cd80432b900d744fd0 1dd1a280350746b5b3b9acc7b9f0c6b1 - - default default] Successfully bumped revision number for resource f7c96584-d136-45c7-9c89-193d1ec9b221 (type: security_group_rules) to 0
2026-04-23 03:35:27.279 7 INFO neutron.plugins.ml2.drivers.ovn.mech_driver.mech_driver [None req-7f8e7e5a-6cad-4661-b66d-f02eeaf60853 - - - - - -] OVN reports status down for port: fc9a09cf-28f9-4b02-88a6-1d2ed41cce8b [pid: 8|app: 0|req: 854/1776] 10.0.0.63 () {32 vars in 773 bytes} [Thu Apr 23 03:35:26 2026] GET /v2.0/security-groups?tenant_id=808083a18af748799cfac88a5edf8363&name=default => generated 2925 bytes in 332 msecs (HTTP/1.1 200) 4 headers in 158 bytes (1 switches on core 0) [pid: 8|app: 0|req: 855/1777] 10.0.0.63 () {32 vars in 739 bytes} [Thu Apr 23 03:35:27 2026] DELETE /v2.0/security-groups/a1cf46d8-6a72-4c20-932f-ed8ba1ccf042 => generated 0 bytes in 202 msecs (HTTP/1.1 204) 2 headers in 112 bytes (1 switches on core 0)
2026-04-23 03:35:27.664 8 INFO neutron.plugins.ml2.drivers.ovn.mech_driver.mech_driver [None req-9e3acd41-d449-4e2e-8124-a58fe059cd4f - - - - - -] OVN reports status up for port: 0e93f73b-6419-4fe2-bdcb-0083308fecb6
2026-04-23 03:35:27.676 8 INFO neutron.plugins.ml2.plugin [None req-9e3acd41-d449-4e2e-8124-a58fe059cd4f - - - - - -] Attempt 1 to provision port 0e93f73b-6419-4fe2-bdcb-0083308fecb6
2026-04-23 03:35:27.697 8 WARNING neutron.db.securitygroups_db [None req-79a9b1b2-ed01-459e-b94e-d65515d4be2b 83096f006f3845cd80432b900d744fd0 1dd1a280350746b5b3b9acc7b9f0c6b1 - - default default] project_id key not found in filters, using tenant_id instead. This support has been deprecated and will be removed in a future release.
2026-04-23 03:35:27.733 7 WARNING neutron.scheduler.dhcp_agent_scheduler [None req-16cc417c-b326-4e15-a62d-5a69c2b40e1c 98a2cbd45a504f299ca22d6f4c38baa3 756555a5450842ed96b7a9b4fb5df8fb - - default default] No more DHCP agents
2026-04-23 03:35:27.734 7 WARNING neutron.api.rpc.agentnotifiers.dhcp_rpc_agent_api [None req-16cc417c-b326-4e15-a62d-5a69c2b40e1c 98a2cbd45a504f299ca22d6f4c38baa3 756555a5450842ed96b7a9b4fb5df8fb - - default default] Unable to schedule network 525a094a-7281-4346-b973-9a4d4646eba0: no agents available; will retry on subsequent port and subnet creation events.
2026-04-23 03:35:27.936 8 INFO neutron.db.ovn_revision_numbers_db [None req-79a9b1b2-ed01-459e-b94e-d65515d4be2b 83096f006f3845cd80432b900d744fd0 1dd1a280350746b5b3b9acc7b9f0c6b1 - - default default] Successfully bumped revision number for resource 36f57aee-6d0a-4c24-b8ec-2cff3efa6c02 (type: security_groups) to 1
2026-04-23 03:35:27.941 7 INFO neutron.db.ovn_revision_numbers_db [None req-16cc417c-b326-4e15-a62d-5a69c2b40e1c 98a2cbd45a504f299ca22d6f4c38baa3 756555a5450842ed96b7a9b4fb5df8fb - - default default] Successfully bumped revision number for resource 0e93f73b-6419-4fe2-bdcb-0083308fecb6 (type: router_ports) to 1 [pid: 7|app: 0|req: 923/1778] 10.0.0.63 () {34 vars in 782 bytes} [Thu Apr 23 03:35:26 2026] PUT /v2.0/routers/9ecae5c0-f2a1-4d03-ab87-d9e2b6ec7ceb/add_router_interface => generated 310 bytes in 1395 msecs (HTTP/1.1 200) 4 headers in 157 bytes (1 switches on core 0)
2026-04-23 03:35:27.966 8 INFO neutron.db.ovn_revision_numbers_db [None req-79a9b1b2-ed01-459e-b94e-d65515d4be2b 83096f006f3845cd80432b900d744fd0 1dd1a280350746b5b3b9acc7b9f0c6b1 - - default default] Successfully bumped revision number for resource 1c28e2af-21b3-4a65-9bee-62c24a3a1a71 (type: security_group_rules) to 0 [pid: 7|app: 0|req: 924/1779] 10.0.0.63 () {32 vars in 716 bytes} [Thu Apr 23 03:35:27 2026] GET /v2.0/ports/0e93f73b-6419-4fe2-bdcb-0083308fecb6 => generated 947 bytes in 43 msecs (HTTP/1.1 200) 4 headers in 157 bytes (1 switches on core 0)
2026-04-23 03:35:27.998 8 INFO neutron.db.ovn_revision_numbers_db [None req-79a9b1b2-ed01-459e-b94e-d65515d4be2b 83096f006f3845cd80432b900d744fd0 1dd1a280350746b5b3b9acc7b9f0c6b1 - - default default] Successfully bumped revision number for resource 62496485-ea59-4d20-bd3f-97b2153969da (type: security_group_rules) to 0
2026-04-23 03:35:28.019 8 INFO neutron.db.ovn_revision_numbers_db [None req-79a9b1b2-ed01-459e-b94e-d65515d4be2b 83096f006f3845cd80432b900d744fd0 1dd1a280350746b5b3b9acc7b9f0c6b1 - - default default] Successfully bumped revision number for resource a731228b-4a91-408f-ab53-090cc96fecb2 (type: security_group_rules) to 0 [pid: 7|app: 0|req: 925/1780] 10.0.0.63 () {32 vars in 716 bytes} [Thu Apr 23 03:35:27 2026] GET /v2.0/ports/0e93f73b-6419-4fe2-bdcb-0083308fecb6 => generated 947 bytes in 38 msecs (HTTP/1.1 200) 4 headers in 157 bytes (1 switches on core 0)
2026-04-23 03:35:28.040 8 INFO neutron.db.ovn_revision_numbers_db [None req-79a9b1b2-ed01-459e-b94e-d65515d4be2b 83096f006f3845cd80432b900d744fd0 1dd1a280350746b5b3b9acc7b9f0c6b1 - - default default] Successfully bumped revision number for resource be0f63f4-f1a6-4ab5-a986-42cea06a4478 (type: security_group_rules) to 0 [pid: 7|app: 0|req: 926/1781] 10.0.0.146 () {34 vars in 990 bytes} [Thu Apr 23 03:35:28 2026] GET /v2.0/ports?device_id=610bd001-9493-4eec-87ed-181fd6e374db => generated 12 bytes in 15 msecs (HTTP/1.1 200) 4 headers in 156 bytes (1 switches on core 0) [pid: 8|app: 0|req: 856/1782] 10.0.0.63 () {32 vars in 773 bytes} [Thu Apr 23 03:35:27 2026] GET /v2.0/security-groups?tenant_id=90143f50c61743b78ba216e7eb2659fa&name=default => generated 2925 bytes in 425 msecs (HTTP/1.1 200) 4 headers in 158 bytes (1 switches on core 0)
2026-04-23 03:35:28.305 7 INFO neutron_taas.services.taas.taas_plugin [None req-f85ba6b8-9c79-4cf0-9fb2-5eec2eded579 98a2cbd45a504f299ca22d6f4c38baa3 756555a5450842ed96b7a9b4fb5df8fb - - default default] TaaS: Handle Delete Port: 0e93f73b-6419-4fe2-bdcb-0083308fecb6
2026-04-23 03:35:28.308 7 INFO neutron_taas.services.taas.tap_mirror_plugin [None req-f85ba6b8-9c79-4cf0-9fb2-5eec2eded579 98a2cbd45a504f299ca22d6f4c38baa3 756555a5450842ed96b7a9b4fb5df8fb - - default default] Tap Mirror: Handle Delete Port: 0e93f73b-6419-4fe2-bdcb-0083308fecb6
2026-04-23 03:35:28.384 8 INFO neutron.db.ovn_revision_numbers_db [None req-9e3acd41-d449-4e2e-8124-a58fe059cd4f - - - - - -] Successfully bumped revision number for resource 0e93f73b-6419-4fe2-bdcb-0083308fecb6 (type: ports) to 2 [pid: 8|app: 0|req: 857/1783] 10.0.0.63 () {32 vars in 739 bytes} [Thu Apr 23 03:35:28 2026] DELETE /v2.0/security-groups/36f57aee-6d0a-4c24-b8ec-2cff3efa6c02 => generated 0 bytes in 356 msecs (HTTP/1.1 204) 2 headers in 112 bytes (1 switches on core 0) [pid: 7|app: 0|req: 927/1784] 10.0.0.63 () {34 vars in 788 bytes} [Thu Apr 23 03:35:28 2026] PUT /v2.0/routers/9ecae5c0-f2a1-4d03-ab87-d9e2b6ec7ceb/remove_router_interface => generated 310 bytes in 508 msecs (HTTP/1.1 200) 4 headers in 157 bytes (1 switches on core 0) [pid: 8|app: 0|req: 858/1785] 10.0.0.63 () {32 vars in 735 bytes} [Thu Apr 23 03:35:28 2026] GET /v2.0/ports?device_id=9ecae5c0-f2a1-4d03-ab87-d9e2b6ec7ceb => generated 12 bytes in 32 msecs (HTTP/1.1 200) 4 headers in 156 bytes (1 switches on core 0) /var/lib/openstack/lib/python3.12/site-packages/pycadf/identifier.py:70: UserWarning: Invalid uuid: neutron. To ensure interoperability, identifiers should be a valid uuid. warnings.warn(('Invalid uuid: %s. To ensure interoperability, ' [pid: 7|app: 0|req: 928/1786] 10.0.0.63 () {32 vars in 723 bytes} [Thu Apr 23 03:35:28 2026] DELETE /v2.0/routers/9ecae5c0-f2a1-4d03-ab87-d9e2b6ec7ceb => generated 0 bytes in 165 msecs (HTTP/1.1 204) 2 headers in 112 bytes (1 switches on core 0) [pid: 8|app: 0|req: 859/1787] 10.0.0.63 () {32 vars in 723 bytes} [Thu Apr 23 03:35:28 2026] DELETE /v2.0/subnets/3e42d914-5c02-4e60-933f-21989691af91 => generated 0 bytes in 127 msecs (HTTP/1.1 204) 3 headers in 131 bytes (1 switches on core 0)
2026-04-23 03:35:29.005 7 INFO neutron_taas.services.taas.taas_plugin [None req-c3b28e61-cf90-43d9-8a99-d9c3085031b0 98a2cbd45a504f299ca22d6f4c38baa3 756555a5450842ed96b7a9b4fb5df8fb - - default default] TaaS: Handle Delete Port: fc9a09cf-28f9-4b02-88a6-1d2ed41cce8b
2026-04-23 03:35:29.008 7 INFO neutron_taas.services.taas.tap_mirror_plugin [None req-c3b28e61-cf90-43d9-8a99-d9c3085031b0 98a2cbd45a504f299ca22d6f4c38baa3 756555a5450842ed96b7a9b4fb5df8fb - - default default] Tap Mirror: Handle Delete Port: fc9a09cf-28f9-4b02-88a6-1d2ed41cce8b
2026-04-23 03:35:29.152 8 WARNING neutron.db.securitygroups_db [None req-18cbeddd-1a01-441a-9698-f4446b49f9d9 83096f006f3845cd80432b900d744fd0 1dd1a280350746b5b3b9acc7b9f0c6b1 - - default default] project_id key not found in filters, using tenant_id instead. This support has been deprecated and will be removed in a future release.
2026-04-23 03:35:29.195 7 INFO neutron.services.segments.plugin [-] Segment f87f8958-9979-480a-a5ae-ebb3dd2bf5c5 resource provider aggregate not found
2026-04-23 03:35:29.204 7 INFO neutron.services.segments.plugin [-] Segment f87f8958-9979-480a-a5ae-ebb3dd2bf5c5 resource provider aggregate not found
2026-04-23 03:35:29.214 7 INFO neutron.services.segments.plugin [-] Segment f87f8958-9979-480a-a5ae-ebb3dd2bf5c5 resource provider not found; error: Placement Client Error (4xx): {"errors": [{"status": 404, "title": "Not Found", "detail": "The resource could not be found.\n\n No resource provider with uuid f87f8958-9979-480a-a5ae-ebb3dd2bf5c5 found for delete ", "request_id": "req-be2a3eb9-528c-4007-95b9-5e352648f43f"}]}
2026-04-23 03:35:29.233 7 INFO neutron.services.segments.plugin [-] Segment f87f8958-9979-480a-a5ae-ebb3dd2bf5c5 resource provider not found; error: Placement Client Error (4xx): {"errors": [{"status": 404, "title": "Not Found", "detail": "The resource could not be found.\n\n No resource provider with uuid f87f8958-9979-480a-a5ae-ebb3dd2bf5c5 found for delete ", "request_id": "req-78008192-adf6-468b-b57b-50b3cdd624e1"}]} [pid: 7|app: 0|req: 929/1788] 10.0.0.63 () {32 vars in 725 bytes} [Thu Apr 23 03:35:28 2026] DELETE /v2.0/networks/525a094a-7281-4346-b973-9a4d4646eba0 => generated 0 bytes in 355 msecs (HTTP/1.1 204) 3 headers in 131 bytes (1 switches on core 0) [pid: 7|app: 0|req: 930/1789] 10.0.0.146 () {34 vars in 990 bytes} [Thu Apr 23 03:35:29 2026] GET /v2.0/ports?device_id=610bd001-9493-4eec-87ed-181fd6e374db => generated 12 bytes in 41 msecs (HTTP/1.1 200) 4 headers in 156 bytes (1 switches on core 0)
2026-04-23 03:35:29.312 8 INFO neutron.db.ovn_revision_numbers_db [None req-18cbeddd-1a01-441a-9698-f4446b49f9d9 83096f006f3845cd80432b900d744fd0 1dd1a280350746b5b3b9acc7b9f0c6b1 - - default default] Successfully bumped revision number for resource 56e6b24d-9a7b-40c9-ae6b-a3ed1898c812 (type: security_groups) to 1
2026-04-23 03:35:29.328 8 INFO neutron.db.ovn_revision_numbers_db [None req-18cbeddd-1a01-441a-9698-f4446b49f9d9 83096f006f3845cd80432b900d744fd0 1dd1a280350746b5b3b9acc7b9f0c6b1 - - default default] Successfully bumped revision number for resource 4bdf37e9-ef39-4af1-90d1-c4d5a403e91f (type: security_group_rules) to 0
2026-04-23 03:35:29.341 8 INFO neutron.db.ovn_revision_numbers_db [None req-18cbeddd-1a01-441a-9698-f4446b49f9d9 83096f006f3845cd80432b900d744fd0 1dd1a280350746b5b3b9acc7b9f0c6b1 - - default default] Successfully bumped revision number for resource 66b4b58c-6207-4631-aa7e-103efa9e69c4 (type: security_group_rules) to 0
2026-04-23 03:35:29.363 8 INFO neutron.db.ovn_revision_numbers_db [None req-18cbeddd-1a01-441a-9698-f4446b49f9d9 83096f006f3845cd80432b900d744fd0 1dd1a280350746b5b3b9acc7b9f0c6b1 - - default default] Successfully bumped revision number for resource 74f366ac-48e7-4fed-8730-b9de651e62df (type: security_group_rules) to 0
2026-04-23 03:35:29.377 8 INFO neutron.db.ovn_revision_numbers_db [None req-18cbeddd-1a01-441a-9698-f4446b49f9d9 83096f006f3845cd80432b900d744fd0 1dd1a280350746b5b3b9acc7b9f0c6b1 - - default default] Successfully bumped revision number for resource c84d7577-2ff4-4fd3-b4d7-6c7880d66e93 (type: security_group_rules) to 0 [pid: 8|app: 0|req: 860/1790] 10.0.0.63 () {32 vars in 773 bytes} [Thu Apr 23 03:35:29 2026] GET /v2.0/security-groups?tenant_id=2d76a9b5df664c6d89ed106bea7cd69d&name=default => generated 2925 bytes in 378 msecs (HTTP/1.1 200) 4 headers in 158 bytes (1 switches on core 0) [pid: 8|app: 0|req: 861/1791] 10.0.0.63 () {32 vars in 739 bytes} [Thu Apr 23 03:35:29 2026] DELETE /v2.0/security-groups/56e6b24d-9a7b-40c9-ae6b-a3ed1898c812 => generated 0 bytes in 194 msecs (HTTP/1.1 204) 2 headers in 112 bytes (1 switches on core 0)
2026-04-23 03:35:29.697 8 WARNING neutron.db.securitygroups_db [None req-b89076b8-2f9a-46e3-90ae-1f696bcb6b5f 83096f006f3845cd80432b900d744fd0 1dd1a280350746b5b3b9acc7b9f0c6b1 - - default default] project_id key not found in filters, using tenant_id instead. This support has been deprecated and will be removed in a future release.
2026-04-23 03:35:29.714 7 WARNING neutron.scheduler.dhcp_agent_scheduler [None req-1fc217d5-cb1a-487e-a1e1-be94388f91f5 98a2cbd45a504f299ca22d6f4c38baa3 756555a5450842ed96b7a9b4fb5df8fb - - default default] No more DHCP agents
2026-04-23 03:35:29.715 7 WARNING neutron.api.rpc.agentnotifiers.dhcp_rpc_agent_api [None req-1fc217d5-cb1a-487e-a1e1-be94388f91f5 98a2cbd45a504f299ca22d6f4c38baa3 756555a5450842ed96b7a9b4fb5df8fb - - default default] Unable to schedule network e7923463-bbd3-49a7-98c8-122ecb99b64f: no agents available; will retry on subsequent port and subnet creation events.
2026-04-23 03:35:29.821 8 INFO neutron.db.ovn_revision_numbers_db [None req-b89076b8-2f9a-46e3-90ae-1f696bcb6b5f 83096f006f3845cd80432b900d744fd0 1dd1a280350746b5b3b9acc7b9f0c6b1 - - default default] Successfully bumped revision number for resource 777881fa-32e6-462c-9f5f-1ac4fa6274bb (type: security_groups) to 1
2026-04-23 03:35:29.854 8 INFO neutron.db.ovn_revision_numbers_db [None req-b89076b8-2f9a-46e3-90ae-1f696bcb6b5f 83096f006f3845cd80432b900d744fd0 1dd1a280350746b5b3b9acc7b9f0c6b1 - - default default] Successfully bumped revision number for resource 00e686c8-73f2-49a8-a138-6fb0ebba8733 (type: security_group_rules) to 0
2026-04-23 03:35:29.865 7 INFO neutron.db.ovn_revision_numbers_db [None req-1fc217d5-cb1a-487e-a1e1-be94388f91f5 98a2cbd45a504f299ca22d6f4c38baa3 756555a5450842ed96b7a9b4fb5df8fb - - default default] Successfully bumped revision number for resource e99e90cf-269c-49b9-a765-c0dacbd8a920 (type: ports) to 1
2026-04-23 03:35:29.872 8 INFO neutron.db.ovn_revision_numbers_db [None req-b89076b8-2f9a-46e3-90ae-1f696bcb6b5f 83096f006f3845cd80432b900d744fd0 1dd1a280350746b5b3b9acc7b9f0c6b1 - - default default] Successfully bumped revision number for resource 2a84853b-96bb-41a5-ac7c-0708eeb4602f (type: security_group_rules) to 0
2026-04-23 03:35:29.883 8 INFO neutron.db.ovn_revision_numbers_db [None req-b89076b8-2f9a-46e3-90ae-1f696bcb6b5f 83096f006f3845cd80432b900d744fd0 1dd1a280350746b5b3b9acc7b9f0c6b1 - - default default] Successfully bumped revision number for resource 80a80dc9-b0d4-4c4c-8337-2cdbb032c47f (type: security_group_rules) to 0
2026-04-23 03:35:29.894 8 INFO neutron.db.ovn_revision_numbers_db [None req-b89076b8-2f9a-46e3-90ae-1f696bcb6b5f 83096f006f3845cd80432b900d744fd0 1dd1a280350746b5b3b9acc7b9f0c6b1 - - default default] Successfully bumped revision number for resource 9f7239d7-f021-4619-91b4-b86413a75ec9 (type: security_group_rules) to 0 [pid: 8|app: 0|req: 862/1792] 10.0.0.63 () {32 vars in 773 bytes} [Thu Apr 23 03:35:29 2026] GET /v2.0/security-groups?tenant_id=d46249348c2e4a65b5ca1ec6319440fd&name=default => generated 2925 bytes in 237 msecs (HTTP/1.1 200) 4 headers in 158 bytes (1 switches on core 0) [pid: 8|app: 0|req: 863/1793] 10.0.0.63 () {32 vars in 739 bytes} [Thu Apr 23 03:35:29 2026] DELETE /v2.0/security-groups/777881fa-32e6-462c-9f5f-1ac4fa6274bb => generated 0 bytes in 169 msecs (HTTP/1.1 204) 2 headers in 112 bytes (1 switches on core 0) [pid: 8|app: 0|req: 864/1794] 199.204.45.244 () {34 vars in 986 bytes} [Thu Apr 23 03:35:30 2026] GET /v2.0/networks?id=7e0e458d-82ad-40c8-9b78-c39415a2ac42 => generated 699 bytes in 51 msecs (HTTP/1.1 200) 4 headers in 157 bytes (1 switches on core 0)
2026-04-23 03:35:30.164 8 WARNING neutron.db.securitygroups_db [req-f13c1e2a-5b75-4972-9df8-480447dd9eda req-dbacadc0-67fa-4a66-8191-4abfbb50c092 3a52596e919a448c85819540ad726a18 8c93549cb40245268468fe2844a6fc30 - - default default] project_id key not found in filters, using tenant_id instead. This support has been deprecated and will be removed in a future release. [pid: 8|app: 0|req: 865/1795] 199.204.45.244 () {34 vars in 1050 bytes} [Thu Apr 23 03:35:30 2026] GET /v2.0/security-groups?fields=id&fields=name&tenant_id=8c93549cb40245268468fe2844a6fc30 => generated 272 bytes in 31 msecs (HTTP/1.1 200) 4 headers in 157 bytes (1 switches on core 0)
2026-04-23 03:35:30.509 8 WARNING neutron.scheduler.dhcp_agent_scheduler [req-f13c1e2a-5b75-4972-9df8-480447dd9eda req-31563e90-b870-4a0f-89f4-edddc7fc803d 3a52596e919a448c85819540ad726a18 8c93549cb40245268468fe2844a6fc30 - - default default] No more DHCP agents
2026-04-23 03:35:30.511 8 WARNING neutron.api.rpc.agentnotifiers.dhcp_rpc_agent_api [req-f13c1e2a-5b75-4972-9df8-480447dd9eda req-31563e90-b870-4a0f-89f4-edddc7fc803d 3a52596e919a448c85819540ad726a18 8c93549cb40245268468fe2844a6fc30 - - default default] Unable to schedule network 7e0e458d-82ad-40c8-9b78-c39415a2ac42: no agents available; will retry on subsequent port and subnet creation events.
2026-04-23 03:35:30.520 7 INFO neutron.db.ovn_revision_numbers_db [None req-1fc217d5-cb1a-487e-a1e1-be94388f91f5 98a2cbd45a504f299ca22d6f4c38baa3 756555a5450842ed96b7a9b4fb5df8fb - - default default] Successfully bumped revision number for resource e99e90cf-269c-49b9-a765-c0dacbd8a920 (type: router_ports) to 1
2026-04-23 03:35:30.596 7 INFO neutron.db.ovn_revision_numbers_db [None req-1fc217d5-cb1a-487e-a1e1-be94388f91f5 98a2cbd45a504f299ca22d6f4c38baa3 756555a5450842ed96b7a9b4fb5df8fb - - default default] Successfully bumped revision number for resource 6b45823f-37b0-47a8-af58-9aa59b37686b (type: routers) to 2 [pid: 7|app: 0|req: 931/1796] 10.0.0.63 () {34 vars in 668 bytes} [Thu Apr 23 03:35:29 2026] POST /v2.0/routers => generated 973 bytes in 1313 msecs (HTTP/1.1 201) 4 headers in 162 bytes (1 switches on core 0)
2026-04-23 03:35:30.670 7 INFO neutron.plugins.ml2.drivers.ovn.mech_driver.mech_driver [None req-7f8e7e5a-6cad-4661-b66d-f02eeaf60853 - - - - - -] OVN reports status down for port: 86c44860-d5c6-4550-8d8b-fa685399d0ab
2026-04-23 03:35:30.687 8 INFO neutron.db.ovn_revision_numbers_db [req-f13c1e2a-5b75-4972-9df8-480447dd9eda req-31563e90-b870-4a0f-89f4-edddc7fc803d 3a52596e919a448c85819540ad726a18 8c93549cb40245268468fe2844a6fc30 - - default default] Successfully bumped revision number for resource 86c44860-d5c6-4550-8d8b-fa685399d0ab (type: ports) to 1 [pid: 7|app: 0|req: 932/1797] 10.0.0.146 () {34 vars in 990 bytes} [Thu Apr 23 03:35:30 2026] GET /v2.0/ports?device_id=610bd001-9493-4eec-87ed-181fd6e374db => generated 961 bytes in 130 msecs (HTTP/1.1 200) 4 headers in 157 bytes (1 switches on core 0) [pid: 8|app: 0|req: 866/1798] 199.204.45.244 () {38 vars in 955 bytes} [Thu Apr 23 03:35:30 2026] POST /v2.0/ports => generated 958 bytes in 548 msecs (HTTP/1.1 201) 4 headers in 162 bytes (1 switches on core 0) /var/lib/openstack/lib/python3.12/site-packages/pycadf/identifier.py:70: UserWarning: Invalid uuid: neutron. To ensure interoperability, identifiers should be a valid uuid. warnings.warn(('Invalid uuid: %s. To ensure interoperability, ' [pid: 8|app: 0|req: 867/1799] 10.0.0.146 () {34 vars in 1040 bytes} [Thu Apr 23 03:35:30 2026] GET /v2.0/security-groups?id=ca8f0ca3-4729-46b7-b927-c62c586f1b2b&fields=id&fields=name => generated 114 bytes in 31 msecs (HTTP/1.1 200) 4 headers in 157 bytes (1 switches on core 0) [pid: 7|app: 0|req: 933/1800] 10.0.0.63 () {32 vars in 720 bytes} [Thu Apr 23 03:35:30 2026] GET /v2.0/routers/6b45823f-37b0-47a8-af58-9aa59b37686b => generated 979 bytes in 84 msecs (HTTP/1.1 200) 4 headers in 157 bytes (1 switches on core 0) [pid: 7|app: 0|req: 934/1801] 10.0.0.63 () {32 vars in 646 bytes} [Thu Apr 23 03:35:30 2026] GET /v2.0/routers => generated 982 bytes in 83 msecs (HTTP/1.1 200) 4 headers in 157 bytes (1 switches on core 0)
2026-04-23 03:35:31.203 8 INFO neutron.db.ovn_revision_numbers_db [req-f13c1e2a-5b75-4972-9df8-480447dd9eda req-cc799c70-de47-4b79-8e7e-daf5f0d93454 f562ebec95fd43d088007e53ccadc102 b415eb9e0a134e8587445dcfe4dc043b - - 38f7cabdfd8442dc83592512f51300a8 38f7cabdfd8442dc83592512f51300a8] Successfully bumped revision number for resource 86c44860-d5c6-4550-8d8b-fa685399d0ab (type: ports) to 2
2026-04-23 03:35:31.395 7 INFO neutron.db.ovn_revision_numbers_db [None req-5a4063e1-2fc6-4c8f-8a84-83d15491c906 98a2cbd45a504f299ca22d6f4c38baa3 756555a5450842ed96b7a9b4fb5df8fb - - default default] Successfully bumped revision number for resource 6b45823f-37b0-47a8-af58-9aa59b37686b (type: routers) to 3 [pid: 7|app: 0|req: 935/1802] 10.0.0.63 () {34 vars in 740 bytes} [Thu Apr 23 03:35:30 2026] PUT /v2.0/routers/6b45823f-37b0-47a8-af58-9aa59b37686b => generated 986 bytes in 487 msecs (HTTP/1.1 200) 4 headers in 157 bytes (1 switches on core 0)
2026-04-23 03:35:31.443 8 INFO neutron.db.ovn_revision_numbers_db [req-f13c1e2a-5b75-4972-9df8-480447dd9eda req-cc799c70-de47-4b79-8e7e-daf5f0d93454 f562ebec95fd43d088007e53ccadc102 b415eb9e0a134e8587445dcfe4dc043b - - 38f7cabdfd8442dc83592512f51300a8 38f7cabdfd8442dc83592512f51300a8] Successfully bumped revision number for resource 86c44860-d5c6-4550-8d8b-fa685399d0ab (type: ports) to 4 [pid: 8|app: 0|req: 868/1803] 199.204.45.244 () {38 vars in 1028 bytes} [Thu Apr 23 03:35:30 2026] PUT /v2.0/ports/86c44860-d5c6-4550-8d8b-fa685399d0ab => generated 1231 bytes in 680 msecs (HTTP/1.1 200) 4 headers in 158 bytes (1 switches on core 0) [pid: 7|app: 0|req: 936/1804] 10.0.0.63 () {32 vars in 720 bytes} [Thu Apr 23 03:35:31 2026] GET /v2.0/routers/6b45823f-37b0-47a8-af58-9aa59b37686b => generated 986 bytes in 65 msecs (HTTP/1.1 200) 4 headers in 157 bytes (1 switches on core 0) /var/lib/openstack/lib/python3.12/site-packages/pycadf/identifier.py:70: UserWarning: Invalid uuid: neutron. To ensure interoperability, identifiers should be a valid uuid. warnings.warn(('Invalid uuid: %s. To ensure interoperability, '
2026-04-23 03:35:31.498 8 INFO neutron.notifiers.nova [-] Nova event matching ['req-05d50b59-9699-4f59-8982-c404e493d512'] response: {'name': 'network-changed', 'server_uuid': '610bd001-9493-4eec-87ed-181fd6e374db', 'tag': '86c44860-d5c6-4550-8d8b-fa685399d0ab', 'status': 'completed', 'code': 200} [pid: 8|app: 0|req: 869/1805] 10.0.0.63 () {32 vars in 735 bytes} [Thu Apr 23 03:35:31 2026] GET /v2.0/ports?device_id=6b45823f-37b0-47a8-af58-9aa59b37686b => generated 12 bytes in 18 msecs (HTTP/1.1 200) 4 headers in 156 bytes (1 switches on core 0)
2026-04-23 03:35:31.827 7 INFO neutron_taas.services.taas.taas_plugin [None req-860321c7-50f3-4fcc-bcc7-a168e0374d64 98a2cbd45a504f299ca22d6f4c38baa3 756555a5450842ed96b7a9b4fb5df8fb - - default default] TaaS: Handle Delete Port: e99e90cf-269c-49b9-a765-c0dacbd8a920
2026-04-23 03:35:31.830 7 INFO neutron_taas.services.taas.tap_mirror_plugin [None req-860321c7-50f3-4fcc-bcc7-a168e0374d64 98a2cbd45a504f299ca22d6f4c38baa3 756555a5450842ed96b7a9b4fb5df8fb - - default default] Tap Mirror: Handle Delete Port: e99e90cf-269c-49b9-a765-c0dacbd8a920
2026-04-23 03:35:32.043 8 WARNING neutron.scheduler.dhcp_agent_scheduler [None req-c2dda90c-25a5-4cf8-9e09-21fb8b8e6f5f 53b6fb38b0934c069bb7713a87ad899e f6f249aef1ae42e1ad0c80c66adf2ee4 - - default default] No more DHCP agents
2026-04-23 03:35:32.044 8 WARNING neutron.api.rpc.agentnotifiers.dhcp_rpc_agent_api [None req-c2dda90c-25a5-4cf8-9e09-21fb8b8e6f5f 53b6fb38b0934c069bb7713a87ad899e f6f249aef1ae42e1ad0c80c66adf2ee4 - - default default] Unable to schedule network e7923463-bbd3-49a7-98c8-122ecb99b64f: no agents available; will retry on subsequent port and subnet creation events. [pid: 7|app: 0|req: 937/1806] 10.0.0.63 () {32 vars in 723 bytes} [Thu Apr 23 03:35:31 2026] DELETE /v2.0/routers/6b45823f-37b0-47a8-af58-9aa59b37686b => generated 0 bytes in 676 msecs (HTTP/1.1 204) 2 headers in 112 bytes (1 switches on core 0) [pid: 8|app: 0|req: 870/1807] 10.0.0.63 () {34 vars in 675 bytes} [Thu Apr 23 03:35:31 2026] POST /v2.0/floatingips => generated 552 bytes in 658 msecs (HTTP/1.1 201) 4 headers in 162 bytes (1 switches on core 0)
2026-04-23 03:35:32.354 7 INFO neutron.db.ovn_revision_numbers_db [None req-1a3c68fa-af30-450a-8443-6916252813ed 11808a1ef55c458091f3325c179cded6 0c82fcca46274810a96fd52da063ed6d - - default default] Successfully bumped revision number for resource db6de963-512a-4844-876d-5450d8da1ff8 (type: security_groups) to 1
2026-04-23 03:35:32.367 7 INFO neutron.db.ovn_revision_numbers_db [None req-1a3c68fa-af30-450a-8443-6916252813ed 11808a1ef55c458091f3325c179cded6 0c82fcca46274810a96fd52da063ed6d - - default default] Successfully bumped revision number for resource 01a84c11-8e68-4fb4-b6e6-bd3e04f0b7dd (type: security_group_rules) to 0
2026-04-23 03:35:32.380 7 INFO neutron.db.ovn_revision_numbers_db [None req-1a3c68fa-af30-450a-8443-6916252813ed 11808a1ef55c458091f3325c179cded6 0c82fcca46274810a96fd52da063ed6d - - default default] Successfully bumped revision number for resource 06933b75-a834-47c9-b5e8-e46c1714a0f1 (type: security_group_rules) to 0 [pid: 8|app: 0|req: 871/1808] 10.0.0.146 () {34 vars in 990 bytes} [Thu Apr 23 03:35:32 2026] GET /v2.0/ports?device_id=610bd001-9493-4eec-87ed-181fd6e374db => generated 973 bytes in 55 msecs (HTTP/1.1 200) 4 headers in 157 bytes (1 switches on core 0)
2026-04-23 03:35:32.397 7 INFO neutron.db.ovn_revision_numbers_db [None req-1a3c68fa-af30-450a-8443-6916252813ed 11808a1ef55c458091f3325c179cded6 0c82fcca46274810a96fd52da063ed6d - - default default] Successfully bumped revision number for resource 2bedb4dd-5630-4a88-a4ee-d763bbb67612 (type: security_group_rules) to 0
2026-04-23 03:35:32.408 7 INFO neutron.db.ovn_revision_numbers_db [None req-1a3c68fa-af30-450a-8443-6916252813ed 11808a1ef55c458091f3325c179cded6 0c82fcca46274810a96fd52da063ed6d - - default default] Successfully bumped revision number for resource b8fdb24a-c25c-4c41-83fb-4e8aefcd3b8f (type: security_group_rules) to 0 [pid: 8|app: 0|req: 872/1809] 199.204.45.244 () {34 vars in 1080 bytes} [Thu Apr 23 03:35:32 2026] GET /v2.0/ports?tenant_id=8c93549cb40245268468fe2844a6fc30&device_id=610bd001-9493-4eec-87ed-181fd6e374db => generated 1234 bytes in 33 msecs (HTTP/1.1 200) 4 headers in 158 bytes (1 switches on core 0) [pid: 8|app: 0|req: 873/1810] 10.0.0.63 () {32 vars in 735 bytes} [Thu Apr 23 03:35:32 2026] GET /v2.0/ports?device_id=6b45823f-37b0-47a8-af58-9aa59b37686b => generated 12 bytes in 14 msecs (HTTP/1.1 200) 4 headers in 156 bytes (1 switches on core 0)
2026-04-23 03:35:32.450 8 WARNING tagging [None req-faefefbc-4db1-45a7-8918-0cce8f450d86 53b6fb38b0934c069bb7713a87ad899e f6f249aef1ae42e1ad0c80c66adf2ee4 - - default default] project_id key not found in request, using tenant_id instead. This support has been deprecated and will be removed in a future release.
2026-04-23 03:35:32.494 7 INFO neutron.db.segments_db [None req-1a3c68fa-af30-450a-8443-6916252813ed 11808a1ef55c458091f3325c179cded6 0c82fcca46274810a96fd52da063ed6d - - default default] Added segment 4133572c-19b7-4c06-adec-e22ee6d26932 of type geneve for network 741e7ae2-14dd-4b29-b582-5ca5d69ae8cc [pid: 8|app: 0|req: 874/1811] 10.0.0.63 () {34 vars in 758 bytes} [Thu Apr 23 03:35:32 2026] PUT /v2.0/floatingips/5abd4274-d6fa-4c2f-a7c0-e1c02c5cba1b/tags => generated 25 bytes in 78 msecs (HTTP/1.1 200) 4 headers in 156 bytes (1 switches on core 0) [pid: 8|app: 0|req: 875/1812] 10.0.0.146 () {34 vars in 1040 bytes} [Thu Apr 23 03:35:32 2026] GET /v2.0/security-groups?id=ca8f0ca3-4729-46b7-b927-c62c586f1b2b&fields=id&fields=name => generated 114 bytes in 27 msecs (HTTP/1.1 200) 4 headers in 157 bytes (1 switches on core 0)
2026-04-23 03:35:32.567 7 INFO neutron.db.segments_db [None req-1a3c68fa-af30-450a-8443-6916252813ed 11808a1ef55c458091f3325c179cded6 0c82fcca46274810a96fd52da063ed6d - - default default] Added segment 89110029-a1dd-43f6-bd15-ff41cd47fce0 of type geneve for network fbdd534e-17f6-408a-81d8-2b4a7130528d [pid: 8|app: 0|req: 876/1813] 199.204.45.244 () {34 vars in 1018 bytes} [Thu Apr 23 03:35:32 2026] GET /v2.0/networks?tenant_id=8c93549cb40245268468fe2844a6fc30&shared=False => generated 798 bytes in 45 msecs (HTTP/1.1 200) 4 headers in 157 bytes (1 switches on core 0)
2026-04-23 03:35:32.599 8 INFO neutron.api.v2.resource [None req-05a66bec-6977-44f7-b756-e2fd9612aba8 98a2cbd45a504f299ca22d6f4c38baa3 756555a5450842ed96b7a9b4fb5df8fb - - default default] delete failed (client error): The resource could not be found. [pid: 8|app: 0|req: 877/1814] 10.0.0.63 () {32 vars in 723 bytes} [Thu Apr 23 03:35:32 2026] DELETE /v2.0/routers/6b45823f-37b0-47a8-af58-9aa59b37686b => generated 135 bytes in 17 msecs (HTTP/1.1 404) 4 headers in 164 bytes (1 switches on core 0)
2026-04-23 03:35:32.618 8 WARNING tagging [None req-e6b2f518-3ccc-4375-8312-ef1c6b6677e8 53b6fb38b0934c069bb7713a87ad899e f6f249aef1ae42e1ad0c80c66adf2ee4 - - default default] project_id key not found in request, using tenant_id instead. This support has been deprecated and will be removed in a future release. [pid: 8|app: 0|req: 878/1815] 10.0.0.63 () {32 vars in 738 bytes} [Thu Apr 23 03:35:32 2026] GET /v2.0/floatingips/5abd4274-d6fa-4c2f-a7c0-e1c02c5cba1b/tags => generated 25 bytes in 33 msecs (HTTP/1.1 200) 4 headers in 156 bytes (1 switches on core 0)
2026-04-23 03:35:32.688 7 INFO neutron.db.ovn_revision_numbers_db [None req-1a3c68fa-af30-450a-8443-6916252813ed 11808a1ef55c458091f3325c179cded6 0c82fcca46274810a96fd52da063ed6d - - default default] Successfully bumped revision number for resource 741e7ae2-14dd-4b29-b582-5ca5d69ae8cc (type: networks) to 1 [pid: 8|app: 0|req: 879/1816] 199.204.45.244 () {34 vars in 930 bytes} [Thu Apr 23 03:35:32 2026] GET /v2.0/networks?shared=True => generated 791 bytes in 61 msecs (HTTP/1.1 200) 4 headers in 157 bytes (1 switches on core 0) [pid: 8|app: 0|req: 880/1817] 10.0.0.63 () {32 vars in 735 bytes} [Thu Apr 23 03:35:32 2026] GET /v2.0/ports?device_id=9ecae5c0-f2a1-4d03-ab87-d9e2b6ec7ceb => generated 12 bytes in 16 msecs (HTTP/1.1 200) 4 headers in 156 bytes (1 switches on core 0)
2026-04-23 03:35:32.733 8 WARNING tagging [None req-567ed295-1f0f-4a9a-a842-cf9a8716fe90 53b6fb38b0934c069bb7713a87ad899e f6f249aef1ae42e1ad0c80c66adf2ee4 - - default default] project_id key not found in request, using tenant_id instead. This support has been deprecated and will be removed in a future release. [pid: 8|app: 0|req: 881/1818] 10.0.0.63 () {34 vars in 769 bytes} [Thu Apr 23 03:35:32 2026] PUT /v2.0/floatingips/5abd4274-d6fa-4c2f-a7c0-e1c02c5cba1b/tags/green => generated 4 bytes in 65 msecs (HTTP/1.1 201) 4 headers in 160 bytes (1 switches on core 0)
2026-04-23 03:35:32.795 8 INFO neutron.api.v2.resource [None req-419be1db-ef7e-4a0f-899c-cc5eb7879ba8 98a2cbd45a504f299ca22d6f4c38baa3 756555a5450842ed96b7a9b4fb5df8fb - - default default] delete failed (client error): The resource could not be found. [pid: 8|app: 0|req: 882/1819] 10.0.0.63 () {32 vars in 723 bytes} [Thu Apr 23 03:35:32 2026] DELETE /v2.0/routers/9ecae5c0-f2a1-4d03-ab87-d9e2b6ec7ceb => generated 135 bytes in 18 msecs (HTTP/1.1 404) 4 headers in 164 bytes (1 switches on core 0)
2026-04-23 03:35:32.818 8 WARNING tagging [None req-cc6e3324-12fb-4c16-8ec5-59c661d4c585 53b6fb38b0934c069bb7713a87ad899e f6f249aef1ae42e1ad0c80c66adf2ee4 - - default default] project_id key not found in request, using tenant_id instead. This support has been deprecated and will be removed in a future release. [pid: 8|app: 0|req: 883/1820] 10.0.0.63 () {32 vars in 738 bytes} [Thu Apr 23 03:35:32 2026] GET /v2.0/floatingips/5abd4274-d6fa-4c2f-a7c0-e1c02c5cba1b/tags => generated 34 bytes in 36 msecs (HTTP/1.1 200) 4 headers in 156 bytes (1 switches on core 0)
2026-04-23 03:35:32.845 8 INFO neutron.pecan_wsgi.hooks.translation [None req-469d395d-1053-49ad-86c1-171de6e9b799 98a2cbd45a504f299ca22d6f4c38baa3 756555a5450842ed96b7a9b4fb5df8fb - - default default] DELETE failed (client error): The resource could not be found. [pid: 8|app: 0|req: 884/1821] 10.0.0.63 () {32 vars in 723 bytes} [Thu Apr 23 03:35:32 2026] DELETE /v2.0/subnets/3e42d914-5c02-4e60-933f-21989691af91 => generated 136 bytes in 14 msecs (HTTP/1.1 404) 4 headers in 164 bytes (1 switches on core 0)
2026-04-23 03:35:32.872 7 WARNING neutron.scheduler.dhcp_agent_scheduler [None req-1a3c68fa-af30-450a-8443-6916252813ed 11808a1ef55c458091f3325c179cded6 0c82fcca46274810a96fd52da063ed6d - - default default] No more DHCP agents
2026-04-23 03:35:32.873 7 WARNING neutron.api.rpc.agentnotifiers.dhcp_rpc_agent_api [None req-1a3c68fa-af30-450a-8443-6916252813ed 11808a1ef55c458091f3325c179cded6 0c82fcca46274810a96fd52da063ed6d - - default default] Unable to schedule network 741e7ae2-14dd-4b29-b582-5ca5d69ae8cc: no agents available; will retry on subsequent port and subnet creation events.
2026-04-23 03:35:32.875 8 WARNING neutron.plugins.ml2.drivers.ovn.mech_driver.ovsdb.ovn_client [None req-f558c1b1-d672-4443-bebb-8aaebd5b28d5 - - - - - -] No port found with ID 0e93f73b-6419-4fe2-bdcb-0083308fecb6: RuntimeError: No port found with ID 0e93f73b-6419-4fe2-bdcb-0083308fecb6
2026-04-23 03:35:32.881 8 WARNING tagging [None req-ff55d1e3-1df1-4bb9-a198-59ddb622c0e2 53b6fb38b0934c069bb7713a87ad899e f6f249aef1ae42e1ad0c80c66adf2ee4 - - default default] project_id key not found in request, using tenant_id instead. This support has been deprecated and will be removed in a future release.
2026-04-23 03:35:32.956 7 INFO neutron.db.ovn_revision_numbers_db [None req-1a3c68fa-af30-450a-8443-6916252813ed 11808a1ef55c458091f3325c179cded6 0c82fcca46274810a96fd52da063ed6d - - default default] Successfully bumped revision number for resource 5f33e9de-fa5a-4312-95d0-9daae65f4807 (type: ports) to 1 [pid: 8|app: 0|req: 885/1822] 10.0.0.63 () {34 vars in 765 bytes} [Thu Apr 23 03:35:32 2026] PUT /v2.0/floatingips/5abd4274-d6fa-4c2f-a7c0-e1c02c5cba1b/tags/red => generated 4 bytes in 117 msecs (HTTP/1.1 201) 4 headers in 160 bytes (1 switches on core 0)
2026-04-23 03:35:32.989 8 INFO neutron.plugins.ml2.drivers.ovn.mech_driver.mech_driver [None req-f558c1b1-d672-4443-bebb-8aaebd5b28d5 - - - - - -] OVN reports status down for port: e99e90cf-269c-49b9-a765-c0dacbd8a920 [pid: 8|app: 0|req: 886/1823] 10.0.0.63 () {32 vars in 735 bytes} [Thu Apr 23 03:35:32 2026] GET /v2.0/ports?device_id=0c874875-6603-4ca5-88f8-62d359c27dc5 => generated 12 bytes in 28 msecs (HTTP/1.1 200) 4 headers in 156 bytes (1 switches on core 0)
2026-04-23 03:35:33.008 8 INFO neutron.plugins.ml2.drivers.ovn.mech_driver.mech_driver [None req-f558c1b1-d672-4443-bebb-8aaebd5b28d5 - - - - - -] OVN reports status up for port: e99e90cf-269c-49b9-a765-c0dacbd8a920
2026-04-23 03:35:33.037 8 INFO neutron.plugins.ml2.drivers.ovn.mech_driver.mech_driver [None req-f558c1b1-d672-4443-bebb-8aaebd5b28d5 - - - - - -] OVN reports status down for port: 5f33e9de-fa5a-4312-95d0-9daae65f4807
2026-04-23 03:35:33.040 7 INFO neutron.db.ovn_revision_numbers_db [None req-1a3c68fa-af30-450a-8443-6916252813ed 11808a1ef55c458091f3325c179cded6 0c82fcca46274810a96fd52da063ed6d - - default default] Successfully bumped revision number for resource fbdd534e-17f6-408a-81d8-2b4a7130528d (type: networks) to 1
2026-04-23 03:35:33.043 8 WARNING tagging [None req-aa0cfb3b-1b7e-409a-bca8-be04b07027ff 53b6fb38b0934c069bb7713a87ad899e f6f249aef1ae42e1ad0c80c66adf2ee4 - - default default] project_id key not found in request, using tenant_id instead. This support has been deprecated and will be removed in a future release. [pid: 8|app: 0|req: 887/1824] 10.0.0.63 () {32 vars in 738 bytes} [Thu Apr 23 03:35:32 2026] GET /v2.0/floatingips/5abd4274-d6fa-4c2f-a7c0-e1c02c5cba1b/tags => generated 34 bytes in 88 msecs (HTTP/1.1 200) 4 headers in 156 bytes (1 switches on core 0)
2026-04-23 03:35:33.112 8 INFO neutron.api.v2.resource [None req-270b8c9e-932a-4494-a4fb-50516dd001f6 98a2cbd45a504f299ca22d6f4c38baa3 756555a5450842ed96b7a9b4fb5df8fb - - default default] delete failed (client error): The resource could not be found. [pid: 8|app: 0|req: 888/1825] 10.0.0.63 () {32 vars in 723 bytes} [Thu Apr 23 03:35:33 2026] DELETE /v2.0/routers/0c874875-6603-4ca5-88f8-62d359c27dc5 => generated 135 bytes in 32 msecs (HTTP/1.1 404) 4 headers in 164 bytes (1 switches on core 0)
2026-04-23 03:35:33.154 8 WARNING tagging [None req-3f7f8a23-ff83-4eb2-a457-5c2361b4521c 53b6fb38b0934c069bb7713a87ad899e f6f249aef1ae42e1ad0c80c66adf2ee4 - - default default] project_id key not found in request, using tenant_id instead. This support has been deprecated and will be removed in a future release. [pid: 8|app: 0|req: 889/1826] 10.0.0.63 () {34 vars in 787 bytes} [Thu Apr 23 03:35:33 2026] PUT /v2.0/floatingips/5abd4274-d6fa-4c2f-a7c0-e1c02c5cba1b/tags/black.or.white => generated 4 bytes in 90 msecs (HTTP/1.1 201) 4 headers in 160 bytes (1 switches on core 0)
2026-04-23 03:35:33.207 7 WARNING neutron.scheduler.dhcp_agent_scheduler [None req-1a3c68fa-af30-450a-8443-6916252813ed 11808a1ef55c458091f3325c179cded6 0c82fcca46274810a96fd52da063ed6d - - default default] No more DHCP agents
2026-04-23 03:35:33.209 7 WARNING neutron.api.rpc.agentnotifiers.dhcp_rpc_agent_api [None req-1a3c68fa-af30-450a-8443-6916252813ed 11808a1ef55c458091f3325c179cded6 0c82fcca46274810a96fd52da063ed6d - - default default] Unable to schedule network fbdd534e-17f6-408a-81d8-2b4a7130528d: no agents available; will retry on subsequent port and subnet creation events.
2026-04-23 03:35:33.219 8 INFO neutron.pecan_wsgi.hooks.translation [None req-2c141253-1353-4a31-8e6f-7041025fa0f1 98a2cbd45a504f299ca22d6f4c38baa3 756555a5450842ed96b7a9b4fb5df8fb - - default default] DELETE failed (client error): The resource could not be found. [pid: 8|app: 0|req: 890/1827] 10.0.0.63 () {32 vars in 723 bytes} [Thu Apr 23 03:35:33 2026] DELETE /v2.0/subnets/31798e3f-3891-46bb-9c45-5a0c503e0b6b => generated 136 bytes in 16 msecs (HTTP/1.1 404) 4 headers in 164 bytes (1 switches on core 0)
2026-04-23 03:35:33.241 8 WARNING tagging [None req-30c7ece5-f90c-4110-81ff-809ee848429f 53b6fb38b0934c069bb7713a87ad899e f6f249aef1ae42e1ad0c80c66adf2ee4 - - default default] project_id key not found in request, using tenant_id instead. This support has been deprecated and will be removed in a future release.
2026-04-23 03:35:33.272 8 INFO neutron.plugins.ml2.drivers.ovn.mech_driver.mech_driver [None req-f558c1b1-d672-4443-bebb-8aaebd5b28d5 - - - - - -] OVN reports status down for port: de702bce-c057-4227-8eac-8baadaabb272
2026-04-23 03:35:33.294 7 INFO neutron.db.ovn_revision_numbers_db [None req-1a3c68fa-af30-450a-8443-6916252813ed 11808a1ef55c458091f3325c179cded6 0c82fcca46274810a96fd52da063ed6d - - default default] Successfully bumped revision number for resource de702bce-c057-4227-8eac-8baadaabb272 (type: ports) to 1 [pid: 8|app: 0|req: 891/1828] 10.0.0.63 () {32 vars in 738 bytes} [Thu Apr 23 03:35:33 2026] GET /v2.0/floatingips/5abd4274-d6fa-4c2f-a7c0-e1c02c5cba1b/tags => generated 52 bytes in 74 msecs (HTTP/1.1 200) 4 headers in 156 bytes (1 switches on core 0) [pid: 7|app: 0|req: 938/1829] 10.0.0.63 () {34 vars in 669 bytes} [Thu Apr 23 03:35:32 2026] POST /v2.0/networks => generated 1321 bytes in 1132 msecs (HTTP/1.1 201) 4 headers in 163 bytes (1 switches on core 0) [pid: 8|app: 0|req: 892/1830] 10.0.0.63 () {32 vars in 735 bytes} [Thu Apr 23 03:35:33 2026] GET /v2.0/ports?device_id=232d7205-9dfb-4d82-9113-96f4dc48ab6d => generated 12 bytes in 31 msecs (HTTP/1.1 200) 4 headers in 156 bytes (1 switches on core 0)
2026-04-23 03:35:33.339 7 WARNING tagging [None req-6091c5cd-40e7-49cd-a310-64bf2b5ce137 53b6fb38b0934c069bb7713a87ad899e f6f249aef1ae42e1ad0c80c66adf2ee4 - - default default] project_id key not found in request, using tenant_id instead. This support has been deprecated and will be removed in a future release. [pid: 7|app: 0|req: 939/1831] 10.0.0.63 () {34 vars in 758 bytes} [Thu Apr 23 03:35:33 2026] PUT /v2.0/floatingips/5abd4274-d6fa-4c2f-a7c0-e1c02c5cba1b/tags => generated 37 bytes in 72 msecs (HTTP/1.1 200) 4 headers in 156 bytes (1 switches on core 0)
