2026-04-23 03:37:16.040 8 WARNING tagging [None req-0b25f017-5f64-459c-9620-1e251640fe9e 1595270aaf80454f99c8a90909a3aac4 5b1d5479be7d44f1854b32a351a40c30 - - default default] project_id key not found in request, using tenant_id instead. This support has been deprecated and will be removed in a future release. [pid: 8|app: 0|req: 1225/2499] 10.0.0.63 () {34 vars in 759 bytes} [Thu Apr 23 03:37:16 2026] PUT /v2.0/trunks/8c7f822b-e8a7-4f43-b9b3-208101fdbd46/tags/green => generated 4 bytes in 40 msecs (HTTP/1.1 201) 4 headers in 160 bytes (1 switches on core 0) [pid: 7|app: 0|req: 1275/2500] 10.0.0.146 () {34 vars in 990 bytes} [Thu Apr 23 03:37:15 2026] GET /v2.0/ports?device_id=3cd1d7fd-29e6-4b39-9c0b-e888f0125068 => generated 1014 bytes in 77 msecs (HTTP/1.1 200) 4 headers in 158 bytes (1 switches on core 0)
2026-04-23 03:37:16.086 8 WARNING tagging [None req-6e164532-158c-4fb7-aada-9d1240a3de6b 1595270aaf80454f99c8a90909a3aac4 5b1d5479be7d44f1854b32a351a40c30 - - default default] project_id key not found in request, using tenant_id instead. This support has been deprecated and will be removed in a future release. [pid: 8|app: 0|req: 1226/2501] 10.0.0.63 () {32 vars in 728 bytes} [Thu Apr 23 03:37:16 2026] GET /v2.0/trunks/8c7f822b-e8a7-4f43-b9b3-208101fdbd46/tags => generated 34 bytes in 22 msecs (HTTP/1.1 200) 4 headers in 156 bytes (1 switches on core 0) [pid: 7|app: 0|req: 1276/2502] 10.0.0.146 () {34 vars in 1120 bytes} [Thu Apr 23 03:37:16 2026] GET /v2.0/security-groups?id=8f708304-fe46-492e-b080-8c55881c8ff9&id=9e854763-d5a8-4931-8940-11ee5ea7e192&fields=id&fields=name => generated 206 bytes in 28 msecs (HTTP/1.1 200) 4 headers in 157 bytes (1 switches on core 0)
2026-04-23 03:37:16.111 8 WARNING tagging [None req-536fb9a9-884c-4c08-96c4-e8c296536d8b 1595270aaf80454f99c8a90909a3aac4 5b1d5479be7d44f1854b32a351a40c30 - - default default] project_id key not found in request, using tenant_id instead. This support has been deprecated and will be removed in a future release. [pid: 8|app: 0|req: 1227/2503] 10.0.0.63 () {34 vars in 755 bytes} [Thu Apr 23 03:37:16 2026] PUT /v2.0/trunks/8c7f822b-e8a7-4f43-b9b3-208101fdbd46/tags/red => generated 4 bytes in 30 msecs (HTTP/1.1 201) 4 headers in 160 bytes (1 switches on core 0)
2026-04-23 03:37:16.146 8 WARNING tagging [None req-5b8b043b-6432-4086-bd3f-2eeed371f0c0 1595270aaf80454f99c8a90909a3aac4 5b1d5479be7d44f1854b32a351a40c30 - - default default] project_id key not found in request, using tenant_id instead. This support has been deprecated and will be removed in a future release. [pid: 8|app: 0|req: 1228/2504] 10.0.0.63 () {32 vars in 728 bytes} [Thu Apr 23 03:37:16 2026] GET /v2.0/trunks/8c7f822b-e8a7-4f43-b9b3-208101fdbd46/tags => generated 34 bytes in 20 msecs (HTTP/1.1 200) 4 headers in 156 bytes (1 switches on core 0)
2026-04-23 03:37:16.169 8 WARNING tagging [None req-7e3f19a3-43ae-4392-b6d2-529632565c94 1595270aaf80454f99c8a90909a3aac4 5b1d5479be7d44f1854b32a351a40c30 - - default default] project_id key not found in request, using tenant_id instead. This support has been deprecated and will be removed in a future release. [pid: 8|app: 0|req: 1229/2505] 10.0.0.63 () {34 vars in 777 bytes} [Thu Apr 23 03:37:16 2026] PUT /v2.0/trunks/8c7f822b-e8a7-4f43-b9b3-208101fdbd46/tags/black.or.white => generated 4 bytes in 36 msecs (HTTP/1.1 201) 4 headers in 160 bytes (1 switches on core 0)
2026-04-23 03:37:16.212 8 WARNING tagging [None req-5868390b-4e4f-4c24-af81-8b9ad3974ebd 1595270aaf80454f99c8a90909a3aac4 5b1d5479be7d44f1854b32a351a40c30 - - default default] project_id key not found in request, using tenant_id instead. This support has been deprecated and will be removed in a future release. [pid: 8|app: 0|req: 1230/2506] 10.0.0.63 () {32 vars in 728 bytes} [Thu Apr 23 03:37:16 2026] GET /v2.0/trunks/8c7f822b-e8a7-4f43-b9b3-208101fdbd46/tags => generated 52 bytes in 21 msecs (HTTP/1.1 200) 4 headers in 156 bytes (1 switches on core 0) [pid: 7|app: 0|req: 1277/2507] 10.0.0.63 () {32 vars in 735 bytes} [Thu Apr 23 03:37:16 2026] GET /v2.0/ports?device_id=3cd1d7fd-29e6-4b39-9c0b-e888f0125068 => generated 1275 bytes in 105 msecs (HTTP/1.1 200) 4 headers in 158 bytes (1 switches on core 0)
2026-04-23 03:37:16.237 8 WARNING tagging [None req-8b4b38da-5b8f-4a1d-afd7-1e42eda02521 1595270aaf80454f99c8a90909a3aac4 5b1d5479be7d44f1854b32a351a40c30 - - default default] project_id key not found in request, using tenant_id instead. This support has been deprecated and will be removed in a future release. [pid: 8|app: 0|req: 1231/2508] 10.0.0.63 () {34 vars in 748 bytes} [Thu Apr 23 03:37:16 2026] PUT /v2.0/trunks/8c7f822b-e8a7-4f43-b9b3-208101fdbd46/tags => generated 37 bytes in 34 msecs (HTTP/1.1 200) 4 headers in 156 bytes (1 switches on core 0)
2026-04-23 03:37:16.279 8 WARNING tagging [None req-fa8de4b8-b8dd-417a-a55e-1a8d41661199 1595270aaf80454f99c8a90909a3aac4 5b1d5479be7d44f1854b32a351a40c30 - - default default] project_id key not found in request, using tenant_id instead. This support has been deprecated and will be removed in a future release. [pid: 8|app: 0|req: 1232/2509] 10.0.0.63 () {32 vars in 728 bytes} [Thu Apr 23 03:37:16 2026] GET /v2.0/trunks/8c7f822b-e8a7-4f43-b9b3-208101fdbd46/tags => generated 37 bytes in 30 msecs (HTTP/1.1 200) 4 headers in 156 bytes (1 switches on core 0) [pid: 7|app: 0|req: 1278/2510] 10.0.0.63 () {32 vars in 857 bytes} [Thu Apr 23 03:37:16 2026] GET /v2.0/floatingips?floating_network_id=e7923463-bbd3-49a7-98c8-122ecb99b64f&port_id=a2b425cb-da7b-4ee9-b5ba-28a65cdb19e1 => generated 861 bytes in 68 msecs (HTTP/1.1 200) 4 headers in 157 bytes (1 switches on core 0)
2026-04-23 03:37:16.313 8 WARNING tagging [None req-47d4a8bf-b8e7-42ee-a1d6-9df38d444539 1595270aaf80454f99c8a90909a3aac4 5b1d5479be7d44f1854b32a351a40c30 - - default default] project_id key not found in request, using tenant_id instead. This support has been deprecated and will be removed in a future release. [pid: 8|app: 0|req: 1233/2511] 10.0.0.63 () {32 vars in 736 bytes} [Thu Apr 23 03:37:16 2026] GET /v2.0/trunks/8c7f822b-e8a7-4f43-b9b3-208101fdbd46/tags/red => generated 0 bytes in 20 msecs (HTTP/1.1 204) 2 headers in 112 bytes (1 switches on core 0)
2026-04-23 03:37:16.342 7 WARNING tagging [None req-4154af06-a57c-4194-9fc2-c5fed007ffe0 1595270aaf80454f99c8a90909a3aac4 5b1d5479be7d44f1854b32a351a40c30 - - default default] project_id key not found in request, using tenant_id instead. This support has been deprecated and will be removed in a future release.
2026-04-23 03:37:16.353 7 INFO neutron.api.v2.resource [None req-4154af06-a57c-4194-9fc2-c5fed007ffe0 1595270aaf80454f99c8a90909a3aac4 5b1d5479be7d44f1854b32a351a40c30 - - default default] show failed (client error): The resource could not be found. [pid: 7|app: 0|req: 1279/2512] 10.0.0.63 () {32 vars in 740 bytes} [Thu Apr 23 03:37:16 2026] GET /v2.0/trunks/8c7f822b-e8a7-4f43-b9b3-208101fdbd46/tags/green => generated 99 bytes in 28 msecs (HTTP/1.1 404) 4 headers in 163 bytes (1 switches on core 0)
2026-04-23 03:37:16.369 8 WARNING tagging [None req-e60556a0-3227-4f9b-b1ba-44633fb384b3 1595270aaf80454f99c8a90909a3aac4 5b1d5479be7d44f1854b32a351a40c30 - - default default] project_id key not found in request, using tenant_id instead. This support has been deprecated and will be removed in a future release. [pid: 8|app: 0|req: 1234/2513] 10.0.0.63 () {32 vars in 739 bytes} [Thu Apr 23 03:37:16 2026] DELETE /v2.0/trunks/8c7f822b-e8a7-4f43-b9b3-208101fdbd46/tags/red => generated 0 bytes in 36 msecs (HTTP/1.1 204) 2 headers in 112 bytes (1 switches on core 0)
2026-04-23 03:37:16.413 7 WARNING tagging [None req-910ba55d-ced6-405c-a8ec-f1bf731de68d 1595270aaf80454f99c8a90909a3aac4 5b1d5479be7d44f1854b32a351a40c30 - - default default] project_id key not found in request, using tenant_id instead. This support has been deprecated and will be removed in a future release. [pid: 7|app: 0|req: 1280/2514] 10.0.0.63 () {32 vars in 728 bytes} [Thu Apr 23 03:37:16 2026] GET /v2.0/trunks/8c7f822b-e8a7-4f43-b9b3-208101fdbd46/tags => generated 30 bytes in 22 msecs (HTTP/1.1 200) 4 headers in 156 bytes (1 switches on core 0)
2026-04-23 03:37:16.436 8 WARNING tagging [None req-5bb8b68e-9b5f-4944-a493-afa52b2f8580 1595270aaf80454f99c8a90909a3aac4 5b1d5479be7d44f1854b32a351a40c30 - - default default] project_id key not found in request, using tenant_id instead. This support has been deprecated and will be removed in a future release.
2026-04-23 03:37:16.446 8 INFO neutron.api.v2.resource [None req-5bb8b68e-9b5f-4944-a493-afa52b2f8580 1595270aaf80454f99c8a90909a3aac4 5b1d5479be7d44f1854b32a351a40c30 - - default default] delete failed (client error): The resource could not be found. [pid: 8|app: 0|req: 1235/2515] 10.0.0.63 () {32 vars in 743 bytes} [Thu Apr 23 03:37:16 2026] DELETE /v2.0/trunks/8c7f822b-e8a7-4f43-b9b3-208101fdbd46/tags/green => generated 99 bytes in 25 msecs (HTTP/1.1 404) 4 headers in 163 bytes (1 switches on core 0)
2026-04-23 03:37:16.464 7 WARNING tagging [None req-ae36d70e-112c-48bd-b977-c348b899e007 1595270aaf80454f99c8a90909a3aac4 5b1d5479be7d44f1854b32a351a40c30 - - default default] project_id key not found in request, using tenant_id instead. This support has been deprecated and will be removed in a future release. [pid: 7|app: 0|req: 1281/2516] 10.0.0.63 () {32 vars in 731 bytes} [Thu Apr 23 03:37:16 2026] DELETE /v2.0/trunks/8c7f822b-e8a7-4f43-b9b3-208101fdbd46/tags => generated 0 bytes in 34 msecs (HTTP/1.1 204) 2 headers in 112 bytes (1 switches on core 0)
2026-04-23 03:37:16.500 7 WARNING tagging [None req-d0a3caf1-8a7e-4d87-9675-4d98b8d7b4c9 1595270aaf80454f99c8a90909a3aac4 5b1d5479be7d44f1854b32a351a40c30 - - default default] project_id key not found in request, using tenant_id instead. This support has been deprecated and will be removed in a future release. [pid: 7|app: 0|req: 1282/2517] 10.0.0.63 () {32 vars in 728 bytes} [Thu Apr 23 03:37:16 2026] GET /v2.0/trunks/8c7f822b-e8a7-4f43-b9b3-208101fdbd46/tags => generated 12 bytes in 17 msecs (HTTP/1.1 200) 4 headers in 156 bytes (1 switches on core 0) [pid: 8|app: 0|req: 1236/2518] 10.0.0.211 () {34 vars in 990 bytes} [Thu Apr 23 03:37:16 2026] GET /v2.0/ports?device_id=3cd1d7fd-29e6-4b39-9c0b-e888f0125068 => generated 1275 bytes in 31 msecs (HTTP/1.1 200) 4 headers in 158 bytes (1 switches on core 0) [pid: 7|app: 0|req: 1283/2519] 10.0.0.63 () {32 vars in 718 bytes} [Thu Apr 23 03:37:16 2026] GET /v2.0/trunks/8c7f822b-e8a7-4f43-b9b3-208101fdbd46 => generated 409 bytes in 21 msecs (HTTP/1.1 200) 4 headers in 157 bytes (1 switches on core 0) [pid: 8|app: 0|req: 1237/2520] 10.0.0.211 () {34 vars in 1120 bytes} [Thu Apr 23 03:37:16 2026] GET /v2.0/security-groups?id=9e854763-d5a8-4931-8940-11ee5ea7e192&id=8f708304-fe46-492e-b080-8c55881c8ff9&fields=id&fields=name => generated 206 bytes in 30 msecs (HTTP/1.1 200) 4 headers in 157 bytes (1 switches on core 0) [pid: 7|app: 0|req: 1284/2521] 10.0.0.63 () {32 vars in 716 bytes} [Thu Apr 23 03:37:16 2026] GET /v2.0/ports/f34164a8-603b-4a1c-a1bb-3b2ddbd45f39 => generated 826 bytes in 95 msecs (HTTP/1.1 200) 4 headers in 157 bytes (1 switches on core 0) [pid: 8|app: 0|req: 1238/2522] 10.0.0.63 () {32 vars in 721 bytes} [Thu Apr 23 03:37:16 2026] DELETE /v2.0/trunks/8c7f822b-e8a7-4f43-b9b3-208101fdbd46 => generated 0 bytes in 97 msecs (HTTP/1.1 204) 2 headers in 112 bytes (1 switches on core 0)
2026-04-23 03:37:16.866 7 INFO neutron_taas.services.taas.taas_plugin [None req-29b28f5a-7aa5-4567-9b00-6183aabe53fe 1595270aaf80454f99c8a90909a3aac4 5b1d5479be7d44f1854b32a351a40c30 - - default default] TaaS: Handle Delete Port: f34164a8-603b-4a1c-a1bb-3b2ddbd45f39
2026-04-23 03:37:16.868 7 INFO neutron_taas.services.taas.tap_mirror_plugin [None req-29b28f5a-7aa5-4567-9b00-6183aabe53fe 1595270aaf80454f99c8a90909a3aac4 5b1d5479be7d44f1854b32a351a40c30 - - default default] Tap Mirror: Handle Delete Port: f34164a8-603b-4a1c-a1bb-3b2ddbd45f39 [pid: 7|app: 0|req: 1285/2523] 10.0.0.63 () {32 vars in 719 bytes} [Thu Apr 23 03:37:16 2026] DELETE /v2.0/ports/f34164a8-603b-4a1c-a1bb-3b2ddbd45f39 => generated 0 bytes in 234 msecs (HTTP/1.1 204) 3 headers in 131 bytes (1 switches on core 0)
2026-04-23 03:37:17.122 8 INFO neutron_taas.services.taas.taas_plugin [None req-beeb66d5-9d93-4804-b40e-1a128d5c6bfe 1595270aaf80454f99c8a90909a3aac4 5b1d5479be7d44f1854b32a351a40c30 - - default default] TaaS: Handle Delete Port: 5ec5d26b-5f88-4a48-8716-8c89b419ea34
2026-04-23 03:37:17.126 8 INFO neutron_taas.services.taas.tap_mirror_plugin [None req-beeb66d5-9d93-4804-b40e-1a128d5c6bfe 1595270aaf80454f99c8a90909a3aac4 5b1d5479be7d44f1854b32a351a40c30 - - default default] Tap Mirror: Handle Delete Port: 5ec5d26b-5f88-4a48-8716-8c89b419ea34
2026-04-23 03:37:17.305 8 INFO neutron.services.segments.plugin [-] Segment 8657c884-b1d9-400d-8bf5-a1ee25de25f4 resource provider aggregate not found
2026-04-23 03:37:17.311 8 INFO neutron.services.segments.plugin [-] Segment 8657c884-b1d9-400d-8bf5-a1ee25de25f4 resource provider aggregate not found
2026-04-23 03:37:17.329 8 INFO neutron.services.segments.plugin [-] Segment 8657c884-b1d9-400d-8bf5-a1ee25de25f4 resource provider not found; error: Placement Client Error (4xx): {"errors": [{"status": 404, "title": "Not Found", "detail": "The resource could not be found.\n\n No resource provider with uuid 8657c884-b1d9-400d-8bf5-a1ee25de25f4 found for delete ", "request_id": "req-33c41723-6fdf-4d01-bb1a-91c0e54089e0"}]}
2026-04-23 03:37:17.332 8 INFO neutron.services.segments.plugin [-] Segment 8657c884-b1d9-400d-8bf5-a1ee25de25f4 resource provider not found; error: Placement Client Error (4xx): {"errors": [{"status": 404, "title": "Not Found", "detail": "The resource could not be found.\n\n No resource provider with uuid 8657c884-b1d9-400d-8bf5-a1ee25de25f4 found for delete ", "request_id": "req-0e9038c3-ba14-4758-8253-2fd218f297c9"}]} [pid: 8|app: 0|req: 1239/2524] 10.0.0.63 () {32 vars in 725 bytes} [Thu Apr 23 03:37:16 2026] DELETE /v2.0/networks/b95bd575-93ac-4097-8db5-2fe7a6583c55 => generated 0 bytes in 358 msecs (HTTP/1.1 204) 3 headers in 131 bytes (1 switches on core 0)
2026-04-23 03:37:18.103 7 WARNING neutron.db.securitygroups_db [None req-20c41893-3916-46be-9eff-2d2ff628decd 83096f006f3845cd80432b900d744fd0 1dd1a280350746b5b3b9acc7b9f0c6b1 - - default default] project_id key not found in filters, using tenant_id instead. This support has been deprecated and will be removed in a future release.
2026-04-23 03:37:18.246 7 INFO neutron.db.ovn_revision_numbers_db [None req-20c41893-3916-46be-9eff-2d2ff628decd 83096f006f3845cd80432b900d744fd0 1dd1a280350746b5b3b9acc7b9f0c6b1 - - default default] Successfully bumped revision number for resource 0fbd2002-2d47-454c-a9c8-1542f10c8ef7 (type: security_groups) to 1
2026-04-23 03:37:18.258 7 INFO neutron.db.ovn_revision_numbers_db [None req-20c41893-3916-46be-9eff-2d2ff628decd 83096f006f3845cd80432b900d744fd0 1dd1a280350746b5b3b9acc7b9f0c6b1 - - default default] Successfully bumped revision number for resource 0f40ef90-34e1-43dd-aca5-90a9735ed3b6 (type: security_group_rules) to 0
2026-04-23 03:37:18.270 7 INFO neutron.db.ovn_revision_numbers_db [None req-20c41893-3916-46be-9eff-2d2ff628decd 83096f006f3845cd80432b900d744fd0 1dd1a280350746b5b3b9acc7b9f0c6b1 - - default default] Successfully bumped revision number for resource 80677b6c-0673-4a2c-87e6-8fc2b546bf9b (type: security_group_rules) to 0
2026-04-23 03:37:18.282 7 INFO neutron.db.ovn_revision_numbers_db [None req-20c41893-3916-46be-9eff-2d2ff628decd 83096f006f3845cd80432b900d744fd0 1dd1a280350746b5b3b9acc7b9f0c6b1 - - default default] Successfully bumped revision number for resource 83826ab2-3f23-4da7-aa83-95d6a8bba375 (type: security_group_rules) to 0
2026-04-23 03:37:18.297 7 INFO neutron.db.ovn_revision_numbers_db [None req-20c41893-3916-46be-9eff-2d2ff628decd 83096f006f3845cd80432b900d744fd0 1dd1a280350746b5b3b9acc7b9f0c6b1 - - default default] Successfully bumped revision number for resource c8d17979-9f38-4023-8ad7-13f59e7d8110 (type: security_group_rules) to 0 [pid: 7|app: 0|req: 1286/2525] 10.0.0.63 () {32 vars in 773 bytes} [Thu Apr 23 03:37:17 2026] GET /v2.0/security-groups?tenant_id=4444216fd6bb482da27bdba13b709cfc&name=default => generated 2925 bytes in 341 msecs (HTTP/1.1 200) 4 headers in 158 bytes (1 switches on core 0) [pid: 7|app: 0|req: 1287/2526] 10.0.0.146 () {34 vars in 990 bytes} [Thu Apr 23 03:37:18 2026] GET /v2.0/ports?device_id=3cd1d7fd-29e6-4b39-9c0b-e888f0125068 => generated 1014 bytes in 39 msecs (HTTP/1.1 200) 4 headers in 158 bytes (1 switches on core 0) [pid: 8|app: 0|req: 1240/2527] 10.0.0.63 () {32 vars in 739 bytes} [Thu Apr 23 03:37:18 2026] DELETE /v2.0/security-groups/0fbd2002-2d47-454c-a9c8-1542f10c8ef7 => generated 0 bytes in 199 msecs (HTTP/1.1 204) 2 headers in 112 bytes (1 switches on core 0) [pid: 7|app: 0|req: 1288/2528] 10.0.0.146 () {34 vars in 1120 bytes} [Thu Apr 23 03:37:18 2026] GET /v2.0/security-groups?id=8f708304-fe46-492e-b080-8c55881c8ff9&id=9e854763-d5a8-4931-8940-11ee5ea7e192&fields=id&fields=name => generated 206 bytes in 48 msecs (HTTP/1.1 200) 4 headers in 157 bytes (1 switches on core 0)
2026-04-23 03:37:18.640 8 WARNING neutron.db.securitygroups_db [None req-e36fbff4-cdc0-46a5-9c97-6c2b3a38f94f 83096f006f3845cd80432b900d744fd0 1dd1a280350746b5b3b9acc7b9f0c6b1 - - default default] project_id key not found in filters, using tenant_id instead. This support has been deprecated and will be removed in a future release. [pid: 8|app: 0|req: 1241/2529] 10.0.0.63 () {32 vars in 773 bytes} [Thu Apr 23 03:37:18 2026] GET /v2.0/security-groups?tenant_id=5b1d5479be7d44f1854b32a351a40c30&name=default => generated 2925 bytes in 39 msecs (HTTP/1.1 200) 4 headers in 158 bytes (1 switches on core 0) [pid: 7|app: 0|req: 1289/2530] 10.0.0.63 () {32 vars in 739 bytes} [Thu Apr 23 03:37:18 2026] DELETE /v2.0/security-groups/957f904c-c293-4841-a160-68c21bab219c => generated 0 bytes in 187 msecs (HTTP/1.1 204) 2 headers in 112 bytes (1 switches on core 0)
2026-04-23 03:37:19.587 8 INFO neutron.plugins.ml2.drivers.ovn.mech_driver.mech_driver [None req-58634fc1-1ecb-4370-9166-f8220d97edc0 - - - - - -] OVN reports status down for port: a2b425cb-da7b-4ee9-b5ba-28a65cdb19e1
2026-04-23 03:37:19.725 8 INFO neutron.notifiers.nova [-] Nova event matching ['req-816dd87e-fdb3-4114-a681-e1e6000da379'] response: {'server_uuid': '3cd1d7fd-29e6-4b39-9c0b-e888f0125068', 'name': 'network-vif-unplugged', 'status': 'completed', 'tag': 'a2b425cb-da7b-4ee9-b5ba-28a65cdb19e1', 'code': 200} [pid: 7|app: 0|req: 1291/2533] 10.0.0.146 () {34 vars in 990 bytes} [Thu Apr 23 03:37:19 2026] GET /v2.0/ports?device_id=3cd1d7fd-29e6-4b39-9c0b-e888f0125068 => generated 1012 bytes in 47 msecs (HTTP/1.1 200) 4 headers in 158 bytes (1 switches on core 0) [pid: 8|app: 0|req: 1243/2534] 10.0.0.146 () {34 vars in 1120 bytes} [Thu Apr 23 03:37:19 2026] GET /v2.0/security-groups?id=8f708304-fe46-492e-b080-8c55881c8ff9&id=9e854763-d5a8-4931-8940-11ee5ea7e192&fields=id&fields=name => generated 206 bytes in 73 msecs (HTTP/1.1 200) 4 headers in 157 bytes (1 switches on core 0)
2026-04-23 03:37:19.896 8 INFO neutron.db.ovn_revision_numbers_db [None req-58634fc1-1ecb-4370-9166-f8220d97edc0 - - - - - -] Successfully bumped revision number for resource a2b425cb-da7b-4ee9-b5ba-28a65cdb19e1 (type: ports) to 6 [pid: 7|app: 0|req: 1292/2535] 199.204.45.244 () {34 vars in 994 bytes} [Thu Apr 23 03:37:20 2026] GET /v2.0/ports?device_id=3cd1d7fd-29e6-4b39-9c0b-e888f0125068 => generated 1012 bytes in 42 msecs (HTTP/1.1 200) 4 headers in 158 bytes (1 switches on core 0) /var/lib/openstack/lib/python3.12/site-packages/pycadf/identifier.py:70: UserWarning: Invalid uuid: neutron. To ensure interoperability, identifiers should be a valid uuid. warnings.warn(('Invalid uuid: %s. To ensure interoperability, ' [pid: 7|app: 0|req: 1293/2536] 10.0.0.146 () {34 vars in 990 bytes} [Thu Apr 23 03:37:20 2026] GET /v2.0/ports?device_id=3cd1d7fd-29e6-4b39-9c0b-e888f0125068 => generated 1012 bytes in 32 msecs (HTTP/1.1 200) 4 headers in 158 bytes (1 switches on core 0)
2026-04-23 03:37:20.976 8 INFO neutron_taas.services.taas.taas_plugin [req-b2dee07d-3243-4a10-9106-19d7837bfa3b req-15e5b10f-78f0-4178-8258-8d7d571b356b 0f34bdc950a746a9994f8cf66bde4173 702b07c59e6e4d19a0a432b7eec9994c - - default default] TaaS: Handle Delete Port: a2b425cb-da7b-4ee9-b5ba-28a65cdb19e1
2026-04-23 03:37:20.979 8 INFO neutron_taas.services.taas.tap_mirror_plugin [req-b2dee07d-3243-4a10-9106-19d7837bfa3b req-15e5b10f-78f0-4178-8258-8d7d571b356b 0f34bdc950a746a9994f8cf66bde4173 702b07c59e6e4d19a0a432b7eec9994c - - default default] Tap Mirror: Handle Delete Port: a2b425cb-da7b-4ee9-b5ba-28a65cdb19e1 [pid: 7|app: 0|req: 1294/2537] 10.0.0.146 () {34 vars in 1120 bytes} [Thu Apr 23 03:37:20 2026] GET /v2.0/security-groups?id=8f708304-fe46-492e-b080-8c55881c8ff9&id=9e854763-d5a8-4931-8940-11ee5ea7e192&fields=id&fields=name => generated 206 bytes in 42 msecs (HTTP/1.1 200) 4 headers in 157 bytes (1 switches on core 0)
2026-04-23 03:37:21.150 8 INFO neutron.db.l3_db [req-b2dee07d-3243-4a10-9106-19d7837bfa3b req-15e5b10f-78f0-4178-8258-8d7d571b356b 0f34bdc950a746a9994f8cf66bde4173 702b07c59e6e4d19a0a432b7eec9994c - - default default] Floating IP 16258fd3-f16d-4b0d-a8a2-2373a7bf23a3 disassociated. External IP: 10.96.250.212, port: a2b425cb-da7b-4ee9-b5ba-28a65cdb19e1. [pid: 8|app: 0|req: 1244/2538] 199.204.45.244 () {36 vars in 997 bytes} [Thu Apr 23 03:37:20 2026] DELETE /v2.0/ports/a2b425cb-da7b-4ee9-b5ba-28a65cdb19e1 => generated 0 bytes in 502 msecs (HTTP/1.1 204) 3 headers in 131 bytes (1 switches on core 0)
2026-04-23 03:37:21.762 8 INFO neutron.notifiers.nova [-] Nova event matching ['req-5c8a8789-3647-40ba-a709-00e219b339c0'] response: {'server_uuid': '3cd1d7fd-29e6-4b39-9c0b-e888f0125068', 'name': 'network-vif-unplugged', 'status': 'completed', 'tag': 'a2b425cb-da7b-4ee9-b5ba-28a65cdb19e1', 'code': 200}
2026-04-23 03:37:21.762 8 INFO neutron.notifiers.nova [-] Nova event matching ['req-5c8a8789-3647-40ba-a709-00e219b339c0'] response: {'server_uuid': '3cd1d7fd-29e6-4b39-9c0b-e888f0125068', 'name': 'network-vif-deleted', 'tag': 'a2b425cb-da7b-4ee9-b5ba-28a65cdb19e1', 'status': 'completed', 'code': 200} /var/lib/openstack/lib/python3.12/site-packages/pycadf/identifier.py:70: UserWarning: Invalid uuid: neutron. To ensure interoperability, identifiers should be a valid uuid. warnings.warn(('Invalid uuid: %s. To ensure interoperability, ' [pid: 7|app: 0|req: 1295/2539] 10.0.0.146 () {34 vars in 990 bytes} [Thu Apr 23 03:37:22 2026] GET /v2.0/ports?device_id=3cd1d7fd-29e6-4b39-9c0b-e888f0125068 => generated 12 bytes in 23 msecs (HTTP/1.1 200) 4 headers in 156 bytes (1 switches on core 0) [pid: 8|app: 0|req: 1245/2540] 10.0.0.146 () {34 vars in 990 bytes} [Thu Apr 23 03:37:23 2026] GET /v2.0/ports?device_id=3cd1d7fd-29e6-4b39-9c0b-e888f0125068 => generated 12 bytes in 20 msecs (HTTP/1.1 200) 4 headers in 156 bytes (1 switches on core 0) [pid: 7|app: 0|req: 1296/2541] 10.0.0.146 () {34 vars in 990 bytes} [Thu Apr 23 03:37:24 2026] GET /v2.0/ports?device_id=3cd1d7fd-29e6-4b39-9c0b-e888f0125068 => generated 12 bytes in 21 msecs (HTTP/1.1 200) 4 headers in 156 bytes (1 switches on core 0) [pid: 8|app: 0|req: 1246/2542] 10.0.0.63 () {32 vars in 739 bytes} [Thu Apr 23 03:37:25 2026] DELETE /v2.0/security-groups/9e854763-d5a8-4931-8940-11ee5ea7e192 => generated 0 bytes in 144 msecs (HTTP/1.1 204) 2 headers in 112 bytes (1 switches on core 0)
2026-04-23 03:37:25.611 7 INFO neutron.api.v2.resource [None req-ac273f4a-9d14-43c3-bb9c-3fa7f5a9cd7f 0f34bdc950a746a9994f8cf66bde4173 702b07c59e6e4d19a0a432b7eec9994c - - default default] show failed (client error): The resource could not be found. [pid: 7|app: 0|req: 1297/2543] 10.0.0.63 () {32 vars in 736 bytes} [Thu Apr 23 03:37:25 2026] GET /v2.0/security-groups/9e854763-d5a8-4931-8940-11ee5ea7e192 => generated 146 bytes in 12 msecs (HTTP/1.1 404) 4 headers in 164 bytes (1 switches on core 0)
2026-04-23 03:37:25.740 8 INFO neutron_taas.services.taas.taas_plugin [None req-f222a2c1-60f2-469b-af66-27468a06733c 0f34bdc950a746a9994f8cf66bde4173 702b07c59e6e4d19a0a432b7eec9994c - - default default] TaaS: Handle Delete Port: f7ddcec2-63c1-4ea1-99a8-67e378bac36f
2026-04-23 03:37:25.743 8 INFO neutron_taas.services.taas.tap_mirror_plugin [None req-f222a2c1-60f2-469b-af66-27468a06733c 0f34bdc950a746a9994f8cf66bde4173 702b07c59e6e4d19a0a432b7eec9994c - - default default] Tap Mirror: Handle Delete Port: f7ddcec2-63c1-4ea1-99a8-67e378bac36f [pid: 8|app: 0|req: 1247/2544] 10.0.0.63 () {32 vars in 731 bytes} [Thu Apr 23 03:37:25 2026] DELETE /v2.0/floatingips/16258fd3-f16d-4b0d-a8a2-2373a7bf23a3 => generated 0 bytes in 270 msecs (HTTP/1.1 204) 2 headers in 112 bytes (1 switches on core 0) [pid: 7|app: 0|req: 1298/2545] 10.0.0.63 () {32 vars in 739 bytes} [Thu Apr 23 03:37:25 2026] DELETE /v2.0/security-groups/8f708304-fe46-492e-b080-8c55881c8ff9 => generated 0 bytes in 194 msecs (HTTP/1.1 204) 2 headers in 112 bytes (1 switches on core 0)
2026-04-23 03:37:26.399 8 INFO neutron_taas.services.taas.taas_plugin [None req-607cf65b-970b-4fcd-b605-7b6e68e2c22e 83096f006f3845cd80432b900d744fd0 1dd1a280350746b5b3b9acc7b9f0c6b1 - - default default] TaaS: Handle Delete Port: 50b67c13-c627-4d65-ac4c-5b2d498b1ded
2026-04-23 03:37:26.401 8 INFO neutron_taas.services.taas.tap_mirror_plugin [None req-607cf65b-970b-4fcd-b605-7b6e68e2c22e 83096f006f3845cd80432b900d744fd0 1dd1a280350746b5b3b9acc7b9f0c6b1 - - default default] Tap Mirror: Handle Delete Port: 50b67c13-c627-4d65-ac4c-5b2d498b1ded [pid: 8|app: 0|req: 1248/2546] 10.0.0.63 () {34 vars in 788 bytes} [Thu Apr 23 03:37:26 2026] PUT /v2.0/routers/3dc948dc-6ecd-4b6c-b79f-475b75955070/remove_router_interface => generated 310 bytes in 972 msecs (HTTP/1.1 200) 4 headers in 157 bytes (1 switches on core 0)
2026-04-23 03:37:27.404 7 INFO neutron_taas.services.taas.taas_plugin [None req-a62801a9-5b36-466a-8a9b-1ac4e54baecc 83096f006f3845cd80432b900d744fd0 1dd1a280350746b5b3b9acc7b9f0c6b1 - - default default] TaaS: Handle Delete Port: c05ebcc3-806d-42bc-b6fe-7fb359fb1055
2026-04-23 03:37:27.408 7 INFO neutron_taas.services.taas.tap_mirror_plugin [None req-a62801a9-5b36-466a-8a9b-1ac4e54baecc 83096f006f3845cd80432b900d744fd0 1dd1a280350746b5b3b9acc7b9f0c6b1 - - default default] Tap Mirror: Handle Delete Port: c05ebcc3-806d-42bc-b6fe-7fb359fb1055 [pid: 7|app: 0|req: 1299/2547] 10.0.0.63 () {32 vars in 723 bytes} [Thu Apr 23 03:37:27 2026] DELETE /v2.0/routers/3dc948dc-6ecd-4b6c-b79f-475b75955070 => generated 0 bytes in 703 msecs (HTTP/1.1 204) 2 headers in 112 bytes (1 switches on core 0) /var/lib/openstack/lib/python3.12/site-packages/pycadf/identifier.py:70: UserWarning: Invalid uuid: neutron. To ensure interoperability, identifiers should be a valid uuid. warnings.warn(('Invalid uuid: %s. To ensure interoperability, ' [pid: 8|app: 0|req: 1249/2548] 10.0.0.63 () {32 vars in 723 bytes} [Thu Apr 23 03:37:27 2026] DELETE /v2.0/subnets/44adaa12-74eb-4861-9c5a-046ecae9b2a6 => generated 0 bytes in 186 msecs (HTTP/1.1 204) 3 headers in 131 bytes (1 switches on core 0)
2026-04-23 03:37:28.132 7 INFO neutron_taas.services.taas.taas_plugin [None req-872e47ab-f012-42d8-8d3c-c6638f816418 83096f006f3845cd80432b900d744fd0 1dd1a280350746b5b3b9acc7b9f0c6b1 - - default default] TaaS: Handle Delete Port: 81274145-283f-499a-b97b-831d5e119d2e
2026-04-23 03:37:28.136 7 INFO neutron_taas.services.taas.tap_mirror_plugin [None req-872e47ab-f012-42d8-8d3c-c6638f816418 83096f006f3845cd80432b900d744fd0 1dd1a280350746b5b3b9acc7b9f0c6b1 - - default default] Tap Mirror: Handle Delete Port: 81274145-283f-499a-b97b-831d5e119d2e
2026-04-23 03:37:28.304 7 INFO neutron.services.segments.plugin [-] Segment 22b5472d-be50-4dd2-8e58-fb35096cf1f1 resource provider aggregate not found
2026-04-23 03:37:28.313 7 INFO neutron.services.segments.plugin [-] Segment 22b5472d-be50-4dd2-8e58-fb35096cf1f1 resource provider aggregate not found
2026-04-23 03:37:28.334 7 INFO neutron.services.segments.plugin [-] Segment 22b5472d-be50-4dd2-8e58-fb35096cf1f1 resource provider not found; error: Placement Client Error (4xx): {"errors": [{"status": 404, "title": "Not Found", "detail": "The resource could not be found.\n\n No resource provider with uuid 22b5472d-be50-4dd2-8e58-fb35096cf1f1 found for delete ", "request_id": "req-f4cb4b1b-a14c-4c2c-a177-78dfbd97e43d"}]}
2026-04-23 03:37:28.335 7 INFO neutron.services.segments.plugin [-] Segment 22b5472d-be50-4dd2-8e58-fb35096cf1f1 resource provider not found; error: Placement Client Error (4xx): {"errors": [{"status": 404, "title": "Not Found", "detail": "The resource could not be found.\n\n No resource provider with uuid 22b5472d-be50-4dd2-8e58-fb35096cf1f1 found for delete ", "request_id": "req-a3f625fb-1eb8-46d3-9394-5ea397ffeca1"}]} [pid: 7|app: 0|req: 1300/2549] 10.0.0.63 () {32 vars in 725 bytes} [Thu Apr 23 03:37:28 2026] DELETE /v2.0/networks/0a5f717f-1d64-4e16-9f88-6fdd2db5d244 => generated 0 bytes in 370 msecs (HTTP/1.1 204) 3 headers in 131 bytes (1 switches on core 0)
2026-04-23 03:37:28.649 8 INFO neutron_taas.services.taas.taas_plugin [None req-53edbe5f-b994-4b27-9fa3-331702c5f86c 83096f006f3845cd80432b900d744fd0 1dd1a280350746b5b3b9acc7b9f0c6b1 - - default default] TaaS: Handle Delete Port: 4668c5cd-44cd-4cc1-8731-a0e80c61fdc8
2026-04-23 03:37:28.653 8 INFO neutron_taas.services.taas.tap_mirror_plugin [None req-53edbe5f-b994-4b27-9fa3-331702c5f86c 83096f006f3845cd80432b900d744fd0 1dd1a280350746b5b3b9acc7b9f0c6b1 - - default default] Tap Mirror: Handle Delete Port: 4668c5cd-44cd-4cc1-8731-a0e80c61fdc8 [pid: 8|app: 0|req: 1250/2550] 10.0.0.63 () {34 vars in 788 bytes} [Thu Apr 23 03:37:28 2026] PUT /v2.0/routers/2cc98b06-c259-44a9-958a-12b4ecb93ee6/remove_router_interface => generated 310 bytes in 859 msecs (HTTP/1.1 200) 4 headers in 157 bytes (1 switches on core 0)
2026-04-23 03:37:29.540 7 INFO neutron_taas.services.taas.taas_plugin [None req-3cb9dbd7-155d-435d-b16e-9a284f1eb20f 83096f006f3845cd80432b900d744fd0 1dd1a280350746b5b3b9acc7b9f0c6b1 - - default default] TaaS: Handle Delete Port: 9d7deeba-4fa0-4383-985c-202d0556bce9
2026-04-23 03:37:29.544 7 INFO neutron_taas.services.taas.tap_mirror_plugin [None req-3cb9dbd7-155d-435d-b16e-9a284f1eb20f 83096f006f3845cd80432b900d744fd0 1dd1a280350746b5b3b9acc7b9f0c6b1 - - default default] Tap Mirror: Handle Delete Port: 9d7deeba-4fa0-4383-985c-202d0556bce9 [pid: 7|app: 0|req: 1301/2551] 10.0.0.63 () {32 vars in 723 bytes} [Thu Apr 23 03:37:29 2026] DELETE /v2.0/routers/2cc98b06-c259-44a9-958a-12b4ecb93ee6 => generated 0 bytes in 678 msecs (HTTP/1.1 204) 2 headers in 112 bytes (1 switches on core 0) /var/lib/openstack/lib/python3.12/site-packages/pycadf/identifier.py:70: UserWarning: Invalid uuid: neutron. To ensure interoperability, identifiers should be a valid uuid. warnings.warn(('Invalid uuid: %s. To ensure interoperability, ' [pid: 8|app: 0|req: 1251/2552] 10.0.0.63 () {32 vars in 723 bytes} [Thu Apr 23 03:37:29 2026] DELETE /v2.0/subnets/7e8f53b9-60e1-485d-8833-0075ee37e834 => generated 0 bytes in 162 msecs (HTTP/1.1 204) 3 headers in 131 bytes (1 switches on core 0)
2026-04-23 03:37:30.207 7 INFO neutron_taas.services.taas.taas_plugin [None req-4628799e-0e04-4f8e-ab51-c06f16b764f3 83096f006f3845cd80432b900d744fd0 1dd1a280350746b5b3b9acc7b9f0c6b1 - - default default] TaaS: Handle Delete Port: aab3cbed-bf44-456f-9596-c35a4a1a3373
2026-04-23 03:37:30.210 7 INFO neutron_taas.services.taas.tap_mirror_plugin [None req-4628799e-0e04-4f8e-ab51-c06f16b764f3 83096f006f3845cd80432b900d744fd0 1dd1a280350746b5b3b9acc7b9f0c6b1 - - default default] Tap Mirror: Handle Delete Port: aab3cbed-bf44-456f-9596-c35a4a1a3373
2026-04-23 03:37:30.387 7 INFO neutron.services.segments.plugin [-] Segment d6cb714c-7e9a-4afe-bdd1-3752a950eed5 resource provider aggregate not found
2026-04-23 03:37:30.388 7 INFO neutron.services.segments.plugin [-] Segment d6cb714c-7e9a-4afe-bdd1-3752a950eed5 resource provider aggregate not found
2026-04-23 03:37:30.409 7 INFO neutron.services.segments.plugin [-] Segment d6cb714c-7e9a-4afe-bdd1-3752a950eed5 resource provider not found; error: Placement Client Error (4xx): {"errors": [{"status": 404, "title": "Not Found", "detail": "The resource could not be found.\n\n No resource provider with uuid d6cb714c-7e9a-4afe-bdd1-3752a950eed5 found for delete ", "request_id": "req-f6219e87-7e6f-4869-8560-4b12d6123a42"}]}
2026-04-23 03:37:30.415 7 INFO neutron.services.segments.plugin [-] Segment d6cb714c-7e9a-4afe-bdd1-3752a950eed5 resource provider not found; error: Placement Client Error (4xx): {"errors": [{"status": 404, "title": "Not Found", "detail": "The resource could not be found.\n\n No resource provider with uuid d6cb714c-7e9a-4afe-bdd1-3752a950eed5 found for delete ", "request_id": "req-0d4493a5-2d20-4506-b616-073ff3dd08ea"}]} [pid: 7|app: 0|req: 1302/2553] 10.0.0.63 () {32 vars in 725 bytes} [Thu Apr 23 03:37:30 2026] DELETE /v2.0/networks/f5c0f68a-3d02-4221-a027-160e7cd3ccf3 => generated 0 bytes in 358 msecs (HTTP/1.1 204) 3 headers in 131 bytes (1 switches on core 0)
2026-04-23 03:37:30.730 8 WARNING neutron.db.securitygroups_db [None req-9b0d38b4-9eb7-42b6-a92e-95f0813ad825 83096f006f3845cd80432b900d744fd0 1dd1a280350746b5b3b9acc7b9f0c6b1 - - default default] project_id key not found in filters, using tenant_id instead. This support has been deprecated and will be removed in a future release. [pid: 8|app: 0|req: 1252/2554] 10.0.0.63 () {32 vars in 773 bytes} [Thu Apr 23 03:37:30 2026] GET /v2.0/security-groups?tenant_id=702b07c59e6e4d19a0a432b7eec9994c&name=default => generated 2925 bytes in 34 msecs (HTTP/1.1 200) 4 headers in 158 bytes (1 switches on core 0) [pid: 7|app: 0|req: 1303/2555] 10.0.0.63 () {32 vars in 739 bytes} [Thu Apr 23 03:37:30 2026] DELETE /v2.0/security-groups/3e55bb21-b731-4e01-aa01-dd562a700f50 => generated 0 bytes in 170 msecs (HTTP/1.1 204) 2 headers in 112 bytes (1 switches on core 0)
2026-04-23 03:37:31.054 8 WARNING neutron.db.securitygroups_db [None req-e82612cb-4606-4d60-a755-ad5d80807f38 83096f006f3845cd80432b900d744fd0 1dd1a280350746b5b3b9acc7b9f0c6b1 - - default default] project_id key not found in filters, using tenant_id instead. This support has been deprecated and will be removed in a future release. [pid: 8|app: 0|req: 1253/2556] 10.0.0.63 () {32 vars in 773 bytes} [Thu Apr 23 03:37:31 2026] GET /v2.0/security-groups?tenant_id=d81292de220844ae8127be1cf0cb0112&name=default => generated 2925 bytes in 30 msecs (HTTP/1.1 200) 4 headers in 158 bytes (1 switches on core 0) [pid: 7|app: 0|req: 1304/2557] 10.0.0.63 () {32 vars in 739 bytes} [Thu Apr 23 03:37:31 2026] DELETE /v2.0/security-groups/1b4572a1-3500-4a16-9ce7-3cccd8e740e6 => generated 0 bytes in 177 msecs (HTTP/1.1 204) 2 headers in 112 bytes (1 switches on core 0)
2026-04-23 03:37:35.487 7 WARNING neutron.scheduler.dhcp_agent_scheduler [None req-8ec72f9e-ee4f-4866-8835-b6a7a2c01494 7bd63d1a700e4f44b5b74812f6da1105 05491b93e3014f68b39f538c1718030c - - default default] No more DHCP agents
2026-04-23 03:37:35.488 7 WARNING neutron.api.rpc.agentnotifiers.dhcp_rpc_agent_api [None req-8ec72f9e-ee4f-4866-8835-b6a7a2c01494 7bd63d1a700e4f44b5b74812f6da1105 05491b93e3014f68b39f538c1718030c - - default default] Unable to schedule network e7923463-bbd3-49a7-98c8-122ecb99b64f: no agents available; will retry on subsequent port and subnet creation events. [pid: 7|app: 0|req: 1306/2560] 10.0.0.63 () {34 vars in 675 bytes} [Thu Apr 23 03:37:35 2026] POST /v2.0/floatingips => generated 552 bytes in 582 msecs (HTTP/1.1 201) 4 headers in 162 bytes (1 switches on core 0)
2026-04-23 03:37:35.944 8 WARNING neutron.scheduler.dhcp_agent_scheduler [None req-9aabbe1f-c7c4-4d5a-a142-35a653c15e30 7bd63d1a700e4f44b5b74812f6da1105 05491b93e3014f68b39f538c1718030c - - default default] No more DHCP agents
2026-04-23 03:37:35.945 8 WARNING neutron.api.rpc.agentnotifiers.dhcp_rpc_agent_api [None req-9aabbe1f-c7c4-4d5a-a142-35a653c15e30 7bd63d1a700e4f44b5b74812f6da1105 05491b93e3014f68b39f538c1718030c - - default default] Unable to schedule network e7923463-bbd3-49a7-98c8-122ecb99b64f: no agents available; will retry on subsequent port and subnet creation events. [pid: 8|app: 0|req: 1255/2561] 10.0.0.63 () {34 vars in 675 bytes} [Thu Apr 23 03:37:35 2026] POST /v2.0/floatingips => generated 552 bytes in 480 msecs (HTTP/1.1 201) 4 headers in 162 bytes (1 switches on core 0)
2026-04-23 03:37:36.432 7 WARNING neutron.scheduler.dhcp_agent_scheduler [None req-097c25e3-4753-47b2-953f-7c93d11f36f6 7bd63d1a700e4f44b5b74812f6da1105 05491b93e3014f68b39f538c1718030c - - default default] No more DHCP agents
2026-04-23 03:37:36.434 7 WARNING neutron.api.rpc.agentnotifiers.dhcp_rpc_agent_api [None req-097c25e3-4753-47b2-953f-7c93d11f36f6 7bd63d1a700e4f44b5b74812f6da1105 05491b93e3014f68b39f538c1718030c - - default default] Unable to schedule network e7923463-bbd3-49a7-98c8-122ecb99b64f: no agents available; will retry on subsequent port and subnet creation events. [pid: 7|app: 0|req: 1307/2562] 10.0.0.63 () {34 vars in 675 bytes} [Thu Apr 23 03:37:36 2026] POST /v2.0/floatingips => generated 552 bytes in 465 msecs (HTTP/1.1 201) 4 headers in 162 bytes (1 switches on core 0)
2026-04-23 03:37:36.887 8 WARNING neutron.scheduler.dhcp_agent_scheduler [None req-5d0a1a2b-c3c5-42b4-af6b-17b0e81479a9 7bd63d1a700e4f44b5b74812f6da1105 05491b93e3014f68b39f538c1718030c - - default default] No more DHCP agents
2026-04-23 03:37:36.888 8 WARNING neutron.api.rpc.agentnotifiers.dhcp_rpc_agent_api [None req-5d0a1a2b-c3c5-42b4-af6b-17b0e81479a9 7bd63d1a700e4f44b5b74812f6da1105 05491b93e3014f68b39f538c1718030c - - default default] Unable to schedule network e7923463-bbd3-49a7-98c8-122ecb99b64f: no agents available; will retry on subsequent port and subnet creation events. [pid: 8|app: 0|req: 1256/2563] 10.0.0.63 () {34 vars in 675 bytes} [Thu Apr 23 03:37:36 2026] POST /v2.0/floatingips => generated 552 bytes in 490 msecs (HTTP/1.1 201) 4 headers in 162 bytes (1 switches on core 0)
2026-04-23 03:37:37.417 7 WARNING neutron.scheduler.dhcp_agent_scheduler [None req-899a8355-484b-42ff-801d-e6d0e9f063d5 7bd63d1a700e4f44b5b74812f6da1105 05491b93e3014f68b39f538c1718030c - - default default] No more DHCP agents
2026-04-23 03:37:37.418 7 WARNING neutron.api.rpc.agentnotifiers.dhcp_rpc_agent_api [None req-899a8355-484b-42ff-801d-e6d0e9f063d5 7bd63d1a700e4f44b5b74812f6da1105 05491b93e3014f68b39f538c1718030c - - default default] Unable to schedule network e7923463-bbd3-49a7-98c8-122ecb99b64f: no agents available; will retry on subsequent port and subnet creation events. [pid: 7|app: 0|req: 1308/2564] 10.0.0.63 () {34 vars in 675 bytes} [Thu Apr 23 03:37:37 2026] POST /v2.0/floatingips => generated 552 bytes in 559 msecs (HTTP/1.1 201) 4 headers in 162 bytes (1 switches on core 0)
2026-04-23 03:37:37.767 8 WARNING tagging [None req-db646711-8529-4d38-9da0-57ab2e0a8265 7bd63d1a700e4f44b5b74812f6da1105 05491b93e3014f68b39f538c1718030c - - default default] project_id key not found in request, using tenant_id instead. This support has been deprecated and will be removed in a future release. [pid: 8|app: 0|req: 1257/2565] 10.0.0.63 () {34 vars in 758 bytes} [Thu Apr 23 03:37:37 2026] PUT /v2.0/floatingips/88f057bc-a829-4932-b94a-d08287b10803/tags => generated 17 bytes in 49 msecs (HTTP/1.1 200) 4 headers in 156 bytes (1 switches on core 0)
2026-04-23 03:37:37.823 7 WARNING tagging [None req-b4ef8bff-3f03-43a0-a5f3-e916f657abe7 7bd63d1a700e4f44b5b74812f6da1105 05491b93e3014f68b39f538c1718030c - - default default] project_id key not found in request, using tenant_id instead. This support has been deprecated and will be removed in a future release. [pid: 7|app: 0|req: 1309/2566] 10.0.0.63 () {34 vars in 758 bytes} [Thu Apr 23 03:37:37 2026] PUT /v2.0/floatingips/3341543c-457a-4d46-9da4-cd7d61e919ed/tags => generated 25 bytes in 53 msecs (HTTP/1.1 200) 4 headers in 156 bytes (1 switches on core 0)
2026-04-23 03:37:37.876 8 WARNING tagging [None req-2c9b40ef-8059-4cf0-9c9a-1c1dc5ff1599 7bd63d1a700e4f44b5b74812f6da1105 05491b93e3014f68b39f538c1718030c - - default default] project_id key not found in request, using tenant_id instead. This support has been deprecated and will be removed in a future release. [pid: 8|app: 0|req: 1258/2567] 10.0.0.63 () {34 vars in 758 bytes} [Thu Apr 23 03:37:37 2026] PUT /v2.0/floatingips/0ec17405-31e1-4011-b8d5-773f397b4e88/tags => generated 34 bytes in 52 msecs (HTTP/1.1 200) 4 headers in 156 bytes (1 switches on core 0)
2026-04-23 03:37:37.932 7 WARNING tagging [None req-fdfeb2a8-3344-4a05-9e7e-467a9d78b32f 7bd63d1a700e4f44b5b74812f6da1105 05491b93e3014f68b39f538c1718030c - - default default] project_id key not found in request, using tenant_id instead. This support has been deprecated and will be removed in a future release. [pid: 7|app: 0|req: 1310/2568] 10.0.0.63 () {34 vars in 758 bytes} [Thu Apr 23 03:37:37 2026] PUT /v2.0/floatingips/389ecc52-dd97-42c3-9820-acd8edfb9fe2/tags => generated 19 bytes in 49 msecs (HTTP/1.1 200) 4 headers in 156 bytes (1 switches on core 0) [pid: 8|app: 0|req: 1259/2569] 10.0.0.63 () {32 vars in 671 bytes} [Thu Apr 23 03:37:37 2026] GET /v2.0/floatingips?tags=red => generated 1671 bytes in 52 msecs (HTTP/1.1 200) 4 headers in 158 bytes (1 switches on core 0) [pid: 7|app: 0|req: 1311/2570] 10.0.0.63 () {32 vars in 685 bytes} [Thu Apr 23 03:37:38 2026] GET /v2.0/floatingips?tags=red%2Cblue => generated 1128 bytes in 46 msecs (HTTP/1.1 200) 4 headers in 158 bytes (1 switches on core 0) [pid: 8|app: 0|req: 1260/2571] 10.0.0.63 () {32 vars in 681 bytes} [Thu Apr 23 03:37:38 2026] GET /v2.0/floatingips?tags-any=blue => generated 1128 bytes in 49 msecs (HTTP/1.1 200) 4 headers in 158 bytes (1 switches on core 0) [pid: 7|app: 0|req: 1312/2572] 10.0.0.63 () {32 vars in 693 bytes} [Thu Apr 23 03:37:38 2026] GET /v2.0/floatingips?tags-any=red%2Cblue => generated 1671 bytes in 50 msecs (HTTP/1.1 200) 4 headers in 158 bytes (1 switches on core 0) [pid: 8|app: 0|req: 1261/2573] 10.0.0.63 () {32 vars in 679 bytes} [Thu Apr 23 03:37:38 2026] GET /v2.0/floatingips?not-tags=red => generated 1100 bytes in 54 msecs (HTTP/1.1 200) 4 headers in 158 bytes (1 switches on core 0) [pid: 7|app: 0|req: 1313/2574] 10.0.0.63 () {32 vars in 693 bytes} [Thu Apr 23 03:37:38 2026] GET /v2.0/floatingips?not-tags=red%2Cblue => generated 1643 bytes in 51 msecs (HTTP/1.1 200) 4 headers in 158 bytes (1 switches on core 0) [pid: 8|app: 0|req: 1262/2575] 10.0.0.63 () {32 vars in 689 bytes} [Thu Apr 23 03:37:38 2026] GET /v2.0/floatingips?not-tags-any=blue => generated 1643 bytes in 55 msecs (HTTP/1.1 200) 4 headers in 158 bytes (1 switches on core 0) [pid: 7|app: 0|req: 1314/2576] 10.0.0.63 () {32 vars in 701 bytes} [Thu Apr 23 03:37:38 2026] GET /v2.0/floatingips?not-tags-any=red%2Cblue => generated 1100 bytes in 47 msecs (HTTP/1.1 200) 4 headers in 158 bytes (1 switches on core 0)
2026-04-23 03:37:38.536 8 INFO neutron_taas.services.taas.taas_plugin [None req-216090d8-1042-435d-9d67-258d80cb4c91 7bd63d1a700e4f44b5b74812f6da1105 05491b93e3014f68b39f538c1718030c - - default default] TaaS: Handle Delete Port: ea863931-b1d3-42df-9301-16e32278cece
2026-04-23 03:37:38.539 8 INFO neutron_taas.services.taas.tap_mirror_plugin [None req-216090d8-1042-435d-9d67-258d80cb4c91 7bd63d1a700e4f44b5b74812f6da1105 05491b93e3014f68b39f538c1718030c - - default default] Tap Mirror: Handle Delete Port: ea863931-b1d3-42df-9301-16e32278cece [pid: 8|app: 0|req: 1263/2577] 10.0.0.63 () {32 vars in 731 bytes} [Thu Apr 23 03:37:38 2026] DELETE /v2.0/floatingips/88f057bc-a829-4932-b94a-d08287b10803 => generated 0 bytes in 272 msecs (HTTP/1.1 204) 2 headers in 112 bytes (1 switches on core 0)
2026-04-23 03:37:38.799 7 INFO neutron_taas.services.taas.taas_plugin [None req-7d7e1139-7e2a-4158-bb6d-caff419928e6 7bd63d1a700e4f44b5b74812f6da1105 05491b93e3014f68b39f538c1718030c - - default default] TaaS: Handle Delete Port: 77973497-2b28-4c14-8b65-79abe7aefdcd
2026-04-23 03:37:38.802 7 INFO neutron_taas.services.taas.tap_mirror_plugin [None req-7d7e1139-7e2a-4158-bb6d-caff419928e6 7bd63d1a700e4f44b5b74812f6da1105 05491b93e3014f68b39f538c1718030c - - default default] Tap Mirror: Handle Delete Port: 77973497-2b28-4c14-8b65-79abe7aefdcd [pid: 7|app: 0|req: 1315/2578] 10.0.0.63 () {32 vars in 731 bytes} [Thu Apr 23 03:37:38 2026] DELETE /v2.0/floatingips/3341543c-457a-4d46-9da4-cd7d61e919ed => generated 0 bytes in 234 msecs (HTTP/1.1 204) 2 headers in 112 bytes (1 switches on core 0)
2026-04-23 03:37:39.051 8 INFO neutron_taas.services.taas.taas_plugin [None req-886602fc-a7ce-4a22-ae2b-5c7d342fe14b 7bd63d1a700e4f44b5b74812f6da1105 05491b93e3014f68b39f538c1718030c - - default default] TaaS: Handle Delete Port: 8cd717ac-cf8d-476a-9b2a-10d3313ccea1
2026-04-23 03:37:39.054 8 INFO neutron_taas.services.taas.tap_mirror_plugin [None req-886602fc-a7ce-4a22-ae2b-5c7d342fe14b 7bd63d1a700e4f44b5b74812f6da1105 05491b93e3014f68b39f538c1718030c - - default default] Tap Mirror: Handle Delete Port: 8cd717ac-cf8d-476a-9b2a-10d3313ccea1 [pid: 8|app: 0|req: 1264/2579] 10.0.0.63 () {32 vars in 731 bytes} [Thu Apr 23 03:37:38 2026] DELETE /v2.0/floatingips/0ec17405-31e1-4011-b8d5-773f397b4e88 => generated 0 bytes in 272 msecs (HTTP/1.1 204) 2 headers in 112 bytes (1 switches on core 0)
2026-04-23 03:37:39.321 7 INFO neutron_taas.services.taas.taas_plugin [None req-82644843-dd7a-4639-8a4d-9e44c71be6cd 7bd63d1a700e4f44b5b74812f6da1105 05491b93e3014f68b39f538c1718030c - - default default] TaaS: Handle Delete Port: ca80890d-a9d9-4a4e-bc4e-944bdf968b43
2026-04-23 03:37:39.324 7 INFO neutron_taas.services.taas.tap_mirror_plugin [None req-82644843-dd7a-4639-8a4d-9e44c71be6cd 7bd63d1a700e4f44b5b74812f6da1105 05491b93e3014f68b39f538c1718030c - - default default] Tap Mirror: Handle Delete Port: ca80890d-a9d9-4a4e-bc4e-944bdf968b43 [pid: 7|app: 0|req: 1316/2580] 10.0.0.63 () {32 vars in 731 bytes} [Thu Apr 23 03:37:39 2026] DELETE /v2.0/floatingips/389ecc52-dd97-42c3-9820-acd8edfb9fe2 => generated 0 bytes in 274 msecs (HTTP/1.1 204) 2 headers in 112 bytes (1 switches on core 0)
2026-04-23 03:37:39.604 8 INFO neutron_taas.services.taas.taas_plugin [None req-f4f90f45-54c5-4d7a-9ba3-81c5f884de1c 7bd63d1a700e4f44b5b74812f6da1105 05491b93e3014f68b39f538c1718030c - - default default] TaaS: Handle Delete Port: 3846ff34-1e2b-4d32-8bfe-ff0de59b4127
2026-04-23 03:37:39.609 8 INFO neutron_taas.services.taas.tap_mirror_plugin [None req-f4f90f45-54c5-4d7a-9ba3-81c5f884de1c 7bd63d1a700e4f44b5b74812f6da1105 05491b93e3014f68b39f538c1718030c - - default default] Tap Mirror: Handle Delete Port: 3846ff34-1e2b-4d32-8bfe-ff0de59b4127 [pid: 8|app: 0|req: 1265/2581] 10.0.0.63 () {32 vars in 731 bytes} [Thu Apr 23 03:37:39 2026] DELETE /v2.0/floatingips/dcd4509e-d546-4b8a-8825-b43ca8af93bd => generated 0 bytes in 275 msecs (HTTP/1.1 204) 2 headers in 112 bytes (1 switches on core 0)
2026-04-23 03:37:40.678 7 WARNING neutron.db.securitygroups_db [None req-ecc5939a-34d4-4bce-bf27-bec664cee9a3 83096f006f3845cd80432b900d744fd0 1dd1a280350746b5b3b9acc7b9f0c6b1 - - default default] project_id key not found in filters, using tenant_id instead. This support has been deprecated and will be removed in a future release.
2026-04-23 03:37:40.802 7 INFO neutron.db.ovn_revision_numbers_db [None req-ecc5939a-34d4-4bce-bf27-bec664cee9a3 83096f006f3845cd80432b900d744fd0 1dd1a280350746b5b3b9acc7b9f0c6b1 - - default default] Successfully bumped revision number for resource f75cab16-f789-41fa-af4b-a3c49183ad49 (type: security_groups) to 1
2026-04-23 03:37:40.815 7 INFO neutron.db.ovn_revision_numbers_db [None req-ecc5939a-34d4-4bce-bf27-bec664cee9a3 83096f006f3845cd80432b900d744fd0 1dd1a280350746b5b3b9acc7b9f0c6b1 - - default default] Successfully bumped revision number for resource 084f085c-fe65-450b-b168-3adc65120b49 (type: security_group_rules) to 0
2026-04-23 03:37:40.827 7 INFO neutron.db.ovn_revision_numbers_db [None req-ecc5939a-34d4-4bce-bf27-bec664cee9a3 83096f006f3845cd80432b900d744fd0 1dd1a280350746b5b3b9acc7b9f0c6b1 - - default default] Successfully bumped revision number for resource 40387bd8-deb9-456b-8117-2d28c02bebdd (type: security_group_rules) to 0
2026-04-23 03:37:40.839 7 INFO neutron.db.ovn_revision_numbers_db [None req-ecc5939a-34d4-4bce-bf27-bec664cee9a3 83096f006f3845cd80432b900d744fd0 1dd1a280350746b5b3b9acc7b9f0c6b1 - - default default] Successfully bumped revision number for resource 74abeeb8-91fc-4610-b45d-622789e54b50 (type: security_group_rules) to 0
2026-04-23 03:37:40.855 7 INFO neutron.db.ovn_revision_numbers_db [None req-ecc5939a-34d4-4bce-bf27-bec664cee9a3 83096f006f3845cd80432b900d744fd0 1dd1a280350746b5b3b9acc7b9f0c6b1 - - default default] Successfully bumped revision number for resource c9a100a3-75df-4fa4-bb38-577985bae098 (type: security_group_rules) to 0 [pid: 7|app: 0|req: 1317/2582] 10.0.0.63 () {32 vars in 773 bytes} [Thu Apr 23 03:37:40 2026] GET /v2.0/security-groups?tenant_id=05491b93e3014f68b39f538c1718030c&name=default => generated 2928 bytes in 372 msecs (HTTP/1.1 200) 4 headers in 158 bytes (1 switches on core 0) [pid: 8|app: 0|req: 1266/2583] 10.0.0.63 () {32 vars in 739 bytes} [Thu Apr 23 03:37:40 2026] DELETE /v2.0/security-groups/f75cab16-f789-41fa-af4b-a3c49183ad49 => generated 0 bytes in 197 msecs (HTTP/1.1 204) 2 headers in 112 bytes (1 switches on core 0)
2026-04-23 03:37:41.187 7 WARNING neutron.db.securitygroups_db [None req-54816269-93f8-48c6-851a-7fbcadf288f2 83096f006f3845cd80432b900d744fd0 1dd1a280350746b5b3b9acc7b9f0c6b1 - - default default] project_id key not found in filters, using tenant_id instead. This support has been deprecated and will be removed in a future release.
