2026-04-23 03:36:23.505 8 INFO neutron.db.ovn_revision_numbers_db [None req-07a877b4-c77f-44f8-acfb-24ed7ca9faed 83096f006f3845cd80432b900d744fd0 1dd1a280350746b5b3b9acc7b9f0c6b1 - - default default] Successfully bumped revision number for resource 325da043-0c1e-4568-97b9-9ffaedc80a8c (type: security_group_rules) to 0 [pid: 8|app: 0|req: 1054/2155] 10.0.0.63 () {32 vars in 773 bytes} [Thu Apr 23 03:36:23 2026] GET /v2.0/security-groups?tenant_id=bfa8fc0236e34a47aeb80206a8d82c20&name=default => generated 2925 bytes in 238 msecs (HTTP/1.1 200) 4 headers in 158 bytes (1 switches on core 0) [pid: 7|app: 0|req: 1102/2156] 10.0.0.63 () {32 vars in 739 bytes} [Thu Apr 23 03:36:23 2026] DELETE /v2.0/security-groups/24e4d756-8703-41d0-aea9-443d3e1a01ff => generated 0 bytes in 185 msecs (HTTP/1.1 204) 2 headers in 112 bytes (1 switches on core 0)
2026-04-23 03:36:24.353 8 INFO neutron.db.ovn_revision_numbers_db [None req-203c8704-eae3-47d7-a846-de1490cb7ea7 278f1e5f14f64a4ab8623ad2fd1fb61f 40ba56a4e2134617b5326a75ab76604c - - default default] Successfully bumped revision number for resource a892a8c7-3949-4e26-9058-f1ed2a51bc36 (type: security_groups) to 1
2026-04-23 03:36:24.365 8 INFO neutron.db.ovn_revision_numbers_db [None req-203c8704-eae3-47d7-a846-de1490cb7ea7 278f1e5f14f64a4ab8623ad2fd1fb61f 40ba56a4e2134617b5326a75ab76604c - - default default] Successfully bumped revision number for resource 51be7065-7c92-4685-a98f-d6c8b5c0cf2c (type: security_group_rules) to 0
2026-04-23 03:36:24.378 8 INFO neutron.db.ovn_revision_numbers_db [None req-203c8704-eae3-47d7-a846-de1490cb7ea7 278f1e5f14f64a4ab8623ad2fd1fb61f 40ba56a4e2134617b5326a75ab76604c - - default default] Successfully bumped revision number for resource 5f44a9d8-f994-45b3-b9d1-c3d7992727fc (type: security_group_rules) to 0
2026-04-23 03:36:24.391 8 INFO neutron.db.ovn_revision_numbers_db [None req-203c8704-eae3-47d7-a846-de1490cb7ea7 278f1e5f14f64a4ab8623ad2fd1fb61f 40ba56a4e2134617b5326a75ab76604c - - default default] Successfully bumped revision number for resource ecf69890-b6fb-4e09-a64d-0f5716876156 (type: security_group_rules) to 0
2026-04-23 03:36:24.408 8 INFO neutron.db.ovn_revision_numbers_db [None req-203c8704-eae3-47d7-a846-de1490cb7ea7 278f1e5f14f64a4ab8623ad2fd1fb61f 40ba56a4e2134617b5326a75ab76604c - - default default] Successfully bumped revision number for resource fddf09b8-30d5-4cfe-a1d8-f8d784b4424f (type: security_group_rules) to 0
2026-04-23 03:36:24.528 8 INFO neutron.db.ovn_revision_numbers_db [None req-203c8704-eae3-47d7-a846-de1490cb7ea7 278f1e5f14f64a4ab8623ad2fd1fb61f 40ba56a4e2134617b5326a75ab76604c - - default default] Successfully bumped revision number for resource 2151aa9b-8824-4aec-8d3c-54386c841ad8 (type: security_groups) to 1
2026-04-23 03:36:24.538 8 INFO neutron.db.ovn_revision_numbers_db [None req-203c8704-eae3-47d7-a846-de1490cb7ea7 278f1e5f14f64a4ab8623ad2fd1fb61f 40ba56a4e2134617b5326a75ab76604c - - default default] Successfully bumped revision number for resource 13363f1a-e4b7-4980-8a07-264cc765f643 (type: security_group_rules) to 0
2026-04-23 03:36:24.547 8 INFO neutron.db.ovn_revision_numbers_db [None req-203c8704-eae3-47d7-a846-de1490cb7ea7 278f1e5f14f64a4ab8623ad2fd1fb61f 40ba56a4e2134617b5326a75ab76604c - - default default] Successfully bumped revision number for resource 83f8cf7f-a762-4882-911b-6cd768dfc0ec (type: security_group_rules) to 0 [pid: 8|app: 0|req: 1055/2157] 10.0.0.63 () {34 vars in 683 bytes} [Thu Apr 23 03:36:24 2026] POST /v2.0/security-groups => generated 1625 bytes in 445 msecs (HTTP/1.1 201) 4 headers in 163 bytes (1 switches on core 0) [pid: 7|app: 0|req: 1103/2158] 10.0.0.63 () {32 vars in 662 bytes} [Thu Apr 23 03:36:24 2026] GET /v2.0/security-groups => generated 4530 bytes in 62 msecs (HTTP/1.1 200) 4 headers in 158 bytes (1 switches on core 0)
2026-04-23 03:36:24.718 8 INFO neutron.db.ovn_revision_numbers_db [None req-1b3ac048-f7dd-49a7-832b-789d5280b35a 278f1e5f14f64a4ab8623ad2fd1fb61f 40ba56a4e2134617b5326a75ab76604c - - default default] Successfully bumped revision number for resource 2151aa9b-8824-4aec-8d3c-54386c841ad8 (type: security_groups) to 2 [pid: 8|app: 0|req: 1056/2159] 10.0.0.63 () {34 vars in 757 bytes} [Thu Apr 23 03:36:24 2026] PUT /v2.0/security-groups/2151aa9b-8824-4aec-8d3c-54386c841ad8 => generated 1663 bytes in 89 msecs (HTTP/1.1 200) 4 headers in 158 bytes (1 switches on core 0) [pid: 7|app: 0|req: 1104/2160] 10.0.0.63 () {32 vars in 736 bytes} [Thu Apr 23 03:36:24 2026] GET /v2.0/security-groups/2151aa9b-8824-4aec-8d3c-54386c841ad8 => generated 1663 bytes in 27 msecs (HTTP/1.1 200) 4 headers in 158 bytes (1 switches on core 0) [pid: 8|app: 0|req: 1057/2161] 10.0.0.63 () {32 vars in 739 bytes} [Thu Apr 23 03:36:24 2026] DELETE /v2.0/security-groups/2151aa9b-8824-4aec-8d3c-54386c841ad8 => generated 0 bytes in 174 msecs (HTTP/1.1 204) 2 headers in 112 bytes (1 switches on core 0) [pid: 7|app: 0|req: 1105/2162] 10.0.0.63 () {32 vars in 662 bytes} [Thu Apr 23 03:36:24 2026] GET /v2.0/security-groups => generated 2925 bytes in 33 msecs (HTTP/1.1 200) 4 headers in 158 bytes (1 switches on core 0)
2026-04-23 03:36:25.009 8 INFO neutron.api.v2.resource [None req-b8a6ee23-c680-4fa1-a1d3-abdd23a3c890 278f1e5f14f64a4ab8623ad2fd1fb61f 40ba56a4e2134617b5326a75ab76604c - - default default] delete failed (client error): The resource could not be found. [pid: 8|app: 0|req: 1058/2163] 10.0.0.63 () {32 vars in 739 bytes} [Thu Apr 23 03:36:24 2026] DELETE /v2.0/security-groups/2151aa9b-8824-4aec-8d3c-54386c841ad8 => generated 146 bytes in 13 msecs (HTTP/1.1 404) 4 headers in 164 bytes (1 switches on core 0)
2026-04-23 03:36:25.141 7 INFO neutron.db.ovn_revision_numbers_db [None req-e63437e0-1db3-4f6e-97cd-efed05b6ff12 278f1e5f14f64a4ab8623ad2fd1fb61f 40ba56a4e2134617b5326a75ab76604c - - default default] Successfully bumped revision number for resource 8b7a8a2d-6ef9-4b23-827b-3ad1720bc4bd (type: security_groups) to 1
2026-04-23 03:36:25.154 7 INFO neutron.db.ovn_revision_numbers_db [None req-e63437e0-1db3-4f6e-97cd-efed05b6ff12 278f1e5f14f64a4ab8623ad2fd1fb61f 40ba56a4e2134617b5326a75ab76604c - - default default] Successfully bumped revision number for resource 353390ae-502f-4551-9dfc-7e2c9fb5f01e (type: security_group_rules) to 0
2026-04-23 03:36:25.162 7 INFO neutron.db.ovn_revision_numbers_db [None req-e63437e0-1db3-4f6e-97cd-efed05b6ff12 278f1e5f14f64a4ab8623ad2fd1fb61f 40ba56a4e2134617b5326a75ab76604c - - default default] Successfully bumped revision number for resource 94cfd17c-2efe-44a0-af13-4483dd96cad2 (type: security_group_rules) to 0 [pid: 7|app: 0|req: 1106/2164] 10.0.0.63 () {34 vars in 683 bytes} [Thu Apr 23 03:36:25 2026] POST /v2.0/security-groups => generated 1625 bytes in 177 msecs (HTTP/1.1 201) 4 headers in 163 bytes (1 switches on core 0)
2026-04-23 03:36:25.336 8 INFO neutron.db.ovn_revision_numbers_db [None req-71cbb8ef-ed46-4415-bdb6-028a08fa517d 278f1e5f14f64a4ab8623ad2fd1fb61f 40ba56a4e2134617b5326a75ab76604c - - default default] Successfully bumped revision number for resource aaa01e0b-8c70-4aed-9d6e-7189a4a8dc70 (type: security_group_rules) to 0 [pid: 8|app: 0|req: 1059/2165] 10.0.0.63 () {34 vars in 694 bytes} [Thu Apr 23 03:36:25 2026] POST /v2.0/security-group-rules => generated 601 bytes in 166 msecs (HTTP/1.1 201) 4 headers in 162 bytes (1 switches on core 0) [pid: 8|app: 0|req: 1060/2166] 10.0.0.63 () {32 vars in 746 bytes} [Thu Apr 23 03:36:25 2026] GET /v2.0/security-group-rules/aaa01e0b-8c70-4aed-9d6e-7189a4a8dc70 => generated 601 bytes in 17 msecs (HTTP/1.1 200) 4 headers in 157 bytes (1 switches on core 0) [pid: 8|app: 0|req: 1061/2167] 10.0.0.63 () {32 vars in 672 bytes} [Thu Apr 23 03:36:25 2026] GET /v2.0/security-group-rules => generated 4138 bytes in 63 msecs (HTTP/1.1 200) 4 headers in 158 bytes (1 switches on core 0)
2026-04-23 03:36:25.551 7 INFO neutron.db.ovn_revision_numbers_db [None req-31436fd9-745b-41b5-b82c-6404f895e957 b5cce2171974480ca7781a6eb7e381d0 a144c901eec041efb60038709b25c5b9 - - default default] Successfully bumped revision number for resource fe3e69a2-210d-4379-a075-523e1f86d9c6 (type: security_groups) to 1
2026-04-23 03:36:25.563 7 INFO neutron.db.ovn_revision_numbers_db [None req-31436fd9-745b-41b5-b82c-6404f895e957 b5cce2171974480ca7781a6eb7e381d0 a144c901eec041efb60038709b25c5b9 - - default default] Successfully bumped revision number for resource 2b6d86bc-b092-4ce1-9ce7-3143aeaac3ff (type: security_group_rules) to 0
2026-04-23 03:36:25.575 7 INFO neutron.db.ovn_revision_numbers_db [None req-31436fd9-745b-41b5-b82c-6404f895e957 b5cce2171974480ca7781a6eb7e381d0 a144c901eec041efb60038709b25c5b9 - - default default] Successfully bumped revision number for resource 64753f53-1aa0-424e-a121-dd50528ea6fe (type: security_group_rules) to 0 [pid: 8|app: 0|req: 1062/2168] 10.0.0.63 () {32 vars in 749 bytes} [Thu Apr 23 03:36:25 2026] DELETE /v2.0/security-group-rules/aaa01e0b-8c70-4aed-9d6e-7189a4a8dc70 => generated 0 bytes in 114 msecs (HTTP/1.1 204) 2 headers in 112 bytes (1 switches on core 0)
2026-04-23 03:36:25.587 7 INFO neutron.db.ovn_revision_numbers_db [None req-31436fd9-745b-41b5-b82c-6404f895e957 b5cce2171974480ca7781a6eb7e381d0 a144c901eec041efb60038709b25c5b9 - - default default] Successfully bumped revision number for resource bf373712-8acb-43e1-9d49-9d23cb955fda (type: security_group_rules) to 0
2026-04-23 03:36:25.598 7 INFO neutron.db.ovn_revision_numbers_db [None req-31436fd9-745b-41b5-b82c-6404f895e957 b5cce2171974480ca7781a6eb7e381d0 a144c901eec041efb60038709b25c5b9 - - default default] Successfully bumped revision number for resource c5ac7392-45e4-48d4-92d9-f32f6e97b698 (type: security_group_rules) to 0 [pid: 8|app: 0|req: 1063/2169] 10.0.0.63 () {32 vars in 672 bytes} [Thu Apr 23 03:36:25 2026] GET /v2.0/security-group-rules => generated 3560 bytes in 58 msecs (HTTP/1.1 200) 4 headers in 158 bytes (1 switches on core 0)
2026-04-23 03:36:25.681 7 INFO neutron.db.segments_db [None req-31436fd9-745b-41b5-b82c-6404f895e957 b5cce2171974480ca7781a6eb7e381d0 a144c901eec041efb60038709b25c5b9 - - default default] Added segment a9c31dbc-863b-4843-b602-a448b6f9b348 of type geneve for network 281a88fb-28dc-4836-bedf-638c8c4ec219
2026-04-23 03:36:25.755 8 INFO neutron.db.ovn_revision_numbers_db [None req-a009fffb-40d9-42a6-a470-f003099b8674 278f1e5f14f64a4ab8623ad2fd1fb61f 40ba56a4e2134617b5326a75ab76604c - - default default] Successfully bumped revision number for resource b995cc8d-375f-43fa-970f-ae4f6aa98bc8 (type: security_group_rules) to 0 [pid: 8|app: 0|req: 1064/2170] 10.0.0.63 () {34 vars in 694 bytes} [Thu Apr 23 03:36:25 2026] POST /v2.0/security-group-rules => generated 601 bytes in 148 msecs (HTTP/1.1 201) 4 headers in 162 bytes (1 switches on core 0)
2026-04-23 03:36:25.793 7 INFO neutron.db.ovn_revision_numbers_db [None req-31436fd9-745b-41b5-b82c-6404f895e957 b5cce2171974480ca7781a6eb7e381d0 a144c901eec041efb60038709b25c5b9 - - default default] Successfully bumped revision number for resource 281a88fb-28dc-4836-bedf-638c8c4ec219 (type: networks) to 1 [pid: 8|app: 0|req: 1065/2171] 10.0.0.63 () {32 vars in 746 bytes} [Thu Apr 23 03:36:25 2026] GET /v2.0/security-group-rules/b995cc8d-375f-43fa-970f-ae4f6aa98bc8 => generated 601 bytes in 17 msecs (HTTP/1.1 200) 4 headers in 157 bytes (1 switches on core 0) [pid: 8|app: 0|req: 1066/2172] 10.0.0.63 () {32 vars in 672 bytes} [Thu Apr 23 03:36:25 2026] GET /v2.0/security-group-rules => generated 4138 bytes in 60 msecs (HTTP/1.1 200) 4 headers in 158 bytes (1 switches on core 0)
2026-04-23 03:36:25.972 7 WARNING neutron.scheduler.dhcp_agent_scheduler [None req-31436fd9-745b-41b5-b82c-6404f895e957 b5cce2171974480ca7781a6eb7e381d0 a144c901eec041efb60038709b25c5b9 - - default default] No more DHCP agents
2026-04-23 03:36:25.973 7 WARNING neutron.api.rpc.agentnotifiers.dhcp_rpc_agent_api [None req-31436fd9-745b-41b5-b82c-6404f895e957 b5cce2171974480ca7781a6eb7e381d0 a144c901eec041efb60038709b25c5b9 - - default default] Unable to schedule network 281a88fb-28dc-4836-bedf-638c8c4ec219: no agents available; will retry on subsequent port and subnet creation events. [pid: 8|app: 0|req: 1067/2173] 10.0.0.63 () {32 vars in 749 bytes} [Thu Apr 23 03:36:25 2026] DELETE /v2.0/security-group-rules/b995cc8d-375f-43fa-970f-ae4f6aa98bc8 => generated 0 bytes in 145 msecs (HTTP/1.1 204) 2 headers in 112 bytes (1 switches on core 0)
2026-04-23 03:36:26.050 8 INFO neutron.plugins.ml2.drivers.ovn.mech_driver.mech_driver [None req-e237d274-0b61-4d34-a1d6-683ce1a3d33e - - - - - -] OVN reports status down for port: a071ab7f-caf8-42dd-acd3-3b2a431c06e2
2026-04-23 03:36:26.061 7 INFO neutron.db.ovn_revision_numbers_db [None req-31436fd9-745b-41b5-b82c-6404f895e957 b5cce2171974480ca7781a6eb7e381d0 a144c901eec041efb60038709b25c5b9 - - default default] Successfully bumped revision number for resource a071ab7f-caf8-42dd-acd3-3b2a431c06e2 (type: ports) to 1 [pid: 7|app: 0|req: 1107/2174] 10.0.0.63 () {34 vars in 669 bytes} [Thu Apr 23 03:36:25 2026] POST /v2.0/networks => generated 670 bytes in 814 msecs (HTTP/1.1 201) 4 headers in 162 bytes (1 switches on core 0) [pid: 8|app: 0|req: 1068/2175] 10.0.0.63 () {32 vars in 672 bytes} [Thu Apr 23 03:36:26 2026] GET /v2.0/security-group-rules => generated 3560 bytes in 94 msecs (HTTP/1.1 200) 4 headers in 158 bytes (1 switches on core 0)
2026-04-23 03:36:26.186 8 INFO neutron.db.securitygroups_db [None req-31af0600-3802-4427-a217-9605b55a2349 278f1e5f14f64a4ab8623ad2fd1fb61f 40ba56a4e2134617b5326a75ab76604c - - default default] Project 40ba56a4e2134617b5326a75ab76604c added a security group rule with legacy IPv6 ICMP protocol name icmp, ipv6-icmp should be used instead. It was automatically converted.
2026-04-23 03:36:26.274 8 INFO neutron.db.ovn_revision_numbers_db [None req-31af0600-3802-4427-a217-9605b55a2349 278f1e5f14f64a4ab8623ad2fd1fb61f 40ba56a4e2134617b5326a75ab76604c - - default default] Successfully bumped revision number for resource 6970ba32-16e6-40ee-8ec9-f725b987824b (type: security_group_rules) to 0
2026-04-23 03:36:26.301 7 WARNING neutron.scheduler.dhcp_agent_scheduler [None req-a5f05803-8895-4755-9001-4d161c828839 b5cce2171974480ca7781a6eb7e381d0 a144c901eec041efb60038709b25c5b9 - - default default] No more DHCP agents
2026-04-23 03:36:26.302 7 WARNING neutron.api.rpc.agentnotifiers.dhcp_rpc_agent_api [None req-a5f05803-8895-4755-9001-4d161c828839 b5cce2171974480ca7781a6eb7e381d0 a144c901eec041efb60038709b25c5b9 - - default default] Unable to schedule network 281a88fb-28dc-4836-bedf-638c8c4ec219: no agents available; will retry on subsequent port and subnet creation events. [pid: 8|app: 0|req: 1069/2176] 10.0.0.63 () {34 vars in 694 bytes} [Thu Apr 23 03:36:26 2026] POST /v2.0/security-group-rules => generated 607 bytes in 172 msecs (HTTP/1.1 201) 4 headers in 162 bytes (1 switches on core 0) [pid: 8|app: 0|req: 1070/2177] 10.0.0.63 () {32 vars in 746 bytes} [Thu Apr 23 03:36:26 2026] GET /v2.0/security-group-rules/6970ba32-16e6-40ee-8ec9-f725b987824b => generated 607 bytes in 16 msecs (HTTP/1.1 200) 4 headers in 157 bytes (1 switches on core 0)
2026-04-23 03:36:26.376 7 INFO neutron.db.ovn_revision_numbers_db [None req-a5f05803-8895-4755-9001-4d161c828839 b5cce2171974480ca7781a6eb7e381d0 a144c901eec041efb60038709b25c5b9 - - default default] Successfully bumped revision number for resource 8b96b597-2893-44f4-bdb3-f499181d6928 (type: ports) to 1
2026-04-23 03:36:26.377 8 INFO neutron.plugins.ml2.drivers.ovn.mech_driver.mech_driver [None req-e237d274-0b61-4d34-a1d6-683ce1a3d33e - - - - - -] OVN reports status down for port: 8b96b597-2893-44f4-bdb3-f499181d6928 [pid: 7|app: 0|req: 1108/2178] 10.0.0.63 () {34 vars in 663 bytes} [Thu Apr 23 03:36:26 2026] POST /v2.0/ports => generated 743 bytes in 329 msecs (HTTP/1.1 201) 4 headers in 162 bytes (1 switches on core 0) /var/lib/openstack/lib/python3.12/site-packages/pycadf/identifier.py:70: UserWarning: Invalid uuid: neutron. To ensure interoperability, identifiers should be a valid uuid. warnings.warn(('Invalid uuid: %s. To ensure interoperability, ' [pid: 8|app: 0|req: 1071/2179] 10.0.0.63 () {32 vars in 672 bytes} [Thu Apr 23 03:36:26 2026] GET /v2.0/security-group-rules => generated 4144 bytes in 116 msecs (HTTP/1.1 200) 4 headers in 158 bytes (1 switches on core 0)
2026-04-23 03:36:26.515 7 INFO neutron.db.segments_db [None req-0c66e87f-7eef-4cc3-b635-ecd32eb11662 b5cce2171974480ca7781a6eb7e381d0 a144c901eec041efb60038709b25c5b9 - - default default] Added segment a360458d-5192-4eb0-a58d-f2f6bcc95f94 of type geneve for network 96254674-224c-4565-80da-d2871e6aec82 [pid: 8|app: 0|req: 1072/2180] 10.0.0.63 () {32 vars in 749 bytes} [Thu Apr 23 03:36:26 2026] DELETE /v2.0/security-group-rules/6970ba32-16e6-40ee-8ec9-f725b987824b => generated 0 bytes in 129 msecs (HTTP/1.1 204) 2 headers in 112 bytes (1 switches on core 0)
2026-04-23 03:36:26.608 7 INFO neutron.db.ovn_revision_numbers_db [None req-0c66e87f-7eef-4cc3-b635-ecd32eb11662 b5cce2171974480ca7781a6eb7e381d0 a144c901eec041efb60038709b25c5b9 - - default default] Successfully bumped revision number for resource 96254674-224c-4565-80da-d2871e6aec82 (type: networks) to 1 [pid: 8|app: 0|req: 1073/2181] 10.0.0.63 () {32 vars in 672 bytes} [Thu Apr 23 03:36:26 2026] GET /v2.0/security-group-rules => generated 3560 bytes in 70 msecs (HTTP/1.1 200) 4 headers in 158 bytes (1 switches on core 0) [pid: 8|app: 0|req: 1074/2182] 10.0.0.63 () {32 vars in 739 bytes} [Thu Apr 23 03:36:26 2026] DELETE /v2.0/security-groups/8b7a8a2d-6ef9-4b23-827b-3ad1720bc4bd => generated 0 bytes in 120 msecs (HTTP/1.1 204) 2 headers in 112 bytes (1 switches on core 0)
2026-04-23 03:36:26.786 7 WARNING neutron.scheduler.dhcp_agent_scheduler [None req-0c66e87f-7eef-4cc3-b635-ecd32eb11662 b5cce2171974480ca7781a6eb7e381d0 a144c901eec041efb60038709b25c5b9 - - default default] No more DHCP agents
2026-04-23 03:36:26.787 7 WARNING neutron.api.rpc.agentnotifiers.dhcp_rpc_agent_api [None req-0c66e87f-7eef-4cc3-b635-ecd32eb11662 b5cce2171974480ca7781a6eb7e381d0 a144c901eec041efb60038709b25c5b9 - - default default] Unable to schedule network 96254674-224c-4565-80da-d2871e6aec82: no agents available; will retry on subsequent port and subnet creation events. [pid: 8|app: 0|req: 1075/2183] 10.0.0.63 () {32 vars in 662 bytes} [Thu Apr 23 03:36:26 2026] GET /v2.0/security-groups => generated 2925 bytes in 29 msecs (HTTP/1.1 200) 4 headers in 158 bytes (1 switches on core 0)
2026-04-23 03:36:26.837 7 INFO neutron.plugins.ml2.drivers.ovn.mech_driver.mech_driver [None req-d35b7869-22a2-46ba-aec1-a69c868b7fa5 - - - - - -] OVN reports status down for port: 42437681-b6e2-44c7-ab4e-9cb3fd25badc [pid: 8|app: 0|req: 1076/2184] 10.0.0.63 () {32 vars in 662 bytes} [Thu Apr 23 03:36:26 2026] GET /v2.0/security-groups => generated 2925 bytes in 56 msecs (HTTP/1.1 200) 4 headers in 158 bytes (1 switches on core 0)
2026-04-23 03:36:26.900 7 INFO neutron.db.ovn_revision_numbers_db [None req-0c66e87f-7eef-4cc3-b635-ecd32eb11662 b5cce2171974480ca7781a6eb7e381d0 a144c901eec041efb60038709b25c5b9 - - default default] Successfully bumped revision number for resource 42437681-b6e2-44c7-ab4e-9cb3fd25badc (type: ports) to 1 [pid: 7|app: 0|req: 1109/2185] 10.0.0.63 () {34 vars in 669 bytes} [Thu Apr 23 03:36:26 2026] POST /v2.0/networks => generated 670 bytes in 539 msecs (HTTP/1.1 201) 4 headers in 162 bytes (1 switches on core 0)
2026-04-23 03:36:27.211 8 WARNING neutron.scheduler.dhcp_agent_scheduler [None req-7ee9114e-674e-4e19-9e25-a69098ed9fd7 b5cce2171974480ca7781a6eb7e381d0 a144c901eec041efb60038709b25c5b9 - - default default] No more DHCP agents
2026-04-23 03:36:27.212 8 WARNING neutron.api.rpc.agentnotifiers.dhcp_rpc_agent_api [None req-7ee9114e-674e-4e19-9e25-a69098ed9fd7 b5cce2171974480ca7781a6eb7e381d0 a144c901eec041efb60038709b25c5b9 - - default default] Unable to schedule network 96254674-224c-4565-80da-d2871e6aec82: no agents available; will retry on subsequent port and subnet creation events.
2026-04-23 03:36:27.263 7 INFO neutron.plugins.ml2.drivers.ovn.mech_driver.mech_driver [None req-d35b7869-22a2-46ba-aec1-a69c868b7fa5 - - - - - -] OVN reports status down for port: 68b44b7f-f047-465a-9be2-17695d19c81b
2026-04-23 03:36:27.312 8 INFO neutron.db.ovn_revision_numbers_db [None req-7ee9114e-674e-4e19-9e25-a69098ed9fd7 b5cce2171974480ca7781a6eb7e381d0 a144c901eec041efb60038709b25c5b9 - - default default] Successfully bumped revision number for resource 68b44b7f-f047-465a-9be2-17695d19c81b (type: ports) to 1 [pid: 8|app: 0|req: 1077/2186] 10.0.0.63 () {34 vars in 663 bytes} [Thu Apr 23 03:36:26 2026] POST /v2.0/ports => generated 743 bytes in 393 msecs (HTTP/1.1 201) 4 headers in 162 bytes (1 switches on core 0)
2026-04-23 03:36:27.456 7 INFO neutron.db.segments_db [None req-562dbae7-bf41-4a46-a42a-2ca7f034146d b5cce2171974480ca7781a6eb7e381d0 a144c901eec041efb60038709b25c5b9 - - default default] Added segment b2387671-bdea-4a31-8b87-9e063fc48e6c of type geneve for network 9c6578c1-0f29-4ab0-be18-c73e8d1bf409 /var/lib/openstack/lib/python3.12/site-packages/pycadf/identifier.py:70: UserWarning: Invalid uuid: neutron. To ensure interoperability, identifiers should be a valid uuid. warnings.warn(('Invalid uuid: %s. To ensure interoperability, '
2026-04-23 03:36:27.575 8 WARNING neutron.db.securitygroups_db [None req-392461c7-79bd-4976-b33a-b0201031c41c 83096f006f3845cd80432b900d744fd0 1dd1a280350746b5b3b9acc7b9f0c6b1 - - default default] project_id key not found in filters, using tenant_id instead. This support has been deprecated and will be removed in a future release.
2026-04-23 03:36:27.589 7 INFO neutron.db.ovn_revision_numbers_db [None req-562dbae7-bf41-4a46-a42a-2ca7f034146d b5cce2171974480ca7781a6eb7e381d0 a144c901eec041efb60038709b25c5b9 - - default default] Successfully bumped revision number for resource 9c6578c1-0f29-4ab0-be18-c73e8d1bf409 (type: networks) to 1 [pid: 8|app: 0|req: 1078/2187] 10.0.0.63 () {32 vars in 773 bytes} [Thu Apr 23 03:36:27 2026] GET /v2.0/security-groups?tenant_id=40ba56a4e2134617b5326a75ab76604c&name=default => generated 2925 bytes in 232 msecs (HTTP/1.1 200) 4 headers in 158 bytes (1 switches on core 0) [pid: 8|app: 0|req: 1079/2188] 10.0.0.63 () {32 vars in 739 bytes} [Thu Apr 23 03:36:27 2026] DELETE /v2.0/security-groups/a892a8c7-3949-4e26-9058-f1ed2a51bc36 => generated 0 bytes in 167 msecs (HTTP/1.1 204) 2 headers in 112 bytes (1 switches on core 0)
2026-04-23 03:36:27.774 7 WARNING neutron.scheduler.dhcp_agent_scheduler [None req-562dbae7-bf41-4a46-a42a-2ca7f034146d b5cce2171974480ca7781a6eb7e381d0 a144c901eec041efb60038709b25c5b9 - - default default] No more DHCP agents
2026-04-23 03:36:27.775 7 WARNING neutron.api.rpc.agentnotifiers.dhcp_rpc_agent_api [None req-562dbae7-bf41-4a46-a42a-2ca7f034146d b5cce2171974480ca7781a6eb7e381d0 a144c901eec041efb60038709b25c5b9 - - default default] Unable to schedule network 9c6578c1-0f29-4ab0-be18-c73e8d1bf409: no agents available; will retry on subsequent port and subnet creation events.
2026-04-23 03:36:27.830 8 INFO neutron.plugins.ml2.drivers.ovn.mech_driver.mech_driver [None req-e237d274-0b61-4d34-a1d6-683ce1a3d33e - - - - - -] OVN reports status down for port: 2d182e0c-2cf7-4741-96b1-3ef375d2038f
2026-04-23 03:36:27.857 7 INFO neutron.db.ovn_revision_numbers_db [None req-562dbae7-bf41-4a46-a42a-2ca7f034146d b5cce2171974480ca7781a6eb7e381d0 a144c901eec041efb60038709b25c5b9 - - default default] Successfully bumped revision number for resource 2d182e0c-2cf7-4741-96b1-3ef375d2038f (type: ports) to 1 [pid: 7|app: 0|req: 1110/2189] 10.0.0.63 () {34 vars in 669 bytes} [Thu Apr 23 03:36:27 2026] POST /v2.0/networks => generated 669 bytes in 520 msecs (HTTP/1.1 201) 4 headers in 162 bytes (1 switches on core 0) [pid: 7|app: 0|req: 1111/2190] 10.0.0.63 () {34 vars in 677 bytes} [Thu Apr 23 03:36:27 2026] POST /v2.0/qos/policies => generated 359 bytes in 134 msecs (HTTP/1.1 201) 4 headers in 162 bytes (1 switches on core 0) [pid: 7|app: 0|req: 1112/2191] 10.0.0.63 () {34 vars in 677 bytes} [Thu Apr 23 03:36:28 2026] POST /v2.0/qos/policies => generated 359 bytes in 28 msecs (HTTP/1.1 201) 4 headers in 162 bytes (1 switches on core 0) [pid: 7|app: 0|req: 1113/2192] 10.0.0.63 () {34 vars in 677 bytes} [Thu Apr 23 03:36:28 2026] POST /v2.0/qos/policies => generated 359 bytes in 27 msecs (HTTP/1.1 201) 4 headers in 162 bytes (1 switches on core 0)
2026-04-23 03:36:28.107 8 WARNING neutron.scheduler.dhcp_agent_scheduler [None req-c1959f2b-445e-400c-8378-58ae8d35cd96 b5cce2171974480ca7781a6eb7e381d0 a144c901eec041efb60038709b25c5b9 - - default default] No more DHCP agents
2026-04-23 03:36:28.108 8 WARNING neutron.api.rpc.agentnotifiers.dhcp_rpc_agent_api [None req-c1959f2b-445e-400c-8378-58ae8d35cd96 b5cce2171974480ca7781a6eb7e381d0 a144c901eec041efb60038709b25c5b9 - - default default] Unable to schedule network 9c6578c1-0f29-4ab0-be18-c73e8d1bf409: no agents available; will retry on subsequent port and subnet creation events. [pid: 7|app: 0|req: 1114/2193] 10.0.0.63 () {34 vars in 677 bytes} [Thu Apr 23 03:36:28 2026] POST /v2.0/qos/policies => generated 359 bytes in 32 msecs (HTTP/1.1 201) 4 headers in 162 bytes (1 switches on core 0)
2026-04-23 03:36:28.174 8 INFO neutron.plugins.ml2.drivers.ovn.mech_driver.mech_driver [None req-e237d274-0b61-4d34-a1d6-683ce1a3d33e - - - - - -] OVN reports status down for port: b8c01430-c4c5-4633-9966-3218c20858f7 [pid: 7|app: 0|req: 1115/2194] 10.0.0.63 () {34 vars in 677 bytes} [Thu Apr 23 03:36:28 2026] POST /v2.0/qos/policies => generated 359 bytes in 53 msecs (HTTP/1.1 201) 4 headers in 162 bytes (1 switches on core 0)
2026-04-23 03:36:28.220 7 WARNING tagging [None req-3e8b733d-8dd7-4d9e-a010-1424931de61b 9c829b9a6eda4ff28950e9147172b272 cc0c1dff17f944f48c6eb7ccff47daf5 - - default default] project_id key not found in request, using tenant_id instead. This support has been deprecated and will be removed in a future release.
2026-04-23 03:36:28.231 8 INFO neutron.db.ovn_revision_numbers_db [None req-c1959f2b-445e-400c-8378-58ae8d35cd96 b5cce2171974480ca7781a6eb7e381d0 a144c901eec041efb60038709b25c5b9 - - default default] Successfully bumped revision number for resource b8c01430-c4c5-4633-9966-3218c20858f7 (type: ports) to 1 [pid: 7|app: 0|req: 1116/2195] 10.0.0.63 () {34 vars in 752 bytes} [Thu Apr 23 03:36:28 2026] PUT /v2.0/policies/163602bc-8b90-4785-9ee6-18c041af3d89/tags => generated 17 bytes in 38 msecs (HTTP/1.1 200) 4 headers in 156 bytes (1 switches on core 0)
2026-04-23 03:36:28.265 7 WARNING tagging [None req-39e791f4-5a76-4d45-b3bf-b0ae237ab6b3 9c829b9a6eda4ff28950e9147172b272 cc0c1dff17f944f48c6eb7ccff47daf5 - - default default] project_id key not found in request, using tenant_id instead. This support has been deprecated and will be removed in a future release. [pid: 7|app: 0|req: 1117/2196] 10.0.0.63 () {34 vars in 752 bytes} [Thu Apr 23 03:36:28 2026] PUT /v2.0/policies/9ab3fef1-f216-4802-aa9f-45bd8255dfcc/tags => generated 25 bytes in 41 msecs (HTTP/1.1 200) 4 headers in 156 bytes (1 switches on core 0) [pid: 8|app: 0|req: 1080/2197] 10.0.0.63 () {34 vars in 663 bytes} [Thu Apr 23 03:36:27 2026] POST /v2.0/ports => generated 743 bytes in 418 msecs (HTTP/1.1 201) 4 headers in 162 bytes (1 switches on core 0)
2026-04-23 03:36:28.310 7 WARNING tagging [None req-c10a6b2e-abc8-4f0e-baaf-b9abadc800dd 9c829b9a6eda4ff28950e9147172b272 cc0c1dff17f944f48c6eb7ccff47daf5 - - default default] project_id key not found in request, using tenant_id instead. This support has been deprecated and will be removed in a future release. /var/lib/openstack/lib/python3.12/site-packages/pycadf/identifier.py:70: UserWarning: Invalid uuid: neutron. To ensure interoperability, identifiers should be a valid uuid. warnings.warn(('Invalid uuid: %s. To ensure interoperability, ' [pid: 7|app: 0|req: 1118/2198] 10.0.0.63 () {34 vars in 752 bytes} [Thu Apr 23 03:36:28 2026] PUT /v2.0/policies/c8294d23-ef41-4abf-9460-61becc1d5450/tags => generated 34 bytes in 40 msecs (HTTP/1.1 200) 4 headers in 156 bytes (1 switches on core 0)
2026-04-23 03:36:28.356 7 WARNING tagging [None req-440b62ca-3cee-4353-b12b-54371683b57c 9c829b9a6eda4ff28950e9147172b272 cc0c1dff17f944f48c6eb7ccff47daf5 - - default default] project_id key not found in request, using tenant_id instead. This support has been deprecated and will be removed in a future release. [pid: 7|app: 0|req: 1119/2199] 10.0.0.63 () {34 vars in 752 bytes} [Thu Apr 23 03:36:28 2026] PUT /v2.0/policies/6ec53a38-fa60-4a23-9131-d35c3137aa0b/tags => generated 19 bytes in 38 msecs (HTTP/1.1 200) 4 headers in 156 bytes (1 switches on core 0)
2026-04-23 03:36:28.394 8 INFO neutron.db.segments_db [None req-1d5bc91e-baab-407f-9ad1-bc0629d6a0b7 b5cce2171974480ca7781a6eb7e381d0 a144c901eec041efb60038709b25c5b9 - - default default] Added segment 296bbdb2-5cfb-4b14-9869-f79843b87883 of type geneve for network ae0db703-c738-49f0-801b-eaec8d497be5
2026-04-23 03:36:28.505 8 INFO neutron.db.ovn_revision_numbers_db [None req-1d5bc91e-baab-407f-9ad1-bc0629d6a0b7 b5cce2171974480ca7781a6eb7e381d0 a144c901eec041efb60038709b25c5b9 - - default default] Successfully bumped revision number for resource ae0db703-c738-49f0-801b-eaec8d497be5 (type: networks) to 1
2026-04-23 03:36:28.632 8 WARNING neutron.scheduler.dhcp_agent_scheduler [None req-1d5bc91e-baab-407f-9ad1-bc0629d6a0b7 b5cce2171974480ca7781a6eb7e381d0 a144c901eec041efb60038709b25c5b9 - - default default] No more DHCP agents
2026-04-23 03:36:28.633 8 WARNING neutron.api.rpc.agentnotifiers.dhcp_rpc_agent_api [None req-1d5bc91e-baab-407f-9ad1-bc0629d6a0b7 b5cce2171974480ca7781a6eb7e381d0 a144c901eec041efb60038709b25c5b9 - - default default] Unable to schedule network ae0db703-c738-49f0-801b-eaec8d497be5: no agents available; will retry on subsequent port and subnet creation events.
2026-04-23 03:36:28.695 7 INFO neutron.plugins.ml2.drivers.ovn.mech_driver.mech_driver [None req-d35b7869-22a2-46ba-aec1-a69c868b7fa5 - - - - - -] OVN reports status down for port: 8c70e5cc-9302-4923-889d-17c2dc95fa1e
2026-04-23 03:36:28.702 8 INFO neutron.db.ovn_revision_numbers_db [None req-1d5bc91e-baab-407f-9ad1-bc0629d6a0b7 b5cce2171974480ca7781a6eb7e381d0 a144c901eec041efb60038709b25c5b9 - - default default] Successfully bumped revision number for resource 8c70e5cc-9302-4923-889d-17c2dc95fa1e (type: ports) to 1 [pid: 8|app: 0|req: 1081/2200] 10.0.0.63 () {34 vars in 669 bytes} [Thu Apr 23 03:36:28 2026] POST /v2.0/networks => generated 669 bytes in 421 msecs (HTTP/1.1 201) 4 headers in 162 bytes (1 switches on core 0) [pid: 8|app: 0|req: 1082/2201] 10.0.0.63 () {32 vars in 673 bytes} [Thu Apr 23 03:36:28 2026] GET /v2.0/qos/policies?tags=red => generated 1101 bytes in 175 msecs (HTTP/1.1 200) 4 headers in 158 bytes (1 switches on core 0) [pid: 8|app: 0|req: 1083/2202] 10.0.0.63 () {32 vars in 687 bytes} [Thu Apr 23 03:36:28 2026] GET /v2.0/qos/policies?tags=red%2Cblue => generated 747 bytes in 42 msecs (HTTP/1.1 200) 4 headers in 157 bytes (1 switches on core 0)
2026-04-23 03:36:28.966 7 WARNING neutron.scheduler.dhcp_agent_scheduler [None req-ff592f76-60c8-4097-a201-bbf1a355efbf b5cce2171974480ca7781a6eb7e381d0 a144c901eec041efb60038709b25c5b9 - - default default] No more DHCP agents
2026-04-23 03:36:28.967 7 WARNING neutron.api.rpc.agentnotifiers.dhcp_rpc_agent_api [None req-ff592f76-60c8-4097-a201-bbf1a355efbf b5cce2171974480ca7781a6eb7e381d0 a144c901eec041efb60038709b25c5b9 - - default default] Unable to schedule network ae0db703-c738-49f0-801b-eaec8d497be5: no agents available; will retry on subsequent port and subnet creation events. [pid: 8|app: 0|req: 1084/2203] 10.0.0.63 () {32 vars in 683 bytes} [Thu Apr 23 03:36:28 2026] GET /v2.0/qos/policies?tags-any=blue => generated 747 bytes in 73 msecs (HTTP/1.1 200) 4 headers in 157 bytes (1 switches on core 0)
2026-04-23 03:36:29.037 7 INFO neutron.plugins.ml2.drivers.ovn.mech_driver.mech_driver [None req-d35b7869-22a2-46ba-aec1-a69c868b7fa5 - - - - - -] OVN reports status down for port: d114183e-1ada-4e3f-bcd7-39975a5f9484
2026-04-23 03:36:29.087 7 INFO neutron.db.ovn_revision_numbers_db [None req-ff592f76-60c8-4097-a201-bbf1a355efbf b5cce2171974480ca7781a6eb7e381d0 a144c901eec041efb60038709b25c5b9 - - default default] Successfully bumped revision number for resource d114183e-1ada-4e3f-bcd7-39975a5f9484 (type: ports) to 1 [pid: 8|app: 0|req: 1085/2204] 10.0.0.63 () {32 vars in 695 bytes} [Thu Apr 23 03:36:29 2026] GET /v2.0/qos/policies?tags-any=red%2Cblue => generated 1101 bytes in 60 msecs (HTTP/1.1 200) 4 headers in 158 bytes (1 switches on core 0) [pid: 7|app: 0|req: 1120/2205] 10.0.0.63 () {34 vars in 663 bytes} [Thu Apr 23 03:36:28 2026] POST /v2.0/ports => generated 743 bytes in 420 msecs (HTTP/1.1 201) 4 headers in 162 bytes (1 switches on core 0) [pid: 8|app: 0|req: 1086/2206] 10.0.0.63 () {32 vars in 681 bytes} [Thu Apr 23 03:36:29 2026] GET /v2.0/qos/policies?not-tags=red => generated 719 bytes in 52 msecs (HTTP/1.1 200) 4 headers in 157 bytes (1 switches on core 0) /var/lib/openstack/lib/python3.12/site-packages/pycadf/identifier.py:70: UserWarning: Invalid uuid: neutron. To ensure interoperability, identifiers should be a valid uuid. warnings.warn(('Invalid uuid: %s. To ensure interoperability, ' [pid: 7|app: 0|req: 1121/2207] 10.0.0.63 () {32 vars in 695 bytes} [Thu Apr 23 03:36:29 2026] GET /v2.0/qos/policies?not-tags=red%2Cblue => generated 1073 bytes in 65 msecs (HTTP/1.1 200) 4 headers in 158 bytes (1 switches on core 0)
2026-04-23 03:36:29.251 8 INFO neutron.db.segments_db [None req-ce6e0cb6-75c3-4dd3-92d6-f1aac77447b9 b5cce2171974480ca7781a6eb7e381d0 a144c901eec041efb60038709b25c5b9 - - default default] Added segment 9486fadc-a9e8-4ba7-a8c8-2a0b4ead8cc7 of type geneve for network 54b8e863-b512-4dba-be77-910ace55fd58 [pid: 7|app: 0|req: 1122/2208] 10.0.0.63 () {32 vars in 691 bytes} [Thu Apr 23 03:36:29 2026] GET /v2.0/qos/policies?not-tags-any=blue => generated 1073 bytes in 56 msecs (HTTP/1.1 200) 4 headers in 158 bytes (1 switches on core 0) [pid: 7|app: 0|req: 1123/2209] 10.0.0.63 () {32 vars in 703 bytes} [Thu Apr 23 03:36:29 2026] GET /v2.0/qos/policies?not-tags-any=red%2Cblue => generated 719 bytes in 54 msecs (HTTP/1.1 200) 4 headers in 157 bytes (1 switches on core 0)
2026-04-23 03:36:29.360 8 INFO neutron.db.ovn_revision_numbers_db [None req-ce6e0cb6-75c3-4dd3-92d6-f1aac77447b9 b5cce2171974480ca7781a6eb7e381d0 a144c901eec041efb60038709b25c5b9 - - default default] Successfully bumped revision number for resource 54b8e863-b512-4dba-be77-910ace55fd58 (type: networks) to 1 [pid: 7|app: 0|req: 1124/2210] 10.0.0.63 () {32 vars in 733 bytes} [Thu Apr 23 03:36:29 2026] DELETE /v2.0/qos/policies/163602bc-8b90-4785-9ee6-18c041af3d89 => generated 0 bytes in 54 msecs (HTTP/1.1 204) 2 headers in 112 bytes (1 switches on core 0)
2026-04-23 03:36:29.526 8 WARNING neutron.scheduler.dhcp_agent_scheduler [None req-ce6e0cb6-75c3-4dd3-92d6-f1aac77447b9 b5cce2171974480ca7781a6eb7e381d0 a144c901eec041efb60038709b25c5b9 - - default default] No more DHCP agents
2026-04-23 03:36:29.528 8 WARNING neutron.api.rpc.agentnotifiers.dhcp_rpc_agent_api [None req-ce6e0cb6-75c3-4dd3-92d6-f1aac77447b9 b5cce2171974480ca7781a6eb7e381d0 a144c901eec041efb60038709b25c5b9 - - default default] Unable to schedule network 54b8e863-b512-4dba-be77-910ace55fd58: no agents available; will retry on subsequent port and subnet creation events.
2026-04-23 03:36:29.600 8 INFO neutron.db.ovn_revision_numbers_db [None req-ce6e0cb6-75c3-4dd3-92d6-f1aac77447b9 b5cce2171974480ca7781a6eb7e381d0 a144c901eec041efb60038709b25c5b9 - - default default] Successfully bumped revision number for resource 0472ce35-cfd6-4933-8259-3031078bc883 (type: ports) to 1
2026-04-23 03:36:29.605 7 INFO neutron.plugins.ml2.drivers.ovn.mech_driver.mech_driver [None req-d35b7869-22a2-46ba-aec1-a69c868b7fa5 - - - - - -] OVN reports status down for port: 0472ce35-cfd6-4933-8259-3031078bc883 [pid: 8|app: 0|req: 1087/2211] 10.0.0.63 () {34 vars in 669 bytes} [Thu Apr 23 03:36:29 2026] POST /v2.0/networks => generated 669 bytes in 466 msecs (HTTP/1.1 201) 4 headers in 162 bytes (1 switches on core 0)
2026-04-23 03:36:29.663 7 INFO neutron.db.ovn_revision_numbers_db [None req-7ab71cea-5993-4252-a71b-9fb7fbf9ab81 83096f006f3845cd80432b900d744fd0 1dd1a280350746b5b3b9acc7b9f0c6b1 - - default default] Successfully bumped revision number for resource 3e55bb21-b731-4e01-aa01-dd562a700f50 (type: security_groups) to 1
2026-04-23 03:36:29.685 7 INFO neutron.db.ovn_revision_numbers_db [None req-7ab71cea-5993-4252-a71b-9fb7fbf9ab81 83096f006f3845cd80432b900d744fd0 1dd1a280350746b5b3b9acc7b9f0c6b1 - - default default] Successfully bumped revision number for resource 3ee3bc38-6e71-40a8-995d-6361a9d0836a (type: security_group_rules) to 0 [pid: 8|app: 0|req: 1088/2212] 10.0.0.63 () {32 vars in 733 bytes} [Thu Apr 23 03:36:29 2026] DELETE /v2.0/qos/policies/9ab3fef1-f216-4802-aa9f-45bd8255dfcc => generated 0 bytes in 66 msecs (HTTP/1.1 204) 2 headers in 112 bytes (1 switches on core 0)
2026-04-23 03:36:29.701 7 INFO neutron.db.ovn_revision_numbers_db [None req-7ab71cea-5993-4252-a71b-9fb7fbf9ab81 83096f006f3845cd80432b900d744fd0 1dd1a280350746b5b3b9acc7b9f0c6b1 - - default default] Successfully bumped revision number for resource 83d7f539-08d8-480c-97c0-cd981bd0ff39 (type: security_group_rules) to 0
2026-04-23 03:36:29.712 7 INFO neutron.db.ovn_revision_numbers_db [None req-7ab71cea-5993-4252-a71b-9fb7fbf9ab81 83096f006f3845cd80432b900d744fd0 1dd1a280350746b5b3b9acc7b9f0c6b1 - - default default] Successfully bumped revision number for resource 940680c6-0a03-408c-a1ee-97c1c3d1a759 (type: security_group_rules) to 0
2026-04-23 03:36:29.724 7 INFO neutron.db.ovn_revision_numbers_db [None req-7ab71cea-5993-4252-a71b-9fb7fbf9ab81 83096f006f3845cd80432b900d744fd0 1dd1a280350746b5b3b9acc7b9f0c6b1 - - default default] Successfully bumped revision number for resource ef0bdd19-5eaa-4c45-ac2a-217c264dce85 (type: security_group_rules) to 0
2026-04-23 03:36:29.805 7 INFO neutron.db.segments_db [None req-7ab71cea-5993-4252-a71b-9fb7fbf9ab81 83096f006f3845cd80432b900d744fd0 1dd1a280350746b5b3b9acc7b9f0c6b1 - - default default] Added segment 22b5472d-be50-4dd2-8e58-fb35096cf1f1 of type geneve for network 0a5f717f-1d64-4e16-9f88-6fdd2db5d244
2026-04-23 03:36:29.896 8 WARNING neutron.scheduler.dhcp_agent_scheduler [None req-69f65e57-37d8-49bc-883c-06ad8154f52f b5cce2171974480ca7781a6eb7e381d0 a144c901eec041efb60038709b25c5b9 - - default default] No more DHCP agents
2026-04-23 03:36:29.899 8 WARNING neutron.api.rpc.agentnotifiers.dhcp_rpc_agent_api [None req-69f65e57-37d8-49bc-883c-06ad8154f52f b5cce2171974480ca7781a6eb7e381d0 a144c901eec041efb60038709b25c5b9 - - default default] Unable to schedule network 54b8e863-b512-4dba-be77-910ace55fd58: no agents available; will retry on subsequent port and subnet creation events.
2026-04-23 03:36:29.907 7 INFO neutron.db.ovn_revision_numbers_db [None req-7ab71cea-5993-4252-a71b-9fb7fbf9ab81 83096f006f3845cd80432b900d744fd0 1dd1a280350746b5b3b9acc7b9f0c6b1 - - default default] Successfully bumped revision number for resource 0a5f717f-1d64-4e16-9f88-6fdd2db5d244 (type: networks) to 1
2026-04-23 03:36:29.976 7 INFO neutron.plugins.ml2.drivers.ovn.mech_driver.mech_driver [None req-d35b7869-22a2-46ba-aec1-a69c868b7fa5 - - - - - -] OVN reports status down for port: 39c7dfb8-3c7c-44d4-a11a-8c047be8c743
2026-04-23 03:36:29.988 8 INFO neutron.db.ovn_revision_numbers_db [None req-69f65e57-37d8-49bc-883c-06ad8154f52f b5cce2171974480ca7781a6eb7e381d0 a144c901eec041efb60038709b25c5b9 - - default default] Successfully bumped revision number for resource 39c7dfb8-3c7c-44d4-a11a-8c047be8c743 (type: ports) to 1 [pid: 8|app: 0|req: 1089/2213] 10.0.0.63 () {34 vars in 663 bytes} [Thu Apr 23 03:36:29 2026] POST /v2.0/ports => generated 743 bytes in 340 msecs (HTTP/1.1 201) 4 headers in 162 bytes (1 switches on core 0) /var/lib/openstack/lib/python3.12/site-packages/pycadf/identifier.py:70: UserWarning: Invalid uuid: neutron. To ensure interoperability, identifiers should be a valid uuid. warnings.warn(('Invalid uuid: %s. To ensure interoperability, ' [pid: 8|app: 0|req: 1090/2214] 10.0.0.63 () {32 vars in 733 bytes} [Thu Apr 23 03:36:30 2026] DELETE /v2.0/qos/policies/c8294d23-ef41-4abf-9460-61becc1d5450 => generated 0 bytes in 54 msecs (HTTP/1.1 204) 2 headers in 112 bytes (1 switches on core 0)
2026-04-23 03:36:30.129 7 WARNING neutron.scheduler.dhcp_agent_scheduler [None req-7ab71cea-5993-4252-a71b-9fb7fbf9ab81 83096f006f3845cd80432b900d744fd0 1dd1a280350746b5b3b9acc7b9f0c6b1 - - default default] No more DHCP agents
2026-04-23 03:36:30.130 7 WARNING neutron.api.rpc.agentnotifiers.dhcp_rpc_agent_api [None req-7ab71cea-5993-4252-a71b-9fb7fbf9ab81 83096f006f3845cd80432b900d744fd0 1dd1a280350746b5b3b9acc7b9f0c6b1 - - default default] Unable to schedule network 0a5f717f-1d64-4e16-9f88-6fdd2db5d244: no agents available; will retry on subsequent port and subnet creation events. [pid: 8|app: 0|req: 1091/2215] 10.0.0.63 () {34 vars in 746 bytes} [Thu Apr 23 03:36:30 2026] PUT /v2.0/ports/8b96b597-2893-44f4-bdb3-f499181d6928/tags => generated 17 bytes in 63 msecs (HTTP/1.1 200) 4 headers in 156 bytes (1 switches on core 0) /var/lib/openstack/lib/python3.12/site-packages/pycadf/identifier.py:70: UserWarning: Invalid uuid: neutron. To ensure interoperability, identifiers should be a valid uuid. warnings.warn(('Invalid uuid: %s. To ensure interoperability, '
2026-04-23 03:36:30.189 8 INFO neutron.plugins.ml2.drivers.ovn.mech_driver.mech_driver [None req-e237d274-0b61-4d34-a1d6-683ce1a3d33e - - - - - -] OVN reports status down for port: 81274145-283f-499a-b97b-831d5e119d2e
2026-04-23 03:36:30.205 7 INFO neutron.db.ovn_revision_numbers_db [None req-7ab71cea-5993-4252-a71b-9fb7fbf9ab81 83096f006f3845cd80432b900d744fd0 1dd1a280350746b5b3b9acc7b9f0c6b1 - - default default] Successfully bumped revision number for resource 81274145-283f-499a-b97b-831d5e119d2e (type: ports) to 1 [pid: 7|app: 0|req: 1125/2216] 10.0.0.63 () {34 vars in 670 bytes} [Thu Apr 23 03:36:29 2026] POST /v2.0/networks => generated 782 bytes in 819 msecs (HTTP/1.1 201) 4 headers in 162 bytes (1 switches on core 0) [pid: 8|app: 0|req: 1092/2217] 10.0.0.63 () {32 vars in 733 bytes} [Thu Apr 23 03:36:30 2026] DELETE /v2.0/qos/policies/6ec53a38-fa60-4a23-9131-d35c3137aa0b => generated 0 bytes in 102 msecs (HTTP/1.1 204) 2 headers in 112 bytes (1 switches on core 0) [pid: 7|app: 0|req: 1126/2218] 10.0.0.63 () {34 vars in 746 bytes} [Thu Apr 23 03:36:30 2026] PUT /v2.0/ports/68b44b7f-f047-465a-9be2-17695d19c81b/tags => generated 25 bytes in 64 msecs (HTTP/1.1 200) 4 headers in 156 bytes (1 switches on core 0) /var/lib/openstack/lib/python3.12/site-packages/pycadf/identifier.py:70: UserWarning: Invalid uuid: neutron. To ensure interoperability, identifiers should be a valid uuid. warnings.warn(('Invalid uuid: %s. To ensure interoperability, ' [pid: 7|app: 0|req: 1127/2219] 10.0.0.63 () {32 vars in 733 bytes} [Thu Apr 23 03:36:30 2026] DELETE /v2.0/qos/policies/cac6a18a-6e3e-4950-92a3-70ebd7d827a8 => generated 0 bytes in 48 msecs (HTTP/1.1 204) 2 headers in 112 bytes (1 switches on core 0)
2026-04-23 03:36:30.389 8 WARNING neutron.scheduler.dhcp_agent_scheduler [None req-7b8342c9-c0d3-47a5-a233-2e03b6f3c978 83096f006f3845cd80432b900d744fd0 1dd1a280350746b5b3b9acc7b9f0c6b1 - - default default] No more DHCP agents
2026-04-23 03:36:30.391 8 WARNING neutron.api.rpc.agentnotifiers.dhcp_rpc_agent_api [None req-7b8342c9-c0d3-47a5-a233-2e03b6f3c978 83096f006f3845cd80432b900d744fd0 1dd1a280350746b5b3b9acc7b9f0c6b1 - - default default] Unable to schedule network 0a5f717f-1d64-4e16-9f88-6fdd2db5d244: no agents available; will retry on subsequent port and subnet creation events. [pid: 7|app: 0|req: 1128/2220] 10.0.0.63 () {34 vars in 746 bytes} [Thu Apr 23 03:36:30 2026] PUT /v2.0/ports/b8c01430-c4c5-4633-9966-3218c20858f7/tags => generated 34 bytes in 56 msecs (HTTP/1.1 200) 4 headers in 156 bytes (1 switches on core 0) /var/lib/openstack/lib/python3.12/site-packages/pycadf/identifier.py:70: UserWarning: Invalid uuid: neutron. To ensure interoperability, identifiers should be a valid uuid. warnings.warn(('Invalid uuid: %s. To ensure interoperability, ' [pid: 7|app: 0|req: 1129/2221] 10.0.0.63 () {34 vars in 746 bytes} [Thu Apr 23 03:36:30 2026] PUT /v2.0/ports/d114183e-1ada-4e3f-bcd7-39975a5f9484/tags => generated 19 bytes in 52 msecs (HTTP/1.1 200) 4 headers in 156 bytes (1 switches on core 0) /var/lib/openstack/lib/python3.12/site-packages/pycadf/identifier.py:70: UserWarning: Invalid uuid: neutron. To ensure interoperability, identifiers should be a valid uuid. warnings.warn(('Invalid uuid: %s. To ensure interoperability, ' [pid: 7|app: 0|req: 1130/2222] 10.0.0.63 () {32 vars in 659 bytes} [Thu Apr 23 03:36:30 2026] GET /v2.0/ports?tags=red => generated 2253 bytes in 115 msecs (HTTP/1.1 200) 4 headers in 158 bytes (1 switches on core 0) [pid: 7|app: 0|req: 1131/2223] 10.0.0.63 () {32 vars in 673 bytes} [Thu Apr 23 03:36:30 2026] GET /v2.0/ports?tags=red%2Cblue => generated 1513 bytes in 61 msecs (HTTP/1.1 200) 4 headers in 158 bytes (1 switches on core 0) [pid: 7|app: 0|req: 1132/2224] 10.0.0.63 () {32 vars in 669 bytes} [Thu Apr 23 03:36:30 2026] GET /v2.0/ports?tags-any=blue => generated 1513 bytes in 61 msecs (HTTP/1.1 200) 4 headers in 158 bytes (1 switches on core 0) [pid: 7|app: 0|req: 1133/2225] 10.0.0.63 () {32 vars in 681 bytes} [Thu Apr 23 03:36:30 2026] GET /v2.0/ports?tags-any=red%2Cblue => generated 2253 bytes in 40 msecs (HTTP/1.1 200) 4 headers in 158 bytes (1 switches on core 0)
2026-04-23 03:36:30.811 8 INFO neutron.db.ovn_revision_numbers_db [None req-7b8342c9-c0d3-47a5-a233-2e03b6f3c978 83096f006f3845cd80432b900d744fd0 1dd1a280350746b5b3b9acc7b9f0c6b1 - - default default] Successfully bumped revision number for resource 81274145-283f-499a-b97b-831d5e119d2e (type: ports) to 2
2026-04-23 03:36:30.854 8 INFO neutron.db.ovn_revision_numbers_db [None req-7b8342c9-c0d3-47a5-a233-2e03b6f3c978 83096f006f3845cd80432b900d744fd0 1dd1a280350746b5b3b9acc7b9f0c6b1 - - default default] Successfully bumped revision number for resource 44adaa12-74eb-4861-9c5a-046ecae9b2a6 (type: subnets) to 0 [pid: 8|app: 0|req: 1093/2226] 10.0.0.63 () {34 vars in 668 bytes} [Thu Apr 23 03:36:30 2026] POST /v2.0/subnets => generated 688 bytes in 617 msecs (HTTP/1.1 201) 4 headers in 162 bytes (1 switches on core 0) [pid: 7|app: 0|req: 1134/2227] 10.0.0.63 () {32 vars in 667 bytes} [Thu Apr 23 03:36:30 2026] GET /v2.0/ports?not-tags=red => generated 5268 bytes in 126 msecs (HTTP/1.1 200) 4 headers in 158 bytes (1 switches on core 0) [pid: 7|app: 0|req: 1135/2228] 10.0.0.63 () {32 vars in 681 bytes} [Thu Apr 23 03:36:30 2026] GET /v2.0/ports?not-tags=red%2Cblue => generated 6008 bytes in 97 msecs (HTTP/1.1 200) 4 headers in 158 bytes (1 switches on core 0) [pid: 7|app: 0|req: 1136/2229] 10.0.0.63 () {32 vars in 677 bytes} [Thu Apr 23 03:36:30 2026] GET /v2.0/ports?not-tags-any=blue => generated 6008 bytes in 76 msecs (HTTP/1.1 200) 4 headers in 158 bytes (1 switches on core 0)
2026-04-23 03:36:31.194 7 WARNING neutron.db.securitygroups_db [None req-e245e3d9-02d1-4a5f-9258-e9127cb4da60 83096f006f3845cd80432b900d744fd0 1dd1a280350746b5b3b9acc7b9f0c6b1 - - default default] project_id key not found in filters, using tenant_id instead. This support has been deprecated and will be removed in a future release.
2026-04-23 03:36:31.226 8 WARNING neutron.scheduler.dhcp_agent_scheduler [None req-62cc6ab3-711b-4a23-ad54-0d0ca7e07c33 83096f006f3845cd80432b900d744fd0 1dd1a280350746b5b3b9acc7b9f0c6b1 - - default default] No more DHCP agents
2026-04-23 03:36:31.228 8 WARNING neutron.api.rpc.agentnotifiers.dhcp_rpc_agent_api [None req-62cc6ab3-711b-4a23-ad54-0d0ca7e07c33 83096f006f3845cd80432b900d744fd0 1dd1a280350746b5b3b9acc7b9f0c6b1 - - default default] Unable to schedule network e7923463-bbd3-49a7-98c8-122ecb99b64f: no agents available; will retry on subsequent port and subnet creation events.
2026-04-23 03:36:31.308 7 INFO neutron.db.ovn_revision_numbers_db [None req-e245e3d9-02d1-4a5f-9258-e9127cb4da60 83096f006f3845cd80432b900d744fd0 1dd1a280350746b5b3b9acc7b9f0c6b1 - - default default] Successfully bumped revision number for resource 589eda93-0ac9-438b-b0fc-90075b683a8b (type: security_groups) to 1
2026-04-23 03:36:31.320 7 INFO neutron.db.ovn_revision_numbers_db [None req-e245e3d9-02d1-4a5f-9258-e9127cb4da60 83096f006f3845cd80432b900d744fd0 1dd1a280350746b5b3b9acc7b9f0c6b1 - - default default] Successfully bumped revision number for resource 54c7845f-f436-49fd-84ef-3329df1d62e8 (type: security_group_rules) to 0
2026-04-23 03:36:31.329 7 INFO neutron.db.ovn_revision_numbers_db [None req-e245e3d9-02d1-4a5f-9258-e9127cb4da60 83096f006f3845cd80432b900d744fd0 1dd1a280350746b5b3b9acc7b9f0c6b1 - - default default] Successfully bumped revision number for resource 5d8cb1a4-39c0-4e42-bba4-bd36be5f8694 (type: security_group_rules) to 0
2026-04-23 03:36:31.354 8 INFO neutron.plugins.ml2.drivers.ovn.mech_driver.mech_driver [None req-e237d274-0b61-4d34-a1d6-683ce1a3d33e - - - - - -] OVN reports status down for port: c05ebcc3-806d-42bc-b6fe-7fb359fb1055
2026-04-23 03:36:31.363 7 INFO neutron.db.ovn_revision_numbers_db [None req-e245e3d9-02d1-4a5f-9258-e9127cb4da60 83096f006f3845cd80432b900d744fd0 1dd1a280350746b5b3b9acc7b9f0c6b1 - - default default] Successfully bumped revision number for resource e8df79c4-a115-40be-b1e7-de8c234b2315 (type: security_group_rules) to 0
2026-04-23 03:36:31.376 7 INFO neutron.db.ovn_revision_numbers_db [None req-e245e3d9-02d1-4a5f-9258-e9127cb4da60 83096f006f3845cd80432b900d744fd0 1dd1a280350746b5b3b9acc7b9f0c6b1 - - default default] Successfully bumped revision number for resource fb8f82b4-4918-4c23-8228-2893ebbff27f (type: security_group_rules) to 0
