2026-04-23 03:34:40.718 8 INFO neutron_taas.services.taas.tap_mirror_plugin [req-36a3bbe6-a557-46ee-ab75-9d26059c5a54 req-750b07aa-e5c2-4537-83a2-ed024f5e5328 47d8363a07804c1386184999c841bdd9 1829dfc67c3f46bc9616d894d8f041d1 - - default default] Tap Mirror: Handle Delete Port: ecdb497e-c327-49ed-b629-4d7e73e7523e [pid: 7|app: 0|req: 773/1465] 10.0.0.146 () {34 vars in 990 bytes} [Thu Apr 23 03:34:40 2026] GET /v2.0/ports?device_id=a55b1dc6-92a2-43dd-ba34-ea76258c2efd => generated 973 bytes in 50 msecs (HTTP/1.1 200) 4 headers in 157 bytes (1 switches on core 0)
2026-04-23 03:34:40.917 8 INFO neutron.db.l3_db [req-36a3bbe6-a557-46ee-ab75-9d26059c5a54 req-750b07aa-e5c2-4537-83a2-ed024f5e5328 47d8363a07804c1386184999c841bdd9 1829dfc67c3f46bc9616d894d8f041d1 - - default default] Floating IP 7ddfb1b7-2b8f-4685-8969-cee1abcb06ca disassociated. External IP: 10.96.250.217, port: ecdb497e-c327-49ed-b629-4d7e73e7523e. [pid: 8|app: 0|req: 693/1466] 199.204.45.244 () {36 vars in 997 bytes} [Thu Apr 23 03:34:40 2026] DELETE /v2.0/ports/ecdb497e-c327-49ed-b629-4d7e73e7523e => generated 0 bytes in 506 msecs (HTTP/1.1 204) 3 headers in 131 bytes (1 switches on core 0) [pid: 8|app: 0|req: 694/1467] 10.0.0.146 () {34 vars in 1040 bytes} [Thu Apr 23 03:34:41 2026] GET /v2.0/security-groups?id=30a48ac1-c3f1-4b57-a7a3-09c5635bd603&fields=id&fields=name => generated 114 bytes in 30 msecs (HTTP/1.1 200) 4 headers in 157 bytes (1 switches on core 0)
2026-04-23 03:34:41.126 7 INFO neutron_taas.services.taas.taas_plugin [None req-23e5b6a9-e930-412b-ae15-c71842d2c3cf 83096f006f3845cd80432b900d744fd0 1dd1a280350746b5b3b9acc7b9f0c6b1 - - default default] TaaS: Handle Delete Port: 95853c41-a938-4875-b193-2923acfb3b1b
2026-04-23 03:34:41.129 7 INFO neutron_taas.services.taas.tap_mirror_plugin [None req-23e5b6a9-e930-412b-ae15-c71842d2c3cf 83096f006f3845cd80432b900d744fd0 1dd1a280350746b5b3b9acc7b9f0c6b1 - - default default] Tap Mirror: Handle Delete Port: 95853c41-a938-4875-b193-2923acfb3b1b [pid: 7|app: 0|req: 774/1468] 10.0.0.63 () {32 vars in 723 bytes} [Thu Apr 23 03:34:40 2026] DELETE /v2.0/routers/4eb91cdc-59d5-47c9-bac0-a09eabd48703 => generated 0 bytes in 792 msecs (HTTP/1.1 204) 2 headers in 112 bytes (1 switches on core 0)
2026-04-23 03:34:41.556 8 INFO neutron.notifiers.nova [-] Nova event matching ['req-c94729ad-284e-4d41-8399-c55c89c91a70'] response: {'server_uuid': 'a55b1dc6-92a2-43dd-ba34-ea76258c2efd', 'name': 'network-vif-unplugged', 'status': 'completed', 'tag': 'ecdb497e-c327-49ed-b629-4d7e73e7523e', 'code': 200}
2026-04-23 03:34:41.556 8 INFO neutron.notifiers.nova [-] Nova event matching ['req-c94729ad-284e-4d41-8399-c55c89c91a70'] response: {'server_uuid': 'a55b1dc6-92a2-43dd-ba34-ea76258c2efd', 'name': 'network-vif-deleted', 'tag': 'ecdb497e-c327-49ed-b629-4d7e73e7523e', 'status': 'completed', 'code': 200} [pid: 8|app: 0|req: 695/1469] 10.0.0.63 () {32 vars in 723 bytes} [Thu Apr 23 03:34:41 2026] DELETE /v2.0/subnets/1f424d32-d3c4-4279-a910-607ac40eb4dc => generated 0 bytes in 179 msecs (HTTP/1.1 204) 3 headers in 131 bytes (1 switches on core 0) /var/lib/openstack/lib/python3.12/site-packages/pycadf/identifier.py:70: UserWarning: Invalid uuid: neutron. To ensure interoperability, identifiers should be a valid uuid. warnings.warn(('Invalid uuid: %s. To ensure interoperability, '
2026-04-23 03:34:41.818 7 INFO neutron_taas.services.taas.taas_plugin [None req-06dd6919-f587-49ee-9019-5bff5d23f84b 83096f006f3845cd80432b900d744fd0 1dd1a280350746b5b3b9acc7b9f0c6b1 - - default default] TaaS: Handle Delete Port: 30fc2c0a-9886-4490-9086-19872e4d9232
2026-04-23 03:34:41.820 7 INFO neutron_taas.services.taas.tap_mirror_plugin [None req-06dd6919-f587-49ee-9019-5bff5d23f84b 83096f006f3845cd80432b900d744fd0 1dd1a280350746b5b3b9acc7b9f0c6b1 - - default default] Tap Mirror: Handle Delete Port: 30fc2c0a-9886-4490-9086-19872e4d9232
2026-04-23 03:34:42.003 7 INFO neutron.services.segments.plugin [-] Segment 63e318e4-cc9a-46ff-bd8e-aadd2454cf9a resource provider aggregate not found
2026-04-23 03:34:42.007 7 INFO neutron.services.segments.plugin [-] Segment 63e318e4-cc9a-46ff-bd8e-aadd2454cf9a resource provider aggregate not found
2026-04-23 03:34:42.025 7 INFO neutron.services.segments.plugin [-] Segment 63e318e4-cc9a-46ff-bd8e-aadd2454cf9a resource provider not found; error: Placement Client Error (4xx): {"errors": [{"status": 404, "title": "Not Found", "detail": "The resource could not be found.\n\n No resource provider with uuid 63e318e4-cc9a-46ff-bd8e-aadd2454cf9a found for delete ", "request_id": "req-4a7d22b5-5e84-4302-8cf7-e570e14c9a41"}]}
2026-04-23 03:34:42.028 7 INFO neutron.services.segments.plugin [-] Segment 63e318e4-cc9a-46ff-bd8e-aadd2454cf9a resource provider not found; error: Placement Client Error (4xx): {"errors": [{"status": 404, "title": "Not Found", "detail": "The resource could not be found.\n\n No resource provider with uuid 63e318e4-cc9a-46ff-bd8e-aadd2454cf9a found for delete ", "request_id": "req-fc932766-6503-4fe2-8d67-7f756a3176da"}]} [pid: 7|app: 0|req: 775/1470] 10.0.0.63 () {32 vars in 725 bytes} [Thu Apr 23 03:34:41 2026] DELETE /v2.0/networks/93be0d65-e200-4961-ad95-03cb55cb85e3 => generated 0 bytes in 331 msecs (HTTP/1.1 204) 3 headers in 131 bytes (1 switches on core 0)
2026-04-23 03:34:42.137 7 WARNING neutron.db.securitygroups_db [None req-46ea2c11-0f5f-4925-904c-ce18232de0d5 83096f006f3845cd80432b900d744fd0 1dd1a280350746b5b3b9acc7b9f0c6b1 - - default default] project_id key not found in filters, using tenant_id instead. This support has been deprecated and will be removed in a future release.
2026-04-23 03:34:42.139 8 WARNING neutron.db.securitygroups_db [None req-d70bd710-49b3-4d0e-82d8-5fba82332e01 83096f006f3845cd80432b900d744fd0 1dd1a280350746b5b3b9acc7b9f0c6b1 - - default default] project_id key not found in filters, using tenant_id instead. This support has been deprecated and will be removed in a future release. [pid: 7|app: 0|req: 776/1471] 10.0.0.63 () {32 vars in 773 bytes} [Thu Apr 23 03:34:42 2026] GET /v2.0/security-groups?tenant_id=da243f2886bd4ca0849ae7ea49a297f4&name=default => generated 2925 bytes in 31 msecs (HTTP/1.1 200) 4 headers in 158 bytes (1 switches on core 0)
2026-04-23 03:34:42.265 8 INFO neutron.db.ovn_revision_numbers_db [None req-d70bd710-49b3-4d0e-82d8-5fba82332e01 83096f006f3845cd80432b900d744fd0 1dd1a280350746b5b3b9acc7b9f0c6b1 - - default default] Successfully bumped revision number for resource 0fb4d4fd-51c7-4387-9308-93b5ec6ed2bf (type: security_groups) to 1
2026-04-23 03:34:42.279 8 INFO neutron.db.ovn_revision_numbers_db [None req-d70bd710-49b3-4d0e-82d8-5fba82332e01 83096f006f3845cd80432b900d744fd0 1dd1a280350746b5b3b9acc7b9f0c6b1 - - default default] Successfully bumped revision number for resource 61fafb13-214a-457e-95b5-e162828846fe (type: security_group_rules) to 0
2026-04-23 03:34:42.292 8 INFO neutron.db.ovn_revision_numbers_db [None req-d70bd710-49b3-4d0e-82d8-5fba82332e01 83096f006f3845cd80432b900d744fd0 1dd1a280350746b5b3b9acc7b9f0c6b1 - - default default] Successfully bumped revision number for resource 647d29cc-4134-4b71-981c-acf02d8d39ff (type: security_group_rules) to 0
2026-04-23 03:34:42.307 8 INFO neutron.db.ovn_revision_numbers_db [None req-d70bd710-49b3-4d0e-82d8-5fba82332e01 83096f006f3845cd80432b900d744fd0 1dd1a280350746b5b3b9acc7b9f0c6b1 - - default default] Successfully bumped revision number for resource 8fb15ec5-4cc8-4ac5-89ae-1449f5cf98d9 (type: security_group_rules) to 0
2026-04-23 03:34:42.321 8 INFO neutron.db.ovn_revision_numbers_db [None req-d70bd710-49b3-4d0e-82d8-5fba82332e01 83096f006f3845cd80432b900d744fd0 1dd1a280350746b5b3b9acc7b9f0c6b1 - - default default] Successfully bumped revision number for resource c7576406-7ff3-4e28-9ac1-407f3fd8aff6 (type: security_group_rules) to 0 [pid: 8|app: 0|req: 696/1472] 10.0.0.63 () {32 vars in 773 bytes} [Thu Apr 23 03:34:41 2026] GET /v2.0/security-groups?tenant_id=ec6695f5ea8e4cec84e1fc0ce9cfb97e&name=default => generated 2925 bytes in 404 msecs (HTTP/1.1 200) 4 headers in 158 bytes (1 switches on core 0) [pid: 7|app: 0|req: 777/1473] 10.0.0.63 () {32 vars in 739 bytes} [Thu Apr 23 03:34:42 2026] DELETE /v2.0/security-groups/41ced202-3a02-49a6-99bc-63cd400eb3cb => generated 0 bytes in 198 msecs (HTTP/1.1 204) 2 headers in 112 bytes (1 switches on core 0) [pid: 8|app: 0|req: 697/1474] 10.0.0.146 () {34 vars in 990 bytes} [Thu Apr 23 03:34:42 2026] GET /v2.0/ports?device_id=a55b1dc6-92a2-43dd-ba34-ea76258c2efd => generated 12 bytes in 16 msecs (HTTP/1.1 200) 4 headers in 156 bytes (1 switches on core 0) [pid: 7|app: 0|req: 778/1475] 10.0.0.63 () {32 vars in 739 bytes} [Thu Apr 23 03:34:42 2026] DELETE /v2.0/security-groups/0fb4d4fd-51c7-4387-9308-93b5ec6ed2bf => generated 0 bytes in 189 msecs (HTTP/1.1 204) 2 headers in 112 bytes (1 switches on core 0)
2026-04-23 03:34:42.719 8 WARNING neutron.db.securitygroups_db [None req-45e6faf5-238e-4b12-be37-4a0259347d52 83096f006f3845cd80432b900d744fd0 1dd1a280350746b5b3b9acc7b9f0c6b1 - - default default] project_id key not found in filters, using tenant_id instead. This support has been deprecated and will be removed in a future release.
2026-04-23 03:34:42.856 8 INFO neutron.db.ovn_revision_numbers_db [None req-45e6faf5-238e-4b12-be37-4a0259347d52 83096f006f3845cd80432b900d744fd0 1dd1a280350746b5b3b9acc7b9f0c6b1 - - default default] Successfully bumped revision number for resource aef52b9c-2a43-449f-b962-547a8286e79e (type: security_groups) to 1
2026-04-23 03:34:42.870 8 INFO neutron.db.ovn_revision_numbers_db [None req-45e6faf5-238e-4b12-be37-4a0259347d52 83096f006f3845cd80432b900d744fd0 1dd1a280350746b5b3b9acc7b9f0c6b1 - - default default] Successfully bumped revision number for resource 0b127573-2e95-47b4-ac5d-e14e18fc9de6 (type: security_group_rules) to 0
2026-04-23 03:34:42.887 8 INFO neutron.db.ovn_revision_numbers_db [None req-45e6faf5-238e-4b12-be37-4a0259347d52 83096f006f3845cd80432b900d744fd0 1dd1a280350746b5b3b9acc7b9f0c6b1 - - default default] Successfully bumped revision number for resource 55656af4-56c7-49b4-9141-0d8c7e176b0c (type: security_group_rules) to 0
2026-04-23 03:34:42.901 8 INFO neutron.db.ovn_revision_numbers_db [None req-45e6faf5-238e-4b12-be37-4a0259347d52 83096f006f3845cd80432b900d744fd0 1dd1a280350746b5b3b9acc7b9f0c6b1 - - default default] Successfully bumped revision number for resource 75bc7c51-225b-4255-883b-702dc07abe9b (type: security_group_rules) to 0
2026-04-23 03:34:42.914 8 INFO neutron.db.ovn_revision_numbers_db [None req-45e6faf5-238e-4b12-be37-4a0259347d52 83096f006f3845cd80432b900d744fd0 1dd1a280350746b5b3b9acc7b9f0c6b1 - - default default] Successfully bumped revision number for resource cb1d4a66-91bc-40da-8e2f-edcde5c817de (type: security_group_rules) to 0 [pid: 8|app: 0|req: 698/1476] 10.0.0.63 () {32 vars in 773 bytes} [Thu Apr 23 03:34:42 2026] GET /v2.0/security-groups?tenant_id=d34f1776d9ee4f50b2c296e7831c364b&name=default => generated 2925 bytes in 245 msecs (HTTP/1.1 200) 4 headers in 158 bytes (1 switches on core 0) [pid: 7|app: 0|req: 779/1477] 10.0.0.63 () {32 vars in 739 bytes} [Thu Apr 23 03:34:42 2026] DELETE /v2.0/security-groups/aef52b9c-2a43-449f-b962-547a8286e79e => generated 0 bytes in 148 msecs (HTTP/1.1 204) 2 headers in 112 bytes (1 switches on core 0) [pid: 8|app: 0|req: 699/1478] 10.0.0.146 () {34 vars in 990 bytes} [Thu Apr 23 03:34:43 2026] GET /v2.0/ports?device_id=a55b1dc6-92a2-43dd-ba34-ea76258c2efd => generated 12 bytes in 23 msecs (HTTP/1.1 200) 4 headers in 156 bytes (1 switches on core 0)
2026-04-23 03:34:43.744 7 WARNING neutron.db.securitygroups_db [None req-ce66ca70-8c7f-4f82-a68e-2f7e0f3cc03a 83096f006f3845cd80432b900d744fd0 1dd1a280350746b5b3b9acc7b9f0c6b1 - - default default] project_id key not found in filters, using tenant_id instead. This support has been deprecated and will be removed in a future release.
2026-04-23 03:34:43.840 7 INFO neutron.db.ovn_revision_numbers_db [None req-ce66ca70-8c7f-4f82-a68e-2f7e0f3cc03a 83096f006f3845cd80432b900d744fd0 1dd1a280350746b5b3b9acc7b9f0c6b1 - - default default] Successfully bumped revision number for resource 34eb00e5-b19e-44a8-8ea6-638329ed107f (type: security_groups) to 1
2026-04-23 03:34:43.856 7 INFO neutron.db.ovn_revision_numbers_db [None req-ce66ca70-8c7f-4f82-a68e-2f7e0f3cc03a 83096f006f3845cd80432b900d744fd0 1dd1a280350746b5b3b9acc7b9f0c6b1 - - default default] Successfully bumped revision number for resource 42fc9262-4156-487b-90a7-ae2770d844f9 (type: security_group_rules) to 0
2026-04-23 03:34:43.870 7 INFO neutron.db.ovn_revision_numbers_db [None req-ce66ca70-8c7f-4f82-a68e-2f7e0f3cc03a 83096f006f3845cd80432b900d744fd0 1dd1a280350746b5b3b9acc7b9f0c6b1 - - default default] Successfully bumped revision number for resource 6c690899-4967-4845-a15e-9420e65b3553 (type: security_group_rules) to 0
2026-04-23 03:34:43.880 7 INFO neutron.db.ovn_revision_numbers_db [None req-ce66ca70-8c7f-4f82-a68e-2f7e0f3cc03a 83096f006f3845cd80432b900d744fd0 1dd1a280350746b5b3b9acc7b9f0c6b1 - - default default] Successfully bumped revision number for resource a5aab4b1-f2e6-4c15-a81f-12ca186f59a1 (type: security_group_rules) to 0
2026-04-23 03:34:43.892 7 INFO neutron.db.ovn_revision_numbers_db [None req-ce66ca70-8c7f-4f82-a68e-2f7e0f3cc03a 83096f006f3845cd80432b900d744fd0 1dd1a280350746b5b3b9acc7b9f0c6b1 - - default default] Successfully bumped revision number for resource f54a21c0-1411-4fc9-8c77-4adace3f0729 (type: security_group_rules) to 0 [pid: 7|app: 0|req: 780/1479] 10.0.0.63 () {32 vars in 773 bytes} [Thu Apr 23 03:34:43 2026] GET /v2.0/security-groups?tenant_id=edf6783041d54cddaee9c3c633ada5d1&name=default => generated 2925 bytes in 298 msecs (HTTP/1.1 200) 4 headers in 158 bytes (1 switches on core 0) [pid: 8|app: 0|req: 700/1480] 10.0.0.63 () {32 vars in 739 bytes} [Thu Apr 23 03:34:43 2026] DELETE /v2.0/security-groups/34eb00e5-b19e-44a8-8ea6-638329ed107f => generated 0 bytes in 181 msecs (HTTP/1.1 204) 2 headers in 112 bytes (1 switches on core 0) [pid: 7|app: 0|req: 781/1481] 10.0.0.63 () {32 vars in 739 bytes} [Thu Apr 23 03:34:44 2026] DELETE /v2.0/security-groups/30a48ac1-c3f1-4b57-a7a3-09c5635bd603 => generated 0 bytes in 176 msecs (HTTP/1.1 204) 2 headers in 112 bytes (1 switches on core 0)
2026-04-23 03:34:44.774 8 INFO neutron.api.v2.resource [None req-4f5b1420-43c3-406e-9a07-5f667b3d91be 47d8363a07804c1386184999c841bdd9 1829dfc67c3f46bc9616d894d8f041d1 - - default default] show failed (client error): The resource could not be found. [pid: 8|app: 0|req: 701/1482] 10.0.0.63 () {32 vars in 736 bytes} [Thu Apr 23 03:34:44 2026] GET /v2.0/security-groups/30a48ac1-c3f1-4b57-a7a3-09c5635bd603 => generated 146 bytes in 14 msecs (HTTP/1.1 404) 4 headers in 164 bytes (1 switches on core 0)
2026-04-23 03:34:44.908 7 INFO neutron_taas.services.taas.taas_plugin [None req-c0d262f4-bc1d-4468-9da2-a55b11cd748f 47d8363a07804c1386184999c841bdd9 1829dfc67c3f46bc9616d894d8f041d1 - - default default] TaaS: Handle Delete Port: da30a514-c05b-4e03-913b-604177c4b3b6
2026-04-23 03:34:44.911 7 INFO neutron_taas.services.taas.tap_mirror_plugin [None req-c0d262f4-bc1d-4468-9da2-a55b11cd748f 47d8363a07804c1386184999c841bdd9 1829dfc67c3f46bc9616d894d8f041d1 - - default default] Tap Mirror: Handle Delete Port: da30a514-c05b-4e03-913b-604177c4b3b6 [pid: 7|app: 0|req: 782/1483] 10.0.0.63 () {32 vars in 731 bytes} [Thu Apr 23 03:34:44 2026] DELETE /v2.0/floatingips/7ddfb1b7-2b8f-4685-8969-cee1abcb06ca => generated 0 bytes in 330 msecs (HTTP/1.1 204) 2 headers in 112 bytes (1 switches on core 0)
2026-04-23 03:34:45.415 8 INFO neutron_taas.services.taas.taas_plugin [None req-d653bbee-7544-41c8-aaab-19b64ebf5651 83096f006f3845cd80432b900d744fd0 1dd1a280350746b5b3b9acc7b9f0c6b1 - - default default] TaaS: Handle Delete Port: 4a7efc37-bb43-41ec-ae31-89ff08441b2c
2026-04-23 03:34:45.418 8 INFO neutron_taas.services.taas.tap_mirror_plugin [None req-d653bbee-7544-41c8-aaab-19b64ebf5651 83096f006f3845cd80432b900d744fd0 1dd1a280350746b5b3b9acc7b9f0c6b1 - - default default] Tap Mirror: Handle Delete Port: 4a7efc37-bb43-41ec-ae31-89ff08441b2c
2026-04-23 03:34:45.478 7 INFO neutron.db.ovn_revision_numbers_db [None req-cd1ea3e1-e9fc-432b-961a-6c7ef06dfc97 3a52596e919a448c85819540ad726a18 8c93549cb40245268468fe2844a6fc30 - - default default] Successfully bumped revision number for resource 84b6ce9c-dc94-4fec-bba9-7046d2b78459 (type: security_groups) to 1
2026-04-23 03:34:45.499 7 INFO neutron.db.ovn_revision_numbers_db [None req-cd1ea3e1-e9fc-432b-961a-6c7ef06dfc97 3a52596e919a448c85819540ad726a18 8c93549cb40245268468fe2844a6fc30 - - default default] Successfully bumped revision number for resource 1a7eb89a-3b5d-4961-a5c0-a2f837010311 (type: security_group_rules) to 0
2026-04-23 03:34:45.519 7 INFO neutron.db.ovn_revision_numbers_db [None req-cd1ea3e1-e9fc-432b-961a-6c7ef06dfc97 3a52596e919a448c85819540ad726a18 8c93549cb40245268468fe2844a6fc30 - - default default] Successfully bumped revision number for resource 580485cd-65c7-4bad-b1a4-432edfbb13ce (type: security_group_rules) to 0
2026-04-23 03:34:45.532 7 INFO neutron.db.ovn_revision_numbers_db [None req-cd1ea3e1-e9fc-432b-961a-6c7ef06dfc97 3a52596e919a448c85819540ad726a18 8c93549cb40245268468fe2844a6fc30 - - default default] Successfully bumped revision number for resource d4a9c3a6-609f-410a-a092-bfd164ef0ca9 (type: security_group_rules) to 0
2026-04-23 03:34:45.545 7 INFO neutron.db.ovn_revision_numbers_db [None req-cd1ea3e1-e9fc-432b-961a-6c7ef06dfc97 3a52596e919a448c85819540ad726a18 8c93549cb40245268468fe2844a6fc30 - - default default] Successfully bumped revision number for resource f2445a51-bc55-4680-92b4-5839b54e3c6f (type: security_group_rules) to 0
2026-04-23 03:34:45.628 7 INFO neutron.db.segments_db [None req-cd1ea3e1-e9fc-432b-961a-6c7ef06dfc97 3a52596e919a448c85819540ad726a18 8c93549cb40245268468fe2844a6fc30 - - default default] Added segment 977ee041-4ee6-4d73-8bee-b54ee30e58cf of type geneve for network 7e0e458d-82ad-40c8-9b78-c39415a2ac42
2026-04-23 03:34:45.739 7 INFO neutron.db.ovn_revision_numbers_db [None req-cd1ea3e1-e9fc-432b-961a-6c7ef06dfc97 3a52596e919a448c85819540ad726a18 8c93549cb40245268468fe2844a6fc30 - - default default] Successfully bumped revision number for resource 7e0e458d-82ad-40c8-9b78-c39415a2ac42 (type: networks) to 1
2026-04-23 03:34:45.895 7 WARNING neutron.scheduler.dhcp_agent_scheduler [None req-cd1ea3e1-e9fc-432b-961a-6c7ef06dfc97 3a52596e919a448c85819540ad726a18 8c93549cb40245268468fe2844a6fc30 - - default default] No more DHCP agents
2026-04-23 03:34:45.896 7 WARNING neutron.api.rpc.agentnotifiers.dhcp_rpc_agent_api [None req-cd1ea3e1-e9fc-432b-961a-6c7ef06dfc97 3a52596e919a448c85819540ad726a18 8c93549cb40245268468fe2844a6fc30 - - default default] Unable to schedule network 7e0e458d-82ad-40c8-9b78-c39415a2ac42: no agents available; will retry on subsequent port and subnet creation events.
2026-04-23 03:34:45.951 7 INFO neutron.plugins.ml2.drivers.ovn.mech_driver.mech_driver [None req-c17ff0a6-21b8-44b4-8923-1be6bc51662f - - - - - -] OVN reports status down for port: 5adc92cf-3545-45c6-854e-3aa4633c7742
2026-04-23 03:34:46.007 7 INFO neutron.db.ovn_revision_numbers_db [None req-cd1ea3e1-e9fc-432b-961a-6c7ef06dfc97 3a52596e919a448c85819540ad726a18 8c93549cb40245268468fe2844a6fc30 - - default default] Successfully bumped revision number for resource 5adc92cf-3545-45c6-854e-3aa4633c7742 (type: ports) to 1 [pid: 8|app: 0|req: 702/1484] 10.0.0.63 () {34 vars in 788 bytes} [Thu Apr 23 03:34:45 2026] PUT /v2.0/routers/69a135ea-b617-4bfd-ad86-60ebd9265f5f/remove_router_interface => generated 310 bytes in 945 msecs (HTTP/1.1 200) 4 headers in 157 bytes (1 switches on core 0) /var/lib/openstack/lib/python3.12/site-packages/pycadf/identifier.py:70: UserWarning: Invalid uuid: neutron. To ensure interoperability, identifiers should be a valid uuid. warnings.warn(('Invalid uuid: %s. To ensure interoperability, ' [pid: 7|app: 0|req: 783/1485] 10.0.0.63 () {34 vars in 670 bytes} [Thu Apr 23 03:34:45 2026] POST /v2.0/networks => generated 671 bytes in 940 msecs (HTTP/1.1 201) 4 headers in 162 bytes (1 switches on core 0)
2026-04-23 03:34:46.413 8 INFO neutron_taas.services.taas.taas_plugin [None req-da6bde10-8cb2-40d2-8e18-995f7000049b 83096f006f3845cd80432b900d744fd0 1dd1a280350746b5b3b9acc7b9f0c6b1 - - default default] TaaS: Handle Delete Port: d294b295-b7f9-45e3-80db-8a589c01f04d
2026-04-23 03:34:46.417 8 INFO neutron_taas.services.taas.tap_mirror_plugin [None req-da6bde10-8cb2-40d2-8e18-995f7000049b 83096f006f3845cd80432b900d744fd0 1dd1a280350746b5b3b9acc7b9f0c6b1 - - default default] Tap Mirror: Handle Delete Port: d294b295-b7f9-45e3-80db-8a589c01f04d
2026-04-23 03:34:46.550 7 WARNING neutron.scheduler.dhcp_agent_scheduler [None req-6ee7cfc7-2713-473e-983c-0b5bf1d6f233 3a52596e919a448c85819540ad726a18 8c93549cb40245268468fe2844a6fc30 - - default default] No more DHCP agents
2026-04-23 03:34:46.552 7 WARNING neutron.api.rpc.agentnotifiers.dhcp_rpc_agent_api [None req-6ee7cfc7-2713-473e-983c-0b5bf1d6f233 3a52596e919a448c85819540ad726a18 8c93549cb40245268468fe2844a6fc30 - - default default] Unable to schedule network e7923463-bbd3-49a7-98c8-122ecb99b64f: no agents available; will retry on subsequent port and subnet creation events.
2026-04-23 03:34:46.706 7 INFO neutron.plugins.ml2.drivers.ovn.mech_driver.mech_driver [None req-c17ff0a6-21b8-44b4-8923-1be6bc51662f - - - - - -] OVN reports status down for port: c8f78088-ffe0-4ab1-a17a-176df76cdc63
2026-04-23 03:34:46.778 7 INFO neutron.db.ovn_revision_numbers_db [None req-6ee7cfc7-2713-473e-983c-0b5bf1d6f233 3a52596e919a448c85819540ad726a18 8c93549cb40245268468fe2844a6fc30 - - default default] Successfully bumped revision number for resource c8f78088-ffe0-4ab1-a17a-176df76cdc63 (type: ports) to 1 [pid: 8|app: 0|req: 703/1486] 10.0.0.63 () {32 vars in 723 bytes} [Thu Apr 23 03:34:46 2026] DELETE /v2.0/routers/69a135ea-b617-4bfd-ad86-60ebd9265f5f => generated 0 bytes in 859 msecs (HTTP/1.1 204) 2 headers in 112 bytes (1 switches on core 0)
2026-04-23 03:34:47.065 8 WARNING neutron.db.securitygroups_db [None req-35cc2983-829d-415f-b26b-67b42722cbef 83096f006f3845cd80432b900d744fd0 1dd1a280350746b5b3b9acc7b9f0c6b1 - - default default] project_id key not found in filters, using tenant_id instead. This support has been deprecated and will be removed in a future release.
2026-04-23 03:34:47.211 8 INFO neutron.db.ovn_revision_numbers_db [None req-35cc2983-829d-415f-b26b-67b42722cbef 83096f006f3845cd80432b900d744fd0 1dd1a280350746b5b3b9acc7b9f0c6b1 - - default default] Successfully bumped revision number for resource 485a6c1e-676a-40be-bec2-f2ebed32a20b (type: security_groups) to 1
2026-04-23 03:34:47.222 8 INFO neutron.db.ovn_revision_numbers_db [None req-35cc2983-829d-415f-b26b-67b42722cbef 83096f006f3845cd80432b900d744fd0 1dd1a280350746b5b3b9acc7b9f0c6b1 - - default default] Successfully bumped revision number for resource 6ccb9e9c-8404-47a1-880b-c9a14862f379 (type: security_group_rules) to 0
2026-04-23 03:34:47.234 8 INFO neutron.db.ovn_revision_numbers_db [None req-35cc2983-829d-415f-b26b-67b42722cbef 83096f006f3845cd80432b900d744fd0 1dd1a280350746b5b3b9acc7b9f0c6b1 - - default default] Successfully bumped revision number for resource 871facb5-383f-4edf-a736-dc394e71171d (type: security_group_rules) to 0
2026-04-23 03:34:47.247 8 INFO neutron.db.ovn_revision_numbers_db [None req-35cc2983-829d-415f-b26b-67b42722cbef 83096f006f3845cd80432b900d744fd0 1dd1a280350746b5b3b9acc7b9f0c6b1 - - default default] Successfully bumped revision number for resource 907d70de-0613-4aa7-ad64-a13dc4f025c0 (type: security_group_rules) to 0
2026-04-23 03:34:47.272 8 INFO neutron.db.ovn_revision_numbers_db [None req-35cc2983-829d-415f-b26b-67b42722cbef 83096f006f3845cd80432b900d744fd0 1dd1a280350746b5b3b9acc7b9f0c6b1 - - default default] Successfully bumped revision number for resource bad595b4-ff5a-4009-b6b1-409d5b07076d (type: security_group_rules) to 0 [pid: 8|app: 0|req: 704/1487] 10.0.0.63 () {32 vars in 773 bytes} [Thu Apr 23 03:34:46 2026] GET /v2.0/security-groups?tenant_id=dca3bb401398423d8eccfdab23ec72a8&name=default => generated 2925 bytes in 389 msecs (HTTP/1.1 200) 4 headers in 158 bytes (1 switches on core 0)
2026-04-23 03:34:47.443 7 INFO neutron.plugins.ml2.drivers.ovn.mech_driver.mech_driver [None req-c17ff0a6-21b8-44b4-8923-1be6bc51662f - - - - - -] OVN reports status up for port: c8f78088-ffe0-4ab1-a17a-176df76cdc63
2026-04-23 03:34:47.474 7 INFO neutron.plugins.ml2.plugin [None req-c17ff0a6-21b8-44b4-8923-1be6bc51662f - - - - - -] Attempt 1 to provision port c8f78088-ffe0-4ab1-a17a-176df76cdc63
2026-04-23 03:34:47.486 7 INFO neutron.db.ovn_revision_numbers_db [None req-6ee7cfc7-2713-473e-983c-0b5bf1d6f233 3a52596e919a448c85819540ad726a18 8c93549cb40245268468fe2844a6fc30 - - default default] Successfully bumped revision number for resource c8f78088-ffe0-4ab1-a17a-176df76cdc63 (type: router_ports) to 1
2026-04-23 03:34:47.501 8 INFO neutron.plugins.ml2.drivers.ovn.mech_driver.ovsdb.ovsdb_monitor [None req-468f61f5-a7b8-4929-88cb-7970f2bf0032 - - - - - -] Router 54093056-8bd1-4048-b467-69432e0a2e10 is bound to host instance [pid: 8|app: 0|req: 705/1488] 10.0.0.63 () {32 vars in 723 bytes} [Thu Apr 23 03:34:47 2026] DELETE /v2.0/subnets/e3df068c-0c6f-4789-b936-e18dae873d14 => generated 0 bytes in 283 msecs (HTTP/1.1 204) 3 headers in 131 bytes (1 switches on core 0)
2026-04-23 03:34:47.599 7 INFO neutron.db.ovn_revision_numbers_db [None req-6ee7cfc7-2713-473e-983c-0b5bf1d6f233 3a52596e919a448c85819540ad726a18 8c93549cb40245268468fe2844a6fc30 - - default default] Successfully bumped revision number for resource 54093056-8bd1-4048-b467-69432e0a2e10 (type: routers) to 2 [pid: 7|app: 0|req: 784/1489] 10.0.0.63 () {34 vars in 668 bytes} [Thu Apr 23 03:34:46 2026] POST /v2.0/routers => generated 975 bytes in 1531 msecs (HTTP/1.1 201) 4 headers in 162 bytes (1 switches on core 0)
2026-04-23 03:34:47.752 7 WARNING neutron.db.securitygroups_db [None req-28186fdb-ef6a-4efb-9c19-2fd2d376e917 83096f006f3845cd80432b900d744fd0 1dd1a280350746b5b3b9acc7b9f0c6b1 - - default default] project_id key not found in filters, using tenant_id instead. This support has been deprecated and will be removed in a future release.
2026-04-23 03:34:47.889 7 INFO neutron.db.ovn_revision_numbers_db [None req-28186fdb-ef6a-4efb-9c19-2fd2d376e917 83096f006f3845cd80432b900d744fd0 1dd1a280350746b5b3b9acc7b9f0c6b1 - - default default] Successfully bumped revision number for resource e8f17832-9c03-4db4-8b49-e67ff6a6a293 (type: security_groups) to 1
2026-04-23 03:34:47.902 7 INFO neutron.db.ovn_revision_numbers_db [None req-28186fdb-ef6a-4efb-9c19-2fd2d376e917 83096f006f3845cd80432b900d744fd0 1dd1a280350746b5b3b9acc7b9f0c6b1 - - default default] Successfully bumped revision number for resource 3a9629a1-83c7-4bc6-8abf-001b0a1c1954 (type: security_group_rules) to 0 [pid: 8|app: 0|req: 706/1490] 10.0.0.63 () {32 vars in 739 bytes} [Thu Apr 23 03:34:47 2026] DELETE /v2.0/security-groups/485a6c1e-676a-40be-bec2-f2ebed32a20b => generated 0 bytes in 316 msecs (HTTP/1.1 204) 2 headers in 112 bytes (1 switches on core 0)
2026-04-23 03:34:47.928 7 INFO neutron.db.ovn_revision_numbers_db [None req-28186fdb-ef6a-4efb-9c19-2fd2d376e917 83096f006f3845cd80432b900d744fd0 1dd1a280350746b5b3b9acc7b9f0c6b1 - - default default] Successfully bumped revision number for resource 4dc44bc5-8014-4600-847f-5c61541d17ef (type: security_group_rules) to 0
2026-04-23 03:34:47.942 7 INFO neutron.db.ovn_revision_numbers_db [None req-28186fdb-ef6a-4efb-9c19-2fd2d376e917 83096f006f3845cd80432b900d744fd0 1dd1a280350746b5b3b9acc7b9f0c6b1 - - default default] Successfully bumped revision number for resource 56b63bb5-146a-41bf-98c4-a9704f3a975d (type: security_group_rules) to 0
2026-04-23 03:34:47.954 7 INFO neutron.db.ovn_revision_numbers_db [None req-28186fdb-ef6a-4efb-9c19-2fd2d376e917 83096f006f3845cd80432b900d744fd0 1dd1a280350746b5b3b9acc7b9f0c6b1 - - default default] Successfully bumped revision number for resource fc2cc395-e56a-46f9-bb47-ec17cb2a7374 (type: security_group_rules) to 0 [pid: 7|app: 0|req: 785/1491] 10.0.0.63 () {32 vars in 773 bytes} [Thu Apr 23 03:34:47 2026] GET /v2.0/security-groups?tenant_id=d13ea66404fd451396234ac69b19c1b6&name=default => generated 2925 bytes in 376 msecs (HTTP/1.1 200) 4 headers in 158 bytes (1 switches on core 0)
2026-04-23 03:34:48.109 8 INFO neutron_taas.services.taas.taas_plugin [None req-f368dc63-4c03-41ac-8d7b-f3c44c884c24 83096f006f3845cd80432b900d744fd0 1dd1a280350746b5b3b9acc7b9f0c6b1 - - default default] TaaS: Handle Delete Port: b71950b2-5ec0-4b47-8b65-abae17c53690
2026-04-23 03:34:48.113 8 INFO neutron_taas.services.taas.tap_mirror_plugin [None req-f368dc63-4c03-41ac-8d7b-f3c44c884c24 83096f006f3845cd80432b900d744fd0 1dd1a280350746b5b3b9acc7b9f0c6b1 - - default default] Tap Mirror: Handle Delete Port: b71950b2-5ec0-4b47-8b65-abae17c53690 [pid: 7|app: 0|req: 786/1492] 10.0.0.63 () {32 vars in 775 bytes} [Thu Apr 23 03:34:47 2026] GET /v2.0/subnets?project_id=8c93549cb40245268468fe2844a6fc30&cidr=10.100.0.0%2F28 => generated 14 bytes in 162 msecs (HTTP/1.1 200) 4 headers in 156 bytes (1 switches on core 0)
2026-04-23 03:34:48.160 7 WARNING neutron.db.securitygroups_db [None req-d6f433f1-09aa-428f-bbe9-0d3ca50eaa90 83096f006f3845cd80432b900d744fd0 1dd1a280350746b5b3b9acc7b9f0c6b1 - - default default] project_id key not found in filters, using tenant_id instead. This support has been deprecated and will be removed in a future release.
2026-04-23 03:34:48.287 7 INFO neutron.db.ovn_revision_numbers_db [None req-d6f433f1-09aa-428f-bbe9-0d3ca50eaa90 83096f006f3845cd80432b900d744fd0 1dd1a280350746b5b3b9acc7b9f0c6b1 - - default default] Successfully bumped revision number for resource 27c39934-997c-4c08-b074-87955216b092 (type: security_groups) to 1
2026-04-23 03:34:48.303 7 INFO neutron.db.ovn_revision_numbers_db [None req-d6f433f1-09aa-428f-bbe9-0d3ca50eaa90 83096f006f3845cd80432b900d744fd0 1dd1a280350746b5b3b9acc7b9f0c6b1 - - default default] Successfully bumped revision number for resource 34997427-ca66-49b3-ac23-24cd3c0394d4 (type: security_group_rules) to 0
2026-04-23 03:34:48.315 7 INFO neutron.db.ovn_revision_numbers_db [None req-d6f433f1-09aa-428f-bbe9-0d3ca50eaa90 83096f006f3845cd80432b900d744fd0 1dd1a280350746b5b3b9acc7b9f0c6b1 - - default default] Successfully bumped revision number for resource cc5a1795-d2b3-448a-b0d2-2d56e7ccb9cf (type: security_group_rules) to 0
2026-04-23 03:34:48.327 7 INFO neutron.db.ovn_revision_numbers_db [None req-d6f433f1-09aa-428f-bbe9-0d3ca50eaa90 83096f006f3845cd80432b900d744fd0 1dd1a280350746b5b3b9acc7b9f0c6b1 - - default default] Successfully bumped revision number for resource d600e3c7-24a7-407b-b57f-b8ccdf08edc4 (type: security_group_rules) to 0
2026-04-23 03:34:48.338 7 INFO neutron.db.ovn_revision_numbers_db [None req-d6f433f1-09aa-428f-bbe9-0d3ca50eaa90 83096f006f3845cd80432b900d744fd0 1dd1a280350746b5b3b9acc7b9f0c6b1 - - default default] Successfully bumped revision number for resource eefee739-6342-4b45-82c6-135c04062b40 (type: security_group_rules) to 0 [pid: 7|app: 0|req: 787/1493] 10.0.0.63 () {32 vars in 773 bytes} [Thu Apr 23 03:34:48 2026] GET /v2.0/security-groups?tenant_id=1ba6dd1db7304f08b7b23c22e3ab596c&name=default => generated 2925 bytes in 215 msecs (HTTP/1.1 200) 4 headers in 158 bytes (1 switches on core 0)
2026-04-23 03:34:48.439 8 INFO neutron.services.segments.plugin [-] Segment 4be4f3f4-7cff-4dfd-b992-84f9d3d64a40 resource provider aggregate not found
2026-04-23 03:34:48.445 8 INFO neutron.services.segments.plugin [-] Segment 4be4f3f4-7cff-4dfd-b992-84f9d3d64a40 resource provider aggregate not found
2026-04-23 03:34:48.463 8 INFO neutron.services.segments.plugin [-] Segment 4be4f3f4-7cff-4dfd-b992-84f9d3d64a40 resource provider not found; error: Placement Client Error (4xx): {"errors": [{"status": 404, "title": "Not Found", "detail": "The resource could not be found.\n\n No resource provider with uuid 4be4f3f4-7cff-4dfd-b992-84f9d3d64a40 found for delete ", "request_id": "req-0cb871d5-0c57-423a-8c69-de06a38c3ea4"}]}
2026-04-23 03:34:48.468 8 INFO neutron.services.segments.plugin [-] Segment 4be4f3f4-7cff-4dfd-b992-84f9d3d64a40 resource provider not found; error: Placement Client Error (4xx): {"errors": [{"status": 404, "title": "Not Found", "detail": "The resource could not be found.\n\n No resource provider with uuid 4be4f3f4-7cff-4dfd-b992-84f9d3d64a40 found for delete ", "request_id": "req-45cc47de-6dc2-461f-aad9-0cdf06ce900a"}]} [pid: 7|app: 0|req: 788/1494] 10.0.0.63 () {32 vars in 739 bytes} [Thu Apr 23 03:34:48 2026] DELETE /v2.0/security-groups/e8f17832-9c03-4db4-8b49-e67ff6a6a293 => generated 0 bytes in 172 msecs (HTTP/1.1 204) 2 headers in 112 bytes (1 switches on core 0) [pid: 8|app: 0|req: 707/1495] 10.0.0.63 () {32 vars in 725 bytes} [Thu Apr 23 03:34:47 2026] DELETE /v2.0/networks/19581155-367f-453d-a5ad-01a782eb6897 => generated 0 bytes in 688 msecs (HTTP/1.1 204) 3 headers in 131 bytes (1 switches on core 0) [pid: 7|app: 0|req: 789/1496] 10.0.0.63 () {32 vars in 693 bytes} [Thu Apr 23 03:34:48 2026] GET /v2.0/networks?router%3Aexternal=True => generated 791 bytes in 57 msecs (HTTP/1.1 200) 4 headers in 157 bytes (1 switches on core 0) [pid: 7|app: 0|req: 790/1497] 10.0.0.63 () {32 vars in 783 bytes} [Thu Apr 23 03:34:48 2026] GET /v2.0/subnets?network_id=e7923463-bbd3-49a7-98c8-122ecb99b64f&cidr=10.100.0.0%2F28 => generated 14 bytes in 20 msecs (HTTP/1.1 200) 4 headers in 156 bytes (1 switches on core 0)
2026-04-23 03:34:48.851 8 INFO neutron.db.ovn_revision_numbers_db [None req-f06c1ef3-ec16-472f-842c-41dd1f296681 - - - - - -] Successfully bumped revision number for resource c8f78088-ffe0-4ab1-a17a-176df76cdc63 (type: ports) to 4
2026-04-23 03:34:48.857 7 WARNING neutron.scheduler.dhcp_agent_scheduler [None req-b8fd228e-0696-402f-8bba-f56e6885c885 3a52596e919a448c85819540ad726a18 8c93549cb40245268468fe2844a6fc30 - - default default] No more DHCP agents
2026-04-23 03:34:48.859 7 WARNING neutron.api.rpc.agentnotifiers.dhcp_rpc_agent_api [None req-b8fd228e-0696-402f-8bba-f56e6885c885 3a52596e919a448c85819540ad726a18 8c93549cb40245268468fe2844a6fc30 - - default default] Unable to schedule network 7e0e458d-82ad-40c8-9b78-c39415a2ac42: no agents available; will retry on subsequent port and subnet creation events. [pid: 8|app: 0|req: 708/1498] 10.0.0.63 () {32 vars in 739 bytes} [Thu Apr 23 03:34:48 2026] DELETE /v2.0/security-groups/27c39934-997c-4c08-b074-87955216b092 => generated 0 bytes in 391 msecs (HTTP/1.1 204) 2 headers in 112 bytes (1 switches on core 0)
2026-04-23 03:34:49.003 8 WARNING neutron.db.securitygroups_db [None req-ebca7fcf-c4f4-4bab-8c26-a94099138c92 83096f006f3845cd80432b900d744fd0 1dd1a280350746b5b3b9acc7b9f0c6b1 - - default default] project_id key not found in filters, using tenant_id instead. This support has been deprecated and will be removed in a future release. [pid: 8|app: 0|req: 709/1499] 10.0.0.63 () {32 vars in 773 bytes} [Thu Apr 23 03:34:48 2026] GET /v2.0/security-groups?tenant_id=1829dfc67c3f46bc9616d894d8f041d1&name=default => generated 2925 bytes in 49 msecs (HTTP/1.1 200) 4 headers in 158 bytes (1 switches on core 0) [pid: 8|app: 0|req: 710/1500] 10.0.0.63 () {32 vars in 739 bytes} [Thu Apr 23 03:34:49 2026] DELETE /v2.0/security-groups/a7bf50d1-48ad-4fa2-b89f-93847536708f => generated 0 bytes in 300 msecs (HTTP/1.1 204) 2 headers in 112 bytes (1 switches on core 0)
2026-04-23 03:34:49.344 7 INFO neutron.db.ovn_revision_numbers_db [None req-b8fd228e-0696-402f-8bba-f56e6885c885 3a52596e919a448c85819540ad726a18 8c93549cb40245268468fe2844a6fc30 - - default default] Successfully bumped revision number for resource 5adc92cf-3545-45c6-854e-3aa4633c7742 (type: ports) to 2
2026-04-23 03:34:49.372 8 INFO neutron.db.ovn_revision_numbers_db [None req-f06c1ef3-ec16-472f-842c-41dd1f296681 - - - - - -] Successfully bumped revision number for resource c8f78088-ffe0-4ab1-a17a-176df76cdc63 (type: ports) to 5
2026-04-23 03:34:49.380 7 INFO neutron.db.ovn_revision_numbers_db [None req-b8fd228e-0696-402f-8bba-f56e6885c885 3a52596e919a448c85819540ad726a18 8c93549cb40245268468fe2844a6fc30 - - default default] Successfully bumped revision number for resource b34b7b37-218d-40b5-b779-c7dc2ecb182c (type: subnets) to 0 [pid: 7|app: 0|req: 791/1503] 10.0.0.63 () {34 vars in 668 bytes} [Thu Apr 23 03:34:48 2026] POST /v2.0/subnets => generated 656 bytes in 763 msecs (HTTP/1.1 201) 4 headers in 162 bytes (1 switches on core 0)
2026-04-23 03:34:49.905 8 WARNING neutron.scheduler.dhcp_agent_scheduler [None req-a34ce8b3-83c4-4466-8f6f-a681470bf1b8 3a52596e919a448c85819540ad726a18 8c93549cb40245268468fe2844a6fc30 - - default default] No more DHCP agents
2026-04-23 03:34:49.906 8 WARNING neutron.api.rpc.agentnotifiers.dhcp_rpc_agent_api [None req-a34ce8b3-83c4-4466-8f6f-a681470bf1b8 3a52596e919a448c85819540ad726a18 8c93549cb40245268468fe2844a6fc30 - - default default] Unable to schedule network 7e0e458d-82ad-40c8-9b78-c39415a2ac42: no agents available; will retry on subsequent port and subnet creation events.
2026-04-23 03:34:50.017 8 INFO neutron.plugins.ml2.drivers.ovn.mech_driver.mech_driver [None req-abf1a6c0-3bd1-4a9f-8aeb-68a890d4bc48 - - - - - -] OVN reports status down for port: 770e584d-ed66-4e3d-aecc-2e238bc576ee
2026-04-23 03:34:50.073 8 INFO neutron.db.ovn_revision_numbers_db [None req-a34ce8b3-83c4-4466-8f6f-a681470bf1b8 3a52596e919a448c85819540ad726a18 8c93549cb40245268468fe2844a6fc30 - - default default] Successfully bumped revision number for resource 770e584d-ed66-4e3d-aecc-2e238bc576ee (type: ports) to 1
2026-04-23 03:34:50.824 8 INFO neutron.plugins.ml2.drivers.ovn.mech_driver.mech_driver [None req-abf1a6c0-3bd1-4a9f-8aeb-68a890d4bc48 - - - - - -] OVN reports status up for port: 770e584d-ed66-4e3d-aecc-2e238bc576ee
2026-04-23 03:34:50.849 8 INFO neutron.plugins.ml2.plugin [None req-abf1a6c0-3bd1-4a9f-8aeb-68a890d4bc48 - - - - - -] Attempt 1 to provision port 770e584d-ed66-4e3d-aecc-2e238bc576ee
2026-04-23 03:34:50.950 8 WARNING neutron.scheduler.dhcp_agent_scheduler [None req-a34ce8b3-83c4-4466-8f6f-a681470bf1b8 3a52596e919a448c85819540ad726a18 8c93549cb40245268468fe2844a6fc30 - - default default] No more DHCP agents
2026-04-23 03:34:50.953 8 WARNING neutron.api.rpc.agentnotifiers.dhcp_rpc_agent_api [None req-a34ce8b3-83c4-4466-8f6f-a681470bf1b8 3a52596e919a448c85819540ad726a18 8c93549cb40245268468fe2844a6fc30 - - default default] Unable to schedule network 7e0e458d-82ad-40c8-9b78-c39415a2ac42: no agents available; will retry on subsequent port and subnet creation events.
2026-04-23 03:34:51.299 7 INFO neutron.db.ovn_revision_numbers_db [None req-46539067-dd8c-4066-a350-81a89f5643bb 83096f006f3845cd80432b900d744fd0 1dd1a280350746b5b3b9acc7b9f0c6b1 - - default default] Successfully bumped revision number for resource 3bd5db16-77fb-4731-9c4e-77f722c24615 (type: security_groups) to 1
2026-04-23 03:34:51.314 7 INFO neutron.db.ovn_revision_numbers_db [None req-46539067-dd8c-4066-a350-81a89f5643bb 83096f006f3845cd80432b900d744fd0 1dd1a280350746b5b3b9acc7b9f0c6b1 - - default default] Successfully bumped revision number for resource 268d5d43-0def-4251-b7e4-49b1813e37aa (type: security_group_rules) to 0
2026-04-23 03:34:51.328 7 INFO neutron.db.ovn_revision_numbers_db [None req-46539067-dd8c-4066-a350-81a89f5643bb 83096f006f3845cd80432b900d744fd0 1dd1a280350746b5b3b9acc7b9f0c6b1 - - default default] Successfully bumped revision number for resource ae19642f-c08a-409e-815d-80d072d49bd9 (type: security_group_rules) to 0
2026-04-23 03:34:51.342 7 INFO neutron.db.ovn_revision_numbers_db [None req-46539067-dd8c-4066-a350-81a89f5643bb 83096f006f3845cd80432b900d744fd0 1dd1a280350746b5b3b9acc7b9f0c6b1 - - default default] Successfully bumped revision number for resource be40b633-a958-4c56-8d33-2bd51bfb7b90 (type: security_group_rules) to 0
2026-04-23 03:34:51.365 7 INFO neutron.db.ovn_revision_numbers_db [None req-46539067-dd8c-4066-a350-81a89f5643bb 83096f006f3845cd80432b900d744fd0 1dd1a280350746b5b3b9acc7b9f0c6b1 - - default default] Successfully bumped revision number for resource e63b7d5b-e5aa-4f03-ac23-8f8293f357e5 (type: security_group_rules) to 0
2026-04-23 03:34:51.457 7 INFO neutron.db.segments_db [None req-46539067-dd8c-4066-a350-81a89f5643bb 83096f006f3845cd80432b900d744fd0 1dd1a280350746b5b3b9acc7b9f0c6b1 - - default default] Added segment e9b48ea8-fc1b-458b-91e0-97dda18fd561 of type geneve for network de4c6741-2394-4864-bbfd-a117defa113c
2026-04-23 03:34:51.540 8 INFO neutron.db.ovn_revision_numbers_db [None req-abf1a6c0-3bd1-4a9f-8aeb-68a890d4bc48 - - - - - -] Successfully bumped revision number for resource 770e584d-ed66-4e3d-aecc-2e238bc576ee (type: ports) to 2
2026-04-23 03:34:51.590 7 INFO neutron.db.ovn_revision_numbers_db [None req-46539067-dd8c-4066-a350-81a89f5643bb 83096f006f3845cd80432b900d744fd0 1dd1a280350746b5b3b9acc7b9f0c6b1 - - default default] Successfully bumped revision number for resource de4c6741-2394-4864-bbfd-a117defa113c (type: networks) to 1
2026-04-23 03:34:51.667 8 INFO neutron.db.ovn_revision_numbers_db [None req-a34ce8b3-83c4-4466-8f6f-a681470bf1b8 3a52596e919a448c85819540ad726a18 8c93549cb40245268468fe2844a6fc30 - - default default] Successfully bumped revision number for resource 770e584d-ed66-4e3d-aecc-2e238bc576ee (type: router_ports) to 1 [pid: 8|app: 0|req: 713/1504] 10.0.0.63 () {34 vars in 782 bytes} [Thu Apr 23 03:34:49 2026] PUT /v2.0/routers/54093056-8bd1-4048-b467-69432e0a2e10/add_router_interface => generated 310 bytes in 2272 msecs (HTTP/1.1 200) 4 headers in 157 bytes (1 switches on core 0)
2026-04-23 03:34:51.729 7 WARNING neutron.scheduler.dhcp_agent_scheduler [None req-46539067-dd8c-4066-a350-81a89f5643bb 83096f006f3845cd80432b900d744fd0 1dd1a280350746b5b3b9acc7b9f0c6b1 - - default default] No more DHCP agents
2026-04-23 03:34:51.730 7 WARNING neutron.api.rpc.agentnotifiers.dhcp_rpc_agent_api [None req-46539067-dd8c-4066-a350-81a89f5643bb 83096f006f3845cd80432b900d744fd0 1dd1a280350746b5b3b9acc7b9f0c6b1 - - default default] Unable to schedule network de4c6741-2394-4864-bbfd-a117defa113c: no agents available; will retry on subsequent port and subnet creation events. [pid: 8|app: 0|req: 714/1505] 10.0.0.63 () {32 vars in 648 bytes} [Thu Apr 23 03:34:51 2026] GET /v2.0/networks => generated 3835 bytes in 75 msecs (HTTP/1.1 200) 4 headers in 158 bytes (1 switches on core 0)
2026-04-23 03:34:51.785 7 INFO neutron.plugins.ml2.drivers.ovn.mech_driver.mech_driver [None req-c17ff0a6-21b8-44b4-8923-1be6bc51662f - - - - - -] OVN reports status down for port: d81970a1-c50a-425c-9546-38afb8421489 [pid: 8|app: 0|req: 715/1506] 10.0.0.63 () {32 vars in 646 bytes} [Thu Apr 23 03:34:51 2026] GET /v2.0/subnets => generated 1972 bytes in 57 msecs (HTTP/1.1 200) 4 headers in 158 bytes (1 switches on core 0)
2026-04-23 03:34:51.840 7 INFO neutron.db.ovn_revision_numbers_db [None req-46539067-dd8c-4066-a350-81a89f5643bb 83096f006f3845cd80432b900d744fd0 1dd1a280350746b5b3b9acc7b9f0c6b1 - - default default] Successfully bumped revision number for resource d81970a1-c50a-425c-9546-38afb8421489 (type: ports) to 1 [pid: 7|app: 0|req: 792/1507] 10.0.0.63 () {34 vars in 670 bytes} [Thu Apr 23 03:34:51 2026] POST /v2.0/networks => generated 787 bytes in 874 msecs (HTTP/1.1 201) 4 headers in 162 bytes (1 switches on core 0) [pid: 8|app: 0|req: 716/1508] 10.0.0.63 () {32 vars in 646 bytes} [Thu Apr 23 03:34:51 2026] GET /v2.0/routers => generated 996 bytes in 61 msecs (HTTP/1.1 200) 4 headers in 157 bytes (1 switches on core 0)
2026-04-23 03:34:52.018 7 WARNING neutron.scheduler.dhcp_agent_scheduler [None req-f45b1dff-80bb-455f-9873-7764dddfd871 83096f006f3845cd80432b900d744fd0 1dd1a280350746b5b3b9acc7b9f0c6b1 - - default default] No more DHCP agents
2026-04-23 03:34:52.020 7 WARNING neutron.api.rpc.agentnotifiers.dhcp_rpc_agent_api [None req-f45b1dff-80bb-455f-9873-7764dddfd871 83096f006f3845cd80432b900d744fd0 1dd1a280350746b5b3b9acc7b9f0c6b1 - - default default] Unable to schedule network de4c6741-2394-4864-bbfd-a117defa113c: no agents available; will retry on subsequent port and subnet creation events.
2026-04-23 03:34:52.062 8 INFO neutron.db.ovn_revision_numbers_db [None req-74b7bf3f-8765-489f-bbc6-d32810c7de7b 3a52596e919a448c85819540ad726a18 8c93549cb40245268468fe2844a6fc30 - - default default] Successfully bumped revision number for resource 9f925ae3-098a-4b57-a468-c21c7caeec22 (type: security_groups) to 1
2026-04-23 03:34:52.076 8 INFO neutron.db.ovn_revision_numbers_db [None req-74b7bf3f-8765-489f-bbc6-d32810c7de7b 3a52596e919a448c85819540ad726a18 8c93549cb40245268468fe2844a6fc30 - - default default] Successfully bumped revision number for resource 15274c1d-ed74-46bb-806d-5db9349fbb3c (type: security_group_rules) to 0
2026-04-23 03:34:52.090 8 INFO neutron.db.ovn_revision_numbers_db [None req-74b7bf3f-8765-489f-bbc6-d32810c7de7b 3a52596e919a448c85819540ad726a18 8c93549cb40245268468fe2844a6fc30 - - default default] Successfully bumped revision number for resource d64b658e-e09f-46b2-8fcc-349acc3fb63d (type: security_group_rules) to 0 [pid: 8|app: 0|req: 717/1509] 10.0.0.63 () {34 vars in 684 bytes} [Thu Apr 23 03:34:51 2026] POST /v2.0/security-groups => generated 1671 bytes in 197 msecs (HTTP/1.1 201) 4 headers in 163 bytes (1 switches on core 0)
2026-04-23 03:34:52.252 8 INFO neutron.db.ovn_revision_numbers_db [None req-e9013667-0228-4656-9e3c-90d46c3d7f7a 3a52596e919a448c85819540ad726a18 8c93549cb40245268468fe2844a6fc30 - - default default] Successfully bumped revision number for resource 32826827-53a0-4e6b-b269-1db29e121fd8 (type: security_group_rules) to 0 [pid: 8|app: 0|req: 718/1510] 10.0.0.63 () {34 vars in 694 bytes} [Thu Apr 23 03:34:52 2026] POST /v2.0/security-group-rules => generated 597 bytes in 148 msecs (HTTP/1.1 201) 4 headers in 162 bytes (1 switches on core 0)
2026-04-23 03:34:52.398 8 INFO neutron.db.ovn_revision_numbers_db [None req-318e1c21-0b8d-4c4f-9ff8-6fd350c477da 3a52596e919a448c85819540ad726a18 8c93549cb40245268468fe2844a6fc30 - - default default] Successfully bumped revision number for resource e3e81e1a-3a8c-41a8-b4e5-abb673b5d8c4 (type: security_group_rules) to 0 [pid: 8|app: 0|req: 719/1511] 10.0.0.63 () {34 vars in 694 bytes} [Thu Apr 23 03:34:52 2026] POST /v2.0/security-group-rules => generated 596 bytes in 140 msecs (HTTP/1.1 201) 4 headers in 162 bytes (1 switches on core 0)
2026-04-23 03:34:52.503 7 INFO neutron.db.ovn_revision_numbers_db [None req-f45b1dff-80bb-455f-9873-7764dddfd871 83096f006f3845cd80432b900d744fd0 1dd1a280350746b5b3b9acc7b9f0c6b1 - - default default] Successfully bumped revision number for resource d81970a1-c50a-425c-9546-38afb8421489 (type: ports) to 2
2026-04-23 03:34:52.535 7 INFO neutron.db.ovn_revision_numbers_db [None req-f45b1dff-80bb-455f-9873-7764dddfd871 83096f006f3845cd80432b900d744fd0 1dd1a280350746b5b3b9acc7b9f0c6b1 - - default default] Successfully bumped revision number for resource 68a263e1-d86f-4c09-b2f3-228252f5606e (type: subnets) to 0
2026-04-23 03:34:52.544 8 INFO neutron.db.ovn_revision_numbers_db [None req-ad0f4413-11b8-4f74-b54a-34220ecabdc4 3a52596e919a448c85819540ad726a18 8c93549cb40245268468fe2844a6fc30 - - default default] Successfully bumped revision number for resource 23b0498a-af95-4294-b3aa-be4bf7609a1d (type: security_group_rules) to 0 [pid: 7|app: 0|req: 793/1512] 10.0.0.63 () {34 vars in 668 bytes} [Thu Apr 23 03:34:51 2026] POST /v2.0/subnets => generated 693 bytes in 669 msecs (HTTP/1.1 201) 4 headers in 162 bytes (1 switches on core 0) [pid: 8|app: 0|req: 720/1513] 10.0.0.63 () {34 vars in 694 bytes} [Thu Apr 23 03:34:52 2026] POST /v2.0/security-group-rules => generated 602 bytes in 139 msecs (HTTP/1.1 201) 4 headers in 162 bytes (1 switches on core 0)
2026-04-23 03:34:52.678 8 INFO neutron.db.ovn_revision_numbers_db [None req-23401e23-d065-40e4-b8ad-7cc2069780e3 3a52596e919a448c85819540ad726a18 8c93549cb40245268468fe2844a6fc30 - - default default] Successfully bumped revision number for resource 0ca47d96-a5b3-467a-bc08-c725c0f6a628 (type: security_group_rules) to 0 [pid: 8|app: 0|req: 721/1514] 10.0.0.63 () {34 vars in 694 bytes} [Thu Apr 23 03:34:52 2026] POST /v2.0/security-group-rules => generated 601 bytes in 127 msecs (HTTP/1.1 201) 4 headers in 162 bytes (1 switches on core 0)
2026-04-23 03:34:52.842 8 WARNING neutron.db.securitygroups_db [None req-df558656-1a45-45f4-879d-db61947f9ae1 83096f006f3845cd80432b900d744fd0 1dd1a280350746b5b3b9acc7b9f0c6b1 - - default default] project_id key not found in filters, using tenant_id instead. This support has been deprecated and will be removed in a future release.
2026-04-23 03:34:52.923 7 WARNING neutron.scheduler.dhcp_agent_scheduler [None req-bbd8d500-df16-4578-9d00-b4562eba953e 83096f006f3845cd80432b900d744fd0 1dd1a280350746b5b3b9acc7b9f0c6b1 - - default default] No more DHCP agents
2026-04-23 03:34:52.924 7 WARNING neutron.api.rpc.agentnotifiers.dhcp_rpc_agent_api [None req-bbd8d500-df16-4578-9d00-b4562eba953e 83096f006f3845cd80432b900d744fd0 1dd1a280350746b5b3b9acc7b9f0c6b1 - - default default] Unable to schedule network e7923463-bbd3-49a7-98c8-122ecb99b64f: no agents available; will retry on subsequent port and subnet creation events.
2026-04-23 03:34:52.960 8 INFO neutron.db.ovn_revision_numbers_db [None req-df558656-1a45-45f4-879d-db61947f9ae1 83096f006f3845cd80432b900d744fd0 1dd1a280350746b5b3b9acc7b9f0c6b1 - - default default] Successfully bumped revision number for resource 0872f195-e952-4753-ba28-01191e951eec (type: security_groups) to 1
2026-04-23 03:34:52.970 8 INFO neutron.db.ovn_revision_numbers_db [None req-df558656-1a45-45f4-879d-db61947f9ae1 83096f006f3845cd80432b900d744fd0 1dd1a280350746b5b3b9acc7b9f0c6b1 - - default default] Successfully bumped revision number for resource 4e9bbc8c-dffc-4cfb-90b9-31bdb98727eb (type: security_group_rules) to 0
