2026-06-02 22:36:55.840 9 INFO neutron.api.wsgi [None req-6c1e141f-3c7c-4359-a088-63f8274cba2a f336859f652e4120994c11336263c65f f03b401cf8734a8ea1888952be2f7981 - - default default] 10.0.0.127 "DELETE /v2.0/routers/6744d49e-7ce0-45e1-a7b2-16a1cc353179 HTTP/1.1" status: 404 len: 336 time: 0.0202644
2026-06-02 22:36:55.858 9 INFO neutron.api.wsgi [None req-cc84680a-835e-46f0-ac56-7263895fe842 f336859f652e4120994c11336263c65f f03b401cf8734a8ea1888952be2f7981 - - default default] 10.0.0.127 "GET /v2.0/ports?device_id=de1ad557-2d9f-4a4a-8e68-c32d28ccea3e HTTP/1.1" status: 200 len: 205 time: 0.0140228
2026-06-02 22:36:55.878 9 INFO neutron.api.v2.resource [None req-634ed170-493b-4a24-b9bf-32c4353c9845 f336859f652e4120994c11336263c65f f03b401cf8734a8ea1888952be2f7981 - - default default] delete failed (client error): The resource could not be found.
2026-06-02 22:36:55.879 9 INFO neutron.api.wsgi [None req-634ed170-493b-4a24-b9bf-32c4353c9845 f336859f652e4120994c11336263c65f f03b401cf8734a8ea1888952be2f7981 - - default default] 10.0.0.127 "DELETE /v2.0/routers/de1ad557-2d9f-4a4a-8e68-c32d28ccea3e HTTP/1.1" status: 404 len: 336 time: 0.0182798
2026-06-02 22:36:55.893 9 INFO neutron.pecan_wsgi.hooks.translation [None req-8c7df00f-ccd0-45d3-953c-b13f9577addf f336859f652e4120994c11336263c65f f03b401cf8734a8ea1888952be2f7981 - - default default] DELETE failed (client error): The resource could not be found.
2026-06-02 22:36:55.896 9 INFO neutron.api.wsgi [None req-8c7df00f-ccd0-45d3-953c-b13f9577addf f336859f652e4120994c11336263c65f f03b401cf8734a8ea1888952be2f7981 - - default default] 10.0.0.127 "DELETE /v2.0/subnets/23d3b625-f24f-49de-acc9-74c75bfacdc4 HTTP/1.1" status: 404 len: 337 time: 0.0128698
2026-06-02 22:36:55.903 10 INFO neutron.db.ovn_revision_numbers_db [None req-2a4854fe-18e4-4010-ad83-90539ec7d546 a1c031c4828247ac8ef007a2bfbc2533 afaab217a3444c0da84ca45f44ab4bf3 - - default default] Successfully bumped revision number for resource 53159cb7-d549-4966-a16e-04642962f1af (type: floatingips) to -1
2026-06-02 22:36:55.914 9 INFO neutron.api.wsgi [None req-a20b14e1-1e69-41dd-b225-b1084902758d f336859f652e4120994c11336263c65f f03b401cf8734a8ea1888952be2f7981 - - default default] 10.0.0.127 "GET /v2.0/ports?device_id=52b23b9f-0300-4d5d-8246-6e6200f82a19 HTTP/1.1" status: 200 len: 205 time: 0.0147614
2026-06-02 22:36:55.942 9 INFO neutron.api.v2.resource [None req-95197011-fd05-4a5a-97fd-ccf5cac5b8cb f336859f652e4120994c11336263c65f f03b401cf8734a8ea1888952be2f7981 - - default default] delete failed (client error): The resource could not be found.
2026-06-02 22:36:55.943 9 INFO neutron.api.wsgi [None req-95197011-fd05-4a5a-97fd-ccf5cac5b8cb f336859f652e4120994c11336263c65f f03b401cf8734a8ea1888952be2f7981 - - default default] 10.0.0.127 "DELETE /v2.0/routers/52b23b9f-0300-4d5d-8246-6e6200f82a19 HTTP/1.1" status: 404 len: 336 time: 0.0223482
2026-06-02 22:36:55.957 9 INFO neutron.pecan_wsgi.hooks.translation [None req-b867d7f4-e49a-4d22-af3d-9f0be2b0dbd4 f336859f652e4120994c11336263c65f f03b401cf8734a8ea1888952be2f7981 - - default default] DELETE failed (client error): The resource could not be found.
2026-06-02 22:36:55.960 9 INFO neutron.api.wsgi [None req-b867d7f4-e49a-4d22-af3d-9f0be2b0dbd4 f336859f652e4120994c11336263c65f f03b401cf8734a8ea1888952be2f7981 - - default default] 10.0.0.127 "DELETE /v2.0/subnets/70b6f0f7-3f62-42ad-8f05-80bcb7a27c12 HTTP/1.1" status: 404 len: 337 time: 0.0110254
2026-06-02 22:36:55.978 9 INFO neutron.api.wsgi [None req-5fb203e1-f74f-41f1-a4a5-698bdfe3aa40 f336859f652e4120994c11336263c65f f03b401cf8734a8ea1888952be2f7981 - - default default] 10.0.0.127 "GET /v2.0/ports?device_id=0fb9f972-19d0-42b8-8bd1-bca68dde85a5 HTTP/1.1" status: 200 len: 205 time: 0.0135822
2026-06-02 22:36:55.992 10 INFO neutron.db.ovn_revision_numbers_db [None req-2a4854fe-18e4-4010-ad83-90539ec7d546 a1c031c4828247ac8ef007a2bfbc2533 afaab217a3444c0da84ca45f44ab4bf3 - - default default] Successfully bumped revision number for resource 53159cb7-d549-4966-a16e-04642962f1af (type: floatingips) to 1
2026-06-02 22:36:55.993 10 INFO neutron.db.l3_db [None req-2a4854fe-18e4-4010-ad83-90539ec7d546 a1c031c4828247ac8ef007a2bfbc2533 afaab217a3444c0da84ca45f44ab4bf3 - - default default] Floating IP 53159cb7-d549-4966-a16e-04642962f1af associated. External IP: 10.96.250.203, port: 01ff1116-1c52-4917-b672-c337f5a961cf.
2026-06-02 22:36:55.995 9 INFO neutron.api.v2.resource [None req-71ffe40c-4e89-43c5-a12a-1f27b298c26a f336859f652e4120994c11336263c65f f03b401cf8734a8ea1888952be2f7981 - - default default] delete failed (client error): The resource could not be found.
2026-06-02 22:36:55.996 9 INFO neutron.api.wsgi [None req-71ffe40c-4e89-43c5-a12a-1f27b298c26a f336859f652e4120994c11336263c65f f03b401cf8734a8ea1888952be2f7981 - - default default] 10.0.0.127 "DELETE /v2.0/routers/0fb9f972-19d0-42b8-8bd1-bca68dde85a5 HTTP/1.1" status: 404 len: 336 time: 0.0139079
2026-06-02 22:36:56.008 9 INFO neutron.pecan_wsgi.hooks.translation [None req-c1e9457b-af80-4a49-a36b-6c5d364fb45a f336859f652e4120994c11336263c65f f03b401cf8734a8ea1888952be2f7981 - - default default] DELETE failed (client error): The resource could not be found.
2026-06-02 22:36:56.011 9 INFO neutron.api.wsgi [None req-c1e9457b-af80-4a49-a36b-6c5d364fb45a f336859f652e4120994c11336263c65f f03b401cf8734a8ea1888952be2f7981 - - default default] 10.0.0.127 "DELETE /v2.0/subnets/83f1076f-3a29-4618-bf8e-bc12ee1c9ef2 HTTP/1.1" status: 404 len: 337 time: 0.0112977
2026-06-02 22:36:56.028 9 INFO neutron.pecan_wsgi.hooks.translation [None req-657885e6-ca9d-4938-83de-c83b2ed6fd12 f336859f652e4120994c11336263c65f f03b401cf8734a8ea1888952be2f7981 - - default default] DELETE failed (client error): The resource could not be found.
2026-06-02 22:36:56.030 9 INFO neutron.api.wsgi [None req-657885e6-ca9d-4938-83de-c83b2ed6fd12 f336859f652e4120994c11336263c65f f03b401cf8734a8ea1888952be2f7981 - - default default] 10.0.0.127 "DELETE /v2.0/subnets/4f48d94c-c375-4b2b-9c48-6e7fe8a0dd64 HTTP/1.1" status: 404 len: 337 time: 0.0120187
2026-06-02 22:36:56.031 10 INFO neutron.api.wsgi [None req-2a4854fe-18e4-4010-ad83-90539ec7d546 a1c031c4828247ac8ef007a2bfbc2533 afaab217a3444c0da84ca45f44ab4bf3 - - default default] 10.0.0.127 "POST /v2.0/floatingips HTTP/1.1" status: 201 len: 1054 time: 0.8343008
2026-06-02 22:36:56.059 10 INFO neutron.notifiers.nova [-] Nova event matching ['req-5058d58a-79c4-40cc-80f0-6c4b4031689d'] response: {'name': 'network-changed', 'server_uuid': '8de296fb-2e91-486e-b5db-ddea74bd8b14', 'tag': '01ff1116-1c52-4917-b672-c337f5a961cf', 'status': 'completed', 'code': 200}
2026-06-02 22:36:56.068 9 INFO neutron.api.wsgi [None req-aac47d18-75d7-4f4c-853f-60ccff43787f a1c031c4828247ac8ef007a2bfbc2533 afaab217a3444c0da84ca45f44ab4bf3 - - default default] 10.0.0.127 "GET /v2.0/floatingips/53159cb7-d549-4966-a16e-04642962f1af HTTP/1.1" status: 200 len: 1051 time: 0.0332041
2026-06-02 22:36:56.605 10 INFO neutron.api.wsgi [req-872f7b67-e33b-43d0-9b6b-0d1c14f9a5c5 req-478a51ec-2ff9-4283-a41d-fb9faf18feda 86522596c94245479eef5d0926326a20 1792dd84f79b4d8293e2c1f6eea1db25 - - 4c9fd5d11ba8420cb8bdb12be613f9dd 4c9fd5d11ba8420cb8bdb12be613f9dd] 199.204.45.210 "GET /v2.0/ports?tenant_id=afaab217a3444c0da84ca45f44ab4bf3&device_id=8de296fb-2e91-486e-b5db-ddea74bd8b14 HTTP/1.1" status: 200 len: 1409 time: 0.0349188
2026-06-02 22:36:56.648 10 INFO neutron.api.wsgi [req-872f7b67-e33b-43d0-9b6b-0d1c14f9a5c5 req-86d3c3a6-37b9-41d5-8e50-78241ab96e7b 86522596c94245479eef5d0926326a20 1792dd84f79b4d8293e2c1f6eea1db25 - - 4c9fd5d11ba8420cb8bdb12be613f9dd 4c9fd5d11ba8420cb8bdb12be613f9dd] 199.204.45.210 "GET /v2.0/networks?id=ec7bd424-5a2f-4aeb-9921-ec940277c230 HTTP/1.1" status: 200 len: 959 time: 0.0395012
2026-06-02 22:36:56.699 10 INFO neutron.api.wsgi [req-872f7b67-e33b-43d0-9b6b-0d1c14f9a5c5 req-db944e60-b9fc-48af-a307-887fdc75c4c0 86522596c94245479eef5d0926326a20 1792dd84f79b4d8293e2c1f6eea1db25 - - 4c9fd5d11ba8420cb8bdb12be613f9dd 4c9fd5d11ba8420cb8bdb12be613f9dd] 199.204.45.210 "GET /v2.0/floatingips?fixed_ip_address=10.100.0.4&port_id=01ff1116-1c52-4917-b672-c337f5a961cf HTTP/1.1" status: 200 len: 1059 time: 0.0476513
2026-06-02 22:36:56.724 10 INFO neutron.api.wsgi [req-872f7b67-e33b-43d0-9b6b-0d1c14f9a5c5 req-5501c75f-1b13-4423-8430-6ec27a22f302 86522596c94245479eef5d0926326a20 1792dd84f79b4d8293e2c1f6eea1db25 - - 4c9fd5d11ba8420cb8bdb12be613f9dd 4c9fd5d11ba8420cb8bdb12be613f9dd] 199.204.45.210 "GET /v2.0/subnets?id=ede245c3-3f59-4315-b3a5-1a9f6351d973 HTTP/1.1" status: 200 len: 876 time: 0.0216746
2026-06-02 22:36:56.727 10 INFO neutron.api.wsgi [None req-00fe4237-d4ad-4c71-b421-e9e2b16e7887 ef9431564eb743c9882dee4928ccf684 a39275425c5d4935bd47dbb81ee2a16c - - default default] 10.0.0.127 "GET /v2.0/security-groups?tenant_id=f03b401cf8734a8ea1888952be2f7981&name=default HTTP/1.1" status: 200 len: 3120 time: 0.2175999
2026-06-02 22:36:56.748 10 INFO neutron.api.wsgi [req-872f7b67-e33b-43d0-9b6b-0d1c14f9a5c5 req-f3292539-590f-4786-9a2b-0e61f8567652 86522596c94245479eef5d0926326a20 1792dd84f79b4d8293e2c1f6eea1db25 - - 4c9fd5d11ba8420cb8bdb12be613f9dd 4c9fd5d11ba8420cb8bdb12be613f9dd] 199.204.45.210 "GET /v2.0/ports?network_id=ec7bd424-5a2f-4aeb-9921-ec940277c230&device_owner=network%3Adhcp HTTP/1.1" status: 200 len: 210 time: 0.0197058
2026-06-02 22:36:56.783 10 INFO neutron.api.wsgi [req-872f7b67-e33b-43d0-9b6b-0d1c14f9a5c5 req-bd8a9b0e-b3d4-4d79-beb1-3dd3f1522ea9 86522596c94245479eef5d0926326a20 1792dd84f79b4d8293e2c1f6eea1db25 - - 4c9fd5d11ba8420cb8bdb12be613f9dd 4c9fd5d11ba8420cb8bdb12be613f9dd] 199.204.45.210 "GET /v2.0/networks/ec7bd424-5a2f-4aeb-9921-ec940277c230?fields=segments HTTP/1.1" status: 200 len: 212 time: 0.0325003
2026-06-02 22:36:56.826 10 INFO neutron.api.wsgi [req-872f7b67-e33b-43d0-9b6b-0d1c14f9a5c5 req-c266002e-f257-4e13-a541-4e45cfd15eeb 86522596c94245479eef5d0926326a20 1792dd84f79b4d8293e2c1f6eea1db25 - - 4c9fd5d11ba8420cb8bdb12be613f9dd 4c9fd5d11ba8420cb8bdb12be613f9dd] 199.204.45.210 "GET /v2.0/networks/ec7bd424-5a2f-4aeb-9921-ec940277c230?fields=provider%3Aphysical_network&fields=provider%3Anetwork_type HTTP/1.1" status: 200 len: 277 time: 0.0395823
2026-06-02 22:36:56.909 9 INFO neutron.api.wsgi [None req-1828fddc-873d-4faf-b4ce-dcf4d351917b ef9431564eb743c9882dee4928ccf684 a39275425c5d4935bd47dbb81ee2a16c - - default default] 10.0.0.127 "DELETE /v2.0/security-groups/7e3be615-6862-43a5-9603-35fada464aad HTTP/1.1" status: 204 len: 168 time: 0.1752160
2026-06-02 22:36:57.041 10 WARNING neutron.plugins.ml2.drivers.ovn.mech_driver.ovsdb.ovn_client [None req-55f04fad-01ca-4dcf-90f4-19c93c4a6324 - - - - - -] No port found with ID b5c65056-d960-4780-b03e-7bf0215ccb83: RuntimeError: No port found with ID b5c65056-d960-4780-b03e-7bf0215ccb83
2026-06-02 22:36:57.698 10 WARNING neutron_lib.context [None req-25ccfd51-de3d-4fb9-b86f-c0c857d5a5ec c9fc9ace48f7458c92190f03aaa1c7f6 dfddccc2d62c44579b624c95103e84ab - - default default] Method 'is_advsvc' is deprecated since 2023.2 release (neutron-lib 3.8.0) and will be removed once support for the old RBAC API policies will be removed from Neutron. Please use method 'is_service_role' instead.
2026-06-02 22:36:57.823 10 INFO neutron.db.ovn_revision_numbers_db [None req-25ccfd51-de3d-4fb9-b86f-c0c857d5a5ec c9fc9ace48f7458c92190f03aaa1c7f6 dfddccc2d62c44579b624c95103e84ab - - default default] Successfully bumped revision number for resource 01486b57-9314-4e0c-98a1-a102283429d6 (type: security_groups) to 1
2026-06-02 22:36:57.835 10 INFO neutron.db.ovn_revision_numbers_db [None req-25ccfd51-de3d-4fb9-b86f-c0c857d5a5ec c9fc9ace48f7458c92190f03aaa1c7f6 dfddccc2d62c44579b624c95103e84ab - - default default] Successfully bumped revision number for resource 0af7d39b-5651-4ec8-95e2-b1c8b331c3b0 (type: security_group_rules) to 0
2026-06-02 22:36:57.848 10 INFO neutron.db.ovn_revision_numbers_db [None req-25ccfd51-de3d-4fb9-b86f-c0c857d5a5ec c9fc9ace48f7458c92190f03aaa1c7f6 dfddccc2d62c44579b624c95103e84ab - - default default] Successfully bumped revision number for resource 7b5ff59e-9d2a-4f82-808f-e5e7e5abe20d (type: security_group_rules) to 0
2026-06-02 22:36:57.860 10 INFO neutron.db.ovn_revision_numbers_db [None req-25ccfd51-de3d-4fb9-b86f-c0c857d5a5ec c9fc9ace48f7458c92190f03aaa1c7f6 dfddccc2d62c44579b624c95103e84ab - - default default] Successfully bumped revision number for resource c1221bf8-39c4-4b4c-a807-c3ebd02e051e (type: security_group_rules) to 0
2026-06-02 22:36:57.880 10 INFO neutron.db.ovn_revision_numbers_db [None req-25ccfd51-de3d-4fb9-b86f-c0c857d5a5ec c9fc9ace48f7458c92190f03aaa1c7f6 dfddccc2d62c44579b624c95103e84ab - - default default] Successfully bumped revision number for resource fd4e9a1a-b45d-4194-ade8-e9eaff81f4b4 (type: security_group_rules) to 0
2026-06-02 22:36:57.944 10 INFO neutron.db.segments_db [None req-25ccfd51-de3d-4fb9-b86f-c0c857d5a5ec c9fc9ace48f7458c92190f03aaa1c7f6 dfddccc2d62c44579b624c95103e84ab - - default default] Added segment fa030d9a-9ba0-46a5-a8ae-30ac854725d9 of type geneve for network 1353e988-fc1e-43f3-9895-275c7e736c53
2026-06-02 22:36:58.048 10 INFO neutron.db.ovn_revision_numbers_db [None req-25ccfd51-de3d-4fb9-b86f-c0c857d5a5ec c9fc9ace48f7458c92190f03aaa1c7f6 dfddccc2d62c44579b624c95103e84ab - - default default] Successfully bumped revision number for resource 1353e988-fc1e-43f3-9895-275c7e736c53 (type: networks) to 1
2026-06-02 22:36:58.200 10 WARNING neutron.scheduler.dhcp_agent_scheduler [None req-25ccfd51-de3d-4fb9-b86f-c0c857d5a5ec c9fc9ace48f7458c92190f03aaa1c7f6 dfddccc2d62c44579b624c95103e84ab - - default default] No more DHCP agents
2026-06-02 22:36:58.202 10 WARNING neutron.api.rpc.agentnotifiers.dhcp_rpc_agent_api [None req-25ccfd51-de3d-4fb9-b86f-c0c857d5a5ec c9fc9ace48f7458c92190f03aaa1c7f6 dfddccc2d62c44579b624c95103e84ab - - default default] Unable to schedule network 1353e988-fc1e-43f3-9895-275c7e736c53: no agents available; will retry on subsequent port and subnet creation events.
2026-06-02 22:36:58.264 10 INFO neutron.db.ovn_revision_numbers_db [None req-25ccfd51-de3d-4fb9-b86f-c0c857d5a5ec c9fc9ace48f7458c92190f03aaa1c7f6 dfddccc2d62c44579b624c95103e84ab - - default default] Successfully bumped revision number for resource 6ace4855-c103-477a-a418-c303921981bf (type: ports) to 1
2026-06-02 22:36:58.284 10 INFO neutron.api.wsgi [None req-25ccfd51-de3d-4fb9-b86f-c0c857d5a5ec c9fc9ace48f7458c92190f03aaa1c7f6 dfddccc2d62c44579b624c95103e84ab - - default default] 10.0.0.127 "POST /v2.0/networks HTTP/1.1" status: 201 len: 831 time: 0.6845803
2026-06-02 22:36:58.295 10 WARNING neutron_lib.context [None req-7b4fe5ee-c99e-4d26-a379-11f39970c5b2 c9fc9ace48f7458c92190f03aaa1c7f6 dfddccc2d62c44579b624c95103e84ab - - default default] Method 'is_advsvc' is deprecated since 2023.2 release (neutron-lib 3.8.0) and will be removed once support for the old RBAC API policies will be removed from Neutron. Please use method 'is_service_role' instead.
2026-06-02 22:36:58.499 10 WARNING neutron.scheduler.dhcp_agent_scheduler [None req-7b4fe5ee-c99e-4d26-a379-11f39970c5b2 c9fc9ace48f7458c92190f03aaa1c7f6 dfddccc2d62c44579b624c95103e84ab - - default default] No more DHCP agents
2026-06-02 22:36:58.499 10 WARNING neutron.api.rpc.agentnotifiers.dhcp_rpc_agent_api [None req-7b4fe5ee-c99e-4d26-a379-11f39970c5b2 c9fc9ace48f7458c92190f03aaa1c7f6 dfddccc2d62c44579b624c95103e84ab - - default default] Unable to schedule network 1353e988-fc1e-43f3-9895-275c7e736c53: no agents available; will retry on subsequent port and subnet creation events.
2026-06-02 22:36:58.568 10 INFO neutron.db.ovn_revision_numbers_db [None req-7b4fe5ee-c99e-4d26-a379-11f39970c5b2 c9fc9ace48f7458c92190f03aaa1c7f6 dfddccc2d62c44579b624c95103e84ab - - default default] Successfully bumped revision number for resource 347cf0bc-833a-4f47-82f1-dd364992da53 (type: ports) to 1
2026-06-02 22:36:58.589 10 INFO neutron.api.wsgi [None req-7b4fe5ee-c99e-4d26-a379-11f39970c5b2 c9fc9ace48f7458c92190f03aaa1c7f6 dfddccc2d62c44579b624c95103e84ab - - default default] 10.0.0.127 "POST /v2.0/ports HTTP/1.1" status: 201 len: 942 time: 0.2992632
2026-06-02 22:36:58.605 9 WARNING neutron_lib.context [None req-b5229098-9568-4744-b501-f9f7fd6700b4 c9fc9ace48f7458c92190f03aaa1c7f6 dfddccc2d62c44579b624c95103e84ab - - default default] Method 'is_advsvc' is deprecated since 2023.2 release (neutron-lib 3.8.0) and will be removed once support for the old RBAC API policies will be removed from Neutron. Please use method 'is_service_role' instead.
2026-06-02 22:36:58.777 9 WARNING neutron_lib.context [None req-ae490d87-dbe3-46fb-b4bb-a8aea83899c9 e1a37c5f2abd45fa9beec53f862d8032 89d8137e824149a9b052dd235370d0a8 - - default default] Method 'is_advsvc' is deprecated since 2023.2 release (neutron-lib 3.8.0) and will be removed once support for the old RBAC API policies will be removed from Neutron. Please use method 'is_service_role' instead.
2026-06-02 22:36:58.832 9 INFO neutron.api.wsgi [None req-b5229098-9568-4744-b501-f9f7fd6700b4 c9fc9ace48f7458c92190f03aaa1c7f6 dfddccc2d62c44579b624c95103e84ab - - default default] 10.0.0.127 "POST /v2.0/trunks HTTP/1.1" status: 201 len: 608 time: 0.2357826
2026-06-02 22:36:58.843 9 INFO neutron.api.wsgi [None req-ae490d87-dbe3-46fb-b4bb-a8aea83899c9 e1a37c5f2abd45fa9beec53f862d8032 89d8137e824149a9b052dd235370d0a8 - - default default] 10.0.0.127 "POST /v2.0/subnetpools HTTP/1.1" status: 201 len: 747 time: 0.2308161
2026-06-02 22:36:58.847 9 WARNING neutron_lib.context [None req-55275764-0889-4c3d-a525-c8d979a3cbd5 c9fc9ace48f7458c92190f03aaa1c7f6 dfddccc2d62c44579b624c95103e84ab - - default default] Method 'is_advsvc' is deprecated since 2023.2 release (neutron-lib 3.8.0) and will be removed once support for the old RBAC API policies will be removed from Neutron. Please use method 'is_service_role' instead. /var/lib/openstack/lib/python3.12/site-packages/pycadf/identifier.py:71: UserWarning: Invalid uuid: neutron. To ensure interoperability, identifiers should be a valid uuid. warnings.warn(('Invalid uuid: %s. To ensure interoperability, '
2026-06-02 22:36:58.871 10 INFO neutron.api.wsgi [None req-69ba4ec0-699b-4bbc-bf75-5c753bd62dfb e1a37c5f2abd45fa9beec53f862d8032 89d8137e824149a9b052dd235370d0a8 - - default default] 10.0.0.127 "GET /v2.0/subnetpools/c66620f7-4286-4004-b714-bb4d9d11bbdf HTTP/1.1" status: 200 len: 742 time: 0.0229490
2026-06-02 22:36:58.922 9 INFO neutron.db.segments_db [None req-55275764-0889-4c3d-a525-c8d979a3cbd5 c9fc9ace48f7458c92190f03aaa1c7f6 dfddccc2d62c44579b624c95103e84ab - - default default] Added segment f285993d-cba4-45fd-8ca2-e33075b79367 of type geneve for network a4f48fdc-a78a-4039-8670-0e657eb35266
2026-06-02 22:36:58.935 10 INFO neutron.api.wsgi [None req-073a92bf-a6e7-4f75-af76-88885d59ed9a e1a37c5f2abd45fa9beec53f862d8032 89d8137e824149a9b052dd235370d0a8 - - default default] 10.0.0.127 "PUT /v2.0/subnetpools/c66620f7-4286-4004-b714-bb4d9d11bbdf HTTP/1.1" status: 200 len: 694 time: 0.0593350
2026-06-02 22:36:58.988 10 INFO neutron.api.wsgi [None req-3d5c5c46-0f5b-4362-ad58-ddc9ec240105 e1a37c5f2abd45fa9beec53f862d8032 89d8137e824149a9b052dd235370d0a8 - - default default] 10.0.0.127 "DELETE /v2.0/subnetpools/c66620f7-4286-4004-b714-bb4d9d11bbdf HTTP/1.1" status: 204 len: 168 time: 0.0486400
2026-06-02 22:36:59.004 10 INFO neutron.api.v2.resource [None req-791bfdc2-ac96-47d0-a1d6-0b8b3c7baec0 e1a37c5f2abd45fa9beec53f862d8032 89d8137e824149a9b052dd235370d0a8 - - default default] show failed (client error): The resource could not be found.
2026-06-02 22:36:59.005 10 INFO neutron.api.wsgi [None req-791bfdc2-ac96-47d0-a1d6-0b8b3c7baec0 e1a37c5f2abd45fa9beec53f862d8032 89d8137e824149a9b052dd235370d0a8 - - default default] 10.0.0.127 "GET /v2.0/subnetpools/c66620f7-4286-4004-b714-bb4d9d11bbdf HTTP/1.1" status: 404 len: 346 time: 0.0117624
2026-06-02 22:36:59.017 9 INFO neutron.db.ovn_revision_numbers_db [None req-55275764-0889-4c3d-a525-c8d979a3cbd5 c9fc9ace48f7458c92190f03aaa1c7f6 dfddccc2d62c44579b624c95103e84ab - - default default] Successfully bumped revision number for resource a4f48fdc-a78a-4039-8670-0e657eb35266 (type: networks) to 1
2026-06-02 22:36:59.018 10 INFO neutron.api.v2.resource [None req-60624324-3190-47f0-b520-8968ba46c51f e1a37c5f2abd45fa9beec53f862d8032 89d8137e824149a9b052dd235370d0a8 - - default default] delete failed (client error): The resource could not be found.
2026-06-02 22:36:59.019 10 INFO neutron.api.wsgi [None req-60624324-3190-47f0-b520-8968ba46c51f e1a37c5f2abd45fa9beec53f862d8032 89d8137e824149a9b052dd235370d0a8 - - default default] 10.0.0.127 "DELETE /v2.0/subnetpools/c66620f7-4286-4004-b714-bb4d9d11bbdf HTTP/1.1" status: 404 len: 346 time: 0.0104167
2026-06-02 22:36:59.085 9 WARNING neutron.plugins.ml2.drivers.ovn.mech_driver.ovsdb.ovn_client [None req-990ec850-56b7-4f45-aad0-0b23605d16be - - - - - -] No port found with ID 193b570f-66ef-4799-9646-f4992f2f9fd8: RuntimeError: No port found with ID 193b570f-66ef-4799-9646-f4992f2f9fd8
2026-06-02 22:36:59.194 9 WARNING neutron.scheduler.dhcp_agent_scheduler [None req-55275764-0889-4c3d-a525-c8d979a3cbd5 c9fc9ace48f7458c92190f03aaa1c7f6 dfddccc2d62c44579b624c95103e84ab - - default default] No more DHCP agents
2026-06-02 22:36:59.195 9 WARNING neutron.api.rpc.agentnotifiers.dhcp_rpc_agent_api [None req-55275764-0889-4c3d-a525-c8d979a3cbd5 c9fc9ace48f7458c92190f03aaa1c7f6 dfddccc2d62c44579b624c95103e84ab - - default default] Unable to schedule network a4f48fdc-a78a-4039-8670-0e657eb35266: no agents available; will retry on subsequent port and subnet creation events.
2026-06-02 22:36:59.262 9 INFO neutron.db.ovn_revision_numbers_db [None req-55275764-0889-4c3d-a525-c8d979a3cbd5 c9fc9ace48f7458c92190f03aaa1c7f6 dfddccc2d62c44579b624c95103e84ab - - default default] Successfully bumped revision number for resource 6e7888ba-e2e5-4e2f-813c-040bd7488969 (type: ports) to 1
2026-06-02 22:36:59.283 9 INFO neutron.api.wsgi [None req-55275764-0889-4c3d-a525-c8d979a3cbd5 c9fc9ace48f7458c92190f03aaa1c7f6 dfddccc2d62c44579b624c95103e84ab - - default default] 10.0.0.127 "POST /v2.0/networks HTTP/1.1" status: 201 len: 830 time: 0.4446566 /var/lib/openstack/lib/python3.12/site-packages/pycadf/identifier.py:71: UserWarning: Invalid uuid: neutron. To ensure interoperability, identifiers should be a valid uuid. warnings.warn(('Invalid uuid: %s. To ensure interoperability, '
2026-06-02 22:36:59.298 9 WARNING neutron_lib.context [None req-987785a0-4a63-492a-bb25-49366969e5b1 c9fc9ace48f7458c92190f03aaa1c7f6 dfddccc2d62c44579b624c95103e84ab - - default default] Method 'is_advsvc' is deprecated since 2023.2 release (neutron-lib 3.8.0) and will be removed once support for the old RBAC API policies will be removed from Neutron. Please use method 'is_service_role' instead.
2026-06-02 22:36:59.541 9 WARNING neutron.scheduler.dhcp_agent_scheduler [None req-987785a0-4a63-492a-bb25-49366969e5b1 c9fc9ace48f7458c92190f03aaa1c7f6 dfddccc2d62c44579b624c95103e84ab - - default default] No more DHCP agents
2026-06-02 22:36:59.542 9 WARNING neutron.api.rpc.agentnotifiers.dhcp_rpc_agent_api [None req-987785a0-4a63-492a-bb25-49366969e5b1 c9fc9ace48f7458c92190f03aaa1c7f6 dfddccc2d62c44579b624c95103e84ab - - default default] Unable to schedule network a4f48fdc-a78a-4039-8670-0e657eb35266: no agents available; will retry on subsequent port and subnet creation events.
2026-06-02 22:36:59.615 9 INFO neutron.db.ovn_revision_numbers_db [None req-987785a0-4a63-492a-bb25-49366969e5b1 c9fc9ace48f7458c92190f03aaa1c7f6 dfddccc2d62c44579b624c95103e84ab - - default default] Successfully bumped revision number for resource 8fc18df9-229c-4ade-b6e9-e7b7c0e5ecca (type: ports) to 1
2026-06-02 22:36:59.639 9 INFO neutron.api.wsgi [None req-987785a0-4a63-492a-bb25-49366969e5b1 c9fc9ace48f7458c92190f03aaa1c7f6 dfddccc2d62c44579b624c95103e84ab - - default default] 10.0.0.127 "POST /v2.0/ports HTTP/1.1" status: 201 len: 942 time: 0.3454528
2026-06-02 22:36:59.649 10 WARNING neutron_lib.context [None req-1b2c5290-7567-41a2-8315-355658f76e53 c9fc9ace48f7458c92190f03aaa1c7f6 dfddccc2d62c44579b624c95103e84ab - - default default] Method 'is_advsvc' is deprecated since 2023.2 release (neutron-lib 3.8.0) and will be removed once support for the old RBAC API policies will be removed from Neutron. Please use method 'is_service_role' instead.
2026-06-02 22:36:59.714 10 INFO neutron.db.ovn_revision_numbers_db [None req-ea4b6a51-293d-4b68-ad44-5672de2a6309 ef9431564eb743c9882dee4928ccf684 a39275425c5d4935bd47dbb81ee2a16c - - default default] Successfully bumped revision number for resource 3c28843d-a84a-4920-a7d2-e33ee75e72ff (type: security_groups) to 1
2026-06-02 22:36:59.729 10 INFO neutron.db.ovn_revision_numbers_db [None req-ea4b6a51-293d-4b68-ad44-5672de2a6309 ef9431564eb743c9882dee4928ccf684 a39275425c5d4935bd47dbb81ee2a16c - - default default] Successfully bumped revision number for resource 40b8ca59-43be-4b83-b573-05a53f1cc925 (type: security_group_rules) to 0
2026-06-02 22:36:59.744 10 INFO neutron.db.ovn_revision_numbers_db [None req-ea4b6a51-293d-4b68-ad44-5672de2a6309 ef9431564eb743c9882dee4928ccf684 a39275425c5d4935bd47dbb81ee2a16c - - default default] Successfully bumped revision number for resource 711a0240-e0cd-418e-8d74-9b745b48b80d (type: security_group_rules) to 0
2026-06-02 22:36:59.760 10 INFO neutron.db.ovn_revision_numbers_db [None req-ea4b6a51-293d-4b68-ad44-5672de2a6309 ef9431564eb743c9882dee4928ccf684 a39275425c5d4935bd47dbb81ee2a16c - - default default] Successfully bumped revision number for resource 8904ac02-4ff5-4e18-b657-1ece27605879 (type: security_group_rules) to 0
2026-06-02 22:36:59.792 10 INFO neutron.db.ovn_revision_numbers_db [None req-ea4b6a51-293d-4b68-ad44-5672de2a6309 ef9431564eb743c9882dee4928ccf684 a39275425c5d4935bd47dbb81ee2a16c - - default default] Successfully bumped revision number for resource 9fabec58-250f-461f-a9b0-2a35c0da4070 (type: security_group_rules) to 0
2026-06-02 22:36:59.860 10 INFO neutron.api.wsgi [None req-ea4b6a51-293d-4b68-ad44-5672de2a6309 ef9431564eb743c9882dee4928ccf684 a39275425c5d4935bd47dbb81ee2a16c - - default default] 10.0.0.127 "GET /v2.0/security-groups?tenant_id=89d8137e824149a9b052dd235370d0a8&name=default HTTP/1.1" status: 200 len: 3120 time: 0.3680563 /var/lib/openstack/lib/python3.12/site-packages/pycadf/identifier.py:71: UserWarning: Invalid uuid: neutron. To ensure interoperability, identifiers should be a valid uuid. warnings.warn(('Invalid uuid: %s. To ensure interoperability, '
2026-06-02 22:36:59.893 10 INFO neutron.api.wsgi [None req-1b2c5290-7567-41a2-8315-355658f76e53 c9fc9ace48f7458c92190f03aaa1c7f6 dfddccc2d62c44579b624c95103e84ab - - default default] 10.0.0.127 "POST /v2.0/trunks HTTP/1.1" status: 201 len: 608 time: 0.2487035
2026-06-02 22:36:59.905 10 WARNING neutron_lib.context [None req-d9e456dc-1a35-486c-af10-6ffc3c49c424 c9fc9ace48f7458c92190f03aaa1c7f6 dfddccc2d62c44579b624c95103e84ab - - default default] Method 'is_advsvc' is deprecated since 2023.2 release (neutron-lib 3.8.0) and will be removed once support for the old RBAC API policies will be removed from Neutron. Please use method 'is_service_role' instead.
2026-06-02 22:37:00.065 9 INFO neutron.api.wsgi [None req-21036146-e3e4-4b42-8601-9aef430f8345 ef9431564eb743c9882dee4928ccf684 a39275425c5d4935bd47dbb81ee2a16c - - default default] 10.0.0.127 "DELETE /v2.0/security-groups/3c28843d-a84a-4920-a7d2-e33ee75e72ff HTTP/1.1" status: 204 len: 168 time: 0.1995993
2026-06-02 22:37:00.253 10 INFO neutron.db.segments_db [None req-d9e456dc-1a35-486c-af10-6ffc3c49c424 c9fc9ace48f7458c92190f03aaa1c7f6 dfddccc2d62c44579b624c95103e84ab - - default default] Added segment ac200e2d-a5ed-48c0-9a62-8f99b684bcbd of type geneve for network bf2036b4-17af-48bf-95ca-a30b42f3daf1
2026-06-02 22:37:00.362 10 INFO neutron.db.ovn_revision_numbers_db [None req-d9e456dc-1a35-486c-af10-6ffc3c49c424 c9fc9ace48f7458c92190f03aaa1c7f6 dfddccc2d62c44579b624c95103e84ab - - default default] Successfully bumped revision number for resource bf2036b4-17af-48bf-95ca-a30b42f3daf1 (type: networks) to 1
2026-06-02 22:37:00.478 9 INFO neutron.api.wsgi [req-d18873bf-848f-41fa-a6bd-f58206d8b77a req-b720ca0e-bf35-4637-b6fe-2fb8ccdc450a 86522596c94245479eef5d0926326a20 1792dd84f79b4d8293e2c1f6eea1db25 - - 4c9fd5d11ba8420cb8bdb12be613f9dd 4c9fd5d11ba8420cb8bdb12be613f9dd] 10.0.0.153 "GET /v2.0/ports?device_id=8b8abb91-5acc-4036-bccb-0f44bd5ad72f HTTP/1.1" status: 200 len: 1409 time: 0.2409909
2026-06-02 22:37:00.522 9 INFO neutron.api.wsgi [req-d18873bf-848f-41fa-a6bd-f58206d8b77a req-2edf8ddd-9216-4fbb-b27d-ea9db233a196 86522596c94245479eef5d0926326a20 1792dd84f79b4d8293e2c1f6eea1db25 - - 4c9fd5d11ba8420cb8bdb12be613f9dd 4c9fd5d11ba8420cb8bdb12be613f9dd] 10.0.0.153 "GET /v2.0/security-groups?id=d4fd5064-b6f5-450b-9d9c-bd18ba120993&fields=id&fields=name HTTP/1.1" status: 200 len: 313 time: 0.0373797
2026-06-02 22:37:00.551 10 WARNING neutron.scheduler.dhcp_agent_scheduler [None req-d9e456dc-1a35-486c-af10-6ffc3c49c424 c9fc9ace48f7458c92190f03aaa1c7f6 dfddccc2d62c44579b624c95103e84ab - - default default] No more DHCP agents
2026-06-02 22:37:00.552 10 WARNING neutron.api.rpc.agentnotifiers.dhcp_rpc_agent_api [None req-d9e456dc-1a35-486c-af10-6ffc3c49c424 c9fc9ace48f7458c92190f03aaa1c7f6 dfddccc2d62c44579b624c95103e84ab - - default default] Unable to schedule network bf2036b4-17af-48bf-95ca-a30b42f3daf1: no agents available; will retry on subsequent port and subnet creation events.
2026-06-02 22:37:00.628 10 INFO neutron.db.ovn_revision_numbers_db [None req-d9e456dc-1a35-486c-af10-6ffc3c49c424 c9fc9ace48f7458c92190f03aaa1c7f6 dfddccc2d62c44579b624c95103e84ab - - default default] Successfully bumped revision number for resource 828dd7cd-1708-45a1-9139-24168b4c2b7f (type: ports) to 1
2026-06-02 22:37:00.647 10 INFO neutron.api.wsgi [None req-d9e456dc-1a35-486c-af10-6ffc3c49c424 c9fc9ace48f7458c92190f03aaa1c7f6 dfddccc2d62c44579b624c95103e84ab - - default default] 10.0.0.127 "POST /v2.0/networks HTTP/1.1" status: 201 len: 830 time: 0.7460406
2026-06-02 22:37:00.656 10 WARNING neutron_lib.context [None req-49a50940-2ca5-4f70-a6e8-920e3d5f5ff1 c9fc9ace48f7458c92190f03aaa1c7f6 dfddccc2d62c44579b624c95103e84ab - - default default] Method 'is_advsvc' is deprecated since 2023.2 release (neutron-lib 3.8.0) and will be removed once support for the old RBAC API policies will be removed from Neutron. Please use method 'is_service_role' instead.
2026-06-02 22:37:00.746 10 INFO neutron.api.wsgi [None req-6c34f9f9-f6b7-4d04-8acd-f9840072480f ef9431564eb743c9882dee4928ccf684 a39275425c5d4935bd47dbb81ee2a16c - - default default] 10.0.0.52 "GET /v2.0/networks HTTP/1.1" status: 200 len: 5974 time: 0.1281574
2026-06-02 22:37:00.798 10 INFO neutron.api.wsgi [None req-ff6cffd6-cd38-456b-81d3-87bdfc540a40 ef9431564eb743c9882dee4928ccf684 a39275425c5d4935bd47dbb81ee2a16c - - default default] 10.0.0.52 "GET /v2.0/subnets HTTP/1.1" status: 200 len: 2829 time: 0.0479016
2026-06-02 22:37:00.839 10 INFO neutron.api.wsgi [None req-054293dd-abd5-4430-8b28-760dcded3039 ef9431564eb743c9882dee4928ccf684 a39275425c5d4935bd47dbb81ee2a16c - - default default] 10.0.0.52 "GET /v2.0/subnets HTTP/1.1" status: 200 len: 2829 time: 0.0378673
2026-06-02 22:37:00.852 10 INFO neutron.api.wsgi [None req-dd957b29-487d-465b-a2a8-43a99feb796b ef9431564eb743c9882dee4928ccf684 a39275425c5d4935bd47dbb81ee2a16c - - default default] 10.0.0.52 "GET /v2.0/subnetpools HTTP/1.1" status: 200 len: 193 time: 0.0113740
2026-06-02 22:37:00.927 10 INFO neutron.api.wsgi [None req-f31f32ec-6f57-457a-82b8-85290450a0e8 ef9431564eb743c9882dee4928ccf684 a39275425c5d4935bd47dbb81ee2a16c - - default default] 10.0.0.52 "GET /v2.0/security-groups HTTP/1.1" status: 200 len: 34492 time: 0.0734336
2026-06-02 22:37:01.005 10 INFO neutron.api.wsgi [None req-c700e242-d6f7-4c7d-854d-f657b8447e6c ef9431564eb743c9882dee4928ccf684 a39275425c5d4935bd47dbb81ee2a16c - - default default] 10.0.0.52 "GET /v2.0/routers HTTP/1.1" status: 200 len: 2117 time: 0.0705342
2026-06-02 22:37:01.006 10 WARNING neutron.scheduler.dhcp_agent_scheduler [None req-49a50940-2ca5-4f70-a6e8-920e3d5f5ff1 c9fc9ace48f7458c92190f03aaa1c7f6 dfddccc2d62c44579b624c95103e84ab - - default default] No more DHCP agents
2026-06-02 22:37:01.008 10 WARNING neutron.api.rpc.agentnotifiers.dhcp_rpc_agent_api [None req-49a50940-2ca5-4f70-a6e8-920e3d5f5ff1 c9fc9ace48f7458c92190f03aaa1c7f6 dfddccc2d62c44579b624c95103e84ab - - default default] Unable to schedule network bf2036b4-17af-48bf-95ca-a30b42f3daf1: no agents available; will retry on subsequent port and subnet creation events. /var/lib/openstack/lib/python3.12/site-packages/pycadf/identifier.py:71: UserWarning: Invalid uuid: neutron. To ensure interoperability, identifiers should be a valid uuid. warnings.warn(('Invalid uuid: %s. To ensure interoperability, '
2026-06-02 22:37:01.017 10 INFO neutron.api.wsgi [None req-ad15305d-9815-44af-8c51-4c03b994235b ef9431564eb743c9882dee4928ccf684 a39275425c5d4935bd47dbb81ee2a16c - - default default] 10.0.0.52 "GET /v2.0/agents?binary=ovn-controller HTTP/1.1" status: 200 len: 591 time: 0.0100369
2026-06-02 22:37:01.067 10 INFO neutron.api.wsgi [None req-d50d7d4a-eb43-4042-88cf-8f8bd3d6228a ef9431564eb743c9882dee4928ccf684 a39275425c5d4935bd47dbb81ee2a16c - - default default] 10.0.0.52 "GET /v2.0/floatingips HTTP/1.1" status: 200 len: 1879 time: 0.0489883
2026-06-02 22:37:01.084 10 INFO neutron.api.wsgi [None req-e0cfd1ce-e0a1-497d-8f00-57907d2643c5 ef9431564eb743c9882dee4928ccf684 a39275425c5d4935bd47dbb81ee2a16c - - default default] 10.0.0.52 "GET /v2.0/agents HTTP/1.1" status: 200 len: 1390 time: 0.0105720
2026-06-02 22:37:01.099 10 INFO neutron.api.wsgi [None req-dae55ee9-8708-4777-9cf0-a2ebd18b7a77 ef9431564eb743c9882dee4928ccf684 a39275425c5d4935bd47dbb81ee2a16c - - default default] 10.0.0.52 "GET /v2.0/network-ip-availabilities HTTP/1.1" status: 200 len: 3006 time: 0.0132308
2026-06-02 22:37:01.108 10 INFO neutron.db.ovn_revision_numbers_db [None req-49a50940-2ca5-4f70-a6e8-920e3d5f5ff1 c9fc9ace48f7458c92190f03aaa1c7f6 dfddccc2d62c44579b624c95103e84ab - - default default] Successfully bumped revision number for resource e6e62298-88d7-4075-b8e0-a9ad69c85e11 (type: ports) to 1
2026-06-02 22:37:01.135 10 INFO neutron.api.wsgi [None req-49a50940-2ca5-4f70-a6e8-920e3d5f5ff1 c9fc9ace48f7458c92190f03aaa1c7f6 dfddccc2d62c44579b624c95103e84ab - - default default] 10.0.0.127 "POST /v2.0/ports HTTP/1.1" status: 201 len: 942 time: 0.4833272
2026-06-02 22:37:01.148 10 WARNING neutron_lib.context [None req-37da96c9-6bfd-4af9-9b89-281ae1f9e891 c9fc9ace48f7458c92190f03aaa1c7f6 dfddccc2d62c44579b624c95103e84ab - - default default] Method 'is_advsvc' is deprecated since 2023.2 release (neutron-lib 3.8.0) and will be removed once support for the old RBAC API policies will be removed from Neutron. Please use method 'is_service_role' instead.
2026-06-02 22:37:01.189 10 INFO neutron.api.wsgi [None req-95a75f52-0b4f-4daa-9478-33038a8202a3 ef9431564eb743c9882dee4928ccf684 a39275425c5d4935bd47dbb81ee2a16c - - default default] 10.0.0.52 "GET /v2.0/ports HTTP/1.1" status: 200 len: 21541 time: 0.0867181
2026-06-02 22:37:01.340 10 INFO neutron.api.wsgi [None req-37da96c9-6bfd-4af9-9b89-281ae1f9e891 c9fc9ace48f7458c92190f03aaa1c7f6 dfddccc2d62c44579b624c95103e84ab - - default default] 10.0.0.127 "POST /v2.0/trunks HTTP/1.1" status: 201 len: 608 time: 0.1988451
2026-06-02 22:37:01.350 10 WARNING neutron_lib.context [None req-b0f4a493-2625-4a71-9c4c-e5b98aff9c5f c9fc9ace48f7458c92190f03aaa1c7f6 dfddccc2d62c44579b624c95103e84ab - - default default] Method 'is_advsvc' is deprecated since 2023.2 release (neutron-lib 3.8.0) and will be removed once support for the old RBAC API policies will be removed from Neutron. Please use method 'is_service_role' instead.
2026-06-02 22:37:01.443 10 INFO neutron.db.segments_db [None req-b0f4a493-2625-4a71-9c4c-e5b98aff9c5f c9fc9ace48f7458c92190f03aaa1c7f6 dfddccc2d62c44579b624c95103e84ab - - default default] Added segment fec721df-f247-47cf-acae-a2d44067f058 of type geneve for network 675e32b8-15bf-4a39-8de0-d59e92a39809
2026-06-02 22:37:01.575 10 INFO neutron.db.ovn_revision_numbers_db [None req-b0f4a493-2625-4a71-9c4c-e5b98aff9c5f c9fc9ace48f7458c92190f03aaa1c7f6 dfddccc2d62c44579b624c95103e84ab - - default default] Successfully bumped revision number for resource 675e32b8-15bf-4a39-8de0-d59e92a39809 (type: networks) to 1
2026-06-02 22:37:01.727 10 WARNING neutron.scheduler.dhcp_agent_scheduler [None req-b0f4a493-2625-4a71-9c4c-e5b98aff9c5f c9fc9ace48f7458c92190f03aaa1c7f6 dfddccc2d62c44579b624c95103e84ab - - default default] No more DHCP agents
2026-06-02 22:37:01.729 10 WARNING neutron.api.rpc.agentnotifiers.dhcp_rpc_agent_api [None req-b0f4a493-2625-4a71-9c4c-e5b98aff9c5f c9fc9ace48f7458c92190f03aaa1c7f6 dfddccc2d62c44579b624c95103e84ab - - default default] Unable to schedule network 675e32b8-15bf-4a39-8de0-d59e92a39809: no agents available; will retry on subsequent port and subnet creation events.
2026-06-02 22:37:01.787 10 INFO neutron.db.ovn_revision_numbers_db [None req-b0f4a493-2625-4a71-9c4c-e5b98aff9c5f c9fc9ace48f7458c92190f03aaa1c7f6 dfddccc2d62c44579b624c95103e84ab - - default default] Successfully bumped revision number for resource 537e94ea-a7ba-4341-9164-5805f51e1392 (type: ports) to 1
2026-06-02 22:37:01.810 10 INFO neutron.api.wsgi [None req-b0f4a493-2625-4a71-9c4c-e5b98aff9c5f c9fc9ace48f7458c92190f03aaa1c7f6 dfddccc2d62c44579b624c95103e84ab - - default default] 10.0.0.127 "POST /v2.0/networks HTTP/1.1" status: 201 len: 830 time: 0.4651270
2026-06-02 22:37:01.820 10 WARNING neutron_lib.context [None req-5ce00a46-cd3e-4325-b007-aba47ac58afd c9fc9ace48f7458c92190f03aaa1c7f6 dfddccc2d62c44579b624c95103e84ab - - default default] Method 'is_advsvc' is deprecated since 2023.2 release (neutron-lib 3.8.0) and will be removed once support for the old RBAC API policies will be removed from Neutron. Please use method 'is_service_role' instead.
2026-06-02 22:37:02.031 10 WARNING neutron.scheduler.dhcp_agent_scheduler [None req-5ce00a46-cd3e-4325-b007-aba47ac58afd c9fc9ace48f7458c92190f03aaa1c7f6 dfddccc2d62c44579b624c95103e84ab - - default default] No more DHCP agents
2026-06-02 22:37:02.032 10 WARNING neutron.api.rpc.agentnotifiers.dhcp_rpc_agent_api [None req-5ce00a46-cd3e-4325-b007-aba47ac58afd c9fc9ace48f7458c92190f03aaa1c7f6 dfddccc2d62c44579b624c95103e84ab - - default default] Unable to schedule network 675e32b8-15bf-4a39-8de0-d59e92a39809: no agents available; will retry on subsequent port and subnet creation events.
2026-06-02 22:37:02.094 10 INFO neutron.db.ovn_revision_numbers_db [None req-5ce00a46-cd3e-4325-b007-aba47ac58afd c9fc9ace48f7458c92190f03aaa1c7f6 dfddccc2d62c44579b624c95103e84ab - - default default] Successfully bumped revision number for resource ffe01847-d828-4144-9765-d44e3b56360b (type: ports) to 1
2026-06-02 22:37:02.116 10 INFO neutron.api.wsgi [None req-5ce00a46-cd3e-4325-b007-aba47ac58afd c9fc9ace48f7458c92190f03aaa1c7f6 dfddccc2d62c44579b624c95103e84ab - - default default] 10.0.0.127 "POST /v2.0/ports HTTP/1.1" status: 201 len: 942 time: 0.2999799 /var/lib/openstack/lib/python3.12/site-packages/pycadf/identifier.py:71: UserWarning: Invalid uuid: neutron. To ensure interoperability, identifiers should be a valid uuid. warnings.warn(('Invalid uuid: %s. To ensure interoperability, '
2026-06-02 22:37:02.127 10 WARNING neutron_lib.context [None req-1414b977-9ce9-453d-9344-d39103ce1226 c9fc9ace48f7458c92190f03aaa1c7f6 dfddccc2d62c44579b624c95103e84ab - - default default] Method 'is_advsvc' is deprecated since 2023.2 release (neutron-lib 3.8.0) and will be removed once support for the old RBAC API policies will be removed from Neutron. Please use method 'is_service_role' instead.
2026-06-02 22:37:02.276 10 INFO neutron.api.wsgi [None req-1414b977-9ce9-453d-9344-d39103ce1226 c9fc9ace48f7458c92190f03aaa1c7f6 dfddccc2d62c44579b624c95103e84ab - - default default] 10.0.0.127 "POST /v2.0/trunks HTTP/1.1" status: 201 len: 608 time: 0.1559846
2026-06-02 22:37:02.286 10 WARNING neutron_lib.context [None req-eaf3b65a-147c-41bb-8559-cfb8f60df266 c9fc9ace48f7458c92190f03aaa1c7f6 dfddccc2d62c44579b624c95103e84ab - - default default] Method 'is_advsvc' is deprecated since 2023.2 release (neutron-lib 3.8.0) and will be removed once support for the old RBAC API policies will be removed from Neutron. Please use method 'is_service_role' instead.
2026-06-02 22:37:02.375 10 INFO neutron.db.segments_db [None req-eaf3b65a-147c-41bb-8559-cfb8f60df266 c9fc9ace48f7458c92190f03aaa1c7f6 dfddccc2d62c44579b624c95103e84ab - - default default] Added segment a507e184-1679-4ac2-a3e1-7a461f2ec10b of type geneve for network 5eac322f-2bdf-483a-993c-b8ddc167a487
2026-06-02 22:37:02.476 10 INFO neutron.db.ovn_revision_numbers_db [None req-eaf3b65a-147c-41bb-8559-cfb8f60df266 c9fc9ace48f7458c92190f03aaa1c7f6 dfddccc2d62c44579b624c95103e84ab - - default default] Successfully bumped revision number for resource 5eac322f-2bdf-483a-993c-b8ddc167a487 (type: networks) to 1
2026-06-02 22:37:02.634 10 WARNING neutron.scheduler.dhcp_agent_scheduler [None req-eaf3b65a-147c-41bb-8559-cfb8f60df266 c9fc9ace48f7458c92190f03aaa1c7f6 dfddccc2d62c44579b624c95103e84ab - - default default] No more DHCP agents
2026-06-02 22:37:02.635 10 WARNING neutron.api.rpc.agentnotifiers.dhcp_rpc_agent_api [None req-eaf3b65a-147c-41bb-8559-cfb8f60df266 c9fc9ace48f7458c92190f03aaa1c7f6 dfddccc2d62c44579b624c95103e84ab - - default default] Unable to schedule network 5eac322f-2bdf-483a-993c-b8ddc167a487: no agents available; will retry on subsequent port and subnet creation events.
2026-06-02 22:37:02.645 9 INFO neutron.api.wsgi [-] 10.0.0.11 "GET / HTTP/1.1" status: 200 len: 246 time: 0.0026722
2026-06-02 22:37:02.647 9 INFO neutron.api.wsgi [-] 10.0.0.11 "GET / HTTP/1.1" status: 200 len: 246 time: 0.0011697
2026-06-02 22:37:02.714 10 INFO neutron.db.ovn_revision_numbers_db [None req-eaf3b65a-147c-41bb-8559-cfb8f60df266 c9fc9ace48f7458c92190f03aaa1c7f6 dfddccc2d62c44579b624c95103e84ab - - default default] Successfully bumped revision number for resource e579a4fd-cbc7-4306-9e37-c26c39797e5e (type: ports) to 1
2026-06-02 22:37:02.744 10 INFO neutron.api.wsgi [None req-eaf3b65a-147c-41bb-8559-cfb8f60df266 c9fc9ace48f7458c92190f03aaa1c7f6 dfddccc2d62c44579b624c95103e84ab - - default default] 10.0.0.127 "POST /v2.0/networks HTTP/1.1" status: 201 len: 831 time: 0.4617596
2026-06-02 22:37:02.754 10 WARNING neutron_lib.context [None req-47bc57f8-518d-49f2-ab40-7d3e7d628126 c9fc9ace48f7458c92190f03aaa1c7f6 dfddccc2d62c44579b624c95103e84ab - - default default] Method 'is_advsvc' is deprecated since 2023.2 release (neutron-lib 3.8.0) and will be removed once support for the old RBAC API policies will be removed from Neutron. Please use method 'is_service_role' instead.
2026-06-02 22:37:02.865 9 INFO neutron.api.wsgi [req-4484708c-9059-4b94-862a-569f08de5adb req-5995eb8d-6bfa-45b4-b0ca-958764fb1891 86522596c94245479eef5d0926326a20 1792dd84f79b4d8293e2c1f6eea1db25 - - 4c9fd5d11ba8420cb8bdb12be613f9dd 4c9fd5d11ba8420cb8bdb12be613f9dd] 10.0.0.153 "GET /v2.0/ports?device_id=8de296fb-2e91-486e-b5db-ddea74bd8b14 HTTP/1.1" status: 200 len: 1409 time: 0.0468266
2026-06-02 22:37:02.916 9 INFO neutron.api.wsgi [req-4484708c-9059-4b94-862a-569f08de5adb req-42007d68-dbd0-4faa-9bd9-24e3d9a8e2a9 86522596c94245479eef5d0926326a20 1792dd84f79b4d8293e2c1f6eea1db25 - - 4c9fd5d11ba8420cb8bdb12be613f9dd 4c9fd5d11ba8420cb8bdb12be613f9dd] 10.0.0.153 "GET /v2.0/security-groups?id=614606e2-3e47-4bbc-9181-8013e0efef43&fields=id&fields=name HTTP/1.1" status: 200 len: 312 time: 0.0434904
2026-06-02 22:37:03.008 10 WARNING neutron.scheduler.dhcp_agent_scheduler [None req-47bc57f8-518d-49f2-ab40-7d3e7d628126 c9fc9ace48f7458c92190f03aaa1c7f6 dfddccc2d62c44579b624c95103e84ab - - default default] No more DHCP agents
2026-06-02 22:37:03.009 10 WARNING neutron.api.rpc.agentnotifiers.dhcp_rpc_agent_api [None req-47bc57f8-518d-49f2-ab40-7d3e7d628126 c9fc9ace48f7458c92190f03aaa1c7f6 dfddccc2d62c44579b624c95103e84ab - - default default] Unable to schedule network 5eac322f-2bdf-483a-993c-b8ddc167a487: no agents available; will retry on subsequent port and subnet creation events.
2026-06-02 22:37:03.091 10 INFO neutron.db.ovn_revision_numbers_db [None req-47bc57f8-518d-49f2-ab40-7d3e7d628126 c9fc9ace48f7458c92190f03aaa1c7f6 dfddccc2d62c44579b624c95103e84ab - - default default] Successfully bumped revision number for resource 54104748-0d32-400a-91bb-2fbe300207d0 (type: ports) to 1
2026-06-02 22:37:03.115 10 INFO neutron.api.wsgi [None req-47bc57f8-518d-49f2-ab40-7d3e7d628126 c9fc9ace48f7458c92190f03aaa1c7f6 dfddccc2d62c44579b624c95103e84ab - - default default] 10.0.0.127 "POST /v2.0/ports HTTP/1.1" status: 201 len: 942 time: 0.3661032 /var/lib/openstack/lib/python3.12/site-packages/pycadf/identifier.py:71: UserWarning: Invalid uuid: neutron. To ensure interoperability, identifiers should be a valid uuid. warnings.warn(('Invalid uuid: %s. To ensure interoperability, '
2026-06-02 22:37:03.126 10 WARNING neutron_lib.context [None req-59eb9540-0542-4f18-83ab-528a238de77b c9fc9ace48f7458c92190f03aaa1c7f6 dfddccc2d62c44579b624c95103e84ab - - default default] Method 'is_advsvc' is deprecated since 2023.2 release (neutron-lib 3.8.0) and will be removed once support for the old RBAC API policies will be removed from Neutron. Please use method 'is_service_role' instead.
2026-06-02 22:37:03.299 10 INFO neutron.api.wsgi [None req-59eb9540-0542-4f18-83ab-528a238de77b c9fc9ace48f7458c92190f03aaa1c7f6 dfddccc2d62c44579b624c95103e84ab - - default default] 10.0.0.127 "POST /v2.0/trunks HTTP/1.1" status: 201 len: 608 time: 0.1777570
2026-06-02 22:37:03.336 10 INFO neutron.api.wsgi [None req-d951ca69-5a27-4356-9046-0ff7a78c9396 c9fc9ace48f7458c92190f03aaa1c7f6 dfddccc2d62c44579b624c95103e84ab - - default default] 10.0.0.127 "PUT /v2.0/trunks/6b59f860-8742-49c7-96ba-0c5f5190bca0/tags HTTP/1.1" status: 200 len: 210 time: 0.0305402
2026-06-02 22:37:03.366 10 INFO neutron.api.wsgi [None req-ee14dfdb-e615-4b42-9250-b2b829b7784d c9fc9ace48f7458c92190f03aaa1c7f6 dfddccc2d62c44579b624c95103e84ab - - default default] 10.0.0.127 "PUT /v2.0/trunks/58138e92-aedf-44b3-aafb-f9b153e4e091/tags HTTP/1.1" status: 200 len: 218 time: 0.0251110
2026-06-02 22:37:03.400 10 INFO neutron.api.wsgi [None req-6d241305-daec-4366-8f75-8e88bba2f353 c9fc9ace48f7458c92190f03aaa1c7f6 dfddccc2d62c44579b624c95103e84ab - - default default] 10.0.0.127 "PUT /v2.0/trunks/34f24188-b85c-455f-baba-6e41042cc4f1/tags HTTP/1.1" status: 200 len: 227 time: 0.0293181
2026-06-02 22:37:03.435 10 INFO neutron.api.wsgi [None req-c284c079-7698-47f2-abe5-33673e409aaf c9fc9ace48f7458c92190f03aaa1c7f6 dfddccc2d62c44579b624c95103e84ab - - default default] 10.0.0.127 "PUT /v2.0/trunks/6c58cdc9-e1c1-44d7-bcee-a4711b942602/tags HTTP/1.1" status: 200 len: 212 time: 0.0280352
2026-06-02 22:37:03.453 10 INFO neutron.api.wsgi [None req-567938c8-4516-462b-b040-7f27581711c9 c9fc9ace48f7458c92190f03aaa1c7f6 dfddccc2d62c44579b624c95103e84ab - - default default] 10.0.0.127 "GET /v2.0/trunks?tags=red HTTP/1.1" status: 200 len: 1447 time: 0.0141466
2026-06-02 22:37:03.473 10 INFO neutron.api.wsgi [None req-bae909c2-fdd1-4831-8752-7a495aaa2528 c9fc9ace48f7458c92190f03aaa1c7f6 dfddccc2d62c44579b624c95103e84ab - - default default] 10.0.0.127 "GET /v2.0/trunks?tags=red%2Cblue HTTP/1.1" status: 200 len: 1041 time: 0.0154235
2026-06-02 22:37:03.492 10 INFO neutron.api.wsgi [None req-95b0ebe0-18e9-4f21-8e05-8e7947b31fbb c9fc9ace48f7458c92190f03aaa1c7f6 dfddccc2d62c44579b624c95103e84ab - - default default] 10.0.0.127 "GET /v2.0/trunks?tags-any=blue HTTP/1.1" status: 200 len: 1041 time: 0.0142312
2026-06-02 22:37:03.511 10 INFO neutron.api.wsgi [None req-f238783a-d893-403a-9248-2baa920a6192 c9fc9ace48f7458c92190f03aaa1c7f6 dfddccc2d62c44579b624c95103e84ab - - default default] 10.0.0.127 "GET /v2.0/trunks?tags-any=red%2Cblue HTTP/1.1" status: 200 len: 1447 time: 0.0154979
2026-06-02 22:37:03.535 9 INFO neutron.api.wsgi [None req-e83eb4ed-3918-482f-91fd-20ce4d4a7195 c9fc9ace48f7458c92190f03aaa1c7f6 dfddccc2d62c44579b624c95103e84ab - - default default] 10.0.0.127 "GET /v2.0/trunks?not-tags=red HTTP/1.1" status: 200 len: 1013 time: 0.0189528
2026-06-02 22:37:03.554 9 INFO neutron.api.wsgi [None req-5ee8375b-8769-4002-8fd5-6b8e08d3cb56 c9fc9ace48f7458c92190f03aaa1c7f6 dfddccc2d62c44579b624c95103e84ab - - default default] 10.0.0.127 "GET /v2.0/trunks?not-tags=red%2Cblue HTTP/1.1" status: 200 len: 1419 time: 0.0154552
2026-06-02 22:37:03.577 10 INFO neutron.api.wsgi [None req-01dfad5d-13f0-4e85-9778-9a72d135bed4 c9fc9ace48f7458c92190f03aaa1c7f6 dfddccc2d62c44579b624c95103e84ab - - default default] 10.0.0.127 "GET /v2.0/trunks?not-tags-any=blue HTTP/1.1" status: 200 len: 1419 time: 0.0180149
2026-06-02 22:37:03.595 10 INFO neutron.api.wsgi [None req-f58382c2-24c5-4c94-83d6-db1e854356d8 c9fc9ace48f7458c92190f03aaa1c7f6 dfddccc2d62c44579b624c95103e84ab - - default default] 10.0.0.127 "GET /v2.0/trunks?not-tags-any=red%2Cblue HTTP/1.1" status: 200 len: 1013 time: 0.0142722
2026-06-02 22:37:03.619 10 INFO neutron.api.wsgi [None req-a80bbe7e-3175-411b-abad-f6b1bf1c1c42 c9fc9ace48f7458c92190f03aaa1c7f6 dfddccc2d62c44579b624c95103e84ab - - default default] 10.0.0.127 "GET /v2.0/trunks/6b59f860-8742-49c7-96ba-0c5f5190bca0 HTTP/1.1" status: 200 len: 608 time: 0.0179281
2026-06-02 22:37:03.702 10 INFO neutron.api.wsgi [None req-a7feefa4-c7f4-4c73-b119-222691c910b5 c9fc9ace48f7458c92190f03aaa1c7f6 dfddccc2d62c44579b624c95103e84ab - - default default] 10.0.0.127 "GET /v2.0/ports/347cf0bc-833a-4f47-82f1-dd364992da53 HTTP/1.1" status: 200 len: 1020 time: 0.0786881
