2026-06-02 22:36:17.278 10 INFO neutron.api.wsgi [None req-b9dd075a-1dae-48e6-ba85-90a5ed72ac9b 7bde5187daf24929a97df2529c346fbc d3af2afe5ef44838bea00b1ca15ad1e0 - - default default] 10.0.0.127 "PUT /v2.0/routers/bff03e25-e9e2-4994-a641-cf01314af205/remove_router_interface HTTP/1.1" status: 200 len: 503 time: 0.5362229 /var/lib/openstack/lib/python3.12/site-packages/pycadf/identifier.py:71: UserWarning: Invalid uuid: neutron. To ensure interoperability, identifiers should be a valid uuid. warnings.warn(('Invalid uuid: %s. To ensure interoperability, '
2026-06-02 22:36:17.311 10 INFO neutron.api.wsgi [None req-973b8cce-54e1-4a44-8c75-599939919ca6 7bde5187daf24929a97df2529c346fbc d3af2afe5ef44838bea00b1ca15ad1e0 - - default default] 10.0.0.127 "GET /v2.0/ports?device_id=bff03e25-e9e2-4994-a641-cf01314af205 HTTP/1.1" status: 200 len: 205 time: 0.0278542 /var/lib/openstack/lib/python3.12/site-packages/pycadf/identifier.py:71: UserWarning: Invalid uuid: neutron. To ensure interoperability, identifiers should be a valid uuid. warnings.warn(('Invalid uuid: %s. To ensure interoperability, '
2026-06-02 22:36:17.407 9 WARNING neutron.scheduler.dhcp_agent_scheduler [None req-46efc431-b1c9-4267-b6aa-c5334fceb85b 8ded645b17704af7a3d00337987b69c1 7b712a22d75e4e8396982d339d49e75e - - default default] No more DHCP agents
2026-06-02 22:36:17.409 9 WARNING neutron.api.rpc.agentnotifiers.dhcp_rpc_agent_api [None req-46efc431-b1c9-4267-b6aa-c5334fceb85b 8ded645b17704af7a3d00337987b69c1 7b712a22d75e4e8396982d339d49e75e - - default default] Unable to schedule network 198f0457-200f-410a-aaaf-0bb968608d5b: no agents available; will retry on subsequent port and subnet creation events.
2026-06-02 22:36:17.510 9 INFO neutron.api.wsgi [None req-a8bf4caa-f26f-4cab-a2a1-dd19141a48de 7bde5187daf24929a97df2529c346fbc d3af2afe5ef44838bea00b1ca15ad1e0 - - default default] 10.0.0.127 "DELETE /v2.0/routers/bff03e25-e9e2-4994-a641-cf01314af205 HTTP/1.1" status: 204 len: 168 time: 0.1952240 /var/lib/openstack/lib/python3.12/site-packages/pycadf/identifier.py:71: UserWarning: Invalid uuid: neutron. To ensure interoperability, identifiers should be a valid uuid. warnings.warn(('Invalid uuid: %s. To ensure interoperability, '
2026-06-02 22:36:17.591 10 INFO neutron.api.wsgi [None req-c7700db9-689d-4838-8058-b32290e90236 ef9431564eb743c9882dee4928ccf684 a39275425c5d4935bd47dbb81ee2a16c - - default default] 10.0.0.127 "GET /v2.0/security-groups?tenant_id=56753ebd67cb41e0b4017c4fb1941e7d&name=default HTTP/1.1" status: 200 len: 3120 time: 0.1506174
2026-06-02 22:36:17.601 9 INFO neutron.db.ovn_revision_numbers_db [None req-46efc431-b1c9-4267-b6aa-c5334fceb85b 8ded645b17704af7a3d00337987b69c1 7b712a22d75e4e8396982d339d49e75e - - default default] Successfully bumped revision number for resource b124d8a3-6366-4c3d-87a9-92c865c4d440 (type: ports) to 1
2026-06-02 22:36:17.624 9 INFO neutron.api.wsgi [None req-46efc431-b1c9-4267-b6aa-c5334fceb85b 8ded645b17704af7a3d00337987b69c1 7b712a22d75e4e8396982d339d49e75e - - default default] 10.0.0.127 "POST /v2.0/ports HTTP/1.1" status: 201 len: 1149 time: 0.5097392
2026-06-02 22:36:17.644 9 INFO neutron.api.wsgi [-] 10.0.0.11 "GET / HTTP/1.1" status: 200 len: 246 time: 0.0016556
2026-06-02 22:36:17.646 9 INFO neutron.api.wsgi [-] 10.0.0.11 "GET / HTTP/1.1" status: 200 len: 246 time: 0.0012963
2026-06-02 22:36:17.668 9 INFO neutron.api.wsgi [None req-1f73e159-1777-4808-9a93-1e4ecabdc78e 7bde5187daf24929a97df2529c346fbc d3af2afe5ef44838bea00b1ca15ad1e0 - - default default] 10.0.0.127 "DELETE /v2.0/subnets/ed368821-bdea-432e-832d-07ca339ce96d HTTP/1.1" status: 204 len: 168 time: 0.1509981
2026-06-02 22:36:17.850 10 INFO neutron.api.wsgi [None req-7fc3d1b4-3be9-450d-933b-a42026842c15 ef9431564eb743c9882dee4928ccf684 a39275425c5d4935bd47dbb81ee2a16c - - default default] 10.0.0.127 "DELETE /v2.0/security-groups/82164233-ebbf-49af-badf-83f10db9b5a9 HTTP/1.1" status: 204 len: 168 time: 0.2539132
2026-06-02 22:36:17.956 10 INFO neutron.api.wsgi [None req-f1be9504-ab59-4995-9647-f479d2b3a24f 8ded645b17704af7a3d00337987b69c1 7b712a22d75e4e8396982d339d49e75e - - default default] 10.0.0.127 "DELETE /v2.0/ports/b124d8a3-6366-4c3d-87a9-92c865c4d440 HTTP/1.1" status: 204 len: 168 time: 0.3268294
2026-06-02 22:36:17.959 9 INFO neutron.api.wsgi [None req-db7b32eb-eee0-4096-b8d0-7cdbab05ed5a 7bde5187daf24929a97df2529c346fbc d3af2afe5ef44838bea00b1ca15ad1e0 - - default default] 10.0.0.127 "DELETE /v2.0/networks/3a63dab9-4ee8-4fcc-8aac-0a626f20756c HTTP/1.1" status: 204 len: 168 time: 0.2862453
2026-06-02 22:36:17.969 10 WARNING neutron_lib.context [None req-ca7839eb-7b59-4e5d-9b69-5e29e3b7a2b4 7bde5187daf24929a97df2529c346fbc d3af2afe5ef44838bea00b1ca15ad1e0 - - default default] Method 'is_advsvc' is deprecated since 2023.2 release (neutron-lib 3.8.0) and will be removed once support for the old RBAC API policies will be removed from Neutron. Please use method 'is_service_role' instead.
2026-06-02 22:36:17.972 9 INFO neutron.pecan_wsgi.hooks.translation [None req-185a0c84-d1e0-4b87-89af-4f8a8509fa28 8ded645b17704af7a3d00337987b69c1 7b712a22d75e4e8396982d339d49e75e - - default default] DELETE failed (client error): The resource could not be found.
2026-06-02 22:36:17.975 9 INFO neutron.api.wsgi [None req-185a0c84-d1e0-4b87-89af-4f8a8509fa28 8ded645b17704af7a3d00337987b69c1 7b712a22d75e4e8396982d339d49e75e - - default default] 10.0.0.127 "DELETE /v2.0/ports/b124d8a3-6366-4c3d-87a9-92c865c4d440 HTTP/1.1" status: 404 len: 333 time: 0.0136318
2026-06-02 22:36:17.990 9 INFO neutron.pecan_wsgi.hooks.translation [None req-841e8e4c-e559-4256-8d97-e6bfc83ad703 8ded645b17704af7a3d00337987b69c1 7b712a22d75e4e8396982d339d49e75e - - default default] GET failed (client error): The resource could not be found.
2026-06-02 22:36:17.991 9 INFO neutron.api.wsgi [None req-841e8e4c-e559-4256-8d97-e6bfc83ad703 8ded645b17704af7a3d00337987b69c1 7b712a22d75e4e8396982d339d49e75e - - default default] 10.0.0.127 "GET /v2.0/ports/b124d8a3-6366-4c3d-87a9-92c865c4d440 HTTP/1.1" status: 404 len: 333 time: 0.0132551
2026-06-02 22:36:18.036 10 INFO neutron.notifiers.nova [-] Nova event matching ['req-878a87ad-c0a0-4a89-9de1-cf39bbbc6b76'] response: {'server_uuid': 'a2cc8304-0057-457d-98f5-9ddd50c427a8', 'name': 'network-vif-deleted', 'tag': '58552c64-e882-4151-b3a1-0fb64edb5ee5', 'status': 'completed', 'code': 200}
2026-06-02 22:36:18.124 9 INFO neutron.api.wsgi [req-9eb24f9f-6b94-4b90-988d-96617a52687a req-19793913-b5ba-40dd-a56b-a9e30c4dd2c1 5ce3340a2e0e4a0db285a2c844e80509 2020c4d4235a4f458f7444a345aeae1e - - default default] 10.0.0.112 "GET /v2.0/ports?device_id=a2cc8304-0057-457d-98f5-9ddd50c427a8 HTTP/1.1" status: 200 len: 210 time: 0.0192289
2026-06-02 22:36:18.146 9 INFO neutron.api.wsgi [None req-c10197db-ab87-4401-9047-c473c2cc4731 8ded645b17704af7a3d00337987b69c1 7b712a22d75e4e8396982d339d49e75e - - default default] 10.0.0.127 "DELETE /v2.0/subnets/592f36d5-b591-4120-b608-c58e63d63e02 HTTP/1.1" status: 204 len: 168 time: 0.1520584
2026-06-02 22:36:18.179 9 INFO neutron.services.segments.plugin [-] Segment 7b2444c1-1fb7-4395-a874-250f33084596 resource provider aggregate not found
2026-06-02 22:36:18.183 9 INFO neutron.services.segments.plugin [-] Segment 7b2444c1-1fb7-4395-a874-250f33084596 resource provider aggregate not found
2026-06-02 22:36:18.188 9 INFO neutron.services.segments.plugin [-] Segment 7b2444c1-1fb7-4395-a874-250f33084596 resource provider not found; error: Placement Client Error (4xx): {"errors": [{"status": 404, "title": "Not Found", "detail": "The resource could not be found.\n\n No resource provider with uuid 7b2444c1-1fb7-4395-a874-250f33084596 found for delete ", "request_id": "req-71280c19-b859-430d-96a2-8b0bb2f13a75"}]}
2026-06-02 22:36:18.197 9 INFO neutron.services.segments.plugin [-] Segment 7b2444c1-1fb7-4395-a874-250f33084596 resource provider not found; error: Placement Client Error (4xx): {"errors": [{"status": 404, "title": "Not Found", "detail": "The resource could not be found.\n\n No resource provider with uuid 7b2444c1-1fb7-4395-a874-250f33084596 found for delete ", "request_id": "req-b38caad9-9c08-4f75-b34d-8ee4451b8dcd"}]}
2026-06-02 22:36:18.199 9 INFO neutron.services.segments.plugin [-] Segment c4c1a11b-503f-4f72-b085-40194524ab54 resource provider aggregate not found
2026-06-02 22:36:18.206 9 INFO neutron.services.segments.plugin [-] Segment c4c1a11b-503f-4f72-b085-40194524ab54 resource provider aggregate not found
2026-06-02 22:36:18.211 9 INFO neutron.services.segments.plugin [-] Segment c4c1a11b-503f-4f72-b085-40194524ab54 resource provider not found; error: Placement Client Error (4xx): {"errors": [{"status": 404, "title": "Not Found", "detail": "The resource could not be found.\n\n No resource provider with uuid c4c1a11b-503f-4f72-b085-40194524ab54 found for delete ", "request_id": "req-27254156-fa61-45b3-a027-70e45886aed2"}]}
2026-06-02 22:36:18.221 9 INFO neutron.services.segments.plugin [-] Segment c4c1a11b-503f-4f72-b085-40194524ab54 resource provider not found; error: Placement Client Error (4xx): {"errors": [{"status": 404, "title": "Not Found", "detail": "The resource could not be found.\n\n No resource provider with uuid c4c1a11b-503f-4f72-b085-40194524ab54 found for delete ", "request_id": "req-778589ca-3353-48bf-9bde-6e08a99de31e"}]}
2026-06-02 22:36:18.224 9 INFO neutron.services.segments.plugin [-] Segment 639707ce-bb85-4471-8a82-ba4b183286de resource provider aggregate not found
2026-06-02 22:36:18.234 9 INFO neutron.services.segments.plugin [-] Segment 639707ce-bb85-4471-8a82-ba4b183286de resource provider not found; error: Placement Client Error (4xx): {"errors": [{"status": 404, "title": "Not Found", "detail": "The resource could not be found.\n\n No resource provider with uuid 639707ce-bb85-4471-8a82-ba4b183286de found for delete ", "request_id": "req-c766cacc-fb91-4703-b167-88fcf9eb70f4"}]}
2026-06-02 22:36:18.235 9 INFO neutron.services.segments.plugin [-] Segment 639707ce-bb85-4471-8a82-ba4b183286de resource provider aggregate not found
2026-06-02 22:36:18.245 9 INFO neutron.services.segments.plugin [-] Segment 639707ce-bb85-4471-8a82-ba4b183286de resource provider not found; error: Placement Client Error (4xx): {"errors": [{"status": 404, "title": "Not Found", "detail": "The resource could not be found.\n\n No resource provider with uuid 639707ce-bb85-4471-8a82-ba4b183286de found for delete ", "request_id": "req-43a09561-43f8-4687-854d-b4dd49bacce0"}]}
2026-06-02 22:36:18.332 10 WARNING neutron.scheduler.dhcp_agent_scheduler [None req-ca7839eb-7b59-4e5d-9b69-5e29e3b7a2b4 7bde5187daf24929a97df2529c346fbc d3af2afe5ef44838bea00b1ca15ad1e0 - - default default] No more DHCP agents
2026-06-02 22:36:18.333 10 WARNING neutron.api.rpc.agentnotifiers.dhcp_rpc_agent_api [None req-ca7839eb-7b59-4e5d-9b69-5e29e3b7a2b4 7bde5187daf24929a97df2529c346fbc d3af2afe5ef44838bea00b1ca15ad1e0 - - default default] Unable to schedule network 80ebe74c-8e72-4aaa-874f-4d5c8ac79819: no agents available; will retry on subsequent port and subnet creation events.
2026-06-02 22:36:18.444 10 INFO neutron.db.ovn_revision_numbers_db [None req-ca7839eb-7b59-4e5d-9b69-5e29e3b7a2b4 7bde5187daf24929a97df2529c346fbc d3af2afe5ef44838bea00b1ca15ad1e0 - - default default] Successfully bumped revision number for resource 7c4f4cb4-e936-4f1c-8513-cb49cba9a5f7 (type: ports) to 1
2026-06-02 22:36:18.467 9 INFO neutron.api.wsgi [None req-a263052b-b813-402f-8a9b-d1beccc50d68 8ded645b17704af7a3d00337987b69c1 7b712a22d75e4e8396982d339d49e75e - - default default] 10.0.0.127 "DELETE /v2.0/networks/198f0457-200f-410a-aaaf-0bb968608d5b HTTP/1.1" status: 204 len: 168 time: 0.3153353
2026-06-02 22:36:18.476 9 WARNING neutron_lib.context [None req-5589ff5c-c8bb-4be7-ab7e-578c873830b0 8ded645b17704af7a3d00337987b69c1 7b712a22d75e4e8396982d339d49e75e - - default default] Method 'is_advsvc' is deprecated since 2023.2 release (neutron-lib 3.8.0) and will be removed once support for the old RBAC API policies will be removed from Neutron. Please use method 'is_service_role' instead.
2026-06-02 22:36:18.558 9 INFO neutron.db.segments_db [None req-5589ff5c-c8bb-4be7-ab7e-578c873830b0 8ded645b17704af7a3d00337987b69c1 7b712a22d75e4e8396982d339d49e75e - - default default] Added segment 6fcb3f09-c6af-44fa-adaa-e61b06373c08 of type geneve for network bc4bb929-036a-46cd-a6f7-0c44940514f0
2026-06-02 22:36:18.660 9 INFO neutron.db.ovn_revision_numbers_db [None req-5589ff5c-c8bb-4be7-ab7e-578c873830b0 8ded645b17704af7a3d00337987b69c1 7b712a22d75e4e8396982d339d49e75e - - default default] Successfully bumped revision number for resource bc4bb929-036a-46cd-a6f7-0c44940514f0 (type: networks) to 1
2026-06-02 22:36:18.821 9 WARNING neutron.scheduler.dhcp_agent_scheduler [None req-5589ff5c-c8bb-4be7-ab7e-578c873830b0 8ded645b17704af7a3d00337987b69c1 7b712a22d75e4e8396982d339d49e75e - - default default] No more DHCP agents
2026-06-02 22:36:18.824 9 WARNING neutron.api.rpc.agentnotifiers.dhcp_rpc_agent_api [None req-5589ff5c-c8bb-4be7-ab7e-578c873830b0 8ded645b17704af7a3d00337987b69c1 7b712a22d75e4e8396982d339d49e75e - - default default] Unable to schedule network bc4bb929-036a-46cd-a6f7-0c44940514f0: no agents available; will retry on subsequent port and subnet creation events.
2026-06-02 22:36:18.882 9 INFO neutron.db.ovn_revision_numbers_db [None req-5589ff5c-c8bb-4be7-ab7e-578c873830b0 8ded645b17704af7a3d00337987b69c1 7b712a22d75e4e8396982d339d49e75e - - default default] Successfully bumped revision number for resource 0ff29dbf-01ff-46f5-a85a-30d3761022fc (type: ports) to 1
2026-06-02 22:36:18.902 9 INFO neutron.api.wsgi [None req-5589ff5c-c8bb-4be7-ab7e-578c873830b0 8ded645b17704af7a3d00337987b69c1 7b712a22d75e4e8396982d339d49e75e - - default default] 10.0.0.127 "POST /v2.0/networks HTTP/1.1" status: 201 len: 831 time: 0.4278934
2026-06-02 22:36:18.911 9 WARNING neutron_lib.context [None req-73a4d9e8-e8f5-43be-8d00-fa7ec01411c1 8ded645b17704af7a3d00337987b69c1 7b712a22d75e4e8396982d339d49e75e - - default default] Method 'is_advsvc' is deprecated since 2023.2 release (neutron-lib 3.8.0) and will be removed once support for the old RBAC API policies will be removed from Neutron. Please use method 'is_service_role' instead.
2026-06-02 22:36:18.963 10 INFO neutron.plugins.ml2.drivers.ovn.mech_driver.ovsdb.commands [None req-eea75f9b-ca9b-46d0-af3a-f1e7029e86f2 - - - - - -] Schedule LRP lrp-7c4f4cb4-e936-4f1c-8513-cb49cba9a5f7 on gateway 19e1d9cd-7ef3-442b-8fb7-62bc1c7defa2 with priority 1
2026-06-02 22:36:18.979 9 INFO neutron.plugins.ml2.drivers.ovn.mech_driver.mech_driver [None req-ba51dce7-73f9-451f-9795-4e956e29277c - - - - - -] OVN reports status up for port: 7c4f4cb4-e936-4f1c-8513-cb49cba9a5f7
2026-06-02 22:36:18.987 9 INFO neutron.plugins.ml2.plugin [None req-ba51dce7-73f9-451f-9795-4e956e29277c - - - - - -] Attempt 1 to provision port 7c4f4cb4-e936-4f1c-8513-cb49cba9a5f7
2026-06-02 22:36:18.997 10 INFO neutron.db.ovn_revision_numbers_db [None req-ca7839eb-7b59-4e5d-9b69-5e29e3b7a2b4 7bde5187daf24929a97df2529c346fbc d3af2afe5ef44838bea00b1ca15ad1e0 - - default default] Successfully bumped revision number for resource 7c4f4cb4-e936-4f1c-8513-cb49cba9a5f7 (type: router_ports) to 1
2026-06-02 22:36:19.062 10 INFO neutron.db.ovn_revision_numbers_db [None req-ca7839eb-7b59-4e5d-9b69-5e29e3b7a2b4 7bde5187daf24929a97df2529c346fbc d3af2afe5ef44838bea00b1ca15ad1e0 - - default default] Successfully bumped revision number for resource 47d46761-0534-4e47-bcf0-c7d2f3bf9800 (type: routers) to 2
2026-06-02 22:36:19.077 10 INFO neutron.api.wsgi [None req-ca7839eb-7b59-4e5d-9b69-5e29e3b7a2b4 7bde5187daf24929a97df2529c346fbc d3af2afe5ef44838bea00b1ca15ad1e0 - - default default] 10.0.0.127 "POST /v2.0/routers HTTP/1.1" status: 201 len: 1151 time: 1.1128502
2026-06-02 22:36:19.079 9 WARNING neutron.scheduler.dhcp_agent_scheduler [None req-73a4d9e8-e8f5-43be-8d00-fa7ec01411c1 8ded645b17704af7a3d00337987b69c1 7b712a22d75e4e8396982d339d49e75e - - default default] No more DHCP agents
2026-06-02 22:36:19.081 9 WARNING neutron.api.rpc.agentnotifiers.dhcp_rpc_agent_api [None req-73a4d9e8-e8f5-43be-8d00-fa7ec01411c1 8ded645b17704af7a3d00337987b69c1 7b712a22d75e4e8396982d339d49e75e - - default default] Unable to schedule network bc4bb929-036a-46cd-a6f7-0c44940514f0: no agents available; will retry on subsequent port and subnet creation events.
2026-06-02 22:36:19.131 10 INFO neutron.api.wsgi [None req-36282144-ac95-42f7-9e89-f01c8f1f197a 7bde5187daf24929a97df2529c346fbc d3af2afe5ef44838bea00b1ca15ad1e0 - - default default] 10.0.0.127 "GET /v2.0/routers/47d46761-0534-4e47-bcf0-c7d2f3bf9800 HTTP/1.1" status: 200 len: 1152 time: 0.0497561
2026-06-02 22:36:19.220 10 INFO neutron.api.wsgi [req-a0a54551-0999-4f6c-b619-e07e40a63906 req-beb6b9fd-43bf-4c03-96ff-cd8076ad037d 5ce3340a2e0e4a0db285a2c844e80509 2020c4d4235a4f458f7444a345aeae1e - - default default] 10.0.0.112 "GET /v2.0/ports?device_id=a2cc8304-0057-457d-98f5-9ddd50c427a8 HTTP/1.1" status: 200 len: 210 time: 0.0276232
2026-06-02 22:36:19.245 10 INFO neutron.api.wsgi [None req-aad0058c-8f00-4b00-a0ce-4cc059b06e3f 7bde5187daf24929a97df2529c346fbc d3af2afe5ef44838bea00b1ca15ad1e0 - - default default] 10.0.0.127 "GET /v2.0/routers HTTP/1.1" status: 200 len: 1155 time: 0.1092763
2026-06-02 22:36:19.515 9 INFO neutron.db.ovn_revision_numbers_db [None req-9af14b7d-be7a-4ed3-b39b-01982cbcec47 - - - - - -] Successfully bumped revision number for resource 0ff29dbf-01ff-46f5-a85a-30d3761022fc (type: ports) to 2
2026-06-02 22:36:19.539 9 INFO neutron.db.ovn_revision_numbers_db [None req-9af14b7d-be7a-4ed3-b39b-01982cbcec47 - - - - - -] Successfully bumped revision number for resource 17b96b76-3f82-494e-aa82-c0b7189e73c2 (type: subnets) to 0
2026-06-02 22:36:19.548 9 WARNING neutron_lib.context [None req-a903829b-5e98-4e0b-bd76-7d1e65ed50b9 15b33cc068cb451c8f91ff4d67e5899e 948d60e91f374c52ab5ad0dccb2ddc8a - - default default] Method 'is_advsvc' is deprecated since 2023.2 release (neutron-lib 3.8.0) and will be removed once support for the old RBAC API policies will be removed from Neutron. Please use method 'is_service_role' instead.
2026-06-02 22:36:19.559 9 INFO neutron.api.wsgi [None req-73a4d9e8-e8f5-43be-8d00-fa7ec01411c1 8ded645b17704af7a3d00337987b69c1 7b712a22d75e4e8396982d339d49e75e - - default default] 10.0.0.127 "POST /v2.0/subnets HTTP/1.1" status: 201 len: 825 time: 0.6518366
2026-06-02 22:36:19.568 9 WARNING neutron_lib.context [None req-cdd3248d-66a3-4b50-90d0-652f9686b362 8ded645b17704af7a3d00337987b69c1 7b712a22d75e4e8396982d339d49e75e - - default default] Method 'is_advsvc' is deprecated since 2023.2 release (neutron-lib 3.8.0) and will be removed once support for the old RBAC API policies will be removed from Neutron. Please use method 'is_service_role' instead.
2026-06-02 22:36:19.639 10 INFO neutron.db.ovn_revision_numbers_db [None req-fe74b258-99b8-4ee8-bdc8-d1b7047a2684 7bde5187daf24929a97df2529c346fbc d3af2afe5ef44838bea00b1ca15ad1e0 - - default default] Successfully bumped revision number for resource 47d46761-0534-4e47-bcf0-c7d2f3bf9800 (type: routers) to 3
2026-06-02 22:36:19.645 10 INFO neutron.api.wsgi [None req-fe74b258-99b8-4ee8-bdc8-d1b7047a2684 7bde5187daf24929a97df2529c346fbc d3af2afe5ef44838bea00b1ca15ad1e0 - - default default] 10.0.0.127 "PUT /v2.0/routers/47d46761-0534-4e47-bcf0-c7d2f3bf9800 HTTP/1.1" status: 200 len: 1159 time: 0.3930666
2026-06-02 22:36:19.698 9 INFO neutron.db.ovn_revision_numbers_db [None req-a903829b-5e98-4e0b-bd76-7d1e65ed50b9 15b33cc068cb451c8f91ff4d67e5899e 948d60e91f374c52ab5ad0dccb2ddc8a - - default default] Successfully bumped revision number for resource 93747b7a-44a0-4769-ab3a-ac4be6d6cdcc (type: security_groups) to 1
2026-06-02 22:36:19.712 9 INFO neutron.db.ovn_revision_numbers_db [None req-a903829b-5e98-4e0b-bd76-7d1e65ed50b9 15b33cc068cb451c8f91ff4d67e5899e 948d60e91f374c52ab5ad0dccb2ddc8a - - default default] Successfully bumped revision number for resource 0764c581-d10f-4541-85a2-94d8fecb9461 (type: security_group_rules) to 0
2026-06-02 22:36:19.725 10 INFO neutron.api.wsgi [None req-45706a90-8273-4957-a33b-38ff314ea3b1 7bde5187daf24929a97df2529c346fbc d3af2afe5ef44838bea00b1ca15ad1e0 - - default default] 10.0.0.127 "GET /v2.0/routers/47d46761-0534-4e47-bcf0-c7d2f3bf9800 HTTP/1.1" status: 200 len: 1159 time: 0.0740533
2026-06-02 22:36:19.732 9 INFO neutron.db.ovn_revision_numbers_db [None req-a903829b-5e98-4e0b-bd76-7d1e65ed50b9 15b33cc068cb451c8f91ff4d67e5899e 948d60e91f374c52ab5ad0dccb2ddc8a - - default default] Successfully bumped revision number for resource 2a1d6550-7588-40bb-a287-a3f593cf2c19 (type: security_group_rules) to 0
2026-06-02 22:36:19.744 10 INFO neutron.api.wsgi [None req-ee5834db-4eec-497f-a38a-370e2d0d4fb2 7bde5187daf24929a97df2529c346fbc d3af2afe5ef44838bea00b1ca15ad1e0 - - default default] 10.0.0.127 "GET /v2.0/ports?device_id=47d46761-0534-4e47-bcf0-c7d2f3bf9800 HTTP/1.1" status: 200 len: 205 time: 0.0139155
2026-06-02 22:36:19.751 9 INFO neutron.db.ovn_revision_numbers_db [None req-a903829b-5e98-4e0b-bd76-7d1e65ed50b9 15b33cc068cb451c8f91ff4d67e5899e 948d60e91f374c52ab5ad0dccb2ddc8a - - default default] Successfully bumped revision number for resource 7d1b3155-736f-4b93-85fa-f2fc12f2306a (type: security_group_rules) to 0
2026-06-02 22:36:19.765 9 INFO neutron.db.ovn_revision_numbers_db [None req-a903829b-5e98-4e0b-bd76-7d1e65ed50b9 15b33cc068cb451c8f91ff4d67e5899e 948d60e91f374c52ab5ad0dccb2ddc8a - - default default] Successfully bumped revision number for resource ed3e7590-eeb9-44a1-843e-080eb6859cc8 (type: security_group_rules) to 0
2026-06-02 22:36:19.831 9 WARNING neutron.scheduler.dhcp_agent_scheduler [None req-cdd3248d-66a3-4b50-90d0-652f9686b362 8ded645b17704af7a3d00337987b69c1 7b712a22d75e4e8396982d339d49e75e - - default default] No more DHCP agents
2026-06-02 22:36:19.833 9 WARNING neutron.api.rpc.agentnotifiers.dhcp_rpc_agent_api [None req-cdd3248d-66a3-4b50-90d0-652f9686b362 8ded645b17704af7a3d00337987b69c1 7b712a22d75e4e8396982d339d49e75e - - default default] Unable to schedule network bc4bb929-036a-46cd-a6f7-0c44940514f0: no agents available; will retry on subsequent port and subnet creation events.
2026-06-02 22:36:19.867 9 INFO neutron.db.ovn_revision_numbers_db [None req-a903829b-5e98-4e0b-bd76-7d1e65ed50b9 15b33cc068cb451c8f91ff4d67e5899e 948d60e91f374c52ab5ad0dccb2ddc8a - - default default] Successfully bumped revision number for resource 257436e5-3750-4f2e-99d7-88e3955e694e (type: security_groups) to 1
2026-06-02 22:36:19.881 9 INFO neutron.db.ovn_revision_numbers_db [None req-a903829b-5e98-4e0b-bd76-7d1e65ed50b9 15b33cc068cb451c8f91ff4d67e5899e 948d60e91f374c52ab5ad0dccb2ddc8a - - default default] Successfully bumped revision number for resource 741e2771-a62d-4d2a-9f09-d2b89dbcbe05 (type: security_group_rules) to 0
2026-06-02 22:36:19.901 9 INFO neutron.db.ovn_revision_numbers_db [None req-a903829b-5e98-4e0b-bd76-7d1e65ed50b9 15b33cc068cb451c8f91ff4d67e5899e 948d60e91f374c52ab5ad0dccb2ddc8a - - default default] Successfully bumped revision number for resource 7d39299d-b270-4925-be49-dcb50e06f496 (type: security_group_rules) to 0
2026-06-02 22:36:19.962 9 INFO neutron.api.wsgi [None req-a903829b-5e98-4e0b-bd76-7d1e65ed50b9 15b33cc068cb451c8f91ff4d67e5899e 948d60e91f374c52ab5ad0dccb2ddc8a - - default default] 10.0.0.127 "POST /v2.0/security-groups HTTP/1.1" status: 201 len: 1825 time: 0.5617416
2026-06-02 22:36:19.982 9 INFO neutron.db.ovn_revision_numbers_db [None req-cdd3248d-66a3-4b50-90d0-652f9686b362 8ded645b17704af7a3d00337987b69c1 7b712a22d75e4e8396982d339d49e75e - - default default] Successfully bumped revision number for resource f144be30-337c-47f3-ad5f-49c2fb8a9ed1 (type: ports) to 1
2026-06-02 22:36:20.018 9 INFO neutron.api.wsgi [None req-cdd3248d-66a3-4b50-90d0-652f9686b362 8ded645b17704af7a3d00337987b69c1 7b712a22d75e4e8396982d339d49e75e - - default default] 10.0.0.127 "POST /v2.0/ports HTTP/1.1" status: 201 len: 1113 time: 0.4539738
2026-06-02 22:36:20.025 9 INFO neutron.api.wsgi [None req-60adb83e-109c-40ab-a47f-a24a12aed568 15b33cc068cb451c8f91ff4d67e5899e 948d60e91f374c52ab5ad0dccb2ddc8a - - default default] 10.0.0.127 "GET /v2.0/security-groups HTTP/1.1" status: 200 len: 4725 time: 0.0574934
2026-06-02 22:36:20.102 9 INFO neutron.db.ovn_revision_numbers_db [None req-be02c2ee-b983-4bed-9818-d188d91a31f3 15b33cc068cb451c8f91ff4d67e5899e 948d60e91f374c52ab5ad0dccb2ddc8a - - default default] Successfully bumped revision number for resource 257436e5-3750-4f2e-99d7-88e3955e694e (type: security_groups) to 2
2026-06-02 22:36:20.118 9 INFO neutron.api.wsgi [None req-be02c2ee-b983-4bed-9818-d188d91a31f3 15b33cc068cb451c8f91ff4d67e5899e 948d60e91f374c52ab5ad0dccb2ddc8a - - default default] 10.0.0.127 "PUT /v2.0/security-groups/257436e5-3750-4f2e-99d7-88e3955e694e HTTP/1.1" status: 200 len: 1858 time: 0.0874541
2026-06-02 22:36:20.139 9 INFO neutron.api.wsgi [None req-4be91a84-c86c-4bd2-8144-29eed5a30ffa 15b33cc068cb451c8f91ff4d67e5899e 948d60e91f374c52ab5ad0dccb2ddc8a - - default default] 10.0.0.127 "GET /v2.0/security-groups/257436e5-3750-4f2e-99d7-88e3955e694e HTTP/1.1" status: 200 len: 1858 time: 0.0166733
2026-06-02 22:36:20.242 9 INFO neutron.api.wsgi [None req-f366b74c-ce51-4002-9916-d854e509d926 15b33cc068cb451c8f91ff4d67e5899e 948d60e91f374c52ab5ad0dccb2ddc8a - - default default] 10.0.0.127 "DELETE /v2.0/security-groups/257436e5-3750-4f2e-99d7-88e3955e694e HTTP/1.1" status: 204 len: 168 time: 0.0983634
2026-06-02 22:36:20.250 9 INFO neutron.services.segments.plugin [-] Segment 4395817e-cb0b-4a83-9c34-d31e005a5352 resource provider aggregate not found
2026-06-02 22:36:20.262 9 INFO neutron.services.segments.plugin [-] Segment 4395817e-cb0b-4a83-9c34-d31e005a5352 resource provider not found; error: Placement Client Error (4xx): {"errors": [{"status": 404, "title": "Not Found", "detail": "The resource could not be found.\n\n No resource provider with uuid 4395817e-cb0b-4a83-9c34-d31e005a5352 found for delete ", "request_id": "req-5500b8be-eb10-4b10-85be-3e23c28e4da8"}]}
2026-06-02 22:36:20.264 9 INFO neutron.services.segments.plugin [-] Segment 4395817e-cb0b-4a83-9c34-d31e005a5352 resource provider aggregate not found
2026-06-02 22:36:20.275 9 INFO neutron.services.segments.plugin [-] Segment 4395817e-cb0b-4a83-9c34-d31e005a5352 resource provider not found; error: Placement Client Error (4xx): {"errors": [{"status": 404, "title": "Not Found", "detail": "The resource could not be found.\n\n No resource provider with uuid 4395817e-cb0b-4a83-9c34-d31e005a5352 found for delete ", "request_id": "req-0c0a41a5-81cc-4636-8cb5-8140d0d5db07"}]}
2026-06-02 22:36:20.309 10 INFO neutron.api.wsgi [None req-230892dd-3f56-415b-9ba3-008c7dad3733 15b33cc068cb451c8f91ff4d67e5899e 948d60e91f374c52ab5ad0dccb2ddc8a - - default default] 10.0.0.127 "GET /v2.0/security-groups HTTP/1.1" status: 200 len: 3120 time: 0.0590613
2026-06-02 22:36:20.411 9 INFO neutron.api.wsgi [None req-dc50e903-08ac-490c-a4dd-640edee6d6b2 5ce3340a2e0e4a0db285a2c844e80509 2020c4d4235a4f458f7444a345aeae1e - - default default] 10.0.0.127 "DELETE /v2.0/security-groups/61ea9bb5-9783-44be-82ae-2d95154f5479 HTTP/1.1" status: 204 len: 168 time: 0.1121418
2026-06-02 22:36:20.425 9 INFO neutron.api.v2.resource [None req-52a3de4b-ffc3-452e-b487-3ca0fbfda833 5ce3340a2e0e4a0db285a2c844e80509 2020c4d4235a4f458f7444a345aeae1e - - default default] show failed (client error): The resource could not be found.
2026-06-02 22:36:20.426 9 INFO neutron.api.wsgi [None req-52a3de4b-ffc3-452e-b487-3ca0fbfda833 5ce3340a2e0e4a0db285a2c844e80509 2020c4d4235a4f458f7444a345aeae1e - - default default] 10.0.0.127 "GET /v2.0/security-groups/61ea9bb5-9783-44be-82ae-2d95154f5479 HTTP/1.1" status: 404 len: 347 time: 0.0090849
2026-06-02 22:36:20.569 10 INFO neutron.api.v2.resource [None req-a61c9f6b-b3eb-453a-b4ab-68520f3f5297 15b33cc068cb451c8f91ff4d67e5899e 948d60e91f374c52ab5ad0dccb2ddc8a - - default default] delete failed (client error): The resource could not be found.
2026-06-02 22:36:20.570 10 INFO neutron.api.wsgi [None req-a61c9f6b-b3eb-453a-b4ab-68520f3f5297 15b33cc068cb451c8f91ff4d67e5899e 948d60e91f374c52ab5ad0dccb2ddc8a - - default default] 10.0.0.127 "DELETE /v2.0/security-groups/257436e5-3750-4f2e-99d7-88e3955e694e HTTP/1.1" status: 404 len: 347 time: 0.2462366
2026-06-02 22:36:20.576 10 WARNING neutron.plugins.ml2.drivers.ovn.mech_driver.ovsdb.ovn_client [None req-48426e7e-4b04-4480-866b-c44019aa9d3c - - - - - -] No port found with ID 358c9173-838a-4684-b044-2c8fa3a0941b: RuntimeError: No port found with ID 358c9173-838a-4684-b044-2c8fa3a0941b
2026-06-02 22:36:20.588 9 WARNING neutron_lib.context [None req-98dffcd8-44b3-4629-b802-dbd71ebc8194 15b33cc068cb451c8f91ff4d67e5899e 948d60e91f374c52ab5ad0dccb2ddc8a - - default default] Method 'is_advsvc' is deprecated since 2023.2 release (neutron-lib 3.8.0) and will be removed once support for the old RBAC API policies will be removed from Neutron. Please use method 'is_service_role' instead.
2026-06-02 22:36:20.707 9 INFO neutron.db.ovn_revision_numbers_db [None req-98dffcd8-44b3-4629-b802-dbd71ebc8194 15b33cc068cb451c8f91ff4d67e5899e 948d60e91f374c52ab5ad0dccb2ddc8a - - default default] Successfully bumped revision number for resource 6907cc48-497e-4fae-979f-b9618b787609 (type: security_groups) to 1
2026-06-02 22:36:20.715 9 INFO neutron.api.wsgi [None req-610de53a-c304-41f4-93d1-adb2aa881063 5ce3340a2e0e4a0db285a2c844e80509 2020c4d4235a4f458f7444a345aeae1e - - default default] 10.0.0.127 "DELETE /v2.0/floatingips/c5ca952c-2f75-4f56-a923-f05c2b78b5f1 HTTP/1.1" status: 204 len: 168 time: 0.2856483
2026-06-02 22:36:20.720 9 INFO neutron.db.ovn_revision_numbers_db [None req-98dffcd8-44b3-4629-b802-dbd71ebc8194 15b33cc068cb451c8f91ff4d67e5899e 948d60e91f374c52ab5ad0dccb2ddc8a - - default default] Successfully bumped revision number for resource 1a9f65f4-d923-46c6-b327-5cf1fec0335c (type: security_group_rules) to 0
2026-06-02 22:36:20.741 9 INFO neutron.db.ovn_revision_numbers_db [None req-98dffcd8-44b3-4629-b802-dbd71ebc8194 15b33cc068cb451c8f91ff4d67e5899e 948d60e91f374c52ab5ad0dccb2ddc8a - - default default] Successfully bumped revision number for resource c6c92bf4-6558-4250-855c-657e85541a96 (type: security_group_rules) to 0
2026-06-02 22:36:20.748 10 INFO neutron.api.wsgi [None req-558bea22-8851-4f62-b953-109fb85efa62 7bde5187daf24929a97df2529c346fbc d3af2afe5ef44838bea00b1ca15ad1e0 - - default default] 10.0.0.127 "DELETE /v2.0/routers/47d46761-0534-4e47-bcf0-c7d2f3bf9800 HTTP/1.1" status: 204 len: 168 time: 0.9987686
2026-06-02 22:36:20.758 10 INFO neutron.api.wsgi [None req-6abbfb62-0789-4274-bd7a-24e5b2e58d34 8ded645b17704af7a3d00337987b69c1 7b712a22d75e4e8396982d339d49e75e - - default default] 10.0.0.127 "DELETE /v2.0/ports/f144be30-337c-47f3-ad5f-49c2fb8a9ed1 HTTP/1.1" status: 204 len: 168 time: 0.7347386 /var/lib/openstack/lib/python3.12/site-packages/pycadf/identifier.py:71: UserWarning: Invalid uuid: neutron. To ensure interoperability, identifiers should be a valid uuid. warnings.warn(('Invalid uuid: %s. To ensure interoperability, '
2026-06-02 22:36:20.779 10 INFO neutron.api.wsgi [None req-b4f395c5-3720-43d3-ac33-614557407836 7bde5187daf24929a97df2529c346fbc d3af2afe5ef44838bea00b1ca15ad1e0 - - default default] 10.0.0.127 "GET /v2.0/ports?device_id=47d46761-0534-4e47-bcf0-c7d2f3bf9800 HTTP/1.1" status: 200 len: 205 time: 0.0158386
2026-06-02 22:36:20.797 9 INFO neutron.pecan_wsgi.hooks.translation [None req-cf2933d2-f8cf-41b9-8acc-23734b2ca607 8ded645b17704af7a3d00337987b69c1 7b712a22d75e4e8396982d339d49e75e - - default default] GET failed (client error): The resource could not be found.
2026-06-02 22:36:20.798 10 INFO neutron.api.v2.resource [None req-686d66f8-5216-4742-b952-383dc69618a7 7bde5187daf24929a97df2529c346fbc d3af2afe5ef44838bea00b1ca15ad1e0 - - default default] delete failed (client error): The resource could not be found.
2026-06-02 22:36:20.798 9 INFO neutron.api.wsgi [None req-cf2933d2-f8cf-41b9-8acc-23734b2ca607 8ded645b17704af7a3d00337987b69c1 7b712a22d75e4e8396982d339d49e75e - - default default] 10.0.0.127 "GET /v2.0/ports/f144be30-337c-47f3-ad5f-49c2fb8a9ed1 HTTP/1.1" status: 404 len: 333 time: 0.0295517
2026-06-02 22:36:20.799 10 INFO neutron.api.wsgi [None req-686d66f8-5216-4742-b952-383dc69618a7 7bde5187daf24929a97df2529c346fbc d3af2afe5ef44838bea00b1ca15ad1e0 - - default default] 10.0.0.127 "DELETE /v2.0/routers/47d46761-0534-4e47-bcf0-c7d2f3bf9800 HTTP/1.1" status: 404 len: 336 time: 0.0147643
2026-06-02 22:36:20.806 9 INFO neutron.api.wsgi [None req-98dffcd8-44b3-4629-b802-dbd71ebc8194 15b33cc068cb451c8f91ff4d67e5899e 948d60e91f374c52ab5ad0dccb2ddc8a - - default default] 10.0.0.127 "POST /v2.0/security-groups HTTP/1.1" status: 201 len: 1824 time: 0.2296667
2026-06-02 22:36:20.823 9 WARNING neutron_lib.context [None req-8d9bfe23-0e76-48c5-b63e-f47450a5bcdc 15b33cc068cb451c8f91ff4d67e5899e 948d60e91f374c52ab5ad0dccb2ddc8a - - default default] Method 'is_advsvc' is deprecated since 2023.2 release (neutron-lib 3.8.0) and will be removed once support for the old RBAC API policies will be removed from Neutron. Please use method 'is_service_role' instead.
2026-06-02 22:36:20.825 10 INFO neutron.api.wsgi [None req-aec22f00-642b-4004-8b82-cf80e848a924 7bde5187daf24929a97df2529c346fbc d3af2afe5ef44838bea00b1ca15ad1e0 - - default default] 10.0.0.127 "GET /v2.0/ports?device_id=bff03e25-e9e2-4994-a641-cf01314af205 HTTP/1.1" status: 200 len: 205 time: 0.0202703
2026-06-02 22:36:20.844 10 INFO neutron.api.v2.resource [None req-4c3e4a01-a166-4665-88a9-9f9714bc06d4 7bde5187daf24929a97df2529c346fbc d3af2afe5ef44838bea00b1ca15ad1e0 - - default default] delete failed (client error): The resource could not be found.
2026-06-02 22:36:20.845 10 INFO neutron.api.wsgi [None req-4c3e4a01-a166-4665-88a9-9f9714bc06d4 7bde5187daf24929a97df2529c346fbc d3af2afe5ef44838bea00b1ca15ad1e0 - - default default] 10.0.0.127 "DELETE /v2.0/routers/bff03e25-e9e2-4994-a641-cf01314af205 HTTP/1.1" status: 404 len: 336 time: 0.0138757
2026-06-02 22:36:20.861 10 INFO neutron.pecan_wsgi.hooks.translation [None req-fcedbc60-45b4-4a1f-b216-ce23d0acb845 7bde5187daf24929a97df2529c346fbc d3af2afe5ef44838bea00b1ca15ad1e0 - - default default] DELETE failed (client error): The resource could not be found.
2026-06-02 22:36:20.863 10 INFO neutron.api.wsgi [None req-fcedbc60-45b4-4a1f-b216-ce23d0acb845 7bde5187daf24929a97df2529c346fbc d3af2afe5ef44838bea00b1ca15ad1e0 - - default default] 10.0.0.127 "DELETE /v2.0/subnets/ed368821-bdea-432e-832d-07ca339ce96d HTTP/1.1" status: 404 len: 337 time: 0.0131788
2026-06-02 22:36:20.882 10 INFO neutron.api.wsgi [None req-29afb16f-a029-4a6a-9025-237e959b37f5 7bde5187daf24929a97df2529c346fbc d3af2afe5ef44838bea00b1ca15ad1e0 - - default default] 10.0.0.127 "GET /v2.0/ports?device_id=2eeb1ba0-579b-4725-b92b-d719e4613832 HTTP/1.1" status: 200 len: 205 time: 0.0133348
2026-06-02 22:36:20.907 10 INFO neutron.api.v2.resource [None req-7bf030c2-f517-4f02-8281-221b9baafc76 7bde5187daf24929a97df2529c346fbc d3af2afe5ef44838bea00b1ca15ad1e0 - - default default] delete failed (client error): The resource could not be found.
2026-06-02 22:36:20.908 10 INFO neutron.api.wsgi [None req-7bf030c2-f517-4f02-8281-221b9baafc76 7bde5187daf24929a97df2529c346fbc d3af2afe5ef44838bea00b1ca15ad1e0 - - default default] 10.0.0.127 "DELETE /v2.0/routers/2eeb1ba0-579b-4725-b92b-d719e4613832 HTTP/1.1" status: 404 len: 336 time: 0.0172358
2026-06-02 22:36:20.932 10 INFO neutron.pecan_wsgi.hooks.translation [None req-33e38db0-2e7c-4b32-900f-32a1dee0ae01 7bde5187daf24929a97df2529c346fbc d3af2afe5ef44838bea00b1ca15ad1e0 - - default default] DELETE failed (client error): The resource could not be found.
2026-06-02 22:36:20.937 10 INFO neutron.api.wsgi [None req-33e38db0-2e7c-4b32-900f-32a1dee0ae01 7bde5187daf24929a97df2529c346fbc d3af2afe5ef44838bea00b1ca15ad1e0 - - default default] 10.0.0.127 "DELETE /v2.0/subnets/18801d1c-89e1-45c5-b9d4-69cdb2a31612 HTTP/1.1" status: 404 len: 337 time: 0.0233071
2026-06-02 22:36:20.957 9 INFO neutron.db.ovn_revision_numbers_db [None req-8d9bfe23-0e76-48c5-b63e-f47450a5bcdc 15b33cc068cb451c8f91ff4d67e5899e 948d60e91f374c52ab5ad0dccb2ddc8a - - default default] Successfully bumped revision number for resource 9b90c8d0-ab67-480b-9cac-8f6497b0de7f (type: security_group_rules) to 0
2026-06-02 22:36:20.960 10 INFO neutron.api.wsgi [None req-443e45dd-671f-4a48-9909-89ee502a3046 7bde5187daf24929a97df2529c346fbc d3af2afe5ef44838bea00b1ca15ad1e0 - - default default] 10.0.0.127 "GET /v2.0/ports?device_id=14322009-8d06-497a-9353-00a1b1163a45 HTTP/1.1" status: 200 len: 205 time: 0.0157435
2026-06-02 22:36:20.983 9 INFO neutron.api.v2.resource [None req-f1d45bf7-0cd9-42a8-9fa5-a17ec03e3078 7bde5187daf24929a97df2529c346fbc d3af2afe5ef44838bea00b1ca15ad1e0 - - default default] delete failed (client error): The resource could not be found.
2026-06-02 22:36:20.984 9 INFO neutron.api.wsgi [None req-f1d45bf7-0cd9-42a8-9fa5-a17ec03e3078 7bde5187daf24929a97df2529c346fbc d3af2afe5ef44838bea00b1ca15ad1e0 - - default default] 10.0.0.127 "DELETE /v2.0/routers/14322009-8d06-497a-9353-00a1b1163a45 HTTP/1.1" status: 404 len: 336 time: 0.0179141
2026-06-02 22:36:20.998 10 INFO neutron.pecan_wsgi.hooks.translation [None req-31656c29-5063-4fe3-bc79-b58e4a7d9cee 7bde5187daf24929a97df2529c346fbc d3af2afe5ef44838bea00b1ca15ad1e0 - - default default] DELETE failed (client error): The resource could not be found.
2026-06-02 22:36:20.999 9 INFO neutron.api.wsgi [None req-8d9bfe23-0e76-48c5-b63e-f47450a5bcdc 15b33cc068cb451c8f91ff4d67e5899e 948d60e91f374c52ab5ad0dccb2ddc8a - - default default] 10.0.0.127 "POST /v2.0/security-group-rules HTTP/1.1" status: 201 len: 800 time: 0.1818385
2026-06-02 22:36:21.000 10 INFO neutron.api.wsgi [None req-31656c29-5063-4fe3-bc79-b58e4a7d9cee 7bde5187daf24929a97df2529c346fbc d3af2afe5ef44838bea00b1ca15ad1e0 - - default default] 10.0.0.127 "DELETE /v2.0/subnets/962d6d12-760f-43c9-8e7d-ceab7a789ea9 HTTP/1.1" status: 404 len: 337 time: 0.0116360
2026-06-02 22:36:21.018 10 INFO neutron.pecan_wsgi.hooks.translation [None req-45212fc0-3dd5-4161-b6bd-e540f0a7b02d 7bde5187daf24929a97df2529c346fbc d3af2afe5ef44838bea00b1ca15ad1e0 - - default default] DELETE failed (client error): The resource could not be found.
2026-06-02 22:36:21.020 10 INFO neutron.api.wsgi [None req-45212fc0-3dd5-4161-b6bd-e540f0a7b02d 7bde5187daf24929a97df2529c346fbc d3af2afe5ef44838bea00b1ca15ad1e0 - - default default] 10.0.0.127 "DELETE /v2.0/subnets/d102799a-0b13-4a3c-a8d3-78af8b9aa762 HTTP/1.1" status: 404 len: 337 time: 0.0160275
2026-06-02 22:36:21.031 10 INFO neutron.api.wsgi [None req-5f814eb3-277a-46ae-ab81-424d827935cd 8ded645b17704af7a3d00337987b69c1 7b712a22d75e4e8396982d339d49e75e - - default default] 10.0.0.127 "DELETE /v2.0/subnets/17b96b76-3f82-494e-aa82-c0b7189e73c2 HTTP/1.1" status: 204 len: 168 time: 0.2267749
2026-06-02 22:36:21.035 10 INFO neutron.api.wsgi [None req-2faf7743-7fc7-41ce-a31c-22c894acbabc 15b33cc068cb451c8f91ff4d67e5899e 948d60e91f374c52ab5ad0dccb2ddc8a - - default default] 10.0.0.127 "GET /v2.0/security-group-rules/9b90c8d0-ab67-480b-9cac-8f6497b0de7f HTTP/1.1" status: 200 len: 795 time: 0.0314994
2026-06-02 22:36:21.120 9 INFO neutron.api.wsgi [None req-03f717e6-3889-44c6-884f-d343ec9af178 15b33cc068cb451c8f91ff4d67e5899e 948d60e91f374c52ab5ad0dccb2ddc8a - - default default] 10.0.0.127 "GET /v2.0/security-group-rules HTTP/1.1" status: 200 len: 4333 time: 0.0804508
2026-06-02 22:36:21.266 9 INFO neutron.api.wsgi [None req-01b9c500-2128-49db-abcc-9925d79740de 15b33cc068cb451c8f91ff4d67e5899e 948d60e91f374c52ab5ad0dccb2ddc8a - - default default] 10.0.0.127 "DELETE /v2.0/security-group-rules/9b90c8d0-ab67-480b-9cac-8f6497b0de7f HTTP/1.1" status: 204 len: 168 time: 0.1416228
2026-06-02 22:36:21.339 10 INFO neutron.services.segments.plugin [-] Segment 6fcb3f09-c6af-44fa-adaa-e61b06373c08 resource provider aggregate not found
2026-06-02 22:36:21.342 10 INFO neutron.services.segments.plugin [-] Segment 6fcb3f09-c6af-44fa-adaa-e61b06373c08 resource provider aggregate not found
2026-06-02 22:36:21.351 10 INFO neutron.api.wsgi [None req-a39ebd1e-953c-48ad-b5e2-cdcaf548d37c 15b33cc068cb451c8f91ff4d67e5899e 948d60e91f374c52ab5ad0dccb2ddc8a - - default default] 10.0.0.127 "GET /v2.0/security-group-rules HTTP/1.1" status: 200 len: 3755 time: 0.0784178
2026-06-02 22:36:21.352 10 INFO neutron.services.segments.plugin [-] Segment 6fcb3f09-c6af-44fa-adaa-e61b06373c08 resource provider not found; error: Placement Client Error (4xx): {"errors": [{"status": 404, "title": "Not Found", "detail": "The resource could not be found.\n\n No resource provider with uuid 6fcb3f09-c6af-44fa-adaa-e61b06373c08 found for delete ", "request_id": "req-c47896dd-ab2a-4a63-9966-5a01b1822191"}]}
2026-06-02 22:36:21.353 10 INFO neutron.services.segments.plugin [-] Segment 6fcb3f09-c6af-44fa-adaa-e61b06373c08 resource provider not found; error: Placement Client Error (4xx): {"errors": [{"status": 404, "title": "Not Found", "detail": "The resource could not be found.\n\n No resource provider with uuid 6fcb3f09-c6af-44fa-adaa-e61b06373c08 found for delete ", "request_id": "req-75a3aec7-33d3-443f-9276-a43dc503f9a2"}]}
2026-06-02 22:36:21.358 10 WARNING neutron_lib.context [None req-247f33bd-d060-4380-b806-002ce6b8eac0 15b33cc068cb451c8f91ff4d67e5899e 948d60e91f374c52ab5ad0dccb2ddc8a - - default default] Method 'is_advsvc' is deprecated since 2023.2 release (neutron-lib 3.8.0) and will be removed once support for the old RBAC API policies will be removed from Neutron. Please use method 'is_service_role' instead.
2026-06-02 22:36:21.383 10 INFO neutron.api.wsgi [None req-c4f24f94-9c05-43bb-9381-c4d027d8f86b 8ded645b17704af7a3d00337987b69c1 7b712a22d75e4e8396982d339d49e75e - - default default] 10.0.0.127 "DELETE /v2.0/networks/bc4bb929-036a-46cd-a6f7-0c44940514f0 HTTP/1.1" status: 204 len: 168 time: 0.3457153
2026-06-02 22:36:21.393 10 WARNING neutron_lib.context [None req-3c21f3c7-68e7-439c-aa18-d86f6b07b576 8ded645b17704af7a3d00337987b69c1 7b712a22d75e4e8396982d339d49e75e - - default default] Method 'is_advsvc' is deprecated since 2023.2 release (neutron-lib 3.8.0) and will be removed once support for the old RBAC API policies will be removed from Neutron. Please use method 'is_service_role' instead.
2026-06-02 22:36:21.496 10 INFO neutron.db.ovn_revision_numbers_db [None req-247f33bd-d060-4380-b806-002ce6b8eac0 15b33cc068cb451c8f91ff4d67e5899e 948d60e91f374c52ab5ad0dccb2ddc8a - - default default] Successfully bumped revision number for resource 3b7c8933-d15e-4fd5-8f09-5e0ea7dedd7e (type: security_group_rules) to 0
2026-06-02 22:36:21.536 10 INFO neutron.api.wsgi [None req-247f33bd-d060-4380-b806-002ce6b8eac0 15b33cc068cb451c8f91ff4d67e5899e 948d60e91f374c52ab5ad0dccb2ddc8a - - default default] 10.0.0.127 "POST /v2.0/security-group-rules HTTP/1.1" status: 201 len: 800 time: 0.1801188
2026-06-02 22:36:21.567 10 INFO neutron.api.wsgi [None req-f95a8983-b632-4f4a-bfdf-b423eb3b8a28 15b33cc068cb451c8f91ff4d67e5899e 948d60e91f374c52ab5ad0dccb2ddc8a - - default default] 10.0.0.127 "GET /v2.0/security-group-rules/3b7c8933-d15e-4fd5-8f09-5e0ea7dedd7e HTTP/1.1" status: 200 len: 795 time: 0.0273087
2026-06-02 22:36:21.631 9 INFO neutron.api.wsgi [None req-383a694e-0134-4bfc-b0d4-b72b55345ea1 15b33cc068cb451c8f91ff4d67e5899e 948d60e91f374c52ab5ad0dccb2ddc8a - - default default] 10.0.0.127 "GET /v2.0/security-group-rules HTTP/1.1" status: 200 len: 4333 time: 0.0583503
2026-06-02 22:36:21.637 10 WARNING neutron.scheduler.dhcp_agent_scheduler [None req-3c21f3c7-68e7-439c-aa18-d86f6b07b576 8ded645b17704af7a3d00337987b69c1 7b712a22d75e4e8396982d339d49e75e - - default default] No more DHCP agents /var/lib/openstack/lib/python3.12/site-packages/pycadf/identifier.py:71: UserWarning: Invalid uuid: neutron. To ensure interoperability, identifiers should be a valid uuid. warnings.warn(('Invalid uuid: %s. To ensure interoperability, '
2026-06-02 22:36:21.642 10 WARNING neutron.api.rpc.agentnotifiers.dhcp_rpc_agent_api [None req-3c21f3c7-68e7-439c-aa18-d86f6b07b576 8ded645b17704af7a3d00337987b69c1 7b712a22d75e4e8396982d339d49e75e - - default default] Unable to schedule network 71e51647-c31a-4b39-9f4e-da9df7421f9f: no agents available; will retry on subsequent port and subnet creation events.
2026-06-02 22:36:21.670 9 INFO neutron.api.wsgi [None req-d725c9c3-69e4-4f07-af19-5e581023be36 ef9431564eb743c9882dee4928ccf684 a39275425c5d4935bd47dbb81ee2a16c - - default default] 10.0.0.127 "PUT /v2.0/routers/c71d5c66-e62c-4409-9dad-3c2c47cee2de/remove_router_interface HTTP/1.1" status: 200 len: 503 time: 0.9490712 /var/lib/openstack/lib/python3.12/site-packages/pycadf/identifier.py:71: UserWarning: Invalid uuid: neutron. To ensure interoperability, identifiers should be a valid uuid. warnings.warn(('Invalid uuid: %s. To ensure interoperability, '
2026-06-02 22:36:21.708 10 INFO neutron.api.wsgi [None req-219d64ea-43ac-408a-9c1e-98c5dc6223e3 ef9431564eb743c9882dee4928ccf684 a39275425c5d4935bd47dbb81ee2a16c - - default default] 10.0.0.127 "GET /v2.0/security-groups?tenant_id=d3af2afe5ef44838bea00b1ca15ad1e0&name=default HTTP/1.1" status: 200 len: 3120 time: 0.1317074
2026-06-02 22:36:21.724 10 INFO neutron.db.ovn_revision_numbers_db [None req-3c21f3c7-68e7-439c-aa18-d86f6b07b576 8ded645b17704af7a3d00337987b69c1 7b712a22d75e4e8396982d339d49e75e - - default default] Successfully bumped revision number for resource 2f09a03e-00ce-47c4-a802-7112be68146c (type: ports) to 1
2026-06-02 22:36:21.752 10 INFO neutron.api.wsgi [None req-3c21f3c7-68e7-439c-aa18-d86f6b07b576 8ded645b17704af7a3d00337987b69c1 7b712a22d75e4e8396982d339d49e75e - - default default] 10.0.0.127 "POST /v2.0/ports HTTP/1.1" status: 201 len: 972 time: 0.3619111
2026-06-02 22:36:21.782 10 INFO neutron.api.wsgi [None req-88916685-3961-4971-ae32-640c0edd09ec 15b33cc068cb451c8f91ff4d67e5899e 948d60e91f374c52ab5ad0dccb2ddc8a - - default default] 10.0.0.127 "DELETE /v2.0/security-group-rules/3b7c8933-d15e-4fd5-8f09-5e0ea7dedd7e HTTP/1.1" status: 204 len: 168 time: 0.1463995
2026-06-02 22:36:21.844 10 INFO neutron.api.wsgi [None req-8d50d052-3c12-4a01-8439-85d0b9a0f24f 15b33cc068cb451c8f91ff4d67e5899e 948d60e91f374c52ab5ad0dccb2ddc8a - - default default] 10.0.0.127 "GET /v2.0/security-group-rules HTTP/1.1" status: 200 len: 3755 time: 0.0570269
2026-06-02 22:36:21.855 9 WARNING neutron_lib.context [None req-11ae89b7-16d7-4e28-81cd-78436fc85dbf 15b33cc068cb451c8f91ff4d67e5899e 948d60e91f374c52ab5ad0dccb2ddc8a - - default default] Method 'is_advsvc' is deprecated since 2023.2 release (neutron-lib 3.8.0) and will be removed once support for the old RBAC API policies will be removed from Neutron. Please use method 'is_service_role' instead.
2026-06-02 22:36:21.954 10 INFO neutron.plugins.ml2.drivers.ovn.mech_driver.mech_driver [None req-48426e7e-4b04-4480-866b-c44019aa9d3c - - - - - -] OVN reports status down for port: 2f09a03e-00ce-47c4-a802-7112be68146c
2026-06-02 22:36:21.976 9 INFO neutron.api.wsgi [None req-895fdf74-ef4a-4eff-8639-6be00e465ebe ef9431564eb743c9882dee4928ccf684 a39275425c5d4935bd47dbb81ee2a16c - - default default] 10.0.0.127 "DELETE /v2.0/security-groups/862c7ba2-3877-4b5f-997c-b543b0546765 HTTP/1.1" status: 204 len: 168 time: 0.2627251
2026-06-02 22:36:21.985 10 INFO neutron.db.ovn_revision_numbers_db [None req-a3cde895-a484-4368-a8f4-7c34248fc0bd 8ded645b17704af7a3d00337987b69c1 7b712a22d75e4e8396982d339d49e75e - - default default] Successfully bumped revision number for resource 2f09a03e-00ce-47c4-a802-7112be68146c (type: ports) to 2
2026-06-02 22:36:21.994 10 INFO neutron.api.wsgi [None req-a3cde895-a484-4368-a8f4-7c34248fc0bd 8ded645b17704af7a3d00337987b69c1 7b712a22d75e4e8396982d339d49e75e - - default default] 10.0.0.127 "PUT /v2.0/ports/2f09a03e-00ce-47c4-a802-7112be68146c HTTP/1.1" status: 200 len: 946 time: 0.2368858
2026-06-02 22:36:21.995 9 INFO neutron.db.ovn_revision_numbers_db [None req-11ae89b7-16d7-4e28-81cd-78436fc85dbf 15b33cc068cb451c8f91ff4d67e5899e 948d60e91f374c52ab5ad0dccb2ddc8a - - default default] Successfully bumped revision number for resource d0fa8d5d-2bcf-4ce1-85ca-4a0d8fc1babf (type: security_group_rules) to 0
2026-06-02 22:36:22.049 9 INFO neutron.api.wsgi [None req-11ae89b7-16d7-4e28-81cd-78436fc85dbf 15b33cc068cb451c8f91ff4d67e5899e 948d60e91f374c52ab5ad0dccb2ddc8a - - default default] 10.0.0.127 "POST /v2.0/security-group-rules HTTP/1.1" status: 201 len: 801 time: 0.2005818 /var/lib/openstack/lib/python3.12/site-packages/pycadf/identifier.py:71: UserWarning: Invalid uuid: neutron. To ensure interoperability, identifiers should be a valid uuid. warnings.warn(('Invalid uuid: %s. To ensure interoperability, '
2026-06-02 22:36:22.070 10 INFO neutron.api.wsgi [None req-0efb928f-6228-4d24-9fc4-f49625f91a57 15b33cc068cb451c8f91ff4d67e5899e 948d60e91f374c52ab5ad0dccb2ddc8a - - default default] 10.0.0.127 "GET /v2.0/security-group-rules/d0fa8d5d-2bcf-4ce1-85ca-4a0d8fc1babf HTTP/1.1" status: 200 len: 796 time: 0.0154951
2026-06-02 22:36:22.140 10 INFO neutron.api.wsgi [None req-b3954003-d657-4f60-a44a-e446b0cfe09f 15b33cc068cb451c8f91ff4d67e5899e 948d60e91f374c52ab5ad0dccb2ddc8a - - default default] 10.0.0.127 "GET /v2.0/security-group-rules HTTP/1.1" status: 200 len: 4334 time: 0.0653996
2026-06-02 22:36:22.246 10 INFO neutron.api.wsgi [None req-34af92d1-29eb-4643-8cd8-0b97a23b9a22 15b33cc068cb451c8f91ff4d67e5899e 948d60e91f374c52ab5ad0dccb2ddc8a - - default default] 10.0.0.127 "DELETE /v2.0/security-group-rules/d0fa8d5d-2bcf-4ce1-85ca-4a0d8fc1babf HTTP/1.1" status: 204 len: 168 time: 0.0968735
2026-06-02 22:36:22.258 9 INFO neutron.api.wsgi [None req-ab032b49-6b09-485e-894c-be4782a400c5 8ded645b17704af7a3d00337987b69c1 7b712a22d75e4e8396982d339d49e75e - - default default] 10.0.0.127 "DELETE /v2.0/ports/2f09a03e-00ce-47c4-a802-7112be68146c HTTP/1.1" status: 204 len: 168 time: 0.2583780
