2026-06-02 22:38:40.973 10 WARNING neutron.plugins.ml2.drivers.ovn.mech_driver.ovsdb.ovn_client [None req-1bc85017-86b3-4441-a930-00ec69878211 - - - - - -] No hosting information found for port d2947141-88e6-429d-a0f9-de685411af6a: RuntimeError: No hosting information found for port d2947141-88e6-429d-a0f9-de685411af6a
2026-06-02 22:38:40.973 10 INFO neutron.plugins.ml2.drivers.ovn.mech_driver.mech_driver [None req-1bc85017-86b3-4441-a930-00ec69878211 - - - - - -] OVN reports status up for port: 9605604f-d56f-4500-be94-fab97dd2c41a
2026-06-02 22:38:40.982 10 INFO neutron.plugins.ml2.plugin [None req-1bc85017-86b3-4441-a930-00ec69878211 - - - - - -] Attempt 1 to provision port 9605604f-d56f-4500-be94-fab97dd2c41a
2026-06-02 22:38:41.103 9 INFO neutron.db.ovn_revision_numbers_db [None req-289b9628-54d8-4adb-9850-d5e6cb0f6a6b - - - - - -] Successfully bumped revision number for resource 9605604f-d56f-4500-be94-fab97dd2c41a (type: router_ports) to 1
2026-06-02 22:38:41.225 10 INFO neutron.db.ovn_revision_numbers_db [None req-f2da6119-2f4b-4950-be83-a69671e09b62 - - - - - -] Successfully bumped revision number for resource 9779efc8-36ef-4371-a369-052c333e9ac4 (type: ports) to 2
2026-06-02 22:38:41.277 10 INFO neutron.db.ovn_revision_numbers_db [None req-f2da6119-2f4b-4950-be83-a69671e09b62 - - - - - -] Successfully bumped revision number for resource f6b719f4-5ff3-4517-9466-ceef7297c23a (type: subnets) to 0
2026-06-02 22:38:41.292 10 INFO neutron.api.wsgi [None req-1d880860-58f6-4d41-b466-4e56b8a77122 ef9431564eb743c9882dee4928ccf684 a39275425c5d4935bd47dbb81ee2a16c - - default default] 10.0.0.127 "POST /v2.0/subnets HTTP/1.1" status: 201 len: 887 time: 0.6828868
2026-06-02 22:38:41.328 9 WARNING neutron.scheduler.dhcp_agent_scheduler [None req-289b9628-54d8-4adb-9850-d5e6cb0f6a6b - - - - - -] No more DHCP agents
2026-06-02 22:38:41.329 9 WARNING neutron.api.rpc.agentnotifiers.dhcp_rpc_agent_api [None req-289b9628-54d8-4adb-9850-d5e6cb0f6a6b - - - - - -] Unable to schedule network 3ac6edc1-1865-4087-826a-46c4211dc3ae: no agents available; will retry on subsequent port and subnet creation events.
2026-06-02 22:38:41.403 10 INFO neutron.db.ovn_revision_numbers_db [None req-1bc85017-86b3-4441-a930-00ec69878211 - - - - - -] Successfully bumped revision number for resource 9605604f-d56f-4500-be94-fab97dd2c41a (type: ports) to 2
2026-06-02 22:38:41.444 9 INFO neutron.db.ovn_revision_numbers_db [None req-289b9628-54d8-4adb-9850-d5e6cb0f6a6b - - - - - -] Successfully bumped revision number for resource 862d6a95-49a0-4822-bbc4-ae275f15af74 (type: ports) to 1
2026-06-02 22:38:41.638 10 WARNING neutron.scheduler.dhcp_agent_scheduler [None req-d380ff18-b06d-4284-9e20-3b93bd2abf8d ef9431564eb743c9882dee4928ccf684 a39275425c5d4935bd47dbb81ee2a16c - - default default] No more DHCP agents
2026-06-02 22:38:41.639 10 WARNING neutron.api.rpc.agentnotifiers.dhcp_rpc_agent_api [None req-d380ff18-b06d-4284-9e20-3b93bd2abf8d ef9431564eb743c9882dee4928ccf684 a39275425c5d4935bd47dbb81ee2a16c - - default default] Unable to schedule network 80ebe74c-8e72-4aaa-874f-4d5c8ac79819: no agents available; will retry on subsequent port and subnet creation events.
2026-06-02 22:38:41.648 9 INFO neutron.db.ovn_revision_numbers_db [None req-289b9628-54d8-4adb-9850-d5e6cb0f6a6b - - - - - -] Successfully bumped revision number for resource 862d6a95-49a0-4822-bbc4-ae275f15af74 (type: ports) to 3
2026-06-02 22:38:41.722 10 INFO neutron.db.ovn_revision_numbers_db [None req-d380ff18-b06d-4284-9e20-3b93bd2abf8d ef9431564eb743c9882dee4928ccf684 a39275425c5d4935bd47dbb81ee2a16c - - default default] Successfully bumped revision number for resource b88bed23-8166-4405-a93b-a04770dfa5fb (type: ports) to 1
2026-06-02 22:38:41.856 9 INFO neutron.api.wsgi [None req-6d7ea9a0-fa89-44bc-a740-83de4f4801e7 153680424e88497ea1509462520d423f e0008f3729454f5ba0b038cf00117bca - - default default] 10.0.0.127 "POST /v2.0/vpn/vpnservices HTTP/1.1" status: 201 len: 657 time: 4.3241377
2026-06-02 22:38:41.866 9 WARNING neutron_lib.context [None req-95f2c48f-93b2-461b-972b-92b86ce64d1a 153680424e88497ea1509462520d423f e0008f3729454f5ba0b038cf00117bca - - default default] Method 'is_advsvc' is deprecated since 2023.2 release (neutron-lib 3.8.0) and will be removed once support for the old RBAC API policies will be removed from Neutron. Please use method 'is_service_role' instead.
2026-06-02 22:38:42.176 9 INFO neutron.api.wsgi [None req-95f2c48f-93b2-461b-972b-92b86ce64d1a 153680424e88497ea1509462520d423f e0008f3729454f5ba0b038cf00117bca - - default default] 10.0.0.127 "POST /v2.0/vpn/vpnservices HTTP/1.1" status: 201 len: 622 time: 0.3143299
2026-06-02 22:38:42.188 9 WARNING neutron_lib.context [None req-9b358062-3a21-4398-8df7-e37d2a61e625 153680424e88497ea1509462520d423f e0008f3729454f5ba0b038cf00117bca - - default default] Method 'is_advsvc' is deprecated since 2023.2 release (neutron-lib 3.8.0) and will be removed once support for the old RBAC API policies will be removed from Neutron. Please use method 'is_service_role' instead.
2026-06-02 22:38:42.202 10 INFO neutron.plugins.ml2.drivers.ovn.mech_driver.ovsdb.commands [None req-eea75f9b-ca9b-46d0-af3a-f1e7029e86f2 - - - - - -] Schedule LRP lrp-b88bed23-8166-4405-a93b-a04770dfa5fb on gateway 19e1d9cd-7ef3-442b-8fb7-62bc1c7defa2 with priority 1
2026-06-02 22:38:42.229 9 INFO neutron.plugins.ml2.drivers.ovn.mech_driver.ovsdb.ovsdb_monitor [None req-03003816-8c72-4e10-ac96-f8d8944bb974 - - - - - -] Router 76eaef34-255e-43ea-b391-ea6f362399da is bound to host instance
2026-06-02 22:38:42.238 9 INFO neutron.api.wsgi [None req-9b358062-3a21-4398-8df7-e37d2a61e625 153680424e88497ea1509462520d423f e0008f3729454f5ba0b038cf00117bca - - default default] 10.0.0.127 "POST /v2.0/vpn/ikepolicies HTTP/1.1" status: 201 len: 603 time: 0.0539925
2026-06-02 22:38:42.240 10 INFO neutron.db.ovn_revision_numbers_db [None req-d380ff18-b06d-4284-9e20-3b93bd2abf8d ef9431564eb743c9882dee4928ccf684 a39275425c5d4935bd47dbb81ee2a16c - - default default] Successfully bumped revision number for resource b88bed23-8166-4405-a93b-a04770dfa5fb (type: router_ports) to 1
2026-06-02 22:38:42.249 9 WARNING neutron_lib.context [None req-3052f41e-d699-4330-9b30-2cb256d36e58 153680424e88497ea1509462520d423f e0008f3729454f5ba0b038cf00117bca - - default default] Method 'is_advsvc' is deprecated since 2023.2 release (neutron-lib 3.8.0) and will be removed once support for the old RBAC API policies will be removed from Neutron. Please use method 'is_service_role' instead.
2026-06-02 22:38:42.293 9 INFO neutron.api.wsgi [None req-3052f41e-d699-4330-9b30-2cb256d36e58 153680424e88497ea1509462520d423f e0008f3729454f5ba0b038cf00117bca - - default default] 10.0.0.127 "POST /v2.0/vpn/ipsecpolicies HTTP/1.1" status: 201 len: 612 time: 0.0482466
2026-06-02 22:38:42.303 9 WARNING neutron_lib.context [None req-adfd9e6c-972e-4eea-92be-f7916dfd0e74 153680424e88497ea1509462520d423f e0008f3729454f5ba0b038cf00117bca - - default default] Method 'is_advsvc' is deprecated since 2023.2 release (neutron-lib 3.8.0) and will be removed once support for the old RBAC API policies will be removed from Neutron. Please use method 'is_service_role' instead.
2026-06-02 22:38:42.304 10 INFO neutron.db.ovn_revision_numbers_db [None req-d380ff18-b06d-4284-9e20-3b93bd2abf8d ef9431564eb743c9882dee4928ccf684 a39275425c5d4935bd47dbb81ee2a16c - - default default] Successfully bumped revision number for resource 76eaef34-255e-43ea-b391-ea6f362399da (type: routers) to 2
2026-06-02 22:38:42.320 10 INFO neutron.api.wsgi [None req-d380ff18-b06d-4284-9e20-3b93bd2abf8d ef9431564eb743c9882dee4928ccf684 a39275425c5d4935bd47dbb81ee2a16c - - default default] 10.0.0.127 "POST /v2.0/routers HTTP/1.1" status: 201 len: 1165 time: 1.0225990
2026-06-02 22:38:42.389 9 INFO neutron.api.wsgi [None req-adfd9e6c-972e-4eea-92be-f7916dfd0e74 153680424e88497ea1509462520d423f e0008f3729454f5ba0b038cf00117bca - - default default] 10.0.0.127 "POST /v2.0/vpn/endpoint-groups HTTP/1.1" status: 201 len: 528 time: 0.0906470
2026-06-02 22:38:42.402 10 WARNING neutron_lib.context [None req-54b9f328-a496-4995-bb59-83c20deab790 153680424e88497ea1509462520d423f e0008f3729454f5ba0b038cf00117bca - - default default] Method 'is_advsvc' is deprecated since 2023.2 release (neutron-lib 3.8.0) and will be removed once support for the old RBAC API policies will be removed from Neutron. Please use method 'is_service_role' instead.
2026-06-02 22:38:42.438 10 INFO neutron.api.wsgi [None req-54b9f328-a496-4995-bb59-83c20deab790 153680424e88497ea1509462520d423f e0008f3729454f5ba0b038cf00117bca - - default default] 10.0.0.127 "POST /v2.0/vpn/endpoint-groups HTTP/1.1" status: 201 len: 518 time: 0.0413392
2026-06-02 22:38:42.446 10 WARNING neutron_lib.context [None req-b1fb8785-a1e9-491b-8510-f32d2732896f 153680424e88497ea1509462520d423f e0008f3729454f5ba0b038cf00117bca - - default default] Method 'is_advsvc' is deprecated since 2023.2 release (neutron-lib 3.8.0) and will be removed once support for the old RBAC API policies will be removed from Neutron. Please use method 'is_service_role' instead.
2026-06-02 22:38:42.757 9 INFO neutron.db.ovn_revision_numbers_db [None req-6d407f60-99ac-4641-9d76-2af54089a5a9 - - - - - -] Successfully bumped revision number for resource b88bed23-8166-4405-a93b-a04770dfa5fb (type: ports) to 1
2026-06-02 22:38:42.832 9 WARNING neutron.scheduler.dhcp_agent_scheduler [None req-6c4bf31e-1e59-4c67-939c-dfe19ef3aacf ef9431564eb743c9882dee4928ccf684 a39275425c5d4935bd47dbb81ee2a16c - - default default] No more DHCP agents
2026-06-02 22:38:42.834 9 WARNING neutron.api.rpc.agentnotifiers.dhcp_rpc_agent_api [None req-6c4bf31e-1e59-4c67-939c-dfe19ef3aacf ef9431564eb743c9882dee4928ccf684 a39275425c5d4935bd47dbb81ee2a16c - - default default] Unable to schedule network 8e6df8bb-0bd3-4ee9-b119-8ce442041aa2: no agents available; will retry on subsequent port and subnet creation events.
2026-06-02 22:38:42.952 9 INFO neutron.api.wsgi [req-27d88dd9-8173-4c38-9e97-82b100b599e2 req-a199e3c4-1d16-44a9-b9cc-a904c9cf0d94 1e2363dc975446b5832c67b7decc4f26 8659707b35584c1c854b5ccb7f5bd7a6 - - default default] 10.0.0.112 "GET /v2.0/ports?device_id=2122083b-1da4-4e07-ab99-d613f89e276b HTTP/1.1" status: 200 len: 1402 time: 0.0978546
2026-06-02 22:38:43.005 9 INFO neutron.api.wsgi [req-27d88dd9-8173-4c38-9e97-82b100b599e2 req-977c7d25-442a-4974-9bd4-4e7ff5fca7ab 1e2363dc975446b5832c67b7decc4f26 8659707b35584c1c854b5ccb7f5bd7a6 - - default default] 10.0.0.112 "GET /v2.0/security-groups?id=70b57e54-1638-40f3-86cc-f086e61239e6&fields=id&fields=name HTTP/1.1" status: 200 len: 311 time: 0.0467968
2026-06-02 22:38:43.006 9 INFO neutron.db.ovn_revision_numbers_db [None req-6c4bf31e-1e59-4c67-939c-dfe19ef3aacf ef9431564eb743c9882dee4928ccf684 a39275425c5d4935bd47dbb81ee2a16c - - default default] Successfully bumped revision number for resource 4a98154f-12e6-41cd-9153-923fa165f25f (type: ports) to 1
2026-06-02 22:38:43.145 9 WARNING neutron.plugins.ml2.drivers.ovn.mech_driver.ovsdb.ovn_client [None req-0e899b56-5a51-48c2-9082-9e6592344126 - - - - - -] No hosting information found for port 66fe0b17-8f99-4b6f-b1d7-f8e423356e47: RuntimeError: No hosting information found for port 66fe0b17-8f99-4b6f-b1d7-f8e423356e47
2026-06-02 22:38:43.145 9 INFO neutron.plugins.ml2.drivers.ovn.mech_driver.mech_driver [None req-0e899b56-5a51-48c2-9082-9e6592344126 - - - - - -] OVN reports status up for port: 38f22dec-8dd0-4476-a09e-31bcd37fbd98
2026-06-02 22:38:43.167 9 INFO neutron.plugins.ml2.plugin [None req-0e899b56-5a51-48c2-9082-9e6592344126 - - - - - -] Attempt 1 to provision port 38f22dec-8dd0-4476-a09e-31bcd37fbd98
2026-06-02 22:38:43.201 9 INFO neutron.db.ovn_revision_numbers_db [None req-6d407f60-99ac-4641-9d76-2af54089a5a9 - - - - - -] Successfully bumped revision number for resource b88bed23-8166-4405-a93b-a04770dfa5fb (type: ports) to 4
2026-06-02 22:38:43.377 9 INFO neutron.db.ovn_revision_numbers_db [None req-0e899b56-5a51-48c2-9082-9e6592344126 - - - - - -] Successfully bumped revision number for resource 66fe0b17-8f99-4b6f-b1d7-f8e423356e47 (type: router_ports) to 2
2026-06-02 22:38:43.378 9 INFO neutron.plugins.ml2.drivers.ovn.mech_driver.mech_driver [None req-0e899b56-5a51-48c2-9082-9e6592344126 - - - - - -] OVN reports status up for port: bd95757d-fb13-481b-b230-e45fe487c06b
2026-06-02 22:38:43.388 9 INFO neutron.plugins.ml2.plugin [None req-0e899b56-5a51-48c2-9082-9e6592344126 - - - - - -] Attempt 1 to provision port bd95757d-fb13-481b-b230-e45fe487c06b
2026-06-02 22:38:43.625 9 INFO neutron.db.ovn_revision_numbers_db [None req-6d407f60-99ac-4641-9d76-2af54089a5a9 - - - - - -] Successfully bumped revision number for resource b88bed23-8166-4405-a93b-a04770dfa5fb (type: ports) to 5
2026-06-02 22:38:43.670 10 INFO neutron.db.ovn_revision_numbers_db [None req-b1fb8785-a1e9-491b-8510-f32d2732896f 153680424e88497ea1509462520d423f e0008f3729454f5ba0b038cf00117bca - - default default] Successfully bumped revision number for resource 71547bd1-3ab2-4aa3-aba6-987f64819519 (type: routers) to 5
2026-06-02 22:38:43.700 10 INFO neutron.api.wsgi [None req-b1fb8785-a1e9-491b-8510-f32d2732896f 153680424e88497ea1509462520d423f e0008f3729454f5ba0b038cf00117bca - - default default] 10.0.0.127 "POST /v2.0/vpn/ipsec-site-connections HTTP/1.1" status: 201 len: 1002 time: 1.2587411
2026-06-02 22:38:43.723 10 WARNING neutron_lib.context [None req-6125ec2b-5a3f-4509-bd96-3bc3ff9e985b 153680424e88497ea1509462520d423f e0008f3729454f5ba0b038cf00117bca - - default default] Method 'is_advsvc' is deprecated since 2023.2 release (neutron-lib 3.8.0) and will be removed once support for the old RBAC API policies will be removed from Neutron. Please use method 'is_service_role' instead.
2026-06-02 22:38:43.763 10 INFO neutron.api.wsgi [None req-6125ec2b-5a3f-4509-bd96-3bc3ff9e985b 153680424e88497ea1509462520d423f e0008f3729454f5ba0b038cf00117bca - - default default] 10.0.0.127 "POST /v2.0/vpn/endpoint-groups HTTP/1.1" status: 201 len: 489 time: 0.0459855
2026-06-02 22:38:43.798 10 INFO neutron.api.wsgi [None req-da3e12c0-0892-4ea1-8d4a-8b4ff1bdafd2 153680424e88497ea1509462520d423f e0008f3729454f5ba0b038cf00117bca - - default default] 10.0.0.127 "DELETE /v2.0/vpn/endpoint-groups/f8b6a534-814e-4d04-8693-03eb8189b0fc HTTP/1.1" status: 204 len: 168 time: 0.0309565
2026-06-02 22:38:43.809 9 INFO neutron.db.ovn_revision_numbers_db [None req-6c4bf31e-1e59-4c67-939c-dfe19ef3aacf ef9431564eb743c9882dee4928ccf684 a39275425c5d4935bd47dbb81ee2a16c - - default default] Successfully bumped revision number for resource 4a98154f-12e6-41cd-9153-923fa165f25f (type: ports) to 1
2026-06-02 22:38:43.820 10 INFO neutron.api.wsgi [None req-174d72dc-2198-4d1f-af4a-93c749b63a00 153680424e88497ea1509462520d423f e0008f3729454f5ba0b038cf00117bca - - default default] 10.0.0.127 "GET /v2.0/vpn/endpoint-groups HTTP/1.1" status: 200 len: 827 time: 0.0151954
2026-06-02 22:38:43.833 10 INFO neutron.api.wsgi [None req-aeec180d-12c2-4860-afc8-75e06e7efc9b 153680424e88497ea1509462520d423f e0008f3729454f5ba0b038cf00117bca - - default default] 10.0.0.127 "GET /v2.0/vpn/endpoint-groups HTTP/1.1" status: 200 len: 827 time: 0.0079443
2026-06-02 22:38:43.872 9 WARNING neutron.scheduler.dhcp_agent_scheduler [None req-6c4bf31e-1e59-4c67-939c-dfe19ef3aacf ef9431564eb743c9882dee4928ccf684 a39275425c5d4935bd47dbb81ee2a16c - - default default] No more DHCP agents
2026-06-02 22:38:43.873 9 WARNING neutron.api.rpc.agentnotifiers.dhcp_rpc_agent_api [None req-6c4bf31e-1e59-4c67-939c-dfe19ef3aacf ef9431564eb743c9882dee4928ccf684 a39275425c5d4935bd47dbb81ee2a16c - - default default] Unable to schedule network 8e6df8bb-0bd3-4ee9-b119-8ce442041aa2: no agents available; will retry on subsequent port and subnet creation events.
2026-06-02 22:38:43.882 9 INFO neutron.db.ovn_revision_numbers_db [None req-0e899b56-5a51-48c2-9082-9e6592344126 - - - - - -] Successfully bumped revision number for resource bd95757d-fb13-481b-b230-e45fe487c06b (type: ports) to 2
2026-06-02 22:38:44.355 10 INFO neutron.api.wsgi [None req-e2626d6e-0443-4c8c-9ef5-469bcac3af6c f14c43185c274453abaf75dece1de1b7 dea34140a4be43f38e5ead222c1b8d2d - - default default] 10.0.0.127 "POST /v2.0/vpn/ikepolicies HTTP/1.1" status: 201 len: 602 time: 0.1881976
2026-06-02 22:38:44.370 9 INFO neutron.api.wsgi [None req-98e08799-6c5a-4f72-a6f6-c9e20052ae03 153680424e88497ea1509462520d423f e0008f3729454f5ba0b038cf00117bca - - default default] 10.0.0.127 "GET /v2.0/vpn/ikepolicies HTTP/1.1" status: 200 len: 992 time: 0.0114512
2026-06-02 22:38:44.403 10 INFO neutron.api.wsgi [None req-dc0b7d7f-c72d-44cd-8475-36f10932d13a f14c43185c274453abaf75dece1de1b7 dea34140a4be43f38e5ead222c1b8d2d - - default default] 10.0.0.127 "DELETE /v2.0/vpn/ikepolicies/2bd9f843-76f0-4f13-a38d-689d676d3c69 HTTP/1.1" status: 204 len: 168 time: 0.0284007
2026-06-02 22:38:44.454 9 INFO neutron.api.wsgi [None req-fc0ddf06-34fd-48cf-99f8-ae8f2b4916a9 f14c43185c274453abaf75dece1de1b7 dea34140a4be43f38e5ead222c1b8d2d - - default default] 10.0.0.127 "POST /v2.0/vpn/ipsecpolicies HTTP/1.1" status: 201 len: 611 time: 0.0452478
2026-06-02 22:38:44.471 10 INFO neutron.api.wsgi [None req-a7ae3ba7-9353-411c-a86d-9e7a5cc5841b 153680424e88497ea1509462520d423f e0008f3729454f5ba0b038cf00117bca - - default default] 10.0.0.127 "GET /v2.0/vpn/ipsecpolicies HTTP/1.1" status: 200 len: 1008 time: 0.0128360
2026-06-02 22:38:44.510 10 INFO neutron.api.wsgi [None req-2d55814b-8264-4f9e-9176-b6f2f7561ba0 f14c43185c274453abaf75dece1de1b7 dea34140a4be43f38e5ead222c1b8d2d - - default default] 10.0.0.127 "DELETE /v2.0/vpn/ipsecpolicies/537cffee-62a8-455c-a68f-c5a39dcbc468 HTTP/1.1" status: 204 len: 168 time: 0.0348048
2026-06-02 22:38:44.518 10 WARNING neutron_lib.context [None req-dcedb15f-2f54-45c3-8388-bd14f29f8026 153680424e88497ea1509462520d423f e0008f3729454f5ba0b038cf00117bca - - default default] Method 'is_advsvc' is deprecated since 2023.2 release (neutron-lib 3.8.0) and will be removed once support for the old RBAC API policies will be removed from Neutron. Please use method 'is_service_role' instead.
2026-06-02 22:38:44.556 9 INFO neutron.db.ovn_revision_numbers_db [None req-6c4bf31e-1e59-4c67-939c-dfe19ef3aacf ef9431564eb743c9882dee4928ccf684 a39275425c5d4935bd47dbb81ee2a16c - - default default] Successfully bumped revision number for resource 4a98154f-12e6-41cd-9153-923fa165f25f (type: router_ports) to 1
2026-06-02 22:38:44.563 9 INFO neutron.api.wsgi [None req-6c4bf31e-1e59-4c67-939c-dfe19ef3aacf ef9431564eb743c9882dee4928ccf684 a39275425c5d4935bd47dbb81ee2a16c - - default default] 10.0.0.127 "PUT /v2.0/routers/76eaef34-255e-43ea-b391-ea6f362399da/add_router_interface HTTP/1.1" status: 200 len: 503 time: 2.2376478
2026-06-02 22:38:44.597 10 INFO neutron.db.segments_db [None req-dcedb15f-2f54-45c3-8388-bd14f29f8026 153680424e88497ea1509462520d423f e0008f3729454f5ba0b038cf00117bca - - default default] Added segment 1b06a63b-112a-49be-b560-052c504a78c6 of type geneve for network 8b5952f7-98fa-45fb-a492-e8ad408b3af0
2026-06-02 22:38:44.705 10 INFO neutron.db.ovn_revision_numbers_db [None req-dcedb15f-2f54-45c3-8388-bd14f29f8026 153680424e88497ea1509462520d423f e0008f3729454f5ba0b038cf00117bca - - default default] Successfully bumped revision number for resource 8b5952f7-98fa-45fb-a492-e8ad408b3af0 (type: networks) to 1
2026-06-02 22:38:44.852 10 WARNING neutron.scheduler.dhcp_agent_scheduler [None req-dcedb15f-2f54-45c3-8388-bd14f29f8026 153680424e88497ea1509462520d423f e0008f3729454f5ba0b038cf00117bca - - default default] No more DHCP agents
2026-06-02 22:38:44.853 10 WARNING neutron.api.rpc.agentnotifiers.dhcp_rpc_agent_api [None req-dcedb15f-2f54-45c3-8388-bd14f29f8026 153680424e88497ea1509462520d423f e0008f3729454f5ba0b038cf00117bca - - default default] Unable to schedule network 8b5952f7-98fa-45fb-a492-e8ad408b3af0: no agents available; will retry on subsequent port and subnet creation events.
2026-06-02 22:38:44.912 10 INFO neutron.db.ovn_revision_numbers_db [None req-dcedb15f-2f54-45c3-8388-bd14f29f8026 153680424e88497ea1509462520d423f e0008f3729454f5ba0b038cf00117bca - - default default] Successfully bumped revision number for resource 37becb78-7b83-4c93-bca3-be566c1ed0f1 (type: ports) to 1
2026-06-02 22:38:44.934 10 INFO neutron.api.wsgi [None req-dcedb15f-2f54-45c3-8388-bd14f29f8026 153680424e88497ea1509462520d423f e0008f3729454f5ba0b038cf00117bca - - default default] 10.0.0.127 "POST /v2.0/networks HTTP/1.1" status: 201 len: 830 time: 0.4194365
2026-06-02 22:38:44.943 10 WARNING neutron_lib.context [None req-c6b17354-6995-4740-8cd9-76d78353eecf 153680424e88497ea1509462520d423f e0008f3729454f5ba0b038cf00117bca - - default default] Method 'is_advsvc' is deprecated since 2023.2 release (neutron-lib 3.8.0) and will be removed once support for the old RBAC API policies will be removed from Neutron. Please use method 'is_service_role' instead.
2026-06-02 22:38:45.113 10 WARNING neutron.scheduler.dhcp_agent_scheduler [None req-c6b17354-6995-4740-8cd9-76d78353eecf 153680424e88497ea1509462520d423f e0008f3729454f5ba0b038cf00117bca - - default default] No more DHCP agents
2026-06-02 22:38:45.115 10 WARNING neutron.api.rpc.agentnotifiers.dhcp_rpc_agent_api [None req-c6b17354-6995-4740-8cd9-76d78353eecf 153680424e88497ea1509462520d423f e0008f3729454f5ba0b038cf00117bca - - default default] Unable to schedule network 8b5952f7-98fa-45fb-a492-e8ad408b3af0: no agents available; will retry on subsequent port and subnet creation events.
2026-06-02 22:38:45.154 9 WARNING neutron_lib.context [None req-0e26e482-7586-4932-8b1c-917255a6a2c2 dd88eb0dc2ee406ba28d678e90410501 6b8aedb1a33246259d28993153be3dcb - - default default] Method 'is_advsvc' is deprecated since 2023.2 release (neutron-lib 3.8.0) and will be removed once support for the old RBAC API policies will be removed from Neutron. Please use method 'is_service_role' instead.
2026-06-02 22:38:45.270 9 INFO neutron.db.ovn_revision_numbers_db [None req-0e26e482-7586-4932-8b1c-917255a6a2c2 dd88eb0dc2ee406ba28d678e90410501 6b8aedb1a33246259d28993153be3dcb - - default default] Successfully bumped revision number for resource b509b005-b638-4184-bd06-842f6b47a99f (type: security_groups) to 1
2026-06-02 22:38:45.281 9 INFO neutron.db.ovn_revision_numbers_db [None req-0e26e482-7586-4932-8b1c-917255a6a2c2 dd88eb0dc2ee406ba28d678e90410501 6b8aedb1a33246259d28993153be3dcb - - default default] Successfully bumped revision number for resource 1dd7fcd0-7b7c-41d5-ab46-5cf64c147863 (type: security_group_rules) to 0
2026-06-02 22:38:45.293 9 INFO neutron.db.ovn_revision_numbers_db [None req-0e26e482-7586-4932-8b1c-917255a6a2c2 dd88eb0dc2ee406ba28d678e90410501 6b8aedb1a33246259d28993153be3dcb - - default default] Successfully bumped revision number for resource ad446fa0-2cc5-4085-b663-9db9293f7d17 (type: security_group_rules) to 0
2026-06-02 22:38:45.320 9 INFO neutron.api.wsgi [None req-0e26e482-7586-4932-8b1c-917255a6a2c2 dd88eb0dc2ee406ba28d678e90410501 6b8aedb1a33246259d28993153be3dcb - - default default] 10.0.0.127 "POST /v2.0/security-groups HTTP/1.1" status: 201 len: 1875 time: 0.1706030
2026-06-02 22:38:45.329 9 WARNING neutron_lib.context [None req-fd70d026-2470-4726-9bd4-08bdd2e1b599 dd88eb0dc2ee406ba28d678e90410501 6b8aedb1a33246259d28993153be3dcb - - default default] Method 'is_advsvc' is deprecated since 2023.2 release (neutron-lib 3.8.0) and will be removed once support for the old RBAC API policies will be removed from Neutron. Please use method 'is_service_role' instead.
2026-06-02 22:38:45.438 9 INFO neutron.db.ovn_revision_numbers_db [None req-fd70d026-2470-4726-9bd4-08bdd2e1b599 dd88eb0dc2ee406ba28d678e90410501 6b8aedb1a33246259d28993153be3dcb - - default default] Successfully bumped revision number for resource f3ebfce4-932d-43de-aeb2-5f403bd0645b (type: security_group_rules) to 0
2026-06-02 22:38:45.466 9 INFO neutron.api.wsgi [None req-fd70d026-2470-4726-9bd4-08bdd2e1b599 dd88eb0dc2ee406ba28d678e90410501 6b8aedb1a33246259d28993153be3dcb - - default default] 10.0.0.127 "POST /v2.0/security-group-rules HTTP/1.1" status: 201 len: 796 time: 0.1412306
2026-06-02 22:38:45.476 9 WARNING neutron_lib.context [None req-73217ff6-63a5-4efb-962f-6a931bf01e79 dd88eb0dc2ee406ba28d678e90410501 6b8aedb1a33246259d28993153be3dcb - - default default] Method 'is_advsvc' is deprecated since 2023.2 release (neutron-lib 3.8.0) and will be removed once support for the old RBAC API policies will be removed from Neutron. Please use method 'is_service_role' instead.
2026-06-02 22:38:45.515 10 INFO neutron.db.ovn_revision_numbers_db [None req-a6904139-5b2e-4a94-ad50-303f15951728 - - - - - -] Successfully bumped revision number for resource 37becb78-7b83-4c93-bca3-be566c1ed0f1 (type: ports) to 2
2026-06-02 22:38:45.540 10 INFO neutron.db.ovn_revision_numbers_db [None req-a6904139-5b2e-4a94-ad50-303f15951728 - - - - - -] Successfully bumped revision number for resource 81c428de-d045-4db6-b45b-975ac626756c (type: subnets) to 0
2026-06-02 22:38:45.555 10 INFO neutron.api.wsgi [None req-c6b17354-6995-4740-8cd9-76d78353eecf 153680424e88497ea1509462520d423f e0008f3729454f5ba0b038cf00117bca - - default default] 10.0.0.127 "POST /v2.0/subnets HTTP/1.1" status: 201 len: 828 time: 0.6154382
2026-06-02 22:38:45.564 10 WARNING neutron_lib.context [None req-8822f9a3-8b57-4a5d-aa08-c742f161272d 153680424e88497ea1509462520d423f e0008f3729454f5ba0b038cf00117bca - - default default] Method 'is_advsvc' is deprecated since 2023.2 release (neutron-lib 3.8.0) and will be removed once support for the old RBAC API policies will be removed from Neutron. Please use method 'is_service_role' instead.
2026-06-02 22:38:45.582 9 INFO neutron.db.ovn_revision_numbers_db [None req-73217ff6-63a5-4efb-962f-6a931bf01e79 dd88eb0dc2ee406ba28d678e90410501 6b8aedb1a33246259d28993153be3dcb - - default default] Successfully bumped revision number for resource adaf53bf-0643-49bd-8e7d-8b2c1daf646d (type: security_group_rules) to 0
2026-06-02 22:38:45.610 9 INFO neutron.api.wsgi [None req-73217ff6-63a5-4efb-962f-6a931bf01e79 dd88eb0dc2ee406ba28d678e90410501 6b8aedb1a33246259d28993153be3dcb - - default default] 10.0.0.127 "POST /v2.0/security-group-rules HTTP/1.1" status: 201 len: 795 time: 0.1383913
2026-06-02 22:38:45.619 9 WARNING neutron_lib.context [None req-fb6a87d2-5f32-4f77-a746-12def9265849 dd88eb0dc2ee406ba28d678e90410501 6b8aedb1a33246259d28993153be3dcb - - default default] Method 'is_advsvc' is deprecated since 2023.2 release (neutron-lib 3.8.0) and will be removed once support for the old RBAC API policies will be removed from Neutron. Please use method 'is_service_role' instead.
2026-06-02 22:38:45.730 9 INFO neutron.db.ovn_revision_numbers_db [None req-fb6a87d2-5f32-4f77-a746-12def9265849 dd88eb0dc2ee406ba28d678e90410501 6b8aedb1a33246259d28993153be3dcb - - default default] Successfully bumped revision number for resource 436bf673-2e3e-4ebe-af9f-8ca03c16cbe5 (type: security_group_rules) to 0
2026-06-02 22:38:45.757 9 INFO neutron.api.wsgi [None req-fb6a87d2-5f32-4f77-a746-12def9265849 dd88eb0dc2ee406ba28d678e90410501 6b8aedb1a33246259d28993153be3dcb - - default default] 10.0.0.127 "POST /v2.0/security-group-rules HTTP/1.1" status: 201 len: 801 time: 0.1412725
2026-06-02 22:38:45.768 9 WARNING neutron_lib.context [None req-9b45e24d-541a-4402-8ccb-0048992cb19c dd88eb0dc2ee406ba28d678e90410501 6b8aedb1a33246259d28993153be3dcb - - default default] Method 'is_advsvc' is deprecated since 2023.2 release (neutron-lib 3.8.0) and will be removed once support for the old RBAC API policies will be removed from Neutron. Please use method 'is_service_role' instead.
2026-06-02 22:38:45.869 9 INFO neutron.db.ovn_revision_numbers_db [None req-9b45e24d-541a-4402-8ccb-0048992cb19c dd88eb0dc2ee406ba28d678e90410501 6b8aedb1a33246259d28993153be3dcb - - default default] Successfully bumped revision number for resource 5ff01abf-cc87-424c-818c-8a0733b8e16a (type: security_group_rules) to 0
2026-06-02 22:38:45.894 9 INFO neutron.api.wsgi [None req-9b45e24d-541a-4402-8ccb-0048992cb19c dd88eb0dc2ee406ba28d678e90410501 6b8aedb1a33246259d28993153be3dcb - - default default] 10.0.0.127 "POST /v2.0/security-group-rules HTTP/1.1" status: 201 len: 800 time: 0.1314385
2026-06-02 22:38:45.903 9 WARNING neutron_lib.context [None req-7e881b31-a41d-4a3d-9eaf-6478b5e69588 dd88eb0dc2ee406ba28d678e90410501 6b8aedb1a33246259d28993153be3dcb - - default default] Method 'is_advsvc' is deprecated since 2023.2 release (neutron-lib 3.8.0) and will be removed once support for the old RBAC API policies will be removed from Neutron. Please use method 'is_service_role' instead.
2026-06-02 22:38:45.922 10 WARNING neutron.scheduler.dhcp_agent_scheduler [None req-8822f9a3-8b57-4a5d-aa08-c742f161272d 153680424e88497ea1509462520d423f e0008f3729454f5ba0b038cf00117bca - - default default] No more DHCP agents
2026-06-02 22:38:45.923 10 WARNING neutron.api.rpc.agentnotifiers.dhcp_rpc_agent_api [None req-8822f9a3-8b57-4a5d-aa08-c742f161272d 153680424e88497ea1509462520d423f e0008f3729454f5ba0b038cf00117bca - - default default] Unable to schedule network 80ebe74c-8e72-4aaa-874f-4d5c8ac79819: no agents available; will retry on subsequent port and subnet creation events.
2026-06-02 22:38:45.932 9 INFO neutron.db.securitygroups_db [None req-7e881b31-a41d-4a3d-9eaf-6478b5e69588 dd88eb0dc2ee406ba28d678e90410501 6b8aedb1a33246259d28993153be3dcb - - default default] Project 6b8aedb1a33246259d28993153be3dcb added a security group rule with legacy IPv6 ICMP protocol name icmp, ipv6-icmp should be used instead. It was automatically converted.
2026-06-02 22:38:46.021 9 INFO neutron.db.ovn_revision_numbers_db [None req-7e881b31-a41d-4a3d-9eaf-6478b5e69588 dd88eb0dc2ee406ba28d678e90410501 6b8aedb1a33246259d28993153be3dcb - - default default] Successfully bumped revision number for resource 47e7c57b-e44a-4616-8fe7-9034b08bb093 (type: security_group_rules) to 0
2026-06-02 22:38:46.028 10 INFO neutron.db.ovn_revision_numbers_db [None req-8822f9a3-8b57-4a5d-aa08-c742f161272d 153680424e88497ea1509462520d423f e0008f3729454f5ba0b038cf00117bca - - default default] Successfully bumped revision number for resource a9a96a13-7705-4df9-9713-56f44d3020ad (type: ports) to 1
2026-06-02 22:38:46.047 9 INFO neutron.api.wsgi [None req-7e881b31-a41d-4a3d-9eaf-6478b5e69588 dd88eb0dc2ee406ba28d678e90410501 6b8aedb1a33246259d28993153be3dcb - - default default] 10.0.0.127 "POST /v2.0/security-group-rules HTTP/1.1" status: 201 len: 806 time: 0.1479123
2026-06-02 22:38:46.055 9 WARNING neutron_lib.context [None req-005d21e7-e7a7-4f30-8f99-590f07be7855 dd88eb0dc2ee406ba28d678e90410501 6b8aedb1a33246259d28993153be3dcb - - default default] Method 'is_advsvc' is deprecated since 2023.2 release (neutron-lib 3.8.0) and will be removed once support for the old RBAC API policies will be removed from Neutron. Please use method 'is_service_role' instead.
2026-06-02 22:38:46.089 9 INFO neutron.db.securitygroups_db [None req-005d21e7-e7a7-4f30-8f99-590f07be7855 dd88eb0dc2ee406ba28d678e90410501 6b8aedb1a33246259d28993153be3dcb - - default default] Project 6b8aedb1a33246259d28993153be3dcb added a security group rule with legacy IPv6 ICMP protocol name icmp, ipv6-icmp should be used instead. It was automatically converted.
2026-06-02 22:38:46.179 9 INFO neutron.db.ovn_revision_numbers_db [None req-005d21e7-e7a7-4f30-8f99-590f07be7855 dd88eb0dc2ee406ba28d678e90410501 6b8aedb1a33246259d28993153be3dcb - - default default] Successfully bumped revision number for resource 2088a06e-e6c7-4d5a-825f-4d5cf2939ee1 (type: security_group_rules) to 0
2026-06-02 22:38:46.210 9 INFO neutron.api.wsgi [None req-005d21e7-e7a7-4f30-8f99-590f07be7855 dd88eb0dc2ee406ba28d678e90410501 6b8aedb1a33246259d28993153be3dcb - - default default] 10.0.0.127 "POST /v2.0/security-group-rules HTTP/1.1" status: 201 len: 805 time: 0.1589832
2026-06-02 22:38:46.497 10 WARNING neutron.plugins.ml2.drivers.ovn.mech_driver.ovsdb.ovn_client [None req-d2b03e1e-979b-49ac-b944-0888f3318a33 - - - - - -] No hosting information found for port 9605604f-d56f-4500-be94-fab97dd2c41a: RuntimeError: No hosting information found for port 9605604f-d56f-4500-be94-fab97dd2c41a
2026-06-02 22:38:46.501 10 INFO neutron.plugins.ml2.drivers.ovn.mech_driver.ovsdb.commands [None req-eea75f9b-ca9b-46d0-af3a-f1e7029e86f2 - - - - - -] Schedule LRP lrp-a9a96a13-7705-4df9-9713-56f44d3020ad on gateway 19e1d9cd-7ef3-442b-8fb7-62bc1c7defa2 with priority 1
2026-06-02 22:38:46.553 10 INFO neutron.db.ovn_revision_numbers_db [None req-8822f9a3-8b57-4a5d-aa08-c742f161272d 153680424e88497ea1509462520d423f e0008f3729454f5ba0b038cf00117bca - - default default] Successfully bumped revision number for resource a9a96a13-7705-4df9-9713-56f44d3020ad (type: router_ports) to 1
2026-06-02 22:38:46.571 10 INFO neutron.db.ovn_revision_numbers_db [None req-d2b03e1e-979b-49ac-b944-0888f3318a33 - - - - - -] Successfully bumped revision number for resource 9605604f-d56f-4500-be94-fab97dd2c41a (type: router_ports) to 2
2026-06-02 22:38:46.597 9 WARNING neutron_lib.context [None req-a7b2e308-7b90-47f2-8f38-113e49a657a8 dd88eb0dc2ee406ba28d678e90410501 6b8aedb1a33246259d28993153be3dcb - - default default] Method 'is_advsvc' is deprecated since 2023.2 release (neutron-lib 3.8.0) and will be removed once support for the old RBAC API policies will be removed from Neutron. Please use method 'is_service_role' instead.
2026-06-02 22:38:46.614 10 INFO neutron.plugins.ml2.drivers.ovn.mech_driver.mech_driver [None req-d2b03e1e-979b-49ac-b944-0888f3318a33 - - - - - -] OVN reports status up for port: 0245d59a-1580-4373-8f3a-5415b2594fb7
2026-06-02 22:38:46.616 10 INFO neutron.db.ovn_revision_numbers_db [None req-8822f9a3-8b57-4a5d-aa08-c742f161272d 153680424e88497ea1509462520d423f e0008f3729454f5ba0b038cf00117bca - - default default] Successfully bumped revision number for resource 10a9e2cf-5a5a-4f4d-85d2-50c0b9a1c15a (type: routers) to 2
2026-06-02 22:38:46.634 10 INFO neutron.api.wsgi [None req-8822f9a3-8b57-4a5d-aa08-c742f161272d 153680424e88497ea1509462520d423f e0008f3729454f5ba0b038cf00117bca - - default default] 10.0.0.127 "POST /v2.0/routers HTTP/1.1" status: 201 len: 1136 time: 1.0747263
2026-06-02 22:38:46.635 10 INFO neutron.plugins.ml2.plugin [None req-d2b03e1e-979b-49ac-b944-0888f3318a33 - - - - - -] Attempt 1 to provision port 0245d59a-1580-4373-8f3a-5415b2594fb7
2026-06-02 22:38:46.745 9 INFO neutron.db.ovn_revision_numbers_db [None req-a7b2e308-7b90-47f2-8f38-113e49a657a8 dd88eb0dc2ee406ba28d678e90410501 6b8aedb1a33246259d28993153be3dcb - - default default] Successfully bumped revision number for resource 958888a2-6669-4d89-9456-6b9723867313 (type: security_groups) to 1
2026-06-02 22:38:46.747 10 INFO neutron.notifiers.nova [-] Nova event matching ['req-8d2a089c-2caf-49cc-b3bf-e05543179d4e'] response: {'server_uuid': '2122083b-1da4-4e07-ab99-d613f89e276b', 'name': 'network-vif-plugged', 'status': 'completed', 'tag': '0245d59a-1580-4373-8f3a-5415b2594fb7', 'code': 200}
2026-06-02 22:38:46.758 9 INFO neutron.db.ovn_revision_numbers_db [None req-a7b2e308-7b90-47f2-8f38-113e49a657a8 dd88eb0dc2ee406ba28d678e90410501 6b8aedb1a33246259d28993153be3dcb - - default default] Successfully bumped revision number for resource 05d8d3ec-0c58-494c-88d6-9782e60e9f4c (type: security_group_rules) to 0
2026-06-02 22:38:46.774 9 INFO neutron.db.ovn_revision_numbers_db [None req-a7b2e308-7b90-47f2-8f38-113e49a657a8 dd88eb0dc2ee406ba28d678e90410501 6b8aedb1a33246259d28993153be3dcb - - default default] Successfully bumped revision number for resource 344fa1e9-9ac2-4fff-8ec3-bf7ff4e2dea7 (type: security_group_rules) to 0
2026-06-02 22:38:46.809 9 INFO neutron.api.wsgi [None req-a7b2e308-7b90-47f2-8f38-113e49a657a8 dd88eb0dc2ee406ba28d678e90410501 6b8aedb1a33246259d28993153be3dcb - - default default] 10.0.0.127 "POST /v2.0/security-groups HTTP/1.1" status: 201 len: 1861 time: 0.2175443
2026-06-02 22:38:46.819 10 WARNING neutron_lib.context [None req-0ebff06f-154b-493e-9fba-2271978dc1a3 dd88eb0dc2ee406ba28d678e90410501 6b8aedb1a33246259d28993153be3dcb - - default default] Method 'is_advsvc' is deprecated since 2023.2 release (neutron-lib 3.8.0) and will be removed once support for the old RBAC API policies will be removed from Neutron. Please use method 'is_service_role' instead.
2026-06-02 22:38:46.860 10 INFO neutron.db.ovn_revision_numbers_db [None req-d2b03e1e-979b-49ac-b944-0888f3318a33 - - - - - -] Successfully bumped revision number for resource 0245d59a-1580-4373-8f3a-5415b2594fb7 (type: ports) to 5
2026-06-02 22:38:46.932 10 INFO neutron.plugins.ml2.drivers.ovn.mech_driver.mech_driver [None req-3a2530d7-c3be-4fa7-8ff4-259d2614877a - - - - - -] OVN reports status up for port: a9a96a13-7705-4df9-9713-56f44d3020ad
2026-06-02 22:38:46.940 10 INFO neutron.plugins.ml2.plugin [None req-3a2530d7-c3be-4fa7-8ff4-259d2614877a - - - - - -] Attempt 1 to provision port a9a96a13-7705-4df9-9713-56f44d3020ad
2026-06-02 22:38:46.947 10 INFO neutron.db.ovn_revision_numbers_db [None req-0ebff06f-154b-493e-9fba-2271978dc1a3 dd88eb0dc2ee406ba28d678e90410501 6b8aedb1a33246259d28993153be3dcb - - default default] Successfully bumped revision number for resource 313e8068-31ae-4c33-985a-72810f765ff2 (type: security_group_rules) to 0
2026-06-02 22:38:46.980 10 INFO neutron.api.wsgi [None req-0ebff06f-154b-493e-9fba-2271978dc1a3 dd88eb0dc2ee406ba28d678e90410501 6b8aedb1a33246259d28993153be3dcb - - default default] 10.0.0.127 "POST /v2.0/security-group-rules HTTP/1.1" status: 201 len: 796 time: 0.1659365
2026-06-02 22:38:46.991 9 WARNING neutron_lib.context [None req-6dc297b1-65be-43c7-82f7-d53035f50291 dd88eb0dc2ee406ba28d678e90410501 6b8aedb1a33246259d28993153be3dcb - - default default] Method 'is_advsvc' is deprecated since 2023.2 release (neutron-lib 3.8.0) and will be removed once support for the old RBAC API policies will be removed from Neutron. Please use method 'is_service_role' instead.
2026-06-02 22:38:47.139 9 INFO neutron.db.ovn_revision_numbers_db [None req-6dc297b1-65be-43c7-82f7-d53035f50291 dd88eb0dc2ee406ba28d678e90410501 6b8aedb1a33246259d28993153be3dcb - - default default] Successfully bumped revision number for resource c1b20246-ca72-454d-aa16-7af2352d0fbf (type: security_group_rules) to 0
2026-06-02 22:38:47.140 9 WARNING neutron.scheduler.dhcp_agent_scheduler [None req-2793efb8-a532-4902-8837-78422c33c7e5 153680424e88497ea1509462520d423f e0008f3729454f5ba0b038cf00117bca - - default default] No more DHCP agents
2026-06-02 22:38:47.141 9 WARNING neutron.api.rpc.agentnotifiers.dhcp_rpc_agent_api [None req-2793efb8-a532-4902-8837-78422c33c7e5 153680424e88497ea1509462520d423f e0008f3729454f5ba0b038cf00117bca - - default default] Unable to schedule network 8b5952f7-98fa-45fb-a492-e8ad408b3af0: no agents available; will retry on subsequent port and subnet creation events.
2026-06-02 22:38:47.170 9 INFO neutron.api.wsgi [None req-6dc297b1-65be-43c7-82f7-d53035f50291 dd88eb0dc2ee406ba28d678e90410501 6b8aedb1a33246259d28993153be3dcb - - default default] 10.0.0.127 "POST /v2.0/security-group-rules HTTP/1.1" status: 201 len: 801 time: 0.1854956 /var/lib/openstack/lib/python3.12/site-packages/pycadf/identifier.py:71: UserWarning: Invalid uuid: neutron. To ensure interoperability, identifiers should be a valid uuid. warnings.warn(('Invalid uuid: %s. To ensure interoperability, '
2026-06-02 22:38:47.181 10 WARNING neutron_lib.context [None req-73a18b03-aa5e-4c3f-bdb9-282dd5b8db67 dd88eb0dc2ee406ba28d678e90410501 6b8aedb1a33246259d28993153be3dcb - - default default] Method 'is_advsvc' is deprecated since 2023.2 release (neutron-lib 3.8.0) and will be removed once support for the old RBAC API policies will be removed from Neutron. Please use method 'is_service_role' instead.
2026-06-02 22:38:47.263 9 INFO neutron.db.ovn_revision_numbers_db [None req-2793efb8-a532-4902-8837-78422c33c7e5 153680424e88497ea1509462520d423f e0008f3729454f5ba0b038cf00117bca - - default default] Successfully bumped revision number for resource 58fab72c-c308-4e23-b840-8df3476ed038 (type: ports) to 1
2026-06-02 22:38:47.438 10 WARNING neutron.scheduler.dhcp_agent_scheduler [None req-73a18b03-aa5e-4c3f-bdb9-282dd5b8db67 dd88eb0dc2ee406ba28d678e90410501 6b8aedb1a33246259d28993153be3dcb - - default default] No more DHCP agents
2026-06-02 22:38:47.439 10 WARNING neutron.api.rpc.agentnotifiers.dhcp_rpc_agent_api [None req-73a18b03-aa5e-4c3f-bdb9-282dd5b8db67 dd88eb0dc2ee406ba28d678e90410501 6b8aedb1a33246259d28993153be3dcb - - default default] Unable to schedule network 80ebe74c-8e72-4aaa-874f-4d5c8ac79819: no agents available; will retry on subsequent port and subnet creation events.
2026-06-02 22:38:47.644 10 INFO neutron.api.wsgi [-] 10.0.0.11 "GET / HTTP/1.1" status: 200 len: 246 time: 0.0018115
2026-06-02 22:38:47.647 10 INFO neutron.api.wsgi [-] 10.0.0.11 "GET / HTTP/1.1" status: 200 len: 246 time: 0.0017064
2026-06-02 22:38:47.798 10 INFO neutron.api.wsgi [None req-73a18b03-aa5e-4c3f-bdb9-282dd5b8db67 dd88eb0dc2ee406ba28d678e90410501 6b8aedb1a33246259d28993153be3dcb - - default default] 10.0.0.127 "POST /v2.0/floatingips HTTP/1.1" status: 201 len: 751 time: 0.6222830
2026-06-02 22:38:47.935 9 INFO neutron.api.wsgi [req-d3a591a4-b400-4cd5-872a-4611d699102e req-d9909a85-d327-4c9c-b4b1-2d9dafc6f1ad dd88eb0dc2ee406ba28d678e90410501 6b8aedb1a33246259d28993153be3dcb - - default default] 10.0.0.112 "GET /v2.0/security-groups?name=tempest-secgroup-smoke-1300469652&fields=id&tenant_id=6b8aedb1a33246259d28993153be3dcb HTTP/1.1" status: 200 len: 267 time: 0.0412259
2026-06-02 22:38:47.937 9 INFO neutron.db.ovn_revision_numbers_db [None req-2793efb8-a532-4902-8837-78422c33c7e5 153680424e88497ea1509462520d423f e0008f3729454f5ba0b038cf00117bca - - default default] Successfully bumped revision number for resource 58fab72c-c308-4e23-b840-8df3476ed038 (type: ports) to 1
2026-06-02 22:38:47.969 9 INFO neutron.api.wsgi [req-d3a591a4-b400-4cd5-872a-4611d699102e req-24ba1b5e-326f-4727-a85d-5a31dc996737 dd88eb0dc2ee406ba28d678e90410501 6b8aedb1a33246259d28993153be3dcb - - default default] 10.0.0.112 "GET /v2.0/security-groups?name=tempest-securitygroup--1632541995&fields=id&tenant_id=6b8aedb1a33246259d28993153be3dcb HTTP/1.1" status: 200 len: 267 time: 0.0285482
2026-06-02 22:38:48.000 9 WARNING neutron.scheduler.dhcp_agent_scheduler [None req-2793efb8-a532-4902-8837-78422c33c7e5 153680424e88497ea1509462520d423f e0008f3729454f5ba0b038cf00117bca - - default default] No more DHCP agents
2026-06-02 22:38:48.002 9 WARNING neutron.api.rpc.agentnotifiers.dhcp_rpc_agent_api [None req-2793efb8-a532-4902-8837-78422c33c7e5 153680424e88497ea1509462520d423f e0008f3729454f5ba0b038cf00117bca - - default default] Unable to schedule network 8b5952f7-98fa-45fb-a492-e8ad408b3af0: no agents available; will retry on subsequent port and subnet creation events.
2026-06-02 22:38:48.023 9 INFO neutron.api.wsgi [req-d3a591a4-b400-4cd5-872a-4611d699102e req-d5b770af-6bc5-46bc-825a-f1ee70c67354 dd88eb0dc2ee406ba28d678e90410501 6b8aedb1a33246259d28993153be3dcb - - default default] 10.0.0.112 "GET /v2.0/networks?id=c95a1f8b-b0c6-4eae-ad72-885e7a25a3d6 HTTP/1.1" status: 200 len: 872 time: 0.0457253
2026-06-02 22:38:48.045 9 INFO neutron.api.wsgi [req-d3a591a4-b400-4cd5-872a-4611d699102e req-40d58c90-af9c-4d6e-b41c-17886107d2b7 dd88eb0dc2ee406ba28d678e90410501 6b8aedb1a33246259d28993153be3dcb - - default default] 10.0.0.112 "GET /v2.0/quotas/6b8aedb1a33246259d28993153be3dcb HTTP/1.1" status: 200 len: 491 time: 0.0092015
2026-06-02 22:38:48.120 10 INFO neutron.api.wsgi [req-639182fd-5bd0-4385-a8b3-4504a90583c7 req-1c2f0982-e3ce-4b0b-bda1-cf9b780e1da3 1e2363dc975446b5832c67b7decc4f26 8659707b35584c1c854b5ccb7f5bd7a6 - - default default] 10.0.0.112 "GET /v2.0/ports?device_id=2122083b-1da4-4e07-ab99-d613f89e276b HTTP/1.1" status: 200 len: 1404 time: 0.0611625
2026-06-02 22:38:48.156 10 INFO neutron.api.wsgi [req-639182fd-5bd0-4385-a8b3-4504a90583c7 req-6300057f-3ccf-4e5d-90bb-b851e72436ef 1e2363dc975446b5832c67b7decc4f26 8659707b35584c1c854b5ccb7f5bd7a6 - - default default] 10.0.0.112 "GET /v2.0/security-groups?id=70b57e54-1638-40f3-86cc-f086e61239e6&fields=id&fields=name HTTP/1.1" status: 200 len: 311 time: 0.0328231
2026-06-02 22:38:48.208 10 INFO neutron.api.wsgi [None req-c34e391a-280c-4c13-a301-0c20ed8298bb 1e2363dc975446b5832c67b7decc4f26 8659707b35584c1c854b5ccb7f5bd7a6 - - default default] 10.0.0.127 "GET /v2.0/ports?network_id=3c229d5c-f08b-4501-b12c-45182cb3313e&mac_address=fa%3A16%3A3e%3Abd%3Ac7%3A60 HTTP/1.1" status: 200 len: 1399 time: 0.0298178
2026-06-02 22:38:48.216 10 WARNING neutron_lib.context [None req-25b5c6f4-978f-4043-8ad0-eba25fb09865 1e2363dc975446b5832c67b7decc4f26 8659707b35584c1c854b5ccb7f5bd7a6 - - default default] Method 'is_advsvc' is deprecated since 2023.2 release (neutron-lib 3.8.0) and will be removed once support for the old RBAC API policies will be removed from Neutron. Please use method 'is_service_role' instead.
2026-06-02 22:38:48.411 9 INFO neutron.api.wsgi [req-d3a591a4-b400-4cd5-872a-4611d699102e req-e9626ebd-8246-4af1-a9db-9e1f09f3abdf dd88eb0dc2ee406ba28d678e90410501 6b8aedb1a33246259d28993153be3dcb - - default default] 10.0.0.112 "GET /v2.0/ports?tenant_id=6b8aedb1a33246259d28993153be3dcb&fields=id HTTP/1.1" status: 200 len: 302 time: 0.0705414
2026-06-02 22:38:48.429 10 WARNING neutron.scheduler.dhcp_agent_scheduler [None req-25b5c6f4-978f-4043-8ad0-eba25fb09865 1e2363dc975446b5832c67b7decc4f26 8659707b35584c1c854b5ccb7f5bd7a6 - - default default] No more DHCP agents
2026-06-02 22:38:48.430 10 WARNING neutron.api.rpc.agentnotifiers.dhcp_rpc_agent_api [None req-25b5c6f4-978f-4043-8ad0-eba25fb09865 1e2363dc975446b5832c67b7decc4f26 8659707b35584c1c854b5ccb7f5bd7a6 - - default default] Unable to schedule network 80ebe74c-8e72-4aaa-874f-4d5c8ac79819: no agents available; will retry on subsequent port and subnet creation events.
2026-06-02 22:38:48.476 9 INFO neutron.api.wsgi [req-d3a591a4-b400-4cd5-872a-4611d699102e req-016abdb8-98c7-49ed-8403-f0028416afd7 86522596c94245479eef5d0926326a20 1792dd84f79b4d8293e2c1f6eea1db25 - - 4c9fd5d11ba8420cb8bdb12be613f9dd 4c9fd5d11ba8420cb8bdb12be613f9dd] 10.0.0.112 "GET /v2.0/networks/c95a1f8b-b0c6-4eae-ad72-885e7a25a3d6?fields=segments HTTP/1.1" status: 200 len: 212 time: 0.0446489
2026-06-02 22:38:48.524 9 WARNING neutron.plugins.ml2.drivers.ovn.mech_driver.ovsdb.ovn_client [None req-d369a298-e071-4b50-a3cb-fc27efd56c62 - - - - - -] No hosting information found for port bd95757d-fb13-481b-b230-e45fe487c06b: RuntimeError: No hosting information found for port bd95757d-fb13-481b-b230-e45fe487c06b
2026-06-02 22:38:48.550 9 INFO neutron.api.wsgi [req-d3a591a4-b400-4cd5-872a-4611d699102e req-5935de38-9668-48a8-9185-94d5e63a9208 86522596c94245479eef5d0926326a20 1792dd84f79b4d8293e2c1f6eea1db25 - - 4c9fd5d11ba8420cb8bdb12be613f9dd 4c9fd5d11ba8420cb8bdb12be613f9dd] 10.0.0.112 "GET /v2.0/networks/c95a1f8b-b0c6-4eae-ad72-885e7a25a3d6?fields=provider%3Aphysical_network&fields=provider%3Anetwork_type HTTP/1.1" status: 200 len: 277 time: 0.0632005
2026-06-02 22:38:48.609 9 INFO neutron.db.ovn_revision_numbers_db [None req-d369a298-e071-4b50-a3cb-fc27efd56c62 - - - - - -] Successfully bumped revision number for resource bd95757d-fb13-481b-b230-e45fe487c06b (type: router_ports) to 2
2026-06-02 22:38:48.609 9 INFO neutron.plugins.ml2.drivers.ovn.mech_driver.mech_driver [None req-d369a298-e071-4b50-a3cb-fc27efd56c62 - - - - - -] OVN reports status up for port: b88bed23-8166-4405-a93b-a04770dfa5fb
2026-06-02 22:38:48.621 9 INFO neutron.plugins.ml2.plugin [None req-d369a298-e071-4b50-a3cb-fc27efd56c62 - - - - - -] Attempt 1 to provision port b88bed23-8166-4405-a93b-a04770dfa5fb
2026-06-02 22:38:48.626 9 INFO neutron.db.ovn_revision_numbers_db [None req-2793efb8-a532-4902-8837-78422c33c7e5 153680424e88497ea1509462520d423f e0008f3729454f5ba0b038cf00117bca - - default default] Successfully bumped revision number for resource 58fab72c-c308-4e23-b840-8df3476ed038 (type: router_ports) to 1
2026-06-02 22:38:48.631 9 INFO neutron.api.wsgi [None req-2793efb8-a532-4902-8837-78422c33c7e5 153680424e88497ea1509462520d423f e0008f3729454f5ba0b038cf00117bca - - default default] 10.0.0.127 "PUT /v2.0/routers/10a9e2cf-5a5a-4f4d-85d2-50c0b9a1c15a/add_router_interface HTTP/1.1" status: 200 len: 503 time: 1.9908042
2026-06-02 22:38:48.706 10 INFO neutron.api.wsgi [req-61b1bf9a-2566-404b-b441-3545566c8af7 req-6a607342-85ab-4a08-aa99-593f1895f243 dd88eb0dc2ee406ba28d678e90410501 6b8aedb1a33246259d28993153be3dcb - - default default] 10.0.0.112 "GET /v2.0/ports?device_id=6eced1bc-175e-4348-8938-fce2e9ee595c HTTP/1.1" status: 200 len: 210 time: 0.0256131
2026-06-02 22:38:48.735 9 INFO neutron.plugins.ml2.drivers.ovn.mech_driver.mech_driver [None req-d369a298-e071-4b50-a3cb-fc27efd56c62 - - - - - -] OVN reports status up for port: 4a98154f-12e6-41cd-9153-923fa165f25f
2026-06-02 22:38:48.750 9 INFO neutron.plugins.ml2.plugin [None req-d369a298-e071-4b50-a3cb-fc27efd56c62 - - - - - -] Attempt 1 to provision port 4a98154f-12e6-41cd-9153-923fa165f25f
2026-06-02 22:38:48.778 10 INFO neutron.notifiers.nova [-] Nova event matching ['req-bc4bf4ef-0dc1-4464-b746-373394379cef'] response: {'server_uuid': '2122083b-1da4-4e07-ab99-d613f89e276b', 'name': 'network-vif-plugged', 'status': 'completed', 'tag': '0245d59a-1580-4373-8f3a-5415b2594fb7', 'code': 200}
2026-06-02 22:38:49.177 9 WARNING neutron.scheduler.dhcp_agent_scheduler [None req-2cba6dc7-f7bd-4b7e-9a4c-039c95a730aa - - - - - -] No more DHCP agents
2026-06-02 22:38:49.179 9 WARNING neutron.api.rpc.agentnotifiers.dhcp_rpc_agent_api [None req-2cba6dc7-f7bd-4b7e-9a4c-039c95a730aa - - - - - -] Unable to schedule network 80ebe74c-8e72-4aaa-874f-4d5c8ac79819: no agents available; will retry on subsequent port and subnet creation events.
