2026-06-02 22:37:10.445 9 INFO neutron.db.ovn_revision_numbers_db [None req-8ab378f2-da65-4358-aeec-2db43d89efea ef9431564eb743c9882dee4928ccf684 a39275425c5d4935bd47dbb81ee2a16c - - default default] Successfully bumped revision number for resource 4469bafc-3787-4f7f-9729-678ae1057354 (type: security_group_rules) to 0
2026-06-02 22:37:10.454 9 INFO neutron.db.ovn_revision_numbers_db [None req-8ab378f2-da65-4358-aeec-2db43d89efea ef9431564eb743c9882dee4928ccf684 a39275425c5d4935bd47dbb81ee2a16c - - default default] Successfully bumped revision number for resource 99fc20cc-f347-46fe-8ec6-3d7c9ea24058 (type: security_group_rules) to 0
2026-06-02 22:37:10.466 9 INFO neutron.db.ovn_revision_numbers_db [None req-8ab378f2-da65-4358-aeec-2db43d89efea ef9431564eb743c9882dee4928ccf684 a39275425c5d4935bd47dbb81ee2a16c - - default default] Successfully bumped revision number for resource 9d837c8a-ff0f-4f4a-be23-51779cf22d55 (type: security_group_rules) to 0
2026-06-02 22:37:10.523 9 INFO neutron.api.wsgi [req-6b036523-4c67-41d1-9d15-d8e20af6ca43 req-100a7b2b-5736-464c-92bd-facbdfdc4440 7eed6bd94c77408b91cee9c009b52e8e d06770edaf354f89bc488ee06bfc63d3 - - default default] 10.0.0.112 "GET /v2.0/ports?device_id=8b8abb91-5acc-4036-bccb-0f44bd5ad72f HTTP/1.1" status: 200 len: 1168 time: 0.0634615
2026-06-02 22:37:10.543 9 INFO neutron.db.segments_db [None req-8ab378f2-da65-4358-aeec-2db43d89efea ef9431564eb743c9882dee4928ccf684 a39275425c5d4935bd47dbb81ee2a16c - - default default] Added segment acecae8c-5d5f-40f2-aa4a-b5da7111ef34 of type geneve for network 8cccd0fd-a46c-4895-8253-0cc9aaa59c35
2026-06-02 22:37:10.566 9 INFO neutron.api.wsgi [req-6b036523-4c67-41d1-9d15-d8e20af6ca43 req-308061be-4bf9-466f-bfd3-171118c255f0 7eed6bd94c77408b91cee9c009b52e8e d06770edaf354f89bc488ee06bfc63d3 - - default default] 10.0.0.112 "GET /v2.0/security-groups?id=d4fd5064-b6f5-450b-9d9c-bd18ba120993&fields=id&fields=name HTTP/1.1" status: 200 len: 313 time: 0.0343103
2026-06-02 22:37:10.600 10 INFO neutron.api.wsgi [req-d8446554-a259-4cd0-b8ae-2ae3b811f162 req-9094c409-1873-470e-b2e8-fdec98accf76 a1c031c4828247ac8ef007a2bfbc2533 afaab217a3444c0da84ca45f44ab4bf3 - - default default] 10.0.0.112 "GET /v2.0/ports?device_id=4dbfbc5c-aeda-4c7d-b83b-2917ac00770e HTTP/1.1" status: 200 len: 210 time: 0.0292764
2026-06-02 22:37:10.663 9 INFO neutron.db.ovn_revision_numbers_db [None req-8ab378f2-da65-4358-aeec-2db43d89efea ef9431564eb743c9882dee4928ccf684 a39275425c5d4935bd47dbb81ee2a16c - - default default] Successfully bumped revision number for resource 8cccd0fd-a46c-4895-8253-0cc9aaa59c35 (type: networks) to 1
2026-06-02 22:37:10.829 9 WARNING neutron.scheduler.dhcp_agent_scheduler [None req-8ab378f2-da65-4358-aeec-2db43d89efea ef9431564eb743c9882dee4928ccf684 a39275425c5d4935bd47dbb81ee2a16c - - default default] No more DHCP agents
2026-06-02 22:37:10.831 9 WARNING neutron.api.rpc.agentnotifiers.dhcp_rpc_agent_api [None req-8ab378f2-da65-4358-aeec-2db43d89efea ef9431564eb743c9882dee4928ccf684 a39275425c5d4935bd47dbb81ee2a16c - - default default] Unable to schedule network 8cccd0fd-a46c-4895-8253-0cc9aaa59c35: no agents available; will retry on subsequent port and subnet creation events.
2026-06-02 22:37:10.888 9 INFO neutron.db.ovn_revision_numbers_db [None req-8ab378f2-da65-4358-aeec-2db43d89efea ef9431564eb743c9882dee4928ccf684 a39275425c5d4935bd47dbb81ee2a16c - - default default] Successfully bumped revision number for resource 930588b0-60d5-4c84-976b-c42489405a05 (type: ports) to 1
2026-06-02 22:37:10.914 9 INFO neutron.api.wsgi [None req-8ab378f2-da65-4358-aeec-2db43d89efea ef9431564eb743c9882dee4928ccf684 a39275425c5d4935bd47dbb81ee2a16c - - default default] 10.0.0.127 "POST /v2.0/networks HTTP/1.1" status: 201 len: 941 time: 0.7445743
2026-06-02 22:37:11.040 9 WARNING neutron.scheduler.dhcp_agent_scheduler [None req-8d147b37-267b-4242-99be-c3797a99b6a3 ef9431564eb743c9882dee4928ccf684 a39275425c5d4935bd47dbb81ee2a16c - - default default] No more DHCP agents
2026-06-02 22:37:11.041 9 WARNING neutron.api.rpc.agentnotifiers.dhcp_rpc_agent_api [None req-8d147b37-267b-4242-99be-c3797a99b6a3 ef9431564eb743c9882dee4928ccf684 a39275425c5d4935bd47dbb81ee2a16c - - default default] Unable to schedule network 8cccd0fd-a46c-4895-8253-0cc9aaa59c35: no agents available; will retry on subsequent port and subnet creation events.
2026-06-02 22:37:11.413 9 INFO neutron.db.ovn_revision_numbers_db [None req-4a44bbbc-60a4-4f20-b63a-25ddbfd45625 - - - - - -] Successfully bumped revision number for resource 930588b0-60d5-4c84-976b-c42489405a05 (type: ports) to 2
2026-06-02 22:37:11.438 9 INFO neutron.db.ovn_revision_numbers_db [None req-4a44bbbc-60a4-4f20-b63a-25ddbfd45625 - - - - - -] Successfully bumped revision number for resource 563e54f1-3e63-4027-a211-1e67f02a17d0 (type: subnets) to 0
2026-06-02 22:37:11.459 9 INFO neutron.api.wsgi [None req-8d147b37-267b-4242-99be-c3797a99b6a3 ef9431564eb743c9882dee4928ccf684 a39275425c5d4935bd47dbb81ee2a16c - - default default] 10.0.0.127 "POST /v2.0/subnets HTTP/1.1" status: 201 len: 885 time: 0.5397782
2026-06-02 22:37:11.461 10 INFO neutron.notifiers.nova [-] Nova event matching ['req-6f23e9d1-75fc-45a9-aa56-3ccf312e7f97'] response: {'server_uuid': '8b8abb91-5acc-4036-bccb-0f44bd5ad72f', 'name': 'network-vif-unplugged', 'status': 'completed', 'tag': '7d6a8dd6-62ee-4a66-bcc2-d3da355482f6', 'code': 200}
2026-06-02 22:37:11.660 9 INFO neutron.api.wsgi [req-21b3d547-ce26-4a97-a1a9-d8c7efa160cd req-0d813ab1-fabf-48f5-8880-faeacdb5658c 7eed6bd94c77408b91cee9c009b52e8e d06770edaf354f89bc488ee06bfc63d3 - - default default] 10.0.0.112 "GET /v2.0/ports?device_id=8b8abb91-5acc-4036-bccb-0f44bd5ad72f HTTP/1.1" status: 200 len: 1168 time: 0.0307186
2026-06-02 22:37:11.669 10 INFO neutron.api.wsgi [req-1de350e8-c712-478a-a33e-ca1c5a723d56 req-71b2b8f5-3f33-4764-b9d1-5b6697b3b9f1 a1c031c4828247ac8ef007a2bfbc2533 afaab217a3444c0da84ca45f44ab4bf3 - - default default] 10.0.0.112 "GET /v2.0/ports?device_id=4dbfbc5c-aeda-4c7d-b83b-2917ac00770e HTTP/1.1" status: 200 len: 210 time: 0.0176935
2026-06-02 22:37:11.693 9 INFO neutron.api.wsgi [req-21b3d547-ce26-4a97-a1a9-d8c7efa160cd req-9a7b736d-af53-4aef-b4ae-656e3ad0fc3f 7eed6bd94c77408b91cee9c009b52e8e d06770edaf354f89bc488ee06bfc63d3 - - default default] 10.0.0.112 "GET /v2.0/security-groups?id=d4fd5064-b6f5-450b-9d9c-bd18ba120993&fields=id&fields=name HTTP/1.1" status: 200 len: 313 time: 0.0278506
2026-06-02 22:37:11.859 10 WARNING neutron.scheduler.dhcp_agent_scheduler [None req-bbbe532a-fc56-47a2-9120-5b8b90184b9e ef9431564eb743c9882dee4928ccf684 a39275425c5d4935bd47dbb81ee2a16c - - default default] No more DHCP agents
2026-06-02 22:37:11.861 10 WARNING neutron.api.rpc.agentnotifiers.dhcp_rpc_agent_api [None req-bbbe532a-fc56-47a2-9120-5b8b90184b9e ef9431564eb743c9882dee4928ccf684 a39275425c5d4935bd47dbb81ee2a16c - - default default] Unable to schedule network 80ebe74c-8e72-4aaa-874f-4d5c8ac79819: no agents available; will retry on subsequent port and subnet creation events.
2026-06-02 22:37:11.982 10 INFO neutron.db.ovn_revision_numbers_db [None req-bbbe532a-fc56-47a2-9120-5b8b90184b9e ef9431564eb743c9882dee4928ccf684 a39275425c5d4935bd47dbb81ee2a16c - - default default] Successfully bumped revision number for resource 20a41a6a-d507-40b4-bab0-18d8890e261f (type: ports) to 1
2026-06-02 22:37:12.295 10 INFO neutron.plugins.ml2.drivers.ovn.mech_driver.mech_driver [None req-2ac3789e-bcd1-4af3-b9be-7b05fff957aa - - - - - -] OVN reports status up for port: 7d6a8dd6-62ee-4a66-bcc2-d3da355482f6
2026-06-02 22:37:12.310 10 INFO neutron.plugins.ml2.plugin [None req-2ac3789e-bcd1-4af3-b9be-7b05fff957aa - - - - - -] Attempt 1 to provision port 7d6a8dd6-62ee-4a66-bcc2-d3da355482f6
2026-06-02 22:37:12.536 10 INFO neutron.db.ovn_revision_numbers_db [None req-2ac3789e-bcd1-4af3-b9be-7b05fff957aa - - - - - -] Successfully bumped revision number for resource 7d6a8dd6-62ee-4a66-bcc2-d3da355482f6 (type: ports) to 7
2026-06-02 22:37:12.565 10 INFO neutron.plugins.ml2.drivers.ovn.mech_driver.ovsdb.commands [None req-eea75f9b-ca9b-46d0-af3a-f1e7029e86f2 - - - - - -] Schedule LRP lrp-20a41a6a-d507-40b4-bab0-18d8890e261f on gateway 19e1d9cd-7ef3-442b-8fb7-62bc1c7defa2 with priority 1
2026-06-02 22:37:12.578 9 INFO neutron.plugins.ml2.drivers.ovn.mech_driver.mech_driver [None req-990ec850-56b7-4f45-aad0-0b23605d16be - - - - - -] OVN reports status up for port: 20a41a6a-d507-40b4-bab0-18d8890e261f
2026-06-02 22:37:12.588 9 INFO neutron.plugins.ml2.plugin [None req-990ec850-56b7-4f45-aad0-0b23605d16be - - - - - -] Attempt 1 to provision port 20a41a6a-d507-40b4-bab0-18d8890e261f
2026-06-02 22:37:12.597 10 INFO neutron.plugins.ml2.drivers.ovn.mech_driver.ovsdb.ovsdb_monitor [None req-c2b05056-3043-47b3-a467-b69860da8131 - - - - - -] Router 983b6018-2596-405f-a3d0-2131fc383f57 is bound to host instance
2026-06-02 22:37:12.610 10 INFO neutron.db.ovn_revision_numbers_db [None req-bbbe532a-fc56-47a2-9120-5b8b90184b9e ef9431564eb743c9882dee4928ccf684 a39275425c5d4935bd47dbb81ee2a16c - - default default] Successfully bumped revision number for resource 20a41a6a-d507-40b4-bab0-18d8890e261f (type: router_ports) to 1
2026-06-02 22:37:12.677 10 INFO neutron.db.ovn_revision_numbers_db [None req-bbbe532a-fc56-47a2-9120-5b8b90184b9e ef9431564eb743c9882dee4928ccf684 a39275425c5d4935bd47dbb81ee2a16c - - default default] Successfully bumped revision number for resource 983b6018-2596-405f-a3d0-2131fc383f57 (type: routers) to 2
2026-06-02 22:37:12.695 10 INFO neutron.api.wsgi [None req-bbbe532a-fc56-47a2-9120-5b8b90184b9e ef9431564eb743c9882dee4928ccf684 a39275425c5d4935bd47dbb81ee2a16c - - default default] 10.0.0.127 "POST /v2.0/routers HTTP/1.1" status: 201 len: 1163 time: 1.2284970 /var/lib/openstack/lib/python3.12/site-packages/pycadf/identifier.py:71: UserWarning: Invalid uuid: neutron. To ensure interoperability, identifiers should be a valid uuid. warnings.warn(('Invalid uuid: %s. To ensure interoperability, '
2026-06-02 22:37:12.759 10 INFO neutron.api.wsgi [req-4f3b36aa-cdde-4209-85ce-366e63012492 req-8530e992-a0f5-4427-b31c-f835436adf47 a1c031c4828247ac8ef007a2bfbc2533 afaab217a3444c0da84ca45f44ab4bf3 - - default default] 10.0.0.112 "GET /v2.0/ports?device_id=4dbfbc5c-aeda-4c7d-b83b-2917ac00770e HTTP/1.1" status: 200 len: 210 time: 0.0217206
2026-06-02 22:37:12.845 9 INFO neutron.api.wsgi [req-f11adfc6-5a5d-4818-820b-04ebe8d2f18d req-31bd9253-cfc8-4b24-af19-620e0c90ef46 7eed6bd94c77408b91cee9c009b52e8e d06770edaf354f89bc488ee06bfc63d3 - - default default] 10.0.0.112 "GET /v2.0/ports?device_id=8b8abb91-5acc-4036-bccb-0f44bd5ad72f HTTP/1.1" status: 200 len: 1170 time: 0.0864027
2026-06-02 22:37:12.886 9 INFO neutron.api.wsgi [req-f11adfc6-5a5d-4818-820b-04ebe8d2f18d req-3d879782-e55a-4482-9800-8e0eb5806407 7eed6bd94c77408b91cee9c009b52e8e d06770edaf354f89bc488ee06bfc63d3 - - default default] 10.0.0.112 "GET /v2.0/security-groups?id=d4fd5064-b6f5-450b-9d9c-bd18ba120993&fields=id&fields=name HTTP/1.1" status: 200 len: 313 time: 0.0359030
2026-06-02 22:37:13.006 10 INFO neutron.db.ovn_revision_numbers_db [None req-badb7d16-ba99-4eeb-b3be-517ad525a21a - - - - - -] Successfully bumped revision number for resource 20a41a6a-d507-40b4-bab0-18d8890e261f (type: ports) to 1
2026-06-02 22:37:13.156 9 WARNING neutron_lib.context [None req-a5609096-fc15-4496-9473-2803c4819b50 c58bfb4e4d0d4c08bc28bccfe18822e2 d5f9c31e02ee45c4aba051f17fe7f8d9 - - default default] Method 'is_advsvc' is deprecated since 2023.2 release (neutron-lib 3.8.0) and will be removed once support for the old RBAC API policies will be removed from Neutron. Please use method 'is_service_role' instead.
2026-06-02 22:37:13.244 9 WARNING neutron.scheduler.dhcp_agent_scheduler [None req-1a2bc567-9ca0-4e27-acd0-72abde63bebc ef9431564eb743c9882dee4928ccf684 a39275425c5d4935bd47dbb81ee2a16c - - default default] No more DHCP agents
2026-06-02 22:37:13.246 9 WARNING neutron.api.rpc.agentnotifiers.dhcp_rpc_agent_api [None req-1a2bc567-9ca0-4e27-acd0-72abde63bebc ef9431564eb743c9882dee4928ccf684 a39275425c5d4935bd47dbb81ee2a16c - - default default] Unable to schedule network 8cccd0fd-a46c-4895-8253-0cc9aaa59c35: no agents available; will retry on subsequent port and subnet creation events.
2026-06-02 22:37:13.276 10 INFO neutron.db.ovn_revision_numbers_db [None req-badb7d16-ba99-4eeb-b3be-517ad525a21a - - - - - -] Successfully bumped revision number for resource 20a41a6a-d507-40b4-bab0-18d8890e261f (type: ports) to 4
2026-06-02 22:37:13.373 9 WARNING neutron.scheduler.dhcp_agent_scheduler [None req-a5609096-fc15-4496-9473-2803c4819b50 c58bfb4e4d0d4c08bc28bccfe18822e2 d5f9c31e02ee45c4aba051f17fe7f8d9 - - default default] No more DHCP agents
2026-06-02 22:37:13.374 9 WARNING neutron.api.rpc.agentnotifiers.dhcp_rpc_agent_api [None req-a5609096-fc15-4496-9473-2803c4819b50 c58bfb4e4d0d4c08bc28bccfe18822e2 d5f9c31e02ee45c4aba051f17fe7f8d9 - - default default] Unable to schedule network 80ebe74c-8e72-4aaa-874f-4d5c8ac79819: no agents available; will retry on subsequent port and subnet creation events.
2026-06-02 22:37:13.380 9 INFO neutron.db.ovn_revision_numbers_db [None req-1a2bc567-9ca0-4e27-acd0-72abde63bebc ef9431564eb743c9882dee4928ccf684 a39275425c5d4935bd47dbb81ee2a16c - - default default] Successfully bumped revision number for resource bd470519-d6b4-4ca9-8e44-5331bc8e4c34 (type: ports) to 1
2026-06-02 22:37:13.503 10 INFO neutron.notifiers.nova [-] Nova event matching ['req-cc40c147-3cc2-415d-8f7d-ec57d0e8b826'] response: {'server_uuid': '8b8abb91-5acc-4036-bccb-0f44bd5ad72f', 'name': 'network-vif-plugged', 'status': 'completed', 'tag': '7d6a8dd6-62ee-4a66-bcc2-d3da355482f6', 'code': 200}
2026-06-02 22:37:13.503 10 INFO neutron.notifiers.nova [-] Nova event matching ['req-cc40c147-3cc2-415d-8f7d-ec57d0e8b826'] response: {'server_uuid': '8b8abb91-5acc-4036-bccb-0f44bd5ad72f', 'name': 'network-vif-plugged', 'status': 'completed', 'tag': '7d6a8dd6-62ee-4a66-bcc2-d3da355482f6', 'code': 200}
2026-06-02 22:37:13.530 10 INFO neutron.db.ovn_revision_numbers_db [None req-badb7d16-ba99-4eeb-b3be-517ad525a21a - - - - - -] Successfully bumped revision number for resource 20a41a6a-d507-40b4-bab0-18d8890e261f (type: ports) to 5
2026-06-02 22:37:13.720 9 INFO neutron.api.wsgi [None req-a5609096-fc15-4496-9473-2803c4819b50 c58bfb4e4d0d4c08bc28bccfe18822e2 d5f9c31e02ee45c4aba051f17fe7f8d9 - - default default] 10.0.0.127 "POST /v2.0/floatingips HTTP/1.1" status: 201 len: 751 time: 0.7427018
2026-06-02 22:37:13.995 9 INFO neutron.api.wsgi [req-7d565cb5-8a0e-404c-8a06-bde5db9c5119 req-98c309ad-82e0-43fb-9b84-0a440f21f0b2 a1c031c4828247ac8ef007a2bfbc2533 afaab217a3444c0da84ca45f44ab4bf3 - - default default] 10.0.0.112 "GET /v2.0/ports?device_id=4dbfbc5c-aeda-4c7d-b83b-2917ac00770e HTTP/1.1" status: 200 len: 210 time: 0.0140057
2026-06-02 22:37:14.060 10 INFO neutron.api.wsgi [None req-8a8746b7-705a-4ffb-9eb2-9e7dd77e3bc0 c58bfb4e4d0d4c08bc28bccfe18822e2 d5f9c31e02ee45c4aba051f17fe7f8d9 - - default default] 10.0.0.127 "PUT /v2.0/floatingips/6dc2d3fa-6180-484c-8da2-de9f22a5780a/tags HTTP/1.1" status: 200 len: 218 time: 0.3328855
2026-06-02 22:37:14.095 10 INFO neutron.api.wsgi [req-e178b9f3-01a2-4672-baab-357a8d890cab req-8f133ad5-9106-49c7-936d-96f5400c6cab a1c031c4828247ac8ef007a2bfbc2533 afaab217a3444c0da84ca45f44ab4bf3 - - default default] 199.204.45.210 "GET /v2.0/networks?id=ec7bd424-5a2f-4aeb-9921-ec940277c230 HTTP/1.1" status: 200 len: 860 time: 0.3419666
2026-06-02 22:37:14.097 10 INFO neutron.api.wsgi [None req-92561a1b-eba8-486f-acb3-689a7bbb0f7d c58bfb4e4d0d4c08bc28bccfe18822e2 d5f9c31e02ee45c4aba051f17fe7f8d9 - - default default] 10.0.0.127 "GET /v2.0/floatingips/6dc2d3fa-6180-484c-8da2-de9f22a5780a/tags HTTP/1.1" status: 200 len: 218 time: 0.0311158
2026-06-02 22:37:14.134 10 INFO neutron.api.wsgi [req-6bb350ed-0f4d-480e-9d65-1d523d9d6e4a req-21a895dd-a5b8-42d4-a17f-2e59a3a4f4de 7eed6bd94c77408b91cee9c009b52e8e d06770edaf354f89bc488ee06bfc63d3 - - default default] 10.0.0.112 "GET /v2.0/ports?device_id=8b8abb91-5acc-4036-bccb-0f44bd5ad72f HTTP/1.1" status: 200 len: 1170 time: 0.0991061
2026-06-02 22:37:14.143 10 INFO neutron.api.wsgi [req-e178b9f3-01a2-4672-baab-357a8d890cab req-6eb1179a-4e3c-44ce-94d1-57e3ba4828bb a1c031c4828247ac8ef007a2bfbc2533 afaab217a3444c0da84ca45f44ab4bf3 - - default default] 199.204.45.210 "GET /v2.0/security-groups?fields=id&fields=name&tenant_id=afaab217a3444c0da84ca45f44ab4bf3 HTTP/1.1" status: 200 len: 471 time: 0.0428181
2026-06-02 22:37:14.154 10 WARNING neutron_lib.context [req-e178b9f3-01a2-4672-baab-357a8d890cab req-87d0ce75-5030-427f-8712-29648f269086 a1c031c4828247ac8ef007a2bfbc2533 afaab217a3444c0da84ca45f44ab4bf3 - - default default] Method 'is_advsvc' is deprecated since 2023.2 release (neutron-lib 3.8.0) and will be removed once support for the old RBAC API policies will be removed from Neutron. Please use method 'is_service_role' instead.
2026-06-02 22:37:14.155 9 INFO neutron.api.wsgi [None req-b55528b7-70e3-42e0-bac7-87c223f6bfcc c58bfb4e4d0d4c08bc28bccfe18822e2 d5f9c31e02ee45c4aba051f17fe7f8d9 - - default default] 10.0.0.127 "PUT /v2.0/floatingips/6dc2d3fa-6180-484c-8da2-de9f22a5780a/tags/green HTTP/1.1" status: 201 len: 201 time: 0.0537415
2026-06-02 22:37:14.190 10 INFO neutron.api.wsgi [None req-ec307899-cd58-4670-ad1e-deebe9ea575d c58bfb4e4d0d4c08bc28bccfe18822e2 d5f9c31e02ee45c4aba051f17fe7f8d9 - - default default] 10.0.0.127 "GET /v2.0/floatingips/6dc2d3fa-6180-484c-8da2-de9f22a5780a/tags HTTP/1.1" status: 200 len: 227 time: 0.0288374
2026-06-02 22:37:14.194 10 INFO neutron.api.wsgi [req-6bb350ed-0f4d-480e-9d65-1d523d9d6e4a req-f35fb9dd-cc77-480c-8a3d-5fa10951f601 7eed6bd94c77408b91cee9c009b52e8e d06770edaf354f89bc488ee06bfc63d3 - - default default] 10.0.0.112 "GET /v2.0/security-groups?id=d4fd5064-b6f5-450b-9d9c-bd18ba120993&fields=id&fields=name HTTP/1.1" status: 200 len: 313 time: 0.0506926
2026-06-02 22:37:14.209 10 INFO neutron.plugins.ml2.drivers.ovn.mech_driver.mech_driver [None req-93bf1abd-93ce-4f90-b912-5bfde8559bef - - - - - -] OVN reports status up for port: bd470519-d6b4-4ca9-8e44-5331bc8e4c34
2026-06-02 22:37:14.224 10 INFO neutron.api.wsgi [None req-5274a7b2-877f-491e-ad67-41d70070a743 c58bfb4e4d0d4c08bc28bccfe18822e2 d5f9c31e02ee45c4aba051f17fe7f8d9 - - default default] 10.0.0.127 "PUT /v2.0/floatingips/6dc2d3fa-6180-484c-8da2-de9f22a5780a/tags/red HTTP/1.1" status: 201 len: 201 time: 0.0290258
2026-06-02 22:37:14.226 10 INFO neutron.plugins.ml2.plugin [None req-93bf1abd-93ce-4f90-b912-5bfde8559bef - - - - - -] Attempt 1 to provision port bd470519-d6b4-4ca9-8e44-5331bc8e4c34
2026-06-02 22:37:14.227 9 INFO neutron.db.ovn_revision_numbers_db [None req-1a2bc567-9ca0-4e27-acd0-72abde63bebc ef9431564eb743c9882dee4928ccf684 a39275425c5d4935bd47dbb81ee2a16c - - default default] Successfully bumped revision number for resource bd470519-d6b4-4ca9-8e44-5331bc8e4c34 (type: ports) to 1
2026-06-02 22:37:14.263 10 INFO neutron.api.wsgi [None req-e00dbbda-b7ed-4003-8453-29f1ad609a68 c58bfb4e4d0d4c08bc28bccfe18822e2 d5f9c31e02ee45c4aba051f17fe7f8d9 - - default default] 10.0.0.127 "GET /v2.0/floatingips/6dc2d3fa-6180-484c-8da2-de9f22a5780a/tags HTTP/1.1" status: 200 len: 227 time: 0.0346818
2026-06-02 22:37:14.294 9 WARNING neutron.scheduler.dhcp_agent_scheduler [None req-1a2bc567-9ca0-4e27-acd0-72abde63bebc ef9431564eb743c9882dee4928ccf684 a39275425c5d4935bd47dbb81ee2a16c - - default default] No more DHCP agents
2026-06-02 22:37:14.295 9 WARNING neutron.api.rpc.agentnotifiers.dhcp_rpc_agent_api [None req-1a2bc567-9ca0-4e27-acd0-72abde63bebc ef9431564eb743c9882dee4928ccf684 a39275425c5d4935bd47dbb81ee2a16c - - default default] Unable to schedule network 8cccd0fd-a46c-4895-8253-0cc9aaa59c35: no agents available; will retry on subsequent port and subnet creation events.
2026-06-02 22:37:14.313 9 INFO neutron.api.wsgi [None req-56e513e1-90ac-4185-952f-270ae6545a6c c58bfb4e4d0d4c08bc28bccfe18822e2 d5f9c31e02ee45c4aba051f17fe7f8d9 - - default default] 10.0.0.127 "PUT /v2.0/floatingips/6dc2d3fa-6180-484c-8da2-de9f22a5780a/tags/black.or.white HTTP/1.1" status: 201 len: 201 time: 0.0446727
2026-06-02 22:37:14.348 9 INFO neutron.api.wsgi [None req-697667f0-d195-40e4-a6b1-b226c92d2dea c58bfb4e4d0d4c08bc28bccfe18822e2 d5f9c31e02ee45c4aba051f17fe7f8d9 - - default default] 10.0.0.127 "GET /v2.0/floatingips/6dc2d3fa-6180-484c-8da2-de9f22a5780a/tags HTTP/1.1" status: 200 len: 245 time: 0.0306680
2026-06-02 22:37:14.418 10 INFO neutron.api.wsgi [None req-98114213-b8f0-43ed-b6c2-e42cf63dc90d c58bfb4e4d0d4c08bc28bccfe18822e2 d5f9c31e02ee45c4aba051f17fe7f8d9 - - default default] 10.0.0.127 "PUT /v2.0/floatingips/6dc2d3fa-6180-484c-8da2-de9f22a5780a/tags HTTP/1.1" status: 200 len: 230 time: 0.0618124
2026-06-02 22:37:14.449 9 INFO neutron.api.wsgi [None req-663490b2-9d80-40a4-9610-1fe03f098312 c58bfb4e4d0d4c08bc28bccfe18822e2 d5f9c31e02ee45c4aba051f17fe7f8d9 - - default default] 10.0.0.127 "GET /v2.0/floatingips/6dc2d3fa-6180-484c-8da2-de9f22a5780a/tags HTTP/1.1" status: 200 len: 230 time: 0.0255387 /var/lib/openstack/lib/python3.12/site-packages/pycadf/identifier.py:71: UserWarning: Invalid uuid: neutron. To ensure interoperability, identifiers should be a valid uuid. warnings.warn(('Invalid uuid: %s. To ensure interoperability, '
2026-06-02 22:37:14.490 10 INFO neutron.api.wsgi [None req-c132bdf8-1b7d-406c-86fe-5a613691023f c58bfb4e4d0d4c08bc28bccfe18822e2 d5f9c31e02ee45c4aba051f17fe7f8d9 - - default default] 10.0.0.127 "GET /v2.0/floatingips/6dc2d3fa-6180-484c-8da2-de9f22a5780a/tags/red HTTP/1.1" status: 204 len: 168 time: 0.0353022
2026-06-02 22:37:14.510 10 WARNING neutron.scheduler.dhcp_agent_scheduler [req-e178b9f3-01a2-4672-baab-357a8d890cab req-87d0ce75-5030-427f-8712-29648f269086 a1c031c4828247ac8ef007a2bfbc2533 afaab217a3444c0da84ca45f44ab4bf3 - - default default] No more DHCP agents
2026-06-02 22:37:14.511 10 WARNING neutron.api.rpc.agentnotifiers.dhcp_rpc_agent_api [req-e178b9f3-01a2-4672-baab-357a8d890cab req-87d0ce75-5030-427f-8712-29648f269086 a1c031c4828247ac8ef007a2bfbc2533 afaab217a3444c0da84ca45f44ab4bf3 - - default default] Unable to schedule network ec7bd424-5a2f-4aeb-9921-ec940277c230: no agents available; will retry on subsequent port and subnet creation events.
2026-06-02 22:37:14.518 9 INFO neutron.api.v2.resource [None req-9562f86b-b09a-4822-9268-897ab1ed8705 c58bfb4e4d0d4c08bc28bccfe18822e2 d5f9c31e02ee45c4aba051f17fe7f8d9 - - default default] show failed (client error): The resource could not be found.
2026-06-02 22:37:14.519 9 INFO neutron.api.wsgi [None req-9562f86b-b09a-4822-9268-897ab1ed8705 c58bfb4e4d0d4c08bc28bccfe18822e2 d5f9c31e02ee45c4aba051f17fe7f8d9 - - default default] 10.0.0.127 "GET /v2.0/floatingips/6dc2d3fa-6180-484c-8da2-de9f22a5780a/tags/green HTTP/1.1" status: 404 len: 299 time: 0.0245812
2026-06-02 22:37:14.571 9 INFO neutron.api.wsgi [None req-58974fe4-0b91-4617-8992-74c87f5f036c c58bfb4e4d0d4c08bc28bccfe18822e2 d5f9c31e02ee45c4aba051f17fe7f8d9 - - default default] 10.0.0.127 "DELETE /v2.0/floatingips/6dc2d3fa-6180-484c-8da2-de9f22a5780a/tags/red HTTP/1.1" status: 204 len: 168 time: 0.0480831 /var/lib/openstack/lib/python3.12/site-packages/pycadf/identifier.py:71: UserWarning: Invalid uuid: neutron. To ensure interoperability, identifiers should be a valid uuid. warnings.warn(('Invalid uuid: %s. To ensure interoperability, '
2026-06-02 22:37:14.609 10 INFO neutron.api.wsgi [None req-c164c1dd-9106-41a3-a93f-0c5cffe14bf5 c58bfb4e4d0d4c08bc28bccfe18822e2 d5f9c31e02ee45c4aba051f17fe7f8d9 - - default default] 10.0.0.127 "GET /v2.0/floatingips/6dc2d3fa-6180-484c-8da2-de9f22a5780a/tags HTTP/1.1" status: 200 len: 223 time: 0.0318551
2026-06-02 22:37:14.649 9 INFO neutron.api.v2.resource [None req-ff78de92-a1d5-4801-bc63-b353c5c8af4b c58bfb4e4d0d4c08bc28bccfe18822e2 d5f9c31e02ee45c4aba051f17fe7f8d9 - - default default] delete failed (client error): The resource could not be found.
2026-06-02 22:37:14.650 9 INFO neutron.api.wsgi [None req-ff78de92-a1d5-4801-bc63-b353c5c8af4b c58bfb4e4d0d4c08bc28bccfe18822e2 d5f9c31e02ee45c4aba051f17fe7f8d9 - - default default] 10.0.0.127 "DELETE /v2.0/floatingips/6dc2d3fa-6180-484c-8da2-de9f22a5780a/tags/green HTTP/1.1" status: 404 len: 299 time: 0.0357699
2026-06-02 22:37:14.651 10 INFO neutron.db.ovn_revision_numbers_db [None req-93bf1abd-93ce-4f90-b912-5bfde8559bef - - - - - -] Successfully bumped revision number for resource bd470519-d6b4-4ca9-8e44-5331bc8e4c34 (type: ports) to 2
2026-06-02 22:37:14.663 10 INFO neutron.db.ovn_revision_numbers_db [req-e178b9f3-01a2-4672-baab-357a8d890cab req-87d0ce75-5030-427f-8712-29648f269086 a1c031c4828247ac8ef007a2bfbc2533 afaab217a3444c0da84ca45f44ab4bf3 - - default default] Successfully bumped revision number for resource 4a8731ae-80cb-4126-8522-f7f5224ab27b (type: ports) to 1
2026-06-02 22:37:14.694 10 INFO neutron.api.wsgi [req-e178b9f3-01a2-4672-baab-357a8d890cab req-87d0ce75-5030-427f-8712-29648f269086 a1c031c4828247ac8ef007a2bfbc2533 afaab217a3444c0da84ca45f44ab4bf3 - - default default] 199.204.45.210 "POST /v2.0/ports HTTP/1.1" status: 201 len: 1162 time: 0.5437775
2026-06-02 22:37:14.713 10 INFO neutron.api.wsgi [None req-63c2366b-203a-4086-87fd-fb175d6ff9b7 c58bfb4e4d0d4c08bc28bccfe18822e2 d5f9c31e02ee45c4aba051f17fe7f8d9 - - default default] 10.0.0.127 "DELETE /v2.0/floatingips/6dc2d3fa-6180-484c-8da2-de9f22a5780a/tags HTTP/1.1" status: 204 len: 168 time: 0.0563216
2026-06-02 22:37:14.754 10 INFO neutron.api.wsgi [None req-7feb9168-f577-4ad9-900b-ee2feae84e40 c58bfb4e4d0d4c08bc28bccfe18822e2 d5f9c31e02ee45c4aba051f17fe7f8d9 - - default default] 10.0.0.127 "GET /v2.0/floatingips/6dc2d3fa-6180-484c-8da2-de9f22a5780a/tags HTTP/1.1" status: 200 len: 205 time: 0.0349059
2026-06-02 22:37:14.974 9 INFO neutron.db.ovn_revision_numbers_db [None req-1a2bc567-9ca0-4e27-acd0-72abde63bebc ef9431564eb743c9882dee4928ccf684 a39275425c5d4935bd47dbb81ee2a16c - - default default] Successfully bumped revision number for resource bd470519-d6b4-4ca9-8e44-5331bc8e4c34 (type: router_ports) to 1
2026-06-02 22:37:14.981 9 INFO neutron.api.wsgi [None req-1a2bc567-9ca0-4e27-acd0-72abde63bebc ef9431564eb743c9882dee4928ccf684 a39275425c5d4935bd47dbb81ee2a16c - - default default] 10.0.0.127 "PUT /v2.0/routers/983b6018-2596-405f-a3d0-2131fc383f57/add_router_interface HTTP/1.1" status: 200 len: 503 time: 2.2797477
2026-06-02 22:37:15.131 10 INFO neutron.db.ovn_revision_numbers_db [req-e178b9f3-01a2-4672-baab-357a8d890cab req-4be32399-5b74-4ac7-a469-fb650787aa02 86522596c94245479eef5d0926326a20 1792dd84f79b4d8293e2c1f6eea1db25 - - 4c9fd5d11ba8420cb8bdb12be613f9dd 4c9fd5d11ba8420cb8bdb12be613f9dd] Successfully bumped revision number for resource 4a8731ae-80cb-4126-8522-f7f5224ab27b (type: ports) to 2
2026-06-02 22:37:15.142 10 INFO neutron.api.wsgi [None req-20060bc5-1b33-4900-9e9b-5584185dc745 c58bfb4e4d0d4c08bc28bccfe18822e2 d5f9c31e02ee45c4aba051f17fe7f8d9 - - default default] 10.0.0.127 "DELETE /v2.0/floatingips/6dc2d3fa-6180-484c-8da2-de9f22a5780a HTTP/1.1" status: 204 len: 168 time: 0.3799431
2026-06-02 22:37:15.151 9 INFO neutron.api.wsgi [req-e3a83043-079b-4de4-a3f5-03535521928d req-3bd809d0-f0b5-4aa5-8f44-76acd1bd1d16 a1c031c4828247ac8ef007a2bfbc2533 afaab217a3444c0da84ca45f44ab4bf3 - - default default] 10.0.0.112 "GET /v2.0/ports?device_id=4dbfbc5c-aeda-4c7d-b83b-2917ac00770e HTTP/1.1" status: 200 len: 1172 time: 0.0682511
2026-06-02 22:37:15.192 9 INFO neutron.api.wsgi [req-e3a83043-079b-4de4-a3f5-03535521928d req-d22170a6-c733-4dc3-a34f-37d591e54b11 a1c031c4828247ac8ef007a2bfbc2533 afaab217a3444c0da84ca45f44ab4bf3 - - default default] 10.0.0.112 "GET /v2.0/security-groups?id=81e7ef2f-5b0b-4024-badc-b84a4f87d84f&fields=id&fields=name HTTP/1.1" status: 200 len: 312 time: 0.0337644
2026-06-02 22:37:15.309 10 INFO neutron.db.ovn_revision_numbers_db [req-e178b9f3-01a2-4672-baab-357a8d890cab req-4be32399-5b74-4ac7-a469-fb650787aa02 86522596c94245479eef5d0926326a20 1792dd84f79b4d8293e2c1f6eea1db25 - - 4c9fd5d11ba8420cb8bdb12be613f9dd 4c9fd5d11ba8420cb8bdb12be613f9dd] Successfully bumped revision number for resource 4a8731ae-80cb-4126-8522-f7f5224ab27b (type: ports) to 4
2026-06-02 22:37:15.326 10 INFO neutron.api.wsgi [req-e178b9f3-01a2-4672-baab-357a8d890cab req-4be32399-5b74-4ac7-a469-fb650787aa02 86522596c94245479eef5d0926326a20 1792dd84f79b4d8293e2c1f6eea1db25 - - 4c9fd5d11ba8420cb8bdb12be613f9dd 4c9fd5d11ba8420cb8bdb12be613f9dd] 199.204.45.210 "PUT /v2.0/ports/4a8731ae-80cb-4126-8522-f7f5224ab27b HTTP/1.1" status: 200 len: 1408 time: 0.6262515
2026-06-02 22:37:15.538 10 INFO neutron.notifiers.nova [-] Nova event matching ['req-c17dca5c-99d7-46dd-a459-c036ddbf70f3'] response: {'name': 'network-changed', 'server_uuid': '4dbfbc5c-aeda-4c7d-b83b-2917ac00770e', 'tag': '4a8731ae-80cb-4126-8522-f7f5224ab27b', 'status': 'completed', 'code': 200}
2026-06-02 22:37:16.002 9 INFO neutron.db.ovn_revision_numbers_db [None req-2c865f47-6f12-4b0e-842b-6f26146f526d ef9431564eb743c9882dee4928ccf684 a39275425c5d4935bd47dbb81ee2a16c - - default default] Successfully bumped revision number for resource 8510626a-db47-471b-ac63-8a86b85acb3b (type: security_groups) to 1
2026-06-02 22:37:16.019 9 INFO neutron.db.ovn_revision_numbers_db [None req-2c865f47-6f12-4b0e-842b-6f26146f526d ef9431564eb743c9882dee4928ccf684 a39275425c5d4935bd47dbb81ee2a16c - - default default] Successfully bumped revision number for resource 2c715375-5ed9-401f-acb3-45c4c5cc948e (type: security_group_rules) to 0
2026-06-02 22:37:16.034 9 INFO neutron.db.ovn_revision_numbers_db [None req-2c865f47-6f12-4b0e-842b-6f26146f526d ef9431564eb743c9882dee4928ccf684 a39275425c5d4935bd47dbb81ee2a16c - - default default] Successfully bumped revision number for resource 6a5f2903-9cac-4c0f-a5fa-8ee659f24240 (type: security_group_rules) to 0
2026-06-02 22:37:16.045 9 INFO neutron.db.ovn_revision_numbers_db [None req-2c865f47-6f12-4b0e-842b-6f26146f526d ef9431564eb743c9882dee4928ccf684 a39275425c5d4935bd47dbb81ee2a16c - - default default] Successfully bumped revision number for resource a7ff99ce-05b8-44c6-aab6-544d12fa2192 (type: security_group_rules) to 0 /var/lib/openstack/lib/python3.12/site-packages/pycadf/identifier.py:71: UserWarning: Invalid uuid: neutron. To ensure interoperability, identifiers should be a valid uuid. warnings.warn(('Invalid uuid: %s. To ensure interoperability, '
2026-06-02 22:37:16.066 9 INFO neutron.db.ovn_revision_numbers_db [None req-2c865f47-6f12-4b0e-842b-6f26146f526d ef9431564eb743c9882dee4928ccf684 a39275425c5d4935bd47dbb81ee2a16c - - default default] Successfully bumped revision number for resource c6cfc634-b9b0-4afc-84f6-e9570fa047fc (type: security_group_rules) to 0
2026-06-02 22:37:16.084 10 INFO neutron.api.wsgi [req-c382a18b-d073-481d-8afd-33b7cf90e980 req-aa3d4af1-e16a-41dd-b34a-ee87e3936a61 86522596c94245479eef5d0926326a20 1792dd84f79b4d8293e2c1f6eea1db25 - - 4c9fd5d11ba8420cb8bdb12be613f9dd 4c9fd5d11ba8420cb8bdb12be613f9dd] 199.204.45.210 "GET /v2.0/ports?tenant_id=afaab217a3444c0da84ca45f44ab4bf3&device_id=4dbfbc5c-aeda-4c7d-b83b-2917ac00770e HTTP/1.1" status: 200 len: 1411 time: 0.0302584
2026-06-02 22:37:16.100 9 INFO neutron.api.wsgi [None req-2c865f47-6f12-4b0e-842b-6f26146f526d ef9431564eb743c9882dee4928ccf684 a39275425c5d4935bd47dbb81ee2a16c - - default default] 10.0.0.127 "GET /v2.0/security-groups?tenant_id=d5f9c31e02ee45c4aba051f17fe7f8d9&name=default HTTP/1.1" status: 200 len: 3120 time: 0.3505204
2026-06-02 22:37:16.127 10 INFO neutron.api.wsgi [req-c382a18b-d073-481d-8afd-33b7cf90e980 req-56894663-2c71-48e9-ac3f-d403ee433684 86522596c94245479eef5d0926326a20 1792dd84f79b4d8293e2c1f6eea1db25 - - 4c9fd5d11ba8420cb8bdb12be613f9dd 4c9fd5d11ba8420cb8bdb12be613f9dd] 199.204.45.210 "GET /v2.0/networks?tenant_id=afaab217a3444c0da84ca45f44ab4bf3&shared=False HTTP/1.1" status: 200 len: 959 time: 0.0367835
2026-06-02 22:37:16.186 10 INFO neutron.api.wsgi [req-c382a18b-d073-481d-8afd-33b7cf90e980 req-d7d5b79b-727a-4f61-aa13-2d9bcfc6a4c4 86522596c94245479eef5d0926326a20 1792dd84f79b4d8293e2c1f6eea1db25 - - 4c9fd5d11ba8420cb8bdb12be613f9dd 4c9fd5d11ba8420cb8bdb12be613f9dd] 199.204.45.210 "GET /v2.0/networks?shared=True HTTP/1.1" status: 200 len: 952 time: 0.0541999
2026-06-02 22:37:16.283 9 INFO neutron.api.wsgi [req-923fc7dc-77ba-4814-a816-cdbf06691ec8 req-7180e2ce-6edf-41a7-b44e-20ff6b67aa18 a1c031c4828247ac8ef007a2bfbc2533 afaab217a3444c0da84ca45f44ab4bf3 - - default default] 10.0.0.112 "GET /v2.0/ports?device_id=4dbfbc5c-aeda-4c7d-b83b-2917ac00770e HTTP/1.1" status: 200 len: 1172 time: 0.0306807
2026-06-02 22:37:16.317 9 INFO neutron.api.wsgi [None req-1afa8754-623a-46b9-b873-8f2fd9a2027d ef9431564eb743c9882dee4928ccf684 a39275425c5d4935bd47dbb81ee2a16c - - default default] 10.0.0.127 "DELETE /v2.0/security-groups/8510626a-db47-471b-ac63-8a86b85acb3b HTTP/1.1" status: 204 len: 168 time: 0.2115242
2026-06-02 22:37:16.335 9 INFO neutron.api.wsgi [req-923fc7dc-77ba-4814-a816-cdbf06691ec8 req-31974eec-2989-4064-a800-6e35817dd8d9 a1c031c4828247ac8ef007a2bfbc2533 afaab217a3444c0da84ca45f44ab4bf3 - - default default] 10.0.0.112 "GET /v2.0/security-groups?id=81e7ef2f-5b0b-4024-badc-b84a4f87d84f&fields=id&fields=name HTTP/1.1" status: 200 len: 312 time: 0.0461276
2026-06-02 22:37:16.539 9 INFO neutron.db.ovn_revision_numbers_db [None req-3175fd1a-cc9f-442f-9822-cdbb528e804b ef9431564eb743c9882dee4928ccf684 a39275425c5d4935bd47dbb81ee2a16c - - default default] Successfully bumped revision number for resource d5fd7152-cd34-40a9-9795-6289237a977a (type: security_groups) to 1
2026-06-02 22:37:16.557 9 INFO neutron.db.ovn_revision_numbers_db [None req-3175fd1a-cc9f-442f-9822-cdbb528e804b ef9431564eb743c9882dee4928ccf684 a39275425c5d4935bd47dbb81ee2a16c - - default default] Successfully bumped revision number for resource 02d9f4e1-43b4-4293-91a2-d2c8ddd3724b (type: security_group_rules) to 0
2026-06-02 22:37:16.570 9 INFO neutron.db.ovn_revision_numbers_db [None req-3175fd1a-cc9f-442f-9822-cdbb528e804b ef9431564eb743c9882dee4928ccf684 a39275425c5d4935bd47dbb81ee2a16c - - default default] Successfully bumped revision number for resource 7c0f11be-3d24-408a-b0e4-fb820d194138 (type: security_group_rules) to 0
2026-06-02 22:37:16.583 9 INFO neutron.db.ovn_revision_numbers_db [None req-3175fd1a-cc9f-442f-9822-cdbb528e804b ef9431564eb743c9882dee4928ccf684 a39275425c5d4935bd47dbb81ee2a16c - - default default] Successfully bumped revision number for resource 8d3c4f7d-b754-4341-aaed-afea5853c77e (type: security_group_rules) to 0
2026-06-02 22:37:16.594 9 INFO neutron.db.ovn_revision_numbers_db [None req-3175fd1a-cc9f-442f-9822-cdbb528e804b ef9431564eb743c9882dee4928ccf684 a39275425c5d4935bd47dbb81ee2a16c - - default default] Successfully bumped revision number for resource cfda7b4c-0693-4d25-948b-5c8d668546f2 (type: security_group_rules) to 0
2026-06-02 22:37:16.627 9 INFO neutron.api.wsgi [None req-3175fd1a-cc9f-442f-9822-cdbb528e804b ef9431564eb743c9882dee4928ccf684 a39275425c5d4935bd47dbb81ee2a16c - - default default] 10.0.0.127 "GET /v2.0/security-groups?tenant_id=b2deb467a8f1467e82bb93d0b1e4e6a7&name=default HTTP/1.1" status: 200 len: 3120 time: 0.2270412
2026-06-02 22:37:16.821 10 INFO neutron.api.wsgi [None req-0a09d4ff-f74e-4422-ad4a-9cf116b7234a ef9431564eb743c9882dee4928ccf684 a39275425c5d4935bd47dbb81ee2a16c - - default default] 10.0.0.127 "DELETE /v2.0/security-groups/d5fd7152-cd34-40a9-9795-6289237a977a HTTP/1.1" status: 204 len: 168 time: 0.1883497
2026-06-02 22:37:17.236 10 INFO neutron.api.wsgi [req-e178b9f3-01a2-4672-baab-357a8d890cab req-7e38627a-74be-4c39-8e4c-3ace220688e9 86522596c94245479eef5d0926326a20 1792dd84f79b4d8293e2c1f6eea1db25 - - 4c9fd5d11ba8420cb8bdb12be613f9dd 4c9fd5d11ba8420cb8bdb12be613f9dd] 199.204.45.210 "GET /v2.0/ports?tenant_id=afaab217a3444c0da84ca45f44ab4bf3&device_id=4dbfbc5c-aeda-4c7d-b83b-2917ac00770e HTTP/1.1" status: 200 len: 1411 time: 0.0359709
2026-06-02 22:37:17.261 10 INFO neutron.api.wsgi [req-e178b9f3-01a2-4672-baab-357a8d890cab req-d93c03a8-fcd2-4b93-8082-42e0b1339a2e 86522596c94245479eef5d0926326a20 1792dd84f79b4d8293e2c1f6eea1db25 - - 4c9fd5d11ba8420cb8bdb12be613f9dd 4c9fd5d11ba8420cb8bdb12be613f9dd] 199.204.45.210 "GET /v2.0/floatingips?fixed_ip_address=10.100.0.14&port_id=4a8731ae-80cb-4126-8522-f7f5224ab27b HTTP/1.1" status: 200 len: 217 time: 0.0184984
2026-06-02 22:37:17.291 10 INFO neutron.api.wsgi [req-e178b9f3-01a2-4672-baab-357a8d890cab req-0dcae71e-187b-4b12-a206-1d26f93f5001 86522596c94245479eef5d0926326a20 1792dd84f79b4d8293e2c1f6eea1db25 - - 4c9fd5d11ba8420cb8bdb12be613f9dd 4c9fd5d11ba8420cb8bdb12be613f9dd] 199.204.45.210 "GET /v2.0/subnets?id=ede245c3-3f59-4315-b3a5-1a9f6351d973 HTTP/1.1" status: 200 len: 876 time: 0.0243428
2026-06-02 22:37:17.324 10 INFO neutron.api.wsgi [req-e178b9f3-01a2-4672-baab-357a8d890cab req-092cff6d-bdae-46b6-8bc6-2d57256487d6 86522596c94245479eef5d0926326a20 1792dd84f79b4d8293e2c1f6eea1db25 - - 4c9fd5d11ba8420cb8bdb12be613f9dd 4c9fd5d11ba8420cb8bdb12be613f9dd] 199.204.45.210 "GET /v2.0/ports?network_id=ec7bd424-5a2f-4aeb-9921-ec940277c230&device_owner=network%3Adhcp HTTP/1.1" status: 200 len: 210 time: 0.0260787
2026-06-02 22:37:17.367 10 INFO neutron.api.wsgi [req-797279bc-9931-4af0-a1c1-1f3bcdf0b974 req-ad7a3afc-afc2-40a1-a7b8-45772b3e4c38 882819476ce64f7aa61bfcd8412f5424 8f856307b12649cb828c5688ca47d855 - - default default] 10.0.0.112 "GET /v2.0/networks?id=8cccd0fd-a46c-4895-8253-0cc9aaa59c35 HTTP/1.1" status: 200 len: 870 time: 0.0626628
2026-06-02 22:37:17.375 10 INFO neutron.api.wsgi [req-e178b9f3-01a2-4672-baab-357a8d890cab req-61f3ec40-4c1b-4543-893d-13900077e0c8 86522596c94245479eef5d0926326a20 1792dd84f79b4d8293e2c1f6eea1db25 - - 4c9fd5d11ba8420cb8bdb12be613f9dd 4c9fd5d11ba8420cb8bdb12be613f9dd] 199.204.45.210 "GET /v2.0/networks/ec7bd424-5a2f-4aeb-9921-ec940277c230?fields=segments HTTP/1.1" status: 200 len: 212 time: 0.0445473
2026-06-02 22:37:17.404 10 INFO neutron.api.wsgi [req-797279bc-9931-4af0-a1c1-1f3bcdf0b974 req-3135edf8-8157-40c4-9887-30e087e7d24b 882819476ce64f7aa61bfcd8412f5424 8f856307b12649cb828c5688ca47d855 - - default default] 10.0.0.112 "GET /v2.0/quotas/8f856307b12649cb828c5688ca47d855 HTTP/1.1" status: 200 len: 491 time: 0.0282736
2026-06-02 22:37:17.451 10 INFO neutron.api.wsgi [req-e178b9f3-01a2-4672-baab-357a8d890cab req-30cca736-33ea-4667-992c-a20e1c1dead7 86522596c94245479eef5d0926326a20 1792dd84f79b4d8293e2c1f6eea1db25 - - 4c9fd5d11ba8420cb8bdb12be613f9dd 4c9fd5d11ba8420cb8bdb12be613f9dd] 199.204.45.210 "GET /v2.0/networks/ec7bd424-5a2f-4aeb-9921-ec940277c230?fields=provider%3Aphysical_network&fields=provider%3Anetwork_type HTTP/1.1" status: 200 len: 277 time: 0.0695212
2026-06-02 22:37:17.458 9 INFO neutron.api.wsgi [req-6440db35-8a00-4d71-8aa4-5a1aa9e0f0de req-0e42b183-2073-40f1-8d52-d22ea071aa38 a1c031c4828247ac8ef007a2bfbc2533 afaab217a3444c0da84ca45f44ab4bf3 - - default default] 10.0.0.112 "GET /v2.0/ports?device_id=4dbfbc5c-aeda-4c7d-b83b-2917ac00770e HTTP/1.1" status: 200 len: 1172 time: 0.0445051
2026-06-02 22:37:17.510 10 INFO neutron.api.wsgi [req-797279bc-9931-4af0-a1c1-1f3bcdf0b974 req-c6f84462-477f-4597-ac98-4a1fb5d0e2d9 882819476ce64f7aa61bfcd8412f5424 8f856307b12649cb828c5688ca47d855 - - default default] 10.0.0.112 "GET /v2.0/ports?tenant_id=8f856307b12649cb828c5688ca47d855&fields=id HTTP/1.1" status: 200 len: 302 time: 0.1009159
2026-06-02 22:37:17.517 9 INFO neutron.api.wsgi [req-6440db35-8a00-4d71-8aa4-5a1aa9e0f0de req-46a0b282-9c88-4643-aa43-c1d1d946e2f9 a1c031c4828247ac8ef007a2bfbc2533 afaab217a3444c0da84ca45f44ab4bf3 - - default default] 10.0.0.112 "GET /v2.0/security-groups?id=81e7ef2f-5b0b-4024-badc-b84a4f87d84f&fields=id&fields=name HTTP/1.1" status: 200 len: 312 time: 0.0485983
2026-06-02 22:37:17.580 10 INFO neutron.api.wsgi [req-797279bc-9931-4af0-a1c1-1f3bcdf0b974 req-9fe0317a-31f3-4f6c-b4ff-73902b6fc5f9 86522596c94245479eef5d0926326a20 1792dd84f79b4d8293e2c1f6eea1db25 - - 4c9fd5d11ba8420cb8bdb12be613f9dd 4c9fd5d11ba8420cb8bdb12be613f9dd] 10.0.0.112 "GET /v2.0/networks/8cccd0fd-a46c-4895-8253-0cc9aaa59c35?fields=segments HTTP/1.1" status: 200 len: 212 time: 0.0584464
2026-06-02 22:37:17.639 10 INFO neutron.api.wsgi [req-797279bc-9931-4af0-a1c1-1f3bcdf0b974 req-d8b2d5f3-bf97-46e4-8335-276f64f1f3f4 86522596c94245479eef5d0926326a20 1792dd84f79b4d8293e2c1f6eea1db25 - - 4c9fd5d11ba8420cb8bdb12be613f9dd 4c9fd5d11ba8420cb8bdb12be613f9dd] 10.0.0.112 "GET /v2.0/networks/8cccd0fd-a46c-4895-8253-0cc9aaa59c35?fields=provider%3Aphysical_network&fields=provider%3Anetwork_type HTTP/1.1" status: 200 len: 277 time: 0.0519052
2026-06-02 22:37:17.644 10 INFO neutron.api.wsgi [-] 10.0.0.11 "GET / HTTP/1.1" status: 200 len: 246 time: 0.0016143
2026-06-02 22:37:17.645 10 INFO neutron.api.wsgi [-] 10.0.0.11 "GET / HTTP/1.1" status: 200 len: 246 time: 0.0012913
2026-06-02 22:37:17.761 9 INFO neutron.api.wsgi [req-268b8582-10ca-46cf-9b15-f12f15500c87 req-7d13bfcd-fa26-40bb-8457-1e86bd34b3dd 882819476ce64f7aa61bfcd8412f5424 8f856307b12649cb828c5688ca47d855 - - default default] 10.0.0.112 "GET /v2.0/ports?device_id=fe859437-9919-4abd-9491-321d7b81395a HTTP/1.1" status: 200 len: 210 time: 0.0194676
2026-06-02 22:37:18.655 10 INFO neutron.api.wsgi [req-aabc5e83-2c3b-4569-8b90-5a7c55f4b48c req-125faf4e-36c5-40dc-b7e6-787ed5612c49 a1c031c4828247ac8ef007a2bfbc2533 afaab217a3444c0da84ca45f44ab4bf3 - - default default] 10.0.0.112 "GET /v2.0/ports?device_id=4dbfbc5c-aeda-4c7d-b83b-2917ac00770e HTTP/1.1" status: 200 len: 1172 time: 0.0768244
2026-06-02 22:37:18.698 10 INFO neutron.api.wsgi [req-aabc5e83-2c3b-4569-8b90-5a7c55f4b48c req-671bf175-502d-4b3d-ab90-4108e2de063b a1c031c4828247ac8ef007a2bfbc2533 afaab217a3444c0da84ca45f44ab4bf3 - - default default] 10.0.0.112 "GET /v2.0/security-groups?id=81e7ef2f-5b0b-4024-badc-b84a4f87d84f&fields=id&fields=name HTTP/1.1" status: 200 len: 312 time: 0.0357990
2026-06-02 22:37:18.834 9 INFO neutron.api.wsgi [req-3077b368-5249-4606-aa40-a6d8703e3a1f req-dbdf3cdf-a0af-4b62-b273-fdee93e10522 882819476ce64f7aa61bfcd8412f5424 8f856307b12649cb828c5688ca47d855 - - default default] 10.0.0.112 "GET /v2.0/ports?device_id=fe859437-9919-4abd-9491-321d7b81395a HTTP/1.1" status: 200 len: 210 time: 0.0182822
2026-06-02 22:37:19.604 9 INFO neutron.plugins.ml2.drivers.ovn.mech_driver.mech_driver [None req-990ec850-56b7-4f45-aad0-0b23605d16be - - - - - -] OVN reports status up for port: 4a8731ae-80cb-4126-8522-f7f5224ab27b
2026-06-02 22:37:19.613 9 INFO neutron.plugins.ml2.plugin [None req-990ec850-56b7-4f45-aad0-0b23605d16be - - - - - -] Attempt 1 to provision port 4a8731ae-80cb-4126-8522-f7f5224ab27b
2026-06-02 22:37:19.720 9 INFO neutron.notifiers.nova [-] Nova event matching ['req-70b0dcff-e5e0-4469-9bf3-a282f3f067b3'] response: {'server_uuid': '4dbfbc5c-aeda-4c7d-b83b-2917ac00770e', 'name': 'network-vif-plugged', 'status': 'completed', 'tag': '4a8731ae-80cb-4126-8522-f7f5224ab27b', 'code': 200}
2026-06-02 22:37:19.797 9 INFO neutron.api.wsgi [req-313e5484-0168-4ff3-9ed8-feb2e57be790 req-f2a08066-e984-4c85-922e-a1e7a551f350 a1c031c4828247ac8ef007a2bfbc2533 afaab217a3444c0da84ca45f44ab4bf3 - - default default] 10.0.0.112 "GET /v2.0/ports?device_id=4dbfbc5c-aeda-4c7d-b83b-2917ac00770e HTTP/1.1" status: 200 len: 1174 time: 0.0327477
2026-06-02 22:37:19.855 9 INFO neutron.api.wsgi [req-313e5484-0168-4ff3-9ed8-feb2e57be790 req-b4787bb9-e8db-4739-917c-edcb20ea02d5 a1c031c4828247ac8ef007a2bfbc2533 afaab217a3444c0da84ca45f44ab4bf3 - - default default] 10.0.0.112 "GET /v2.0/security-groups?id=81e7ef2f-5b0b-4024-badc-b84a4f87d84f&fields=id&fields=name HTTP/1.1" status: 200 len: 312 time: 0.0511370
2026-06-02 22:37:19.856 9 INFO neutron.db.ovn_revision_numbers_db [None req-990ec850-56b7-4f45-aad0-0b23605d16be - - - - - -] Successfully bumped revision number for resource 4a8731ae-80cb-4126-8522-f7f5224ab27b (type: ports) to 5
2026-06-02 22:37:19.917 10 INFO neutron.api.wsgi [req-582b8171-dfef-4461-97d8-dbcaa07a7170 req-dcecf297-598b-4919-9718-3e46a528b0c6 882819476ce64f7aa61bfcd8412f5424 8f856307b12649cb828c5688ca47d855 - - default default] 10.0.0.112 "GET /v2.0/ports?device_id=fe859437-9919-4abd-9491-321d7b81395a HTTP/1.1" status: 200 len: 210 time: 0.0158904
2026-06-02 22:37:20.026 10 WARNING neutron_lib.context [None req-ddffaa93-ef84-4874-bd30-a10846f54c71 7fcb580154be425ba604e6b1eef13479 09a2625c6ede4785b22d43469f0220df - - default default] Method 'is_advsvc' is deprecated since 2023.2 release (neutron-lib 3.8.0) and will be removed once support for the old RBAC API policies will be removed from Neutron. Please use method 'is_service_role' instead.
2026-06-02 22:37:20.174 10 INFO neutron.db.ovn_revision_numbers_db [None req-ddffaa93-ef84-4874-bd30-a10846f54c71 7fcb580154be425ba604e6b1eef13479 09a2625c6ede4785b22d43469f0220df - - default default] Successfully bumped revision number for resource db5cfc1f-394c-420a-9087-e6f07660bae7 (type: security_groups) to 1
2026-06-02 22:37:20.189 10 INFO neutron.db.ovn_revision_numbers_db [None req-ddffaa93-ef84-4874-bd30-a10846f54c71 7fcb580154be425ba604e6b1eef13479 09a2625c6ede4785b22d43469f0220df - - default default] Successfully bumped revision number for resource 29e6f614-1452-427e-9ee9-feef689ecb4d (type: security_group_rules) to 0
2026-06-02 22:37:20.201 10 INFO neutron.db.ovn_revision_numbers_db [None req-ddffaa93-ef84-4874-bd30-a10846f54c71 7fcb580154be425ba604e6b1eef13479 09a2625c6ede4785b22d43469f0220df - - default default] Successfully bumped revision number for resource 8062624f-5426-4a90-b075-be8e3d9a756c (type: security_group_rules) to 0
2026-06-02 22:37:20.215 10 INFO neutron.db.ovn_revision_numbers_db [None req-ddffaa93-ef84-4874-bd30-a10846f54c71 7fcb580154be425ba604e6b1eef13479 09a2625c6ede4785b22d43469f0220df - - default default] Successfully bumped revision number for resource d3ecb03e-29fb-40ad-995d-6177ef247f69 (type: security_group_rules) to 0
2026-06-02 22:37:20.231 10 INFO neutron.db.ovn_revision_numbers_db [None req-ddffaa93-ef84-4874-bd30-a10846f54c71 7fcb580154be425ba604e6b1eef13479 09a2625c6ede4785b22d43469f0220df - - default default] Successfully bumped revision number for resource e6c0c51b-30b4-4170-960c-13edc03b48d0 (type: security_group_rules) to 0
2026-06-02 22:37:20.312 10 INFO neutron.db.segments_db [None req-ddffaa93-ef84-4874-bd30-a10846f54c71 7fcb580154be425ba604e6b1eef13479 09a2625c6ede4785b22d43469f0220df - - default default] Added segment 33d77df6-e95e-4b18-8e36-e0988fa89e8f of type geneve for network 9df6cf13-864a-4a5f-8358-9abb2d3d561b
2026-06-02 22:37:20.433 10 INFO neutron.db.ovn_revision_numbers_db [None req-ddffaa93-ef84-4874-bd30-a10846f54c71 7fcb580154be425ba604e6b1eef13479 09a2625c6ede4785b22d43469f0220df - - default default] Successfully bumped revision number for resource 9df6cf13-864a-4a5f-8358-9abb2d3d561b (type: networks) to 1
2026-06-02 22:37:20.547 10 WARNING neutron.plugins.ml2.drivers.ovn.mech_driver.ovsdb.ovn_client [None req-b10beac5-2efe-48a5-ae2d-b602aac141a2 - - - - - -] No hosting information found for port bd470519-d6b4-4ca9-8e44-5331bc8e4c34: RuntimeError: No hosting information found for port bd470519-d6b4-4ca9-8e44-5331bc8e4c34
2026-06-02 22:37:20.605 10 WARNING neutron.scheduler.dhcp_agent_scheduler [None req-ddffaa93-ef84-4874-bd30-a10846f54c71 7fcb580154be425ba604e6b1eef13479 09a2625c6ede4785b22d43469f0220df - - default default] No more DHCP agents
2026-06-02 22:37:20.610 10 WARNING neutron.api.rpc.agentnotifiers.dhcp_rpc_agent_api [None req-ddffaa93-ef84-4874-bd30-a10846f54c71 7fcb580154be425ba604e6b1eef13479 09a2625c6ede4785b22d43469f0220df - - default default] Unable to schedule network 9df6cf13-864a-4a5f-8358-9abb2d3d561b: no agents available; will retry on subsequent port and subnet creation events.
2026-06-02 22:37:20.632 10 INFO neutron.db.ovn_revision_numbers_db [None req-b10beac5-2efe-48a5-ae2d-b602aac141a2 - - - - - -] Successfully bumped revision number for resource bd470519-d6b4-4ca9-8e44-5331bc8e4c34 (type: router_ports) to 2
2026-06-02 22:37:20.667 10 INFO neutron.db.ovn_revision_numbers_db [None req-ddffaa93-ef84-4874-bd30-a10846f54c71 7fcb580154be425ba604e6b1eef13479 09a2625c6ede4785b22d43469f0220df - - default default] Successfully bumped revision number for resource 52566ecc-b13f-4c0d-8e2f-628c75f912bf (type: ports) to 1
2026-06-02 22:37:20.686 10 INFO neutron.api.wsgi [None req-ddffaa93-ef84-4874-bd30-a10846f54c71 7fcb580154be425ba604e6b1eef13479 09a2625c6ede4785b22d43469f0220df - - default default] 10.0.0.127 "POST /v2.0/networks HTTP/1.1" status: 201 len: 830 time: 0.8589308
2026-06-02 22:37:20.697 10 WARNING neutron_lib.context [None req-cce21581-700f-4384-9ce1-9863349a934e 7fcb580154be425ba604e6b1eef13479 09a2625c6ede4785b22d43469f0220df - - default default] Method 'is_advsvc' is deprecated since 2023.2 release (neutron-lib 3.8.0) and will be removed once support for the old RBAC API policies will be removed from Neutron. Please use method 'is_service_role' instead.
2026-06-02 22:37:20.926 10 WARNING neutron.scheduler.dhcp_agent_scheduler [None req-cce21581-700f-4384-9ce1-9863349a934e 7fcb580154be425ba604e6b1eef13479 09a2625c6ede4785b22d43469f0220df - - default default] No more DHCP agents
2026-06-02 22:37:20.928 10 WARNING neutron.api.rpc.agentnotifiers.dhcp_rpc_agent_api [None req-cce21581-700f-4384-9ce1-9863349a934e 7fcb580154be425ba604e6b1eef13479 09a2625c6ede4785b22d43469f0220df - - default default] Unable to schedule network 9df6cf13-864a-4a5f-8358-9abb2d3d561b: no agents available; will retry on subsequent port and subnet creation events. /var/lib/openstack/lib/python3.12/site-packages/pycadf/identifier.py:71: UserWarning: Invalid uuid: neutron. To ensure interoperability, identifiers should be a valid uuid. warnings.warn(('Invalid uuid: %s. To ensure interoperability, ' /var/lib/openstack/lib/python3.12/site-packages/pycadf/identifier.py:71: UserWarning: Invalid uuid: neutron. To ensure interoperability, identifiers should be a valid uuid. warnings.warn(('Invalid uuid: %s. To ensure interoperability, '
