2026-06-02 22:37:57.314 10 INFO neutron.db.ovn_revision_numbers_db [None req-75a02eaf-e85f-49f8-a378-3b062bb316e6 391d063ad46b40e2884ca3c26026507f d3edc8b1282d47fdb2c5c2571b867c79 - - default default] Successfully bumped revision number for resource ad913282-89ee-4832-8991-935fea7a0866 (type: networks) to 1
2026-06-02 22:37:57.381 9 INFO neutron.api.wsgi [None req-1c829c29-5a6e-456d-aef2-0d00ac65df57 52f6cef64bc7468b8a5d27e97f0b5382 1e057adb63844197bfc96f1c1197d275 - - default default] 10.0.0.127 "DELETE /v2.0/ports/ae406fcf-bd9a-4071-af7c-1f6bdfc28e77 HTTP/1.1" status: 204 len: 168 time: 0.3045321
2026-06-02 22:37:57.452 10 WARNING neutron.scheduler.dhcp_agent_scheduler [None req-75a02eaf-e85f-49f8-a378-3b062bb316e6 391d063ad46b40e2884ca3c26026507f d3edc8b1282d47fdb2c5c2571b867c79 - - default default] No more DHCP agents
2026-06-02 22:37:57.453 10 WARNING neutron.api.rpc.agentnotifiers.dhcp_rpc_agent_api [None req-75a02eaf-e85f-49f8-a378-3b062bb316e6 391d063ad46b40e2884ca3c26026507f d3edc8b1282d47fdb2c5c2571b867c79 - - default default] Unable to schedule network ad913282-89ee-4832-8991-935fea7a0866: no agents available; will retry on subsequent port and subnet creation events.
2026-06-02 22:37:57.508 10 INFO neutron.db.ovn_revision_numbers_db [None req-75a02eaf-e85f-49f8-a378-3b062bb316e6 391d063ad46b40e2884ca3c26026507f d3edc8b1282d47fdb2c5c2571b867c79 - - default default] Successfully bumped revision number for resource a5351b7a-e5da-4024-a1c8-5a9bfe0696e0 (type: ports) to 1
2026-06-02 22:37:57.529 10 INFO neutron.api.wsgi [None req-75a02eaf-e85f-49f8-a378-3b062bb316e6 391d063ad46b40e2884ca3c26026507f d3edc8b1282d47fdb2c5c2571b867c79 - - default default] 10.0.0.127 "POST /v2.0/networks HTTP/1.1" status: 201 len: 831 time: 0.3896821
2026-06-02 22:37:57.538 10 WARNING neutron_lib.context [None req-05c8834a-1b39-4d67-8e48-571d9fa131bd 391d063ad46b40e2884ca3c26026507f d3edc8b1282d47fdb2c5c2571b867c79 - - default default] Method 'is_advsvc' is deprecated since 2023.2 release (neutron-lib 3.8.0) and will be removed once support for the old RBAC API policies will be removed from Neutron. Please use method 'is_service_role' instead.
2026-06-02 22:37:57.656 9 INFO neutron.api.wsgi [None req-95531df7-7118-4a6a-af2a-9e3d37de65ea 52f6cef64bc7468b8a5d27e97f0b5382 1e057adb63844197bfc96f1c1197d275 - - default default] 10.0.0.127 "DELETE /v2.0/ports/b8a1520a-ee0f-4c2b-afde-159a0d4545a2 HTTP/1.1" status: 204 len: 168 time: 0.2681854
2026-06-02 22:37:57.695 9 INFO neutron.api.wsgi [None req-2e08a080-2347-4e3f-9857-d809e56f1068 52f6cef64bc7468b8a5d27e97f0b5382 1e057adb63844197bfc96f1c1197d275 - - default default] 10.0.0.127 "GET /v2.0/ports?device_id=70f2e833-1435-4318-90a2-c17c08685b6b HTTP/1.1" status: 200 len: 1140 time: 0.0342112
2026-06-02 22:37:57.728 10 WARNING neutron.scheduler.dhcp_agent_scheduler [None req-05c8834a-1b39-4d67-8e48-571d9fa131bd 391d063ad46b40e2884ca3c26026507f d3edc8b1282d47fdb2c5c2571b867c79 - - default default] No more DHCP agents
2026-06-02 22:37:57.729 10 WARNING neutron.api.rpc.agentnotifiers.dhcp_rpc_agent_api [None req-05c8834a-1b39-4d67-8e48-571d9fa131bd 391d063ad46b40e2884ca3c26026507f d3edc8b1282d47fdb2c5c2571b867c79 - - default default] Unable to schedule network ad913282-89ee-4832-8991-935fea7a0866: no agents available; will retry on subsequent port and subnet creation events.
2026-06-02 22:37:57.738 9 WARNING neutron.plugins.ml2.drivers.ovn.mech_driver.ovsdb.ovn_client [None req-32c9fa65-fd56-4ffe-acfe-4344394e69c1 - - - - - -] No hosting information found for port 87cdd68d-3567-428e-91a2-34d1a8cfc5e0: RuntimeError: No hosting information found for port 87cdd68d-3567-428e-91a2-34d1a8cfc5e0
2026-06-02 22:37:57.804 10 INFO neutron.db.ovn_revision_numbers_db [None req-05c8834a-1b39-4d67-8e48-571d9fa131bd 391d063ad46b40e2884ca3c26026507f d3edc8b1282d47fdb2c5c2571b867c79 - - default default] Successfully bumped revision number for resource 988afe77-40be-4963-85a2-eaa834f2e6b1 (type: ports) to 1
2026-06-02 22:37:57.812 9 INFO neutron.db.ovn_revision_numbers_db [None req-32c9fa65-fd56-4ffe-acfe-4344394e69c1 - - - - - -] Successfully bumped revision number for resource 87cdd68d-3567-428e-91a2-34d1a8cfc5e0 (type: router_ports) to 2
2026-06-02 22:37:57.823 10 INFO neutron.api.wsgi [None req-05c8834a-1b39-4d67-8e48-571d9fa131bd 391d063ad46b40e2884ca3c26026507f d3edc8b1282d47fdb2c5c2571b867c79 - - default default] 10.0.0.127 "POST /v2.0/ports HTTP/1.1" status: 201 len: 942 time: 0.2891853 /var/lib/openstack/lib/python3.12/site-packages/pycadf/identifier.py:71: UserWarning: Invalid uuid: neutron. To ensure interoperability, identifiers should be a valid uuid. warnings.warn(('Invalid uuid: %s. To ensure interoperability, '
2026-06-02 22:37:57.833 10 WARNING neutron_lib.context [None req-f0139ed3-843d-4b40-b668-041acc678ad8 391d063ad46b40e2884ca3c26026507f d3edc8b1282d47fdb2c5c2571b867c79 - - default default] Method 'is_advsvc' is deprecated since 2023.2 release (neutron-lib 3.8.0) and will be removed once support for the old RBAC API policies will be removed from Neutron. Please use method 'is_service_role' instead.
2026-06-02 22:37:57.909 10 INFO neutron.db.segments_db [None req-f0139ed3-843d-4b40-b668-041acc678ad8 391d063ad46b40e2884ca3c26026507f d3edc8b1282d47fdb2c5c2571b867c79 - - default default] Added segment 68dce758-6ddd-4557-91e5-ba2c6f9a3ce0 of type geneve for network b4b0acec-a8e1-43b7-a262-40c40a21da18
2026-06-02 22:37:58.014 10 INFO neutron.db.ovn_revision_numbers_db [None req-f0139ed3-843d-4b40-b668-041acc678ad8 391d063ad46b40e2884ca3c26026507f d3edc8b1282d47fdb2c5c2571b867c79 - - default default] Successfully bumped revision number for resource b4b0acec-a8e1-43b7-a262-40c40a21da18 (type: networks) to 1
2026-06-02 22:37:58.151 10 WARNING neutron.scheduler.dhcp_agent_scheduler [None req-f0139ed3-843d-4b40-b668-041acc678ad8 391d063ad46b40e2884ca3c26026507f d3edc8b1282d47fdb2c5c2571b867c79 - - default default] No more DHCP agents
2026-06-02 22:37:58.152 10 WARNING neutron.api.rpc.agentnotifiers.dhcp_rpc_agent_api [None req-f0139ed3-843d-4b40-b668-041acc678ad8 391d063ad46b40e2884ca3c26026507f d3edc8b1282d47fdb2c5c2571b867c79 - - default default] Unable to schedule network b4b0acec-a8e1-43b7-a262-40c40a21da18: no agents available; will retry on subsequent port and subnet creation events.
2026-06-02 22:37:58.208 10 INFO neutron.db.ovn_revision_numbers_db [None req-f0139ed3-843d-4b40-b668-041acc678ad8 391d063ad46b40e2884ca3c26026507f d3edc8b1282d47fdb2c5c2571b867c79 - - default default] Successfully bumped revision number for resource f79d4eb9-8329-4964-b9a8-86ddc4128e5d (type: ports) to 1
2026-06-02 22:37:58.226 10 INFO neutron.api.wsgi [None req-f0139ed3-843d-4b40-b668-041acc678ad8 391d063ad46b40e2884ca3c26026507f d3edc8b1282d47fdb2c5c2571b867c79 - - default default] 10.0.0.127 "POST /v2.0/networks HTTP/1.1" status: 201 len: 831 time: 0.3966343
2026-06-02 22:37:58.235 10 WARNING neutron_lib.context [None req-c133dc7e-2165-411d-8810-bfc2c36f5b52 391d063ad46b40e2884ca3c26026507f d3edc8b1282d47fdb2c5c2571b867c79 - - default default] Method 'is_advsvc' is deprecated since 2023.2 release (neutron-lib 3.8.0) and will be removed once support for the old RBAC API policies will be removed from Neutron. Please use method 'is_service_role' instead.
2026-06-02 22:37:58.426 10 WARNING neutron.scheduler.dhcp_agent_scheduler [None req-c133dc7e-2165-411d-8810-bfc2c36f5b52 391d063ad46b40e2884ca3c26026507f d3edc8b1282d47fdb2c5c2571b867c79 - - default default] No more DHCP agents
2026-06-02 22:37:58.428 10 WARNING neutron.api.rpc.agentnotifiers.dhcp_rpc_agent_api [None req-c133dc7e-2165-411d-8810-bfc2c36f5b52 391d063ad46b40e2884ca3c26026507f d3edc8b1282d47fdb2c5c2571b867c79 - - default default] Unable to schedule network b4b0acec-a8e1-43b7-a262-40c40a21da18: no agents available; will retry on subsequent port and subnet creation events.
2026-06-02 22:37:58.445 9 INFO neutron.api.wsgi [None req-a73202c9-e0e1-4827-a191-944d164ec906 52f6cef64bc7468b8a5d27e97f0b5382 1e057adb63844197bfc96f1c1197d275 - - default default] 10.0.0.127 "PUT /v2.0/routers/70f2e833-1435-4318-90a2-c17c08685b6b/remove_router_interface HTTP/1.1" status: 200 len: 503 time: 0.7452121 /var/lib/openstack/lib/python3.12/site-packages/pycadf/identifier.py:71: UserWarning: Invalid uuid: neutron. To ensure interoperability, identifiers should be a valid uuid. warnings.warn(('Invalid uuid: %s. To ensure interoperability, '
2026-06-02 22:37:58.502 10 INFO neutron.db.ovn_revision_numbers_db [None req-c133dc7e-2165-411d-8810-bfc2c36f5b52 391d063ad46b40e2884ca3c26026507f d3edc8b1282d47fdb2c5c2571b867c79 - - default default] Successfully bumped revision number for resource baf43324-63a0-41e4-a5eb-0e3c35787695 (type: ports) to 1
2026-06-02 22:37:58.532 10 INFO neutron.api.wsgi [None req-c133dc7e-2165-411d-8810-bfc2c36f5b52 391d063ad46b40e2884ca3c26026507f d3edc8b1282d47fdb2c5c2571b867c79 - - default default] 10.0.0.127 "POST /v2.0/ports HTTP/1.1" status: 201 len: 942 time: 0.3012898
2026-06-02 22:37:58.541 10 WARNING neutron_lib.context [None req-5b552611-2bbb-44e1-8f1a-ead2711b212e 391d063ad46b40e2884ca3c26026507f d3edc8b1282d47fdb2c5c2571b867c79 - - default default] Method 'is_advsvc' is deprecated since 2023.2 release (neutron-lib 3.8.0) and will be removed once support for the old RBAC API policies will be removed from Neutron. Please use method 'is_service_role' instead.
2026-06-02 22:37:58.634 10 INFO neutron.db.segments_db [None req-5b552611-2bbb-44e1-8f1a-ead2711b212e 391d063ad46b40e2884ca3c26026507f d3edc8b1282d47fdb2c5c2571b867c79 - - default default] Added segment 7a9f00ed-5fca-48ac-839e-559dec73b125 of type geneve for network 2f5830b1-a3cf-49f0-80ad-283498cb2f47
2026-06-02 22:37:58.754 10 INFO neutron.db.ovn_revision_numbers_db [None req-5b552611-2bbb-44e1-8f1a-ead2711b212e 391d063ad46b40e2884ca3c26026507f d3edc8b1282d47fdb2c5c2571b867c79 - - default default] Successfully bumped revision number for resource 2f5830b1-a3cf-49f0-80ad-283498cb2f47 (type: networks) to 1
2026-06-02 22:37:58.922 10 WARNING neutron.scheduler.dhcp_agent_scheduler [None req-5b552611-2bbb-44e1-8f1a-ead2711b212e 391d063ad46b40e2884ca3c26026507f d3edc8b1282d47fdb2c5c2571b867c79 - - default default] No more DHCP agents
2026-06-02 22:37:58.924 10 WARNING neutron.api.rpc.agentnotifiers.dhcp_rpc_agent_api [None req-5b552611-2bbb-44e1-8f1a-ead2711b212e 391d063ad46b40e2884ca3c26026507f d3edc8b1282d47fdb2c5c2571b867c79 - - default default] Unable to schedule network 2f5830b1-a3cf-49f0-80ad-283498cb2f47: no agents available; will retry on subsequent port and subnet creation events.
2026-06-02 22:37:59.015 10 INFO neutron.db.ovn_revision_numbers_db [None req-5b552611-2bbb-44e1-8f1a-ead2711b212e 391d063ad46b40e2884ca3c26026507f d3edc8b1282d47fdb2c5c2571b867c79 - - default default] Successfully bumped revision number for resource 7e86fa20-81b9-40a7-982b-50d33e735b0f (type: ports) to 1
2026-06-02 22:37:59.053 10 INFO neutron.api.wsgi [None req-5b552611-2bbb-44e1-8f1a-ead2711b212e 391d063ad46b40e2884ca3c26026507f d3edc8b1282d47fdb2c5c2571b867c79 - - default default] 10.0.0.127 "POST /v2.0/networks HTTP/1.1" status: 201 len: 829 time: 0.5157495
2026-06-02 22:37:59.064 10 WARNING neutron_lib.context [None req-def5985e-1381-4b70-88c4-30eef1ac93fb 391d063ad46b40e2884ca3c26026507f d3edc8b1282d47fdb2c5c2571b867c79 - - default default] Method 'is_advsvc' is deprecated since 2023.2 release (neutron-lib 3.8.0) and will be removed once support for the old RBAC API policies will be removed from Neutron. Please use method 'is_service_role' instead.
2026-06-02 22:37:59.108 10 INFO neutron.api.wsgi [None req-d358c277-bfb6-44e3-b072-b6be323f3006 52f6cef64bc7468b8a5d27e97f0b5382 1e057adb63844197bfc96f1c1197d275 - - default default] 10.0.0.127 "DELETE /v2.0/routers/70f2e833-1435-4318-90a2-c17c08685b6b HTTP/1.1" status: 204 len: 168 time: 0.6572030 /var/lib/openstack/lib/python3.12/site-packages/pycadf/identifier.py:71: UserWarning: Invalid uuid: neutron. To ensure interoperability, identifiers should be a valid uuid. warnings.warn(('Invalid uuid: %s. To ensure interoperability, '
2026-06-02 22:37:59.245 9 INFO neutron.api.wsgi [None req-497a4e5b-e48b-477c-9b53-304846940899 52f6cef64bc7468b8a5d27e97f0b5382 1e057adb63844197bfc96f1c1197d275 - - default default] 10.0.0.127 "DELETE /v2.0/subnets/d035fbc0-5680-45c9-9a01-7312bae459ec HTTP/1.1" status: 204 len: 168 time: 0.1304123
2026-06-02 22:37:59.297 10 WARNING neutron.scheduler.dhcp_agent_scheduler [None req-def5985e-1381-4b70-88c4-30eef1ac93fb 391d063ad46b40e2884ca3c26026507f d3edc8b1282d47fdb2c5c2571b867c79 - - default default] No more DHCP agents
2026-06-02 22:37:59.298 10 WARNING neutron.api.rpc.agentnotifiers.dhcp_rpc_agent_api [None req-def5985e-1381-4b70-88c4-30eef1ac93fb 391d063ad46b40e2884ca3c26026507f d3edc8b1282d47fdb2c5c2571b867c79 - - default default] Unable to schedule network 2f5830b1-a3cf-49f0-80ad-283498cb2f47: no agents available; will retry on subsequent port and subnet creation events.
2026-06-02 22:37:59.363 10 INFO neutron.db.ovn_revision_numbers_db [None req-def5985e-1381-4b70-88c4-30eef1ac93fb 391d063ad46b40e2884ca3c26026507f d3edc8b1282d47fdb2c5c2571b867c79 - - default default] Successfully bumped revision number for resource 9ff5f710-664a-4197-bced-b30eb3a146cb (type: ports) to 1
2026-06-02 22:37:59.383 10 INFO neutron.api.wsgi [None req-def5985e-1381-4b70-88c4-30eef1ac93fb 391d063ad46b40e2884ca3c26026507f d3edc8b1282d47fdb2c5c2571b867c79 - - default default] 10.0.0.127 "POST /v2.0/ports HTTP/1.1" status: 201 len: 942 time: 0.3231175 /var/lib/openstack/lib/python3.12/site-packages/pycadf/identifier.py:71: UserWarning: Invalid uuid: neutron. To ensure interoperability, identifiers should be a valid uuid. warnings.warn(('Invalid uuid: %s. To ensure interoperability, '
2026-06-02 22:37:59.394 10 WARNING neutron_lib.context [None req-e61c4823-e752-4179-bf1a-167b9cc6a6b1 391d063ad46b40e2884ca3c26026507f d3edc8b1282d47fdb2c5c2571b867c79 - - default default] Method 'is_advsvc' is deprecated since 2023.2 release (neutron-lib 3.8.0) and will be removed once support for the old RBAC API policies will be removed from Neutron. Please use method 'is_service_role' instead.
2026-06-02 22:37:59.470 10 INFO neutron.db.segments_db [None req-e61c4823-e752-4179-bf1a-167b9cc6a6b1 391d063ad46b40e2884ca3c26026507f d3edc8b1282d47fdb2c5c2571b867c79 - - default default] Added segment af1c8bca-f55d-48cf-965c-c559bb975e61 of type geneve for network e42a6389-0731-468d-a725-0ef728f7caa5
2026-06-02 22:37:59.538 9 INFO neutron.services.segments.plugin [-] Segment be865d44-f918-42d7-96c5-66be043204dd resource provider aggregate not found
2026-06-02 22:37:59.542 9 INFO neutron.services.segments.plugin [-] Segment be865d44-f918-42d7-96c5-66be043204dd resource provider aggregate not found
2026-06-02 22:37:59.555 9 INFO neutron.services.segments.plugin [-] Segment be865d44-f918-42d7-96c5-66be043204dd resource provider not found; error: Placement Client Error (4xx): {"errors": [{"status": 404, "title": "Not Found", "detail": "The resource could not be found.\n\n No resource provider with uuid be865d44-f918-42d7-96c5-66be043204dd found for delete ", "request_id": "req-f0c5ca36-0e62-42d5-8c76-c89e5f922c51"}]}
2026-06-02 22:37:59.558 9 INFO neutron.services.segments.plugin [-] Segment be865d44-f918-42d7-96c5-66be043204dd resource provider not found; error: Placement Client Error (4xx): {"errors": [{"status": 404, "title": "Not Found", "detail": "The resource could not be found.\n\n No resource provider with uuid be865d44-f918-42d7-96c5-66be043204dd found for delete ", "request_id": "req-7cfbc7b2-cc36-409d-a27c-ed30ff3cecb2"}]}
2026-06-02 22:37:59.567 9 INFO neutron.api.wsgi [None req-4b3fc60e-f6c7-4e82-8173-6868837a3fb4 52f6cef64bc7468b8a5d27e97f0b5382 1e057adb63844197bfc96f1c1197d275 - - default default] 10.0.0.127 "DELETE /v2.0/networks/f64977c8-064f-4762-8126-b66448557783 HTTP/1.1" status: 204 len: 168 time: 0.3173554
2026-06-02 22:37:59.583 10 INFO neutron.db.ovn_revision_numbers_db [None req-e61c4823-e752-4179-bf1a-167b9cc6a6b1 391d063ad46b40e2884ca3c26026507f d3edc8b1282d47fdb2c5c2571b867c79 - - default default] Successfully bumped revision number for resource e42a6389-0731-468d-a725-0ef728f7caa5 (type: networks) to 1
2026-06-02 22:37:59.760 10 WARNING neutron.scheduler.dhcp_agent_scheduler [None req-e61c4823-e752-4179-bf1a-167b9cc6a6b1 391d063ad46b40e2884ca3c26026507f d3edc8b1282d47fdb2c5c2571b867c79 - - default default] No more DHCP agents
2026-06-02 22:37:59.762 10 WARNING neutron.api.rpc.agentnotifiers.dhcp_rpc_agent_api [None req-e61c4823-e752-4179-bf1a-167b9cc6a6b1 391d063ad46b40e2884ca3c26026507f d3edc8b1282d47fdb2c5c2571b867c79 - - default default] Unable to schedule network e42a6389-0731-468d-a725-0ef728f7caa5: no agents available; will retry on subsequent port and subnet creation events.
2026-06-02 22:37:59.823 10 INFO neutron.db.ovn_revision_numbers_db [None req-e61c4823-e752-4179-bf1a-167b9cc6a6b1 391d063ad46b40e2884ca3c26026507f d3edc8b1282d47fdb2c5c2571b867c79 - - default default] Successfully bumped revision number for resource 40b35424-fdba-4680-bb19-7c3fedae73dc (type: ports) to 1
2026-06-02 22:37:59.842 10 INFO neutron.api.wsgi [None req-e61c4823-e752-4179-bf1a-167b9cc6a6b1 391d063ad46b40e2884ca3c26026507f d3edc8b1282d47fdb2c5c2571b867c79 - - default default] 10.0.0.127 "POST /v2.0/networks HTTP/1.1" status: 201 len: 831 time: 0.4522889
2026-06-02 22:37:59.851 10 WARNING neutron_lib.context [None req-8a6310c9-9f67-4405-9efb-8f99f60c62a6 391d063ad46b40e2884ca3c26026507f d3edc8b1282d47fdb2c5c2571b867c79 - - default default] Method 'is_advsvc' is deprecated since 2023.2 release (neutron-lib 3.8.0) and will be removed once support for the old RBAC API policies will be removed from Neutron. Please use method 'is_service_role' instead.
2026-06-02 22:38:00.091 10 WARNING neutron.scheduler.dhcp_agent_scheduler [None req-8a6310c9-9f67-4405-9efb-8f99f60c62a6 391d063ad46b40e2884ca3c26026507f d3edc8b1282d47fdb2c5c2571b867c79 - - default default] No more DHCP agents
2026-06-02 22:38:00.092 10 WARNING neutron.api.rpc.agentnotifiers.dhcp_rpc_agent_api [None req-8a6310c9-9f67-4405-9efb-8f99f60c62a6 391d063ad46b40e2884ca3c26026507f d3edc8b1282d47fdb2c5c2571b867c79 - - default default] Unable to schedule network e42a6389-0731-468d-a725-0ef728f7caa5: no agents available; will retry on subsequent port and subnet creation events.
2026-06-02 22:38:00.100 9 WARNING neutron_lib.context [None req-2dd5f139-e45b-429e-95cc-20bd4b395e0a 1e2363dc975446b5832c67b7decc4f26 8659707b35584c1c854b5ccb7f5bd7a6 - - default default] Method 'is_advsvc' is deprecated since 2023.2 release (neutron-lib 3.8.0) and will be removed once support for the old RBAC API policies will be removed from Neutron. Please use method 'is_service_role' instead.
2026-06-02 22:38:00.139 9 INFO neutron.api.wsgi [None req-879a8036-abe2-45ae-96d5-cb18cbe81069 ef9431564eb743c9882dee4928ccf684 a39275425c5d4935bd47dbb81ee2a16c - - default default] 10.0.0.127 "GET /v2.0/security-groups?tenant_id=1e057adb63844197bfc96f1c1197d275&name=default HTTP/1.1" status: 200 len: 3120 time: 0.0808368
2026-06-02 22:38:00.188 10 INFO neutron.db.ovn_revision_numbers_db [None req-8a6310c9-9f67-4405-9efb-8f99f60c62a6 391d063ad46b40e2884ca3c26026507f d3edc8b1282d47fdb2c5c2571b867c79 - - default default] Successfully bumped revision number for resource 54ce9e3f-21e8-479c-8ebd-94d6340b3ddf (type: ports) to 1
2026-06-02 22:38:00.210 10 INFO neutron.api.wsgi [None req-8a6310c9-9f67-4405-9efb-8f99f60c62a6 391d063ad46b40e2884ca3c26026507f d3edc8b1282d47fdb2c5c2571b867c79 - - default default] 10.0.0.127 "POST /v2.0/ports HTTP/1.1" status: 201 len: 942 time: 0.3630445 /var/lib/openstack/lib/python3.12/site-packages/pycadf/identifier.py:71: UserWarning: Invalid uuid: neutron. To ensure interoperability, identifiers should be a valid uuid. warnings.warn(('Invalid uuid: %s. To ensure interoperability, '
2026-06-02 22:38:00.259 10 INFO neutron.api.wsgi [None req-bc62bbac-068f-4c1f-b5fe-4d4643d2d0f8 391d063ad46b40e2884ca3c26026507f d3edc8b1282d47fdb2c5c2571b867c79 - - default default] 10.0.0.127 "PUT /v2.0/ports/4c9a87e9-a4a9-4d4f-878a-2109a8408765/tags HTTP/1.1" status: 200 len: 210 time: 0.0433612
2026-06-02 22:38:00.275 9 INFO neutron.db.ovn_revision_numbers_db [None req-2dd5f139-e45b-429e-95cc-20bd4b395e0a 1e2363dc975446b5832c67b7decc4f26 8659707b35584c1c854b5ccb7f5bd7a6 - - default default] Successfully bumped revision number for resource 52e613a8-d70a-4e7e-b4bf-bc3de2c7df78 (type: security_groups) to 1
2026-06-02 22:38:00.290 9 INFO neutron.db.ovn_revision_numbers_db [None req-2dd5f139-e45b-429e-95cc-20bd4b395e0a 1e2363dc975446b5832c67b7decc4f26 8659707b35584c1c854b5ccb7f5bd7a6 - - default default] Successfully bumped revision number for resource 023de54c-2942-40fd-962f-143441aec2ee (type: security_group_rules) to 0
2026-06-02 22:38:00.305 10 INFO neutron.api.wsgi [None req-d66686f4-c14e-470e-af40-1a757d37d6f5 391d063ad46b40e2884ca3c26026507f d3edc8b1282d47fdb2c5c2571b867c79 - - default default] 10.0.0.127 "PUT /v2.0/ports/988afe77-40be-4963-85a2-eaa834f2e6b1/tags HTTP/1.1" status: 200 len: 218 time: 0.0419664
2026-06-02 22:38:00.308 9 INFO neutron.db.ovn_revision_numbers_db [None req-2dd5f139-e45b-429e-95cc-20bd4b395e0a 1e2363dc975446b5832c67b7decc4f26 8659707b35584c1c854b5ccb7f5bd7a6 - - default default] Successfully bumped revision number for resource 73a84206-b215-43c2-80f3-932545bd7c61 (type: security_group_rules) to 0
2026-06-02 22:38:00.321 9 INFO neutron.db.ovn_revision_numbers_db [None req-2dd5f139-e45b-429e-95cc-20bd4b395e0a 1e2363dc975446b5832c67b7decc4f26 8659707b35584c1c854b5ccb7f5bd7a6 - - default default] Successfully bumped revision number for resource e258ebf2-d764-406b-a8d9-5b78cc891a8d (type: security_group_rules) to 0
2026-06-02 22:38:00.330 9 INFO neutron.db.ovn_revision_numbers_db [None req-2dd5f139-e45b-429e-95cc-20bd4b395e0a 1e2363dc975446b5832c67b7decc4f26 8659707b35584c1c854b5ccb7f5bd7a6 - - default default] Successfully bumped revision number for resource e76c45a3-4abd-490c-99ce-50c4ad600199 (type: security_group_rules) to 0
2026-06-02 22:38:00.349 9 INFO neutron.api.wsgi [None req-6f97d1d9-de67-4874-9861-96d931f11438 ef9431564eb743c9882dee4928ccf684 a39275425c5d4935bd47dbb81ee2a16c - - default default] 10.0.0.127 "DELETE /v2.0/security-groups/85990875-0ddc-4bf8-8e85-bb97192d77bb HTTP/1.1" status: 204 len: 168 time: 0.2051203
2026-06-02 22:38:00.360 10 INFO neutron.api.wsgi [None req-c00b5273-8910-4f84-aea5-26c8036e786c 391d063ad46b40e2884ca3c26026507f d3edc8b1282d47fdb2c5c2571b867c79 - - default default] 10.0.0.127 "PUT /v2.0/ports/baf43324-63a0-41e4-a5eb-0e3c35787695/tags HTTP/1.1" status: 200 len: 227 time: 0.0494857
2026-06-02 22:38:00.400 9 INFO neutron.db.segments_db [None req-2dd5f139-e45b-429e-95cc-20bd4b395e0a 1e2363dc975446b5832c67b7decc4f26 8659707b35584c1c854b5ccb7f5bd7a6 - - default default] Added segment 1d2d6c71-0c9d-4e19-bd2f-f8bb41726d7c of type geneve for network a6ac7a79-acac-4cad-b2ba-2a3eb2818cf0
2026-06-02 22:38:00.423 9 INFO neutron.api.wsgi [None req-94fd0827-eefd-488a-bf8f-0ced861cf66c 391d063ad46b40e2884ca3c26026507f d3edc8b1282d47fdb2c5c2571b867c79 - - default default] 10.0.0.127 "PUT /v2.0/ports/9ff5f710-664a-4197-bced-b30eb3a146cb/tags HTTP/1.1" status: 200 len: 212 time: 0.0403972
2026-06-02 22:38:00.505 9 INFO neutron.db.ovn_revision_numbers_db [None req-2dd5f139-e45b-429e-95cc-20bd4b395e0a 1e2363dc975446b5832c67b7decc4f26 8659707b35584c1c854b5ccb7f5bd7a6 - - default default] Successfully bumped revision number for resource a6ac7a79-acac-4cad-b2ba-2a3eb2818cf0 (type: networks) to 1
2026-06-02 22:38:00.579 10 INFO neutron.api.wsgi [None req-aef001cb-e9d5-41cf-bbcd-474febd19f61 391d063ad46b40e2884ca3c26026507f d3edc8b1282d47fdb2c5c2571b867c79 - - default default] 10.0.0.127 "GET /v2.0/ports?tags=red HTTP/1.1" status: 200 len: 2448 time: 0.1467445
2026-06-02 22:38:00.633 9 WARNING neutron.scheduler.dhcp_agent_scheduler [None req-2dd5f139-e45b-429e-95cc-20bd4b395e0a 1e2363dc975446b5832c67b7decc4f26 8659707b35584c1c854b5ccb7f5bd7a6 - - default default] No more DHCP agents
2026-06-02 22:38:00.634 9 WARNING neutron.api.rpc.agentnotifiers.dhcp_rpc_agent_api [None req-2dd5f139-e45b-429e-95cc-20bd4b395e0a 1e2363dc975446b5832c67b7decc4f26 8659707b35584c1c854b5ccb7f5bd7a6 - - default default] Unable to schedule network a6ac7a79-acac-4cad-b2ba-2a3eb2818cf0: no agents available; will retry on subsequent port and subnet creation events.
2026-06-02 22:38:00.638 10 INFO neutron.api.wsgi [None req-d1d0cfb9-02e7-4ecb-86b8-a81da1a4a6f1 391d063ad46b40e2884ca3c26026507f d3edc8b1282d47fdb2c5c2571b867c79 - - default default] 10.0.0.127 "GET /v2.0/ports?tags=red%2Cblue HTTP/1.1" status: 200 len: 1708 time: 0.0541513
2026-06-02 22:38:00.693 10 INFO neutron.api.wsgi [None req-cd9bf2d2-f03f-47f2-85ca-d041bb3f2cab 391d063ad46b40e2884ca3c26026507f d3edc8b1282d47fdb2c5c2571b867c79 - - default default] 10.0.0.127 "GET /v2.0/ports?tags-any=blue HTTP/1.1" status: 200 len: 1708 time: 0.0499027
2026-06-02 22:38:00.698 9 INFO neutron.db.ovn_revision_numbers_db [None req-2dd5f139-e45b-429e-95cc-20bd4b395e0a 1e2363dc975446b5832c67b7decc4f26 8659707b35584c1c854b5ccb7f5bd7a6 - - default default] Successfully bumped revision number for resource 6515b0e0-b867-4ff2-9baa-8ff132bb735a (type: ports) to 1
2026-06-02 22:38:00.712 9 INFO neutron.api.wsgi [None req-2dd5f139-e45b-429e-95cc-20bd4b395e0a 1e2363dc975446b5832c67b7decc4f26 8659707b35584c1c854b5ccb7f5bd7a6 - - default default] 10.0.0.127 "POST /v2.0/networks HTTP/1.1" status: 201 len: 839 time: 0.7684331
2026-06-02 22:38:00.720 9 WARNING neutron_lib.context [None req-a01a7c61-cab4-4f1d-ac22-1bbabffd8b89 1e2363dc975446b5832c67b7decc4f26 8659707b35584c1c854b5ccb7f5bd7a6 - - default default] Method 'is_advsvc' is deprecated since 2023.2 release (neutron-lib 3.8.0) and will be removed once support for the old RBAC API policies will be removed from Neutron. Please use method 'is_service_role' instead.
2026-06-02 22:38:00.732 10 INFO neutron.api.wsgi [None req-01d2b3d6-fef2-4571-a89d-2a477496bb0e 391d063ad46b40e2884ca3c26026507f d3edc8b1282d47fdb2c5c2571b867c79 - - default default] 10.0.0.127 "GET /v2.0/ports?tags-any=red%2Cblue HTTP/1.1" status: 200 len: 2448 time: 0.0315416
2026-06-02 22:38:00.777 10 INFO neutron.api.wsgi [None req-e6b3cb08-8bb6-431f-b3cd-cbdb81a31389 ef9431564eb743c9882dee4928ccf684 a39275425c5d4935bd47dbb81ee2a16c - - default default] 10.0.0.52 "GET /v2.0/agents HTTP/1.1" status: 200 len: 1390 time: 0.1169932
2026-06-02 22:38:00.792 10 INFO neutron.api.wsgi [None req-ba738195-a459-4869-86aa-0662856a670d ef9431564eb743c9882dee4928ccf684 a39275425c5d4935bd47dbb81ee2a16c - - default default] 10.0.0.52 "GET /v2.0/network-ip-availabilities HTTP/1.1" status: 200 len: 2894 time: 0.0131345
2026-06-02 22:38:00.817 10 INFO neutron.api.wsgi [None req-36e6c20a-54c0-4fca-a373-f1cdb6957678 ef9431564eb743c9882dee4928ccf684 a39275425c5d4935bd47dbb81ee2a16c - - default default] 10.0.0.52 "GET /v2.0/floatingips HTTP/1.1" status: 200 len: 193 time: 0.0248067
2026-06-02 22:38:00.847 10 INFO neutron.api.wsgi [None req-e1f2374e-5d72-478a-9941-839cf4d76974 ef9431564eb743c9882dee4928ccf684 a39275425c5d4935bd47dbb81ee2a16c - - default default] 10.0.0.52 "GET /v2.0/routers HTTP/1.1" status: 200 len: 189 time: 0.0283144
2026-06-02 22:38:00.860 9 WARNING neutron.scheduler.dhcp_agent_scheduler [None req-a01a7c61-cab4-4f1d-ac22-1bbabffd8b89 1e2363dc975446b5832c67b7decc4f26 8659707b35584c1c854b5ccb7f5bd7a6 - - default default] No more DHCP agents
2026-06-02 22:38:00.861 9 WARNING neutron.api.rpc.agentnotifiers.dhcp_rpc_agent_api [None req-a01a7c61-cab4-4f1d-ac22-1bbabffd8b89 1e2363dc975446b5832c67b7decc4f26 8659707b35584c1c854b5ccb7f5bd7a6 - - default default] Unable to schedule network a6ac7a79-acac-4cad-b2ba-2a3eb2818cf0: no agents available; will retry on subsequent port and subnet creation events.
2026-06-02 22:38:01.156 10 INFO neutron.api.wsgi [None req-18e456c7-3fe5-4dbb-a23b-33c346a5fb67 ef9431564eb743c9882dee4928ccf684 a39275425c5d4935bd47dbb81ee2a16c - - default default] 10.0.0.52 "GET /v2.0/agents?binary=ovn-controller HTTP/1.1" status: 200 len: 591 time: 0.3084171
2026-06-02 22:38:01.169 10 INFO neutron.api.wsgi [None req-915ef7fd-af05-4784-8793-334dea104fa2 391d063ad46b40e2884ca3c26026507f d3edc8b1282d47fdb2c5c2571b867c79 - - default default] 10.0.0.127 "GET /v2.0/ports?not-tags=red HTTP/1.1" status: 200 len: 5463 time: 0.4339488
2026-06-02 22:38:01.207 10 INFO neutron.api.wsgi [None req-17aac3a2-85cc-4f1a-aa65-a1582f2de14b ef9431564eb743c9882dee4928ccf684 a39275425c5d4935bd47dbb81ee2a16c - - default default] 10.0.0.52 "GET /v2.0/security-groups HTTP/1.1" status: 200 len: 23382 time: 0.0372233
2026-06-02 22:38:01.290 9 INFO neutron.db.ovn_revision_numbers_db [None req-6d0d8cfc-dc01-4521-90cd-7c72e134be46 - - - - - -] Successfully bumped revision number for resource 6515b0e0-b867-4ff2-9baa-8ff132bb735a (type: ports) to 2
2026-06-02 22:38:01.292 10 INFO neutron.api.wsgi [None req-f0f3c8ce-cdc3-47d9-abee-babed922acb9 ef9431564eb743c9882dee4928ccf684 a39275425c5d4935bd47dbb81ee2a16c - - default default] 10.0.0.52 "GET /v2.0/ports HTTP/1.1" status: 200 len: 15090 time: 0.0753770
2026-06-02 22:38:01.328 10 INFO neutron.api.wsgi [None req-291f9ebb-5f9d-48a8-8fb2-a07c7a8f7b9c ef9431564eb743c9882dee4928ccf684 a39275425c5d4935bd47dbb81ee2a16c - - default default] 10.0.0.52 "GET /v2.0/subnets HTTP/1.1" status: 200 len: 2150 time: 0.0280657
2026-06-02 22:38:01.331 9 INFO neutron.db.ovn_revision_numbers_db [None req-6d0d8cfc-dc01-4521-90cd-7c72e134be46 - - - - - -] Successfully bumped revision number for resource 31ba9fcf-8655-4f80-8161-88a6186f6b37 (type: subnets) to 0
2026-06-02 22:38:01.341 10 INFO neutron.api.wsgi [None req-880a32e4-623a-4605-9de5-1da4fd1f3ce3 ef9431564eb743c9882dee4928ccf684 a39275425c5d4935bd47dbb81ee2a16c - - default default] 10.0.0.52 "GET /v2.0/subnetpools HTTP/1.1" status: 200 len: 193 time: 0.0109854
2026-06-02 22:38:01.346 9 INFO neutron.api.wsgi [None req-a01a7c61-cab4-4f1d-ac22-1bbabffd8b89 1e2363dc975446b5832c67b7decc4f26 8659707b35584c1c854b5ccb7f5bd7a6 - - default default] 10.0.0.127 "POST /v2.0/subnets HTTP/1.1" status: 201 len: 857 time: 0.6292789
2026-06-02 22:38:01.384 9 INFO neutron.api.wsgi [None req-c377a130-370e-4533-9d2a-cb98e8fbab03 391d063ad46b40e2884ca3c26026507f d3edc8b1282d47fdb2c5c2571b867c79 - - default default] 10.0.0.127 "GET /v2.0/ports?not-tags=red%2Cblue HTTP/1.1" status: 200 len: 6203 time: 0.2107270
2026-06-02 22:38:01.402 10 INFO neutron.api.wsgi [None req-7a14e33d-ace1-471e-872f-c6aebe63c29a ef9431564eb743c9882dee4928ccf684 a39275425c5d4935bd47dbb81ee2a16c - - default default] 10.0.0.52 "GET /v2.0/networks HTTP/1.1" status: 200 len: 6634 time: 0.0585644
2026-06-02 22:38:01.439 10 INFO neutron.api.wsgi [None req-152d0f4c-7dcd-47c9-81d5-3370ca6b7a4f ef9431564eb743c9882dee4928ccf684 a39275425c5d4935bd47dbb81ee2a16c - - default default] 10.0.0.52 "GET /v2.0/subnets HTTP/1.1" status: 200 len: 2150 time: 0.0295489
2026-06-02 22:38:01.450 9 INFO neutron.api.wsgi [None req-5e001439-5e94-443a-8e18-1b9d2eacd656 391d063ad46b40e2884ca3c26026507f d3edc8b1282d47fdb2c5c2571b867c79 - - default default] 10.0.0.127 "GET /v2.0/ports?not-tags-any=blue HTTP/1.1" status: 200 len: 6203 time: 0.0612180
2026-06-02 22:38:01.497 9 INFO neutron.api.wsgi [None req-17f600bf-6c71-448f-b2e8-2b5366bb48ea 391d063ad46b40e2884ca3c26026507f d3edc8b1282d47fdb2c5c2571b867c79 - - default default] 10.0.0.127 "GET /v2.0/ports?not-tags-any=red%2Cblue HTTP/1.1" status: 200 len: 5463 time: 0.0413775
2026-06-02 22:38:01.522 10 INFO neutron.api.wsgi [None req-1098aca2-74d0-4ab0-876a-65408f1f9245 bd4b345f23474b88975a788e8584bc23 ef08da576885497d950b76c348f9db6c - - default default] 10.0.0.127 "GET /v2.0/subnetpools?name=shared-default-subnetpool-v6 HTTP/1.1" status: 200 len: 212 time: 0.1708281
2026-06-02 22:38:01.530 9 WARNING neutron_lib.context [None req-b488c323-9376-4e46-93c7-b2cc7ddc7541 1e2363dc975446b5832c67b7decc4f26 8659707b35584c1c854b5ccb7f5bd7a6 - - default default] Method 'is_advsvc' is deprecated since 2023.2 release (neutron-lib 3.8.0) and will be removed once support for the old RBAC API policies will be removed from Neutron. Please use method 'is_service_role' instead.
2026-06-02 22:38:01.712 9 INFO neutron.api.wsgi [None req-6ab96bff-0e7f-4f5b-a80f-186bc6011175 391d063ad46b40e2884ca3c26026507f d3edc8b1282d47fdb2c5c2571b867c79 - - default default] 10.0.0.127 "DELETE /v2.0/ports/4c9a87e9-a4a9-4d4f-878a-2109a8408765 HTTP/1.1" status: 204 len: 168 time: 0.2090294
2026-06-02 22:38:01.725 9 WARNING neutron.scheduler.dhcp_agent_scheduler [None req-b488c323-9376-4e46-93c7-b2cc7ddc7541 1e2363dc975446b5832c67b7decc4f26 8659707b35584c1c854b5ccb7f5bd7a6 - - default default] No more DHCP agents
2026-06-02 22:38:01.726 9 WARNING neutron.api.rpc.agentnotifiers.dhcp_rpc_agent_api [None req-b488c323-9376-4e46-93c7-b2cc7ddc7541 1e2363dc975446b5832c67b7decc4f26 8659707b35584c1c854b5ccb7f5bd7a6 - - default default] Unable to schedule network a6ac7a79-acac-4cad-b2ba-2a3eb2818cf0: no agents available; will retry on subsequent port and subnet creation events.
2026-06-02 22:38:01.750 9 INFO neutron.db.ovn_revision_numbers_db [None req-b488c323-9376-4e46-93c7-b2cc7ddc7541 1e2363dc975446b5832c67b7decc4f26 8659707b35584c1c854b5ccb7f5bd7a6 - - default default] Successfully bumped revision number for resource 8864997b-71a1-4ba2-9e7a-b0857540b360 (type: subnets) to 0
2026-06-02 22:38:01.765 9 INFO neutron.api.wsgi [None req-b488c323-9376-4e46-93c7-b2cc7ddc7541 1e2363dc975446b5832c67b7decc4f26 8659707b35584c1c854b5ccb7f5bd7a6 - - default default] 10.0.0.127 "POST /v2.0/subnets HTTP/1.1" status: 201 len: 931 time: 0.2374370
2026-06-02 22:38:01.774 10 WARNING neutron_lib.context [None req-214f8343-10de-4315-a00b-6593b06f1e41 1e2363dc975446b5832c67b7decc4f26 8659707b35584c1c854b5ccb7f5bd7a6 - - default default] Method 'is_advsvc' is deprecated since 2023.2 release (neutron-lib 3.8.0) and will be removed once support for the old RBAC API policies will be removed from Neutron. Please use method 'is_service_role' instead.
2026-06-02 22:38:01.868 10 INFO neutron.db.segments_db [None req-214f8343-10de-4315-a00b-6593b06f1e41 1e2363dc975446b5832c67b7decc4f26 8659707b35584c1c854b5ccb7f5bd7a6 - - default default] Added segment b1691836-6b04-4e4a-a3f6-a0fe2879c6f0 of type geneve for network d6d3fac4-824f-4e51-8527-5a2ccf6ad75d
2026-06-02 22:38:01.942 10 INFO neutron.api.wsgi [None req-33fd0807-528e-494a-bd4b-95b5bcc5bf82 391d063ad46b40e2884ca3c26026507f d3edc8b1282d47fdb2c5c2571b867c79 - - default default] 10.0.0.127 "DELETE /v2.0/ports/988afe77-40be-4963-85a2-eaa834f2e6b1 HTTP/1.1" status: 204 len: 168 time: 0.2240357
2026-06-02 22:38:01.986 10 INFO neutron.db.ovn_revision_numbers_db [None req-214f8343-10de-4315-a00b-6593b06f1e41 1e2363dc975446b5832c67b7decc4f26 8659707b35584c1c854b5ccb7f5bd7a6 - - default default] Successfully bumped revision number for resource d6d3fac4-824f-4e51-8527-5a2ccf6ad75d (type: networks) to 1
2026-06-02 22:38:02.147 10 WARNING neutron.scheduler.dhcp_agent_scheduler [None req-214f8343-10de-4315-a00b-6593b06f1e41 1e2363dc975446b5832c67b7decc4f26 8659707b35584c1c854b5ccb7f5bd7a6 - - default default] No more DHCP agents
2026-06-02 22:38:02.150 10 WARNING neutron.api.rpc.agentnotifiers.dhcp_rpc_agent_api [None req-214f8343-10de-4315-a00b-6593b06f1e41 1e2363dc975446b5832c67b7decc4f26 8659707b35584c1c854b5ccb7f5bd7a6 - - default default] Unable to schedule network d6d3fac4-824f-4e51-8527-5a2ccf6ad75d: no agents available; will retry on subsequent port and subnet creation events.
2026-06-02 22:38:02.161 10 WARNING neutron_lib.context [None req-392af921-e5a9-41a6-afe1-c72465412bd8 34e0ab685dad469581dab57648daa6fc 9d3538ecc91845d3905ee0cb9a3ea5a0 - - default default] Method 'is_advsvc' is deprecated since 2023.2 release (neutron-lib 3.8.0) and will be removed once support for the old RBAC API policies will be removed from Neutron. Please use method 'is_service_role' instead.
2026-06-02 22:38:02.180 9 INFO neutron.api.wsgi [None req-a107b8cd-a57e-4ba6-87a1-005423078ace 391d063ad46b40e2884ca3c26026507f d3edc8b1282d47fdb2c5c2571b867c79 - - default default] 10.0.0.127 "DELETE /v2.0/ports/baf43324-63a0-41e4-a5eb-0e3c35787695 HTTP/1.1" status: 204 len: 168 time: 0.2306218
2026-06-02 22:38:02.257 10 INFO neutron.db.ovn_revision_numbers_db [None req-214f8343-10de-4315-a00b-6593b06f1e41 1e2363dc975446b5832c67b7decc4f26 8659707b35584c1c854b5ccb7f5bd7a6 - - default default] Successfully bumped revision number for resource a0b4e0e3-993b-42cb-84a1-07a62ad41c75 (type: ports) to 1
2026-06-02 22:38:02.285 10 INFO neutron.api.wsgi [None req-214f8343-10de-4315-a00b-6593b06f1e41 1e2363dc975446b5832c67b7decc4f26 8659707b35584c1c854b5ccb7f5bd7a6 - - default default] 10.0.0.127 "POST /v2.0/networks HTTP/1.1" status: 201 len: 837 time: 0.5148683
2026-06-02 22:38:02.295 10 WARNING neutron_lib.context [None req-7a127114-caa5-443d-b5ec-e0a414a5cb3c 1e2363dc975446b5832c67b7decc4f26 8659707b35584c1c854b5ccb7f5bd7a6 - - default default] Method 'is_advsvc' is deprecated since 2023.2 release (neutron-lib 3.8.0) and will be removed once support for the old RBAC API policies will be removed from Neutron. Please use method 'is_service_role' instead.
2026-06-02 22:38:02.327 10 INFO neutron.db.ovn_revision_numbers_db [None req-392af921-e5a9-41a6-afe1-c72465412bd8 34e0ab685dad469581dab57648daa6fc 9d3538ecc91845d3905ee0cb9a3ea5a0 - - default default] Successfully bumped revision number for resource 725e6db3-1a3f-4df3-bb7f-61a6160b79a9 (type: security_groups) to 1
2026-06-02 22:38:02.338 10 INFO neutron.db.ovn_revision_numbers_db [None req-392af921-e5a9-41a6-afe1-c72465412bd8 34e0ab685dad469581dab57648daa6fc 9d3538ecc91845d3905ee0cb9a3ea5a0 - - default default] Successfully bumped revision number for resource 5b28a3b9-fa3f-4c7a-908e-070eb3775ebd (type: security_group_rules) to 0
2026-06-02 22:38:02.352 10 INFO neutron.db.ovn_revision_numbers_db [None req-392af921-e5a9-41a6-afe1-c72465412bd8 34e0ab685dad469581dab57648daa6fc 9d3538ecc91845d3905ee0cb9a3ea5a0 - - default default] Successfully bumped revision number for resource a7d173af-ab17-41a1-aef0-7361ead45155 (type: security_group_rules) to 0
2026-06-02 22:38:02.366 10 INFO neutron.db.ovn_revision_numbers_db [None req-392af921-e5a9-41a6-afe1-c72465412bd8 34e0ab685dad469581dab57648daa6fc 9d3538ecc91845d3905ee0cb9a3ea5a0 - - default default] Successfully bumped revision number for resource d8393028-4319-4c8f-814d-4151f6baec58 (type: security_group_rules) to 0
2026-06-02 22:38:02.381 10 INFO neutron.db.ovn_revision_numbers_db [None req-392af921-e5a9-41a6-afe1-c72465412bd8 34e0ab685dad469581dab57648daa6fc 9d3538ecc91845d3905ee0cb9a3ea5a0 - - default default] Successfully bumped revision number for resource da06722a-8857-4fa2-aee3-7914c2386ea3 (type: security_group_rules) to 0
2026-06-02 22:38:02.411 9 INFO neutron.api.wsgi [None req-a73a6496-ebe1-4811-9421-a221bb6a08e4 391d063ad46b40e2884ca3c26026507f d3edc8b1282d47fdb2c5c2571b867c79 - - default default] 10.0.0.127 "DELETE /v2.0/ports/9ff5f710-664a-4197-bced-b30eb3a146cb HTTP/1.1" status: 204 len: 168 time: 0.2242258
2026-06-02 22:38:02.449 10 INFO neutron.db.segments_db [None req-392af921-e5a9-41a6-afe1-c72465412bd8 34e0ab685dad469581dab57648daa6fc 9d3538ecc91845d3905ee0cb9a3ea5a0 - - default default] Added segment a44627fe-28bb-48dc-94ba-0759b5e089a0 of type geneve for network 43fcdcd4-6123-4ba2-96a3-7d80f8567015
2026-06-02 22:38:02.501 10 WARNING neutron.scheduler.dhcp_agent_scheduler [None req-7a127114-caa5-443d-b5ec-e0a414a5cb3c 1e2363dc975446b5832c67b7decc4f26 8659707b35584c1c854b5ccb7f5bd7a6 - - default default] No more DHCP agents
2026-06-02 22:38:02.503 10 WARNING neutron.api.rpc.agentnotifiers.dhcp_rpc_agent_api [None req-7a127114-caa5-443d-b5ec-e0a414a5cb3c 1e2363dc975446b5832c67b7decc4f26 8659707b35584c1c854b5ccb7f5bd7a6 - - default default] Unable to schedule network d6d3fac4-824f-4e51-8527-5a2ccf6ad75d: no agents available; will retry on subsequent port and subnet creation events.
2026-06-02 22:38:02.613 10 INFO neutron.db.ovn_revision_numbers_db [None req-392af921-e5a9-41a6-afe1-c72465412bd8 34e0ab685dad469581dab57648daa6fc 9d3538ecc91845d3905ee0cb9a3ea5a0 - - default default] Successfully bumped revision number for resource 43fcdcd4-6123-4ba2-96a3-7d80f8567015 (type: networks) to 1
2026-06-02 22:38:02.645 9 INFO neutron.api.wsgi [-] 10.0.0.11 "GET / HTTP/1.1" status: 200 len: 246 time: 0.0025914
2026-06-02 22:38:02.648 9 INFO neutron.api.wsgi [-] 10.0.0.11 "GET / HTTP/1.1" status: 200 len: 246 time: 0.0019882
2026-06-02 22:38:02.738 10 INFO neutron.api.wsgi [None req-fb997456-2ea2-44b0-8058-bc5b2dbceb90 391d063ad46b40e2884ca3c26026507f d3edc8b1282d47fdb2c5c2571b867c79 - - default default] 10.0.0.127 "DELETE /v2.0/ports/54ce9e3f-21e8-479c-8ebd-94d6340b3ddf HTTP/1.1" status: 204 len: 168 time: 0.3174407
2026-06-02 22:38:02.812 10 WARNING neutron.scheduler.dhcp_agent_scheduler [None req-392af921-e5a9-41a6-afe1-c72465412bd8 34e0ab685dad469581dab57648daa6fc 9d3538ecc91845d3905ee0cb9a3ea5a0 - - default default] No more DHCP agents
2026-06-02 22:38:02.815 10 WARNING neutron.api.rpc.agentnotifiers.dhcp_rpc_agent_api [None req-392af921-e5a9-41a6-afe1-c72465412bd8 34e0ab685dad469581dab57648daa6fc 9d3538ecc91845d3905ee0cb9a3ea5a0 - - default default] Unable to schedule network 43fcdcd4-6123-4ba2-96a3-7d80f8567015: no agents available; will retry on subsequent port and subnet creation events.
2026-06-02 22:38:02.877 10 INFO neutron.db.ovn_revision_numbers_db [None req-392af921-e5a9-41a6-afe1-c72465412bd8 34e0ab685dad469581dab57648daa6fc 9d3538ecc91845d3905ee0cb9a3ea5a0 - - default default] Successfully bumped revision number for resource e479e069-3bf0-4e96-bcc7-39fd310175ae (type: ports) to 1
2026-06-02 22:38:02.897 10 INFO neutron.api.wsgi [None req-392af921-e5a9-41a6-afe1-c72465412bd8 34e0ab685dad469581dab57648daa6fc 9d3538ecc91845d3905ee0cb9a3ea5a0 - - default default] 10.0.0.127 "POST /v2.0/networks HTTP/1.1" status: 201 len: 847 time: 0.8410490
2026-06-02 22:38:02.907 9 WARNING neutron_lib.context [None req-eae77e8a-59e5-4a5c-81d7-9333d9daa800 34e0ab685dad469581dab57648daa6fc 9d3538ecc91845d3905ee0cb9a3ea5a0 - - default default] Method 'is_advsvc' is deprecated since 2023.2 release (neutron-lib 3.8.0) and will be removed once support for the old RBAC API policies will be removed from Neutron. Please use method 'is_service_role' instead.
2026-06-02 22:38:02.976 10 INFO neutron.db.ovn_revision_numbers_db [None req-2fd7a722-9954-481f-9dd2-724307d60809 - - - - - -] Successfully bumped revision number for resource a0b4e0e3-993b-42cb-84a1-07a62ad41c75 (type: ports) to 2
2026-06-02 22:38:03.003 10 INFO neutron.db.ovn_revision_numbers_db [None req-2fd7a722-9954-481f-9dd2-724307d60809 - - - - - -] Successfully bumped revision number for resource c162033c-95b1-4d45-981d-615caa76f49e (type: subnets) to 0
2026-06-02 22:38:03.019 10 INFO neutron.api.wsgi [None req-7a127114-caa5-443d-b5ec-e0a414a5cb3c 1e2363dc975446b5832c67b7decc4f26 8659707b35584c1c854b5ccb7f5bd7a6 - - default default] 10.0.0.127 "POST /v2.0/subnets HTTP/1.1" status: 201 len: 854 time: 0.7288191
2026-06-02 22:38:03.029 10 WARNING neutron_lib.context [None req-b6a5e827-080f-4e99-84aa-b37dae49e6b0 1e2363dc975446b5832c67b7decc4f26 8659707b35584c1c854b5ccb7f5bd7a6 - - default default] Method 'is_advsvc' is deprecated since 2023.2 release (neutron-lib 3.8.0) and will be removed once support for the old RBAC API policies will be removed from Neutron. Please use method 'is_service_role' instead.
2026-06-02 22:38:03.043 9 INFO neutron.services.segments.plugin [-] Segment ae275d9b-fd78-4837-a900-3f9d3c3d570c resource provider aggregate not found
2026-06-02 22:38:03.046 9 INFO neutron.services.segments.plugin [-] Segment ae275d9b-fd78-4837-a900-3f9d3c3d570c resource provider aggregate not found
2026-06-02 22:38:03.058 9 INFO neutron.services.segments.plugin [-] Segment ae275d9b-fd78-4837-a900-3f9d3c3d570c resource provider not found; error: Placement Client Error (4xx): {"errors": [{"status": 404, "title": "Not Found", "detail": "The resource could not be found.\n\n No resource provider with uuid ae275d9b-fd78-4837-a900-3f9d3c3d570c found for delete ", "request_id": "req-a20c9d80-47ee-490e-a79a-4d915606b31b"}]}
2026-06-02 22:38:03.060 9 INFO neutron.services.segments.plugin [-] Segment ae275d9b-fd78-4837-a900-3f9d3c3d570c resource provider not found; error: Placement Client Error (4xx): {"errors": [{"status": 404, "title": "Not Found", "detail": "The resource could not be found.\n\n No resource provider with uuid ae275d9b-fd78-4837-a900-3f9d3c3d570c found for delete ", "request_id": "req-2f71a5f7-e01a-496c-94f4-c604ca3aa3d1"}]}
2026-06-02 22:38:03.088 9 INFO neutron.api.wsgi [None req-ee1353f8-1f87-421d-a88a-18b52f13bfa5 391d063ad46b40e2884ca3c26026507f d3edc8b1282d47fdb2c5c2571b867c79 - - default default] 10.0.0.127 "DELETE /v2.0/networks/8fe86f8c-7930-49bd-b9dd-fed6c0de1114 HTTP/1.1" status: 204 len: 168 time: 0.3430216
2026-06-02 22:38:03.153 9 WARNING neutron.scheduler.dhcp_agent_scheduler [None req-eae77e8a-59e5-4a5c-81d7-9333d9daa800 34e0ab685dad469581dab57648daa6fc 9d3538ecc91845d3905ee0cb9a3ea5a0 - - default default] No more DHCP agents
2026-06-02 22:38:03.154 9 WARNING neutron.api.rpc.agentnotifiers.dhcp_rpc_agent_api [None req-eae77e8a-59e5-4a5c-81d7-9333d9daa800 34e0ab685dad469581dab57648daa6fc 9d3538ecc91845d3905ee0cb9a3ea5a0 - - default default] Unable to schedule network 43fcdcd4-6123-4ba2-96a3-7d80f8567015: no agents available; will retry on subsequent port and subnet creation events.
2026-06-02 22:38:03.212 10 WARNING neutron.scheduler.dhcp_agent_scheduler [None req-b6a5e827-080f-4e99-84aa-b37dae49e6b0 1e2363dc975446b5832c67b7decc4f26 8659707b35584c1c854b5ccb7f5bd7a6 - - default default] No more DHCP agents
2026-06-02 22:38:03.213 10 WARNING neutron.api.rpc.agentnotifiers.dhcp_rpc_agent_api [None req-b6a5e827-080f-4e99-84aa-b37dae49e6b0 1e2363dc975446b5832c67b7decc4f26 8659707b35584c1c854b5ccb7f5bd7a6 - - default default] Unable to schedule network d6d3fac4-824f-4e51-8527-5a2ccf6ad75d: no agents available; will retry on subsequent port and subnet creation events.
2026-06-02 22:38:03.218 9 INFO neutron.db.ovn_revision_numbers_db [None req-eae77e8a-59e5-4a5c-81d7-9333d9daa800 34e0ab685dad469581dab57648daa6fc 9d3538ecc91845d3905ee0cb9a3ea5a0 - - default default] Successfully bumped revision number for resource bd450843-3b02-4a80-a89d-145ad4a902e6 (type: ports) to 1
2026-06-02 22:38:03.237 10 INFO neutron.db.ovn_revision_numbers_db [None req-b6a5e827-080f-4e99-84aa-b37dae49e6b0 1e2363dc975446b5832c67b7decc4f26 8659707b35584c1c854b5ccb7f5bd7a6 - - default default] Successfully bumped revision number for resource 7a1886b9-739a-4804-abeb-d8aec6a5095b (type: subnets) to 0
2026-06-02 22:38:03.243 9 INFO neutron.api.wsgi [None req-eae77e8a-59e5-4a5c-81d7-9333d9daa800 34e0ab685dad469581dab57648daa6fc 9d3538ecc91845d3905ee0cb9a3ea5a0 - - default default] 10.0.0.127 "POST /v2.0/ports HTTP/1.1" status: 201 len: 978 time: 0.3394086
2026-06-02 22:38:03.251 10 INFO neutron.api.wsgi [None req-b6a5e827-080f-4e99-84aa-b37dae49e6b0 1e2363dc975446b5832c67b7decc4f26 8659707b35584c1c854b5ccb7f5bd7a6 - - default default] 10.0.0.127 "POST /v2.0/subnets HTTP/1.1" status: 201 len: 923 time: 0.2258420
2026-06-02 22:38:03.255 10 WARNING neutron_lib.context [None req-d4dba089-da31-4a61-a8af-193486996192 34e0ab685dad469581dab57648daa6fc 9d3538ecc91845d3905ee0cb9a3ea5a0 - - default default] Method 'is_advsvc' is deprecated since 2023.2 release (neutron-lib 3.8.0) and will be removed once support for the old RBAC API policies will be removed from Neutron. Please use method 'is_service_role' instead. /var/lib/openstack/lib/python3.12/site-packages/pycadf/identifier.py:71: UserWarning: Invalid uuid: neutron. To ensure interoperability, identifiers should be a valid uuid. warnings.warn(('Invalid uuid: %s. To ensure interoperability, '
2026-06-02 22:38:03.260 9 WARNING neutron_lib.context [None req-caf2a8cd-2c06-4364-9037-f7a7486328c6 1e2363dc975446b5832c67b7decc4f26 8659707b35584c1c854b5ccb7f5bd7a6 - - default default] Method 'is_advsvc' is deprecated since 2023.2 release (neutron-lib 3.8.0) and will be removed once support for the old RBAC API policies will be removed from Neutron. Please use method 'is_service_role' instead.
2026-06-02 22:38:03.329 10 INFO neutron.db.segments_db [None req-d4dba089-da31-4a61-a8af-193486996192 34e0ab685dad469581dab57648daa6fc 9d3538ecc91845d3905ee0cb9a3ea5a0 - - default default] Added segment 90b70f69-93fa-486e-9f77-7536c0df9962 of type geneve for network b8bcac1a-c398-4580-86e0-8b76be138fb0
2026-06-02 22:38:03.342 9 INFO neutron.db.segments_db [None req-caf2a8cd-2c06-4364-9037-f7a7486328c6 1e2363dc975446b5832c67b7decc4f26 8659707b35584c1c854b5ccb7f5bd7a6 - - default default] Added segment f6e3b234-7fde-4be5-9453-d86538a4f775 of type geneve for network 3c229d5c-f08b-4501-b12c-45182cb3313e
2026-06-02 22:38:03.417 9 INFO neutron.api.wsgi [None req-fc17d217-726e-49e5-aabb-16e8b2e137ec 391d063ad46b40e2884ca3c26026507f d3edc8b1282d47fdb2c5c2571b867c79 - - default default] 10.0.0.127 "DELETE /v2.0/networks/ad913282-89ee-4832-8991-935fea7a0866 HTTP/1.1" status: 204 len: 168 time: 0.3235006
2026-06-02 22:38:03.445 10 INFO neutron.db.ovn_revision_numbers_db [None req-d4dba089-da31-4a61-a8af-193486996192 34e0ab685dad469581dab57648daa6fc 9d3538ecc91845d3905ee0cb9a3ea5a0 - - default default] Successfully bumped revision number for resource b8bcac1a-c398-4580-86e0-8b76be138fb0 (type: networks) to 1
