2026-06-02 22:35:19.066 9 INFO neutron.db.ovn_revision_numbers_db [None req-80f4af5c-b5e8-4cc6-8c0b-51da6b872c12 ef9431564eb743c9882dee4928ccf684 a39275425c5d4935bd47dbb81ee2a16c - - default default] Successfully bumped revision number for resource 436b3f5e-85aa-42da-8610-f5a09f6e5e7c (type: security_groups) to 1
2026-06-02 22:35:19.078 9 INFO neutron.db.ovn_revision_numbers_db [None req-80f4af5c-b5e8-4cc6-8c0b-51da6b872c12 ef9431564eb743c9882dee4928ccf684 a39275425c5d4935bd47dbb81ee2a16c - - default default] Successfully bumped revision number for resource 4a8bcc95-d447-4540-8a22-381db6ec4794 (type: security_group_rules) to 0
2026-06-02 22:35:19.091 9 INFO neutron.db.ovn_revision_numbers_db [None req-80f4af5c-b5e8-4cc6-8c0b-51da6b872c12 ef9431564eb743c9882dee4928ccf684 a39275425c5d4935bd47dbb81ee2a16c - - default default] Successfully bumped revision number for resource 4c233821-5195-467f-be54-41f012a2781e (type: security_group_rules) to 0
2026-06-02 22:35:19.103 9 INFO neutron.db.ovn_revision_numbers_db [None req-80f4af5c-b5e8-4cc6-8c0b-51da6b872c12 ef9431564eb743c9882dee4928ccf684 a39275425c5d4935bd47dbb81ee2a16c - - default default] Successfully bumped revision number for resource 8d0d30f4-7efd-482d-93e1-49e42aa4cdff (type: security_group_rules) to 0
2026-06-02 22:35:19.119 9 INFO neutron.db.ovn_revision_numbers_db [None req-80f4af5c-b5e8-4cc6-8c0b-51da6b872c12 ef9431564eb743c9882dee4928ccf684 a39275425c5d4935bd47dbb81ee2a16c - - default default] Successfully bumped revision number for resource f205a80f-8b89-43e3-83be-97cb627664eb (type: security_group_rules) to 0
2026-06-02 22:35:19.131 10 INFO neutron.notifiers.nova [-] Nova event matching ['req-c062778e-4b58-4662-bfdc-e195e26e6425'] response: {'server_uuid': '19f035bc-ee07-4b27-b3f3-909e06d9fb06', 'name': 'network-vif-deleted', 'tag': 'f0d68105-6629-4086-907f-87c4461cc3cd', 'status': 'completed', 'code': 200}
2026-06-02 22:35:19.152 9 INFO neutron.api.wsgi [None req-80f4af5c-b5e8-4cc6-8c0b-51da6b872c12 ef9431564eb743c9882dee4928ccf684 a39275425c5d4935bd47dbb81ee2a16c - - default default] 10.0.0.127 "GET /v2.0/security-groups?tenant_id=e15200b099284d17bb9f6a020995de4f&name=default HTTP/1.1" status: 200 len: 3120 time: 0.1944349
2026-06-02 22:35:19.313 10 INFO neutron.api.wsgi [req-28021fcc-910b-4cc6-bc08-b5902f43442a req-643f9a15-a550-48ce-9ec7-b338d9a923db 36215caa9c3448d5aad95c4aa9c654d2 d5f418c27ddc4de2ad4be2e6b3e5628b - - default default] 10.0.0.112 "GET /v2.0/ports?device_id=f4ccee14-b6a5-4cc8-9b81-3dcd035198ef HTTP/1.1" status: 200 len: 1168 time: 0.0884774
2026-06-02 22:35:19.336 9 INFO neutron.api.wsgi [None req-9404d76d-608b-4452-afa4-011dfb387106 ef9431564eb743c9882dee4928ccf684 a39275425c5d4935bd47dbb81ee2a16c - - default default] 10.0.0.127 "DELETE /v2.0/security-groups/436b3f5e-85aa-42da-8610-f5a09f6e5e7c HTTP/1.1" status: 204 len: 168 time: 0.1774116
2026-06-02 22:35:19.366 10 INFO neutron.api.wsgi [req-28021fcc-910b-4cc6-bc08-b5902f43442a req-f0648b15-35ba-4a13-bcfe-ad09459a4300 36215caa9c3448d5aad95c4aa9c654d2 d5f418c27ddc4de2ad4be2e6b3e5628b - - default default] 10.0.0.112 "GET /v2.0/security-groups?id=35de0944-0041-4b08-9e98-156f6d042feb&fields=id&fields=name HTTP/1.1" status: 200 len: 312 time: 0.0461936
2026-06-02 22:35:19.592 9 INFO neutron.api.wsgi [req-8f6173ba-70ad-4363-b8d9-e1b5b707540d req-b42f31eb-7475-4160-9827-5529d89cd206 86522596c94245479eef5d0926326a20 1792dd84f79b4d8293e2c1f6eea1db25 - - 4c9fd5d11ba8420cb8bdb12be613f9dd 4c9fd5d11ba8420cb8bdb12be613f9dd] 199.204.45.210 "GET /v2.0/ports?tenant_id=d5f418c27ddc4de2ad4be2e6b3e5628b&device_id=f4ccee14-b6a5-4cc8-9b81-3dcd035198ef HTTP/1.1" status: 200 len: 1407 time: 0.0323632
2026-06-02 22:35:19.612 9 INFO neutron.api.wsgi [req-8f6173ba-70ad-4363-b8d9-e1b5b707540d req-e88aa413-b051-4a24-bfc6-028c73d917e7 86522596c94245479eef5d0926326a20 1792dd84f79b4d8293e2c1f6eea1db25 - - 4c9fd5d11ba8420cb8bdb12be613f9dd 4c9fd5d11ba8420cb8bdb12be613f9dd] 199.204.45.210 "GET /v2.0/floatingips?fixed_ip_address=10.100.0.3&port_id=6da14b3d-eb95-458d-8336-720b110f8482 HTTP/1.1" status: 200 len: 217 time: 0.0129757
2026-06-02 22:35:19.639 9 INFO neutron.api.wsgi [req-8f6173ba-70ad-4363-b8d9-e1b5b707540d req-bb01652f-c5fc-4dcb-aa53-11ecccd42d96 86522596c94245479eef5d0926326a20 1792dd84f79b4d8293e2c1f6eea1db25 - - 4c9fd5d11ba8420cb8bdb12be613f9dd 4c9fd5d11ba8420cb8bdb12be613f9dd] 199.204.45.210 "GET /v2.0/subnets?id=8c496f99-e36a-4afa-9229-6a8ef2cbcfb6 HTTP/1.1" status: 200 len: 897 time: 0.0222650
2026-06-02 22:35:19.658 9 INFO neutron.api.wsgi [req-8f6173ba-70ad-4363-b8d9-e1b5b707540d req-34c94684-67d6-41ca-9f9d-271dbb14f40a 86522596c94245479eef5d0926326a20 1792dd84f79b4d8293e2c1f6eea1db25 - - 4c9fd5d11ba8420cb8bdb12be613f9dd 4c9fd5d11ba8420cb8bdb12be613f9dd] 199.204.45.210 "GET /v2.0/ports?network_id=fd026511-222d-440c-8675-cdb80d0c566f&device_owner=network%3Adhcp HTTP/1.1" status: 200 len: 210 time: 0.0137398
2026-06-02 22:35:19.697 9 INFO neutron.api.wsgi [req-8f6173ba-70ad-4363-b8d9-e1b5b707540d req-e76b6e5c-06fd-486f-ae92-24f028c492c9 86522596c94245479eef5d0926326a20 1792dd84f79b4d8293e2c1f6eea1db25 - - 4c9fd5d11ba8420cb8bdb12be613f9dd 4c9fd5d11ba8420cb8bdb12be613f9dd] 199.204.45.210 "GET /v2.0/networks/fd026511-222d-440c-8675-cdb80d0c566f?fields=segments HTTP/1.1" status: 200 len: 212 time: 0.0321116
2026-06-02 22:35:19.742 9 INFO neutron.api.wsgi [req-8f6173ba-70ad-4363-b8d9-e1b5b707540d req-dac9b140-b2f3-49f8-a00d-caf835eecc76 86522596c94245479eef5d0926326a20 1792dd84f79b4d8293e2c1f6eea1db25 - - 4c9fd5d11ba8420cb8bdb12be613f9dd 4c9fd5d11ba8420cb8bdb12be613f9dd] 199.204.45.210 "GET /v2.0/networks/fd026511-222d-440c-8675-cdb80d0c566f?fields=provider%3Aphysical_network&fields=provider%3Anetwork_type HTTP/1.1" status: 200 len: 277 time: 0.0395610
2026-06-02 22:35:20.089 9 INFO neutron.api.wsgi [req-30a8fd76-2049-475e-9715-e8b541f2ac8a req-2b5eec34-3486-4641-8778-08e0c2f29233 76ba5566752a4297b8ff5b5258cdc992 7a5d2777d9d841979bf3d897661ca31b - - default default] 10.0.0.112 "GET /v2.0/ports?device_id=19f035bc-ee07-4b27-b3f3-909e06d9fb06 HTTP/1.1" status: 200 len: 210 time: 0.0187414
2026-06-02 22:35:20.478 10 INFO neutron.api.wsgi [req-0db2102a-e49d-4d8c-9c07-f4675b282617 req-237e6968-af70-4906-947d-e35416251c54 36215caa9c3448d5aad95c4aa9c654d2 d5f418c27ddc4de2ad4be2e6b3e5628b - - default default] 10.0.0.112 "GET /v2.0/ports?device_id=f4ccee14-b6a5-4cc8-9b81-3dcd035198ef HTTP/1.1" status: 200 len: 1168 time: 0.0309882
2026-06-02 22:35:20.519 10 INFO neutron.api.wsgi [req-0db2102a-e49d-4d8c-9c07-f4675b282617 req-00355e09-c992-4b76-b95f-db1a219b2b38 36215caa9c3448d5aad95c4aa9c654d2 d5f418c27ddc4de2ad4be2e6b3e5628b - - default default] 10.0.0.112 "GET /v2.0/security-groups?id=35de0944-0041-4b08-9e98-156f6d042feb&fields=id&fields=name HTTP/1.1" status: 200 len: 312 time: 0.0349596
2026-06-02 22:35:21.309 9 INFO neutron.api.wsgi [None req-fd997649-bc2d-457e-b09f-19efc9e6ddfe 76ba5566752a4297b8ff5b5258cdc992 7a5d2777d9d841979bf3d897661ca31b - - default default] 10.0.0.127 "DELETE /v2.0/security-groups/adcf19b1-cfd2-4855-bbe2-0279c7b84a8f HTTP/1.1" status: 204 len: 168 time: 0.1358013
2026-06-02 22:35:21.321 9 INFO neutron.api.v2.resource [None req-4665cda5-180d-4f16-97d3-36b76950d39c 76ba5566752a4297b8ff5b5258cdc992 7a5d2777d9d841979bf3d897661ca31b - - default default] show failed (client error): The resource could not be found.
2026-06-02 22:35:21.322 9 INFO neutron.api.wsgi [None req-4665cda5-180d-4f16-97d3-36b76950d39c 76ba5566752a4297b8ff5b5258cdc992 7a5d2777d9d841979bf3d897661ca31b - - default default] 10.0.0.127 "GET /v2.0/security-groups/adcf19b1-cfd2-4855-bbe2-0279c7b84a8f HTTP/1.1" status: 404 len: 347 time: 0.0080678
2026-06-02 22:35:21.627 10 INFO neutron.api.wsgi [None req-95dca0b2-4b53-4742-8081-2421f4c1a708 76ba5566752a4297b8ff5b5258cdc992 7a5d2777d9d841979bf3d897661ca31b - - default default] 10.0.0.127 "DELETE /v2.0/floatingips/03c95283-a083-4ed6-a77b-4a4b23f2d7ce HTTP/1.1" status: 204 len: 168 time: 0.2994020
2026-06-02 22:35:21.637 9 INFO neutron.api.wsgi [req-bd36ac3f-c688-4ebf-83ac-0eedbeb94667 req-205f7a1c-19bf-4e62-a51c-c99a3ddff004 36215caa9c3448d5aad95c4aa9c654d2 d5f418c27ddc4de2ad4be2e6b3e5628b - - default default] 10.0.0.112 "GET /v2.0/ports?device_id=f4ccee14-b6a5-4cc8-9b81-3dcd035198ef HTTP/1.1" status: 200 len: 1168 time: 0.0628424
2026-06-02 22:35:21.670 9 INFO neutron.api.wsgi [req-bd36ac3f-c688-4ebf-83ac-0eedbeb94667 req-cefc9199-3798-4f82-b871-b4fb45365546 36215caa9c3448d5aad95c4aa9c654d2 d5f418c27ddc4de2ad4be2e6b3e5628b - - default default] 10.0.0.112 "GET /v2.0/security-groups?id=35de0944-0041-4b08-9e98-156f6d042feb&fields=id&fields=name HTTP/1.1" status: 200 len: 312 time: 0.0274282
2026-06-02 22:35:22.654 10 INFO neutron.api.wsgi [None req-6747589c-d283-49bf-8608-6b73ae1cb4a5 ef9431564eb743c9882dee4928ccf684 a39275425c5d4935bd47dbb81ee2a16c - - default default] 10.0.0.127 "PUT /v2.0/routers/21f70460-a19b-4f51-bc27-cfc7dd03613e/remove_router_interface HTTP/1.1" status: 200 len: 503 time: 1.0210400 /var/lib/openstack/lib/python3.12/site-packages/pycadf/identifier.py:71: UserWarning: Invalid uuid: neutron. To ensure interoperability, identifiers should be a valid uuid. warnings.warn(('Invalid uuid: %s. To ensure interoperability, '
2026-06-02 22:35:22.780 10 INFO neutron.api.wsgi [req-865e3e1c-b793-4d85-af11-3af8a3d00392 req-bc77c97b-8aa7-4ee2-bbff-568115377e7b 36215caa9c3448d5aad95c4aa9c654d2 d5f418c27ddc4de2ad4be2e6b3e5628b - - default default] 10.0.0.112 "GET /v2.0/ports?device_id=f4ccee14-b6a5-4cc8-9b81-3dcd035198ef HTTP/1.1" status: 200 len: 1168 time: 0.0394442
2026-06-02 22:35:22.811 10 INFO neutron.api.wsgi [req-865e3e1c-b793-4d85-af11-3af8a3d00392 req-01e80c31-0ded-4d9b-8a41-13f42b9814c7 36215caa9c3448d5aad95c4aa9c654d2 d5f418c27ddc4de2ad4be2e6b3e5628b - - default default] 10.0.0.112 "GET /v2.0/security-groups?id=35de0944-0041-4b08-9e98-156f6d042feb&fields=id&fields=name HTTP/1.1" status: 200 len: 312 time: 0.0281270
2026-06-02 22:35:23.283 10 INFO neutron.api.wsgi [req-c7a929b6-c07c-4b61-aafd-933ffc94e1ae req-cd397ce0-901a-441d-85fb-ddf4a376937b 86522596c94245479eef5d0926326a20 1792dd84f79b4d8293e2c1f6eea1db25 - - 4c9fd5d11ba8420cb8bdb12be613f9dd 4c9fd5d11ba8420cb8bdb12be613f9dd] 10.0.0.153 "GET /v2.0/ports?device_id=67a3aa57-5586-432f-9cfc-1936d2c66d53 HTTP/1.1" status: 200 len: 1413 time: 0.2004654
2026-06-02 22:35:23.334 10 INFO neutron.api.wsgi [req-c7a929b6-c07c-4b61-aafd-933ffc94e1ae req-4064ee65-0673-4ea3-af7a-6ebb8af8e512 86522596c94245479eef5d0926326a20 1792dd84f79b4d8293e2c1f6eea1db25 - - 4c9fd5d11ba8420cb8bdb12be613f9dd 4c9fd5d11ba8420cb8bdb12be613f9dd] 10.0.0.153 "GET /v2.0/security-groups?id=3aeed677-37d8-4495-9e84-f0a3ca5040f9&fields=id&fields=name HTTP/1.1" status: 200 len: 313 time: 0.0453954
2026-06-02 22:35:23.417 9 INFO neutron.api.wsgi [None req-5546dfb0-e057-469c-a3f4-860c253f5b05 ef9431564eb743c9882dee4928ccf684 a39275425c5d4935bd47dbb81ee2a16c - - default default] 10.0.0.127 "DELETE /v2.0/routers/21f70460-a19b-4f51-bc27-cfc7dd03613e HTTP/1.1" status: 204 len: 168 time: 0.7546649
2026-06-02 22:35:23.548 9 INFO neutron.api.wsgi [None req-99bb3430-64f2-49ee-b187-90847467fa93 ef9431564eb743c9882dee4928ccf684 a39275425c5d4935bd47dbb81ee2a16c - - default default] 10.0.0.127 "DELETE /v2.0/subnets/41eb045b-6031-4107-bd44-d8e20daa6fd0 HTTP/1.1" status: 204 len: 168 time: 0.1253202
2026-06-02 22:35:23.811 9 INFO neutron.services.segments.plugin [-] Segment 97613130-3f93-42db-99ac-a45d6b09cb4b resource provider aggregate not found
2026-06-02 22:35:23.817 9 INFO neutron.services.segments.plugin [-] Segment 97613130-3f93-42db-99ac-a45d6b09cb4b resource provider aggregate not found
2026-06-02 22:35:23.827 9 INFO neutron.services.segments.plugin [-] Segment 97613130-3f93-42db-99ac-a45d6b09cb4b resource provider not found; error: Placement Client Error (4xx): {"errors": [{"status": 404, "title": "Not Found", "detail": "The resource could not be found.\n\n No resource provider with uuid 97613130-3f93-42db-99ac-a45d6b09cb4b found for delete ", "request_id": "req-97647965-5ded-4944-afe5-f9f903b6bb5e"}]}
2026-06-02 22:35:23.831 9 INFO neutron.services.segments.plugin [-] Segment 97613130-3f93-42db-99ac-a45d6b09cb4b resource provider not found; error: Placement Client Error (4xx): {"errors": [{"status": 404, "title": "Not Found", "detail": "The resource could not be found.\n\n No resource provider with uuid 97613130-3f93-42db-99ac-a45d6b09cb4b found for delete ", "request_id": "req-3451e296-d2f0-430f-b134-36cb6ba48778"}]}
2026-06-02 22:35:23.842 9 INFO neutron.api.wsgi [None req-42382f05-7745-4597-bcf2-6b56a983de0e ef9431564eb743c9882dee4928ccf684 a39275425c5d4935bd47dbb81ee2a16c - - default default] 10.0.0.127 "DELETE /v2.0/networks/a2f36b50-f239-43a2-91e9-7e8dcd1211ae HTTP/1.1" status: 204 len: 168 time: 0.2900839
2026-06-02 22:35:23.910 9 INFO neutron.api.wsgi [req-59b2ee13-da76-4abc-bd52-783f9fd7d6ac req-2163bc1c-bc2e-43d1-b09a-e33060f302b9 36215caa9c3448d5aad95c4aa9c654d2 d5f418c27ddc4de2ad4be2e6b3e5628b - - default default] 10.0.0.112 "GET /v2.0/ports?device_id=f4ccee14-b6a5-4cc8-9b81-3dcd035198ef HTTP/1.1" status: 200 len: 1168 time: 0.0499713
2026-06-02 22:35:23.973 9 INFO neutron.api.wsgi [req-59b2ee13-da76-4abc-bd52-783f9fd7d6ac req-87665cdb-fa7d-4e7e-b5b7-c1dfcd437b35 36215caa9c3448d5aad95c4aa9c654d2 d5f418c27ddc4de2ad4be2e6b3e5628b - - default default] 10.0.0.112 "GET /v2.0/security-groups?id=35de0944-0041-4b08-9e98-156f6d042feb&fields=id&fields=name HTTP/1.1" status: 200 len: 312 time: 0.0578322
2026-06-02 22:35:24.074 10 INFO neutron.api.wsgi [None req-8642f41d-a30a-4fc5-b8cb-6957fcbe7755 ef9431564eb743c9882dee4928ccf684 a39275425c5d4935bd47dbb81ee2a16c - - default default] 10.0.0.127 "GET /v2.0/security-groups?tenant_id=7a5d2777d9d841979bf3d897661ca31b&name=default HTTP/1.1" status: 200 len: 3116 time: 0.0339420
2026-06-02 22:35:24.279 10 INFO neutron.api.wsgi [None req-9b27feeb-75cf-4bec-97b1-b2f63cc6a981 ef9431564eb743c9882dee4928ccf684 a39275425c5d4935bd47dbb81ee2a16c - - default default] 10.0.0.127 "DELETE /v2.0/security-groups/9f78dee1-51e9-404f-be47-6b9d64ea1b31 HTTP/1.1" status: 204 len: 168 time: 0.2003727
2026-06-02 22:35:25.117 10 INFO neutron.api.wsgi [req-0803c8dc-f1d8-4173-9580-6406832c5c8c req-f81fcb3b-82ee-4f5a-8816-96b5b0c15acb 36215caa9c3448d5aad95c4aa9c654d2 d5f418c27ddc4de2ad4be2e6b3e5628b - - default default] 10.0.0.112 "GET /v2.0/ports?device_id=f4ccee14-b6a5-4cc8-9b81-3dcd035198ef HTTP/1.1" status: 200 len: 1168 time: 0.0785284
2026-06-02 22:35:25.153 10 INFO neutron.api.wsgi [req-0803c8dc-f1d8-4173-9580-6406832c5c8c req-97735596-a80e-44c4-9555-641d309ed1f8 36215caa9c3448d5aad95c4aa9c654d2 d5f418c27ddc4de2ad4be2e6b3e5628b - - default default] 10.0.0.112 "GET /v2.0/security-groups?id=35de0944-0041-4b08-9e98-156f6d042feb&fields=id&fields=name HTTP/1.1" status: 200 len: 312 time: 0.0311356
2026-06-02 22:35:25.252 9 INFO neutron.plugins.ml2.drivers.ovn.mech_driver.mech_driver [None req-d890100c-d4c2-4998-9f3c-6ebff3645b85 - - - - - -] OVN reports status up for port: 6da14b3d-eb95-458d-8336-720b110f8482
2026-06-02 22:35:25.267 9 INFO neutron.plugins.ml2.plugin [None req-d890100c-d4c2-4998-9f3c-6ebff3645b85 - - - - - -] Attempt 1 to provision port 6da14b3d-eb95-458d-8336-720b110f8482
2026-06-02 22:35:25.415 9 INFO neutron.notifiers.nova [-] Nova event matching ['req-fb7b2556-ea0d-4119-aadb-9c1b1d01ba0d'] response: {'server_uuid': 'f4ccee14-b6a5-4cc8-9b81-3dcd035198ef', 'name': 'network-vif-plugged', 'status': 'completed', 'tag': '6da14b3d-eb95-458d-8336-720b110f8482', 'code': 200}
2026-06-02 22:35:25.417 10 INFO neutron.db.ovn_revision_numbers_db [None req-cd4d2b2d-ab85-4022-af63-7061165fcb86 ef9431564eb743c9882dee4928ccf684 a39275425c5d4935bd47dbb81ee2a16c - - default default] Successfully bumped revision number for resource 3dd9dbc4-4e06-4b2e-b08e-05055c68e750 (type: security_groups) to 1
2026-06-02 22:35:25.427 10 INFO neutron.db.ovn_revision_numbers_db [None req-cd4d2b2d-ab85-4022-af63-7061165fcb86 ef9431564eb743c9882dee4928ccf684 a39275425c5d4935bd47dbb81ee2a16c - - default default] Successfully bumped revision number for resource 453922c1-72ce-478d-ac95-9935bd8b5cfe (type: security_group_rules) to 0
2026-06-02 22:35:25.451 10 INFO neutron.db.ovn_revision_numbers_db [None req-cd4d2b2d-ab85-4022-af63-7061165fcb86 ef9431564eb743c9882dee4928ccf684 a39275425c5d4935bd47dbb81ee2a16c - - default default] Successfully bumped revision number for resource bf46d6a0-dd66-4f06-82cd-0958df5b2633 (type: security_group_rules) to 0
2026-06-02 22:35:25.466 10 INFO neutron.db.ovn_revision_numbers_db [None req-cd4d2b2d-ab85-4022-af63-7061165fcb86 ef9431564eb743c9882dee4928ccf684 a39275425c5d4935bd47dbb81ee2a16c - - default default] Successfully bumped revision number for resource dc686304-268b-466b-9828-e16fa2e83df7 (type: security_group_rules) to 0
2026-06-02 22:35:25.485 10 INFO neutron.db.ovn_revision_numbers_db [None req-cd4d2b2d-ab85-4022-af63-7061165fcb86 ef9431564eb743c9882dee4928ccf684 a39275425c5d4935bd47dbb81ee2a16c - - default default] Successfully bumped revision number for resource f7073cb1-1a9b-4081-9d79-dbc6d8047822 (type: security_group_rules) to 0
2026-06-02 22:35:25.498 9 INFO neutron.db.ovn_revision_numbers_db [None req-d890100c-d4c2-4998-9f3c-6ebff3645b85 - - - - - -] Successfully bumped revision number for resource 6da14b3d-eb95-458d-8336-720b110f8482 (type: ports) to 5
2026-06-02 22:35:25.528 10 INFO neutron.api.wsgi [None req-cd4d2b2d-ab85-4022-af63-7061165fcb86 ef9431564eb743c9882dee4928ccf684 a39275425c5d4935bd47dbb81ee2a16c - - default default] 10.0.0.127 "GET /v2.0/security-groups?tenant_id=65e73ab88b564f998ef3abbdcf1a09f2&name=default HTTP/1.1" status: 200 len: 3120 time: 0.4093719 /var/lib/openstack/lib/python3.12/site-packages/pycadf/identifier.py:71: UserWarning: Invalid uuid: neutron. To ensure interoperability, identifiers should be a valid uuid. warnings.warn(('Invalid uuid: %s. To ensure interoperability, '
2026-06-02 22:35:25.731 9 INFO neutron.api.wsgi [None req-4beb878d-7eb8-4359-ae93-d2a0983d7f03 ef9431564eb743c9882dee4928ccf684 a39275425c5d4935bd47dbb81ee2a16c - - default default] 10.0.0.127 "DELETE /v2.0/security-groups/3dd9dbc4-4e06-4b2e-b08e-05055c68e750 HTTP/1.1" status: 204 len: 168 time: 0.1963933
2026-06-02 22:35:25.961 9 INFO neutron.db.ovn_revision_numbers_db [None req-23d12cf0-471b-4a8a-ae49-586678341428 ef9431564eb743c9882dee4928ccf684 a39275425c5d4935bd47dbb81ee2a16c - - default default] Successfully bumped revision number for resource 232bcc9e-0050-401e-99fe-e8acbc1199e5 (type: security_groups) to 1
2026-06-02 22:35:25.974 9 INFO neutron.db.ovn_revision_numbers_db [None req-23d12cf0-471b-4a8a-ae49-586678341428 ef9431564eb743c9882dee4928ccf684 a39275425c5d4935bd47dbb81ee2a16c - - default default] Successfully bumped revision number for resource 1e81a932-ee98-4bcc-b66f-62266fb51799 (type: security_group_rules) to 0
2026-06-02 22:35:25.987 9 INFO neutron.db.ovn_revision_numbers_db [None req-23d12cf0-471b-4a8a-ae49-586678341428 ef9431564eb743c9882dee4928ccf684 a39275425c5d4935bd47dbb81ee2a16c - - default default] Successfully bumped revision number for resource 318d9710-f35c-4913-bbff-6dbe31c8c683 (type: security_group_rules) to 0
2026-06-02 22:35:26.001 9 INFO neutron.db.ovn_revision_numbers_db [None req-23d12cf0-471b-4a8a-ae49-586678341428 ef9431564eb743c9882dee4928ccf684 a39275425c5d4935bd47dbb81ee2a16c - - default default] Successfully bumped revision number for resource 92586882-435c-415e-9c23-7c5e01f1a854 (type: security_group_rules) to 0
2026-06-02 22:35:26.015 9 INFO neutron.db.ovn_revision_numbers_db [None req-23d12cf0-471b-4a8a-ae49-586678341428 ef9431564eb743c9882dee4928ccf684 a39275425c5d4935bd47dbb81ee2a16c - - default default] Successfully bumped revision number for resource ea77b245-d12d-4b2b-87ee-d3373f13ee6b (type: security_group_rules) to 0
2026-06-02 22:35:26.058 9 INFO neutron.api.wsgi [None req-23d12cf0-471b-4a8a-ae49-586678341428 ef9431564eb743c9882dee4928ccf684 a39275425c5d4935bd47dbb81ee2a16c - - default default] 10.0.0.127 "GET /v2.0/security-groups?tenant_id=e90a9c48240f410286790f5d7f5cffa9&name=default HTTP/1.1" status: 200 len: 3120 time: 0.1990876
2026-06-02 22:35:26.256 10 INFO neutron.api.wsgi [req-8a0de0fe-1958-49b0-969f-02cdaf3d9a5f req-1e0b1018-c681-44db-a7c3-c25756c0f9a7 36215caa9c3448d5aad95c4aa9c654d2 d5f418c27ddc4de2ad4be2e6b3e5628b - - default default] 10.0.0.112 "GET /v2.0/ports?device_id=f4ccee14-b6a5-4cc8-9b81-3dcd035198ef HTTP/1.1" status: 200 len: 1170 time: 0.0485654
2026-06-02 22:35:26.272 9 INFO neutron.db.ovn_revision_numbers_db [None req-4bc2500c-8a37-4e91-a0c8-6e82ebc82cfe ef9431564eb743c9882dee4928ccf684 a39275425c5d4935bd47dbb81ee2a16c - - default default] Successfully bumped revision number for resource 0d506512-1c01-45f0-8f29-7abd94f81f51 (type: security_groups) to 1
2026-06-02 22:35:26.286 9 INFO neutron.db.ovn_revision_numbers_db [None req-4bc2500c-8a37-4e91-a0c8-6e82ebc82cfe ef9431564eb743c9882dee4928ccf684 a39275425c5d4935bd47dbb81ee2a16c - - default default] Successfully bumped revision number for resource 09357586-e580-460c-a5cf-c5796ec0b7c1 (type: security_group_rules) to 0
2026-06-02 22:35:26.293 10 INFO neutron.api.wsgi [req-8a0de0fe-1958-49b0-969f-02cdaf3d9a5f req-225252a8-3c05-47d8-b79b-928c6b34cd86 36215caa9c3448d5aad95c4aa9c654d2 d5f418c27ddc4de2ad4be2e6b3e5628b - - default default] 10.0.0.112 "GET /v2.0/security-groups?id=35de0944-0041-4b08-9e98-156f6d042feb&fields=id&fields=name HTTP/1.1" status: 200 len: 312 time: 0.0300353
2026-06-02 22:35:26.294 9 INFO neutron.api.wsgi [None req-2ce06a86-1123-4509-ae13-c3feb72172f5 ef9431564eb743c9882dee4928ccf684 a39275425c5d4935bd47dbb81ee2a16c - - default default] 10.0.0.127 "DELETE /v2.0/security-groups/232bcc9e-0050-401e-99fe-e8acbc1199e5 HTTP/1.1" status: 204 len: 168 time: 0.2311246
2026-06-02 22:35:26.303 9 INFO neutron.db.ovn_revision_numbers_db [None req-4bc2500c-8a37-4e91-a0c8-6e82ebc82cfe ef9431564eb743c9882dee4928ccf684 a39275425c5d4935bd47dbb81ee2a16c - - default default] Successfully bumped revision number for resource 500330f5-8232-4ce0-bd4f-9482758b5b31 (type: security_group_rules) to 0
2026-06-02 22:35:26.315 9 INFO neutron.db.ovn_revision_numbers_db [None req-4bc2500c-8a37-4e91-a0c8-6e82ebc82cfe ef9431564eb743c9882dee4928ccf684 a39275425c5d4935bd47dbb81ee2a16c - - default default] Successfully bumped revision number for resource 51a47031-35f2-45ae-bd72-29f34b9221a3 (type: security_group_rules) to 0
2026-06-02 22:35:26.330 9 INFO neutron.db.ovn_revision_numbers_db [None req-4bc2500c-8a37-4e91-a0c8-6e82ebc82cfe ef9431564eb743c9882dee4928ccf684 a39275425c5d4935bd47dbb81ee2a16c - - default default] Successfully bumped revision number for resource 679ce90b-56c3-46cd-bf37-da2ac64e0998 (type: security_group_rules) to 0
2026-06-02 22:35:26.411 9 INFO neutron.db.segments_db [None req-4bc2500c-8a37-4e91-a0c8-6e82ebc82cfe ef9431564eb743c9882dee4928ccf684 a39275425c5d4935bd47dbb81ee2a16c - - default default] Added segment e2bdb3e3-5239-4082-8588-61cf2b38ab50 of type geneve for network 4f3c317c-230a-49ad-89b5-48762562c23c
2026-06-02 22:35:26.546 9 INFO neutron.db.ovn_revision_numbers_db [None req-4bc2500c-8a37-4e91-a0c8-6e82ebc82cfe ef9431564eb743c9882dee4928ccf684 a39275425c5d4935bd47dbb81ee2a16c - - default default] Successfully bumped revision number for resource 4f3c317c-230a-49ad-89b5-48762562c23c (type: networks) to 1
2026-06-02 22:35:26.673 9 WARNING neutron.scheduler.dhcp_agent_scheduler [None req-4bc2500c-8a37-4e91-a0c8-6e82ebc82cfe ef9431564eb743c9882dee4928ccf684 a39275425c5d4935bd47dbb81ee2a16c - - default default] No more DHCP agents
2026-06-02 22:35:26.675 9 WARNING neutron.api.rpc.agentnotifiers.dhcp_rpc_agent_api [None req-4bc2500c-8a37-4e91-a0c8-6e82ebc82cfe ef9431564eb743c9882dee4928ccf684 a39275425c5d4935bd47dbb81ee2a16c - - default default] Unable to schedule network 4f3c317c-230a-49ad-89b5-48762562c23c: no agents available; will retry on subsequent port and subnet creation events.
2026-06-02 22:35:26.750 9 INFO neutron.db.ovn_revision_numbers_db [None req-4bc2500c-8a37-4e91-a0c8-6e82ebc82cfe ef9431564eb743c9882dee4928ccf684 a39275425c5d4935bd47dbb81ee2a16c - - default default] Successfully bumped revision number for resource 98d17fa0-36fc-483a-afba-49802995f70d (type: ports) to 1
2026-06-02 22:35:26.771 9 INFO neutron.api.wsgi [None req-4bc2500c-8a37-4e91-a0c8-6e82ebc82cfe ef9431564eb743c9882dee4928ccf684 a39275425c5d4935bd47dbb81ee2a16c - - default default] 10.0.0.127 "POST /v2.0/networks HTTP/1.1" status: 201 len: 948 time: 0.7609177
2026-06-02 22:35:26.933 9 WARNING neutron.scheduler.dhcp_agent_scheduler [None req-81c3fd32-5810-45c8-93ad-8e99a8ff66ff ef9431564eb743c9882dee4928ccf684 a39275425c5d4935bd47dbb81ee2a16c - - default default] No more DHCP agents
2026-06-02 22:35:26.935 9 WARNING neutron.api.rpc.agentnotifiers.dhcp_rpc_agent_api [None req-81c3fd32-5810-45c8-93ad-8e99a8ff66ff ef9431564eb743c9882dee4928ccf684 a39275425c5d4935bd47dbb81ee2a16c - - default default] Unable to schedule network 4f3c317c-230a-49ad-89b5-48762562c23c: no agents available; will retry on subsequent port and subnet creation events.
2026-06-02 22:35:27.295 9 INFO neutron.db.ovn_revision_numbers_db [None req-7ab9427d-0a40-4bac-a3b3-d6e95248f89d - - - - - -] Successfully bumped revision number for resource 98d17fa0-36fc-483a-afba-49802995f70d (type: ports) to 2
2026-06-02 22:35:27.324 9 INFO neutron.db.ovn_revision_numbers_db [None req-7ab9427d-0a40-4bac-a3b3-d6e95248f89d - - - - - -] Successfully bumped revision number for resource 478ff26e-c269-4e6a-8a66-ece1b48846f6 (type: subnets) to 0
2026-06-02 22:35:27.340 9 INFO neutron.api.wsgi [None req-81c3fd32-5810-45c8-93ad-8e99a8ff66ff ef9431564eb743c9882dee4928ccf684 a39275425c5d4935bd47dbb81ee2a16c - - default default] 10.0.0.127 "POST /v2.0/subnets HTTP/1.1" status: 201 len: 892 time: 0.5548704
2026-06-02 22:35:27.416 9 INFO neutron.api.wsgi [req-6054c6c3-a518-4e6c-a8eb-eec27cf9a25e req-0f915f41-8c39-44af-bd37-75bf67f16317 36215caa9c3448d5aad95c4aa9c654d2 d5f418c27ddc4de2ad4be2e6b3e5628b - - default default] 10.0.0.112 "GET /v2.0/ports?device_id=f4ccee14-b6a5-4cc8-9b81-3dcd035198ef HTTP/1.1" status: 200 len: 1170 time: 0.0464470
2026-06-02 22:35:27.452 9 INFO neutron.notifiers.nova [-] Nova event matching ['req-309227e5-6910-4cac-850a-5ad5d8682d45'] response: {'server_uuid': 'f4ccee14-b6a5-4cc8-9b81-3dcd035198ef', 'name': 'network-vif-plugged', 'status': 'completed', 'tag': '6da14b3d-eb95-458d-8336-720b110f8482', 'code': 200}
2026-06-02 22:35:27.478 9 INFO neutron.api.wsgi [req-6054c6c3-a518-4e6c-a8eb-eec27cf9a25e req-38fb4a2c-0a6c-461c-a28f-54dc89d43a0a 36215caa9c3448d5aad95c4aa9c654d2 d5f418c27ddc4de2ad4be2e6b3e5628b - - default default] 10.0.0.112 "GET /v2.0/security-groups?id=35de0944-0041-4b08-9e98-156f6d042feb&fields=id&fields=name HTTP/1.1" status: 200 len: 312 time: 0.0536900
2026-06-02 22:35:27.767 9 WARNING neutron.scheduler.dhcp_agent_scheduler [None req-a7726276-fa14-446b-aea5-4a098340b7c4 ef9431564eb743c9882dee4928ccf684 a39275425c5d4935bd47dbb81ee2a16c - - default default] No more DHCP agents
2026-06-02 22:35:27.769 9 WARNING neutron.api.rpc.agentnotifiers.dhcp_rpc_agent_api [None req-a7726276-fa14-446b-aea5-4a098340b7c4 ef9431564eb743c9882dee4928ccf684 a39275425c5d4935bd47dbb81ee2a16c - - default default] Unable to schedule network 80ebe74c-8e72-4aaa-874f-4d5c8ac79819: no agents available; will retry on subsequent port and subnet creation events.
2026-06-02 22:35:27.893 9 INFO neutron.db.ovn_revision_numbers_db [None req-a7726276-fa14-446b-aea5-4a098340b7c4 ef9431564eb743c9882dee4928ccf684 a39275425c5d4935bd47dbb81ee2a16c - - default default] Successfully bumped revision number for resource 3a891d03-0edc-4413-97e8-792a6943a32f (type: ports) to 1
2026-06-02 22:35:28.165 10 INFO neutron.api.wsgi [req-7e4ea59b-ab06-436a-814f-28faaf61a0e8 req-13ea81bc-2f54-49f0-a162-467fbccb02c6 90db74995c304025838eee65d0c22bcd 3ff329ccda6349ebad3d5a4fb5afa595 - - default default] 10.0.0.112 "GET /v2.0/ports?device_id=67a3aa57-5586-432f-9cfc-1936d2c66d53 HTTP/1.1" status: 200 len: 1174 time: 0.0997281
2026-06-02 22:35:28.277 9 INFO neutron.api.wsgi [req-3c302f05-7612-46fc-aaa7-84a0b220bbd9 req-62bb7319-5e06-4d86-974c-95398173370a 90db74995c304025838eee65d0c22bcd 3ff329ccda6349ebad3d5a4fb5afa595 - - default default] 10.0.0.112 "GET /v2.0/ports/35a1ddef-238d-4698-8443-d9821aaac851 HTTP/1.1" status: 200 len: 1171 time: 0.0642607
2026-06-02 22:35:28.445 9 INFO neutron.plugins.ml2.drivers.ovn.mech_driver.ovsdb.commands [None req-515a53ce-117f-45a2-a171-315244fb0498 - - - - - -] Schedule LRP lrp-3a891d03-0edc-4413-97e8-792a6943a32f on gateway 19e1d9cd-7ef3-442b-8fb7-62bc1c7defa2 with priority 1
2026-06-02 22:35:28.453 9 INFO neutron.plugins.ml2.drivers.ovn.mech_driver.mech_driver [None req-aa80366a-60c5-4db6-9899-8d15dd7f2cec - - - - - -] OVN reports status up for port: 3a891d03-0edc-4413-97e8-792a6943a32f
2026-06-02 22:35:28.466 10 INFO neutron.plugins.ml2.drivers.ovn.mech_driver.ovsdb.ovsdb_monitor [None req-530b1547-534f-474c-8981-e65eebd5fbc7 - - - - - -] Router 89684128-acae-4927-9677-3618f4c0166d is bound to host instance
2026-06-02 22:35:28.486 9 INFO neutron.plugins.ml2.plugin [None req-aa80366a-60c5-4db6-9899-8d15dd7f2cec - - - - - -] Attempt 1 to provision port 3a891d03-0edc-4413-97e8-792a6943a32f
2026-06-02 22:35:28.502 9 INFO neutron.db.ovn_revision_numbers_db [None req-a7726276-fa14-446b-aea5-4a098340b7c4 ef9431564eb743c9882dee4928ccf684 a39275425c5d4935bd47dbb81ee2a16c - - default default] Successfully bumped revision number for resource 3a891d03-0edc-4413-97e8-792a6943a32f (type: router_ports) to 1
2026-06-02 22:35:28.577 9 INFO neutron.db.ovn_revision_numbers_db [None req-a7726276-fa14-446b-aea5-4a098340b7c4 ef9431564eb743c9882dee4928ccf684 a39275425c5d4935bd47dbb81ee2a16c - - default default] Successfully bumped revision number for resource 89684128-acae-4927-9677-3618f4c0166d (type: routers) to 2
2026-06-02 22:35:28.591 9 INFO neutron.api.wsgi [req-d6d427ad-0db9-4c35-b64c-9bbd846ee5a4 req-23f97707-9818-4bdf-993b-c2aebc858258 36215caa9c3448d5aad95c4aa9c654d2 d5f418c27ddc4de2ad4be2e6b3e5628b - - default default] 10.0.0.112 "GET /v2.0/ports?device_id=f4ccee14-b6a5-4cc8-9b81-3dcd035198ef HTTP/1.1" status: 200 len: 1170 time: 0.0360587
2026-06-02 22:35:28.603 9 INFO neutron.api.wsgi [None req-a7726276-fa14-446b-aea5-4a098340b7c4 ef9431564eb743c9882dee4928ccf684 a39275425c5d4935bd47dbb81ee2a16c - - default default] 10.0.0.127 "POST /v2.0/routers HTTP/1.1" status: 201 len: 1170 time: 1.2554693
2026-06-02 22:35:28.647 9 INFO neutron.api.wsgi [req-d6d427ad-0db9-4c35-b64c-9bbd846ee5a4 req-38a2d325-bbf2-476c-aa27-f92ab7427c92 36215caa9c3448d5aad95c4aa9c654d2 d5f418c27ddc4de2ad4be2e6b3e5628b - - default default] 10.0.0.112 "GET /v2.0/security-groups?id=35de0944-0041-4b08-9e98-156f6d042feb&fields=id&fields=name HTTP/1.1" status: 200 len: 312 time: 0.0504813
2026-06-02 22:35:28.746 10 INFO neutron.api.wsgi [req-8539a90d-5084-499f-bb32-d6d6e7840c6f req-9028923d-1d6f-4ff8-851c-224880d78900 36215caa9c3448d5aad95c4aa9c654d2 d5f418c27ddc4de2ad4be2e6b3e5628b - - default default] 10.0.0.112 "GET /v2.0/ports?device_id=f4ccee14-b6a5-4cc8-9b81-3dcd035198ef HTTP/1.1" status: 200 len: 1170 time: 0.0435936
2026-06-02 22:35:28.910 9 INFO neutron.api.wsgi [req-50156084-b436-4fc1-b1d9-568b1b22dcb8 req-fb0ac01f-c323-4650-b5bf-4765edce7fb5 90db74995c304025838eee65d0c22bcd 3ff329ccda6349ebad3d5a4fb5afa595 - - default default] 199.204.45.210 "GET /v2.0/subnets?network_id=a7bc502a-7312-4492-9e81-3ee69a5631e7 HTTP/1.1" status: 200 len: 883 time: 0.0424910
2026-06-02 22:35:28.961 9 INFO neutron.api.wsgi [req-50156084-b436-4fc1-b1d9-568b1b22dcb8 req-5e36f3c8-fa9f-40af-bcec-1f9e1e1316a4 90db74995c304025838eee65d0c22bcd 3ff329ccda6349ebad3d5a4fb5afa595 - - default default] 199.204.45.210 "GET /v2.0/ports?device_id=67a3aa57-5586-432f-9cfc-1936d2c66d53&device_owner=compute%3Anova&network_id=a7bc502a-7312-4492-9e81-3ee69a5631e7 HTTP/1.1" status: 200 len: 1174 time: 0.0480561
2026-06-02 22:35:29.048 10 INFO neutron.db.ovn_revision_numbers_db [None req-a996ea6f-50f8-4287-be5a-5c383c4d16cb - - - - - -] Successfully bumped revision number for resource 3a891d03-0edc-4413-97e8-792a6943a32f (type: ports) to 1
2026-06-02 22:35:29.112 9 WARNING neutron.scheduler.dhcp_agent_scheduler [None req-e87d3e47-2f05-4694-a24b-e7cbccd54101 ef9431564eb743c9882dee4928ccf684 a39275425c5d4935bd47dbb81ee2a16c - - default default] No more DHCP agents
2026-06-02 22:35:29.114 9 WARNING neutron.api.rpc.agentnotifiers.dhcp_rpc_agent_api [None req-e87d3e47-2f05-4694-a24b-e7cbccd54101 ef9431564eb743c9882dee4928ccf684 a39275425c5d4935bd47dbb81ee2a16c - - default default] Unable to schedule network 4f3c317c-230a-49ad-89b5-48762562c23c: no agents available; will retry on subsequent port and subnet creation events.
2026-06-02 22:35:29.258 9 INFO neutron.db.ovn_revision_numbers_db [None req-e87d3e47-2f05-4694-a24b-e7cbccd54101 ef9431564eb743c9882dee4928ccf684 a39275425c5d4935bd47dbb81ee2a16c - - default default] Successfully bumped revision number for resource ac329642-3f2e-48af-ae05-ee6e87167c21 (type: ports) to 1
2026-06-02 22:35:29.365 10 INFO neutron.db.ovn_revision_numbers_db [None req-d50eb3b5-bc9f-4baa-a86e-80eb7c35cdd7 36215caa9c3448d5aad95c4aa9c654d2 d5f418c27ddc4de2ad4be2e6b3e5628b - - default default] Successfully bumped revision number for resource ed93bcfa-65b3-4047-9b8b-0dba15a4ee26 (type: floatingips) to 1
2026-06-02 22:35:29.479 10 INFO neutron.db.ovn_revision_numbers_db [None req-a996ea6f-50f8-4287-be5a-5c383c4d16cb - - - - - -] Successfully bumped revision number for resource 3a891d03-0edc-4413-97e8-792a6943a32f (type: ports) to 4
2026-06-02 22:35:29.482 10 INFO neutron.db.ovn_revision_numbers_db [None req-d50eb3b5-bc9f-4baa-a86e-80eb7c35cdd7 36215caa9c3448d5aad95c4aa9c654d2 d5f418c27ddc4de2ad4be2e6b3e5628b - - default default] Successfully bumped revision number for resource ed93bcfa-65b3-4047-9b8b-0dba15a4ee26 (type: floatingips) to 2
2026-06-02 22:35:29.483 10 INFO neutron.db.l3_db [None req-d50eb3b5-bc9f-4baa-a86e-80eb7c35cdd7 36215caa9c3448d5aad95c4aa9c654d2 d5f418c27ddc4de2ad4be2e6b3e5628b - - default default] Floating IP ed93bcfa-65b3-4047-9b8b-0dba15a4ee26 associated. External IP: 10.96.250.217, port: 6da14b3d-eb95-458d-8336-720b110f8482.
2026-06-02 22:35:29.520 10 INFO neutron.api.wsgi [None req-d50eb3b5-bc9f-4baa-a86e-80eb7c35cdd7 36215caa9c3448d5aad95c4aa9c654d2 d5f418c27ddc4de2ad4be2e6b3e5628b - - default default] 10.0.0.127 "PUT /v2.0/floatingips/ed93bcfa-65b3-4047-9b8b-0dba15a4ee26 HTTP/1.1" status: 200 len: 1049 time: 0.7537065
2026-06-02 22:35:29.548 10 INFO neutron.notifiers.nova [-] Nova event matching ['req-ac6ec6fe-6e5e-42e1-882f-8666f5ac8efb'] response: {'name': 'network-changed', 'server_uuid': 'f4ccee14-b6a5-4cc8-9b81-3dcd035198ef', 'tag': '6da14b3d-eb95-458d-8336-720b110f8482', 'status': 'completed', 'code': 200} /var/lib/openstack/lib/python3.12/site-packages/pycadf/identifier.py:71: UserWarning: Invalid uuid: neutron. To ensure interoperability, identifiers should be a valid uuid. warnings.warn(('Invalid uuid: %s. To ensure interoperability, '
2026-06-02 22:35:29.658 9 INFO neutron.api.wsgi [req-30ca3276-5118-4305-afaa-f5596e4323b5 req-7c8b1b0b-cf83-4d92-b3dd-b977723fbd9e 36215caa9c3448d5aad95c4aa9c654d2 d5f418c27ddc4de2ad4be2e6b3e5628b - - default default] 10.0.0.112 "GET /v2.0/ports?device_id=f4ccee14-b6a5-4cc8-9b81-3dcd035198ef HTTP/1.1" status: 200 len: 1170 time: 0.1073644
2026-06-02 22:35:29.669 9 INFO neutron.db.ovn_revision_numbers_db [req-50156084-b436-4fc1-b1d9-568b1b22dcb8 req-bc5ebee6-811e-4085-94c6-bf56e14bfb12 90db74995c304025838eee65d0c22bcd 3ff329ccda6349ebad3d5a4fb5afa595 - - default default] Successfully bumped revision number for resource 35a1ddef-238d-4698-8443-d9821aaac851 (type: ports) to 6
2026-06-02 22:35:29.682 9 INFO neutron.api.wsgi [req-50156084-b436-4fc1-b1d9-568b1b22dcb8 req-bc5ebee6-811e-4085-94c6-bf56e14bfb12 90db74995c304025838eee65d0c22bcd 3ff329ccda6349ebad3d5a4fb5afa595 - - default default] 199.204.45.210 "PUT /v2.0/ports/35a1ddef-238d-4698-8443-d9821aaac851 HTTP/1.1" status: 200 len: 1349 time: 0.7181969
2026-06-02 22:35:29.715 9 INFO neutron.notifiers.nova [-] Nova event matching ['req-637bb3f7-87b8-4512-b94b-f1fd037a0220'] response: {'name': 'network-changed', 'server_uuid': '67a3aa57-5586-432f-9cfc-1936d2c66d53', 'tag': '35a1ddef-238d-4698-8443-d9821aaac851', 'status': 'completed', 'code': 200}
2026-06-02 22:35:29.721 9 INFO neutron.api.wsgi [req-30ca3276-5118-4305-afaa-f5596e4323b5 req-f76c569c-28bb-4a6d-a233-9f93b2e575d6 36215caa9c3448d5aad95c4aa9c654d2 d5f418c27ddc4de2ad4be2e6b3e5628b - - default default] 10.0.0.112 "GET /v2.0/security-groups?id=35de0944-0041-4b08-9e98-156f6d042feb&fields=id&fields=name HTTP/1.1" status: 200 len: 312 time: 0.0591161
2026-06-02 22:35:29.766 10 INFO neutron.db.ovn_revision_numbers_db [None req-a996ea6f-50f8-4287-be5a-5c383c4d16cb - - - - - -] Successfully bumped revision number for resource 3a891d03-0edc-4413-97e8-792a6943a32f (type: ports) to 5
2026-06-02 22:35:29.973 10 INFO neutron.plugins.ml2.drivers.ovn.mech_driver.mech_driver [None req-346891eb-e845-4f57-ac79-3aabced90d91 - - - - - -] OVN reports status up for port: ac329642-3f2e-48af-ae05-ee6e87167c21
2026-06-02 22:35:29.979 10 INFO neutron.plugins.ml2.plugin [None req-346891eb-e845-4f57-ac79-3aabced90d91 - - - - - -] Attempt 1 to provision port ac329642-3f2e-48af-ae05-ee6e87167c21
2026-06-02 22:35:30.012 9 INFO neutron.db.ovn_revision_numbers_db [None req-e87d3e47-2f05-4694-a24b-e7cbccd54101 ef9431564eb743c9882dee4928ccf684 a39275425c5d4935bd47dbb81ee2a16c - - default default] Successfully bumped revision number for resource ac329642-3f2e-48af-ae05-ee6e87167c21 (type: ports) to 1
2026-06-02 22:35:30.085 9 WARNING neutron.scheduler.dhcp_agent_scheduler [None req-e87d3e47-2f05-4694-a24b-e7cbccd54101 ef9431564eb743c9882dee4928ccf684 a39275425c5d4935bd47dbb81ee2a16c - - default default] No more DHCP agents
2026-06-02 22:35:30.088 9 WARNING neutron.api.rpc.agentnotifiers.dhcp_rpc_agent_api [None req-e87d3e47-2f05-4694-a24b-e7cbccd54101 ef9431564eb743c9882dee4928ccf684 a39275425c5d4935bd47dbb81ee2a16c - - default default] Unable to schedule network 4f3c317c-230a-49ad-89b5-48762562c23c: no agents available; will retry on subsequent port and subnet creation events.
2026-06-02 22:35:30.109 9 INFO neutron.api.wsgi [req-51c6122c-e27a-4150-9fa1-42175c5600c0 req-d54fcef8-fae6-4a6d-bddb-6a3639ba2fe1 86522596c94245479eef5d0926326a20 1792dd84f79b4d8293e2c1f6eea1db25 - - 4c9fd5d11ba8420cb8bdb12be613f9dd 4c9fd5d11ba8420cb8bdb12be613f9dd] 199.204.45.210 "GET /v2.0/ports?tenant_id=d5f418c27ddc4de2ad4be2e6b3e5628b&device_id=f4ccee14-b6a5-4cc8-9b81-3dcd035198ef HTTP/1.1" status: 200 len: 1409 time: 0.0476146
2026-06-02 22:35:30.175 9 INFO neutron.api.wsgi [req-51c6122c-e27a-4150-9fa1-42175c5600c0 req-107e5274-c140-4576-a5ea-c8dbaa000a70 86522596c94245479eef5d0926326a20 1792dd84f79b4d8293e2c1f6eea1db25 - - 4c9fd5d11ba8420cb8bdb12be613f9dd 4c9fd5d11ba8420cb8bdb12be613f9dd] 199.204.45.210 "GET /v2.0/networks?id=fd026511-222d-440c-8675-cdb80d0c566f HTTP/1.1" status: 200 len: 978 time: 0.0594049 /var/lib/openstack/lib/python3.12/site-packages/pycadf/identifier.py:71: UserWarning: Invalid uuid: neutron. To ensure interoperability, identifiers should be a valid uuid. warnings.warn(('Invalid uuid: %s. To ensure interoperability, '
2026-06-02 22:35:30.224 10 INFO neutron.api.wsgi [req-50156084-b436-4fc1-b1d9-568b1b22dcb8 req-8d422fa2-94a1-4270-b04f-c4795228b1dd 86522596c94245479eef5d0926326a20 1792dd84f79b4d8293e2c1f6eea1db25 - - 4c9fd5d11ba8420cb8bdb12be613f9dd 4c9fd5d11ba8420cb8bdb12be613f9dd] 199.204.45.210 "GET /v2.0/ports?tenant_id=3ff329ccda6349ebad3d5a4fb5afa595&device_id=67a3aa57-5586-432f-9cfc-1936d2c66d53 HTTP/1.1" status: 200 len: 1590 time: 0.0353508
2026-06-02 22:35:30.418 9 INFO neutron.api.wsgi [req-51c6122c-e27a-4150-9fa1-42175c5600c0 req-db00b0c9-0f23-4a55-82b4-429c9b3da3d7 86522596c94245479eef5d0926326a20 1792dd84f79b4d8293e2c1f6eea1db25 - - 4c9fd5d11ba8420cb8bdb12be613f9dd 4c9fd5d11ba8420cb8bdb12be613f9dd] 199.204.45.210 "GET /v2.0/floatingips?fixed_ip_address=10.100.0.3&port_id=6da14b3d-eb95-458d-8336-720b110f8482 HTTP/1.1" status: 200 len: 1059 time: 0.2374775
2026-06-02 22:35:30.450 9 INFO neutron.api.wsgi [req-51c6122c-e27a-4150-9fa1-42175c5600c0 req-fb2f625d-e72c-4014-8868-dd59ed85242c 86522596c94245479eef5d0926326a20 1792dd84f79b4d8293e2c1f6eea1db25 - - 4c9fd5d11ba8420cb8bdb12be613f9dd 4c9fd5d11ba8420cb8bdb12be613f9dd] 199.204.45.210 "GET /v2.0/subnets?id=8c496f99-e36a-4afa-9229-6a8ef2cbcfb6 HTTP/1.1" status: 200 len: 897 time: 0.0262783
2026-06-02 22:35:30.474 10 INFO neutron.api.wsgi [req-50156084-b436-4fc1-b1d9-568b1b22dcb8 req-ee03583d-94ac-4e75-9691-fe6736ce2119 86522596c94245479eef5d0926326a20 1792dd84f79b4d8293e2c1f6eea1db25 - - 4c9fd5d11ba8420cb8bdb12be613f9dd 4c9fd5d11ba8420cb8bdb12be613f9dd] 199.204.45.210 "GET /v2.0/networks?id=a7bc502a-7312-4492-9e81-3ee69a5631e7 HTTP/1.1" status: 200 len: 981 time: 0.2450156
2026-06-02 22:35:30.482 9 INFO neutron.api.wsgi [req-51c6122c-e27a-4150-9fa1-42175c5600c0 req-cc3f6a9c-aa8d-42d9-a520-1f2c88efb40e 86522596c94245479eef5d0926326a20 1792dd84f79b4d8293e2c1f6eea1db25 - - 4c9fd5d11ba8420cb8bdb12be613f9dd 4c9fd5d11ba8420cb8bdb12be613f9dd] 199.204.45.210 "GET /v2.0/ports?network_id=fd026511-222d-440c-8675-cdb80d0c566f&device_owner=network%3Adhcp HTTP/1.1" status: 200 len: 210 time: 0.0275552
2026-06-02 22:35:30.537 10 INFO neutron.api.wsgi [req-99e2dc34-357c-4cba-aa5f-7c1b36fd907a req-7754582b-b5cf-4a75-8db6-2b2b4db18b60 36215caa9c3448d5aad95c4aa9c654d2 d5f418c27ddc4de2ad4be2e6b3e5628b - - default default] 10.0.0.112 "GET /v2.0/ports?device_id=f4ccee14-b6a5-4cc8-9b81-3dcd035198ef HTTP/1.1" status: 200 len: 1170 time: 0.1151342
2026-06-02 22:35:30.547 10 INFO neutron.api.wsgi [req-50156084-b436-4fc1-b1d9-568b1b22dcb8 req-5c3ececf-9f3f-4743-a16e-16077e4e4d44 86522596c94245479eef5d0926326a20 1792dd84f79b4d8293e2c1f6eea1db25 - - 4c9fd5d11ba8420cb8bdb12be613f9dd 4c9fd5d11ba8420cb8bdb12be613f9dd] 199.204.45.210 "GET /v2.0/floatingips?fixed_ip_address=10.100.0.10&port_id=35a1ddef-238d-4698-8443-d9821aaac851 HTTP/1.1" status: 200 len: 1060 time: 0.0667837
2026-06-02 22:35:30.553 9 INFO neutron.api.wsgi [req-51c6122c-e27a-4150-9fa1-42175c5600c0 req-3a15fa8b-b35e-4c17-a673-e2ff5b1a9b61 86522596c94245479eef5d0926326a20 1792dd84f79b4d8293e2c1f6eea1db25 - - 4c9fd5d11ba8420cb8bdb12be613f9dd 4c9fd5d11ba8420cb8bdb12be613f9dd] 199.204.45.210 "GET /v2.0/networks/fd026511-222d-440c-8675-cdb80d0c566f?fields=segments HTTP/1.1" status: 200 len: 212 time: 0.0675452
2026-06-02 22:35:30.559 10 INFO neutron.db.ovn_revision_numbers_db [None req-346891eb-e845-4f57-ac79-3aabced90d91 - - - - - -] Successfully bumped revision number for resource ac329642-3f2e-48af-ae05-ee6e87167c21 (type: ports) to 2
2026-06-02 22:35:30.578 10 INFO neutron.api.wsgi [req-50156084-b436-4fc1-b1d9-568b1b22dcb8 req-f15344bd-375a-4bcf-9e7a-7730af2aa0b8 86522596c94245479eef5d0926326a20 1792dd84f79b4d8293e2c1f6eea1db25 - - 4c9fd5d11ba8420cb8bdb12be613f9dd 4c9fd5d11ba8420cb8bdb12be613f9dd] 199.204.45.210 "GET /v2.0/floatingips?fixed_ip_address=10.100.0.8&port_id=35a1ddef-238d-4698-8443-d9821aaac851 HTTP/1.1" status: 200 len: 217 time: 0.0170975
2026-06-02 22:35:30.616 10 INFO neutron.api.wsgi [req-99e2dc34-357c-4cba-aa5f-7c1b36fd907a req-ba0efc5e-34a9-464c-9bee-8b63c821bca9 36215caa9c3448d5aad95c4aa9c654d2 d5f418c27ddc4de2ad4be2e6b3e5628b - - default default] 10.0.0.112 "GET /v2.0/security-groups?id=35de0944-0041-4b08-9e98-156f6d042feb&fields=id&fields=name HTTP/1.1" status: 200 len: 312 time: 0.0754681
2026-06-02 22:35:30.625 10 INFO neutron.api.wsgi [req-50156084-b436-4fc1-b1d9-568b1b22dcb8 req-f9f9a0f9-ec75-4da3-a5ad-3cb198c0122c 86522596c94245479eef5d0926326a20 1792dd84f79b4d8293e2c1f6eea1db25 - - 4c9fd5d11ba8420cb8bdb12be613f9dd 4c9fd5d11ba8420cb8bdb12be613f9dd] 199.204.45.210 "GET /v2.0/subnets?id=bbf2706f-4eac-4706-b701-c6bcb8f204f5 HTTP/1.1" status: 200 len: 901 time: 0.0398030
2026-06-02 22:35:30.646 9 INFO neutron.api.wsgi [req-51c6122c-e27a-4150-9fa1-42175c5600c0 req-6c038434-f761-4bc4-a2d3-ab9c35266306 86522596c94245479eef5d0926326a20 1792dd84f79b4d8293e2c1f6eea1db25 - - 4c9fd5d11ba8420cb8bdb12be613f9dd 4c9fd5d11ba8420cb8bdb12be613f9dd] 199.204.45.210 "GET /v2.0/networks/fd026511-222d-440c-8675-cdb80d0c566f?fields=provider%3Aphysical_network&fields=provider%3Anetwork_type HTTP/1.1" status: 200 len: 277 time: 0.0839612
2026-06-02 22:35:30.654 10 INFO neutron.api.wsgi [req-50156084-b436-4fc1-b1d9-568b1b22dcb8 req-caaf7325-7c03-4523-8160-b513693f40be 86522596c94245479eef5d0926326a20 1792dd84f79b4d8293e2c1f6eea1db25 - - 4c9fd5d11ba8420cb8bdb12be613f9dd 4c9fd5d11ba8420cb8bdb12be613f9dd] 199.204.45.210 "GET /v2.0/ports?network_id=a7bc502a-7312-4492-9e81-3ee69a5631e7&device_owner=network%3Adhcp HTTP/1.1" status: 200 len: 210 time: 0.0213995
2026-06-02 22:35:30.716 10 INFO neutron.api.wsgi [req-50156084-b436-4fc1-b1d9-568b1b22dcb8 req-d82f0bb8-6cc0-47f0-970a-3546a27fe4de 86522596c94245479eef5d0926326a20 1792dd84f79b4d8293e2c1f6eea1db25 - - 4c9fd5d11ba8420cb8bdb12be613f9dd 4c9fd5d11ba8420cb8bdb12be613f9dd] 199.204.45.210 "GET /v2.0/networks/a7bc502a-7312-4492-9e81-3ee69a5631e7?fields=segments HTTP/1.1" status: 200 len: 212 time: 0.0509391
2026-06-02 22:35:30.772 10 INFO neutron.api.wsgi [req-50156084-b436-4fc1-b1d9-568b1b22dcb8 req-ae983f32-3a6c-4726-8e3a-49645665a353 86522596c94245479eef5d0926326a20 1792dd84f79b4d8293e2c1f6eea1db25 - - 4c9fd5d11ba8420cb8bdb12be613f9dd 4c9fd5d11ba8420cb8bdb12be613f9dd] 199.204.45.210 "GET /v2.0/networks/a7bc502a-7312-4492-9e81-3ee69a5631e7?fields=provider%3Aphysical_network&fields=provider%3Anetwork_type HTTP/1.1" status: 200 len: 277 time: 0.0516698
2026-06-02 22:35:30.839 10 INFO neutron.api.wsgi [req-dcb18e1a-8f35-440f-8877-7d25cfdfb152 req-9cc037e9-cb8f-4349-a853-8df5d39eb42c 86522596c94245479eef5d0926326a20 1792dd84f79b4d8293e2c1f6eea1db25 - - 4c9fd5d11ba8420cb8bdb12be613f9dd 4c9fd5d11ba8420cb8bdb12be613f9dd] 199.204.45.210 "GET /v2.0/ports?device_id=67a3aa57-5586-432f-9cfc-1936d2c66d53&fields=binding%3Ahost_id&fields=binding%3Avif_type HTTP/1.1" status: 200 len: 265 time: 0.0390880
2026-06-02 22:35:30.975 9 INFO neutron.db.ovn_revision_numbers_db [None req-e87d3e47-2f05-4694-a24b-e7cbccd54101 ef9431564eb743c9882dee4928ccf684 a39275425c5d4935bd47dbb81ee2a16c - - default default] Successfully bumped revision number for resource ac329642-3f2e-48af-ae05-ee6e87167c21 (type: router_ports) to 1
2026-06-02 22:35:30.982 9 INFO neutron.api.wsgi [None req-e87d3e47-2f05-4694-a24b-e7cbccd54101 ef9431564eb743c9882dee4928ccf684 a39275425c5d4935bd47dbb81ee2a16c - - default default] 10.0.0.127 "PUT /v2.0/routers/89684128-acae-4927-9677-3618f4c0166d/add_router_interface HTTP/1.1" status: 200 len: 503 time: 2.3668373
2026-06-02 22:35:31.084 9 INFO neutron.plugins.ml2.drivers.ovn.mech_driver.mech_driver [None req-aa80366a-60c5-4db6-9899-8d15dd7f2cec - - - - - -] OVN reports status down for port: 6da14b3d-eb95-458d-8336-720b110f8482
2026-06-02 22:35:31.264 9 INFO neutron.db.ovn_revision_numbers_db [None req-aa80366a-60c5-4db6-9899-8d15dd7f2cec - - - - - -] Successfully bumped revision number for resource 6da14b3d-eb95-458d-8336-720b110f8482 (type: ports) to 6
2026-06-02 22:35:31.614 10 INFO neutron.api.wsgi [req-32bb4032-c141-4d36-b747-283a69ca9818 req-60e7b2a1-4f96-44a9-974e-c40d3dcae948 90db74995c304025838eee65d0c22bcd 3ff329ccda6349ebad3d5a4fb5afa595 - - default default] 10.0.0.112 "GET /v2.0/ports?device_id=67a3aa57-5586-432f-9cfc-1936d2c66d53 HTTP/1.1" status: 200 len: 1352 time: 0.0494740
2026-06-02 22:35:31.653 10 INFO neutron.api.wsgi [req-32bb4032-c141-4d36-b747-283a69ca9818 req-9bbb422b-1dae-4dc2-b001-3da9671c91f0 90db74995c304025838eee65d0c22bcd 3ff329ccda6349ebad3d5a4fb5afa595 - - default default] 10.0.0.112 "GET /v2.0/security-groups?id=3aeed677-37d8-4495-9e84-f0a3ca5040f9&fields=id&fields=name HTTP/1.1" status: 200 len: 313 time: 0.0362616 /var/lib/openstack/lib/python3.12/site-packages/pycadf/identifier.py:71: UserWarning: Invalid uuid: neutron. To ensure interoperability, identifiers should be a valid uuid. warnings.warn(('Invalid uuid: %s. To ensure interoperability, '
2026-06-02 22:35:31.723 9 INFO neutron.api.wsgi [req-13efe7b2-e0f3-4899-8aa6-70c0ebabb869 req-55c502bd-a7b8-4433-803e-ed18f48114f2 36215caa9c3448d5aad95c4aa9c654d2 d5f418c27ddc4de2ad4be2e6b3e5628b - - default default] 10.0.0.112 "GET /v2.0/ports?device_id=f4ccee14-b6a5-4cc8-9b81-3dcd035198ef HTTP/1.1" status: 200 len: 1168 time: 0.0425143
2026-06-02 22:35:31.754 9 INFO neutron.notifiers.nova [-] Nova event matching ['req-bcd058f6-ba2b-433c-91d1-0708fe247c25'] response: {'server_uuid': 'f4ccee14-b6a5-4cc8-9b81-3dcd035198ef', 'name': 'network-vif-unplugged', 'status': 'completed', 'tag': '6da14b3d-eb95-458d-8336-720b110f8482', 'code': 200}
2026-06-02 22:35:31.754 9 INFO neutron.notifiers.nova [-] Nova event matching ['req-bcd058f6-ba2b-433c-91d1-0708fe247c25'] response: {'server_uuid': 'f4ccee14-b6a5-4cc8-9b81-3dcd035198ef', 'name': 'network-vif-unplugged', 'status': 'completed', 'tag': '6da14b3d-eb95-458d-8336-720b110f8482', 'code': 200}
2026-06-02 22:35:31.764 9 INFO neutron.api.wsgi [req-13efe7b2-e0f3-4899-8aa6-70c0ebabb869 req-ace186ae-3a5b-456a-83ca-caf917850053 36215caa9c3448d5aad95c4aa9c654d2 d5f418c27ddc4de2ad4be2e6b3e5628b - - default default] 10.0.0.112 "GET /v2.0/security-groups?id=35de0944-0041-4b08-9e98-156f6d042feb&fields=id&fields=name HTTP/1.1" status: 200 len: 312 time: 0.0371640
2026-06-02 22:35:31.778 10 INFO neutron.api.wsgi [req-c3a6a82e-330a-4c00-8dc1-402d271f6079 req-5828177d-5e65-4690-aa96-80289f23352b 36215caa9c3448d5aad95c4aa9c654d2 d5f418c27ddc4de2ad4be2e6b3e5628b - - default default] 199.204.45.210 "GET /v2.0/ports?device_id=f4ccee14-b6a5-4cc8-9b81-3dcd035198ef HTTP/1.1" status: 200 len: 1168 time: 0.0459309
