2026-06-02 22:39:18.993 10 INFO neutron.api.wsgi [None req-c693b419-b1b6-4b3d-890d-9024d557b54b 153680424e88497ea1509462520d423f e0008f3729454f5ba0b038cf00117bca - - default default] 10.0.0.127 "GET /v2.0/ports?device_id=71547bd1-3ab2-4aa3-aba6-987f64819519 HTTP/1.1" status: 200 len: 1140 time: 0.0691576
2026-06-02 22:39:19.162 10 WARNING neutron.plugins.ml2.drivers.ovn.mech_driver.ovsdb.ovn_client [None req-3dc47f8b-aee7-40c7-96e7-d0f38eb56b98 - - - - - -] No port found with ID 3bb8e1e1-3561-4735-92a0-9bbc057fad90: RuntimeError: No port found with ID 3bb8e1e1-3561-4735-92a0-9bbc057fad90
2026-06-02 22:39:19.162 10 INFO neutron.plugins.ml2.drivers.ovn.mech_driver.mech_driver [None req-3dc47f8b-aee7-40c7-96e7-d0f38eb56b98 - - - - - -] OVN reports status down for port: 6c38d6b0-fbb1-4d1d-9cea-dea6a487e2e3 /var/lib/openstack/lib/python3.12/site-packages/pycadf/identifier.py:71: UserWarning: Invalid uuid: neutron. To ensure interoperability, identifiers should be a valid uuid. warnings.warn(('Invalid uuid: %s. To ensure interoperability, '
2026-06-02 22:39:19.240 10 INFO neutron.api.wsgi [req-7b0d925b-8857-4111-9573-436f04898187 req-a842080a-9c19-4784-a545-72407f9a91ba dd88eb0dc2ee406ba28d678e90410501 6b8aedb1a33246259d28993153be3dcb - - default default] 10.0.0.112 "GET /v2.0/ports?device_id=6eced1bc-175e-4348-8938-fce2e9ee595c HTTP/1.1" status: 200 len: 210 time: 0.0206828
2026-06-02 22:39:20.058 10 INFO neutron.api.wsgi [None req-c630b902-c9e9-483b-8435-3c52695d1788 153680424e88497ea1509462520d423f e0008f3729454f5ba0b038cf00117bca - - default default] 10.0.0.127 "PUT /v2.0/routers/71547bd1-3ab2-4aa3-aba6-987f64819519/remove_router_interface HTTP/1.1" status: 200 len: 503 time: 1.0609543
2026-06-02 22:39:20.278 9 INFO neutron.api.wsgi [req-2f467319-b83a-4885-8fb0-5d1b6d433dea req-7308d869-00d3-430e-b682-99fc3a05c0da ef9431564eb743c9882dee4928ccf684 a39275425c5d4935bd47dbb81ee2a16c - - default default] 10.0.0.112 "GET /v2.0/security-groups?id=4c068af3-e1c9-4998-982c-a86741b82e1f&fields=id HTTP/1.1" status: 200 len: 267 time: 0.0360634
2026-06-02 22:39:20.342 9 INFO neutron.api.wsgi [req-2f467319-b83a-4885-8fb0-5d1b6d433dea req-74afb088-4714-48f6-8968-1dc27dedc251 ef9431564eb743c9882dee4928ccf684 a39275425c5d4935bd47dbb81ee2a16c - - default default] 10.0.0.112 "GET /v2.0/networks?id=90d69d93-242a-49ef-97a8-2ad6f8bc00e0 HTTP/1.1" status: 200 len: 935 time: 0.0546963
2026-06-02 22:39:20.364 9 INFO neutron.api.wsgi [req-2f467319-b83a-4885-8fb0-5d1b6d433dea req-320b7049-5c54-492c-905b-210d084ada8d ef9431564eb743c9882dee4928ccf684 a39275425c5d4935bd47dbb81ee2a16c - - default default] 10.0.0.112 "GET /v2.0/quotas/a39275425c5d4935bd47dbb81ee2a16c HTTP/1.1" status: 200 len: 490 time: 0.0148351 /var/lib/openstack/lib/python3.12/site-packages/pycadf/identifier.py:71: UserWarning: Invalid uuid: neutron. To ensure interoperability, identifiers should be a valid uuid. warnings.warn(('Invalid uuid: %s. To ensure interoperability, '
2026-06-02 22:39:20.433 9 INFO neutron.api.wsgi [req-2f467319-b83a-4885-8fb0-5d1b6d433dea req-2252af88-26a0-480a-a32c-2ece30ccacbf ef9431564eb743c9882dee4928ccf684 a39275425c5d4935bd47dbb81ee2a16c - - default default] 10.0.0.112 "GET /v2.0/ports?tenant_id=a39275425c5d4935bd47dbb81ee2a16c&fields=id HTTP/1.1" status: 200 len: 348 time: 0.0626791
2026-06-02 22:39:20.495 10 INFO neutron.api.wsgi [None req-88b1a9a6-847d-4017-80aa-6764328aae8f dd88eb0dc2ee406ba28d678e90410501 6b8aedb1a33246259d28993153be3dcb - - default default] 10.0.0.127 "DELETE /v2.0/security-groups/958888a2-6669-4d89-9456-6b9723867313 HTTP/1.1" status: 204 len: 168 time: 0.1271508
2026-06-02 22:39:20.506 9 INFO neutron.api.wsgi [req-2f467319-b83a-4885-8fb0-5d1b6d433dea req-24a156a9-d3c8-4b7f-9678-b7a37d14ae26 86522596c94245479eef5d0926326a20 1792dd84f79b4d8293e2c1f6eea1db25 - - 4c9fd5d11ba8420cb8bdb12be613f9dd 4c9fd5d11ba8420cb8bdb12be613f9dd] 10.0.0.112 "GET /v2.0/networks/90d69d93-242a-49ef-97a8-2ad6f8bc00e0?fields=segments HTTP/1.1" status: 200 len: 212 time: 0.0607498
2026-06-02 22:39:20.509 10 INFO neutron.api.v2.resource [None req-0177801b-605b-4e37-af4a-e0e84f6e54ef dd88eb0dc2ee406ba28d678e90410501 6b8aedb1a33246259d28993153be3dcb - - default default] show failed (client error): The resource could not be found.
2026-06-02 22:39:20.510 10 INFO neutron.api.wsgi [None req-0177801b-605b-4e37-af4a-e0e84f6e54ef dd88eb0dc2ee406ba28d678e90410501 6b8aedb1a33246259d28993153be3dcb - - default default] 10.0.0.127 "GET /v2.0/security-groups/958888a2-6669-4d89-9456-6b9723867313 HTTP/1.1" status: 404 len: 347 time: 0.0103462
2026-06-02 22:39:20.555 9 INFO neutron.api.wsgi [req-2f467319-b83a-4885-8fb0-5d1b6d433dea req-99c93f2b-9182-49ed-98dc-0ab5563f05cf 86522596c94245479eef5d0926326a20 1792dd84f79b4d8293e2c1f6eea1db25 - - 4c9fd5d11ba8420cb8bdb12be613f9dd 4c9fd5d11ba8420cb8bdb12be613f9dd] 10.0.0.112 "GET /v2.0/networks/90d69d93-242a-49ef-97a8-2ad6f8bc00e0?fields=provider%3Aphysical_network&fields=provider%3Anetwork_type HTTP/1.1" status: 200 len: 277 time: 0.0401428
2026-06-02 22:39:20.769 9 INFO neutron.api.wsgi [None req-2e08c587-46d1-44d3-bb02-8e94b1f9c8b2 153680424e88497ea1509462520d423f e0008f3729454f5ba0b038cf00117bca - - default default] 10.0.0.127 "DELETE /v2.0/routers/71547bd1-3ab2-4aa3-aba6-987f64819519 HTTP/1.1" status: 204 len: 168 time: 0.7070944
2026-06-02 22:39:20.772 10 INFO neutron.api.wsgi [None req-d21084ee-017b-4a71-b05d-443b02527945 dd88eb0dc2ee406ba28d678e90410501 6b8aedb1a33246259d28993153be3dcb - - default default] 10.0.0.127 "DELETE /v2.0/floatingips/e99da041-8d91-4c8c-9019-c7294b6e998f HTTP/1.1" status: 204 len: 168 time: 0.2574129
2026-06-02 22:39:20.828 10 INFO neutron.api.wsgi [None req-f251ee1f-02dd-48ca-9475-efab4794483d 153680424e88497ea1509462520d423f e0008f3729454f5ba0b038cf00117bca - - default default] 10.0.0.127 "GET /v2.0/routers/10a9e2cf-5a5a-4f4d-85d2-50c0b9a1c15a HTTP/1.1" status: 200 len: 1137 time: 0.0536582
2026-06-02 22:39:20.940 9 INFO neutron.api.wsgi [None req-1ce8e2f5-43e1-4d5b-a070-9a3d9147b7de dd88eb0dc2ee406ba28d678e90410501 6b8aedb1a33246259d28993153be3dcb - - default default] 10.0.0.127 "DELETE /v2.0/security-groups/b509b005-b638-4184-bd06-842f6b47a99f HTTP/1.1" status: 204 len: 168 time: 0.1631148
2026-06-02 22:39:21.203 9 INFO neutron.api.wsgi [req-45e25c2b-f527-4f37-a25b-913eb35d6aaf req-a4e29b2c-da67-44e8-95d1-101efd5fa6d6 ef9431564eb743c9882dee4928ccf684 a39275425c5d4935bd47dbb81ee2a16c - - default default] 10.0.0.112 "GET /v2.0/ports?device_id=852fb7c7-045f-4278-af11-94ec99378afd HTTP/1.1" status: 200 len: 210 time: 0.0168431
2026-06-02 22:39:21.256 10 INFO neutron.api.wsgi [req-ac157f5f-bd0c-467a-88bd-c49233514f7c req-7bd94644-8228-4547-9da8-28000d91247e ef9431564eb743c9882dee4928ccf684 a39275425c5d4935bd47dbb81ee2a16c - - default default] 10.0.0.112 "GET /v2.0/ports?device_id=852fb7c7-045f-4278-af11-94ec99378afd HTTP/1.1" status: 200 len: 210 time: 0.0199018
2026-06-02 22:39:21.470 10 INFO neutron.db.ovn_revision_numbers_db [None req-65fae2c9-7195-4b2c-a49f-ac06b171a6d7 153680424e88497ea1509462520d423f e0008f3729454f5ba0b038cf00117bca - - default default] Successfully bumped revision number for resource 10a9e2cf-5a5a-4f4d-85d2-50c0b9a1c15a (type: routers) to 5
2026-06-02 22:39:21.476 10 INFO neutron.api.wsgi [None req-65fae2c9-7195-4b2c-a49f-ac06b171a6d7 153680424e88497ea1509462520d423f e0008f3729454f5ba0b038cf00117bca - - default default] 10.0.0.127 "PUT /v2.0/routers/10a9e2cf-5a5a-4f4d-85d2-50c0b9a1c15a HTTP/1.1" status: 200 len: 1137 time: 0.6436219
2026-06-02 22:39:21.552 10 INFO neutron.api.wsgi [None req-3fa1d56e-492a-406c-85a9-91e6f3bf3709 153680424e88497ea1509462520d423f e0008f3729454f5ba0b038cf00117bca - - default default] 10.0.0.127 "GET /v2.0/ports?device_id=10a9e2cf-5a5a-4f4d-85d2-50c0b9a1c15a HTTP/1.1" status: 200 len: 1144 time: 0.0697584
2026-06-02 22:39:22.152 9 INFO neutron.api.wsgi [None req-6cc610dc-133e-4ef2-8c8b-cbca3e74d035 ef9431564eb743c9882dee4928ccf684 a39275425c5d4935bd47dbb81ee2a16c - - default default] 10.0.0.127 "PUT /v2.0/routers/4934f2f9-1169-4cf0-9aa2-818c2e17f46a/remove_router_interface HTTP/1.1" status: 200 len: 503 time: 1.1682422 /var/lib/openstack/lib/python3.12/site-packages/pycadf/identifier.py:71: UserWarning: Invalid uuid: neutron. To ensure interoperability, identifiers should be a valid uuid. warnings.warn(('Invalid uuid: %s. To ensure interoperability, '
2026-06-02 22:39:22.285 10 INFO neutron.api.wsgi [None req-28f7717e-27a1-4323-b400-93aa2cb337b5 153680424e88497ea1509462520d423f e0008f3729454f5ba0b038cf00117bca - - default default] 10.0.0.127 "PUT /v2.0/routers/10a9e2cf-5a5a-4f4d-85d2-50c0b9a1c15a/remove_router_interface HTTP/1.1" status: 200 len: 503 time: 0.7271829 /var/lib/openstack/lib/python3.12/site-packages/pycadf/identifier.py:71: UserWarning: Invalid uuid: neutron. To ensure interoperability, identifiers should be a valid uuid. warnings.warn(('Invalid uuid: %s. To ensure interoperability, '
2026-06-02 22:39:22.766 9 INFO neutron.api.wsgi [None req-ca024411-4cda-4a7d-b931-47efa3573eaf ef9431564eb743c9882dee4928ccf684 a39275425c5d4935bd47dbb81ee2a16c - - default default] 10.0.0.127 "DELETE /v2.0/routers/4934f2f9-1169-4cf0-9aa2-818c2e17f46a HTTP/1.1" status: 204 len: 168 time: 0.6092410
2026-06-02 22:39:22.919 10 INFO neutron.api.wsgi [None req-1a801eeb-3a6f-45bb-9d5d-184da647d240 153680424e88497ea1509462520d423f e0008f3729454f5ba0b038cf00117bca - - default default] 10.0.0.127 "DELETE /v2.0/routers/10a9e2cf-5a5a-4f4d-85d2-50c0b9a1c15a HTTP/1.1" status: 204 len: 168 time: 0.6293073
2026-06-02 22:39:22.933 9 INFO neutron.api.wsgi [None req-3d75fe06-8cbf-405f-bbb1-fc114f2a3ce7 ef9431564eb743c9882dee4928ccf684 a39275425c5d4935bd47dbb81ee2a16c - - default default] 10.0.0.127 "DELETE /v2.0/subnets/202f2fb1-f54a-4263-99f3-6d851918dfa1 HTTP/1.1" status: 204 len: 168 time: 0.1630101
2026-06-02 22:39:22.984 10 INFO neutron.api.wsgi [None req-31919a37-f329-4a60-b024-098074bff90f 153680424e88497ea1509462520d423f e0008f3729454f5ba0b038cf00117bca - - default default] 10.0.0.127 "GET /v2.0/routers/c3ad923a-17d5-4645-ba9b-936709530558 HTTP/1.1" status: 200 len: 1136 time: 0.0607059
2026-06-02 22:39:23.199 9 INFO neutron.services.segments.plugin [-] Segment a1ba45dc-9613-4672-af0f-a517c8b2b0d8 resource provider aggregate not found
2026-06-02 22:39:23.202 9 INFO neutron.services.segments.plugin [-] Segment a1ba45dc-9613-4672-af0f-a517c8b2b0d8 resource provider aggregate not found
2026-06-02 22:39:23.210 9 INFO neutron.services.segments.plugin [-] Segment a1ba45dc-9613-4672-af0f-a517c8b2b0d8 resource provider not found; error: Placement Client Error (4xx): {"errors": [{"status": 404, "title": "Not Found", "detail": "The resource could not be found.\n\n No resource provider with uuid a1ba45dc-9613-4672-af0f-a517c8b2b0d8 found for delete ", "request_id": "req-a3b6cbfe-b0b9-4130-aa13-16244bcbf4f0"}]}
2026-06-02 22:39:23.214 9 INFO neutron.services.segments.plugin [-] Segment a1ba45dc-9613-4672-af0f-a517c8b2b0d8 resource provider not found; error: Placement Client Error (4xx): {"errors": [{"status": 404, "title": "Not Found", "detail": "The resource could not be found.\n\n No resource provider with uuid a1ba45dc-9613-4672-af0f-a517c8b2b0d8 found for delete ", "request_id": "req-e66f5c19-9b81-4b8c-ae18-ce505f0c783e"}]}
2026-06-02 22:39:23.238 9 INFO neutron.api.wsgi [None req-b0c04929-167c-47b9-bec3-777636114f8b ef9431564eb743c9882dee4928ccf684 a39275425c5d4935bd47dbb81ee2a16c - - default default] 10.0.0.127 "DELETE /v2.0/networks/c95a1f8b-b0c6-4eae-ad72-885e7a25a3d6 HTTP/1.1" status: 204 len: 168 time: 0.3006711
2026-06-02 22:39:23.634 10 INFO neutron.db.ovn_revision_numbers_db [None req-18177ba3-191f-4e5a-97a0-0e7cbad23b63 153680424e88497ea1509462520d423f e0008f3729454f5ba0b038cf00117bca - - default default] Successfully bumped revision number for resource c3ad923a-17d5-4645-ba9b-936709530558 (type: routers) to 5
2026-06-02 22:39:23.639 10 INFO neutron.api.wsgi [None req-18177ba3-191f-4e5a-97a0-0e7cbad23b63 153680424e88497ea1509462520d423f e0008f3729454f5ba0b038cf00117bca - - default default] 10.0.0.127 "PUT /v2.0/routers/c3ad923a-17d5-4645-ba9b-936709530558 HTTP/1.1" status: 200 len: 1136 time: 0.6494546
2026-06-02 22:39:23.705 10 INFO neutron.api.wsgi [None req-aa190d90-2da0-4949-8fca-b6e993850e9c 153680424e88497ea1509462520d423f e0008f3729454f5ba0b038cf00117bca - - default default] 10.0.0.127 "GET /v2.0/ports?device_id=c3ad923a-17d5-4645-ba9b-936709530558 HTTP/1.1" status: 200 len: 1144 time: 0.0625484
2026-06-02 22:39:23.834 10 INFO neutron.api.wsgi [req-19bbc724-4bb5-4ede-b926-1527861b6889 req-4ac59e48-f45e-4f0f-ba40-cf1a4bc0f623 ef9431564eb743c9882dee4928ccf684 a39275425c5d4935bd47dbb81ee2a16c - - default default] 10.0.0.112 "GET /v2.0/ports?device_id=852fb7c7-045f-4278-af11-94ec99378afd HTTP/1.1" status: 200 len: 210 time: 0.0149026
2026-06-02 22:39:23.921 9 INFO neutron.api.wsgi [req-9adc28cc-4e96-49b4-b2de-d8a68c79068c req-55edba17-6864-4cf4-bc14-27c78018ce06 ef9431564eb743c9882dee4928ccf684 a39275425c5d4935bd47dbb81ee2a16c - - default default] 10.0.0.112 "GET /v2.0/ports?device_id=852fb7c7-045f-4278-af11-94ec99378afd HTTP/1.1" status: 200 len: 210 time: 0.0206125
2026-06-02 22:39:24.257 9 INFO neutron.api.wsgi [None req-e98e78c3-c03f-4e84-b33d-81828828db0e ef9431564eb743c9882dee4928ccf684 a39275425c5d4935bd47dbb81ee2a16c - - default default] 10.0.0.127 "PUT /v2.0/routers/76eaef34-255e-43ea-b391-ea6f362399da/remove_router_interface HTTP/1.1" status: 200 len: 503 time: 1.0048544 /var/lib/openstack/lib/python3.12/site-packages/pycadf/identifier.py:71: UserWarning: Invalid uuid: neutron. To ensure interoperability, identifiers should be a valid uuid. warnings.warn(('Invalid uuid: %s. To ensure interoperability, '
2026-06-02 22:39:24.449 10 INFO neutron.api.wsgi [None req-ab191392-0237-4f12-a252-3e5e2a9a7ffc 153680424e88497ea1509462520d423f e0008f3729454f5ba0b038cf00117bca - - default default] 10.0.0.127 "PUT /v2.0/routers/c3ad923a-17d5-4645-ba9b-936709530558/remove_router_interface HTTP/1.1" status: 200 len: 503 time: 0.7381554 /var/lib/openstack/lib/python3.12/site-packages/pycadf/identifier.py:71: UserWarning: Invalid uuid: neutron. To ensure interoperability, identifiers should be a valid uuid. warnings.warn(('Invalid uuid: %s. To ensure interoperability, '
2026-06-02 22:39:24.821 9 INFO neutron.api.wsgi [None req-1337baf1-20fc-4e5d-8682-e39b08546ec3 ef9431564eb743c9882dee4928ccf684 a39275425c5d4935bd47dbb81ee2a16c - - default default] 10.0.0.127 "DELETE /v2.0/routers/76eaef34-255e-43ea-b391-ea6f362399da HTTP/1.1" status: 204 len: 168 time: 0.5592535
2026-06-02 22:39:24.969 9 INFO neutron.api.wsgi [None req-6610f1ed-7c80-40e8-8b5f-1c5245bc84d0 ef9431564eb743c9882dee4928ccf684 a39275425c5d4935bd47dbb81ee2a16c - - default default] 10.0.0.127 "DELETE /v2.0/subnets/f6b719f4-5ff3-4517-9466-ceef7297c23a HTTP/1.1" status: 204 len: 168 time: 0.1424611
2026-06-02 22:39:25.060 10 INFO neutron.api.wsgi [None req-08704aac-77b2-45e0-9b99-41a595c102d5 153680424e88497ea1509462520d423f e0008f3729454f5ba0b038cf00117bca - - default default] 10.0.0.127 "DELETE /v2.0/routers/c3ad923a-17d5-4645-ba9b-936709530558 HTTP/1.1" status: 204 len: 168 time: 0.6052387
2026-06-02 22:39:25.077 10 INFO neutron.api.v2.resource [None req-88166206-9f9e-4fd4-bf09-285c1fe506d9 153680424e88497ea1509462520d423f e0008f3729454f5ba0b038cf00117bca - - default default] show failed (client error): The resource could not be found.
2026-06-02 22:39:25.078 10 INFO neutron.api.wsgi [None req-88166206-9f9e-4fd4-bf09-285c1fe506d9 153680424e88497ea1509462520d423f e0008f3729454f5ba0b038cf00117bca - - default default] 10.0.0.127 "GET /v2.0/routers/6dfa0158-4ad2-45e1-afa9-9e36d8ae26ce HTTP/1.1" status: 404 len: 336 time: 0.0137672
2026-06-02 22:39:25.140 9 INFO neutron.api.wsgi [req-2f467319-b83a-4885-8fb0-5d1b6d433dea req-0b963dfe-579c-414e-9a43-94abfa80b33f ef9431564eb743c9882dee4928ccf684 a39275425c5d4935bd47dbb81ee2a16c - - default default] 199.204.45.210 "GET /v2.0/networks?id=90d69d93-242a-49ef-97a8-2ad6f8bc00e0 HTTP/1.1" status: 200 len: 935 time: 0.0483429
2026-06-02 22:39:25.183 9 INFO neutron.api.wsgi [req-2f467319-b83a-4885-8fb0-5d1b6d433dea req-b07479cc-13fd-4a2b-ab38-89a922a7f356 ef9431564eb743c9882dee4928ccf684 a39275425c5d4935bd47dbb81ee2a16c - - default default] 199.204.45.210 "GET /v2.0/security-groups?fields=id&fields=name&tenant_id=a39275425c5d4935bd47dbb81ee2a16c HTTP/1.1" status: 200 len: 542 time: 0.0382841
2026-06-02 22:39:25.260 10 INFO neutron.api.wsgi [None req-0791b8aa-dcb4-456c-949a-47ea11a83c3a 153680424e88497ea1509462520d423f e0008f3729454f5ba0b038cf00117bca - - default default] 10.0.0.127 "DELETE /v2.0/subnets/dab0363b-11de-4870-b657-1260b9d1eaa5 HTTP/1.1" status: 204 len: 168 time: 0.1774242
2026-06-02 22:39:25.265 9 INFO neutron.services.segments.plugin [-] Segment a9d80ba6-0d03-4d23-a0f1-b835dd52a2c3 resource provider aggregate not found
2026-06-02 22:39:25.271 9 INFO neutron.services.segments.plugin [-] Segment a9d80ba6-0d03-4d23-a0f1-b835dd52a2c3 resource provider aggregate not found
2026-06-02 22:39:25.275 9 INFO neutron.services.segments.plugin [-] Segment a9d80ba6-0d03-4d23-a0f1-b835dd52a2c3 resource provider not found; error: Placement Client Error (4xx): {"errors": [{"status": 404, "title": "Not Found", "detail": "The resource could not be found.\n\n No resource provider with uuid a9d80ba6-0d03-4d23-a0f1-b835dd52a2c3 found for delete ", "request_id": "req-3df1a851-594e-4e36-a2be-168582727c50"}]}
2026-06-02 22:39:25.279 9 INFO neutron.services.segments.plugin [-] Segment a9d80ba6-0d03-4d23-a0f1-b835dd52a2c3 resource provider not found; error: Placement Client Error (4xx): {"errors": [{"status": 404, "title": "Not Found", "detail": "The resource could not be found.\n\n No resource provider with uuid a9d80ba6-0d03-4d23-a0f1-b835dd52a2c3 found for delete ", "request_id": "req-9d26e434-59e7-4577-8066-8bf3cdd44da4"}]}
2026-06-02 22:39:25.314 9 INFO neutron.api.wsgi [None req-4180a0bd-44e2-4b27-b9b0-5839d433f336 ef9431564eb743c9882dee4928ccf684 a39275425c5d4935bd47dbb81ee2a16c - - default default] 10.0.0.127 "DELETE /v2.0/networks/8e6df8bb-0bd3-4ee9-b119-8ce442041aa2 HTTP/1.1" status: 204 len: 168 time: 0.3395658
2026-06-02 22:39:25.406 10 INFO neutron.api.wsgi [None req-5f53f98e-1810-471b-b1f3-9ba1037dd0a6 153680424e88497ea1509462520d423f e0008f3729454f5ba0b038cf00117bca - - default default] 10.0.0.127 "DELETE /v2.0/subnets/81c428de-d045-4db6-b45b-975ac626756c HTTP/1.1" status: 204 len: 168 time: 0.1423490
2026-06-02 22:39:25.434 9 WARNING neutron.scheduler.dhcp_agent_scheduler [req-2f467319-b83a-4885-8fb0-5d1b6d433dea req-2613c253-3fdb-4d8b-baf6-cbb5a74e96b9 ef9431564eb743c9882dee4928ccf684 a39275425c5d4935bd47dbb81ee2a16c - - default default] No more DHCP agents
2026-06-02 22:39:25.435 9 WARNING neutron.api.rpc.agentnotifiers.dhcp_rpc_agent_api [req-2f467319-b83a-4885-8fb0-5d1b6d433dea req-2613c253-3fdb-4d8b-baf6-cbb5a74e96b9 ef9431564eb743c9882dee4928ccf684 a39275425c5d4935bd47dbb81ee2a16c - - default default] Unable to schedule network 90d69d93-242a-49ef-97a8-2ad6f8bc00e0: no agents available; will retry on subsequent port and subnet creation events.
2026-06-02 22:39:25.548 9 INFO neutron.db.ovn_revision_numbers_db [req-2f467319-b83a-4885-8fb0-5d1b6d433dea req-2613c253-3fdb-4d8b-baf6-cbb5a74e96b9 ef9431564eb743c9882dee4928ccf684 a39275425c5d4935bd47dbb81ee2a16c - - default default] Successfully bumped revision number for resource 58e524be-fbd3-4f9d-82ab-12f5a99e45f6 (type: ports) to 1
2026-06-02 22:39:25.559 10 INFO neutron.api.wsgi [None req-c927c193-bf88-4314-8308-8189397dda05 153680424e88497ea1509462520d423f e0008f3729454f5ba0b038cf00117bca - - default default] 10.0.0.127 "DELETE /v2.0/subnets/a09209a4-217a-4c0f-8115-2e1a2f0cdde4 HTTP/1.1" status: 204 len: 168 time: 0.1469450
2026-06-02 22:39:25.562 10 INFO neutron.api.wsgi [None req-47cac2fb-8d67-44e6-9afb-c026ab2d5665 ef9431564eb743c9882dee4928ccf684 a39275425c5d4935bd47dbb81ee2a16c - - default default] 10.0.0.127 "GET /v2.0/security-groups?tenant_id=6b8aedb1a33246259d28993153be3dcb&name=default HTTP/1.1" status: 200 len: 3120 time: 0.0321171
2026-06-02 22:39:25.567 9 INFO neutron.api.wsgi [req-2f467319-b83a-4885-8fb0-5d1b6d433dea req-2613c253-3fdb-4d8b-baf6-cbb5a74e96b9 ef9431564eb743c9882dee4928ccf684 a39275425c5d4935bd47dbb81ee2a16c - - default default] 199.204.45.210 "POST /v2.0/ports HTTP/1.1" status: 201 len: 1287 time: 0.3814328 /var/lib/openstack/lib/python3.12/site-packages/pycadf/identifier.py:71: UserWarning: Invalid uuid: neutron. To ensure interoperability, identifiers should be a valid uuid. warnings.warn(('Invalid uuid: %s. To ensure interoperability, '
2026-06-02 22:39:25.571 10 INFO neutron.pecan_wsgi.hooks.translation [None req-a3ffa4b3-397e-419b-809a-4a07be58d541 153680424e88497ea1509462520d423f e0008f3729454f5ba0b038cf00117bca - - default default] DELETE failed (client error): The resource could not be found.
2026-06-02 22:39:25.573 10 INFO neutron.api.wsgi [None req-a3ffa4b3-397e-419b-809a-4a07be58d541 153680424e88497ea1509462520d423f e0008f3729454f5ba0b038cf00117bca - - default default] 10.0.0.127 "DELETE /v2.0/subnets/59288822-1f9f-46ea-8dfd-71d7393e601f HTTP/1.1" status: 404 len: 337 time: 0.0087776
2026-06-02 22:39:25.823 9 INFO neutron.api.wsgi [None req-17f8554b-2c7a-4787-b1f9-7b9e782180d7 ef9431564eb743c9882dee4928ccf684 a39275425c5d4935bd47dbb81ee2a16c - - default default] 10.0.0.127 "DELETE /v2.0/security-groups/e47b1590-e8fc-4ab4-acef-1223e7e77231 HTTP/1.1" status: 204 len: 168 time: 0.2548230
2026-06-02 22:39:25.853 10 INFO neutron.services.segments.plugin [-] Segment 6d181c51-e07b-4955-a611-2e83a1c7b45d resource provider aggregate not found
2026-06-02 22:39:25.859 10 INFO neutron.services.segments.plugin [-] Segment 6d181c51-e07b-4955-a611-2e83a1c7b45d resource provider aggregate not found
2026-06-02 22:39:25.871 10 INFO neutron.services.segments.plugin [-] Segment 6d181c51-e07b-4955-a611-2e83a1c7b45d resource provider not found; error: Placement Client Error (4xx): {"errors": [{"status": 404, "title": "Not Found", "detail": "The resource could not be found.\n\n No resource provider with uuid 6d181c51-e07b-4955-a611-2e83a1c7b45d found for delete ", "request_id": "req-e03b2972-e29d-422b-9db4-1cbe512b8e6d"}]}
2026-06-02 22:39:25.872 10 INFO neutron.services.segments.plugin [-] Segment 6d181c51-e07b-4955-a611-2e83a1c7b45d resource provider not found; error: Placement Client Error (4xx): {"errors": [{"status": 404, "title": "Not Found", "detail": "The resource could not be found.\n\n No resource provider with uuid 6d181c51-e07b-4955-a611-2e83a1c7b45d found for delete ", "request_id": "req-971a98cb-2319-40ab-a3f0-0f9558a60bc7"}]}
2026-06-02 22:39:25.898 10 INFO neutron.api.wsgi [None req-20eebf43-88fb-43d0-8bc5-5a3c5579e644 153680424e88497ea1509462520d423f e0008f3729454f5ba0b038cf00117bca - - default default] 10.0.0.127 "DELETE /v2.0/networks/788dec47-5820-4b4d-8131-d4cb3aad1ce2 HTTP/1.1" status: 204 len: 168 time: 0.3213196
2026-06-02 22:39:25.991 10 INFO neutron.api.wsgi [None req-f9581049-af00-453e-a3b4-562b877000ff ef9431564eb743c9882dee4928ccf684 a39275425c5d4935bd47dbb81ee2a16c - - default default] 10.0.0.127 "GET /v2.0/security-groups?tenant_id=b24d7859415f45ce90ab7eb0b4e61395&name=default HTTP/1.1" status: 200 len: 3120 time: 0.0372283
2026-06-02 22:39:25.996 9 INFO neutron.db.ovn_revision_numbers_db [req-2f467319-b83a-4885-8fb0-5d1b6d433dea req-d3992a37-d49e-438b-b748-08436e625d9c 86522596c94245479eef5d0926326a20 1792dd84f79b4d8293e2c1f6eea1db25 - - 4c9fd5d11ba8420cb8bdb12be613f9dd 4c9fd5d11ba8420cb8bdb12be613f9dd] Successfully bumped revision number for resource 58e524be-fbd3-4f9d-82ab-12f5a99e45f6 (type: ports) to 2
2026-06-02 22:39:26.218 9 INFO neutron.db.ovn_revision_numbers_db [req-2f467319-b83a-4885-8fb0-5d1b6d433dea req-d3992a37-d49e-438b-b748-08436e625d9c 86522596c94245479eef5d0926326a20 1792dd84f79b4d8293e2c1f6eea1db25 - - 4c9fd5d11ba8420cb8bdb12be613f9dd 4c9fd5d11ba8420cb8bdb12be613f9dd] Successfully bumped revision number for resource 58e524be-fbd3-4f9d-82ab-12f5a99e45f6 (type: ports) to 4
2026-06-02 22:39:26.218 10 INFO neutron.api.wsgi [None req-e29aa285-41af-4f33-9e73-0ae13233e15f ef9431564eb743c9882dee4928ccf684 a39275425c5d4935bd47dbb81ee2a16c - - default default] 10.0.0.127 "DELETE /v2.0/security-groups/020b07af-0bc1-4cfe-a9e1-82226870f482 HTTP/1.1" status: 204 len: 168 time: 0.2214086
2026-06-02 22:39:26.240 9 INFO neutron.api.wsgi [req-2f467319-b83a-4885-8fb0-5d1b6d433dea req-d3992a37-d49e-438b-b748-08436e625d9c 86522596c94245479eef5d0926326a20 1792dd84f79b4d8293e2c1f6eea1db25 - - 4c9fd5d11ba8420cb8bdb12be613f9dd 4c9fd5d11ba8420cb8bdb12be613f9dd] 199.204.45.210 "PUT /v2.0/ports/58e524be-fbd3-4f9d-82ab-12f5a99e45f6 HTTP/1.1" status: 200 len: 1412 time: 0.6668448
2026-06-02 22:39:26.260 10 INFO neutron.api.wsgi [None req-0112d810-858b-4b9d-b656-8d01b58c8226 153680424e88497ea1509462520d423f e0008f3729454f5ba0b038cf00117bca - - default default] 10.0.0.127 "DELETE /v2.0/networks/8b5952f7-98fa-45fb-a492-e8ad408b3af0 HTTP/1.1" status: 204 len: 168 time: 0.3576667
2026-06-02 22:39:26.285 9 INFO neutron.notifiers.nova [-] Nova event matching ['req-88b2009f-14b7-44df-83ea-926cc4982998'] response: {'name': 'network-changed', 'server_uuid': '852fb7c7-045f-4278-af11-94ec99378afd', 'tag': '58e524be-fbd3-4f9d-82ab-12f5a99e45f6', 'status': 'completed', 'code': 200}
2026-06-02 22:39:26.595 10 INFO neutron.api.wsgi [None req-71201fd9-d042-43b1-8ca7-2758d4b4d8df 153680424e88497ea1509462520d423f e0008f3729454f5ba0b038cf00117bca - - default default] 10.0.0.127 "DELETE /v2.0/networks/084c0926-6f54-4581-9ddb-7ddd1cb29e6c HTTP/1.1" status: 204 len: 168 time: 0.3300788
2026-06-02 22:39:26.611 10 INFO neutron.pecan_wsgi.hooks.translation [None req-97888c6f-6185-4fc6-ab52-6c4168c8c886 153680424e88497ea1509462520d423f e0008f3729454f5ba0b038cf00117bca - - default default] DELETE failed (client error): The resource could not be found.
2026-06-02 22:39:26.613 10 INFO neutron.api.wsgi [None req-97888c6f-6185-4fc6-ab52-6c4168c8c886 153680424e88497ea1509462520d423f e0008f3729454f5ba0b038cf00117bca - - default default] 10.0.0.127 "DELETE /v2.0/networks/d3c01be9-540c-4db5-be30-decac70c8a8d HTTP/1.1" status: 404 len: 339 time: 0.0121510 /var/lib/openstack/lib/python3.12/site-packages/pycadf/identifier.py:71: UserWarning: Invalid uuid: neutron. To ensure interoperability, identifiers should be a valid uuid. warnings.warn(('Invalid uuid: %s. To ensure interoperability, '
2026-06-02 22:39:26.804 10 INFO neutron.api.wsgi [req-515af7c7-e694-4163-bb74-e2a6ca73a975 req-c4f8fd36-df1a-44e4-9875-35ef6ca6bb41 ef9431564eb743c9882dee4928ccf684 a39275425c5d4935bd47dbb81ee2a16c - - default default] 10.0.0.112 "GET /v2.0/ports?device_id=852fb7c7-045f-4278-af11-94ec99378afd HTTP/1.1" status: 200 len: 1415 time: 0.0354447
2026-06-02 22:39:26.822 9 INFO neutron.api.wsgi [req-18df0a5b-5181-4268-866f-3f3587ba61e2 req-c74563d0-3424-48e4-b15b-d0d8c02c30f3 86522596c94245479eef5d0926326a20 1792dd84f79b4d8293e2c1f6eea1db25 - - 4c9fd5d11ba8420cb8bdb12be613f9dd 4c9fd5d11ba8420cb8bdb12be613f9dd] 199.204.45.210 "GET /v2.0/ports?tenant_id=a39275425c5d4935bd47dbb81ee2a16c&device_id=852fb7c7-045f-4278-af11-94ec99378afd HTTP/1.1" status: 200 len: 1415 time: 0.0312259
2026-06-02 22:39:26.842 10 INFO neutron.api.wsgi [req-515af7c7-e694-4163-bb74-e2a6ca73a975 req-71904fe3-9b80-45d0-9c96-412795371f54 ef9431564eb743c9882dee4928ccf684 a39275425c5d4935bd47dbb81ee2a16c - - default default] 10.0.0.112 "GET /v2.0/security-groups?id=4c068af3-e1c9-4998-982c-a86741b82e1f&fields=id&fields=name HTTP/1.1" status: 200 len: 294 time: 0.0328374
2026-06-02 22:39:26.867 9 INFO neutron.api.wsgi [req-18df0a5b-5181-4268-866f-3f3587ba61e2 req-48640cf8-25e7-4bc3-81af-ecef402cb4af 86522596c94245479eef5d0926326a20 1792dd84f79b4d8293e2c1f6eea1db25 - - 4c9fd5d11ba8420cb8bdb12be613f9dd 4c9fd5d11ba8420cb8bdb12be613f9dd] 199.204.45.210 "GET /v2.0/networks?tenant_id=a39275425c5d4935bd47dbb81ee2a16c&shared=False HTTP/1.1" status: 200 len: 935 time: 0.0399339
2026-06-02 22:39:26.921 9 INFO neutron.api.wsgi [req-18df0a5b-5181-4268-866f-3f3587ba61e2 req-e6116878-f286-4848-a388-19e80b98a4d1 86522596c94245479eef5d0926326a20 1792dd84f79b4d8293e2c1f6eea1db25 - - 4c9fd5d11ba8420cb8bdb12be613f9dd 4c9fd5d11ba8420cb8bdb12be613f9dd] 199.204.45.210 "GET /v2.0/networks?shared=True HTTP/1.1" status: 200 len: 952 time: 0.0483823
2026-06-02 22:39:26.928 9 INFO neutron.api.wsgi [req-ce7246f6-e567-4451-b235-9760d3674ea8 req-985cac54-f8ea-420d-bc6d-9dd0f684b5cc ef9431564eb743c9882dee4928ccf684 a39275425c5d4935bd47dbb81ee2a16c - - default default] 10.0.0.112 "GET /v2.0/ports?device_id=852fb7c7-045f-4278-af11-94ec99378afd HTTP/1.1" status: 200 len: 1415 time: 0.0285387
2026-06-02 22:39:27.798 9 INFO neutron.db.ovn_revision_numbers_db [None req-02444819-9c08-4b22-b28d-26ab8a16bee7 ef9431564eb743c9882dee4928ccf684 a39275425c5d4935bd47dbb81ee2a16c - - default default] Successfully bumped revision number for resource e680c309-4599-4dab-bae4-325674b7b305 (type: security_groups) to 1
2026-06-02 22:39:27.810 9 INFO neutron.db.ovn_revision_numbers_db [None req-02444819-9c08-4b22-b28d-26ab8a16bee7 ef9431564eb743c9882dee4928ccf684 a39275425c5d4935bd47dbb81ee2a16c - - default default] Successfully bumped revision number for resource 500ef4e0-1f2b-4251-b600-f37219906799 (type: security_group_rules) to 0
2026-06-02 22:39:27.821 9 INFO neutron.db.ovn_revision_numbers_db [None req-02444819-9c08-4b22-b28d-26ab8a16bee7 ef9431564eb743c9882dee4928ccf684 a39275425c5d4935bd47dbb81ee2a16c - - default default] Successfully bumped revision number for resource dba09b18-91ce-4924-aeb0-5c709a0d8332 (type: security_group_rules) to 0
2026-06-02 22:39:27.833 9 INFO neutron.db.ovn_revision_numbers_db [None req-02444819-9c08-4b22-b28d-26ab8a16bee7 ef9431564eb743c9882dee4928ccf684 a39275425c5d4935bd47dbb81ee2a16c - - default default] Successfully bumped revision number for resource e6367b59-a30a-44f5-b471-4e51ca1f0714 (type: security_group_rules) to 0
2026-06-02 22:39:27.843 9 INFO neutron.db.ovn_revision_numbers_db [None req-02444819-9c08-4b22-b28d-26ab8a16bee7 ef9431564eb743c9882dee4928ccf684 a39275425c5d4935bd47dbb81ee2a16c - - default default] Successfully bumped revision number for resource fbe62c3d-cb15-44b1-bc09-5d27c2c88ee9 (type: security_group_rules) to 0
2026-06-02 22:39:27.877 9 INFO neutron.api.wsgi [None req-02444819-9c08-4b22-b28d-26ab8a16bee7 ef9431564eb743c9882dee4928ccf684 a39275425c5d4935bd47dbb81ee2a16c - - default default] 10.0.0.127 "GET /v2.0/security-groups?tenant_id=dea34140a4be43f38e5ead222c1b8d2d&name=default HTTP/1.1" status: 200 len: 3124 time: 0.6453474
2026-06-02 22:39:27.896 10 INFO neutron.services.segments.plugin [-] Segment 1b06a63b-112a-49be-b560-052c504a78c6 resource provider aggregate not found
2026-06-02 22:39:27.901 10 INFO neutron.services.segments.plugin [-] Segment 1b06a63b-112a-49be-b560-052c504a78c6 resource provider aggregate not found
2026-06-02 22:39:27.908 10 INFO neutron.services.segments.plugin [-] Segment 1b06a63b-112a-49be-b560-052c504a78c6 resource provider not found; error: Placement Client Error (4xx): {"errors": [{"status": 404, "title": "Not Found", "detail": "The resource could not be found.\n\n No resource provider with uuid 1b06a63b-112a-49be-b560-052c504a78c6 found for delete ", "request_id": "req-8d959bb0-0d55-4d1f-8afc-7cb4c823e727"}]}
2026-06-02 22:39:27.915 10 INFO neutron.services.segments.plugin [-] Segment 1b06a63b-112a-49be-b560-052c504a78c6 resource provider not found; error: Placement Client Error (4xx): {"errors": [{"status": 404, "title": "Not Found", "detail": "The resource could not be found.\n\n No resource provider with uuid 1b06a63b-112a-49be-b560-052c504a78c6 found for delete ", "request_id": "req-b5bf54c6-43b8-4d65-a3f3-0599e6020793"}]}
2026-06-02 22:39:27.920 10 INFO neutron.services.segments.plugin [-] Segment 11901cf2-379c-4b37-a5b0-16f79c0a01c9 resource provider aggregate not found
2026-06-02 22:39:27.928 10 INFO neutron.services.segments.plugin [-] Segment 11901cf2-379c-4b37-a5b0-16f79c0a01c9 resource provider aggregate not found
2026-06-02 22:39:27.935 10 INFO neutron.services.segments.plugin [-] Segment 11901cf2-379c-4b37-a5b0-16f79c0a01c9 resource provider not found; error: Placement Client Error (4xx): {"errors": [{"status": 404, "title": "Not Found", "detail": "The resource could not be found.\n\n No resource provider with uuid 11901cf2-379c-4b37-a5b0-16f79c0a01c9 found for delete ", "request_id": "req-dc5a5f91-0ac8-42cf-81f5-86025ea95351"}]}
2026-06-02 22:39:27.937 10 INFO neutron.services.segments.plugin [-] Segment 11901cf2-379c-4b37-a5b0-16f79c0a01c9 resource provider not found; error: Placement Client Error (4xx): {"errors": [{"status": 404, "title": "Not Found", "detail": "The resource could not be found.\n\n No resource provider with uuid 11901cf2-379c-4b37-a5b0-16f79c0a01c9 found for delete ", "request_id": "req-b2aa67e2-31b8-4ad1-a1e4-649c3cf0fd35"}]}
2026-06-02 22:39:27.967 9 INFO neutron.api.wsgi [req-2f467319-b83a-4885-8fb0-5d1b6d433dea req-e0ac394b-576a-4f28-aebd-ad1da371cd6b 86522596c94245479eef5d0926326a20 1792dd84f79b4d8293e2c1f6eea1db25 - - 4c9fd5d11ba8420cb8bdb12be613f9dd 4c9fd5d11ba8420cb8bdb12be613f9dd] 199.204.45.210 "GET /v2.0/ports?tenant_id=a39275425c5d4935bd47dbb81ee2a16c&device_id=852fb7c7-045f-4278-af11-94ec99378afd HTTP/1.1" status: 200 len: 1415 time: 0.0319505
2026-06-02 22:39:27.989 9 INFO neutron.api.wsgi [req-2f467319-b83a-4885-8fb0-5d1b6d433dea req-46c3ba6a-bf5a-4281-96f1-d23fd01915e3 86522596c94245479eef5d0926326a20 1792dd84f79b4d8293e2c1f6eea1db25 - - 4c9fd5d11ba8420cb8bdb12be613f9dd 4c9fd5d11ba8420cb8bdb12be613f9dd] 199.204.45.210 "GET /v2.0/floatingips?fixed_ip_address=172.24.0.211&port_id=58e524be-fbd3-4f9d-82ab-12f5a99e45f6 HTTP/1.1" status: 200 len: 217 time: 0.0159736
2026-06-02 22:39:28.011 9 INFO neutron.api.wsgi [req-2f467319-b83a-4885-8fb0-5d1b6d433dea req-cb09a98d-47a0-46dc-9c4a-68a56ed63dcc 86522596c94245479eef5d0926326a20 1792dd84f79b4d8293e2c1f6eea1db25 - - 4c9fd5d11ba8420cb8bdb12be613f9dd 4c9fd5d11ba8420cb8bdb12be613f9dd] 199.204.45.210 "GET /v2.0/subnets?id=8b7580d8-be75-4865-a3aa-96b6bb766b18 HTTP/1.1" status: 200 len: 853 time: 0.0185270
2026-06-02 22:39:28.035 9 INFO neutron.api.wsgi [req-2f467319-b83a-4885-8fb0-5d1b6d433dea req-1a5552c7-e069-4dd0-a27f-eee6cdb4ffe2 86522596c94245479eef5d0926326a20 1792dd84f79b4d8293e2c1f6eea1db25 - - 4c9fd5d11ba8420cb8bdb12be613f9dd 4c9fd5d11ba8420cb8bdb12be613f9dd] 199.204.45.210 "GET /v2.0/ports?network_id=90d69d93-242a-49ef-97a8-2ad6f8bc00e0&device_owner=network%3Adhcp HTTP/1.1" status: 200 len: 210 time: 0.0185959
2026-06-02 22:39:28.080 9 INFO neutron.api.wsgi [req-2f467319-b83a-4885-8fb0-5d1b6d433dea req-4b6b1763-0d74-4eb5-a33e-8718b9a738e4 86522596c94245479eef5d0926326a20 1792dd84f79b4d8293e2c1f6eea1db25 - - 4c9fd5d11ba8420cb8bdb12be613f9dd 4c9fd5d11ba8420cb8bdb12be613f9dd] 199.204.45.210 "GET /v2.0/networks/90d69d93-242a-49ef-97a8-2ad6f8bc00e0?fields=segments HTTP/1.1" status: 200 len: 212 time: 0.0392144
2026-06-02 22:39:28.110 9 INFO neutron.api.wsgi [None req-191963a6-1d09-4b71-8906-65d773d0da1a ef9431564eb743c9882dee4928ccf684 a39275425c5d4935bd47dbb81ee2a16c - - default default] 10.0.0.127 "DELETE /v2.0/security-groups/e680c309-4599-4dab-bae4-325674b7b305 HTTP/1.1" status: 204 len: 168 time: 0.2277417
2026-06-02 22:39:28.120 9 INFO neutron.api.wsgi [req-2f467319-b83a-4885-8fb0-5d1b6d433dea req-1ff3fc2b-5ba0-4108-a6b7-5613bdcb5d4d 86522596c94245479eef5d0926326a20 1792dd84f79b4d8293e2c1f6eea1db25 - - 4c9fd5d11ba8420cb8bdb12be613f9dd 4c9fd5d11ba8420cb8bdb12be613f9dd] 199.204.45.210 "GET /v2.0/networks/90d69d93-242a-49ef-97a8-2ad6f8bc00e0?fields=provider%3Aphysical_network&fields=provider%3Anetwork_type HTTP/1.1" status: 200 len: 277 time: 0.0357711
2026-06-02 22:39:28.235 10 INFO neutron.api.wsgi [None req-a81ffdcd-fb5b-40b9-b2e9-a6cb8c4c9384 ef9431564eb743c9882dee4928ccf684 a39275425c5d4935bd47dbb81ee2a16c - - default default] 10.0.0.127 "GET /v2.0/security-groups?tenant_id=e0008f3729454f5ba0b038cf00117bca&name=default HTTP/1.1" status: 200 len: 3120 time: 0.0303204
2026-06-02 22:39:28.439 10 INFO neutron.api.wsgi [None req-c5047ef3-1f1e-43d3-a339-c6eee62e1f55 ef9431564eb743c9882dee4928ccf684 a39275425c5d4935bd47dbb81ee2a16c - - default default] 10.0.0.127 "DELETE /v2.0/security-groups/281e518c-8ce4-4b7f-9093-a616ea9542fa HTTP/1.1" status: 204 len: 168 time: 0.1989434
2026-06-02 22:39:29.573 9 INFO neutron.api.wsgi [req-c37252d2-a333-480b-bfca-1feb5325bacf req-d41b78af-6d29-4760-aac4-f705f5db58d7 ef9431564eb743c9882dee4928ccf684 a39275425c5d4935bd47dbb81ee2a16c - - default default] 10.0.0.112 "GET /v2.0/ports?device_id=852fb7c7-045f-4278-af11-94ec99378afd HTTP/1.1" status: 200 len: 1415 time: 0.0315261
2026-06-02 22:39:29.613 9 INFO neutron.api.wsgi [req-c37252d2-a333-480b-bfca-1feb5325bacf req-366ad5c7-7124-4db4-92eb-dc1d574cfa49 ef9431564eb743c9882dee4928ccf684 a39275425c5d4935bd47dbb81ee2a16c - - default default] 10.0.0.112 "GET /v2.0/security-groups?id=4c068af3-e1c9-4998-982c-a86741b82e1f&fields=id&fields=name HTTP/1.1" status: 200 len: 294 time: 0.0337889
2026-06-02 22:39:29.692 10 INFO neutron.api.wsgi [req-6be9dfaa-ac7c-4b53-81e3-6ccba94106cf req-a8d8cb68-c437-46b3-9cc7-93e146f1529a ef9431564eb743c9882dee4928ccf684 a39275425c5d4935bd47dbb81ee2a16c - - default default] 10.0.0.112 "GET /v2.0/ports?device_id=852fb7c7-045f-4278-af11-94ec99378afd HTTP/1.1" status: 200 len: 1415 time: 0.0316339
2026-06-02 22:39:30.588 10 INFO neutron.db.ovn_revision_numbers_db [None req-e9076890-3a72-40e8-a613-60f2a0770635 45dad6855dc2434fa60252a6a24922b5 9eeaf27708e9473691f11eaa38a691d8 - - default default] Successfully bumped revision number for resource 75bfbf0d-5802-4a53-a7f7-af2f1029ebc4 (type: security_groups) to 1
2026-06-02 22:39:30.601 10 INFO neutron.db.ovn_revision_numbers_db [None req-e9076890-3a72-40e8-a613-60f2a0770635 45dad6855dc2434fa60252a6a24922b5 9eeaf27708e9473691f11eaa38a691d8 - - default default] Successfully bumped revision number for resource 265420c2-7dd2-46c3-8cca-4077e25d6d72 (type: security_group_rules) to 0
2026-06-02 22:39:30.614 10 INFO neutron.db.ovn_revision_numbers_db [None req-e9076890-3a72-40e8-a613-60f2a0770635 45dad6855dc2434fa60252a6a24922b5 9eeaf27708e9473691f11eaa38a691d8 - - default default] Successfully bumped revision number for resource 51d53101-00e0-42be-8ae7-0b21b96d79c1 (type: security_group_rules) to 0
2026-06-02 22:39:30.628 10 INFO neutron.db.ovn_revision_numbers_db [None req-e9076890-3a72-40e8-a613-60f2a0770635 45dad6855dc2434fa60252a6a24922b5 9eeaf27708e9473691f11eaa38a691d8 - - default default] Successfully bumped revision number for resource 52f1042e-18d4-487a-b2ac-9815c128b11b (type: security_group_rules) to 0
2026-06-02 22:39:30.643 10 INFO neutron.db.ovn_revision_numbers_db [None req-e9076890-3a72-40e8-a613-60f2a0770635 45dad6855dc2434fa60252a6a24922b5 9eeaf27708e9473691f11eaa38a691d8 - - default default] Successfully bumped revision number for resource 785d3efa-e537-4c7c-8d9f-525275ff9807 (type: security_group_rules) to 0
2026-06-02 22:39:30.716 10 INFO neutron.db.segments_db [None req-e9076890-3a72-40e8-a613-60f2a0770635 45dad6855dc2434fa60252a6a24922b5 9eeaf27708e9473691f11eaa38a691d8 - - default default] Added segment 00fe03ff-d3f2-4a4b-90b8-491efaafd53c of type geneve for network 99cb6f68-d74f-4a46-8b70-3f6280b36c6f
2026-06-02 22:39:30.812 10 INFO neutron.db.ovn_revision_numbers_db [None req-e9076890-3a72-40e8-a613-60f2a0770635 45dad6855dc2434fa60252a6a24922b5 9eeaf27708e9473691f11eaa38a691d8 - - default default] Successfully bumped revision number for resource 99cb6f68-d74f-4a46-8b70-3f6280b36c6f (type: networks) to 1
2026-06-02 22:39:30.950 10 WARNING neutron.scheduler.dhcp_agent_scheduler [None req-e9076890-3a72-40e8-a613-60f2a0770635 45dad6855dc2434fa60252a6a24922b5 9eeaf27708e9473691f11eaa38a691d8 - - default default] No more DHCP agents
2026-06-02 22:39:30.952 10 WARNING neutron.api.rpc.agentnotifiers.dhcp_rpc_agent_api [None req-e9076890-3a72-40e8-a613-60f2a0770635 45dad6855dc2434fa60252a6a24922b5 9eeaf27708e9473691f11eaa38a691d8 - - default default] Unable to schedule network 99cb6f68-d74f-4a46-8b70-3f6280b36c6f: no agents available; will retry on subsequent port and subnet creation events.
2026-06-02 22:39:31.007 10 INFO neutron.db.ovn_revision_numbers_db [None req-e9076890-3a72-40e8-a613-60f2a0770635 45dad6855dc2434fa60252a6a24922b5 9eeaf27708e9473691f11eaa38a691d8 - - default default] Successfully bumped revision number for resource 36052af7-9874-4136-92cc-8945c2153441 (type: ports) to 1
2026-06-02 22:39:31.027 10 INFO neutron.api.wsgi [None req-e9076890-3a72-40e8-a613-60f2a0770635 45dad6855dc2434fa60252a6a24922b5 9eeaf27708e9473691f11eaa38a691d8 - - default default] 10.0.0.127 "POST /v2.0/networks HTTP/1.1" status: 201 len: 928 time: 0.7362783
2026-06-02 22:39:31.163 10 WARNING neutron.scheduler.dhcp_agent_scheduler [None req-3497bea3-4912-4999-832f-ca7bcc5b6ce1 45dad6855dc2434fa60252a6a24922b5 9eeaf27708e9473691f11eaa38a691d8 - - default default] No more DHCP agents
2026-06-02 22:39:31.165 10 WARNING neutron.api.rpc.agentnotifiers.dhcp_rpc_agent_api [None req-3497bea3-4912-4999-832f-ca7bcc5b6ce1 45dad6855dc2434fa60252a6a24922b5 9eeaf27708e9473691f11eaa38a691d8 - - default default] Unable to schedule network 99cb6f68-d74f-4a46-8b70-3f6280b36c6f: no agents available; will retry on subsequent port and subnet creation events.
2026-06-02 22:39:31.488 9 INFO neutron.api.wsgi [req-b1e8f779-47f0-495f-af19-80f5869f8b53 req-ecd92a4c-de5a-4c61-abc8-4eb61b71d6c4 86522596c94245479eef5d0926326a20 1792dd84f79b4d8293e2c1f6eea1db25 - - 4c9fd5d11ba8420cb8bdb12be613f9dd 4c9fd5d11ba8420cb8bdb12be613f9dd] 199.204.45.210 "GET /v2.0/ports?device_id=852fb7c7-045f-4278-af11-94ec99378afd HTTP/1.1" status: 200 len: 1415 time: 0.0332322
2026-06-02 22:39:31.522 9 INFO neutron.api.wsgi [req-b1e8f779-47f0-495f-af19-80f5869f8b53 req-4a666282-8569-43c2-8545-d545f5b9b410 86522596c94245479eef5d0926326a20 1792dd84f79b4d8293e2c1f6eea1db25 - - 4c9fd5d11ba8420cb8bdb12be613f9dd 4c9fd5d11ba8420cb8bdb12be613f9dd] 199.204.45.210 "GET /v2.0/security-groups?id=4c068af3-e1c9-4998-982c-a86741b82e1f&fields=id&fields=name HTTP/1.1" status: 200 len: 294 time: 0.0305896
2026-06-02 22:39:31.551 10 INFO neutron.db.ovn_revision_numbers_db [None req-e29bb90d-4a71-4605-b7b1-56ed0bc64937 - - - - - -] Successfully bumped revision number for resource 36052af7-9874-4136-92cc-8945c2153441 (type: ports) to 2
2026-06-02 22:39:31.587 10 INFO neutron.db.ovn_revision_numbers_db [None req-e29bb90d-4a71-4605-b7b1-56ed0bc64937 - - - - - -] Successfully bumped revision number for resource 52978c3b-7fb0-4f9a-955c-da85e4bff576 (type: subnets) to 0
2026-06-02 22:39:31.601 10 INFO neutron.api.wsgi [None req-3497bea3-4912-4999-832f-ca7bcc5b6ce1 45dad6855dc2434fa60252a6a24922b5 9eeaf27708e9473691f11eaa38a691d8 - - default default] 10.0.0.127 "POST /v2.0/subnets HTTP/1.1" status: 201 len: 843 time: 0.5685394
2026-06-02 22:39:31.609 9 WARNING neutron.api.v2.base [None req-a2969e35-3f5e-4418-8a0b-ac561f797529 45dad6855dc2434fa60252a6a24922b5 9eeaf27708e9473691f11eaa38a691d8 - - default default] An exception happened while processing the request body. The exception message is [Invalid input for target_tenant. Reason: 'None' is not a valid string.].: webob.exc.HTTPBadRequest: Invalid input for target_tenant. Reason: 'None' is not a valid string.
2026-06-02 22:39:31.609 9 INFO neutron.api.v2.resource [None req-a2969e35-3f5e-4418-8a0b-ac561f797529 45dad6855dc2434fa60252a6a24922b5 9eeaf27708e9473691f11eaa38a691d8 - - default default] create failed (client error): Invalid input for target_tenant. Reason: 'None' is not a valid string.
2026-06-02 22:39:31.610 9 INFO neutron.api.wsgi [None req-a2969e35-3f5e-4418-8a0b-ac561f797529 45dad6855dc2434fa60252a6a24922b5 9eeaf27708e9473691f11eaa38a691d8 - - default default] 10.0.0.127 "POST /v2.0/rbac-policies HTTP/1.1" status: 400 len: 346 time: 0.0044541
2026-06-02 22:39:31.612 10 INFO neutron.plugins.ml2.drivers.ovn.mech_driver.mech_driver [None req-3dc47f8b-aee7-40c7-96e7-d0f38eb56b98 - - - - - -] OVN reports status up for port: 58e524be-fbd3-4f9d-82ab-12f5a99e45f6
2026-06-02 22:39:31.622 10 INFO neutron.plugins.ml2.plugin [None req-3dc47f8b-aee7-40c7-96e7-d0f38eb56b98 - - - - - -] Attempt 1 to provision port 58e524be-fbd3-4f9d-82ab-12f5a99e45f6
2026-06-02 22:39:31.736 10 INFO neutron.notifiers.nova [-] Nova event matching ['req-632ae27a-54ce-4f3e-8730-02d1dcd2a956'] response: {'server_uuid': '852fb7c7-045f-4278-af11-94ec99378afd', 'name': 'network-vif-plugged', 'status': 'completed', 'tag': '58e524be-fbd3-4f9d-82ab-12f5a99e45f6', 'code': 200}
2026-06-02 22:39:31.834 10 INFO neutron.db.ovn_revision_numbers_db [None req-3dc47f8b-aee7-40c7-96e7-d0f38eb56b98 - - - - - -] Successfully bumped revision number for resource 58e524be-fbd3-4f9d-82ab-12f5a99e45f6 (type: ports) to 5
2026-06-02 22:39:32.039 9 INFO neutron.services.segments.plugin [-] Segment 00fe03ff-d3f2-4a4b-90b8-491efaafd53c resource provider aggregate not found
2026-06-02 22:39:32.043 9 INFO neutron.services.segments.plugin [-] Segment 00fe03ff-d3f2-4a4b-90b8-491efaafd53c resource provider aggregate not found
2026-06-02 22:39:32.052 9 INFO neutron.services.segments.plugin [-] Segment 00fe03ff-d3f2-4a4b-90b8-491efaafd53c resource provider not found; error: Placement Client Error (4xx): {"errors": [{"status": 404, "title": "Not Found", "detail": "The resource could not be found.\n\n No resource provider with uuid 00fe03ff-d3f2-4a4b-90b8-491efaafd53c found for delete ", "request_id": "req-083c88ad-b67e-46f4-bf3a-de18436550da"}]}
2026-06-02 22:39:32.056 9 INFO neutron.services.segments.plugin [-] Segment 00fe03ff-d3f2-4a4b-90b8-491efaafd53c resource provider not found; error: Placement Client Error (4xx): {"errors": [{"status": 404, "title": "Not Found", "detail": "The resource could not be found.\n\n No resource provider with uuid 00fe03ff-d3f2-4a4b-90b8-491efaafd53c found for delete ", "request_id": "req-b40a2d5e-789a-40e0-bfb8-f27823bb97c7"}]}
2026-06-02 22:39:32.074 9 INFO neutron.api.wsgi [None req-c7f6e322-ba75-4033-9c97-a2894cb9ffa5 45dad6855dc2434fa60252a6a24922b5 9eeaf27708e9473691f11eaa38a691d8 - - default default] 10.0.0.127 "DELETE /v2.0/networks/99cb6f68-d74f-4a46-8b70-3f6280b36c6f HTTP/1.1" status: 204 len: 168 time: 0.4589193
2026-06-02 22:39:32.178 9 INFO neutron.db.segments_db [None req-f407053d-87b9-497a-96ba-317477a23deb 45dad6855dc2434fa60252a6a24922b5 9eeaf27708e9473691f11eaa38a691d8 - - default default] Added segment d464994e-4825-474f-bb13-38e1bf68424c of type geneve for network c0a60744-27ec-444d-8d25-34b41e5d00fa
2026-06-02 22:39:32.285 9 INFO neutron.db.ovn_revision_numbers_db [None req-f407053d-87b9-497a-96ba-317477a23deb 45dad6855dc2434fa60252a6a24922b5 9eeaf27708e9473691f11eaa38a691d8 - - default default] Successfully bumped revision number for resource c0a60744-27ec-444d-8d25-34b41e5d00fa (type: networks) to 1
2026-06-02 22:39:32.436 9 WARNING neutron.scheduler.dhcp_agent_scheduler [None req-f407053d-87b9-497a-96ba-317477a23deb 45dad6855dc2434fa60252a6a24922b5 9eeaf27708e9473691f11eaa38a691d8 - - default default] No more DHCP agents
2026-06-02 22:39:32.438 9 WARNING neutron.api.rpc.agentnotifiers.dhcp_rpc_agent_api [None req-f407053d-87b9-497a-96ba-317477a23deb 45dad6855dc2434fa60252a6a24922b5 9eeaf27708e9473691f11eaa38a691d8 - - default default] Unable to schedule network c0a60744-27ec-444d-8d25-34b41e5d00fa: no agents available; will retry on subsequent port and subnet creation events.
2026-06-02 22:39:32.503 9 INFO neutron.db.ovn_revision_numbers_db [None req-f407053d-87b9-497a-96ba-317477a23deb 45dad6855dc2434fa60252a6a24922b5 9eeaf27708e9473691f11eaa38a691d8 - - default default] Successfully bumped revision number for resource b017021e-8e18-480c-a077-2ff24dad8f15 (type: ports) to 1
2026-06-02 22:39:32.521 9 INFO neutron.api.wsgi [None req-f407053d-87b9-497a-96ba-317477a23deb 45dad6855dc2434fa60252a6a24922b5 9eeaf27708e9473691f11eaa38a691d8 - - default default] 10.0.0.127 "POST /v2.0/networks HTTP/1.1" status: 201 len: 927 time: 0.4445837
2026-06-02 22:39:32.638 9 INFO neutron.api.wsgi [req-26fdebde-ecd5-4228-bdcb-bc7b8731ba67 req-cc4625a6-aa86-4bbe-a4f1-de4e3ab188c7 ef9431564eb743c9882dee4928ccf684 a39275425c5d4935bd47dbb81ee2a16c - - default default] 10.0.0.112 "GET /v2.0/ports?device_id=852fb7c7-045f-4278-af11-94ec99378afd HTTP/1.1" status: 200 len: 1417 time: 0.0327575
2026-06-02 22:39:32.645 10 INFO neutron.api.wsgi [-] 10.0.0.11 "GET / HTTP/1.1" status: 200 len: 246 time: 0.0029874
2026-06-02 22:39:32.649 10 INFO neutron.api.wsgi [-] 10.0.0.11 "GET / HTTP/1.1" status: 200 len: 246 time: 0.0024848
2026-06-02 22:39:32.671 9 WARNING neutron.scheduler.dhcp_agent_scheduler [None req-44ccc553-e3da-4482-ba9a-3fdfc611f2ad 45dad6855dc2434fa60252a6a24922b5 9eeaf27708e9473691f11eaa38a691d8 - - default default] No more DHCP agents
2026-06-02 22:39:32.672 9 WARNING neutron.api.rpc.agentnotifiers.dhcp_rpc_agent_api [None req-44ccc553-e3da-4482-ba9a-3fdfc611f2ad 45dad6855dc2434fa60252a6a24922b5 9eeaf27708e9473691f11eaa38a691d8 - - default default] Unable to schedule network c0a60744-27ec-444d-8d25-34b41e5d00fa: no agents available; will retry on subsequent port and subnet creation events.
2026-06-02 22:39:32.685 9 INFO neutron.api.wsgi [req-26fdebde-ecd5-4228-bdcb-bc7b8731ba67 req-dc82cb57-114c-4799-a1bd-8a86884862a7 ef9431564eb743c9882dee4928ccf684 a39275425c5d4935bd47dbb81ee2a16c - - default default] 10.0.0.112 "GET /v2.0/security-groups?id=4c068af3-e1c9-4998-982c-a86741b82e1f&fields=id&fields=name HTTP/1.1" status: 200 len: 294 time: 0.0415244 /var/lib/openstack/lib/python3.12/site-packages/pycadf/identifier.py:71: UserWarning: Invalid uuid: neutron. To ensure interoperability, identifiers should be a valid uuid. warnings.warn(('Invalid uuid: %s. To ensure interoperability, '
