2026-06-02 22:37:03.765 10 INFO neutron.api.wsgi [None req-547843c6-b235-4fb9-96b3-ca618c0a74f0 c9fc9ace48f7458c92190f03aaa1c7f6 dfddccc2d62c44579b624c95103e84ab - - default default] 10.0.0.127 "DELETE /v2.0/trunks/6b59f860-8742-49c7-96ba-0c5f5190bca0 HTTP/1.1" status: 204 len: 168 time: 0.0592480
2026-06-02 22:37:03.782 10 INFO neutron.api.wsgi [None req-c912f13b-70bd-4095-b35d-fc2a1d5e3ba8 c9fc9ace48f7458c92190f03aaa1c7f6 dfddccc2d62c44579b624c95103e84ab - - default default] 10.0.0.127 "GET /v2.0/trunks/58138e92-aedf-44b3-aafb-f9b153e4e091 HTTP/1.1" status: 200 len: 616 time: 0.0117507
2026-06-02 22:37:03.850 10 INFO neutron.api.wsgi [None req-14bea750-0dec-4030-926e-73edda8dd667 c9fc9ace48f7458c92190f03aaa1c7f6 dfddccc2d62c44579b624c95103e84ab - - default default] 10.0.0.127 "GET /v2.0/ports/8fc18df9-229c-4ade-b6e9-e7b7c0e5ecca HTTP/1.1" status: 200 len: 1020 time: 0.0630288
2026-06-02 22:37:03.916 10 INFO neutron.api.wsgi [None req-70b83ab8-3164-4d08-9323-60b1bbc6e208 c9fc9ace48f7458c92190f03aaa1c7f6 dfddccc2d62c44579b624c95103e84ab - - default default] 10.0.0.127 "DELETE /v2.0/trunks/58138e92-aedf-44b3-aafb-f9b153e4e091 HTTP/1.1" status: 204 len: 168 time: 0.0612452
2026-06-02 22:37:03.935 10 INFO neutron.api.wsgi [None req-57d1eae7-3321-4ffc-bc54-79e658d65eeb c9fc9ace48f7458c92190f03aaa1c7f6 dfddccc2d62c44579b624c95103e84ab - - default default] 10.0.0.127 "GET /v2.0/trunks/34f24188-b85c-455f-baba-6e41042cc4f1 HTTP/1.1" status: 200 len: 625 time: 0.0143137
2026-06-02 22:37:04.001 10 INFO neutron.api.wsgi [None req-42852e24-beda-455d-89f1-5c82aab874fb c9fc9ace48f7458c92190f03aaa1c7f6 dfddccc2d62c44579b624c95103e84ab - - default default] 10.0.0.127 "GET /v2.0/ports/e6e62298-88d7-4075-b8e0-a9ad69c85e11 HTTP/1.1" status: 200 len: 1020 time: 0.0613256
2026-06-02 22:37:04.091 9 INFO neutron.api.wsgi [None req-26ac0e3e-cb78-46b5-b678-718bd4929100 c9fc9ace48f7458c92190f03aaa1c7f6 dfddccc2d62c44579b624c95103e84ab - - default default] 10.0.0.127 "DELETE /v2.0/trunks/34f24188-b85c-455f-baba-6e41042cc4f1 HTTP/1.1" status: 204 len: 168 time: 0.0838881
2026-06-02 22:37:04.111 10 INFO neutron.api.wsgi [None req-c8effdac-77b6-4a34-8447-4cc1a3c73b75 c9fc9ace48f7458c92190f03aaa1c7f6 dfddccc2d62c44579b624c95103e84ab - - default default] 10.0.0.127 "GET /v2.0/trunks/6c58cdc9-e1c1-44d7-bcee-a4711b942602 HTTP/1.1" status: 200 len: 610 time: 0.0146542
2026-06-02 22:37:04.188 10 INFO neutron.api.wsgi [None req-62982d67-4041-4978-8d94-6d986a981dda c9fc9ace48f7458c92190f03aaa1c7f6 dfddccc2d62c44579b624c95103e84ab - - default default] 10.0.0.127 "GET /v2.0/ports/ffe01847-d828-4144-9765-d44e3b56360b HTTP/1.1" status: 200 len: 1020 time: 0.0732594
2026-06-02 22:37:04.254 10 INFO neutron.api.wsgi [None req-868e4dec-001f-4867-b90c-fd08d9348dc4 c9fc9ace48f7458c92190f03aaa1c7f6 dfddccc2d62c44579b624c95103e84ab - - default default] 10.0.0.127 "DELETE /v2.0/trunks/6c58cdc9-e1c1-44d7-bcee-a4711b942602 HTTP/1.1" status: 204 len: 168 time: 0.0607195
2026-06-02 22:37:04.272 10 INFO neutron.api.wsgi [None req-12837ed6-d98f-45e6-8bc3-073fe18f3ff8 c9fc9ace48f7458c92190f03aaa1c7f6 dfddccc2d62c44579b624c95103e84ab - - default default] 10.0.0.127 "GET /v2.0/trunks/d628da93-5e1b-4383-b58b-ed5a5f285caa HTTP/1.1" status: 200 len: 603 time: 0.0138390
2026-06-02 22:37:04.340 10 INFO neutron.api.wsgi [None req-8e13f67e-764e-41b5-9d22-81e434d1d76e c9fc9ace48f7458c92190f03aaa1c7f6 dfddccc2d62c44579b624c95103e84ab - - default default] 10.0.0.127 "GET /v2.0/ports/54104748-0d32-400a-91bb-2fbe300207d0 HTTP/1.1" status: 200 len: 1020 time: 0.0630233
2026-06-02 22:37:04.415 10 INFO neutron.api.wsgi [None req-b2f250f8-872d-4270-9439-02cb244e1ecb c9fc9ace48f7458c92190f03aaa1c7f6 dfddccc2d62c44579b624c95103e84ab - - default default] 10.0.0.127 "DELETE /v2.0/trunks/d628da93-5e1b-4383-b58b-ed5a5f285caa HTTP/1.1" status: 204 len: 168 time: 0.0702722
2026-06-02 22:37:04.482 10 INFO neutron.db.ovn_revision_numbers_db [None req-0858c664-6a89-4381-8df1-cee79b48e18f ef9431564eb743c9882dee4928ccf684 a39275425c5d4935bd47dbb81ee2a16c - - default default] Successfully bumped revision number for resource 0145d637-f983-4d43-8d5f-83472d70b0f4 (type: security_groups) to 1
2026-06-02 22:37:04.496 10 INFO neutron.db.ovn_revision_numbers_db [None req-0858c664-6a89-4381-8df1-cee79b48e18f ef9431564eb743c9882dee4928ccf684 a39275425c5d4935bd47dbb81ee2a16c - - default default] Successfully bumped revision number for resource 70df3179-7f7f-4166-bdfc-e4dd2f06aac4 (type: security_group_rules) to 0
2026-06-02 22:37:04.512 10 INFO neutron.db.ovn_revision_numbers_db [None req-0858c664-6a89-4381-8df1-cee79b48e18f ef9431564eb743c9882dee4928ccf684 a39275425c5d4935bd47dbb81ee2a16c - - default default] Successfully bumped revision number for resource 93db4f9e-7c62-4826-a208-b21fb35c1273 (type: security_group_rules) to 0
2026-06-02 22:37:04.524 10 INFO neutron.db.ovn_revision_numbers_db [None req-0858c664-6a89-4381-8df1-cee79b48e18f ef9431564eb743c9882dee4928ccf684 a39275425c5d4935bd47dbb81ee2a16c - - default default] Successfully bumped revision number for resource da5f9f48-eaa2-46df-b32c-b2e774b7170a (type: security_group_rules) to 0
2026-06-02 22:37:04.540 10 INFO neutron.db.ovn_revision_numbers_db [None req-0858c664-6a89-4381-8df1-cee79b48e18f ef9431564eb743c9882dee4928ccf684 a39275425c5d4935bd47dbb81ee2a16c - - default default] Successfully bumped revision number for resource e732ef81-01a5-4d9a-a691-73f0512f6420 (type: security_group_rules) to 0
2026-06-02 22:37:04.578 10 INFO neutron.api.wsgi [None req-0858c664-6a89-4381-8df1-cee79b48e18f ef9431564eb743c9882dee4928ccf684 a39275425c5d4935bd47dbb81ee2a16c - - default default] 10.0.0.127 "GET /v2.0/security-groups?tenant_id=c87dc4b691414e60a1dde267813f83a8&name=default HTTP/1.1" status: 200 len: 3120 time: 0.5094836
2026-06-02 22:37:04.650 10 INFO neutron.api.wsgi [None req-54383552-0643-4ee2-ba6c-33f329e094ee c9fc9ace48f7458c92190f03aaa1c7f6 dfddccc2d62c44579b624c95103e84ab - - default default] 10.0.0.127 "DELETE /v2.0/ports/347cf0bc-833a-4f47-82f1-dd364992da53 HTTP/1.1" status: 204 len: 168 time: 0.2303135
2026-06-02 22:37:04.786 10 INFO neutron.api.wsgi [None req-5f8c3f48-209f-4ef7-a2ae-027e4c70171c ef9431564eb743c9882dee4928ccf684 a39275425c5d4935bd47dbb81ee2a16c - - default default] 10.0.0.127 "DELETE /v2.0/security-groups/0145d637-f983-4d43-8d5f-83472d70b0f4 HTTP/1.1" status: 204 len: 168 time: 0.2026124
2026-06-02 22:37:04.906 9 INFO neutron.api.wsgi [None req-80930a07-6f2e-44d0-8809-7e77205581e4 c9fc9ace48f7458c92190f03aaa1c7f6 dfddccc2d62c44579b624c95103e84ab - - default default] 10.0.0.127 "DELETE /v2.0/ports/8fc18df9-229c-4ade-b6e9-e7b7c0e5ecca HTTP/1.1" status: 204 len: 168 time: 0.2481916
2026-06-02 22:37:05.008 10 INFO neutron.db.ovn_revision_numbers_db [None req-d627465f-762e-465a-98a9-c4efd06b5618 ef9431564eb743c9882dee4928ccf684 a39275425c5d4935bd47dbb81ee2a16c - - default default] Successfully bumped revision number for resource 8d0328b3-fd0d-4d0b-a49f-533bdd77187e (type: security_groups) to 1
2026-06-02 22:37:05.024 10 INFO neutron.db.ovn_revision_numbers_db [None req-d627465f-762e-465a-98a9-c4efd06b5618 ef9431564eb743c9882dee4928ccf684 a39275425c5d4935bd47dbb81ee2a16c - - default default] Successfully bumped revision number for resource 2697ac24-f0f5-45d3-97a8-ebcdf76f1241 (type: security_group_rules) to 0
2026-06-02 22:37:05.038 10 INFO neutron.db.ovn_revision_numbers_db [None req-d627465f-762e-465a-98a9-c4efd06b5618 ef9431564eb743c9882dee4928ccf684 a39275425c5d4935bd47dbb81ee2a16c - - default default] Successfully bumped revision number for resource 4601748b-d54d-4add-aef3-b2f8645aea69 (type: security_group_rules) to 0
2026-06-02 22:37:05.075 10 INFO neutron.db.ovn_revision_numbers_db [None req-d627465f-762e-465a-98a9-c4efd06b5618 ef9431564eb743c9882dee4928ccf684 a39275425c5d4935bd47dbb81ee2a16c - - default default] Successfully bumped revision number for resource b202c284-a2e6-43d8-a838-57583cdc2370 (type: security_group_rules) to 0
2026-06-02 22:37:05.092 10 INFO neutron.db.ovn_revision_numbers_db [None req-d627465f-762e-465a-98a9-c4efd06b5618 ef9431564eb743c9882dee4928ccf684 a39275425c5d4935bd47dbb81ee2a16c - - default default] Successfully bumped revision number for resource d559f3e3-477f-4537-96cd-c6dac1d09874 (type: security_group_rules) to 0
2026-06-02 22:37:05.134 10 INFO neutron.api.wsgi [None req-d627465f-762e-465a-98a9-c4efd06b5618 ef9431564eb743c9882dee4928ccf684 a39275425c5d4935bd47dbb81ee2a16c - - default default] 10.0.0.127 "GET /v2.0/security-groups?tenant_id=aea5679dc4cc4740804591e424df33b7&name=default HTTP/1.1" status: 200 len: 3120 time: 0.2577376
2026-06-02 22:37:05.149 10 INFO neutron.api.wsgi [None req-ee56cfc7-1872-400c-895a-5afca2c9cc26 c9fc9ace48f7458c92190f03aaa1c7f6 dfddccc2d62c44579b624c95103e84ab - - default default] 10.0.0.127 "DELETE /v2.0/ports/e6e62298-88d7-4075-b8e0-a9ad69c85e11 HTTP/1.1" status: 204 len: 168 time: 0.2361133
2026-06-02 22:37:05.171 9 INFO neutron.api.wsgi [req-b7792e24-98f6-4613-a52d-032cf8beb21d req-1f9c2269-6cd5-4867-927e-515a9d5459ef 7eed6bd94c77408b91cee9c009b52e8e d06770edaf354f89bc488ee06bfc63d3 - - default default] 10.0.0.112 "GET /v2.0/ports?device_id=8b8abb91-5acc-4036-bccb-0f44bd5ad72f HTTP/1.1" status: 200 len: 1170 time: 0.0716062
2026-06-02 22:37:05.205 9 INFO neutron.api.wsgi [req-b7792e24-98f6-4613-a52d-032cf8beb21d req-dfc40184-577e-4268-b93f-05f8c9508b11 7eed6bd94c77408b91cee9c009b52e8e d06770edaf354f89bc488ee06bfc63d3 - - default default] 10.0.0.112 "GET /v2.0/security-groups?id=d4fd5064-b6f5-450b-9d9c-bd18ba120993&fields=id&fields=name HTTP/1.1" status: 200 len: 313 time: 0.0275509
2026-06-02 22:37:05.305 9 INFO neutron.api.wsgi [None req-0722781b-10b0-458e-934d-977e39ec8558 e8cd5d90d771468fab215301d347cb8c a896494d612540239743aa3743aef0d4 - - default default] 10.0.0.127 "GET /v2.0/ports?project_id=afaab217a3444c0da84ca45f44ab4bf3&network_id=ec7bd424-5a2f-4aeb-9921-ec940277c230 HTTP/1.1" status: 200 len: 3510 time: 0.0641887
2026-06-02 22:37:05.367 10 INFO neutron.api.wsgi [req-9f43a85c-9c85-4e18-a25f-ecb9e325cd6b req-a2c37fd6-7803-4caf-a4bf-4688887594ef 7eed6bd94c77408b91cee9c009b52e8e d06770edaf354f89bc488ee06bfc63d3 - - default default] 10.0.0.112 "GET /v2.0/ports?device_id=8b8abb91-5acc-4036-bccb-0f44bd5ad72f HTTP/1.1" status: 200 len: 1170 time: 0.0997646
2026-06-02 22:37:05.418 10 INFO neutron.api.wsgi [req-9f43a85c-9c85-4e18-a25f-ecb9e325cd6b req-9c186aea-cff7-49b8-8a23-a2f55a13e19e 7eed6bd94c77408b91cee9c009b52e8e d06770edaf354f89bc488ee06bfc63d3 - - default default] 10.0.0.112 "GET /v2.0/security-groups?id=d4fd5064-b6f5-450b-9d9c-bd18ba120993&fields=id&fields=name HTTP/1.1" status: 200 len: 313 time: 0.0441060
2026-06-02 22:37:05.423 10 INFO neutron.api.wsgi [None req-77894d13-743f-4c1e-ade8-510945d09bba c9fc9ace48f7458c92190f03aaa1c7f6 dfddccc2d62c44579b624c95103e84ab - - default default] 10.0.0.127 "DELETE /v2.0/ports/ffe01847-d828-4144-9765-d44e3b56360b HTTP/1.1" status: 204 len: 168 time: 0.2669599
2026-06-02 22:37:05.427 10 INFO neutron.api.wsgi [None req-dd474b7c-f7ca-41a1-a183-168b3d328fab ef9431564eb743c9882dee4928ccf684 a39275425c5d4935bd47dbb81ee2a16c - - default default] 10.0.0.127 "DELETE /v2.0/security-groups/8d0328b3-fd0d-4d0b-a49f-533bdd77187e HTTP/1.1" status: 204 len: 168 time: 0.2852864
2026-06-02 22:37:05.642 9 INFO neutron.api.wsgi [None req-bbf28924-ab22-4f23-8ee0-00d559abc608 e8cd5d90d771468fab215301d347cb8c a896494d612540239743aa3743aef0d4 - - default default] 10.0.0.127 "GET /v2.0/subnets?network_id=80ebe74c-8e72-4aaa-874f-4d5c8ac79819 HTTP/1.1" status: 200 len: 861 time: 0.0437002
2026-06-02 22:37:05.661 10 INFO neutron.api.wsgi [None req-1293a10e-640d-4033-962d-8d4b9a5dc46b c9fc9ace48f7458c92190f03aaa1c7f6 dfddccc2d62c44579b624c95103e84ab - - default default] 10.0.0.127 "DELETE /v2.0/ports/54104748-0d32-400a-91bb-2fbe300207d0 HTTP/1.1" status: 204 len: 168 time: 0.2322645
2026-06-02 22:37:05.811 10 INFO neutron.api.wsgi [req-cd798338-5e3f-4580-9413-bfacdbced707 req-03f69b02-a9c1-4d84-ad26-285b4d690077 7eed6bd94c77408b91cee9c009b52e8e d06770edaf354f89bc488ee06bfc63d3 - - default default] 10.0.0.112 "GET /v2.0/ports?device_id=8b8abb91-5acc-4036-bccb-0f44bd5ad72f HTTP/1.1" status: 200 len: 1170 time: 0.0485170
2026-06-02 22:37:05.873 10 INFO neutron.api.wsgi [req-cd798338-5e3f-4580-9413-bfacdbced707 req-93757b7f-8832-40c9-8a7b-9ddd069a0e82 7eed6bd94c77408b91cee9c009b52e8e d06770edaf354f89bc488ee06bfc63d3 - - default default] 10.0.0.112 "GET /v2.0/security-groups?id=d4fd5064-b6f5-450b-9d9c-bd18ba120993&fields=id&fields=name HTTP/1.1" status: 200 len: 313 time: 0.0560195
2026-06-02 22:37:05.962 10 INFO neutron.db.ovn_revision_numbers_db [None req-690d3467-a863-452c-8f1a-af3b82c3efb5 a1c031c4828247ac8ef007a2bfbc2533 afaab217a3444c0da84ca45f44ab4bf3 - - default default] Successfully bumped revision number for resource 53159cb7-d549-4966-a16e-04642962f1af (type: floatingips) to 2
2026-06-02 22:37:06.019 10 INFO neutron.db.l3_db [None req-690d3467-a863-452c-8f1a-af3b82c3efb5 a1c031c4828247ac8ef007a2bfbc2533 afaab217a3444c0da84ca45f44ab4bf3 - - default default] Floating IP 53159cb7-d549-4966-a16e-04642962f1af disassociated. External IP: 10.96.250.203, port: 01ff1116-1c52-4917-b672-c337f5a961cf.
2026-06-02 22:37:06.053 10 INFO neutron.api.wsgi [None req-690d3467-a863-452c-8f1a-af3b82c3efb5 a1c031c4828247ac8ef007a2bfbc2533 afaab217a3444c0da84ca45f44ab4bf3 - - default default] 10.0.0.127 "PUT /v2.0/floatingips/53159cb7-d549-4966-a16e-04642962f1af HTTP/1.1" status: 200 len: 748 time: 0.2709277
2026-06-02 22:37:06.103 10 INFO neutron.api.wsgi [None req-04f75374-e959-49d3-95dd-2bed92594323 a1c031c4828247ac8ef007a2bfbc2533 afaab217a3444c0da84ca45f44ab4bf3 - - default default] 10.0.0.127 "GET /v2.0/floatingips/53159cb7-d549-4966-a16e-04642962f1af HTTP/1.1" status: 200 len: 746 time: 0.0406287
2026-06-02 22:37:06.104 10 INFO neutron.notifiers.nova [-] Nova event matching ['req-6e264c90-b45f-4532-b428-4852c2ff7673'] response: {'name': 'network-changed', 'server_uuid': '8de296fb-2e91-486e-b5db-ddea74bd8b14', 'tag': '01ff1116-1c52-4917-b672-c337f5a961cf', 'status': 'completed', 'code': 200}
2026-06-02 22:37:06.107 10 INFO neutron.services.segments.plugin [-] Segment fa030d9a-9ba0-46a5-a8ae-30ac854725d9 resource provider aggregate not found
2026-06-02 22:37:06.114 10 INFO neutron.services.segments.plugin [-] Segment fa030d9a-9ba0-46a5-a8ae-30ac854725d9 resource provider aggregate not found
2026-06-02 22:37:06.119 10 INFO neutron.services.segments.plugin [-] Segment fa030d9a-9ba0-46a5-a8ae-30ac854725d9 resource provider not found; error: Placement Client Error (4xx): {"errors": [{"status": 404, "title": "Not Found", "detail": "The resource could not be found.\n\n No resource provider with uuid fa030d9a-9ba0-46a5-a8ae-30ac854725d9 found for delete ", "request_id": "req-4bacb8d2-7120-4d0d-a5de-bb0ddd267d3d"}]}
2026-06-02 22:37:06.127 10 INFO neutron.services.segments.plugin [-] Segment fa030d9a-9ba0-46a5-a8ae-30ac854725d9 resource provider not found; error: Placement Client Error (4xx): {"errors": [{"status": 404, "title": "Not Found", "detail": "The resource could not be found.\n\n No resource provider with uuid fa030d9a-9ba0-46a5-a8ae-30ac854725d9 found for delete ", "request_id": "req-981a6d50-e294-4545-95cb-b5ece357d15f"}]}
2026-06-02 22:37:06.157 10 INFO neutron.api.wsgi [None req-a7e3b28f-d64e-4915-89a9-79c253777d74 c9fc9ace48f7458c92190f03aaa1c7f6 dfddccc2d62c44579b624c95103e84ab - - default default] 10.0.0.127 "DELETE /v2.0/networks/1353e988-fc1e-43f3-9895-275c7e736c53 HTTP/1.1" status: 204 len: 168 time: 0.4800596
2026-06-02 22:37:06.446 10 INFO neutron.api.wsgi [None req-7d00ed44-b297-4d6c-bb01-4a88d6a44190 c9fc9ace48f7458c92190f03aaa1c7f6 dfddccc2d62c44579b624c95103e84ab - - default default] 10.0.0.127 "DELETE /v2.0/networks/a4f48fdc-a78a-4039-8670-0e657eb35266 HTTP/1.1" status: 204 len: 168 time: 0.2840722
2026-06-02 22:37:06.524 15 INFO neutron.plugins.ml2.drivers.ovn.mech_driver.ovsdb.maintenance [None req-d617bd02-787c-454b-afc3-0233cbce4e70 - - - - - -] OVN maintenance task check_for_inconsistencies finished in 1.010 seconds
2026-06-02 22:37:06.663 10 INFO neutron.api.wsgi [req-ca2759a7-fe09-46e9-8a72-407287693c28 req-4caff72b-a9f7-4978-b484-4b0076947666 86522596c94245479eef5d0926326a20 1792dd84f79b4d8293e2c1f6eea1db25 - - 4c9fd5d11ba8420cb8bdb12be613f9dd 4c9fd5d11ba8420cb8bdb12be613f9dd] 199.204.45.210 "GET /v2.0/ports?tenant_id=afaab217a3444c0da84ca45f44ab4bf3&device_id=8de296fb-2e91-486e-b5db-ddea74bd8b14 HTTP/1.1" status: 200 len: 1409 time: 0.0473847
2026-06-02 22:37:06.731 10 INFO neutron.api.wsgi [req-ca2759a7-fe09-46e9-8a72-407287693c28 req-5b2dd990-6560-4136-bfca-4eb0ae1ee554 86522596c94245479eef5d0926326a20 1792dd84f79b4d8293e2c1f6eea1db25 - - 4c9fd5d11ba8420cb8bdb12be613f9dd 4c9fd5d11ba8420cb8bdb12be613f9dd] 199.204.45.210 "GET /v2.0/networks?id=ec7bd424-5a2f-4aeb-9921-ec940277c230 HTTP/1.1" status: 200 len: 959 time: 0.0559132
2026-06-02 22:37:06.759 10 INFO neutron.api.wsgi [req-ca2759a7-fe09-46e9-8a72-407287693c28 req-4e22c06d-108a-4f77-b0d0-c1bb024a23c7 86522596c94245479eef5d0926326a20 1792dd84f79b4d8293e2c1f6eea1db25 - - 4c9fd5d11ba8420cb8bdb12be613f9dd 4c9fd5d11ba8420cb8bdb12be613f9dd] 199.204.45.210 "GET /v2.0/floatingips?fixed_ip_address=10.100.0.4&port_id=01ff1116-1c52-4917-b672-c337f5a961cf HTTP/1.1" status: 200 len: 217 time: 0.0190299
2026-06-02 22:37:06.789 10 INFO neutron.api.wsgi [req-ca2759a7-fe09-46e9-8a72-407287693c28 req-f0bd761d-b45b-446c-859c-0cf5c66fcb6e 86522596c94245479eef5d0926326a20 1792dd84f79b4d8293e2c1f6eea1db25 - - 4c9fd5d11ba8420cb8bdb12be613f9dd 4c9fd5d11ba8420cb8bdb12be613f9dd] 199.204.45.210 "GET /v2.0/subnets?id=ede245c3-3f59-4315-b3a5-1a9f6351d973 HTTP/1.1" status: 200 len: 876 time: 0.0267828
2026-06-02 22:37:06.811 10 INFO neutron.api.wsgi [req-ca2759a7-fe09-46e9-8a72-407287693c28 req-0609f902-d66b-47d8-9ef7-2e80c07b8b67 86522596c94245479eef5d0926326a20 1792dd84f79b4d8293e2c1f6eea1db25 - - 4c9fd5d11ba8420cb8bdb12be613f9dd 4c9fd5d11ba8420cb8bdb12be613f9dd] 199.204.45.210 "GET /v2.0/ports?network_id=ec7bd424-5a2f-4aeb-9921-ec940277c230&device_owner=network%3Adhcp HTTP/1.1" status: 200 len: 210 time: 0.0190115
2026-06-02 22:37:06.847 10 INFO neutron.api.wsgi [None req-d5ea25af-36db-4359-81ca-3431fa4dbc37 c9fc9ace48f7458c92190f03aaa1c7f6 dfddccc2d62c44579b624c95103e84ab - - default default] 10.0.0.127 "DELETE /v2.0/networks/bf2036b4-17af-48bf-95ca-a30b42f3daf1 HTTP/1.1" status: 204 len: 168 time: 0.3946939
2026-06-02 22:37:06.853 10 INFO neutron.api.wsgi [req-ca2759a7-fe09-46e9-8a72-407287693c28 req-f21bb3b7-9d59-4535-b530-cafe941ee354 86522596c94245479eef5d0926326a20 1792dd84f79b4d8293e2c1f6eea1db25 - - 4c9fd5d11ba8420cb8bdb12be613f9dd 4c9fd5d11ba8420cb8bdb12be613f9dd] 199.204.45.210 "GET /v2.0/networks/ec7bd424-5a2f-4aeb-9921-ec940277c230?fields=segments HTTP/1.1" status: 200 len: 212 time: 0.0385041 /var/lib/openstack/lib/python3.12/site-packages/pycadf/identifier.py:71: UserWarning: Invalid uuid: neutron. To ensure interoperability, identifiers should be a valid uuid. warnings.warn(('Invalid uuid: %s. To ensure interoperability, '
2026-06-02 22:37:06.895 10 INFO neutron.api.wsgi [req-ca2759a7-fe09-46e9-8a72-407287693c28 req-85e4a2df-0e35-431c-9da5-fd5da11aad40 86522596c94245479eef5d0926326a20 1792dd84f79b4d8293e2c1f6eea1db25 - - 4c9fd5d11ba8420cb8bdb12be613f9dd 4c9fd5d11ba8420cb8bdb12be613f9dd] 199.204.45.210 "GET /v2.0/networks/ec7bd424-5a2f-4aeb-9921-ec940277c230?fields=provider%3Aphysical_network&fields=provider%3Anetwork_type HTTP/1.1" status: 200 len: 277 time: 0.0385644
2026-06-02 22:37:06.969 10 INFO neutron.api.wsgi [req-07045a18-0cd8-4bff-84f7-5dd1ea5ca606 req-290ef1dd-7dc0-4e0b-b816-3b62ea0f89c3 7eed6bd94c77408b91cee9c009b52e8e d06770edaf354f89bc488ee06bfc63d3 - - default default] 10.0.0.112 "GET /v2.0/ports?device_id=8b8abb91-5acc-4036-bccb-0f44bd5ad72f HTTP/1.1" status: 200 len: 1170 time: 0.0361075
2026-06-02 22:37:07.006 10 INFO neutron.api.wsgi [req-07045a18-0cd8-4bff-84f7-5dd1ea5ca606 req-beea518b-3fde-4855-a38d-7be09aff7067 7eed6bd94c77408b91cee9c009b52e8e d06770edaf354f89bc488ee06bfc63d3 - - default default] 10.0.0.112 "GET /v2.0/security-groups?id=d4fd5064-b6f5-450b-9d9c-bd18ba120993&fields=id&fields=name HTTP/1.1" status: 200 len: 313 time: 0.0331984
2026-06-02 22:37:07.129 9 INFO neutron.services.segments.plugin [-] Segment fec721df-f247-47cf-acae-a2d44067f058 resource provider aggregate not found
2026-06-02 22:37:07.132 9 INFO neutron.services.segments.plugin [-] Segment fec721df-f247-47cf-acae-a2d44067f058 resource provider aggregate not found
2026-06-02 22:37:07.138 9 INFO neutron.services.segments.plugin [-] Segment fec721df-f247-47cf-acae-a2d44067f058 resource provider not found; error: Placement Client Error (4xx): {"errors": [{"status": 404, "title": "Not Found", "detail": "The resource could not be found.\n\n No resource provider with uuid fec721df-f247-47cf-acae-a2d44067f058 found for delete ", "request_id": "req-c6bb67a9-3f0b-4bd5-bc50-a174dc20f75a"}]}
2026-06-02 22:37:07.146 9 INFO neutron.services.segments.plugin [-] Segment fec721df-f247-47cf-acae-a2d44067f058 resource provider not found; error: Placement Client Error (4xx): {"errors": [{"status": 404, "title": "Not Found", "detail": "The resource could not be found.\n\n No resource provider with uuid fec721df-f247-47cf-acae-a2d44067f058 found for delete ", "request_id": "req-0e4ec90e-843a-4291-87b5-28f918ed892e"}]}
2026-06-02 22:37:07.157 10 WARNING neutron_lib.context [None req-c876a004-bb9c-4560-95f8-514b6abcdbc3 a1c031c4828247ac8ef007a2bfbc2533 afaab217a3444c0da84ca45f44ab4bf3 - - default default] Method 'is_advsvc' is deprecated since 2023.2 release (neutron-lib 3.8.0) and will be removed once support for the old RBAC API policies will be removed from Neutron. Please use method 'is_service_role' instead.
2026-06-02 22:37:07.165 9 INFO neutron.api.wsgi [None req-73f12393-26ab-428f-be80-fcb66373b4c2 c9fc9ace48f7458c92190f03aaa1c7f6 dfddccc2d62c44579b624c95103e84ab - - default default] 10.0.0.127 "DELETE /v2.0/networks/675e32b8-15bf-4a39-8de0-d59e92a39809 HTTP/1.1" status: 204 len: 168 time: 0.3126864
2026-06-02 22:37:07.269 10 INFO neutron.db.ovn_revision_numbers_db [None req-c876a004-bb9c-4560-95f8-514b6abcdbc3 a1c031c4828247ac8ef007a2bfbc2533 afaab217a3444c0da84ca45f44ab4bf3 - - default default] Successfully bumped revision number for resource 81e7ef2f-5b0b-4024-badc-b84a4f87d84f (type: security_groups) to 1
2026-06-02 22:37:07.287 10 INFO neutron.db.ovn_revision_numbers_db [None req-c876a004-bb9c-4560-95f8-514b6abcdbc3 a1c031c4828247ac8ef007a2bfbc2533 afaab217a3444c0da84ca45f44ab4bf3 - - default default] Successfully bumped revision number for resource 21de6efc-be5e-4700-b51e-2a3abb8f6ef7 (type: security_group_rules) to 0
2026-06-02 22:37:07.316 10 INFO neutron.db.ovn_revision_numbers_db [None req-c876a004-bb9c-4560-95f8-514b6abcdbc3 a1c031c4828247ac8ef007a2bfbc2533 afaab217a3444c0da84ca45f44ab4bf3 - - default default] Successfully bumped revision number for resource dbc20281-3224-455f-bb6c-41a3f2242fa5 (type: security_group_rules) to 0
2026-06-02 22:37:07.324 10 INFO neutron.api.wsgi [req-cff9ab89-0539-45a7-8649-d218d529123e req-ca8292e9-8132-4679-a7c7-b9473d856844 86522596c94245479eef5d0926326a20 1792dd84f79b4d8293e2c1f6eea1db25 - - 4c9fd5d11ba8420cb8bdb12be613f9dd 4c9fd5d11ba8420cb8bdb12be613f9dd] 199.204.45.210 "GET /v2.0/ports?tenant_id=d06770edaf354f89bc488ee06bfc63d3&device_id=8b8abb91-5acc-4036-bccb-0f44bd5ad72f HTTP/1.1" status: 200 len: 1409 time: 0.0449073
2026-06-02 22:37:07.365 10 INFO neutron.api.wsgi [None req-c876a004-bb9c-4560-95f8-514b6abcdbc3 a1c031c4828247ac8ef007a2bfbc2533 afaab217a3444c0da84ca45f44ab4bf3 - - default default] 10.0.0.127 "POST /v2.0/security-groups HTTP/1.1" status: 201 len: 1873 time: 0.2130868
2026-06-02 22:37:07.378 9 WARNING neutron_lib.context [None req-b0748ddd-060c-408a-8de8-13def8060be8 a1c031c4828247ac8ef007a2bfbc2533 afaab217a3444c0da84ca45f44ab4bf3 - - default default] Method 'is_advsvc' is deprecated since 2023.2 release (neutron-lib 3.8.0) and will be removed once support for the old RBAC API policies will be removed from Neutron. Please use method 'is_service_role' instead.
2026-06-02 22:37:07.379 10 INFO neutron.api.wsgi [req-cff9ab89-0539-45a7-8649-d218d529123e req-6d15f45e-0047-47f2-ad2f-1c50ee0bc3ef 86522596c94245479eef5d0926326a20 1792dd84f79b4d8293e2c1f6eea1db25 - - 4c9fd5d11ba8420cb8bdb12be613f9dd 4c9fd5d11ba8420cb8bdb12be613f9dd] 199.204.45.210 "GET /v2.0/networks?id=93ae66a0-b6a7-4432-be72-0686f2e5588d HTTP/1.1" status: 200 len: 974 time: 0.0523698
2026-06-02 22:37:07.424 10 INFO neutron.api.wsgi [req-cff9ab89-0539-45a7-8649-d218d529123e req-04f7aa96-8eae-484a-8135-f84b22b71062 86522596c94245479eef5d0926326a20 1792dd84f79b4d8293e2c1f6eea1db25 - - 4c9fd5d11ba8420cb8bdb12be613f9dd 4c9fd5d11ba8420cb8bdb12be613f9dd] 199.204.45.210 "GET /v2.0/floatingips?fixed_ip_address=10.100.0.5&port_id=7d6a8dd6-62ee-4a66-bcc2-d3da355482f6 HTTP/1.1" status: 200 len: 1059 time: 0.0404942
2026-06-02 22:37:07.461 10 INFO neutron.api.wsgi [req-cff9ab89-0539-45a7-8649-d218d529123e req-4f0c9be0-edb5-4372-a012-471a0072ea7d 86522596c94245479eef5d0926326a20 1792dd84f79b4d8293e2c1f6eea1db25 - - 4c9fd5d11ba8420cb8bdb12be613f9dd 4c9fd5d11ba8420cb8bdb12be613f9dd] 199.204.45.210 "GET /v2.0/subnets?id=a974ca34-174f-4c1f-8395-4be31bc95c98 HTTP/1.1" status: 200 len: 893 time: 0.0331712
2026-06-02 22:37:07.482 10 INFO neutron.api.wsgi [req-cff9ab89-0539-45a7-8649-d218d529123e req-da73a184-f066-4095-847b-82a1b164de75 86522596c94245479eef5d0926326a20 1792dd84f79b4d8293e2c1f6eea1db25 - - 4c9fd5d11ba8420cb8bdb12be613f9dd 4c9fd5d11ba8420cb8bdb12be613f9dd] 199.204.45.210 "GET /v2.0/ports?network_id=93ae66a0-b6a7-4432-be72-0686f2e5588d&device_owner=network%3Adhcp HTTP/1.1" status: 200 len: 210 time: 0.0156984
2026-06-02 22:37:07.512 9 INFO neutron.db.ovn_revision_numbers_db [None req-b0748ddd-060c-408a-8de8-13def8060be8 a1c031c4828247ac8ef007a2bfbc2533 afaab217a3444c0da84ca45f44ab4bf3 - - default default] Successfully bumped revision number for resource a71cebf3-d749-40d1-830e-895e91b92bfe (type: security_group_rules) to 0
2026-06-02 22:37:07.535 10 INFO neutron.api.wsgi [req-cff9ab89-0539-45a7-8649-d218d529123e req-e170040e-ada3-466c-8b2f-f50a53bcf0be 86522596c94245479eef5d0926326a20 1792dd84f79b4d8293e2c1f6eea1db25 - - 4c9fd5d11ba8420cb8bdb12be613f9dd 4c9fd5d11ba8420cb8bdb12be613f9dd] 199.204.45.210 "GET /v2.0/networks/93ae66a0-b6a7-4432-be72-0686f2e5588d?fields=segments HTTP/1.1" status: 200 len: 212 time: 0.0473866
2026-06-02 22:37:07.539 9 INFO neutron.api.wsgi [None req-b0748ddd-060c-408a-8de8-13def8060be8 a1c031c4828247ac8ef007a2bfbc2533 afaab217a3444c0da84ca45f44ab4bf3 - - default default] 10.0.0.127 "POST /v2.0/security-group-rules HTTP/1.1" status: 201 len: 796 time: 0.1693552
2026-06-02 22:37:07.554 9 WARNING neutron_lib.context [None req-9f25fe88-af2a-4451-8628-c9ebc3ba7fd2 a1c031c4828247ac8ef007a2bfbc2533 afaab217a3444c0da84ca45f44ab4bf3 - - default default] Method 'is_advsvc' is deprecated since 2023.2 release (neutron-lib 3.8.0) and will be removed once support for the old RBAC API policies will be removed from Neutron. Please use method 'is_service_role' instead.
2026-06-02 22:37:07.564 10 INFO neutron.api.wsgi [None req-530719bb-1d11-4cc7-b093-1af5778ec5a1 c9fc9ace48f7458c92190f03aaa1c7f6 dfddccc2d62c44579b624c95103e84ab - - default default] 10.0.0.127 "DELETE /v2.0/networks/5eac322f-2bdf-483a-993c-b8ddc167a487 HTTP/1.1" status: 204 len: 168 time: 0.3937459
2026-06-02 22:37:07.586 10 INFO neutron.api.wsgi [req-cff9ab89-0539-45a7-8649-d218d529123e req-61634813-c62e-4c40-9252-72f57de1722c 86522596c94245479eef5d0926326a20 1792dd84f79b4d8293e2c1f6eea1db25 - - 4c9fd5d11ba8420cb8bdb12be613f9dd 4c9fd5d11ba8420cb8bdb12be613f9dd] 199.204.45.210 "GET /v2.0/networks/93ae66a0-b6a7-4432-be72-0686f2e5588d?fields=provider%3Aphysical_network&fields=provider%3Anetwork_type HTTP/1.1" status: 200 len: 277 time: 0.0441160
2026-06-02 22:37:07.655 9 INFO neutron.db.ovn_revision_numbers_db [None req-9f25fe88-af2a-4451-8628-c9ebc3ba7fd2 a1c031c4828247ac8ef007a2bfbc2533 afaab217a3444c0da84ca45f44ab4bf3 - - default default] Successfully bumped revision number for resource ff77fefc-906d-4932-a33e-b53b19eda312 (type: security_group_rules) to 0
2026-06-02 22:37:07.684 9 INFO neutron.api.wsgi [None req-9f25fe88-af2a-4451-8628-c9ebc3ba7fd2 a1c031c4828247ac8ef007a2bfbc2533 afaab217a3444c0da84ca45f44ab4bf3 - - default default] 10.0.0.127 "POST /v2.0/security-group-rules HTTP/1.1" status: 201 len: 795 time: 0.1352854
2026-06-02 22:37:07.693 9 WARNING neutron_lib.context [None req-000a179f-8aa7-4b26-bb7b-3ceb1e80f041 a1c031c4828247ac8ef007a2bfbc2533 afaab217a3444c0da84ca45f44ab4bf3 - - default default] Method 'is_advsvc' is deprecated since 2023.2 release (neutron-lib 3.8.0) and will be removed once support for the old RBAC API policies will be removed from Neutron. Please use method 'is_service_role' instead.
2026-06-02 22:37:07.814 9 INFO neutron.db.ovn_revision_numbers_db [None req-000a179f-8aa7-4b26-bb7b-3ceb1e80f041 a1c031c4828247ac8ef007a2bfbc2533 afaab217a3444c0da84ca45f44ab4bf3 - - default default] Successfully bumped revision number for resource 8d3aba60-f08a-4830-9f83-4392f733cfc5 (type: security_group_rules) to 0
2026-06-02 22:37:07.842 9 INFO neutron.api.wsgi [None req-000a179f-8aa7-4b26-bb7b-3ceb1e80f041 a1c031c4828247ac8ef007a2bfbc2533 afaab217a3444c0da84ca45f44ab4bf3 - - default default] 10.0.0.127 "POST /v2.0/security-group-rules HTTP/1.1" status: 201 len: 801 time: 0.1538019
2026-06-02 22:37:07.850 9 WARNING neutron_lib.context [None req-646e1823-f3e2-4684-8f2f-34b575f9bbb5 a1c031c4828247ac8ef007a2bfbc2533 afaab217a3444c0da84ca45f44ab4bf3 - - default default] Method 'is_advsvc' is deprecated since 2023.2 release (neutron-lib 3.8.0) and will be removed once support for the old RBAC API policies will be removed from Neutron. Please use method 'is_service_role' instead.
2026-06-02 22:37:07.893 10 INFO neutron.db.ovn_revision_numbers_db [None req-a0ab023b-c5ef-420e-ba4c-67f7f5c97d4a ef9431564eb743c9882dee4928ccf684 a39275425c5d4935bd47dbb81ee2a16c - - default default] Successfully bumped revision number for resource 367ff43c-71f6-4a8b-9765-e7627e97bd12 (type: security_groups) to 1
2026-06-02 22:37:07.907 10 INFO neutron.db.ovn_revision_numbers_db [None req-a0ab023b-c5ef-420e-ba4c-67f7f5c97d4a ef9431564eb743c9882dee4928ccf684 a39275425c5d4935bd47dbb81ee2a16c - - default default] Successfully bumped revision number for resource 1f9c6596-a732-45a3-83bd-0135e40f617f (type: security_group_rules) to 0
2026-06-02 22:37:07.922 10 INFO neutron.db.ovn_revision_numbers_db [None req-a0ab023b-c5ef-420e-ba4c-67f7f5c97d4a ef9431564eb743c9882dee4928ccf684 a39275425c5d4935bd47dbb81ee2a16c - - default default] Successfully bumped revision number for resource eabe32a7-b3b3-4cbd-90ed-e46021f4be9e (type: security_group_rules) to 0
2026-06-02 22:37:07.936 10 INFO neutron.db.ovn_revision_numbers_db [None req-a0ab023b-c5ef-420e-ba4c-67f7f5c97d4a ef9431564eb743c9882dee4928ccf684 a39275425c5d4935bd47dbb81ee2a16c - - default default] Successfully bumped revision number for resource ed368175-91d3-48fb-9d3f-7c1879ec24ae (type: security_group_rules) to 0
2026-06-02 22:37:07.950 10 INFO neutron.db.ovn_revision_numbers_db [None req-a0ab023b-c5ef-420e-ba4c-67f7f5c97d4a ef9431564eb743c9882dee4928ccf684 a39275425c5d4935bd47dbb81ee2a16c - - default default] Successfully bumped revision number for resource edeb3d97-c7ff-4d7a-a56d-371a4a20b6dd (type: security_group_rules) to 0
2026-06-02 22:37:07.965 9 INFO neutron.db.ovn_revision_numbers_db [None req-646e1823-f3e2-4684-8f2f-34b575f9bbb5 a1c031c4828247ac8ef007a2bfbc2533 afaab217a3444c0da84ca45f44ab4bf3 - - default default] Successfully bumped revision number for resource 1d4ff620-f97b-46a5-b21e-5c9363ac0b63 (type: security_group_rules) to 0
2026-06-02 22:37:07.986 10 INFO neutron.api.wsgi [None req-a0ab023b-c5ef-420e-ba4c-67f7f5c97d4a ef9431564eb743c9882dee4928ccf684 a39275425c5d4935bd47dbb81ee2a16c - - default default] 10.0.0.127 "GET /v2.0/security-groups?tenant_id=9fb41598370242418eeeb4eb619fecbf&name=default HTTP/1.1" status: 200 len: 3120 time: 0.3507366
2026-06-02 22:37:07.993 9 INFO neutron.api.wsgi [None req-646e1823-f3e2-4684-8f2f-34b575f9bbb5 a1c031c4828247ac8ef007a2bfbc2533 afaab217a3444c0da84ca45f44ab4bf3 - - default default] 10.0.0.127 "POST /v2.0/security-group-rules HTTP/1.1" status: 201 len: 800 time: 0.1467183
2026-06-02 22:37:08.003 9 WARNING neutron_lib.context [None req-e380330d-d28b-4192-8cbb-4f270837d125 a1c031c4828247ac8ef007a2bfbc2533 afaab217a3444c0da84ca45f44ab4bf3 - - default default] Method 'is_advsvc' is deprecated since 2023.2 release (neutron-lib 3.8.0) and will be removed once support for the old RBAC API policies will be removed from Neutron. Please use method 'is_service_role' instead.
2026-06-02 22:37:08.039 9 INFO neutron.db.securitygroups_db [None req-e380330d-d28b-4192-8cbb-4f270837d125 a1c031c4828247ac8ef007a2bfbc2533 afaab217a3444c0da84ca45f44ab4bf3 - - default default] Project afaab217a3444c0da84ca45f44ab4bf3 added a security group rule with legacy IPv6 ICMP protocol name icmp, ipv6-icmp should be used instead. It was automatically converted.
2026-06-02 22:37:08.110 10 INFO neutron.api.wsgi [req-e640793d-4aa9-4c1c-b048-ae4ed73349c1 req-266229b1-3184-44b8-8f0f-28b02d8ba4cf 7eed6bd94c77408b91cee9c009b52e8e d06770edaf354f89bc488ee06bfc63d3 - - default default] 10.0.0.112 "GET /v2.0/ports?device_id=8b8abb91-5acc-4036-bccb-0f44bd5ad72f HTTP/1.1" status: 200 len: 1170 time: 0.0398257
2026-06-02 22:37:08.141 10 INFO neutron.services.segments.plugin [-] Segment f285993d-cba4-45fd-8ca2-e33075b79367 resource provider aggregate not found
2026-06-02 22:37:08.141 9 INFO neutron.db.ovn_revision_numbers_db [None req-e380330d-d28b-4192-8cbb-4f270837d125 a1c031c4828247ac8ef007a2bfbc2533 afaab217a3444c0da84ca45f44ab4bf3 - - default default] Successfully bumped revision number for resource 933b6bfd-cb0a-468c-a005-f050b75cfad2 (type: security_group_rules) to 0
2026-06-02 22:37:08.148 10 INFO neutron.services.segments.plugin [-] Segment f285993d-cba4-45fd-8ca2-e33075b79367 resource provider aggregate not found
2026-06-02 22:37:08.153 10 INFO neutron.services.segments.plugin [-] Segment f285993d-cba4-45fd-8ca2-e33075b79367 resource provider not found; error: Placement Client Error (4xx): {"errors": [{"status": 404, "title": "Not Found", "detail": "The resource could not be found.\n\n No resource provider with uuid f285993d-cba4-45fd-8ca2-e33075b79367 found for delete ", "request_id": "req-465c2b1b-403c-4acc-8f39-5b4631898ceb"}]}
2026-06-02 22:37:08.158 10 INFO neutron.services.segments.plugin [-] Segment f285993d-cba4-45fd-8ca2-e33075b79367 resource provider not found; error: Placement Client Error (4xx): {"errors": [{"status": 404, "title": "Not Found", "detail": "The resource could not be found.\n\n No resource provider with uuid f285993d-cba4-45fd-8ca2-e33075b79367 found for delete ", "request_id": "req-ace35fb4-6701-4ae8-b477-e0755e0934d2"}]}
2026-06-02 22:37:08.163 10 INFO neutron.services.segments.plugin [-] Segment ac200e2d-a5ed-48c0-9a62-8f99b684bcbd resource provider aggregate not found
2026-06-02 22:37:08.171 10 INFO neutron.services.segments.plugin [-] Segment ac200e2d-a5ed-48c0-9a62-8f99b684bcbd resource provider aggregate not found
2026-06-02 22:37:08.174 9 INFO neutron.api.wsgi [None req-e380330d-d28b-4192-8cbb-4f270837d125 a1c031c4828247ac8ef007a2bfbc2533 afaab217a3444c0da84ca45f44ab4bf3 - - default default] 10.0.0.127 "POST /v2.0/security-group-rules HTTP/1.1" status: 201 len: 806 time: 0.1750515
2026-06-02 22:37:08.180 10 INFO neutron.services.segments.plugin [-] Segment ac200e2d-a5ed-48c0-9a62-8f99b684bcbd resource provider not found; error: Placement Client Error (4xx): {"errors": [{"status": 404, "title": "Not Found", "detail": "The resource could not be found.\n\n No resource provider with uuid ac200e2d-a5ed-48c0-9a62-8f99b684bcbd found for delete ", "request_id": "req-fbfe223c-ceb0-4472-82dc-72cdf2fd0e1c"}]}
2026-06-02 22:37:08.189 10 INFO neutron.services.segments.plugin [-] Segment ac200e2d-a5ed-48c0-9a62-8f99b684bcbd resource provider not found; error: Placement Client Error (4xx): {"errors": [{"status": 404, "title": "Not Found", "detail": "The resource could not be found.\n\n No resource provider with uuid ac200e2d-a5ed-48c0-9a62-8f99b684bcbd found for delete ", "request_id": "req-2c0cfeb5-7106-4e43-a9c9-169b681ecd30"}]}
2026-06-02 22:37:08.198 10 WARNING neutron_lib.context [None req-c9b0b65e-0edb-4d14-93fd-f2fd80750524 a1c031c4828247ac8ef007a2bfbc2533 afaab217a3444c0da84ca45f44ab4bf3 - - default default] Method 'is_advsvc' is deprecated since 2023.2 release (neutron-lib 3.8.0) and will be removed once support for the old RBAC API policies will be removed from Neutron. Please use method 'is_service_role' instead.
2026-06-02 22:37:08.203 10 INFO neutron.api.wsgi [req-e640793d-4aa9-4c1c-b048-ae4ed73349c1 req-aedfefe2-bbbc-477f-b7af-d3d9c4213200 7eed6bd94c77408b91cee9c009b52e8e d06770edaf354f89bc488ee06bfc63d3 - - default default] 10.0.0.112 "GET /v2.0/security-groups?id=d4fd5064-b6f5-450b-9d9c-bd18ba120993&fields=id&fields=name HTTP/1.1" status: 200 len: 313 time: 0.0832281
2026-06-02 22:37:08.204 10 INFO neutron.services.segments.plugin [-] Segment a507e184-1679-4ac2-a3e1-7a461f2ec10b resource provider aggregate not found
2026-06-02 22:37:08.209 10 INFO neutron.services.segments.plugin [-] Segment a507e184-1679-4ac2-a3e1-7a461f2ec10b resource provider aggregate not found
2026-06-02 22:37:08.219 10 INFO neutron.services.segments.plugin [-] Segment a507e184-1679-4ac2-a3e1-7a461f2ec10b resource provider not found; error: Placement Client Error (4xx): {"errors": [{"status": 404, "title": "Not Found", "detail": "The resource could not be found.\n\n No resource provider with uuid a507e184-1679-4ac2-a3e1-7a461f2ec10b found for delete ", "request_id": "req-59d3a95f-9a7d-4e48-bf35-5c6ea9072b4a"}]}
2026-06-02 22:37:08.225 10 INFO neutron.services.segments.plugin [-] Segment a507e184-1679-4ac2-a3e1-7a461f2ec10b resource provider not found; error: Placement Client Error (4xx): {"errors": [{"status": 404, "title": "Not Found", "detail": "The resource could not be found.\n\n No resource provider with uuid a507e184-1679-4ac2-a3e1-7a461f2ec10b found for delete ", "request_id": "req-01876417-7fac-4bd3-b317-14097c4a166d"}]}
2026-06-02 22:37:08.262 10 INFO neutron.db.securitygroups_db [None req-c9b0b65e-0edb-4d14-93fd-f2fd80750524 a1c031c4828247ac8ef007a2bfbc2533 afaab217a3444c0da84ca45f44ab4bf3 - - default default] Project afaab217a3444c0da84ca45f44ab4bf3 added a security group rule with legacy IPv6 ICMP protocol name icmp, ipv6-icmp should be used instead. It was automatically converted.
2026-06-02 22:37:08.289 10 INFO neutron.api.wsgi [None req-550b1e87-232c-4c88-b099-b1d12d30ccc2 ef9431564eb743c9882dee4928ccf684 a39275425c5d4935bd47dbb81ee2a16c - - default default] 10.0.0.127 "DELETE /v2.0/security-groups/367ff43c-71f6-4a8b-9765-e7627e97bd12 HTTP/1.1" status: 204 len: 168 time: 0.2982750
2026-06-02 22:37:08.365 10 INFO neutron.db.ovn_revision_numbers_db [None req-c9b0b65e-0edb-4d14-93fd-f2fd80750524 a1c031c4828247ac8ef007a2bfbc2533 afaab217a3444c0da84ca45f44ab4bf3 - - default default] Successfully bumped revision number for resource 1e8d1e1a-b522-4257-9dd1-60570f5e1e95 (type: security_group_rules) to 0
2026-06-02 22:37:08.401 10 INFO neutron.api.wsgi [None req-c9b0b65e-0edb-4d14-93fd-f2fd80750524 a1c031c4828247ac8ef007a2bfbc2533 afaab217a3444c0da84ca45f44ab4bf3 - - default default] 10.0.0.127 "POST /v2.0/security-group-rules HTTP/1.1" status: 201 len: 805 time: 0.2144742
2026-06-02 22:37:08.539 9 INFO neutron.db.ovn_revision_numbers_db [None req-f328617c-ac6b-41de-b1cc-17133689a749 ef9431564eb743c9882dee4928ccf684 a39275425c5d4935bd47dbb81ee2a16c - - default default] Successfully bumped revision number for resource f8814344-52a4-47c5-aeef-74440b8a3899 (type: security_groups) to 1
2026-06-02 22:37:08.551 9 INFO neutron.db.ovn_revision_numbers_db [None req-f328617c-ac6b-41de-b1cc-17133689a749 ef9431564eb743c9882dee4928ccf684 a39275425c5d4935bd47dbb81ee2a16c - - default default] Successfully bumped revision number for resource 7ea3a796-530c-49cc-8c14-8d8303bc297e (type: security_group_rules) to 0
2026-06-02 22:37:08.571 9 INFO neutron.db.ovn_revision_numbers_db [None req-f328617c-ac6b-41de-b1cc-17133689a749 ef9431564eb743c9882dee4928ccf684 a39275425c5d4935bd47dbb81ee2a16c - - default default] Successfully bumped revision number for resource 99cdb1fa-fff0-466c-ba23-4055a6ee11fe (type: security_group_rules) to 0
2026-06-02 22:37:08.587 9 INFO neutron.db.ovn_revision_numbers_db [None req-f328617c-ac6b-41de-b1cc-17133689a749 ef9431564eb743c9882dee4928ccf684 a39275425c5d4935bd47dbb81ee2a16c - - default default] Successfully bumped revision number for resource 9e547353-b731-4a56-898d-ef9ee393d90c (type: security_group_rules) to 0
2026-06-02 22:37:08.600 9 INFO neutron.db.ovn_revision_numbers_db [None req-f328617c-ac6b-41de-b1cc-17133689a749 ef9431564eb743c9882dee4928ccf684 a39275425c5d4935bd47dbb81ee2a16c - - default default] Successfully bumped revision number for resource e1cd0085-cebd-4704-9acb-8afe176b25be (type: security_group_rules) to 0
2026-06-02 22:37:08.654 9 INFO neutron.api.wsgi [None req-f328617c-ac6b-41de-b1cc-17133689a749 ef9431564eb743c9882dee4928ccf684 a39275425c5d4935bd47dbb81ee2a16c - - default default] 10.0.0.127 "GET /v2.0/security-groups?tenant_id=2aee3df58a3742758a3d324f72efe176&name=default HTTP/1.1" status: 200 len: 3120 time: 0.4128978
2026-06-02 22:37:08.860 9 INFO neutron.api.wsgi [None req-924cbc17-9b00-4ec8-b695-ec046962cb00 ef9431564eb743c9882dee4928ccf684 a39275425c5d4935bd47dbb81ee2a16c - - default default] 10.0.0.127 "DELETE /v2.0/security-groups/f8814344-52a4-47c5-aeef-74440b8a3899 HTTP/1.1" status: 204 len: 168 time: 0.1987929
2026-06-02 22:37:08.928 10 INFO neutron.api.wsgi [None req-d27eba48-f75b-47c5-80d3-1e8e627a8290 a1c031c4828247ac8ef007a2bfbc2533 afaab217a3444c0da84ca45f44ab4bf3 - - default default] 10.0.0.127 "GET /v2.0/networks HTTP/1.1" status: 200 len: 1493 time: 0.1505759
2026-06-02 22:37:09.030 10 INFO neutron.api.wsgi [None req-0cf86731-e2dd-495e-b3db-1fb35760db45 ef9431564eb743c9882dee4928ccf684 a39275425c5d4935bd47dbb81ee2a16c - - default default] 10.0.0.127 "GET /v2.0/security-groups?tenant_id=dfddccc2d62c44579b624c95103e84ab&name=default HTTP/1.1" status: 200 len: 3120 time: 0.0397098
2026-06-02 22:37:09.059 9 INFO neutron.api.wsgi [req-e178b9f3-01a2-4672-baab-357a8d890cab req-f0389e26-3645-4234-8953-8d07a6887a45 a1c031c4828247ac8ef007a2bfbc2533 afaab217a3444c0da84ca45f44ab4bf3 - - default default] 10.0.0.112 "GET /v2.0/security-groups?name=tempest-secgroup-smoke-421341449&fields=id&tenant_id=afaab217a3444c0da84ca45f44ab4bf3 HTTP/1.1" status: 200 len: 267 time: 0.0402167
2026-06-02 22:37:09.110 9 INFO neutron.api.wsgi [req-e178b9f3-01a2-4672-baab-357a8d890cab req-eb5cb9a5-10c2-4606-9cb1-5fe9c39dd09d a1c031c4828247ac8ef007a2bfbc2533 afaab217a3444c0da84ca45f44ab4bf3 - - default default] 10.0.0.112 "GET /v2.0/networks?id=ec7bd424-5a2f-4aeb-9921-ec940277c230 HTTP/1.1" status: 200 len: 860 time: 0.0438538
2026-06-02 22:37:09.127 9 INFO neutron.api.wsgi [req-e178b9f3-01a2-4672-baab-357a8d890cab req-d6ea5e76-eda4-49ac-b64a-8717ab3dd9c5 a1c031c4828247ac8ef007a2bfbc2533 afaab217a3444c0da84ca45f44ab4bf3 - - default default] 10.0.0.112 "GET /v2.0/quotas/afaab217a3444c0da84ca45f44ab4bf3 HTTP/1.1" status: 200 len: 491 time: 0.0097585
2026-06-02 22:37:09.224 10 INFO neutron.plugins.ml2.drivers.ovn.mech_driver.mech_driver [None req-55f04fad-01ca-4dcf-90f4-19c93c4a6324 - - - - - -] OVN reports status down for port: 7d6a8dd6-62ee-4a66-bcc2-d3da355482f6
2026-06-02 22:37:09.232 9 INFO neutron.api.wsgi [req-e178b9f3-01a2-4672-baab-357a8d890cab req-89b55183-2444-4b3e-835d-f2bbe95e1940 a1c031c4828247ac8ef007a2bfbc2533 afaab217a3444c0da84ca45f44ab4bf3 - - default default] 10.0.0.112 "GET /v2.0/ports?tenant_id=afaab217a3444c0da84ca45f44ab4bf3&fields=id HTTP/1.1" status: 200 len: 348 time: 0.0988553
2026-06-02 22:37:09.303 10 INFO neutron.api.wsgi [None req-2fa2cf59-4ba5-4db9-9a7d-e6403d24bd98 ef9431564eb743c9882dee4928ccf684 a39275425c5d4935bd47dbb81ee2a16c - - default default] 10.0.0.127 "DELETE /v2.0/security-groups/01486b57-9314-4e0c-98a1-a102283429d6 HTTP/1.1" status: 204 len: 168 time: 0.2642207
2026-06-02 22:37:09.313 9 INFO neutron.api.wsgi [req-e178b9f3-01a2-4672-baab-357a8d890cab req-6c043ad9-5604-4e71-9c60-0d5f000f2468 86522596c94245479eef5d0926326a20 1792dd84f79b4d8293e2c1f6eea1db25 - - 4c9fd5d11ba8420cb8bdb12be613f9dd 4c9fd5d11ba8420cb8bdb12be613f9dd] 10.0.0.112 "GET /v2.0/networks/ec7bd424-5a2f-4aeb-9921-ec940277c230?fields=segments HTTP/1.1" status: 200 len: 212 time: 0.0688705
2026-06-02 22:37:09.325 10 INFO neutron.api.wsgi [req-28fd724e-1ec7-418a-b640-56d8661df387 req-06068bb4-0204-45e6-bb73-af4e39be614f 7eed6bd94c77408b91cee9c009b52e8e d06770edaf354f89bc488ee06bfc63d3 - - default default] 10.0.0.112 "GET /v2.0/ports?device_id=8b8abb91-5acc-4036-bccb-0f44bd5ad72f HTTP/1.1" status: 200 len: 1170 time: 0.0463266
2026-06-02 22:37:09.369 9 INFO neutron.api.wsgi [req-e178b9f3-01a2-4672-baab-357a8d890cab req-9350769b-c32d-4f75-b203-898951d39671 86522596c94245479eef5d0926326a20 1792dd84f79b4d8293e2c1f6eea1db25 - - 4c9fd5d11ba8420cb8bdb12be613f9dd 4c9fd5d11ba8420cb8bdb12be613f9dd] 10.0.0.112 "GET /v2.0/networks/ec7bd424-5a2f-4aeb-9921-ec940277c230?fields=provider%3Aphysical_network&fields=provider%3Anetwork_type HTTP/1.1" status: 200 len: 277 time: 0.0506830
2026-06-02 22:37:09.391 10 INFO neutron.api.wsgi [req-28fd724e-1ec7-418a-b640-56d8661df387 req-50213a95-fc56-43b5-8a06-935b0896c334 7eed6bd94c77408b91cee9c009b52e8e d06770edaf354f89bc488ee06bfc63d3 - - default default] 10.0.0.112 "GET /v2.0/security-groups?id=d4fd5064-b6f5-450b-9d9c-bd18ba120993&fields=id&fields=name HTTP/1.1" status: 200 len: 313 time: 0.0617993
2026-06-02 22:37:09.421 10 INFO neutron.notifiers.nova [-] Nova event matching ['req-248c20d4-f590-4a35-8c5b-dcb8b48b6093'] response: {'server_uuid': '8b8abb91-5acc-4036-bccb-0f44bd5ad72f', 'name': 'network-vif-unplugged', 'status': 'completed', 'tag': '7d6a8dd6-62ee-4a66-bcc2-d3da355482f6', 'code': 200}
2026-06-02 22:37:09.497 10 INFO neutron.api.wsgi [req-f3200cfc-a140-4bd5-9ebc-583d6fb1fd72 req-cf88d7b7-6ea6-482c-9b3b-c4f9e758a013 a1c031c4828247ac8ef007a2bfbc2533 afaab217a3444c0da84ca45f44ab4bf3 - - default default] 10.0.0.112 "GET /v2.0/ports?device_id=4dbfbc5c-aeda-4c7d-b83b-2917ac00770e HTTP/1.1" status: 200 len: 210 time: 0.0191820
2026-06-02 22:37:09.514 10 INFO neutron.db.ovn_revision_numbers_db [None req-55f04fad-01ca-4dcf-90f4-19c93c4a6324 - - - - - -] Successfully bumped revision number for resource 7d6a8dd6-62ee-4a66-bcc2-d3da355482f6 (type: ports) to 6
2026-06-02 22:37:09.599 9 INFO neutron.db.ovn_revision_numbers_db [None req-a5c58539-6db7-499c-a083-cfd343132c34 ef9431564eb743c9882dee4928ccf684 a39275425c5d4935bd47dbb81ee2a16c - - default default] Successfully bumped revision number for resource 63df4a2d-5b61-4df5-8ab2-efd2822ad04c (type: security_groups) to 1
2026-06-02 22:37:09.613 9 INFO neutron.db.ovn_revision_numbers_db [None req-a5c58539-6db7-499c-a083-cfd343132c34 ef9431564eb743c9882dee4928ccf684 a39275425c5d4935bd47dbb81ee2a16c - - default default] Successfully bumped revision number for resource 5da42b50-cc90-42fe-83a8-9979b8485e02 (type: security_group_rules) to 0
2026-06-02 22:37:09.625 9 INFO neutron.db.ovn_revision_numbers_db [None req-a5c58539-6db7-499c-a083-cfd343132c34 ef9431564eb743c9882dee4928ccf684 a39275425c5d4935bd47dbb81ee2a16c - - default default] Successfully bumped revision number for resource 90f677e3-2b70-41b8-94a3-914aaded04f1 (type: security_group_rules) to 0
2026-06-02 22:37:09.639 9 INFO neutron.db.ovn_revision_numbers_db [None req-a5c58539-6db7-499c-a083-cfd343132c34 ef9431564eb743c9882dee4928ccf684 a39275425c5d4935bd47dbb81ee2a16c - - default default] Successfully bumped revision number for resource cf591b0b-fccc-409b-83bb-315e8e224fdc (type: security_group_rules) to 0
2026-06-02 22:37:09.652 9 INFO neutron.db.ovn_revision_numbers_db [None req-a5c58539-6db7-499c-a083-cfd343132c34 ef9431564eb743c9882dee4928ccf684 a39275425c5d4935bd47dbb81ee2a16c - - default default] Successfully bumped revision number for resource d87dc1db-d970-4876-962d-173c0c9f6649 (type: security_group_rules) to 0
2026-06-02 22:37:09.692 9 INFO neutron.api.wsgi [None req-a5c58539-6db7-499c-a083-cfd343132c34 ef9431564eb743c9882dee4928ccf684 a39275425c5d4935bd47dbb81ee2a16c - - default default] 10.0.0.127 "GET /v2.0/security-groups?tenant_id=187c8b9838a94bce840a25b827a3581c&name=default HTTP/1.1" status: 200 len: 3120 time: 0.2142856 /var/lib/openstack/lib/python3.12/site-packages/pycadf/identifier.py:71: UserWarning: Invalid uuid: neutron. To ensure interoperability, identifiers should be a valid uuid. warnings.warn(('Invalid uuid: %s. To ensure interoperability, '
2026-06-02 22:37:09.922 10 INFO neutron.api.wsgi [None req-eafab25c-0e43-4af7-99ac-6afc6c8bd15f ef9431564eb743c9882dee4928ccf684 a39275425c5d4935bd47dbb81ee2a16c - - default default] 10.0.0.127 "DELETE /v2.0/security-groups/63df4a2d-5b61-4df5-8ab2-efd2822ad04c HTTP/1.1" status: 204 len: 168 time: 0.2262218
2026-06-02 22:37:10.426 9 INFO neutron.db.ovn_revision_numbers_db [None req-8ab378f2-da65-4358-aeec-2db43d89efea ef9431564eb743c9882dee4928ccf684 a39275425c5d4935bd47dbb81ee2a16c - - default default] Successfully bumped revision number for resource 59992ecf-c098-40fe-b9b2-51ba96fba532 (type: security_groups) to 1
2026-06-02 22:37:10.435 9 INFO neutron.db.ovn_revision_numbers_db [None req-8ab378f2-da65-4358-aeec-2db43d89efea ef9431564eb743c9882dee4928ccf684 a39275425c5d4935bd47dbb81ee2a16c - - default default] Successfully bumped revision number for resource 0ae3368d-fcca-481e-a5b2-1cdfb1f25b10 (type: security_group_rules) to 0
