2026-06-02 22:39:09.437 10 WARNING neutron.api.rpc.agentnotifiers.dhcp_rpc_agent_api [None req-e2c57cf3-6b93-490e-8eb2-c2abebbfe48e ef9431564eb743c9882dee4928ccf684 a39275425c5d4935bd47dbb81ee2a16c - - default default] Unable to schedule network a6ac7a79-acac-4cad-b2ba-2a3eb2818cf0: no agents available; will retry on subsequent port and subnet creation events.
2026-06-02 22:39:09.582 10 INFO neutron.db.ovn_revision_numbers_db [None req-e2c57cf3-6b93-490e-8eb2-c2abebbfe48e ef9431564eb743c9882dee4928ccf684 a39275425c5d4935bd47dbb81ee2a16c - - default default] Successfully bumped revision number for resource 5906b7f2-5b62-494e-a66e-3700ab972fd3 (type: ports) to 1
2026-06-02 22:39:09.606 10 INFO neutron.api.wsgi [None req-e2c57cf3-6b93-490e-8eb2-c2abebbfe48e ef9431564eb743c9882dee4928ccf684 a39275425c5d4935bd47dbb81ee2a16c - - default default] 10.0.0.48 "POST /v2.0/ports HTTP/1.1" status: 201 len: 1337 time: 0.5752239 /var/lib/openstack/lib/python3.12/site-packages/pycadf/identifier.py:71: UserWarning: Invalid uuid: neutron. To ensure interoperability, identifiers should be a valid uuid. warnings.warn(('Invalid uuid: %s. To ensure interoperability, '
2026-06-02 22:39:10.857 10 INFO neutron.api.wsgi [req-71be8b3c-ef3d-441e-a50c-ae3bc292dab5 req-2fd04d23-a40e-4c47-b819-a3173ec84a4d dd88eb0dc2ee406ba28d678e90410501 6b8aedb1a33246259d28993153be3dcb - - default default] 10.0.0.112 "GET /v2.0/ports?device_id=6eced1bc-175e-4348-8938-fce2e9ee595c HTTP/1.1" status: 200 len: 1214 time: 0.0782597
2026-06-02 22:39:10.910 10 INFO neutron.api.wsgi [req-71be8b3c-ef3d-441e-a50c-ae3bc292dab5 req-6ab6e66e-579a-4b52-8cc0-5b55fefcebef dd88eb0dc2ee406ba28d678e90410501 6b8aedb1a33246259d28993153be3dcb - - default default] 10.0.0.112 "GET /v2.0/security-groups?id=b509b005-b638-4184-bd06-842f6b47a99f&id=958888a2-6669-4d89-9456-6b9723867313&fields=id&fields=name HTTP/1.1" status: 200 len: 406 time: 0.0465534
2026-06-02 22:39:11.011 9 INFO neutron.api.wsgi [None req-0e2f8664-b6e2-4eca-9d71-9c640a00e8e5 ec404a39cc77452ab396d47fb3c62d9d b24d7859415f45ce90ab7eb0b4e61395 - - default default] 10.0.0.127 "GET /v2.0/ports?device_id=6eced1bc-175e-4348-8938-fce2e9ee595c HTTP/1.1" status: 200 len: 1447 time: 0.0781064
2026-06-02 22:39:11.068 10 INFO neutron.services.segments.plugin [-] Segment 10d8cda5-cb1a-4ba3-87c2-d051a0e04fe8 resource provider aggregate not found
2026-06-02 22:39:11.074 10 INFO neutron.services.segments.plugin [-] Segment 10d8cda5-cb1a-4ba3-87c2-d051a0e04fe8 resource provider aggregate not found
2026-06-02 22:39:11.082 9 INFO neutron.api.wsgi [None req-f3393eaf-4361-4045-9647-c46bedd614c3 dd88eb0dc2ee406ba28d678e90410501 6b8aedb1a33246259d28993153be3dcb - - default default] 10.0.0.127 "GET /v2.0/floatingips?floating_network_id=80ebe74c-8e72-4aaa-874f-4d5c8ac79819&port_id=6c38d6b0-fbb1-4d1d-9cea-dea6a487e2e3 HTTP/1.1" status: 200 len: 1055 time: 0.0640705
2026-06-02 22:39:11.085 10 INFO neutron.services.segments.plugin [-] Segment 10d8cda5-cb1a-4ba3-87c2-d051a0e04fe8 resource provider not found; error: Placement Client Error (4xx): {"errors": [{"status": 404, "title": "Not Found", "detail": "The resource could not be found.\n\n No resource provider with uuid 10d8cda5-cb1a-4ba3-87c2-d051a0e04fe8 found for delete ", "request_id": "req-bbae1014-e6cc-4dad-b52b-03036558df70"}]}
2026-06-02 22:39:11.092 10 INFO neutron.services.segments.plugin [-] Segment 10d8cda5-cb1a-4ba3-87c2-d051a0e04fe8 resource provider not found; error: Placement Client Error (4xx): {"errors": [{"status": 404, "title": "Not Found", "detail": "The resource could not be found.\n\n No resource provider with uuid 10d8cda5-cb1a-4ba3-87c2-d051a0e04fe8 found for delete ", "request_id": "req-e15a216f-e146-451c-8712-99d18a6fbe2d"}]}
2026-06-02 22:39:11.102 10 INFO neutron.api.wsgi [None req-adae68fc-71d7-489d-be06-e4eead2a320a 153680424e88497ea1509462520d423f e0008f3729454f5ba0b038cf00117bca - - default default] 10.0.0.127 "DELETE /v2.0/vpn/vpnservices/8e07e02e-66e8-447c-a277-9e7a329cda13 HTTP/1.1" status: 204 len: 168 time: 2.9197929
2026-06-02 22:39:11.117 10 INFO neutron.api.wsgi [None req-8baad527-2103-4dce-a064-b129439a2a55 153680424e88497ea1509462520d423f e0008f3729454f5ba0b038cf00117bca - - default default] 10.0.0.127 "GET /v2.0/vpn/vpnservices HTTP/1.1" status: 200 len: 1056 time: 0.0096140
2026-06-02 22:39:11.131 10 WARNING neutron_lib.context [None req-5add4097-8333-4696-bf02-3e29582e6e99 153680424e88497ea1509462520d423f e0008f3729454f5ba0b038cf00117bca - - default default] Method 'is_advsvc' is deprecated since 2023.2 release (neutron-lib 3.8.0) and will be removed once support for the old RBAC API policies will be removed from Neutron. Please use method 'is_service_role' instead.
2026-06-02 22:39:11.208 10 INFO neutron.api.v2.resource [None req-5add4097-8333-4696-bf02-3e29582e6e99 153680424e88497ea1509462520d423f e0008f3729454f5ba0b038cf00117bca - - default default] create failed (client error): The server could not comply with the request since it is either malformed or otherwise incorrect.
2026-06-02 22:39:11.209 10 INFO neutron.api.wsgi [None req-5add4097-8333-4696-bf02-3e29582e6e99 153680424e88497ea1509462520d423f e0008f3729454f5ba0b038cf00117bca - - default default] 10.0.0.127 "POST /v2.0/vpn/ipsec-site-connections HTTP/1.1" status: 400 len: 330 time: 0.0847344
2026-06-02 22:39:11.224 10 WARNING neutron_lib.context [None req-7786d313-e5f3-498c-a3ff-a3a44b5d86de 153680424e88497ea1509462520d423f e0008f3729454f5ba0b038cf00117bca - - default default] Method 'is_advsvc' is deprecated since 2023.2 release (neutron-lib 3.8.0) and will be removed once support for the old RBAC API policies will be removed from Neutron. Please use method 'is_service_role' instead.
2026-06-02 22:39:11.268 10 INFO neutron.api.v2.resource [None req-7786d313-e5f3-498c-a3ff-a3a44b5d86de 153680424e88497ea1509462520d423f e0008f3729454f5ba0b038cf00117bca - - default default] create failed (client error): The server could not comply with the request since it is either malformed or otherwise incorrect.
2026-06-02 22:39:11.270 10 INFO neutron.api.wsgi [None req-7786d313-e5f3-498c-a3ff-a3a44b5d86de 153680424e88497ea1509462520d423f e0008f3729454f5ba0b038cf00117bca - - default default] 10.0.0.127 "POST /v2.0/vpn/ipsec-site-connections HTTP/1.1" status: 400 len: 339 time: 0.0504134
2026-06-02 22:39:11.282 10 WARNING neutron.api.v2.base [None req-d00a46b1-dd5a-49e9-b6d9-b324b3fbf5a4 153680424e88497ea1509462520d423f e0008f3729454f5ba0b038cf00117bca - - default default] An exception happened while processing the request body. The exception message is [Invalid input for dpd. Reason: '59' is not a dictionary.].: webob.exc.HTTPBadRequest: Invalid input for dpd. Reason: '59' is not a dictionary.
2026-06-02 22:39:11.282 10 INFO neutron.api.v2.resource [None req-d00a46b1-dd5a-49e9-b6d9-b324b3fbf5a4 153680424e88497ea1509462520d423f e0008f3729454f5ba0b038cf00117bca - - default default] create failed (client error): Invalid input for dpd. Reason: '59' is not a dictionary.
2026-06-02 22:39:11.283 10 INFO neutron.api.wsgi [None req-d00a46b1-dd5a-49e9-b6d9-b324b3fbf5a4 153680424e88497ea1509462520d423f e0008f3729454f5ba0b038cf00117bca - - default default] 10.0.0.127 "POST /v2.0/vpn/ipsec-site-connections HTTP/1.1" status: 400 len: 332 time: 0.0083592
2026-06-02 22:39:11.301 10 WARNING neutron_lib.context [None req-ad112ac4-ec98-4b46-b25f-2a774196cae1 153680424e88497ea1509462520d423f e0008f3729454f5ba0b038cf00117bca - - default default] Method 'is_advsvc' is deprecated since 2023.2 release (neutron-lib 3.8.0) and will be removed once support for the old RBAC API policies will be removed from Neutron. Please use method 'is_service_role' instead.
2026-06-02 22:39:11.332 10 INFO neutron.api.wsgi [None req-ad112ac4-ec98-4b46-b25f-2a774196cae1 153680424e88497ea1509462520d423f e0008f3729454f5ba0b038cf00117bca - - default default] 10.0.0.127 "POST /v2.0/vpn/endpoint-groups HTTP/1.1" status: 201 len: 492 time: 0.0402536
2026-06-02 22:39:11.341 10 WARNING neutron_lib.context [None req-824a71ce-594d-47fd-95fb-cfa6082d826e 153680424e88497ea1509462520d423f e0008f3729454f5ba0b038cf00117bca - - default default] Method 'is_advsvc' is deprecated since 2023.2 release (neutron-lib 3.8.0) and will be removed once support for the old RBAC API policies will be removed from Neutron. Please use method 'is_service_role' instead.
2026-06-02 22:39:11.372 10 INFO neutron.api.v2.resource [None req-824a71ce-594d-47fd-95fb-cfa6082d826e 153680424e88497ea1509462520d423f e0008f3729454f5ba0b038cf00117bca - - default default] create failed (client error): The server could not comply with the request since it is either malformed or otherwise incorrect.
2026-06-02 22:39:11.373 10 INFO neutron.api.wsgi [None req-824a71ce-594d-47fd-95fb-cfa6082d826e 153680424e88497ea1509462520d423f e0008f3729454f5ba0b038cf00117bca - - default default] 10.0.0.127 "POST /v2.0/vpn/ipsec-site-connections HTTP/1.1" status: 400 len: 352 time: 0.0346398
2026-06-02 22:39:11.394 10 INFO neutron.api.wsgi [None req-e012f9be-226d-46b3-866d-79336903c165 153680424e88497ea1509462520d423f e0008f3729454f5ba0b038cf00117bca - - default default] 10.0.0.127 "GET /v2.0/vpn/endpoint-groups HTTP/1.1" status: 200 len: 1102 time: 0.0155091
2026-06-02 22:39:11.415 10 INFO neutron.api.wsgi [req-a994b753-7910-43fd-b0a3-a78247c0c526 req-f9efb522-09a3-4bdf-b691-c1388f3f7860 86522596c94245479eef5d0926326a20 1792dd84f79b4d8293e2c1f6eea1db25 - - 4c9fd5d11ba8420cb8bdb12be613f9dd 4c9fd5d11ba8420cb8bdb12be613f9dd] 10.0.0.153 "GET /v2.0/ports?device_id=6eced1bc-175e-4348-8938-fce2e9ee595c HTTP/1.1" status: 200 len: 1452 time: 0.0311532
2026-06-02 22:39:11.427 9 INFO neutron.api.wsgi [None req-e9af9dac-890b-46b4-9efd-aceaf6169709 153680424e88497ea1509462520d423f e0008f3729454f5ba0b038cf00117bca - - default default] 10.0.0.127 "DELETE /v2.0/vpn/endpoint-groups/ae2331ee-779e-488e-9b0e-8579ef69c32e HTTP/1.1" status: 204 len: 168 time: 0.0270131
2026-06-02 22:39:11.443 10 INFO neutron.api.wsgi [None req-776d201a-2326-4cf5-a213-427648c7e385 153680424e88497ea1509462520d423f e0008f3729454f5ba0b038cf00117bca - - default default] 10.0.0.127 "GET /v2.0/vpn/endpoint-groups HTTP/1.1" status: 200 len: 827 time: 0.0111401
2026-06-02 22:39:11.454 10 WARNING neutron_lib.context [None req-b12c241b-7b9a-4c26-8e8a-97a3afaf5faf 153680424e88497ea1509462520d423f e0008f3729454f5ba0b038cf00117bca - - default default] Method 'is_advsvc' is deprecated since 2023.2 release (neutron-lib 3.8.0) and will be removed once support for the old RBAC API policies will be removed from Neutron. Please use method 'is_service_role' instead.
2026-06-02 22:39:11.468 10 INFO neutron.api.wsgi [req-a994b753-7910-43fd-b0a3-a78247c0c526 req-175c92fd-6303-4a26-9c31-0a877d3d0601 86522596c94245479eef5d0926326a20 1792dd84f79b4d8293e2c1f6eea1db25 - - 4c9fd5d11ba8420cb8bdb12be613f9dd 4c9fd5d11ba8420cb8bdb12be613f9dd] 10.0.0.153 "GET /v2.0/security-groups?id=b509b005-b638-4184-bd06-842f6b47a99f&id=958888a2-6669-4d89-9456-6b9723867313&fields=id&fields=name HTTP/1.1" status: 200 len: 406 time: 0.0460196
2026-06-02 22:39:11.508 10 INFO neutron.api.wsgi [None req-b12c241b-7b9a-4c26-8e8a-97a3afaf5faf 153680424e88497ea1509462520d423f e0008f3729454f5ba0b038cf00117bca - - default default] 10.0.0.127 "POST /v2.0/vpn/endpoint-groups HTTP/1.1" status: 201 len: 500 time: 0.0569956
2026-06-02 22:39:11.518 10 WARNING neutron_lib.context [None req-9fbf1ec6-294b-4b71-b11f-aee3e80d51a5 153680424e88497ea1509462520d423f e0008f3729454f5ba0b038cf00117bca - - default default] Method 'is_advsvc' is deprecated since 2023.2 release (neutron-lib 3.8.0) and will be removed once support for the old RBAC API policies will be removed from Neutron. Please use method 'is_service_role' instead.
2026-06-02 22:39:11.549 10 INFO neutron.api.v2.resource [None req-9fbf1ec6-294b-4b71-b11f-aee3e80d51a5 153680424e88497ea1509462520d423f e0008f3729454f5ba0b038cf00117bca - - default default] create failed (client error): The server could not comply with the request since it is either malformed or otherwise incorrect.
2026-06-02 22:39:11.550 10 INFO neutron.api.wsgi [None req-9fbf1ec6-294b-4b71-b11f-aee3e80d51a5 153680424e88497ea1509462520d423f e0008f3729454f5ba0b038cf00117bca - - default default] 10.0.0.127 "POST /v2.0/vpn/ipsec-site-connections HTTP/1.1" status: 400 len: 351 time: 0.0363121
2026-06-02 22:39:11.567 10 INFO neutron.api.wsgi [None req-d7075df6-ffb8-4cae-b78c-53c850549438 153680424e88497ea1509462520d423f e0008f3729454f5ba0b038cf00117bca - - default default] 10.0.0.127 "GET /v2.0/vpn/endpoint-groups HTTP/1.1" status: 200 len: 1110 time: 0.0121846
2026-06-02 22:39:11.599 10 INFO neutron.api.wsgi [None req-1d6a13d0-a7e2-4d1a-bcc5-9fc6b7033367 153680424e88497ea1509462520d423f e0008f3729454f5ba0b038cf00117bca - - default default] 10.0.0.127 "DELETE /v2.0/vpn/endpoint-groups/85ca27c8-1369-46e8-b79b-1c87bbb79124 HTTP/1.1" status: 204 len: 168 time: 0.0273037
2026-06-02 22:39:11.612 10 INFO neutron.api.wsgi [None req-51d732a7-84ab-4838-ae3a-85cfae1d9522 153680424e88497ea1509462520d423f e0008f3729454f5ba0b038cf00117bca - - default default] 10.0.0.127 "GET /v2.0/vpn/endpoint-groups HTTP/1.1" status: 200 len: 827 time: 0.0096624
2026-06-02 22:39:11.621 10 WARNING neutron.api.v2.base [None req-e8cbcb41-baa5-43b7-a11c-a213c211a982 153680424e88497ea1509462520d423f e0008f3729454f5ba0b038cf00117bca - - default default] An exception happened while processing the request body. The exception message is [Invalid input for peer_cidrs. Reason: '1.0.0.0/33' is not a valid IP subnet.].: webob.exc.HTTPBadRequest: Invalid input for peer_cidrs. Reason: '1.0.0.0/33' is not a valid IP subnet.
2026-06-02 22:39:11.622 10 INFO neutron.api.v2.resource [None req-e8cbcb41-baa5-43b7-a11c-a213c211a982 153680424e88497ea1509462520d423f e0008f3729454f5ba0b038cf00117bca - - default default] create failed (client error): Invalid input for peer_cidrs. Reason: '1.0.0.0/33' is not a valid IP subnet.
2026-06-02 22:39:11.623 10 INFO neutron.api.wsgi [None req-e8cbcb41-baa5-43b7-a11c-a213c211a982 153680424e88497ea1509462520d423f e0008f3729454f5ba0b038cf00117bca - - default default] 10.0.0.127 "POST /v2.0/vpn/ipsec-site-connections HTTP/1.1" status: 400 len: 352 time: 0.0057614
2026-06-02 22:39:11.630 10 WARNING neutron_lib.context [None req-ebd43606-3a17-4747-aa21-1de5fd93343b 153680424e88497ea1509462520d423f e0008f3729454f5ba0b038cf00117bca - - default default] Method 'is_advsvc' is deprecated since 2023.2 release (neutron-lib 3.8.0) and will be removed once support for the old RBAC API policies will be removed from Neutron. Please use method 'is_service_role' instead.
2026-06-02 22:39:11.695 10 INFO neutron.db.segments_db [None req-ebd43606-3a17-4747-aa21-1de5fd93343b 153680424e88497ea1509462520d423f e0008f3729454f5ba0b038cf00117bca - - default default] Added segment 94f861e5-abd7-43fd-ad67-023efdf2df89 of type geneve for network d3c01be9-540c-4db5-be30-decac70c8a8d
2026-06-02 22:39:11.863 10 INFO neutron.db.ovn_revision_numbers_db [None req-ebd43606-3a17-4747-aa21-1de5fd93343b 153680424e88497ea1509462520d423f e0008f3729454f5ba0b038cf00117bca - - default default] Successfully bumped revision number for resource d3c01be9-540c-4db5-be30-decac70c8a8d (type: networks) to 1
2026-06-02 22:39:11.903 9 WARNING neutron.plugins.ml2.drivers.ovn.mech_driver.ovsdb.ovn_client [None req-70e4f5db-06f4-4939-a8f8-5e615cb40555 - - - - - -] No hosting information found for port ff35ef8b-fa96-4b8c-8843-4336687a4874: RuntimeError: No hosting information found for port ff35ef8b-fa96-4b8c-8843-4336687a4874
2026-06-02 22:39:11.988 9 INFO neutron.db.ovn_revision_numbers_db [None req-70e4f5db-06f4-4939-a8f8-5e615cb40555 - - - - - -] Successfully bumped revision number for resource ff35ef8b-fa96-4b8c-8843-4336687a4874 (type: router_ports) to 2
2026-06-02 22:39:12.015 10 WARNING neutron.scheduler.dhcp_agent_scheduler [None req-ebd43606-3a17-4747-aa21-1de5fd93343b 153680424e88497ea1509462520d423f e0008f3729454f5ba0b038cf00117bca - - default default] No more DHCP agents
2026-06-02 22:39:12.016 10 WARNING neutron.api.rpc.agentnotifiers.dhcp_rpc_agent_api [None req-ebd43606-3a17-4747-aa21-1de5fd93343b 153680424e88497ea1509462520d423f e0008f3729454f5ba0b038cf00117bca - - default default] Unable to schedule network d3c01be9-540c-4db5-be30-decac70c8a8d: no agents available; will retry on subsequent port and subnet creation events.
2026-06-02 22:39:12.079 10 INFO neutron.db.ovn_revision_numbers_db [None req-ebd43606-3a17-4747-aa21-1de5fd93343b 153680424e88497ea1509462520d423f e0008f3729454f5ba0b038cf00117bca - - default default] Successfully bumped revision number for resource 39e7bd0c-85b7-48e3-ac82-313d7a604d33 (type: ports) to 1
2026-06-02 22:39:12.096 10 INFO neutron.api.wsgi [None req-f46066fa-8840-479f-a9e9-39ffca42e8d9 ef9431564eb743c9882dee4928ccf684 a39275425c5d4935bd47dbb81ee2a16c - - default default] 199.204.45.210 "GET /v2.0/extensions/security-group HTTP/1.1" status: 200 len: 369 time: 0.0335679
2026-06-02 22:39:12.102 10 INFO neutron.api.wsgi [None req-ebd43606-3a17-4747-aa21-1de5fd93343b 153680424e88497ea1509462520d423f e0008f3729454f5ba0b038cf00117bca - - default default] 10.0.0.127 "POST /v2.0/networks HTTP/1.1" status: 201 len: 831 time: 0.4751244
2026-06-02 22:39:12.105 10 INFO neutron.api.wsgi [None req-0da79737-7dec-4f69-85c4-e3e8e47e0d4e ef9431564eb743c9882dee4928ccf684 a39275425c5d4935bd47dbb81ee2a16c - - default default] 199.204.45.210 "GET /v2.0/extensions/dns-integration HTTP/1.1" status: 200 len: 371 time: 0.0029268
2026-06-02 22:39:12.110 10 WARNING neutron.plugins.ml2.drivers.ovn.mech_driver.ovsdb.ovn_client [None req-3dc47f8b-aee7-40c7-96e7-d0f38eb56b98 - - - - - -] No port found with ID 7ea84687-625d-4503-b07a-28217ba90313: RuntimeError: No port found with ID 7ea84687-625d-4503-b07a-28217ba90313
2026-06-02 22:39:12.114 9 WARNING neutron_lib.context [None req-76f3b31e-1452-4fc6-b749-3019476bee8d 153680424e88497ea1509462520d423f e0008f3729454f5ba0b038cf00117bca - - default default] Method 'is_advsvc' is deprecated since 2023.2 release (neutron-lib 3.8.0) and will be removed once support for the old RBAC API policies will be removed from Neutron. Please use method 'is_service_role' instead.
2026-06-02 22:39:12.115 10 INFO neutron.api.wsgi [None req-a7071fb7-94f8-43ec-92a6-0fab2be33ed5 ef9431564eb743c9882dee4928ccf684 a39275425c5d4935bd47dbb81ee2a16c - - default default] 199.204.45.210 "GET /v2.0/extensions/qos HTTP/1.1" status: 200 len: 365 time: 0.0035789
2026-06-02 22:39:12.122 10 INFO neutron.api.wsgi [None req-5ae7ec9b-cb06-4c18-8b8c-36b3eff8ea10 ef9431564eb743c9882dee4928ccf684 a39275425c5d4935bd47dbb81ee2a16c - - default default] 199.204.45.210 "GET /v2.0/extensions/allowed-address-pairs HTTP/1.1" status: 200 len: 383 time: 0.0026143
2026-06-02 22:39:12.157 10 INFO neutron.api.wsgi [None req-65379b4d-780d-4755-bb05-078d1a4f3823 ef9431564eb743c9882dee4928ccf684 a39275425c5d4935bd47dbb81ee2a16c - - default default] 199.204.45.210 "GET /v2.0/ports/5906b7f2-5b62-494e-a66e-3700ab972fd3 HTTP/1.1" status: 200 len: 1332 time: 0.0291069
2026-06-02 22:39:12.296 9 WARNING neutron.scheduler.dhcp_agent_scheduler [None req-76f3b31e-1452-4fc6-b749-3019476bee8d 153680424e88497ea1509462520d423f e0008f3729454f5ba0b038cf00117bca - - default default] No more DHCP agents
2026-06-02 22:39:12.297 9 WARNING neutron.api.rpc.agentnotifiers.dhcp_rpc_agent_api [None req-76f3b31e-1452-4fc6-b749-3019476bee8d 153680424e88497ea1509462520d423f e0008f3729454f5ba0b038cf00117bca - - default default] Unable to schedule network d3c01be9-540c-4db5-be30-decac70c8a8d: no agents available; will retry on subsequent port and subnet creation events.
2026-06-02 22:39:12.365 10 INFO neutron.api.wsgi [None req-a6361f96-8116-49dd-89a3-a8138837fb5a ef9431564eb743c9882dee4928ccf684 a39275425c5d4935bd47dbb81ee2a16c - - default default] 199.204.45.210 "GET /v2.0/extensions/security-group HTTP/1.1" status: 200 len: 369 time: 0.0080352
2026-06-02 22:39:12.372 10 INFO neutron.api.wsgi [None req-9ebdd4cc-d6b6-4848-82b5-77cfc5c15d18 ef9431564eb743c9882dee4928ccf684 a39275425c5d4935bd47dbb81ee2a16c - - default default] 199.204.45.210 "GET /v2.0/extensions/dns-integration HTTP/1.1" status: 200 len: 371 time: 0.0038841
2026-06-02 22:39:12.380 10 INFO neutron.api.wsgi [None req-b634704e-bc97-459e-88fc-7b60a7fb7ffc ef9431564eb743c9882dee4928ccf684 a39275425c5d4935bd47dbb81ee2a16c - - default default] 199.204.45.210 "GET /v2.0/extensions/qos HTTP/1.1" status: 200 len: 365 time: 0.0041435
2026-06-02 22:39:12.389 10 INFO neutron.api.wsgi [None req-5250a06f-8e57-4217-91ff-4e58b0c2a403 ef9431564eb743c9882dee4928ccf684 a39275425c5d4935bd47dbb81ee2a16c - - default default] 199.204.45.210 "GET /v2.0/extensions/allowed-address-pairs HTTP/1.1" status: 200 len: 383 time: 0.0043473
2026-06-02 22:39:12.407 10 INFO neutron.api.v2.resource [None req-fb377351-89f6-4dbe-a419-5b73eabb557a ef9431564eb743c9882dee4928ccf684 a39275425c5d4935bd47dbb81ee2a16c - - default default] show failed (client error): The resource could not be found.
2026-06-02 22:39:12.408 10 INFO neutron.api.wsgi [None req-fb377351-89f6-4dbe-a419-5b73eabb557a ef9431564eb743c9882dee4928ccf684 a39275425c5d4935bd47dbb81ee2a16c - - default default] 199.204.45.210 "GET /v2.0/security-groups/lb-33fccc79-ba34-4620-96e2-7cbc3cfa14c5 HTTP/1.1" status: 404 len: 355 time: 0.0159316
2026-06-02 22:39:12.441 10 INFO neutron.api.wsgi [None req-51764ca0-97a5-45da-b97f-320cb70ddd7f ef9431564eb743c9882dee4928ccf684 a39275425c5d4935bd47dbb81ee2a16c - - default default] 199.204.45.210 "GET /v2.0/security-groups?name=lb-33fccc79-ba34-4620-96e2-7cbc3cfa14c5 HTTP/1.1" status: 200 len: 221 time: 0.0301406
2026-06-02 22:39:12.568 10 INFO neutron.db.ovn_revision_numbers_db [None req-5085525c-a8fd-4e88-8237-9f93de4cb81f ef9431564eb743c9882dee4928ccf684 a39275425c5d4935bd47dbb81ee2a16c - - default default] Successfully bumped revision number for resource 1be49b16-c17b-4625-b261-950e8bb8f8e6 (type: security_groups) to 1
2026-06-02 22:39:12.582 10 INFO neutron.db.ovn_revision_numbers_db [None req-5085525c-a8fd-4e88-8237-9f93de4cb81f ef9431564eb743c9882dee4928ccf684 a39275425c5d4935bd47dbb81ee2a16c - - default default] Successfully bumped revision number for resource 09979bbf-e167-4830-aa69-d4725f26d4fa (type: security_group_rules) to 0
2026-06-02 22:39:12.596 10 INFO neutron.db.ovn_revision_numbers_db [None req-5085525c-a8fd-4e88-8237-9f93de4cb81f ef9431564eb743c9882dee4928ccf684 a39275425c5d4935bd47dbb81ee2a16c - - default default] Successfully bumped revision number for resource 16df8838-1d60-42c1-87cf-9da1d3dd9b87 (type: security_group_rules) to 0
2026-06-02 22:39:12.639 10 INFO neutron.api.wsgi [None req-5085525c-a8fd-4e88-8237-9f93de4cb81f ef9431564eb743c9882dee4928ccf684 a39275425c5d4935bd47dbb81ee2a16c - - default default] 199.204.45.210 "POST /v2.0/security-groups HTTP/1.1" status: 201 len: 1841 time: 0.1914136
2026-06-02 22:39:12.676 10 INFO neutron.api.wsgi [None req-d08ede10-589c-4bf3-9ca4-7c7b66e79556 ef9431564eb743c9882dee4928ccf684 a39275425c5d4935bd47dbb81ee2a16c - - default default] 199.204.45.210 "GET /v2.0/security-group-rules?security_group_id=1be49b16-c17b-4625-b261-950e8bb8f8e6 HTTP/1.1" status: 200 len: 1382 time: 0.0314879
2026-06-02 22:39:12.748 9 INFO neutron.db.ovn_revision_numbers_db [None req-fd047fd7-afd3-40d7-834f-bd8470213a16 - - - - - -] Successfully bumped revision number for resource 39e7bd0c-85b7-48e3-ac82-313d7a604d33 (type: ports) to 2
2026-06-02 22:39:12.783 9 INFO neutron.db.ovn_revision_numbers_db [None req-fd047fd7-afd3-40d7-834f-bd8470213a16 - - - - - -] Successfully bumped revision number for resource 59288822-1f9f-46ea-8dfd-71d7393e601f (type: subnets) to 0
2026-06-02 22:39:12.797 9 INFO neutron.api.wsgi [None req-76f3b31e-1452-4fc6-b749-3019476bee8d 153680424e88497ea1509462520d423f e0008f3729454f5ba0b038cf00117bca - - default default] 10.0.0.127 "POST /v2.0/subnets HTTP/1.1" status: 201 len: 828 time: 0.6895614
2026-06-02 22:39:12.810 9 WARNING neutron_lib.context [None req-ca6758be-d069-4be1-934b-4320557ab3fa 153680424e88497ea1509462520d423f e0008f3729454f5ba0b038cf00117bca - - default default] Method 'is_advsvc' is deprecated since 2023.2 release (neutron-lib 3.8.0) and will be removed once support for the old RBAC API policies will be removed from Neutron. Please use method 'is_service_role' instead.
2026-06-02 22:39:13.019 10 INFO neutron.db.ovn_revision_numbers_db [None req-a5a1ce47-e7b5-4656-a131-c535ba71ca9e ef9431564eb743c9882dee4928ccf684 a39275425c5d4935bd47dbb81ee2a16c - - default default] Successfully bumped revision number for resource 5906b7f2-5b62-494e-a66e-3700ab972fd3 (type: ports) to 2
2026-06-02 22:39:13.028 10 INFO neutron.api.wsgi [None req-a5a1ce47-e7b5-4656-a131-c535ba71ca9e ef9431564eb743c9882dee4928ccf684 a39275425c5d4935bd47dbb81ee2a16c - - default default] 199.204.45.210 "PUT /v2.0/ports/5906b7f2-5b62-494e-a66e-3700ab972fd3 HTTP/1.1" status: 200 len: 1332 time: 0.3411975 /var/lib/openstack/lib/python3.12/site-packages/pycadf/identifier.py:71: UserWarning: Invalid uuid: neutron. To ensure interoperability, identifiers should be a valid uuid. warnings.warn(('Invalid uuid: %s. To ensure interoperability, '
2026-06-02 22:39:13.093 10 INFO neutron.api.wsgi [None req-72fc7ab5-44c2-4c71-b0d3-42273f0a8432 ef9431564eb743c9882dee4928ccf684 a39275425c5d4935bd47dbb81ee2a16c - - default default] 199.204.45.210 "GET /v2.0/extensions/security-group HTTP/1.1" status: 200 len: 369 time: 0.0062957
2026-06-02 22:39:13.100 10 INFO neutron.api.wsgi [None req-9bf110c2-7f03-4096-8591-6bbe5f122937 ef9431564eb743c9882dee4928ccf684 a39275425c5d4935bd47dbb81ee2a16c - - default default] 199.204.45.210 "GET /v2.0/extensions/dns-integration HTTP/1.1" status: 200 len: 371 time: 0.0034170
2026-06-02 22:39:13.123 10 INFO neutron.api.wsgi [None req-9551ef01-465b-4800-899c-a0b4e9f5678b ef9431564eb743c9882dee4928ccf684 a39275425c5d4935bd47dbb81ee2a16c - - default default] 199.204.45.210 "GET /v2.0/extensions/qos HTTP/1.1" status: 200 len: 365 time: 0.0055273
2026-06-02 22:39:13.130 10 INFO neutron.api.wsgi [None req-a012c0d4-09c6-4eb0-bfcf-7e180514c7f9 ef9431564eb743c9882dee4928ccf684 a39275425c5d4935bd47dbb81ee2a16c - - default default] 199.204.45.210 "GET /v2.0/extensions/allowed-address-pairs HTTP/1.1" status: 200 len: 383 time: 0.0034411
2026-06-02 22:39:13.150 9 WARNING neutron.scheduler.dhcp_agent_scheduler [None req-ca6758be-d069-4be1-934b-4320557ab3fa 153680424e88497ea1509462520d423f e0008f3729454f5ba0b038cf00117bca - - default default] No more DHCP agents
2026-06-02 22:39:13.151 9 WARNING neutron.api.rpc.agentnotifiers.dhcp_rpc_agent_api [None req-ca6758be-d069-4be1-934b-4320557ab3fa 153680424e88497ea1509462520d423f e0008f3729454f5ba0b038cf00117bca - - default default] Unable to schedule network 80ebe74c-8e72-4aaa-874f-4d5c8ac79819: no agents available; will retry on subsequent port and subnet creation events.
2026-06-02 22:39:13.155 10 INFO neutron.api.wsgi [None req-4e3f04bf-e054-4b91-b45a-fc7a799eb7b7 ef9431564eb743c9882dee4928ccf684 a39275425c5d4935bd47dbb81ee2a16c - - default default] 199.204.45.210 "GET /v2.0/subnets/31ba9fcf-8655-4f80-8161-88a6186f6b37 HTTP/1.1" status: 200 len: 875 time: 0.0218749
2026-06-02 22:39:13.287 9 INFO neutron.db.ovn_revision_numbers_db [None req-ca6758be-d069-4be1-934b-4320557ab3fa 153680424e88497ea1509462520d423f e0008f3729454f5ba0b038cf00117bca - - default default] Successfully bumped revision number for resource 3bb8e1e1-3561-4735-92a0-9bbc057fad90 (type: ports) to 1
2026-06-02 22:39:13.561 10 INFO neutron.api.wsgi [req-c6edc5a8-1ac8-47ab-8dbe-74aa248a4394 req-f75cabea-2114-4987-a39e-44ce2740b116 dd88eb0dc2ee406ba28d678e90410501 6b8aedb1a33246259d28993153be3dcb - - default default] 10.0.0.112 "GET /v2.0/ports?device_id=6eced1bc-175e-4348-8938-fce2e9ee595c HTTP/1.1" status: 200 len: 1214 time: 0.0339789
2026-06-02 22:39:13.599 10 INFO neutron.api.wsgi [req-c6edc5a8-1ac8-47ab-8dbe-74aa248a4394 req-95eb422a-7f06-4c39-8b5f-cb760f5e6793 dd88eb0dc2ee406ba28d678e90410501 6b8aedb1a33246259d28993153be3dcb - - default default] 10.0.0.112 "GET /v2.0/security-groups?id=b509b005-b638-4184-bd06-842f6b47a99f&id=958888a2-6669-4d89-9456-6b9723867313&fields=id&fields=name HTTP/1.1" status: 200 len: 406 time: 0.0313082
2026-06-02 22:39:13.763 9 INFO neutron.plugins.ml2.drivers.ovn.mech_driver.ovsdb.commands [None req-515a53ce-117f-45a2-a171-315244fb0498 - - - - - -] Schedule LRP lrp-3bb8e1e1-3561-4735-92a0-9bbc057fad90 on gateway 19e1d9cd-7ef3-442b-8fb7-62bc1c7defa2 with priority 1
2026-06-02 22:39:13.777 10 INFO neutron.plugins.ml2.drivers.ovn.mech_driver.mech_driver [None req-3dc47f8b-aee7-40c7-96e7-d0f38eb56b98 - - - - - -] OVN reports status up for port: 3bb8e1e1-3561-4735-92a0-9bbc057fad90
2026-06-02 22:39:13.785 10 INFO neutron.plugins.ml2.plugin [None req-3dc47f8b-aee7-40c7-96e7-d0f38eb56b98 - - - - - -] Attempt 1 to provision port 3bb8e1e1-3561-4735-92a0-9bbc057fad90
2026-06-02 22:39:13.803 9 INFO neutron.db.ovn_revision_numbers_db [None req-ca6758be-d069-4be1-934b-4320557ab3fa 153680424e88497ea1509462520d423f e0008f3729454f5ba0b038cf00117bca - - default default] Successfully bumped revision number for resource 3bb8e1e1-3561-4735-92a0-9bbc057fad90 (type: router_ports) to 1
2026-06-02 22:39:13.862 9 INFO neutron.db.ovn_revision_numbers_db [None req-ca6758be-d069-4be1-934b-4320557ab3fa 153680424e88497ea1509462520d423f e0008f3729454f5ba0b038cf00117bca - - default default] Successfully bumped revision number for resource 6dfa0158-4ad2-45e1-afa9-9e36d8ae26ce (type: routers) to 2
2026-06-02 22:39:13.877 9 INFO neutron.api.wsgi [None req-ca6758be-d069-4be1-934b-4320557ab3fa 153680424e88497ea1509462520d423f e0008f3729454f5ba0b038cf00117bca - - default default] 10.0.0.127 "POST /v2.0/routers HTTP/1.1" status: 201 len: 1136 time: 1.0723479
2026-06-02 22:39:13.972 9 INFO neutron.api.v2.resource [None req-269ea2d5-1ee2-48c4-9a82-108a54a66307 f14c43185c274453abaf75dece1de1b7 dea34140a4be43f38e5ead222c1b8d2d - - default default] create failed (client error): The server could not comply with the request since it is either malformed or otherwise incorrect.
2026-06-02 22:39:13.973 9 INFO neutron.api.wsgi [None req-269ea2d5-1ee2-48c4-9a82-108a54a66307 f14c43185c274453abaf75dece1de1b7 dea34140a4be43f38e5ead222c1b8d2d - - default default] 10.0.0.127 "POST /v2.0/vpn/vpnservices HTTP/1.1" status: 400 len: 397 time: 0.0907130
2026-06-02 22:39:14.432 9 INFO neutron.services.segments.plugin [-] Segment 94f861e5-abd7-43fd-ad67-023efdf2df89 resource provider aggregate not found
2026-06-02 22:39:14.437 9 INFO neutron.services.segments.plugin [-] Segment 94f861e5-abd7-43fd-ad67-023efdf2df89 resource provider aggregate not found
2026-06-02 22:39:14.444 9 INFO neutron.services.segments.plugin [-] Segment 94f861e5-abd7-43fd-ad67-023efdf2df89 resource provider not found; error: Placement Client Error (4xx): {"errors": [{"status": 404, "title": "Not Found", "detail": "The resource could not be found.\n\n No resource provider with uuid 94f861e5-abd7-43fd-ad67-023efdf2df89 found for delete ", "request_id": "req-e2d929c0-883b-4063-876c-c272ff6bcfd0"}]}
2026-06-02 22:39:14.448 9 INFO neutron.services.segments.plugin [-] Segment 94f861e5-abd7-43fd-ad67-023efdf2df89 resource provider not found; error: Placement Client Error (4xx): {"errors": [{"status": 404, "title": "Not Found", "detail": "The resource could not be found.\n\n No resource provider with uuid 94f861e5-abd7-43fd-ad67-023efdf2df89 found for delete ", "request_id": "req-89670fa8-fd5c-474f-847f-da925f1b08d3"}]}
2026-06-02 22:39:14.466 9 INFO neutron.api.wsgi [None req-877038a4-8343-4718-a699-3d5439fc7004 f14c43185c274453abaf75dece1de1b7 dea34140a4be43f38e5ead222c1b8d2d - - default default] 10.0.0.127 "DELETE /v2.0/networks/d3c01be9-540c-4db5-be30-decac70c8a8d HTTP/1.1" status: 204 len: 168 time: 0.4873326
2026-06-02 22:39:14.731 9 INFO neutron.api.wsgi [req-b1f421b4-be8f-4308-8de7-322b8cd63829 req-c134df96-ccc2-49b9-91ec-388a08d86a71 dd88eb0dc2ee406ba28d678e90410501 6b8aedb1a33246259d28993153be3dcb - - default default] 10.0.0.112 "GET /v2.0/ports?device_id=6eced1bc-175e-4348-8938-fce2e9ee595c HTTP/1.1" status: 200 len: 1214 time: 0.0741189
2026-06-02 22:39:14.769 9 INFO neutron.api.wsgi [req-b1f421b4-be8f-4308-8de7-322b8cd63829 req-a8fd8481-09fe-4e66-a7e3-283e5acc4f63 dd88eb0dc2ee406ba28d678e90410501 6b8aedb1a33246259d28993153be3dcb - - default default] 10.0.0.112 "GET /v2.0/security-groups?id=b509b005-b638-4184-bd06-842f6b47a99f&id=958888a2-6669-4d89-9456-6b9723867313&fields=id&fields=name HTTP/1.1" status: 200 len: 406 time: 0.0301573
2026-06-02 22:39:15.093 10 INFO neutron.api.wsgi [None req-991b14fe-5ac0-42df-9108-7fdcaf333373 f14c43185c274453abaf75dece1de1b7 dea34140a4be43f38e5ead222c1b8d2d - - default default] 10.0.0.127 "DELETE /v2.0/routers/6dfa0158-4ad2-45e1-afa9-9e36d8ae26ce HTTP/1.1" status: 204 len: 168 time: 0.6215336
2026-06-02 22:39:15.107 9 WARNING neutron.api.v2.base [None req-3f4ef924-148a-445b-8201-72d299984d9b 153680424e88497ea1509462520d423f e0008f3729454f5ba0b038cf00117bca - - default default] An exception happened while processing the request body. The exception message is [Invalid input for description. Reason: 'yyyyyyyyyyyyyyyyyyyyyyyyyyyyyyyyyyyyyyyyyyyyyyyyyyyyyyyyyyyyyyyyyyyyyyyyyyyyyyyyyyyyyyyyyyyyyyyyyyyyyyyyyyyyyyyyyyyyyyyyyyyyyyyyyyyyyyyyyyyyyyyyyyyyyyyyyyyyyyyyyyyyyyyyyyyyyyyyyyyyyyyyyyyyyyyyyyyyyyyyyyyyyyyyyyyyyyyyyyyyyyyyyyyyyyyyyyyyyyyyyyyyyyyyyyyyyyyy' exceeds maximum length of 255.].: webob.exc.HTTPBadRequest: Invalid input for description. Reason: 'yyyyyyyyyyyyyyyyyyyyyyyyyyyyyyyyyyyyyyyyyyyyyyyyyyyyyyyyyyyyyyyyyyyyyyyyyyyyyyyyyyyyyyyyyyyyyyyyyyyyyyyyyyyyyyyyyyyyyyyyyyyyyyyyyyyyyyyyyyyyyyyyyyyyyyyyyyyyyyyyyyyyyyyyyyyyyyyyyyyyyyyyyyyyyyyyyyyyyyyyyyyyyyyyyyyyyyyyyyyyyyyyyyyyyyyyyyyyyyyyyyyyyyyyyyyyyyyy' exceeds maximum length of 255.
2026-06-02 22:39:15.108 9 INFO neutron.api.v2.resource [None req-3f4ef924-148a-445b-8201-72d299984d9b 153680424e88497ea1509462520d423f e0008f3729454f5ba0b038cf00117bca - - default default] create failed (client error): Invalid input for description. Reason: 'yyyyyyyyyyyyyyyyyyyyyyyyyyyyyyyyyyyyyyyyyyyyyyyyyyyyyyyyyyyyyyyyyyyyyyyyyyyyyyyyyyyyyyyyyyyyyyyyyyyyyyyyyyyyyyyyyyyyyyyyyyyyyyyyyyyyyyyyyyyyyyyyyyyyyyyyyyyyyyyyyyyyyyyyyyyyyyyyyyyyyyyyyyyyyyyyyyyyyyyyyyyyyyyyyyyyyyyyyyyyyyyyyyyyyyyyyyyyyyyyyyyyyyyyyyyyyyyy' exceeds maximum length of 255.
2026-06-02 22:39:15.109 9 INFO neutron.api.wsgi [None req-3f4ef924-148a-445b-8201-72d299984d9b 153680424e88497ea1509462520d423f e0008f3729454f5ba0b038cf00117bca - - default default] 10.0.0.127 "POST /v2.0/vpn/vpnservices HTTP/1.1" status: 400 len: 604 time: 0.0084848
2026-06-02 22:39:15.117 9 WARNING neutron.api.v2.base [None req-933f75d5-a1a4-44e9-b580-89631c30baf2 153680424e88497ea1509462520d423f e0008f3729454f5ba0b038cf00117bca - - default default] An exception happened while processing the request body. The exception message is [Invalid input for name. Reason: 'xxxxxxxxxxxxxxxxxxxxxxxxxxxxxxxxxxxxxxxxxxxxxxxxxxxxxxxxxxxxxxxxxxxxxxxxxxxxxxxxxxxxxxxxxxxxxxxxxxxxxxxxxxxxxxxxxxxxxxxxxxxxxxxxxxxxxxxxxxxxxxxxxxxxxxxxxxxxxxxxxxxxxxxxxxxxxxxxxxxxxxxxxxxxxxxxxxxxxxxxxxxxxxxxxxxxxxxxxxxxxxxxxxxxxxxxxxxxxxxxxxxxxxxxxxxxxxxx' exceeds maximum length of 255.].: webob.exc.HTTPBadRequest: Invalid input for name. Reason: 'xxxxxxxxxxxxxxxxxxxxxxxxxxxxxxxxxxxxxxxxxxxxxxxxxxxxxxxxxxxxxxxxxxxxxxxxxxxxxxxxxxxxxxxxxxxxxxxxxxxxxxxxxxxxxxxxxxxxxxxxxxxxxxxxxxxxxxxxxxxxxxxxxxxxxxxxxxxxxxxxxxxxxxxxxxxxxxxxxxxxxxxxxxxxxxxxxxxxxxxxxxxxxxxxxxxxxxxxxxxxxxxxxxxxxxxxxxxxxxxxxxxxxxxxxxxxxxxx' exceeds maximum length of 255.
2026-06-02 22:39:15.118 9 INFO neutron.api.v2.resource [None req-933f75d5-a1a4-44e9-b580-89631c30baf2 153680424e88497ea1509462520d423f e0008f3729454f5ba0b038cf00117bca - - default default] create failed (client error): Invalid input for name. Reason: 'xxxxxxxxxxxxxxxxxxxxxxxxxxxxxxxxxxxxxxxxxxxxxxxxxxxxxxxxxxxxxxxxxxxxxxxxxxxxxxxxxxxxxxxxxxxxxxxxxxxxxxxxxxxxxxxxxxxxxxxxxxxxxxxxxxxxxxxxxxxxxxxxxxxxxxxxxxxxxxxxxxxxxxxxxxxxxxxxxxxxxxxxxxxxxxxxxxxxxxxxxxxxxxxxxxxxxxxxxxxxxxxxxxxxxxxxxxxxxxxxxxxxxxxxxxxxxxxx' exceeds maximum length of 255.
2026-06-02 22:39:15.118 9 INFO neutron.api.wsgi [None req-933f75d5-a1a4-44e9-b580-89631c30baf2 153680424e88497ea1509462520d423f e0008f3729454f5ba0b038cf00117bca - - default default] 10.0.0.127 "POST /v2.0/vpn/vpnservices HTTP/1.1" status: 400 len: 597 time: 0.0039873
2026-06-02 22:39:15.127 9 WARNING neutron_lib.context [None req-a96a3c3e-130b-4d5f-9210-15be1d84cec3 153680424e88497ea1509462520d423f e0008f3729454f5ba0b038cf00117bca - - default default] Method 'is_advsvc' is deprecated since 2023.2 release (neutron-lib 3.8.0) and will be removed once support for the old RBAC API policies will be removed from Neutron. Please use method 'is_service_role' instead.
2026-06-02 22:39:15.151 9 INFO neutron.api.v2.resource [None req-a96a3c3e-130b-4d5f-9210-15be1d84cec3 153680424e88497ea1509462520d423f e0008f3729454f5ba0b038cf00117bca - - default default] create failed (client error): The server could not comply with the request since it is either malformed or otherwise incorrect.
2026-06-02 22:39:15.153 9 INFO neutron.api.wsgi [None req-a96a3c3e-130b-4d5f-9210-15be1d84cec3 153680424e88497ea1509462520d423f e0008f3729454f5ba0b038cf00117bca - - default default] 10.0.0.127 "POST /v2.0/vpn/endpoint-groups HTTP/1.1" status: 400 len: 386 time: 0.0295060
2026-06-02 22:39:15.162 9 WARNING neutron_lib.context [None req-fa692664-f09c-42f8-85bc-c9baada3a6c2 153680424e88497ea1509462520d423f e0008f3729454f5ba0b038cf00117bca - - default default] Method 'is_advsvc' is deprecated since 2023.2 release (neutron-lib 3.8.0) and will be removed once support for the old RBAC API policies will be removed from Neutron. Please use method 'is_service_role' instead.
2026-06-02 22:39:15.184 9 INFO neutron.api.v2.resource [None req-fa692664-f09c-42f8-85bc-c9baada3a6c2 153680424e88497ea1509462520d423f e0008f3729454f5ba0b038cf00117bca - - default default] create failed (client error): The server could not comply with the request since it is either malformed or otherwise incorrect.
2026-06-02 22:39:15.185 9 INFO neutron.api.wsgi [None req-fa692664-f09c-42f8-85bc-c9baada3a6c2 153680424e88497ea1509462520d423f e0008f3729454f5ba0b038cf00117bca - - default default] 10.0.0.127 "POST /v2.0/vpn/endpoint-groups HTTP/1.1" status: 400 len: 363 time: 0.0268242
2026-06-02 22:39:15.197 9 WARNING neutron_lib.context [None req-a3b94cf9-361f-43e5-892b-2f3b115da7b4 153680424e88497ea1509462520d423f e0008f3729454f5ba0b038cf00117bca - - default default] Method 'is_advsvc' is deprecated since 2023.2 release (neutron-lib 3.8.0) and will be removed once support for the old RBAC API policies will be removed from Neutron. Please use method 'is_service_role' instead.
2026-06-02 22:39:15.231 9 INFO neutron.api.v2.resource [None req-a3b94cf9-361f-43e5-892b-2f3b115da7b4 153680424e88497ea1509462520d423f e0008f3729454f5ba0b038cf00117bca - - default default] create failed (client error): The server could not comply with the request since it is either malformed or otherwise incorrect.
2026-06-02 22:39:15.232 9 INFO neutron.api.wsgi [None req-a3b94cf9-361f-43e5-892b-2f3b115da7b4 153680424e88497ea1509462520d423f e0008f3729454f5ba0b038cf00117bca - - default default] 10.0.0.127 "POST /v2.0/vpn/endpoint-groups HTTP/1.1" status: 400 len: 357 time: 0.0402789
2026-06-02 22:39:15.248 9 INFO neutron.api.wsgi [None req-777857c9-07d1-403b-be91-a005d61a99c0 153680424e88497ea1509462520d423f e0008f3729454f5ba0b038cf00117bca - - default default] 10.0.0.127 "GET /v2.0/vpn/ikepolicies HTTP/1.1" status: 200 len: 602 time: 0.0108378
2026-06-02 22:39:15.264 10 INFO neutron.api.wsgi [None req-95b5d0aa-2fc2-411f-9c35-362379542f7b 153680424e88497ea1509462520d423f e0008f3729454f5ba0b038cf00117bca - - default default] 10.0.0.127 "GET /v2.0/vpn/ipsecpolicies HTTP/1.1" status: 200 len: 611 time: 0.0094707
2026-06-02 22:39:15.281 9 INFO neutron.api.wsgi [None req-59351ab5-22c4-444c-bcc1-8d5a199a2803 153680424e88497ea1509462520d423f e0008f3729454f5ba0b038cf00117bca - - default default] 10.0.0.127 "GET /v2.0/vpn/ipsec-site-connections HTTP/1.1" status: 200 len: 990 time: 0.0114148
2026-06-02 22:39:15.298 9 INFO neutron.api.wsgi [None req-509cd43f-4a03-4507-b466-df7457fce12a 153680424e88497ea1509462520d423f e0008f3729454f5ba0b038cf00117bca - - default default] 10.0.0.127 "GET /v2.0/vpn/vpnservices HTTP/1.1" status: 200 len: 1056 time: 0.0104551
2026-06-02 22:39:15.315 10 INFO neutron.api.wsgi [None req-efd57f18-6145-4fe1-acc8-a1ce7cddd4e1 153680424e88497ea1509462520d423f e0008f3729454f5ba0b038cf00117bca - - default default] 10.0.0.127 "GET /v2.0/vpn/endpoint-groups/fff4da46-cd37-44a6-8b0b-bd2225d7e544 HTTP/1.1" status: 200 len: 523 time: 0.0118828
2026-06-02 22:39:15.326 10 INFO neutron.api.wsgi [None req-f07393fe-4780-4577-b013-6743a830e1ac 153680424e88497ea1509462520d423f e0008f3729454f5ba0b038cf00117bca - - default default] 10.0.0.127 "GET /v2.0/vpn/endpoint-groups/d2f3b86b-dc32-4a4b-85b6-12008073f1aa HTTP/1.1" status: 200 len: 513 time: 0.0060160
2026-06-02 22:39:15.333 9 INFO neutron.api.wsgi [req-1bd8be3e-06c3-41c4-929c-c82c30cedc43 req-334e090c-d44b-4510-a831-8732b9d219b5 dd88eb0dc2ee406ba28d678e90410501 6b8aedb1a33246259d28993153be3dcb - - default default] 199.204.45.210 "GET /v2.0/ports?device_id=6eced1bc-175e-4348-8938-fce2e9ee595c HTTP/1.1" status: 200 len: 1214 time: 0.0343714
2026-06-02 22:39:15.335 10 INFO neutron.api.wsgi [None req-29000d1d-a05d-4ef4-bd16-5c01db9ef421 153680424e88497ea1509462520d423f e0008f3729454f5ba0b038cf00117bca - - default default] 10.0.0.127 "GET /v2.0/vpn/ikepolicies/6fd385f4-77eb-4eb5-822f-1d897773ebef HTTP/1.1" status: 200 len: 598 time: 0.0053916
2026-06-02 22:39:15.345 10 INFO neutron.api.wsgi [None req-5d5164ab-c2db-4dc2-950d-f6dfc94867e6 153680424e88497ea1509462520d423f e0008f3729454f5ba0b038cf00117bca - - default default] 10.0.0.127 "GET /v2.0/vpn/ipsecpolicies/88d3e4a7-9eb6-421b-b382-ec76c45a9988 HTTP/1.1" status: 200 len: 607 time: 0.0057969
2026-06-02 22:39:15.356 10 INFO neutron.api.wsgi [None req-fce3130b-9d6e-4fa2-95c7-314ad226ace1 153680424e88497ea1509462520d423f e0008f3729454f5ba0b038cf00117bca - - default default] 10.0.0.127 "GET /v2.0/vpn/vpnservices/4fbb6f7e-2292-40c4-be53-58bd63d6bcef HTTP/1.1" status: 200 len: 644 time: 0.0056958
2026-06-02 22:39:15.821 10 INFO neutron.db.ovn_revision_numbers_db [None req-149d5b5a-65d0-4a7e-8c78-17f8d9d413ea 153680424e88497ea1509462520d423f e0008f3729454f5ba0b038cf00117bca - - default default] Successfully bumped revision number for resource 71547bd1-3ab2-4aa3-aba6-987f64819519 (type: routers) to 10
2026-06-02 22:39:15.853 10 INFO neutron.api.wsgi [None req-149d5b5a-65d0-4a7e-8c78-17f8d9d413ea 153680424e88497ea1509462520d423f e0008f3729454f5ba0b038cf00117bca - - default default] 10.0.0.127 "DELETE /v2.0/vpn/ipsec-site-connections/4c4ac813-e0c1-4ed3-8b54-650b7aea6ce1 HTTP/1.1" status: 204 len: 168 time: 0.4874458
2026-06-02 22:39:15.884 10 INFO neutron.api.wsgi [None req-59845e74-7073-47e6-81f9-933a235b0864 153680424e88497ea1509462520d423f e0008f3729454f5ba0b038cf00117bca - - default default] 10.0.0.127 "DELETE /v2.0/vpn/endpoint-groups/fff4da46-cd37-44a6-8b0b-bd2225d7e544 HTTP/1.1" status: 204 len: 168 time: 0.0237610
2026-06-02 22:39:15.912 9 INFO neutron.api.wsgi [None req-fbad5318-bf30-49bd-bc0c-3471b6ba854d 153680424e88497ea1509462520d423f e0008f3729454f5ba0b038cf00117bca - - default default] 10.0.0.127 "DELETE /v2.0/vpn/endpoint-groups/d2f3b86b-dc32-4a4b-85b6-12008073f1aa HTTP/1.1" status: 204 len: 168 time: 0.0230293
2026-06-02 22:39:15.920 10 INFO neutron.api.wsgi [req-ec37640c-7188-45b3-a6da-70abd85fe331 req-45cd9ae8-6354-47f8-a796-ccb396c532a0 dd88eb0dc2ee406ba28d678e90410501 6b8aedb1a33246259d28993153be3dcb - - default default] 10.0.0.112 "GET /v2.0/ports?device_id=6eced1bc-175e-4348-8938-fce2e9ee595c HTTP/1.1" status: 200 len: 1214 time: 0.0822082
2026-06-02 22:39:15.943 10 INFO neutron.api.wsgi [None req-5179aec0-a82b-4ba8-ac71-71fb736732dd 153680424e88497ea1509462520d423f e0008f3729454f5ba0b038cf00117bca - - default default] 10.0.0.127 "DELETE /v2.0/vpn/ipsecpolicies/88d3e4a7-9eb6-421b-b382-ec76c45a9988 HTTP/1.1" status: 204 len: 168 time: 0.0223787
2026-06-02 22:39:15.943 9 INFO neutron.db.l3_db [req-1bd8be3e-06c3-41c4-929c-c82c30cedc43 req-89b5412c-4447-4d58-86ce-f50c006e0ee1 dd88eb0dc2ee406ba28d678e90410501 6b8aedb1a33246259d28993153be3dcb - - default default] Floating IP e99da041-8d91-4c8c-9019-c7294b6e998f disassociated. External IP: 10.96.250.208, port: 6c38d6b0-fbb1-4d1d-9cea-dea6a487e2e3.
2026-06-02 22:39:15.962 10 INFO neutron.api.wsgi [req-ec37640c-7188-45b3-a6da-70abd85fe331 req-6fdcdef8-412b-48e0-a211-169b885b2c37 dd88eb0dc2ee406ba28d678e90410501 6b8aedb1a33246259d28993153be3dcb - - default default] 10.0.0.112 "GET /v2.0/security-groups?id=b509b005-b638-4184-bd06-842f6b47a99f&id=958888a2-6669-4d89-9456-6b9723867313&fields=id&fields=name HTTP/1.1" status: 200 len: 406 time: 0.0367658
2026-06-02 22:39:15.971 10 INFO neutron.api.wsgi [None req-1c5545ce-b042-4a7f-9888-7e70933293aa 153680424e88497ea1509462520d423f e0008f3729454f5ba0b038cf00117bca - - default default] 10.0.0.127 "DELETE /v2.0/vpn/ikepolicies/6fd385f4-77eb-4eb5-822f-1d897773ebef HTTP/1.1" status: 204 len: 168 time: 0.0243816
2026-06-02 22:39:16.013 10 INFO neutron.api.wsgi [None req-9dcb63b3-c355-421a-8d99-b1aa81ac12fe 153680424e88497ea1509462520d423f e0008f3729454f5ba0b038cf00117bca - - default default] 10.0.0.127 "DELETE /v2.0/vpn/vpnservices/4fbb6f7e-2292-40c4-be53-58bd63d6bcef HTTP/1.1" status: 204 len: 168 time: 0.0372376
2026-06-02 22:39:16.036 9 INFO neutron.api.wsgi [req-1bd8be3e-06c3-41c4-929c-c82c30cedc43 req-89b5412c-4447-4d58-86ce-f50c006e0ee1 dd88eb0dc2ee406ba28d678e90410501 6b8aedb1a33246259d28993153be3dcb - - default default] 199.204.45.210 "DELETE /v2.0/ports/6c38d6b0-fbb1-4d1d-9cea-dea6a487e2e3 HTTP/1.1" status: 204 len: 173 time: 0.7006998
2026-06-02 22:39:16.067 9 INFO neutron.notifiers.nova [-] Nova event matching ['req-ef906707-0ec8-4830-b37e-d585a0192e1f'] response: {'server_uuid': '6eced1bc-175e-4348-8938-fce2e9ee595c', 'name': 'network-vif-deleted', 'tag': '6c38d6b0-fbb1-4d1d-9cea-dea6a487e2e3', 'status': 'completed', 'code': 200}
2026-06-02 22:39:17.062 10 INFO neutron.api.wsgi [req-d69db9bb-182e-4b04-9597-53d5eaadaa47 req-aba12428-9273-4fee-86a6-c5b88e9b9392 dd88eb0dc2ee406ba28d678e90410501 6b8aedb1a33246259d28993153be3dcb - - default default] 10.0.0.112 "GET /v2.0/ports?device_id=6eced1bc-175e-4348-8938-fce2e9ee595c HTTP/1.1" status: 200 len: 210 time: 0.0460386
2026-06-02 22:39:17.644 10 INFO neutron.api.wsgi [-] 10.0.0.11 "GET / HTTP/1.1" status: 200 len: 246 time: 0.0020990
2026-06-02 22:39:17.646 9 INFO neutron.api.wsgi [-] 10.0.0.11 "GET / HTTP/1.1" status: 200 len: 246 time: 0.0033319
2026-06-02 22:39:18.152 9 INFO neutron.api.wsgi [req-715d0159-28e2-4a93-ad25-824494ef6344 req-972db431-b83a-40c4-b7fa-01ff2bc93778 dd88eb0dc2ee406ba28d678e90410501 6b8aedb1a33246259d28993153be3dcb - - default default] 10.0.0.112 "GET /v2.0/ports?device_id=6eced1bc-175e-4348-8938-fce2e9ee595c HTTP/1.1" status: 200 len: 210 time: 0.0214262
2026-06-02 22:39:18.190 10 INFO neutron.services.segments.plugin [-] Segment dd8d7836-d568-4ae4-a631-8b6dc002d687 resource provider aggregate not found
2026-06-02 22:39:18.193 10 INFO neutron.services.segments.plugin [-] Segment dd8d7836-d568-4ae4-a631-8b6dc002d687 resource provider aggregate not found
2026-06-02 22:39:18.203 10 INFO neutron.services.segments.plugin [-] Segment dd8d7836-d568-4ae4-a631-8b6dc002d687 resource provider not found; error: Placement Client Error (4xx): {"errors": [{"status": 404, "title": "Not Found", "detail": "The resource could not be found.\n\n No resource provider with uuid dd8d7836-d568-4ae4-a631-8b6dc002d687 found for delete ", "request_id": "req-e5971c71-0114-4a99-a33d-046a1ba146fe"}]}
2026-06-02 22:39:18.204 10 INFO neutron.services.segments.plugin [-] Segment dd8d7836-d568-4ae4-a631-8b6dc002d687 resource provider not found; error: Placement Client Error (4xx): {"errors": [{"status": 404, "title": "Not Found", "detail": "The resource could not be found.\n\n No resource provider with uuid dd8d7836-d568-4ae4-a631-8b6dc002d687 found for delete ", "request_id": "req-58af3509-b164-4b30-af0e-5bf243b6ab5c"}]}
2026-06-02 22:39:18.229 10 INFO neutron.api.wsgi [None req-d49051df-792b-4397-a005-9facceea1985 153680424e88497ea1509462520d423f e0008f3729454f5ba0b038cf00117bca - - default default] 10.0.0.127 "DELETE /v2.0/vpn/vpnservices/dce0c475-babd-4de5-9e16-5759f68e8275 HTTP/1.1" status: 204 len: 168 time: 2.2114723 /var/lib/openstack/lib/python3.12/site-packages/pycadf/identifier.py:71: UserWarning: Invalid uuid: neutron. To ensure interoperability, identifiers should be a valid uuid. warnings.warn(('Invalid uuid: %s. To ensure interoperability, '
2026-06-02 22:39:18.304 10 INFO neutron.api.wsgi [None req-8deb5c09-3bb1-4e3a-b556-9279043fdcdd 153680424e88497ea1509462520d423f e0008f3729454f5ba0b038cf00117bca - - default default] 10.0.0.127 "GET /v2.0/routers/71547bd1-3ab2-4aa3-aba6-987f64819519 HTTP/1.1" status: 200 len: 1137 time: 0.0688450
2026-06-02 22:39:18.913 10 INFO neutron.db.ovn_revision_numbers_db [None req-2e8e080a-f6bd-4ca6-8b45-2a7b51c5f593 153680424e88497ea1509462520d423f e0008f3729454f5ba0b038cf00117bca - - default default] Successfully bumped revision number for resource 71547bd1-3ab2-4aa3-aba6-987f64819519 (type: routers) to 11
2026-06-02 22:39:18.919 10 INFO neutron.api.wsgi [None req-2e8e080a-f6bd-4ca6-8b45-2a7b51c5f593 153680424e88497ea1509462520d423f e0008f3729454f5ba0b038cf00117bca - - default default] 10.0.0.127 "PUT /v2.0/routers/71547bd1-3ab2-4aa3-aba6-987f64819519 HTTP/1.1" status: 200 len: 1137 time: 0.6087914
