2026-06-02 22:12:02.648 10 INFO neutron.api.wsgi [-] 10.0.0.11 "GET / HTTP/1.1" status: 200 len: 246 time: 0.0034542
2026-06-02 22:12:05.615 15 INFO neutron.db.ovn_revision_numbers_db [None req-d617bd02-787c-454b-afc3-0233cbce4e70 - - - - - -] Successfully bumped revision number for resource 90d69d93-242a-49ef-97a8-2ad6f8bc00e0 (type: networks) to 2
2026-06-02 22:12:05.666 15 INFO neutron.db.ovn_revision_numbers_db [None req-d617bd02-787c-454b-afc3-0233cbce4e70 - - - - - -] Successfully bumped revision number for resource 85cd7fa2-d6b0-4ae3-ae13-238ebcc03951 (type: security_groups) to 6
2026-06-02 22:12:05.702 15 INFO neutron.db.ovn_revision_numbers_db [None req-d617bd02-787c-454b-afc3-0233cbce4e70 - - - - - -] Successfully bumped revision number for resource 4c068af3-e1c9-4998-982c-a86741b82e1f (type: security_groups) to 3
2026-06-02 22:12:05.702 15 INFO neutron.plugins.ml2.drivers.ovn.mech_driver.ovsdb.maintenance [None req-d617bd02-787c-454b-afc3-0233cbce4e70 - - - - - -] OVN maintenance task check_for_inconsistencies finished in 0.208 seconds
2026-06-02 22:12:17.645 9 INFO neutron.api.wsgi [-] 10.0.0.11 "GET / HTTP/1.1" status: 200 len: 246 time: 0.0024362
2026-06-02 22:12:17.649 9 INFO neutron.api.wsgi [-] 10.0.0.11 "GET / HTTP/1.1" status: 200 len: 246 time: 0.0027726
2026-06-02 22:12:32.645 10 INFO neutron.api.wsgi [-] 10.0.0.11 "GET / HTTP/1.1" status: 200 len: 246 time: 0.0024993
2026-06-02 22:12:32.645 9 INFO neutron.api.wsgi [-] 10.0.0.11 "GET / HTTP/1.1" status: 200 len: 246 time: 0.0025373
2026-06-02 22:12:47.645 10 INFO neutron.api.wsgi [-] 10.0.0.11 "GET / HTTP/1.1" status: 200 len: 246 time: 0.0024037
2026-06-02 22:12:47.645 9 INFO neutron.api.wsgi [-] 10.0.0.11 "GET / HTTP/1.1" status: 200 len: 246 time: 0.0027289
2026-06-02 22:13:02.650 10 INFO neutron.api.wsgi [-] 10.0.0.11 "GET / HTTP/1.1" status: 200 len: 246 time: 0.0075934
2026-06-02 22:13:02.652 10 INFO neutron.api.wsgi [-] 10.0.0.11 "GET / HTTP/1.1" status: 200 len: 246 time: 0.0013163
2026-06-02 22:13:17.644 10 INFO neutron.api.wsgi [-] 10.0.0.11 "GET / HTTP/1.1" status: 200 len: 246 time: 0.0022702
2026-06-02 22:13:17.645 9 INFO neutron.api.wsgi [-] 10.0.0.11 "GET / HTTP/1.1" status: 200 len: 246 time: 0.0031588
2026-06-02 22:13:32.646 10 INFO neutron.api.wsgi [-] 10.0.0.11 "GET / HTTP/1.1" status: 200 len: 246 time: 0.0031238
2026-06-02 22:13:32.648 9 INFO neutron.api.wsgi [-] 10.0.0.11 "GET / HTTP/1.1" status: 200 len: 246 time: 0.0045240
2026-06-02 22:13:47.644 9 INFO neutron.api.wsgi [-] 10.0.0.11 "GET / HTTP/1.1" status: 200 len: 246 time: 0.0023944
2026-06-02 22:13:47.646 10 INFO neutron.api.wsgi [-] 10.0.0.11 "GET / HTTP/1.1" status: 200 len: 246 time: 0.0033500
2026-06-02 22:14:02.644 9 INFO neutron.api.wsgi [-] 10.0.0.11 "GET / HTTP/1.1" status: 200 len: 246 time: 0.0019040
2026-06-02 22:14:02.646 10 INFO neutron.api.wsgi [-] 10.0.0.11 "GET / HTTP/1.1" status: 200 len: 246 time: 0.0027037
2026-06-02 22:14:17.645 9 INFO neutron.api.wsgi [-] 10.0.0.11 "GET / HTTP/1.1" status: 200 len: 246 time: 0.0026538
2026-06-02 22:14:17.645 10 INFO neutron.api.wsgi [-] 10.0.0.11 "GET / HTTP/1.1" status: 200 len: 246 time: 0.0029132
2026-06-02 22:14:32.645 10 INFO neutron.api.wsgi [-] 10.0.0.11 "GET / HTTP/1.1" status: 200 len: 246 time: 0.0026212
2026-06-02 22:14:32.646 9 INFO neutron.api.wsgi [-] 10.0.0.11 "GET / HTTP/1.1" status: 200 len: 246 time: 0.0021360
2026-06-02 22:14:47.646 10 INFO neutron.api.wsgi [-] 10.0.0.11 "GET / HTTP/1.1" status: 200 len: 246 time: 0.0027170
2026-06-02 22:14:47.647 9 INFO neutron.api.wsgi [-] 10.0.0.11 "GET / HTTP/1.1" status: 200 len: 246 time: 0.0043621
2026-06-02 22:15:02.646 10 INFO neutron.api.wsgi [-] 10.0.0.11 "GET / HTTP/1.1" status: 200 len: 246 time: 0.0029788
2026-06-02 22:15:02.648 10 INFO neutron.api.wsgi [-] 10.0.0.11 "GET / HTTP/1.1" status: 200 len: 246 time: 0.0014951
2026-06-02 22:15:17.644 9 INFO neutron.api.wsgi [-] 10.0.0.11 "GET / HTTP/1.1" status: 200 len: 246 time: 0.0023091
2026-06-02 22:15:17.644 10 INFO neutron.api.wsgi [-] 10.0.0.11 "GET / HTTP/1.1" status: 200 len: 246 time: 0.0021915
2026-06-02 22:15:32.645 9 INFO neutron.api.wsgi [-] 10.0.0.11 "GET / HTTP/1.1" status: 200 len: 246 time: 0.0023682
2026-06-02 22:15:32.646 10 INFO neutron.api.wsgi [-] 10.0.0.11 "GET / HTTP/1.1" status: 200 len: 246 time: 0.0031700
2026-06-02 22:15:47.643 10 INFO neutron.api.wsgi [-] 10.0.0.11 "GET / HTTP/1.1" status: 200 len: 246 time: 0.0015674
2026-06-02 22:15:47.645 9 INFO neutron.api.wsgi [-] 10.0.0.11 "GET / HTTP/1.1" status: 200 len: 246 time: 0.0030351
2026-06-02 22:16:02.644 10 INFO neutron.api.wsgi [-] 10.0.0.11 "GET / HTTP/1.1" status: 200 len: 246 time: 0.0024118
2026-06-02 22:16:02.648 10 INFO neutron.api.wsgi [-] 10.0.0.11 "GET / HTTP/1.1" status: 200 len: 246 time: 0.0026705
2026-06-02 22:16:17.645 10 INFO neutron.api.wsgi [-] 10.0.0.11 "GET / HTTP/1.1" status: 200 len: 246 time: 0.0016265
2026-06-02 22:16:17.649 9 INFO neutron.api.wsgi [-] 10.0.0.11 "GET / HTTP/1.1" status: 200 len: 246 time: 0.0054979
2026-06-02 22:16:32.645 9 INFO neutron.api.wsgi [-] 10.0.0.11 "GET / HTTP/1.1" status: 200 len: 246 time: 0.0024734
2026-06-02 22:16:32.645 10 INFO neutron.api.wsgi [-] 10.0.0.11 "GET / HTTP/1.1" status: 200 len: 246 time: 0.0024099
2026-06-02 22:16:47.644 9 INFO neutron.api.wsgi [-] 10.0.0.11 "GET / HTTP/1.1" status: 200 len: 246 time: 0.0020833
2026-06-02 22:16:47.646 9 INFO neutron.api.wsgi [-] 10.0.0.11 "GET / HTTP/1.1" status: 200 len: 246 time: 0.0013676 /var/lib/openstack/lib/python3.12/site-packages/pycadf/identifier.py:71: UserWarning: Invalid uuid: unknown. To ensure interoperability, identifiers should be a valid uuid. warnings.warn(('Invalid uuid: %s. To ensure interoperability, '
2026-06-02 22:16:55.255 9 INFO neutron.api.v2.resource [None req-362bbc3f-6ef6-42e1-9172-11d37b9197e2 ef9431564eb743c9882dee4928ccf684 a39275425c5d4935bd47dbb81ee2a16c - - default default] show failed (client error): The resource could not be found.
2026-06-02 22:16:55.256 9 INFO neutron.api.wsgi [None req-362bbc3f-6ef6-42e1-9172-11d37b9197e2 ef9431564eb743c9882dee4928ccf684 a39275425c5d4935bd47dbb81ee2a16c - - default default] 199.204.45.210,10.0.0.11 "GET /v2.0/security-groups/manila-service-security-group?project_id=1792dd84f79b4d8293e2c1f6eea1db25 HTTP/1.1" status: 404 len: 321 time: 0.1440940
2026-06-02 22:16:55.378 9 INFO neutron.db.ovn_revision_numbers_db [None req-109c22c2-d11e-4e7c-9ed8-2a5b3bf873e4 ef9431564eb743c9882dee4928ccf684 a39275425c5d4935bd47dbb81ee2a16c - - default default] Successfully bumped revision number for resource 87b7bda3-f78c-4df6-b770-6bdb40fdf09e (type: security_groups) to 1
2026-06-02 22:16:55.391 9 INFO neutron.db.ovn_revision_numbers_db [None req-109c22c2-d11e-4e7c-9ed8-2a5b3bf873e4 ef9431564eb743c9882dee4928ccf684 a39275425c5d4935bd47dbb81ee2a16c - - default default] Successfully bumped revision number for resource 06c4bc51-93fb-4242-a64c-31ffea1420fa (type: security_group_rules) to 0
2026-06-02 22:16:55.404 9 INFO neutron.db.ovn_revision_numbers_db [None req-109c22c2-d11e-4e7c-9ed8-2a5b3bf873e4 ef9431564eb743c9882dee4928ccf684 a39275425c5d4935bd47dbb81ee2a16c - - default default] Successfully bumped revision number for resource 30714c2b-814e-4429-9cc5-b0d77222d28e (type: security_group_rules) to 0
2026-06-02 22:16:55.414 9 INFO neutron.db.ovn_revision_numbers_db [None req-109c22c2-d11e-4e7c-9ed8-2a5b3bf873e4 ef9431564eb743c9882dee4928ccf684 a39275425c5d4935bd47dbb81ee2a16c - - default default] Successfully bumped revision number for resource 785e6b59-a7da-46d1-ac2f-d2771bcbcaa3 (type: security_group_rules) to 0
2026-06-02 22:16:55.426 9 INFO neutron.db.ovn_revision_numbers_db [None req-109c22c2-d11e-4e7c-9ed8-2a5b3bf873e4 ef9431564eb743c9882dee4928ccf684 a39275425c5d4935bd47dbb81ee2a16c - - default default] Successfully bumped revision number for resource 96c5811a-d3fa-47b6-b475-4847b046feba (type: security_group_rules) to 0
2026-06-02 22:16:55.469 9 INFO neutron.api.wsgi [None req-109c22c2-d11e-4e7c-9ed8-2a5b3bf873e4 ef9431564eb743c9882dee4928ccf684 a39275425c5d4935bd47dbb81ee2a16c - - default default] 199.204.45.210,10.0.0.11 "GET /v2.0/security-groups?name=manila-service-security-group&project_id=1792dd84f79b4d8293e2c1f6eea1db25 HTTP/1.1" status: 200 len: 197 time: 0.2108376
2026-06-02 22:16:55.640 9 INFO neutron.db.ovn_revision_numbers_db [None req-b7840fa8-75f3-45df-8792-eeca9def876a ef9431564eb743c9882dee4928ccf684 a39275425c5d4935bd47dbb81ee2a16c - - default default] Successfully bumped revision number for resource b13fe61e-6247-4cd6-acfa-2007368ca291 (type: security_groups) to 1
2026-06-02 22:16:55.650 9 INFO neutron.db.ovn_revision_numbers_db [None req-b7840fa8-75f3-45df-8792-eeca9def876a ef9431564eb743c9882dee4928ccf684 a39275425c5d4935bd47dbb81ee2a16c - - default default] Successfully bumped revision number for resource 7088a9b2-e97b-43e2-8a45-437c2cb798ae (type: security_group_rules) to 0
2026-06-02 22:16:55.660 9 INFO neutron.db.ovn_revision_numbers_db [None req-b7840fa8-75f3-45df-8792-eeca9def876a ef9431564eb743c9882dee4928ccf684 a39275425c5d4935bd47dbb81ee2a16c - - default default] Successfully bumped revision number for resource c9634792-5a07-4d9d-93dc-3d5f39f27855 (type: security_group_rules) to 0
2026-06-02 22:16:55.692 9 INFO neutron.api.wsgi [None req-b7840fa8-75f3-45df-8792-eeca9def876a ef9431564eb743c9882dee4928ccf684 a39275425c5d4935bd47dbb81ee2a16c - - default default] 199.204.45.210,10.0.0.11 "POST /v2.0/security-groups HTTP/1.1" status: 201 len: 1805 time: 0.1562200
2026-06-02 22:16:56.663 9 INFO neutron.api.wsgi [None req-5cb3e326-afe2-49c6-ae5b-44393a3e167c ef9431564eb743c9882dee4928ccf684 a39275425c5d4935bd47dbb81ee2a16c - - default default] 199.204.45.210,10.0.0.11 "GET /v2.0/security-groups/b13fe61e-6247-4cd6-acfa-2007368ca291?project_id=1792dd84f79b4d8293e2c1f6eea1db25 HTTP/1.1" status: 200 len: 1800 time: 0.0419598
2026-06-02 22:16:56.688 9 INFO neutron.api.wsgi [None req-f62c1782-06b6-4480-b259-86ee136b40ef ef9431564eb743c9882dee4928ccf684 a39275425c5d4935bd47dbb81ee2a16c - - default default] 199.204.45.210,10.0.0.11 "GET /v2.0/security-groups/b13fe61e-6247-4cd6-acfa-2007368ca291 HTTP/1.1" status: 200 len: 1800 time: 0.0176306
2026-06-02 22:16:56.765 9 INFO neutron.api.wsgi [None req-a82579e4-f76f-472d-ba8a-d413c5393f6d ef9431564eb743c9882dee4928ccf684 a39275425c5d4935bd47dbb81ee2a16c - - default default] 199.204.45.210,10.0.0.11 "GET /v2.0/security-groups/b13fe61e-6247-4cd6-acfa-2007368ca291?project_id=1792dd84f79b4d8293e2c1f6eea1db25 HTTP/1.1" status: 200 len: 1800 time: 0.0186598
2026-06-02 22:16:56.866 9 INFO neutron.db.ovn_revision_numbers_db [None req-eec85b0f-96a4-491c-9636-2b0e40a2f8fe ef9431564eb743c9882dee4928ccf684 a39275425c5d4935bd47dbb81ee2a16c - - default default] Successfully bumped revision number for resource 26973991-62b4-47d9-b7b6-70e65d942d78 (type: security_group_rules) to 0
2026-06-02 22:16:56.893 9 INFO neutron.api.wsgi [None req-eec85b0f-96a4-491c-9636-2b0e40a2f8fe ef9431564eb743c9882dee4928ccf684 a39275425c5d4935bd47dbb81ee2a16c - - default default] 199.204.45.210,10.0.0.11 "POST /v2.0/security-group-rules HTTP/1.1" status: 201 len: 777 time: 0.1220055
2026-06-02 22:16:57.781 9 INFO neutron.api.wsgi [None req-ba7ddba1-b3c2-433e-8ce3-69783c0638e5 ef9431564eb743c9882dee4928ccf684 a39275425c5d4935bd47dbb81ee2a16c - - default default] 199.204.45.210,10.0.0.11 "GET /v2.0/security-groups/b13fe61e-6247-4cd6-acfa-2007368ca291?project_id=1792dd84f79b4d8293e2c1f6eea1db25 HTTP/1.1" status: 200 len: 2410 time: 0.0455554
2026-06-02 22:16:57.808 9 INFO neutron.api.wsgi [None req-5515cea8-0850-4cf1-8aab-2b624fee372b ef9431564eb743c9882dee4928ccf684 a39275425c5d4935bd47dbb81ee2a16c - - default default] 199.204.45.210,10.0.0.11 "GET /v2.0/security-groups/b13fe61e-6247-4cd6-acfa-2007368ca291 HTTP/1.1" status: 200 len: 2410 time: 0.0207398
2026-06-02 22:16:57.897 9 INFO neutron.api.wsgi [None req-3df801d2-dc27-46bb-92be-69ba4ef90327 ef9431564eb743c9882dee4928ccf684 a39275425c5d4935bd47dbb81ee2a16c - - default default] 199.204.45.210,10.0.0.11 "GET /v2.0/security-groups/b13fe61e-6247-4cd6-acfa-2007368ca291?project_id=1792dd84f79b4d8293e2c1f6eea1db25 HTTP/1.1" status: 200 len: 2410 time: 0.0251937
2026-06-02 22:16:58.002 9 INFO neutron.db.ovn_revision_numbers_db [None req-1f129812-19ca-42e8-9076-9dbbdff340c1 ef9431564eb743c9882dee4928ccf684 a39275425c5d4935bd47dbb81ee2a16c - - default default] Successfully bumped revision number for resource 8d456c6a-068e-4df5-952a-8f6e1e067655 (type: security_group_rules) to 0
2026-06-02 22:16:58.027 9 INFO neutron.api.wsgi [None req-1f129812-19ca-42e8-9076-9dbbdff340c1 ef9431564eb743c9882dee4928ccf684 a39275425c5d4935bd47dbb81ee2a16c - - default default] 199.204.45.210,10.0.0.11 "POST /v2.0/security-group-rules HTTP/1.1" status: 201 len: 779 time: 0.1246853
2026-06-02 22:16:58.944 10 INFO neutron.api.wsgi [None req-bc91b085-5313-4787-b22c-7ef60a3e212a ef9431564eb743c9882dee4928ccf684 a39275425c5d4935bd47dbb81ee2a16c - - default default] 199.204.45.210,10.0.0.11 "GET /v2.0/security-groups/b13fe61e-6247-4cd6-acfa-2007368ca291?project_id=1792dd84f79b4d8293e2c1f6eea1db25 HTTP/1.1" status: 200 len: 3022 time: 0.0703726
2026-06-02 22:16:58.982 10 INFO neutron.api.wsgi [None req-fd00388d-5570-4273-97a5-189f16ac5448 ef9431564eb743c9882dee4928ccf684 a39275425c5d4935bd47dbb81ee2a16c - - default default] 199.204.45.210,10.0.0.11 "GET /v2.0/security-groups/b13fe61e-6247-4cd6-acfa-2007368ca291 HTTP/1.1" status: 200 len: 3022 time: 0.0313621
2026-06-02 22:16:59.066 10 INFO neutron.api.wsgi [None req-d3ba4f50-8634-4ea2-891a-5ad146a34a61 ef9431564eb743c9882dee4928ccf684 a39275425c5d4935bd47dbb81ee2a16c - - default default] 199.204.45.210,10.0.0.11 "GET /v2.0/security-groups/b13fe61e-6247-4cd6-acfa-2007368ca291?project_id=1792dd84f79b4d8293e2c1f6eea1db25 HTTP/1.1" status: 200 len: 3022 time: 0.0261471
2026-06-02 22:16:59.185 10 INFO neutron.db.ovn_revision_numbers_db [None req-b03bac0d-856e-4824-ac3b-fc70fc3af1e3 ef9431564eb743c9882dee4928ccf684 a39275425c5d4935bd47dbb81ee2a16c - - default default] Successfully bumped revision number for resource dcb19021-2f4b-4458-9380-9e5d4ecaf9e4 (type: security_group_rules) to 0
2026-06-02 22:16:59.218 10 INFO neutron.api.wsgi [None req-b03bac0d-856e-4824-ac3b-fc70fc3af1e3 ef9431564eb743c9882dee4928ccf684 a39275425c5d4935bd47dbb81ee2a16c - - default default] 199.204.45.210,10.0.0.11 "POST /v2.0/security-group-rules HTTP/1.1" status: 201 len: 781 time: 0.1418190
2026-06-02 22:17:00.202 10 INFO neutron.api.wsgi [None req-218e6aac-8457-4982-a98c-910fb3caa4d5 ef9431564eb743c9882dee4928ccf684 a39275425c5d4935bd47dbb81ee2a16c - - default default] 199.204.45.210,10.0.0.11 "GET /v2.0/security-groups/b13fe61e-6247-4cd6-acfa-2007368ca291?project_id=1792dd84f79b4d8293e2c1f6eea1db25 HTTP/1.1" status: 200 len: 3636 time: 0.0499120
2026-06-02 22:17:00.239 10 INFO neutron.api.wsgi [None req-c56b535b-606e-4789-b675-a6b30506a4a2 ef9431564eb743c9882dee4928ccf684 a39275425c5d4935bd47dbb81ee2a16c - - default default] 199.204.45.210,10.0.0.11 "GET /v2.0/security-groups/b13fe61e-6247-4cd6-acfa-2007368ca291 HTTP/1.1" status: 200 len: 3636 time: 0.0313389
2026-06-02 22:17:00.336 10 INFO neutron.api.wsgi [None req-36c2a0bc-e264-4662-9eeb-3dca4d475096 ef9431564eb743c9882dee4928ccf684 a39275425c5d4935bd47dbb81ee2a16c - - default default] 199.204.45.210,10.0.0.11 "GET /v2.0/security-groups/b13fe61e-6247-4cd6-acfa-2007368ca291?project_id=1792dd84f79b4d8293e2c1f6eea1db25 HTTP/1.1" status: 200 len: 3636 time: 0.0324504
2026-06-02 22:17:00.461 10 INFO neutron.db.ovn_revision_numbers_db [None req-6ea73837-648d-4208-898d-b077b415dafc ef9431564eb743c9882dee4928ccf684 a39275425c5d4935bd47dbb81ee2a16c - - default default] Successfully bumped revision number for resource 6d34b6af-0a64-42a3-98b7-4bd08a9cf469 (type: security_group_rules) to 0
2026-06-02 22:17:00.486 10 INFO neutron.api.wsgi [None req-6ea73837-648d-4208-898d-b077b415dafc ef9431564eb743c9882dee4928ccf684 a39275425c5d4935bd47dbb81ee2a16c - - default default] 199.204.45.210,10.0.0.11 "POST /v2.0/security-group-rules HTTP/1.1" status: 201 len: 782 time: 0.1424592
2026-06-02 22:17:02.644 10 INFO neutron.api.wsgi [-] 10.0.0.11 "GET / HTTP/1.1" status: 200 len: 246 time: 0.0012996
2026-06-02 22:17:02.646 9 INFO neutron.api.wsgi [-] 10.0.0.11 "GET / HTTP/1.1" status: 200 len: 246 time: 0.0024719
2026-06-02 22:17:05.532 15 INFO neutron.plugins.ml2.drivers.ovn.mech_driver.ovsdb.maintenance [None req-d617bd02-787c-454b-afc3-0233cbce4e70 - - - - - -] OVN maintenance task check_for_inconsistencies finished in 0.031 seconds
2026-06-02 22:17:17.645 10 INFO neutron.api.wsgi [-] 10.0.0.11 "GET / HTTP/1.1" status: 200 len: 246 time: 0.0022805
2026-06-02 22:17:17.645 9 INFO neutron.api.wsgi [-] 10.0.0.11 "GET / HTTP/1.1" status: 200 len: 246 time: 0.0021365
2026-06-02 22:17:32.646 9 INFO neutron.api.wsgi [-] 10.0.0.11 "GET / HTTP/1.1" status: 200 len: 246 time: 0.0031905
2026-06-02 22:17:32.647 10 INFO neutron.api.wsgi [-] 10.0.0.11 "GET / HTTP/1.1" status: 200 len: 246 time: 0.0035195
2026-06-02 22:17:47.644 10 INFO neutron.api.wsgi [-] 10.0.0.11 "GET / HTTP/1.1" status: 200 len: 246 time: 0.0015461
2026-06-02 22:17:47.644 9 INFO neutron.api.wsgi [-] 10.0.0.11 "GET / HTTP/1.1" status: 200 len: 246 time: 0.0015004
2026-06-02 22:18:02.645 9 INFO neutron.api.wsgi [-] 10.0.0.11 "GET / HTTP/1.1" status: 200 len: 246 time: 0.0021152
2026-06-02 22:18:02.647 9 INFO neutron.api.wsgi [-] 10.0.0.11 "GET / HTTP/1.1" status: 200 len: 246 time: 0.0014265
2026-06-02 22:18:17.645 9 INFO neutron.api.wsgi [-] 10.0.0.11 "GET / HTTP/1.1" status: 200 len: 246 time: 0.0022197
2026-06-02 22:18:17.651 9 INFO neutron.api.wsgi [-] 10.0.0.11 "GET / HTTP/1.1" status: 200 len: 246 time: 0.0024970
2026-06-02 22:18:32.645 10 INFO neutron.api.wsgi [-] 10.0.0.11 "GET / HTTP/1.1" status: 200 len: 246 time: 0.0022738
2026-06-02 22:18:32.645 9 INFO neutron.api.wsgi [-] 10.0.0.11 "GET / HTTP/1.1" status: 200 len: 246 time: 0.0025141
2026-06-02 22:18:47.645 10 INFO neutron.api.wsgi [-] 10.0.0.11 "GET / HTTP/1.1" status: 200 len: 246 time: 0.0018947
2026-06-02 22:18:47.645 9 INFO neutron.api.wsgi [-] 10.0.0.11 "GET / HTTP/1.1" status: 200 len: 246 time: 0.0024958
2026-06-02 22:19:02.649 9 INFO neutron.api.wsgi [-] 10.0.0.11 "GET / HTTP/1.1" status: 200 len: 246 time: 0.0015016
2026-06-02 22:19:02.653 9 INFO neutron.api.wsgi [-] 10.0.0.11 "GET / HTTP/1.1" status: 200 len: 246 time: 0.0042133 /var/lib/openstack/lib/python3.12/site-packages/pycadf/identifier.py:71: UserWarning: Invalid uuid: neutron. To ensure interoperability, identifiers should be a valid uuid. warnings.warn(('Invalid uuid: %s. To ensure interoperability, '
2026-06-02 22:19:08.232 9 INFO neutron.api.wsgi [None req-3f456b38-ba8a-4e4c-a812-2c33eb8769d4 2e1201a537ec470e9634532e4e786af5 1792dd84f79b4d8293e2c1f6eea1db25 - - 4c9fd5d11ba8420cb8bdb12be613f9dd 4c9fd5d11ba8420cb8bdb12be613f9dd] 199.204.45.210 "GET /v2.0/networks?tenant_id=1792dd84f79b4d8293e2c1f6eea1db25&shared=False HTTP/1.1" status: 200 len: 213 time: 0.1325133
2026-06-02 22:19:08.321 9 INFO neutron.db.segments_db [None req-eee821dd-02f7-4986-9cfa-1baddf39f294 2e1201a537ec470e9634532e4e786af5 1792dd84f79b4d8293e2c1f6eea1db25 - - 4c9fd5d11ba8420cb8bdb12be613f9dd 4c9fd5d11ba8420cb8bdb12be613f9dd] Added segment 701389d0-0121-408a-8bf5-df9dc698a525 of type geneve for network 8bf19db6-db05-4915-91ca-d10c644175b1
2026-06-02 22:19:08.485 9 INFO neutron.db.ovn_revision_numbers_db [None req-eee821dd-02f7-4986-9cfa-1baddf39f294 2e1201a537ec470e9634532e4e786af5 1792dd84f79b4d8293e2c1f6eea1db25 - - 4c9fd5d11ba8420cb8bdb12be613f9dd 4c9fd5d11ba8420cb8bdb12be613f9dd] Successfully bumped revision number for resource 8bf19db6-db05-4915-91ca-d10c644175b1 (type: networks) to 1
2026-06-02 22:19:08.650 9 WARNING neutron.scheduler.dhcp_agent_scheduler [None req-eee821dd-02f7-4986-9cfa-1baddf39f294 2e1201a537ec470e9634532e4e786af5 1792dd84f79b4d8293e2c1f6eea1db25 - - 4c9fd5d11ba8420cb8bdb12be613f9dd 4c9fd5d11ba8420cb8bdb12be613f9dd] No more DHCP agents
2026-06-02 22:19:08.651 9 WARNING neutron.api.rpc.agentnotifiers.dhcp_rpc_agent_api [None req-eee821dd-02f7-4986-9cfa-1baddf39f294 2e1201a537ec470e9634532e4e786af5 1792dd84f79b4d8293e2c1f6eea1db25 - - 4c9fd5d11ba8420cb8bdb12be613f9dd 4c9fd5d11ba8420cb8bdb12be613f9dd] Unable to schedule network 8bf19db6-db05-4915-91ca-d10c644175b1: no agents available; will retry on subsequent port and subnet creation events.
2026-06-02 22:19:08.716 9 INFO neutron.db.ovn_revision_numbers_db [None req-eee821dd-02f7-4986-9cfa-1baddf39f294 2e1201a537ec470e9634532e4e786af5 1792dd84f79b4d8293e2c1f6eea1db25 - - 4c9fd5d11ba8420cb8bdb12be613f9dd 4c9fd5d11ba8420cb8bdb12be613f9dd] Successfully bumped revision number for resource 9b4a3c08-da79-4693-b0ce-84fc477be42b (type: ports) to 1
2026-06-02 22:19:08.735 9 INFO neutron.api.wsgi [None req-eee821dd-02f7-4986-9cfa-1baddf39f294 2e1201a537ec470e9634532e4e786af5 1792dd84f79b4d8293e2c1f6eea1db25 - - 4c9fd5d11ba8420cb8bdb12be613f9dd 4c9fd5d11ba8420cb8bdb12be613f9dd] 199.204.45.210 "POST /v2.0/networks HTTP/1.1" status: 201 len: 925 time: 0.4971068
2026-06-02 22:19:08.771 9 INFO neutron.api.wsgi [None req-07e27f79-667c-41ab-85f4-f15968c5b178 2e1201a537ec470e9634532e4e786af5 1792dd84f79b4d8293e2c1f6eea1db25 - - 4c9fd5d11ba8420cb8bdb12be613f9dd 4c9fd5d11ba8420cb8bdb12be613f9dd] 199.204.45.210 "GET /v2.0/ports?device_id=manila-share&binding%3Ahost_id=instance HTTP/1.1" status: 200 len: 210 time: 0.0294337
2026-06-02 22:19:08.781 9 INFO neutron.api.wsgi [None req-25a605b4-9cab-4afc-83d7-29ab133b09f9 2e1201a537ec470e9634532e4e786af5 1792dd84f79b4d8293e2c1f6eea1db25 - - 4c9fd5d11ba8420cb8bdb12be613f9dd 4c9fd5d11ba8420cb8bdb12be613f9dd] 199.204.45.210 "GET /v2.0/extensions HTTP/1.1" status: 200 len: 19298 time: 0.0049014
2026-06-02 22:19:08.961 9 WARNING neutron.scheduler.dhcp_agent_scheduler [None req-6a862484-4a9a-40bf-958d-aa37b96f7232 2e1201a537ec470e9634532e4e786af5 1792dd84f79b4d8293e2c1f6eea1db25 - - 4c9fd5d11ba8420cb8bdb12be613f9dd 4c9fd5d11ba8420cb8bdb12be613f9dd] No more DHCP agents
2026-06-02 22:19:08.962 9 WARNING neutron.api.rpc.agentnotifiers.dhcp_rpc_agent_api [None req-6a862484-4a9a-40bf-958d-aa37b96f7232 2e1201a537ec470e9634532e4e786af5 1792dd84f79b4d8293e2c1f6eea1db25 - - 4c9fd5d11ba8420cb8bdb12be613f9dd 4c9fd5d11ba8420cb8bdb12be613f9dd] Unable to schedule network 8bf19db6-db05-4915-91ca-d10c644175b1: no agents available; will retry on subsequent port and subnet creation events.
2026-06-02 22:19:09.022 9 INFO neutron.db.ovn_revision_numbers_db [None req-6a862484-4a9a-40bf-958d-aa37b96f7232 2e1201a537ec470e9634532e4e786af5 1792dd84f79b4d8293e2c1f6eea1db25 - - 4c9fd5d11ba8420cb8bdb12be613f9dd 4c9fd5d11ba8420cb8bdb12be613f9dd] Successfully bumped revision number for resource 7e74deac-acde-4ecc-9bba-b817de53fe96 (type: ports) to 1
2026-06-02 22:19:09.179 9 INFO neutron.db.ovn_revision_numbers_db [None req-6a862484-4a9a-40bf-958d-aa37b96f7232 2e1201a537ec470e9634532e4e786af5 1792dd84f79b4d8293e2c1f6eea1db25 - - 4c9fd5d11ba8420cb8bdb12be613f9dd 4c9fd5d11ba8420cb8bdb12be613f9dd] Successfully bumped revision number for resource 7e74deac-acde-4ecc-9bba-b817de53fe96 (type: ports) to 3
2026-06-02 22:19:09.204 9 INFO neutron.api.wsgi [None req-6a862484-4a9a-40bf-958d-aa37b96f7232 2e1201a537ec470e9634532e4e786af5 1792dd84f79b4d8293e2c1f6eea1db25 - - 4c9fd5d11ba8420cb8bdb12be613f9dd 4c9fd5d11ba8420cb8bdb12be613f9dd] 199.204.45.210 "POST /v2.0/ports HTTP/1.1" status: 201 len: 1172 time: 0.4195950
2026-06-02 22:19:09.245 9 INFO neutron.api.wsgi [None req-5b4c1fb6-5b15-4d65-9bfd-2b0716393d58 2e1201a537ec470e9634532e4e786af5 1792dd84f79b4d8293e2c1f6eea1db25 - - 4c9fd5d11ba8420cb8bdb12be613f9dd 4c9fd5d11ba8420cb8bdb12be613f9dd] 199.204.45.210 "GET /v2.0/networks/8bf19db6-db05-4915-91ca-d10c644175b1 HTTP/1.1" status: 200 len: 907 time: 0.0351741
2026-06-02 22:19:09.893 9 INFO neutron.plugins.ml2.drivers.ovn.mech_driver.mech_driver [None req-51b80d63-5d18-4785-8b61-3180ceec18c4 - - - - - -] OVN reports status up for port: 7e74deac-acde-4ecc-9bba-b817de53fe96
2026-06-02 22:19:09.902 9 INFO neutron.plugins.ml2.plugin [None req-51b80d63-5d18-4785-8b61-3180ceec18c4 - - - - - -] Attempt 1 to provision port 7e74deac-acde-4ecc-9bba-b817de53fe96
2026-06-02 22:19:10.062 9 INFO neutron.db.ovn_revision_numbers_db [None req-51b80d63-5d18-4785-8b61-3180ceec18c4 - - - - - -] Successfully bumped revision number for resource 7e74deac-acde-4ecc-9bba-b817de53fe96 (type: ports) to 4
2026-06-02 22:19:11.275 9 INFO neutron.api.wsgi [None req-62b78fed-d349-4691-a063-8ba43a828e82 2e1201a537ec470e9634532e4e786af5 1792dd84f79b4d8293e2c1f6eea1db25 - - 4c9fd5d11ba8420cb8bdb12be613f9dd 4c9fd5d11ba8420cb8bdb12be613f9dd] 199.204.45.210 "GET /v2.0/ports?device_id=manila-share&binding%3Ahost_id=instance HTTP/1.1" status: 200 len: 1172 time: 0.0551183
2026-06-02 22:19:11.309 9 INFO neutron.api.wsgi [None req-40f2cf58-a148-47b4-b9d1-7ccf7f30110f 2e1201a537ec470e9634532e4e786af5 1792dd84f79b4d8293e2c1f6eea1db25 - - 4c9fd5d11ba8420cb8bdb12be613f9dd 4c9fd5d11ba8420cb8bdb12be613f9dd] 199.204.45.210 "GET /v2.0/networks/8bf19db6-db05-4915-91ca-d10c644175b1 HTTP/1.1" status: 200 len: 907 time: 0.0295796
2026-06-02 22:19:17.645 10 INFO neutron.api.wsgi [-] 10.0.0.11 "GET / HTTP/1.1" status: 200 len: 246 time: 0.0025461
2026-06-02 22:19:17.646 9 INFO neutron.api.wsgi [-] 10.0.0.11 "GET / HTTP/1.1" status: 200 len: 246 time: 0.0026703
2026-06-02 22:19:32.643 9 INFO neutron.api.wsgi [-] 10.0.0.11 "GET / HTTP/1.1" status: 200 len: 246 time: 0.0017202
2026-06-02 22:19:32.644 10 INFO neutron.api.wsgi [-] 10.0.0.11 "GET / HTTP/1.1" status: 200 len: 246 time: 0.0018041
2026-06-02 22:19:36.864 9 INFO neutron.api.wsgi [None req-bcda5399-8140-41ea-baa1-e31aa8a955d6 ef9431564eb743c9882dee4928ccf684 a39275425c5d4935bd47dbb81ee2a16c - - default default] 199.204.45.210,10.0.0.11 "GET /v2.0/quotas/1792dd84f79b4d8293e2c1f6eea1db25 HTTP/1.1" status: 200 len: 467 time: 0.0112739 /var/lib/openstack/lib/python3.12/site-packages/neutron/extensions/quotasv2.py:139: UserWarning: Neutron quota engine will require "--force" parameter to set a quota limit without checking the resource usage. warnings.warn('Neutron quota engine will require "--force" '
2026-06-02 22:19:37.284 9 INFO neutron.api.wsgi [None req-15c3032e-0bf2-4e4b-b780-0413c79ae4eb ef9431564eb743c9882dee4928ccf684 a39275425c5d4935bd47dbb81ee2a16c - - default default] 199.204.45.210,10.0.0.11 "PUT /v2.0/quotas/1792dd84f79b4d8293e2c1f6eea1db25 HTTP/1.1" status: 200 len: 466 time: 0.0218394
2026-06-02 22:19:47.644 10 INFO neutron.api.wsgi [-] 10.0.0.11 "GET / HTTP/1.1" status: 200 len: 246 time: 0.0020616
2026-06-02 22:19:47.644 9 INFO neutron.api.wsgi [-] 10.0.0.11 "GET / HTTP/1.1" status: 200 len: 246 time: 0.0021186
2026-06-02 22:20:02.645 10 INFO neutron.api.wsgi [-] 10.0.0.11 "GET / HTTP/1.1" status: 200 len: 246 time: 0.0023026
2026-06-02 22:20:02.647 9 INFO neutron.api.wsgi [-] 10.0.0.11 "GET / HTTP/1.1" status: 200 len: 246 time: 0.0032759
2026-06-02 22:20:17.643 10 INFO neutron.api.wsgi [-] 10.0.0.11 "GET / HTTP/1.1" status: 200 len: 246 time: 0.0011978
2026-06-02 22:20:17.645 10 INFO neutron.api.wsgi [-] 10.0.0.11 "GET / HTTP/1.1" status: 200 len: 246 time: 0.0017314
2026-06-02 22:20:32.645 10 INFO neutron.api.wsgi [-] 10.0.0.11 "GET / HTTP/1.1" status: 200 len: 246 time: 0.0017149
2026-06-02 22:20:32.646 9 INFO neutron.api.wsgi [-] 10.0.0.11 "GET / HTTP/1.1" status: 200 len: 246 time: 0.0026300
2026-06-02 22:20:47.649 10 INFO neutron.api.wsgi [-] 10.0.0.11 "GET / HTTP/1.1" status: 200 len: 246 time: 0.0012791
2026-06-02 22:20:47.650 10 INFO neutron.api.wsgi [-] 10.0.0.11 "GET / HTTP/1.1" status: 200 len: 246 time: 0.0012472
2026-06-02 22:21:00.721 10 INFO neutron.api.wsgi [None req-07a3475a-dd44-433c-81e8-b84b92608380 ef9431564eb743c9882dee4928ccf684 a39275425c5d4935bd47dbb81ee2a16c - - default default] 10.0.0.52 "GET /v2.0/subnets HTTP/1.1" status: 200 len: 1484 time: 0.0882742
2026-06-02 22:21:00.772 10 INFO neutron.api.wsgi [None req-474b94ff-3b8e-4b89-824a-d7723849c41a ef9431564eb743c9882dee4928ccf684 a39275425c5d4935bd47dbb81ee2a16c - - default default] 10.0.0.52 "GET /v2.0/networks HTTP/1.1" status: 200 len: 2348 time: 0.0493786
2026-06-02 22:21:00.788 10 INFO neutron.api.wsgi [None req-59811037-47db-49ce-b6a1-3c7cad1c4ed5 ef9431564eb743c9882dee4928ccf684 a39275425c5d4935bd47dbb81ee2a16c - - default default] 10.0.0.52 "GET /v2.0/network-ip-availabilities HTTP/1.1" status: 200 len: 1280 time: 0.0135643
2026-06-02 22:21:00.817 10 INFO neutron.api.wsgi [None req-842a4e6d-35a1-4909-a854-024ff8a723da ef9431564eb743c9882dee4928ccf684 a39275425c5d4935bd47dbb81ee2a16c - - default default] 10.0.0.52 "GET /v2.0/floatingips HTTP/1.1" status: 200 len: 193 time: 0.0282969
2026-06-02 22:21:00.842 10 INFO neutron.api.wsgi [None req-6b3d345f-1cef-45af-9821-d4fef2b74fec ef9431564eb743c9882dee4928ccf684 a39275425c5d4935bd47dbb81ee2a16c - - default default] 10.0.0.52 "GET /v2.0/subnets HTTP/1.1" status: 200 len: 1484 time: 0.0238206
2026-06-02 22:21:00.853 10 INFO neutron.api.wsgi [None req-4d2d8f96-1d68-4009-8a53-1422d1314572 ef9431564eb743c9882dee4928ccf684 a39275425c5d4935bd47dbb81ee2a16c - - default default] 10.0.0.52 "GET /v2.0/subnetpools HTTP/1.1" status: 200 len: 193 time: 0.0099711
2026-06-02 22:21:00.893 10 INFO neutron.api.wsgi [None req-1e667014-342a-4622-848b-4fd5eb937e16 ef9431564eb743c9882dee4928ccf684 a39275425c5d4935bd47dbb81ee2a16c - - default default] 10.0.0.52 "GET /v2.0/routers HTTP/1.1" status: 200 len: 189 time: 0.0378389
2026-06-02 22:21:00.935 10 INFO neutron.api.wsgi [None req-7817cedc-0134-422b-af68-8e9e3fb660e9 ef9431564eb743c9882dee4928ccf684 a39275425c5d4935bd47dbb81ee2a16c - - default default] 10.0.0.52 "GET /v2.0/agents?binary=ovn-controller HTTP/1.1" status: 200 len: 591 time: 0.0419929
2026-06-02 22:21:00.947 10 INFO neutron.api.wsgi [None req-4cf3f6e4-fb1d-4d3e-b3dd-4e6e751ccc87 ef9431564eb743c9882dee4928ccf684 a39275425c5d4935bd47dbb81ee2a16c - - default default] 10.0.0.52 "GET /v2.0/agents HTTP/1.1" status: 200 len: 1390 time: 0.0102952
2026-06-02 22:21:00.984 10 INFO neutron.api.wsgi [None req-64cef0c9-b39e-4001-bc73-b0688683caea ef9431564eb743c9882dee4928ccf684 a39275425c5d4935bd47dbb81ee2a16c - - default default] 10.0.0.52 "GET /v2.0/security-groups HTTP/1.1" status: 200 len: 17574 time: 0.0359435
2026-06-02 22:21:01.071 10 INFO neutron.api.wsgi [None req-f1d3bf8e-e594-44ec-9b08-c5edad13d529 ef9431564eb743c9882dee4928ccf684 a39275425c5d4935bd47dbb81ee2a16c - - default default] 10.0.0.52 "GET /v2.0/ports HTTP/1.1" status: 200 len: 5347 time: 0.0808623
2026-06-02 22:21:02.645 9 INFO neutron.api.wsgi [-] 10.0.0.11 "GET / HTTP/1.1" status: 200 len: 246 time: 0.0024321
2026-06-02 22:21:02.648 9 INFO neutron.api.wsgi [-] 10.0.0.11 "GET / HTTP/1.1" status: 200 len: 246 time: 0.0020847
2026-06-02 22:21:17.646 10 INFO neutron.api.wsgi [-] 10.0.0.11 "GET / HTTP/1.1" status: 200 len: 246 time: 0.0025396
2026-06-02 22:21:17.647 10 INFO neutron.api.wsgi [-] 10.0.0.11 "GET / HTTP/1.1" status: 200 len: 246 time: 0.0012679
2026-06-02 22:21:32.646 10 INFO neutron.api.wsgi [-] 10.0.0.11 "GET / HTTP/1.1" status: 200 len: 246 time: 0.0029848
2026-06-02 22:21:32.647 9 INFO neutron.api.wsgi [-] 10.0.0.11 "GET / HTTP/1.1" status: 200 len: 246 time: 0.0030673
2026-06-02 22:21:47.644 10 INFO neutron.api.wsgi [-] 10.0.0.11 "GET / HTTP/1.1" status: 200 len: 246 time: 0.0014265
2026-06-02 22:21:47.646 10 INFO neutron.api.wsgi [-] 10.0.0.11 "GET / HTTP/1.1" status: 200 len: 246 time: 0.0009003
2026-06-02 22:22:00.703 10 INFO neutron.api.wsgi [None req-33b2710f-a71f-4d83-bee4-08c35df45140 ef9431564eb743c9882dee4928ccf684 a39275425c5d4935bd47dbb81ee2a16c - - default default] 10.0.0.52 "GET /v2.0/security-groups HTTP/1.1" status: 200 len: 17574 time: 0.1409349
2026-06-02 22:22:00.765 10 INFO neutron.api.wsgi [None req-82573070-b468-4469-98f0-aad93a5f6bb9 ef9431564eb743c9882dee4928ccf684 a39275425c5d4935bd47dbb81ee2a16c - - default default] 10.0.0.52 "GET /v2.0/networks HTTP/1.1" status: 200 len: 2348 time: 0.0550721
2026-06-02 22:22:00.799 10 INFO neutron.api.wsgi [None req-aa75218f-957f-4691-a1f2-6e712c58cf49 ef9431564eb743c9882dee4928ccf684 a39275425c5d4935bd47dbb81ee2a16c - - default default] 10.0.0.52 "GET /v2.0/subnets HTTP/1.1" status: 200 len: 1484 time: 0.0332563
2026-06-02 22:22:00.811 10 INFO neutron.api.wsgi [None req-99cfa02a-989f-4b4d-abb9-77b89194156b ef9431564eb743c9882dee4928ccf684 a39275425c5d4935bd47dbb81ee2a16c - - default default] 10.0.0.52 "GET /v2.0/network-ip-availabilities HTTP/1.1" status: 200 len: 1280 time: 0.0108676
2026-06-02 22:22:00.840 10 INFO neutron.api.wsgi [None req-52248bce-3da9-44ec-9203-c245e2189377 ef9431564eb743c9882dee4928ccf684 a39275425c5d4935bd47dbb81ee2a16c - - default default] 10.0.0.52 "GET /v2.0/subnets HTTP/1.1" status: 200 len: 1484 time: 0.0273910
2026-06-02 22:22:00.848 10 INFO neutron.api.wsgi [None req-b0a004d4-5604-44dc-8bd3-4bceb5d52dca ef9431564eb743c9882dee4928ccf684 a39275425c5d4935bd47dbb81ee2a16c - - default default] 10.0.0.52 "GET /v2.0/subnetpools HTTP/1.1" status: 200 len: 193 time: 0.0070503
2026-06-02 22:22:00.881 10 INFO neutron.api.wsgi [None req-2ed2cc27-64e0-4e07-a574-297121c6c40a ef9431564eb743c9882dee4928ccf684 a39275425c5d4935bd47dbb81ee2a16c - - default default] 10.0.0.52 "GET /v2.0/agents HTTP/1.1" status: 200 len: 1390 time: 0.0328617
2026-06-02 22:22:00.897 10 INFO neutron.api.wsgi [None req-4dc3cbec-85c9-4ad9-a38e-e575264d417f ef9431564eb743c9882dee4928ccf684 a39275425c5d4935bd47dbb81ee2a16c - - default default] 10.0.0.52 "GET /v2.0/floatingips HTTP/1.1" status: 200 len: 193 time: 0.0148945
2026-06-02 22:22:00.946 10 INFO neutron.api.wsgi [None req-11901331-38c7-41c6-ae75-50fa965a2b5e ef9431564eb743c9882dee4928ccf684 a39275425c5d4935bd47dbb81ee2a16c - - default default] 10.0.0.52 "GET /v2.0/ports HTTP/1.1" status: 200 len: 5347 time: 0.0472949
2026-06-02 22:22:00.961 10 INFO neutron.api.wsgi [None req-e297603a-c53a-4b2b-a1a9-53e15bb41786 ef9431564eb743c9882dee4928ccf684 a39275425c5d4935bd47dbb81ee2a16c - - default default] 10.0.0.52 "GET /v2.0/routers HTTP/1.1" status: 200 len: 189 time: 0.0110085
2026-06-02 22:22:00.970 10 INFO neutron.api.wsgi [None req-7af8b2d8-c981-4418-a39c-064f519ccd6d ef9431564eb743c9882dee4928ccf684 a39275425c5d4935bd47dbb81ee2a16c - - default default] 10.0.0.52 "GET /v2.0/agents?binary=ovn-controller HTTP/1.1" status: 200 len: 591 time: 0.0079331
2026-06-02 22:22:02.645 10 INFO neutron.api.wsgi [-] 10.0.0.11 "GET / HTTP/1.1" status: 200 len: 246 time: 0.0022583
2026-06-02 22:22:02.647 10 INFO neutron.api.wsgi [-] 10.0.0.11 "GET / HTTP/1.1" status: 200 len: 246 time: 0.0012152
2026-06-02 22:22:05.569 15 INFO neutron.db.ovn_revision_numbers_db [None req-d617bd02-787c-454b-afc3-0233cbce4e70 - - - - - -] Successfully bumped revision number for resource b13fe61e-6247-4cd6-acfa-2007368ca291 (type: security_groups) to 5
2026-06-02 22:22:05.570 15 INFO neutron.plugins.ml2.drivers.ovn.mech_driver.ovsdb.maintenance [None req-d617bd02-787c-454b-afc3-0233cbce4e70 - - - - - -] OVN maintenance task check_for_inconsistencies finished in 0.067 seconds
2026-06-02 22:22:17.644 9 INFO neutron.api.wsgi [-] 10.0.0.11 "GET / HTTP/1.1" status: 200 len: 246 time: 0.0015635
2026-06-02 22:22:17.645 10 INFO neutron.api.wsgi [-] 10.0.0.11 "GET / HTTP/1.1" status: 200 len: 246 time: 0.0026324
2026-06-02 22:22:32.645 10 INFO neutron.api.wsgi [-] 10.0.0.11 "GET / HTTP/1.1" status: 200 len: 246 time: 0.0023286
2026-06-02 22:22:32.645 9 INFO neutron.api.wsgi [-] 10.0.0.11 "GET / HTTP/1.1" status: 200 len: 246 time: 0.0024445
2026-06-02 22:22:47.645 9 INFO neutron.api.wsgi [-] 10.0.0.11 "GET / HTTP/1.1" status: 200 len: 246 time: 0.0020447
2026-06-02 22:22:47.645 10 INFO neutron.api.wsgi [-] 10.0.0.11 "GET / HTTP/1.1" status: 200 len: 246 time: 0.0021369
2026-06-02 22:23:00.611 10 INFO neutron.api.wsgi [None req-2cdba9fe-d376-431a-9d29-8ce2223d058e ef9431564eb743c9882dee4928ccf684 a39275425c5d4935bd47dbb81ee2a16c - - default default] 10.0.0.52 "GET /v2.0/network-ip-availabilities HTTP/1.1" status: 200 len: 1280 time: 0.0578723
2026-06-02 22:23:00.655 10 INFO neutron.api.wsgi [None req-1fc94dbf-2dc4-4dee-89f4-384c8dd4dc0e ef9431564eb743c9882dee4928ccf684 a39275425c5d4935bd47dbb81ee2a16c - - default default] 10.0.0.52 "GET /v2.0/networks HTTP/1.1" status: 200 len: 2348 time: 0.0440328
2026-06-02 22:23:00.697 10 INFO neutron.api.wsgi [None req-634c2abe-abbd-4c20-9390-1d86c7273fba ef9431564eb743c9882dee4928ccf684 a39275425c5d4935bd47dbb81ee2a16c - - default default] 10.0.0.52 "GET /v2.0/security-groups HTTP/1.1" status: 200 len: 17574 time: 0.0377917
2026-06-02 22:23:00.715 10 INFO neutron.api.wsgi [None req-a0bbbe40-eaf5-439c-ab60-a36eded1b8d9 ef9431564eb743c9882dee4928ccf684 a39275425c5d4935bd47dbb81ee2a16c - - default default] 10.0.0.52 "GET /v2.0/routers HTTP/1.1" status: 200 len: 189 time: 0.0128703
2026-06-02 22:23:00.739 10 INFO neutron.api.wsgi [None req-edd655d0-6ae0-45ce-a7e0-14e18f4e7f95 ef9431564eb743c9882dee4928ccf684 a39275425c5d4935bd47dbb81ee2a16c - - default default] 10.0.0.52 "GET /v2.0/agents?binary=ovn-controller HTTP/1.1" status: 200 len: 591 time: 0.0231175
2026-06-02 22:23:00.752 10 INFO neutron.api.wsgi [None req-f30fb250-e4e9-4b65-85f4-f2cd53107fba ef9431564eb743c9882dee4928ccf684 a39275425c5d4935bd47dbb81ee2a16c - - default default] 10.0.0.52 "GET /v2.0/floatingips HTTP/1.1" status: 200 len: 193 time: 0.0121434
2026-06-02 22:23:00.768 10 INFO neutron.api.wsgi [None req-ec7bf0b1-edc8-4707-8edf-f6dc2e13dd91 ef9431564eb743c9882dee4928ccf684 a39275425c5d4935bd47dbb81ee2a16c - - default default] 10.0.0.52 "GET /v2.0/subnets HTTP/1.1" status: 200 len: 1484 time: 0.0164545
2026-06-02 22:23:00.803 10 INFO neutron.api.wsgi [None req-c9185221-0e65-4577-9d61-53845e4c1642 ef9431564eb743c9882dee4928ccf684 a39275425c5d4935bd47dbb81ee2a16c - - default default] 10.0.0.52 "GET /v2.0/ports HTTP/1.1" status: 200 len: 5347 time: 0.0332947
2026-06-02 22:23:00.842 10 INFO neutron.api.wsgi [None req-19445c6d-2d04-4aea-932f-c9088ea7e440 ef9431564eb743c9882dee4928ccf684 a39275425c5d4935bd47dbb81ee2a16c - - default default] 10.0.0.52 "GET /v2.0/agents HTTP/1.1" status: 200 len: 1390 time: 0.0280893
2026-06-02 22:23:00.864 10 INFO neutron.api.wsgi [None req-2bc357a3-32fb-466e-906b-348f961d8253 ef9431564eb743c9882dee4928ccf684 a39275425c5d4935bd47dbb81ee2a16c - - default default] 10.0.0.52 "GET /v2.0/subnets HTTP/1.1" status: 200 len: 1484 time: 0.0213897
2026-06-02 22:23:00.871 10 INFO neutron.api.wsgi [None req-30a2d48a-1de4-46b6-ae42-69f9917cbd85 ef9431564eb743c9882dee4928ccf684 a39275425c5d4935bd47dbb81ee2a16c - - default default] 10.0.0.52 "GET /v2.0/subnetpools HTTP/1.1" status: 200 len: 193 time: 0.0064089
2026-06-02 22:23:02.643 10 INFO neutron.api.wsgi [-] 10.0.0.11 "GET / HTTP/1.1" status: 200 len: 246 time: 0.0016482
2026-06-02 22:23:02.644 9 INFO neutron.api.wsgi [-] 10.0.0.11 "GET / HTTP/1.1" status: 200 len: 246 time: 0.0024352
2026-06-02 22:23:17.643 10 INFO neutron.api.wsgi [-] 10.0.0.11 "GET / HTTP/1.1" status: 200 len: 246 time: 0.0017202
2026-06-02 22:23:17.644 9 INFO neutron.api.wsgi [-] 10.0.0.11 "GET / HTTP/1.1" status: 200 len: 246 time: 0.0022237
2026-06-02 22:23:32.645 9 INFO neutron.api.wsgi [-] 10.0.0.11 "GET / HTTP/1.1" status: 200 len: 246 time: 0.0028446
2026-06-02 22:23:32.648 9 INFO neutron.api.wsgi [-] 10.0.0.11 "GET / HTTP/1.1" status: 200 len: 246 time: 0.0023339
2026-06-02 22:23:47.644 10 INFO neutron.api.wsgi [-] 10.0.0.11 "GET / HTTP/1.1" status: 200 len: 246 time: 0.0015728
2026-06-02 22:23:47.645 10 INFO neutron.api.wsgi [-] 10.0.0.11 "GET / HTTP/1.1" status: 200 len: 246 time: 0.0011747
2026-06-02 22:24:00.620 10 INFO neutron.api.wsgi [None req-a4f16d0b-8fd8-4db0-9edb-bb156d415495 ef9431564eb743c9882dee4928ccf684 a39275425c5d4935bd47dbb81ee2a16c - - default default] 10.0.0.52 "GET /v2.0/routers HTTP/1.1" status: 200 len: 189 time: 0.0704126
2026-06-02 22:24:00.675 10 INFO neutron.api.wsgi [None req-069fb763-c123-4b09-89be-f2c1b855ce38 ef9431564eb743c9882dee4928ccf684 a39275425c5d4935bd47dbb81ee2a16c - - default default] 10.0.0.52 "GET /v2.0/agents?binary=ovn-controller HTTP/1.1" status: 200 len: 591 time: 0.0541403
2026-06-02 22:24:00.708 10 INFO neutron.api.wsgi [None req-0207ab1b-8ca3-473f-9d99-be7363fdb969 ef9431564eb743c9882dee4928ccf684 a39275425c5d4935bd47dbb81ee2a16c - - default default] 10.0.0.52 "GET /v2.0/security-groups HTTP/1.1" status: 200 len: 17574 time: 0.0318010
2026-06-02 22:24:00.723 10 INFO neutron.api.wsgi [None req-1d1fe295-412b-4574-baf3-0221436ee48f ef9431564eb743c9882dee4928ccf684 a39275425c5d4935bd47dbb81ee2a16c - - default default] 10.0.0.52 "GET /v2.0/network-ip-availabilities HTTP/1.1" status: 200 len: 1280 time: 0.0107429
2026-06-02 22:24:00.763 10 INFO neutron.api.wsgi [None req-06b1f044-ab15-45b0-8a9c-888c24d196ba ef9431564eb743c9882dee4928ccf684 a39275425c5d4935bd47dbb81ee2a16c - - default default] 10.0.0.52 "GET /v2.0/subnets HTTP/1.1" status: 200 len: 1484 time: 0.0375371
2026-06-02 22:24:00.770 10 INFO neutron.api.wsgi [None req-ca7ebb37-7880-4219-b970-8f83d4797291 ef9431564eb743c9882dee4928ccf684 a39275425c5d4935bd47dbb81ee2a16c - - default default] 10.0.0.52 "GET /v2.0/subnetpools HTTP/1.1" status: 200 len: 193 time: 0.0063505
2026-06-02 22:24:00.785 10 INFO neutron.api.wsgi [None req-af0d3f76-c701-41f7-8b88-30a4c8972d48 ef9431564eb743c9882dee4928ccf684 a39275425c5d4935bd47dbb81ee2a16c - - default default] 10.0.0.52 "GET /v2.0/floatingips HTTP/1.1" status: 200 len: 193 time: 0.0138810
2026-06-02 22:24:00.829 10 INFO neutron.api.wsgi [None req-da6e707a-d4a2-439a-839f-40fc98e42adc ef9431564eb743c9882dee4928ccf684 a39275425c5d4935bd47dbb81ee2a16c - - default default] 10.0.0.52 "GET /v2.0/networks HTTP/1.1" status: 200 len: 2348 time: 0.0429354
2026-06-02 22:24:00.872 10 INFO neutron.api.wsgi [None req-8e26d4de-b031-43ee-8cf2-10e3ce17a547 ef9431564eb743c9882dee4928ccf684 a39275425c5d4935bd47dbb81ee2a16c - - default default] 10.0.0.52 "GET /v2.0/ports HTTP/1.1" status: 200 len: 5347 time: 0.0406084
2026-06-02 22:24:00.902 10 INFO neutron.api.wsgi [None req-3b76833c-f789-4dac-adfc-73aebd532fe0 ef9431564eb743c9882dee4928ccf684 a39275425c5d4935bd47dbb81ee2a16c - - default default] 10.0.0.52 "GET /v2.0/subnets HTTP/1.1" status: 200 len: 1484 time: 0.0261767
2026-06-02 22:24:00.912 10 INFO neutron.api.wsgi [None req-62d41380-fb1b-4a8b-b1ee-f699612f4d21 ef9431564eb743c9882dee4928ccf684 a39275425c5d4935bd47dbb81ee2a16c - - default default] 10.0.0.52 "GET /v2.0/agents HTTP/1.1" status: 200 len: 1390 time: 0.0086782
2026-06-02 22:24:02.645 10 INFO neutron.api.wsgi [-] 10.0.0.11 "GET / HTTP/1.1" status: 200 len: 246 time: 0.0022981
2026-06-02 22:24:02.645 9 INFO neutron.api.wsgi [-] 10.0.0.11 "GET / HTTP/1.1" status: 200 len: 246 time: 0.0023639
2026-06-02 22:24:17.645 10 INFO neutron.api.wsgi [-] 10.0.0.11 "GET / HTTP/1.1" status: 200 len: 246 time: 0.0023937
2026-06-02 22:24:17.647 9 INFO neutron.api.wsgi [-] 10.0.0.11 "GET / HTTP/1.1" status: 200 len: 246 time: 0.0034702
2026-06-02 22:24:32.645 9 INFO neutron.api.wsgi [-] 10.0.0.11 "GET / HTTP/1.1" status: 200 len: 246 time: 0.0024695
2026-06-02 22:24:32.646 10 INFO neutron.api.wsgi [-] 10.0.0.11 "GET / HTTP/1.1" status: 200 len: 246 time: 0.0034428
2026-06-02 22:24:47.645 9 INFO neutron.api.wsgi [-] 10.0.0.11 "GET / HTTP/1.1" status: 200 len: 246 time: 0.0024509
2026-06-02 22:24:47.645 10 INFO neutron.api.wsgi [-] 10.0.0.11 "GET / HTTP/1.1" status: 200 len: 246 time: 0.0026104
2026-06-02 22:25:00.644 10 INFO neutron.api.wsgi [None req-5cdd1213-4796-4403-b792-96cd96239b0d ef9431564eb743c9882dee4928ccf684 a39275425c5d4935bd47dbb81ee2a16c - - default default] 10.0.0.52 "GET /v2.0/ports HTTP/1.1" status: 200 len: 5347 time: 0.0809858
2026-06-02 22:25:00.684 10 INFO neutron.api.wsgi [None req-fea023d9-7837-4483-974b-df9c36353f25 ef9431564eb743c9882dee4928ccf684 a39275425c5d4935bd47dbb81ee2a16c - - default default] 10.0.0.52 "GET /v2.0/security-groups HTTP/1.1" status: 200 len: 17574 time: 0.0363328
2026-06-02 22:25:00.721 10 INFO neutron.api.wsgi [None req-477d8af7-a04b-4483-bda1-64ffc3afb398 ef9431564eb743c9882dee4928ccf684 a39275425c5d4935bd47dbb81ee2a16c - - default default] 10.0.0.52 "GET /v2.0/agents HTTP/1.1" status: 200 len: 1390 time: 0.0323820
2026-06-02 22:25:00.730 10 INFO neutron.api.wsgi [None req-14eb5bdd-9440-467f-b7d1-58523eb07ffa ef9431564eb743c9882dee4928ccf684 a39275425c5d4935bd47dbb81ee2a16c - - default default] 10.0.0.52 "GET /v2.0/network-ip-availabilities HTTP/1.1" status: 200 len: 1280 time: 0.0081773
2026-06-02 22:25:00.745 10 INFO neutron.api.wsgi [None req-e2f5031a-26ca-4b4b-8d26-e453e60f349e ef9431564eb743c9882dee4928ccf684 a39275425c5d4935bd47dbb81ee2a16c - - default default] 10.0.0.52 "GET /v2.0/floatingips HTTP/1.1" status: 200 len: 193 time: 0.0134454
2026-06-02 22:25:00.756 10 INFO neutron.api.wsgi [None req-17f072c9-bcf0-4296-9dca-1d91cbda165f ef9431564eb743c9882dee4928ccf684 a39275425c5d4935bd47dbb81ee2a16c - - default default] 10.0.0.52 "GET /v2.0/routers HTTP/1.1" status: 200 len: 189 time: 0.0104399
2026-06-02 22:25:00.764 10 INFO neutron.api.wsgi [None req-87655f99-4400-4fce-9432-d0e3fb453363 ef9431564eb743c9882dee4928ccf684 a39275425c5d4935bd47dbb81ee2a16c - - default default] 10.0.0.52 "GET /v2.0/agents?binary=ovn-controller HTTP/1.1" status: 200 len: 591 time: 0.0073767
2026-06-02 22:25:00.802 10 INFO neutron.api.wsgi [None req-645fe73e-eda2-48ef-8110-98a9b2d26842 ef9431564eb743c9882dee4928ccf684 a39275425c5d4935bd47dbb81ee2a16c - - default default] 10.0.0.52 "GET /v2.0/networks HTTP/1.1" status: 200 len: 2348 time: 0.0369191
2026-06-02 22:25:00.824 10 INFO neutron.api.wsgi [None req-aeb89261-5367-4c57-bbaa-a784296fe07d ef9431564eb743c9882dee4928ccf684 a39275425c5d4935bd47dbb81ee2a16c - - default default] 10.0.0.52 "GET /v2.0/subnets HTTP/1.1" status: 200 len: 1484 time: 0.0209324
2026-06-02 22:25:00.849 10 INFO neutron.api.wsgi [None req-2b5f859c-649c-4d49-83c7-aff01a1e8829 ef9431564eb743c9882dee4928ccf684 a39275425c5d4935bd47dbb81ee2a16c - - default default] 10.0.0.52 "GET /v2.0/subnets HTTP/1.1" status: 200 len: 1484 time: 0.0213914
2026-06-02 22:25:00.855 10 INFO neutron.api.wsgi [None req-0200b647-5aa4-4416-bf1d-620f9cd25601 ef9431564eb743c9882dee4928ccf684 a39275425c5d4935bd47dbb81ee2a16c - - default default] 10.0.0.52 "GET /v2.0/subnetpools HTTP/1.1" status: 200 len: 193 time: 0.0052049
2026-06-02 22:25:02.645 9 INFO neutron.api.wsgi [-] 10.0.0.11 "GET / HTTP/1.1" status: 200 len: 246 time: 0.0025640
2026-06-02 22:25:02.649 9 INFO neutron.api.wsgi [-] 10.0.0.11 "GET / HTTP/1.1" status: 200 len: 246 time: 0.0031919
2026-06-02 22:25:17.645 9 INFO neutron.api.wsgi [-] 10.0.0.11 "GET / HTTP/1.1" status: 200 len: 246 time: 0.0024486
2026-06-02 22:25:17.645 10 INFO neutron.api.wsgi [-] 10.0.0.11 "GET / HTTP/1.1" status: 200 len: 246 time: 0.0024214
2026-06-02 22:25:32.644 10 INFO neutron.api.wsgi [-] 10.0.0.11 "GET / HTTP/1.1" status: 200 len: 246 time: 0.0024238
2026-06-02 22:25:32.646 9 INFO neutron.api.wsgi [-] 10.0.0.11 "GET / HTTP/1.1" status: 200 len: 246 time: 0.0038722
2026-06-02 22:25:47.644 10 INFO neutron.api.wsgi [-] 10.0.0.11 "GET / HTTP/1.1" status: 200 len: 246 time: 0.0014050
2026-06-02 22:25:47.646 9 INFO neutron.api.wsgi [-] 10.0.0.11 "GET / HTTP/1.1" status: 200 len: 246 time: 0.0022910
2026-06-02 22:26:00.638 10 INFO neutron.api.wsgi [None req-8711f5db-cd51-4376-a6ff-e369266f2839 ef9431564eb743c9882dee4928ccf684 a39275425c5d4935bd47dbb81ee2a16c - - default default] 10.0.0.52 "GET /v2.0/subnets HTTP/1.1" status: 200 len: 1484 time: 0.0787759
2026-06-02 22:26:00.653 10 INFO neutron.api.wsgi [None req-6a053e56-5a72-4920-8aac-f2cb7e8817ff ef9431564eb743c9882dee4928ccf684 a39275425c5d4935bd47dbb81ee2a16c - - default default] 10.0.0.52 "GET /v2.0/subnetpools HTTP/1.1" status: 200 len: 193 time: 0.0129080
2026-06-02 22:26:00.709 10 INFO neutron.api.wsgi [None req-f5406486-a923-4fe4-aafc-af367738e5f1 ef9431564eb743c9882dee4928ccf684 a39275425c5d4935bd47dbb81ee2a16c - - default default] 10.0.0.52 "GET /v2.0/networks HTTP/1.1" status: 200 len: 2348 time: 0.0548162
2026-06-02 22:26:00.748 10 INFO neutron.api.wsgi [None req-432d430e-476b-4fa8-92d4-9749b1881d8e ef9431564eb743c9882dee4928ccf684 a39275425c5d4935bd47dbb81ee2a16c - - default default] 10.0.0.52 "GET /v2.0/ports HTTP/1.1" status: 200 len: 5347 time: 0.0368354
2026-06-02 22:26:00.772 10 INFO neutron.api.wsgi [None req-66ea8c36-9d64-48a2-aa28-a434e769efad ef9431564eb743c9882dee4928ccf684 a39275425c5d4935bd47dbb81ee2a16c - - default default] 10.0.0.52 "GET /v2.0/routers HTTP/1.1" status: 200 len: 189 time: 0.0151551
2026-06-02 22:26:00.810 10 INFO neutron.api.wsgi [None req-30c78220-fd2c-4beb-a00d-e4e37369dbe4 ef9431564eb743c9882dee4928ccf684 a39275425c5d4935bd47dbb81ee2a16c - - default default] 10.0.0.52 "GET /v2.0/agents?binary=ovn-controller HTTP/1.1" status: 200 len: 591 time: 0.0366561
2026-06-02 22:26:00.844 10 INFO neutron.api.wsgi [None req-92f371b5-82c5-41db-bfec-17ddefda2711 ef9431564eb743c9882dee4928ccf684 a39275425c5d4935bd47dbb81ee2a16c - - default default] 10.0.0.52 "GET /v2.0/subnets HTTP/1.1" status: 200 len: 1484 time: 0.0301254
2026-06-02 22:26:00.854 10 INFO neutron.api.wsgi [None req-3ec462f4-b008-46a1-8977-6b74037010b6 ef9431564eb743c9882dee4928ccf684 a39275425c5d4935bd47dbb81ee2a16c - - default default] 10.0.0.52 "GET /v2.0/agents HTTP/1.1" status: 200 len: 1390 time: 0.0090501
2026-06-02 22:26:00.869 10 INFO neutron.api.wsgi [None req-b0c337e5-98b7-481d-aa16-ab2255e39b22 ef9431564eb743c9882dee4928ccf684 a39275425c5d4935bd47dbb81ee2a16c - - default default] 10.0.0.52 "GET /v2.0/floatingips HTTP/1.1" status: 200 len: 193 time: 0.0140684
