2026-06-02 22:36:47.919 9 INFO neutron.api.wsgi [None req-2126ee77-09a4-4b8c-a92d-09e76f69cde6 f336859f652e4120994c11336263c65f f03b401cf8734a8ea1888952be2f7981 - - default default] 10.0.0.127 "PUT /v2.0/routers/52b23b9f-0300-4d5d-8246-6e6200f82a19/remove_router_interface HTTP/1.1" status: 200 len: 503 time: 0.6380384
2026-06-02 22:36:47.928 10 INFO neutron.api.wsgi [req-f08adfcd-e290-45c9-9bc5-73a2c0aa17a6 req-84a59475-3944-4cfb-abb6-07fd71afb464 a1c031c4828247ac8ef007a2bfbc2533 afaab217a3444c0da84ca45f44ab4bf3 - - default default] 10.0.0.112 "GET /v2.0/security-groups?id=614606e2-3e47-4bbc-9181-8013e0efef43&fields=id&fields=name HTTP/1.1" status: 200 len: 312 time: 0.0409679 /var/lib/openstack/lib/python3.12/site-packages/pycadf/identifier.py:71: UserWarning: Invalid uuid: neutron. To ensure interoperability, identifiers should be a valid uuid. warnings.warn(('Invalid uuid: %s. To ensure interoperability, '
2026-06-02 22:36:47.953 10 INFO neutron.api.wsgi [None req-9aa10092-41f5-4e5b-82a4-2642c86aba37 1576502ec1df444781cf2b0c3045d139 38b184de6fa444c6b8e41405a68ce9a3 - - default default] 10.0.0.127 "PUT /v2.0/networks/8f925d33-0485-4c20-9dc0-1740c0358a19/tags HTTP/1.1" status: 200 len: 212 time: 0.0376115
2026-06-02 22:36:47.998 9 INFO neutron.api.v2.resource [None req-9d9a015a-93db-4661-9972-f4136f76eb7c f336859f652e4120994c11336263c65f f03b401cf8734a8ea1888952be2f7981 - - default default] remove_router_interface failed (client error): The resource could not be found.
2026-06-02 22:36:48.000 9 INFO neutron.api.wsgi [None req-9d9a015a-93db-4661-9972-f4136f76eb7c f336859f652e4120994c11336263c65f f03b401cf8734a8ea1888952be2f7981 - - default default] 10.0.0.127 "PUT /v2.0/routers/52b23b9f-0300-4d5d-8246-6e6200f82a19/remove_router_interface HTTP/1.1" status: 404 len: 398 time: 0.0722737
2026-06-02 22:36:48.005 10 INFO neutron.api.wsgi [None req-82ec034c-e8ff-4be1-bf8f-9c57af8058bd 1576502ec1df444781cf2b0c3045d139 38b184de6fa444c6b8e41405a68ce9a3 - - default default] 10.0.0.127 "GET /v2.0/networks?tags=red HTTP/1.1" status: 200 len: 2069 time: 0.0432818
2026-06-02 22:36:48.022 9 INFO neutron.api.wsgi [None req-72a5eb15-6448-484c-bb11-b5a2b99276c2 f336859f652e4120994c11336263c65f f03b401cf8734a8ea1888952be2f7981 - - default default] 10.0.0.127 "GET /v2.0/ports?device_id=52b23b9f-0300-4d5d-8246-6e6200f82a19 HTTP/1.1" status: 200 len: 205 time: 0.0172472
2026-06-02 22:36:48.065 10 INFO neutron.api.wsgi [None req-5c505d64-27d1-4539-aa51-f5443b449dfa 1576502ec1df444781cf2b0c3045d139 38b184de6fa444c6b8e41405a68ce9a3 - - default default] 10.0.0.127 "GET /v2.0/networks?tags=red%2Cblue HTTP/1.1" status: 200 len: 1456 time: 0.0535233
2026-06-02 22:36:48.129 9 INFO neutron.api.wsgi [None req-647e0ce4-86b5-4ac3-8e19-d7805cf7c108 1576502ec1df444781cf2b0c3045d139 38b184de6fa444c6b8e41405a68ce9a3 - - default default] 10.0.0.127 "GET /v2.0/networks?tags-any=blue HTTP/1.1" status: 200 len: 1456 time: 0.0574024
2026-06-02 22:36:48.168 9 INFO neutron.api.wsgi [None req-49279db9-3276-4659-b14a-27b9bc6dcf6d 1576502ec1df444781cf2b0c3045d139 38b184de6fa444c6b8e41405a68ce9a3 - - default default] 10.0.0.127 "GET /v2.0/networks?tags-any=red%2Cblue HTTP/1.1" status: 200 len: 2069 time: 0.0328052
2026-06-02 22:36:48.235 9 INFO neutron.api.wsgi [None req-703b7f5b-db92-4d8c-8b42-44f385d76cff 1576502ec1df444781cf2b0c3045d139 38b184de6fa444c6b8e41405a68ce9a3 - - default default] 10.0.0.127 "GET /v2.0/networks?not-tags=red HTTP/1.1" status: 200 len: 2067 time: 0.0631206
2026-06-02 22:36:48.290 9 INFO neutron.api.wsgi [None req-92978485-2c67-4588-a4e5-5cde9c394bf0 1576502ec1df444781cf2b0c3045d139 38b184de6fa444c6b8e41405a68ce9a3 - - default default] 10.0.0.127 "GET /v2.0/networks?not-tags=red%2Cblue HTTP/1.1" status: 200 len: 2680 time: 0.0500426
2026-06-02 22:36:48.362 9 INFO neutron.api.wsgi [None req-a1c3323f-e7d5-4930-9293-88f07eaa446e 1576502ec1df444781cf2b0c3045d139 38b184de6fa444c6b8e41405a68ce9a3 - - default default] 10.0.0.127 "GET /v2.0/networks?not-tags-any=blue HTTP/1.1" status: 200 len: 2680 time: 0.0643141
2026-06-02 22:36:48.407 9 INFO neutron.api.wsgi [None req-ca4513ad-9166-400b-a522-7a9c8685538d 1576502ec1df444781cf2b0c3045d139 38b184de6fa444c6b8e41405a68ce9a3 - - default default] 10.0.0.127 "GET /v2.0/networks?not-tags-any=red%2Cblue HTTP/1.1" status: 200 len: 2067 time: 0.0398047
2026-06-02 22:36:48.448 10 INFO neutron.api.wsgi [None req-cfe226bf-48c0-4ed9-89cf-706530e55317 f336859f652e4120994c11336263c65f f03b401cf8734a8ea1888952be2f7981 - - default default] 10.0.0.127 "DELETE /v2.0/routers/52b23b9f-0300-4d5d-8246-6e6200f82a19 HTTP/1.1" status: 204 len: 168 time: 0.4214697
2026-06-02 22:36:48.604 9 INFO neutron.api.wsgi [req-77d230e4-b027-402f-a031-a172b84c3be4 req-b39110e8-24c9-4825-ba00-82965a4f2e24 7eed6bd94c77408b91cee9c009b52e8e d06770edaf354f89bc488ee06bfc63d3 - - default default] 10.0.0.112 "GET /v2.0/ports?device_id=8b8abb91-5acc-4036-bccb-0f44bd5ad72f HTTP/1.1" status: 200 len: 1170 time: 0.0346847
2026-06-02 22:36:48.648 9 INFO neutron.api.wsgi [req-77d230e4-b027-402f-a031-a172b84c3be4 req-48290601-73a9-4c9d-8d69-3cef683c8d2d 7eed6bd94c77408b91cee9c009b52e8e d06770edaf354f89bc488ee06bfc63d3 - - default default] 10.0.0.112 "GET /v2.0/security-groups?id=d4fd5064-b6f5-450b-9d9c-bd18ba120993&fields=id&fields=name HTTP/1.1" status: 200 len: 313 time: 0.0381644
2026-06-02 22:36:48.721 10 INFO neutron.api.wsgi [None req-957c5add-54f8-4c0f-bfe4-4ea5765fa2d9 f336859f652e4120994c11336263c65f f03b401cf8734a8ea1888952be2f7981 - - default default] 10.0.0.127 "DELETE /v2.0/subnets/70b6f0f7-3f62-42ad-8f05-80bcb7a27c12 HTTP/1.1" status: 204 len: 168 time: 0.2629666
2026-06-02 22:36:48.821 10 INFO neutron.services.segments.plugin [-] Segment ce35ab7d-82c4-4d56-90e4-a114910dc5c3 resource provider aggregate not found
2026-06-02 22:36:48.828 10 INFO neutron.api.wsgi [req-6d5c7fed-27e3-45fa-84f1-7debaca50ee1 req-8f6434cf-bb29-4a08-84b7-be6040e74744 7eed6bd94c77408b91cee9c009b52e8e d06770edaf354f89bc488ee06bfc63d3 - - default default] 10.0.0.112 "GET /v2.0/ports?device_id=8b8abb91-5acc-4036-bccb-0f44bd5ad72f HTTP/1.1" status: 200 len: 1170 time: 0.1049998
2026-06-02 22:36:48.829 10 INFO neutron.services.segments.plugin [-] Segment ce35ab7d-82c4-4d56-90e4-a114910dc5c3 resource provider aggregate not found
2026-06-02 22:36:48.846 10 INFO neutron.services.segments.plugin [-] Segment ce35ab7d-82c4-4d56-90e4-a114910dc5c3 resource provider not found; error: Placement Client Error (4xx): {"errors": [{"status": 404, "title": "Not Found", "detail": "The resource could not be found.\n\n No resource provider with uuid ce35ab7d-82c4-4d56-90e4-a114910dc5c3 found for delete ", "request_id": "req-d747abd0-5171-4734-bcbb-03f8b3a34313"}]}
2026-06-02 22:36:48.854 10 INFO neutron.services.segments.plugin [-] Segment ce35ab7d-82c4-4d56-90e4-a114910dc5c3 resource provider not found; error: Placement Client Error (4xx): {"errors": [{"status": 404, "title": "Not Found", "detail": "The resource could not be found.\n\n No resource provider with uuid ce35ab7d-82c4-4d56-90e4-a114910dc5c3 found for delete ", "request_id": "req-967940fd-6f6f-4b6f-b560-cadc1790c039"}]}
2026-06-02 22:36:48.872 10 INFO neutron.api.wsgi [None req-a4a2b91d-6453-4afc-924f-9904fa994751 1576502ec1df444781cf2b0c3045d139 38b184de6fa444c6b8e41405a68ce9a3 - - default default] 10.0.0.127 "DELETE /v2.0/networks/92e13e0a-8228-446c-8914-cc5ee2e2c082 HTTP/1.1" status: 204 len: 168 time: 0.4559655
2026-06-02 22:36:49.047 9 INFO neutron.services.segments.plugin [-] Segment 8efb747c-b60a-4660-b282-8e94d0812fe9 resource provider aggregate not found
2026-06-02 22:36:49.051 9 INFO neutron.services.segments.plugin [-] Segment 8efb747c-b60a-4660-b282-8e94d0812fe9 resource provider aggregate not found
2026-06-02 22:36:49.058 9 INFO neutron.services.segments.plugin [-] Segment 8efb747c-b60a-4660-b282-8e94d0812fe9 resource provider not found; error: Placement Client Error (4xx): {"errors": [{"status": 404, "title": "Not Found", "detail": "The resource could not be found.\n\n No resource provider with uuid 8efb747c-b60a-4660-b282-8e94d0812fe9 found for delete ", "request_id": "req-6d633f39-26ce-4c17-bc04-cfb5d989f81d"}]}
2026-06-02 22:36:49.062 9 INFO neutron.services.segments.plugin [-] Segment 8efb747c-b60a-4660-b282-8e94d0812fe9 resource provider not found; error: Placement Client Error (4xx): {"errors": [{"status": 404, "title": "Not Found", "detail": "The resource could not be found.\n\n No resource provider with uuid 8efb747c-b60a-4660-b282-8e94d0812fe9 found for delete ", "request_id": "req-7ee8fb5b-2241-4d61-a4a3-2162af01c7c2"}]}
2026-06-02 22:36:49.082 9 INFO neutron.api.wsgi [None req-dde54b13-cd7f-4ad0-a67a-8321448bce3d f336859f652e4120994c11336263c65f f03b401cf8734a8ea1888952be2f7981 - - default default] 10.0.0.127 "DELETE /v2.0/networks/52c2d59e-bba2-497d-bd25-85ce6ee09560 HTTP/1.1" status: 204 len: 168 time: 0.3519664
2026-06-02 22:36:49.086 9 INFO neutron.api.wsgi [req-549492b6-e939-410e-8825-d666bf2765f0 req-9b089a61-2bb2-42ab-b3fb-7bf53d17a3b4 a1c031c4828247ac8ef007a2bfbc2533 afaab217a3444c0da84ca45f44ab4bf3 - - default default] 10.0.0.112 "GET /v2.0/ports?device_id=8de296fb-2e91-486e-b5db-ddea74bd8b14 HTTP/1.1" status: 200 len: 1168 time: 0.0847108
2026-06-02 22:36:49.102 10 WARNING neutron_lib.context [None req-b54c29d7-33ef-4ee8-b724-6ceb11b8ba57 f336859f652e4120994c11336263c65f f03b401cf8734a8ea1888952be2f7981 - - default default] Method 'is_advsvc' is deprecated since 2023.2 release (neutron-lib 3.8.0) and will be removed once support for the old RBAC API policies will be removed from Neutron. Please use method 'is_service_role' instead.
2026-06-02 22:36:49.124 9 INFO neutron.api.wsgi [req-549492b6-e939-410e-8825-d666bf2765f0 req-76d7a099-692d-4915-92d0-d379ffdb1a76 a1c031c4828247ac8ef007a2bfbc2533 afaab217a3444c0da84ca45f44ab4bf3 - - default default] 10.0.0.112 "GET /v2.0/security-groups?id=614606e2-3e47-4bbc-9181-8013e0efef43&fields=id&fields=name HTTP/1.1" status: 200 len: 312 time: 0.0302758
2026-06-02 22:36:49.196 10 INFO neutron.db.segments_db [None req-b54c29d7-33ef-4ee8-b724-6ceb11b8ba57 f336859f652e4120994c11336263c65f f03b401cf8734a8ea1888952be2f7981 - - default default] Added segment 7d028b0c-df67-454b-96fa-da70eeb4e954 of type geneve for network 77b2161e-ed51-454a-bd00-3be779123f1b
2026-06-02 22:36:49.346 10 INFO neutron.db.ovn_revision_numbers_db [None req-ba129334-ad3f-4c30-89eb-71254f1db26d 7eed6bd94c77408b91cee9c009b52e8e d06770edaf354f89bc488ee06bfc63d3 - - default default] Successfully bumped revision number for resource 53a279dd-f58f-46e7-8248-839dadaaaf61 (type: floatingips) to 1
2026-06-02 22:36:49.385 10 INFO neutron.api.wsgi [None req-03a0cee8-d6bc-4622-a673-59e7555ff160 1576502ec1df444781cf2b0c3045d139 38b184de6fa444c6b8e41405a68ce9a3 - - default default] 10.0.0.127 "DELETE /v2.0/networks/387263ef-4f43-4585-bf9d-b9881f7932b4 HTTP/1.1" status: 204 len: 168 time: 0.5063357
2026-06-02 22:36:49.401 10 INFO neutron.notifiers.nova [-] Nova event matching ['req-1879bac7-3a1b-4f37-ab17-d08e2c76e7f3'] response: {'server_uuid': '8b8abb91-5acc-4036-bccb-0f44bd5ad72f', 'name': 'network-vif-plugged', 'status': 'completed', 'tag': '7d6a8dd6-62ee-4a66-bcc2-d3da355482f6', 'code': 200}
2026-06-02 22:36:49.411 10 INFO neutron.db.ovn_revision_numbers_db [None req-b54c29d7-33ef-4ee8-b724-6ceb11b8ba57 f336859f652e4120994c11336263c65f f03b401cf8734a8ea1888952be2f7981 - - default default] Successfully bumped revision number for resource 77b2161e-ed51-454a-bd00-3be779123f1b (type: networks) to 1
2026-06-02 22:36:49.469 10 INFO neutron.db.ovn_revision_numbers_db [None req-ba129334-ad3f-4c30-89eb-71254f1db26d 7eed6bd94c77408b91cee9c009b52e8e d06770edaf354f89bc488ee06bfc63d3 - - default default] Successfully bumped revision number for resource 53a279dd-f58f-46e7-8248-839dadaaaf61 (type: floatingips) to 2
2026-06-02 22:36:49.469 10 INFO neutron.db.l3_db [None req-ba129334-ad3f-4c30-89eb-71254f1db26d 7eed6bd94c77408b91cee9c009b52e8e d06770edaf354f89bc488ee06bfc63d3 - - default default] Floating IP 53a279dd-f58f-46e7-8248-839dadaaaf61 associated. External IP: 10.96.250.210, port: 7d6a8dd6-62ee-4a66-bcc2-d3da355482f6.
2026-06-02 22:36:49.499 10 INFO neutron.api.wsgi [None req-ba129334-ad3f-4c30-89eb-71254f1db26d 7eed6bd94c77408b91cee9c009b52e8e d06770edaf354f89bc488ee06bfc63d3 - - default default] 10.0.0.127 "PUT /v2.0/floatingips/53a279dd-f58f-46e7-8248-839dadaaaf61 HTTP/1.1" status: 200 len: 1049 time: 0.6580732
2026-06-02 22:36:49.578 10 WARNING neutron.scheduler.dhcp_agent_scheduler [None req-b54c29d7-33ef-4ee8-b724-6ceb11b8ba57 f336859f652e4120994c11336263c65f f03b401cf8734a8ea1888952be2f7981 - - default default] No more DHCP agents
2026-06-02 22:36:49.580 10 WARNING neutron.api.rpc.agentnotifiers.dhcp_rpc_agent_api [None req-b54c29d7-33ef-4ee8-b724-6ceb11b8ba57 f336859f652e4120994c11336263c65f f03b401cf8734a8ea1888952be2f7981 - - default default] Unable to schedule network 77b2161e-ed51-454a-bd00-3be779123f1b: no agents available; will retry on subsequent port and subnet creation events.
2026-06-02 22:36:49.636 10 INFO neutron.db.ovn_revision_numbers_db [None req-b54c29d7-33ef-4ee8-b724-6ceb11b8ba57 f336859f652e4120994c11336263c65f f03b401cf8734a8ea1888952be2f7981 - - default default] Successfully bumped revision number for resource 454547a1-4e7a-4d30-8e20-bd4aa0cf5387 (type: ports) to 1
2026-06-02 22:36:49.658 10 INFO neutron.api.wsgi [None req-b54c29d7-33ef-4ee8-b724-6ceb11b8ba57 f336859f652e4120994c11336263c65f f03b401cf8734a8ea1888952be2f7981 - - default default] 10.0.0.127 "POST /v2.0/networks HTTP/1.1" status: 201 len: 829 time: 0.5597687
2026-06-02 22:36:49.671 10 WARNING neutron_lib.context [None req-d0cd5ecb-1d24-40b1-8c9e-5cc51aae4084 f336859f652e4120994c11336263c65f f03b401cf8734a8ea1888952be2f7981 - - default default] Method 'is_advsvc' is deprecated since 2023.2 release (neutron-lib 3.8.0) and will be removed once support for the old RBAC API policies will be removed from Neutron. Please use method 'is_service_role' instead.
2026-06-02 22:36:49.689 9 INFO neutron.api.wsgi [None req-2e814ff3-119a-4d94-be51-44ac4ed7d05c 1576502ec1df444781cf2b0c3045d139 38b184de6fa444c6b8e41405a68ce9a3 - - default default] 10.0.0.127 "DELETE /v2.0/networks/44355a1e-b428-4c61-a0c4-af520d2a45e6 HTTP/1.1" status: 204 len: 168 time: 0.2983267
2026-06-02 22:36:49.848 10 WARNING neutron.scheduler.dhcp_agent_scheduler [None req-d0cd5ecb-1d24-40b1-8c9e-5cc51aae4084 f336859f652e4120994c11336263c65f f03b401cf8734a8ea1888952be2f7981 - - default default] No more DHCP agents
2026-06-02 22:36:49.850 10 WARNING neutron.api.rpc.agentnotifiers.dhcp_rpc_agent_api [None req-d0cd5ecb-1d24-40b1-8c9e-5cc51aae4084 f336859f652e4120994c11336263c65f f03b401cf8734a8ea1888952be2f7981 - - default default] Unable to schedule network 77b2161e-ed51-454a-bd00-3be779123f1b: no agents available; will retry on subsequent port and subnet creation events.
2026-06-02 22:36:50.010 9 INFO neutron.api.wsgi [None req-477f47d2-8197-47d5-a671-1eae2a5241c7 1576502ec1df444781cf2b0c3045d139 38b184de6fa444c6b8e41405a68ce9a3 - - default default] 10.0.0.127 "DELETE /v2.0/networks/8f925d33-0485-4c20-9dc0-1740c0358a19 HTTP/1.1" status: 204 len: 168 time: 0.3159976
2026-06-02 22:36:50.250 9 INFO neutron.api.wsgi [req-bf7f5a74-e6b1-4846-8526-b7bb08389aff req-62ca873a-85e1-4459-9ee8-9cc8f3083f5c a1c031c4828247ac8ef007a2bfbc2533 afaab217a3444c0da84ca45f44ab4bf3 - - default default] 10.0.0.112 "GET /v2.0/ports?device_id=8de296fb-2e91-486e-b5db-ddea74bd8b14 HTTP/1.1" status: 200 len: 1168 time: 0.0529921
2026-06-02 22:36:50.289 9 INFO neutron.api.wsgi [req-bf7f5a74-e6b1-4846-8526-b7bb08389aff req-5de49f74-a833-4e6a-b7aa-c79b6da95674 a1c031c4828247ac8ef007a2bfbc2533 afaab217a3444c0da84ca45f44ab4bf3 - - default default] 10.0.0.112 "GET /v2.0/security-groups?id=614606e2-3e47-4bbc-9181-8013e0efef43&fields=id&fields=name HTTP/1.1" status: 200 len: 312 time: 0.0346677
2026-06-02 22:36:50.329 10 INFO neutron.db.ovn_revision_numbers_db [None req-5410728b-af3e-4095-91ee-2ef5a9193895 - - - - - -] Successfully bumped revision number for resource 454547a1-4e7a-4d30-8e20-bd4aa0cf5387 (type: ports) to 2
2026-06-02 22:36:50.355 9 INFO neutron.api.wsgi [None req-551e7f26-f73c-4d40-924c-9cac2f7e9cc2 1576502ec1df444781cf2b0c3045d139 38b184de6fa444c6b8e41405a68ce9a3 - - default default] 10.0.0.127 "DELETE /v2.0/networks/991592c4-8e61-4896-8ccd-29defa88e4e9 HTTP/1.1" status: 204 len: 168 time: 0.3397996
2026-06-02 22:36:50.356 10 INFO neutron.db.ovn_revision_numbers_db [None req-5410728b-af3e-4095-91ee-2ef5a9193895 - - - - - -] Successfully bumped revision number for resource 23d3b625-f24f-49de-acc9-74c75bfacdc4 (type: subnets) to 0
2026-06-02 22:36:50.374 10 INFO neutron.api.wsgi [None req-d0cd5ecb-1d24-40b1-8c9e-5cc51aae4084 f336859f652e4120994c11336263c65f f03b401cf8734a8ea1888952be2f7981 - - default default] 10.0.0.127 "POST /v2.0/subnets HTTP/1.1" status: 201 len: 825 time: 0.7080336
2026-06-02 22:36:50.387 10 WARNING neutron_lib.context [None req-343ce971-b1b0-4d20-a98e-054af64f7e98 f336859f652e4120994c11336263c65f f03b401cf8734a8ea1888952be2f7981 - - default default] Method 'is_advsvc' is deprecated since 2023.2 release (neutron-lib 3.8.0) and will be removed once support for the old RBAC API policies will be removed from Neutron. Please use method 'is_service_role' instead.
2026-06-02 22:36:50.492 10 INFO neutron.db.ovn_revision_numbers_db [None req-343ce971-b1b0-4d20-a98e-054af64f7e98 f336859f652e4120994c11336263c65f f03b401cf8734a8ea1888952be2f7981 - - default default] Successfully bumped revision number for resource de1ad557-2d9f-4a4a-8e68-c32d28ccea3e (type: routers) to 1
2026-06-02 22:36:50.510 10 INFO neutron.api.wsgi [None req-343ce971-b1b0-4d20-a98e-054af64f7e98 f336859f652e4120994c11336263c65f f03b401cf8734a8ea1888952be2f7981 - - default default] 10.0.0.127 "POST /v2.0/routers HTTP/1.1" status: 201 len: 802 time: 0.1273103
2026-06-02 22:36:50.869 10 INFO neutron.services.segments.plugin [-] Segment ed6b5712-3a8a-4b50-a81c-64716131df99 resource provider aggregate not found
2026-06-02 22:36:50.877 10 INFO neutron.services.segments.plugin [-] Segment ed6b5712-3a8a-4b50-a81c-64716131df99 resource provider aggregate not found
2026-06-02 22:36:50.880 10 INFO neutron.services.segments.plugin [-] Segment ed6b5712-3a8a-4b50-a81c-64716131df99 resource provider not found; error: Placement Client Error (4xx): {"errors": [{"status": 404, "title": "Not Found", "detail": "The resource could not be found.\n\n No resource provider with uuid ed6b5712-3a8a-4b50-a81c-64716131df99 found for delete ", "request_id": "req-b4a45e25-0fb5-4c48-bb34-bf7d726228b4"}]}
2026-06-02 22:36:50.886 10 INFO neutron.services.segments.plugin [-] Segment ed6b5712-3a8a-4b50-a81c-64716131df99 resource provider not found; error: Placement Client Error (4xx): {"errors": [{"status": 404, "title": "Not Found", "detail": "The resource could not be found.\n\n No resource provider with uuid ed6b5712-3a8a-4b50-a81c-64716131df99 found for delete ", "request_id": "req-65d1d8b5-dee2-49ef-a15b-692e697efd84"}]}
2026-06-02 22:36:50.890 10 WARNING neutron.scheduler.dhcp_agent_scheduler [None req-97179a45-b41a-48f0-9f08-ff0058155e46 f336859f652e4120994c11336263c65f f03b401cf8734a8ea1888952be2f7981 - - default default] No more DHCP agents
2026-06-02 22:36:50.891 10 WARNING neutron.api.rpc.agentnotifiers.dhcp_rpc_agent_api [None req-97179a45-b41a-48f0-9f08-ff0058155e46 f336859f652e4120994c11336263c65f f03b401cf8734a8ea1888952be2f7981 - - default default] Unable to schedule network 77b2161e-ed51-454a-bd00-3be779123f1b: no agents available; will retry on subsequent port and subnet creation events.
2026-06-02 22:36:51.005 10 INFO neutron.db.ovn_revision_numbers_db [None req-97179a45-b41a-48f0-9f08-ff0058155e46 f336859f652e4120994c11336263c65f f03b401cf8734a8ea1888952be2f7981 - - default default] Successfully bumped revision number for resource b5c65056-d960-4780-b03e-7bf0215ccb83 (type: ports) to 1
2026-06-02 22:36:51.077 9 INFO neutron.services.segments.plugin [-] Segment e8912847-6c3a-47cc-b099-39623a09ffe3 resource provider aggregate not found
2026-06-02 22:36:51.081 9 INFO neutron.services.segments.plugin [-] Segment e8912847-6c3a-47cc-b099-39623a09ffe3 resource provider aggregate not found
2026-06-02 22:36:51.095 9 INFO neutron.services.segments.plugin [-] Segment e8912847-6c3a-47cc-b099-39623a09ffe3 resource provider not found; error: Placement Client Error (4xx): {"errors": [{"status": 404, "title": "Not Found", "detail": "The resource could not be found.\n\n No resource provider with uuid e8912847-6c3a-47cc-b099-39623a09ffe3 found for delete ", "request_id": "req-c6906c5b-f689-4e29-a93b-2289578ed8a7"}]}
2026-06-02 22:36:51.101 9 INFO neutron.services.segments.plugin [-] Segment e8912847-6c3a-47cc-b099-39623a09ffe3 resource provider not found; error: Placement Client Error (4xx): {"errors": [{"status": 404, "title": "Not Found", "detail": "The resource could not be found.\n\n No resource provider with uuid e8912847-6c3a-47cc-b099-39623a09ffe3 found for delete ", "request_id": "req-5526e8e8-9302-47c1-ae9a-9ce58c6ed362"}]}
2026-06-02 22:36:51.109 9 INFO neutron.services.segments.plugin [-] Segment 77004351-f16f-4405-82bf-e0431ed21aec resource provider aggregate not found
2026-06-02 22:36:51.114 9 INFO neutron.services.segments.plugin [-] Segment 77004351-f16f-4405-82bf-e0431ed21aec resource provider aggregate not found
2026-06-02 22:36:51.121 9 INFO neutron.services.segments.plugin [-] Segment 77004351-f16f-4405-82bf-e0431ed21aec resource provider not found; error: Placement Client Error (4xx): {"errors": [{"status": 404, "title": "Not Found", "detail": "The resource could not be found.\n\n No resource provider with uuid 77004351-f16f-4405-82bf-e0431ed21aec found for delete ", "request_id": "req-a34ccd56-c459-4f8a-b502-b7e9b1e6d3d5"}]}
2026-06-02 22:36:51.125 9 INFO neutron.services.segments.plugin [-] Segment 77004351-f16f-4405-82bf-e0431ed21aec resource provider not found; error: Placement Client Error (4xx): {"errors": [{"status": 404, "title": "Not Found", "detail": "The resource could not be found.\n\n No resource provider with uuid 77004351-f16f-4405-82bf-e0431ed21aec found for delete ", "request_id": "req-f9b0412b-be9f-4d1f-8e01-1dff339ff17d"}]}
2026-06-02 22:36:51.134 9 INFO neutron.services.segments.plugin [-] Segment dfb73b12-1efc-42a1-b5e5-3929b048c9cb resource provider aggregate not found
2026-06-02 22:36:51.141 9 INFO neutron.services.segments.plugin [-] Segment dfb73b12-1efc-42a1-b5e5-3929b048c9cb resource provider aggregate not found
2026-06-02 22:36:51.147 9 INFO neutron.services.segments.plugin [-] Segment dfb73b12-1efc-42a1-b5e5-3929b048c9cb resource provider not found; error: Placement Client Error (4xx): {"errors": [{"status": 404, "title": "Not Found", "detail": "The resource could not be found.\n\n No resource provider with uuid dfb73b12-1efc-42a1-b5e5-3929b048c9cb found for delete ", "request_id": "req-5c87a658-3602-4524-acd2-d76d3da1255b"}]}
2026-06-02 22:36:51.153 9 INFO neutron.services.segments.plugin [-] Segment dfb73b12-1efc-42a1-b5e5-3929b048c9cb resource provider not found; error: Placement Client Error (4xx): {"errors": [{"status": 404, "title": "Not Found", "detail": "The resource could not be found.\n\n No resource provider with uuid dfb73b12-1efc-42a1-b5e5-3929b048c9cb found for delete ", "request_id": "req-e570e809-90e6-439e-9783-d970891f4f3c"}]}
2026-06-02 22:36:51.436 10 INFO neutron.notifiers.nova [-] Nova event matching ['req-65eb854a-2a6e-4b9c-a6e1-1da66211409e'] response: {'name': 'network-changed', 'server_uuid': '8b8abb91-5acc-4036-bccb-0f44bd5ad72f', 'tag': '7d6a8dd6-62ee-4a66-bcc2-d3da355482f6', 'status': 'completed', 'code': 200}
2026-06-02 22:36:51.453 10 INFO neutron.plugins.ml2.drivers.ovn.mech_driver.mech_driver [None req-24350d77-3599-4bfc-b5b3-5b31b747b184 - - - - - -] OVN reports status up for port: b5c65056-d960-4780-b03e-7bf0215ccb83
2026-06-02 22:36:51.468 10 INFO neutron.api.wsgi [req-0b99122e-87bf-4dfb-8e15-9ea08ef98c5b req-18818dcb-33a1-48a2-922f-35d2d62626d5 a1c031c4828247ac8ef007a2bfbc2533 afaab217a3444c0da84ca45f44ab4bf3 - - default default] 10.0.0.112 "GET /v2.0/ports?device_id=8de296fb-2e91-486e-b5db-ddea74bd8b14 HTTP/1.1" status: 200 len: 1168 time: 0.1091421
2026-06-02 22:36:51.470 10 INFO neutron.plugins.ml2.plugin [None req-24350d77-3599-4bfc-b5b3-5b31b747b184 - - - - - -] Attempt 1 to provision port b5c65056-d960-4780-b03e-7bf0215ccb83
2026-06-02 22:36:51.492 10 INFO neutron.db.ovn_revision_numbers_db [None req-97179a45-b41a-48f0-9f08-ff0058155e46 f336859f652e4120994c11336263c65f f03b401cf8734a8ea1888952be2f7981 - - default default] Successfully bumped revision number for resource b5c65056-d960-4780-b03e-7bf0215ccb83 (type: ports) to 1
2026-06-02 22:36:51.522 10 INFO neutron.api.wsgi [req-0b99122e-87bf-4dfb-8e15-9ea08ef98c5b req-e5d433bf-9360-431a-b494-ca29cc280ccc a1c031c4828247ac8ef007a2bfbc2533 afaab217a3444c0da84ca45f44ab4bf3 - - default default] 10.0.0.112 "GET /v2.0/security-groups?id=614606e2-3e47-4bbc-9181-8013e0efef43&fields=id&fields=name HTTP/1.1" status: 200 len: 312 time: 0.0490282
2026-06-02 22:36:51.582 10 WARNING neutron.scheduler.dhcp_agent_scheduler [None req-97179a45-b41a-48f0-9f08-ff0058155e46 f336859f652e4120994c11336263c65f f03b401cf8734a8ea1888952be2f7981 - - default default] No more DHCP agents
2026-06-02 22:36:51.586 10 WARNING neutron.api.rpc.agentnotifiers.dhcp_rpc_agent_api [None req-97179a45-b41a-48f0-9f08-ff0058155e46 f336859f652e4120994c11336263c65f f03b401cf8734a8ea1888952be2f7981 - - default default] Unable to schedule network 77b2161e-ed51-454a-bd00-3be779123f1b: no agents available; will retry on subsequent port and subnet creation events.
2026-06-02 22:36:51.623 10 INFO neutron.db.ovn_revision_numbers_db [None req-8b098b29-0d47-4928-91a1-1b2bcb72c852 ef9431564eb743c9882dee4928ccf684 a39275425c5d4935bd47dbb81ee2a16c - - default default] Successfully bumped revision number for resource b290f3c2-0f93-4219-ad40-96769bdc4286 (type: security_groups) to 1
2026-06-02 22:36:51.660 10 INFO neutron.db.ovn_revision_numbers_db [None req-8b098b29-0d47-4928-91a1-1b2bcb72c852 ef9431564eb743c9882dee4928ccf684 a39275425c5d4935bd47dbb81ee2a16c - - default default] Successfully bumped revision number for resource 471655de-a8de-4138-b18d-1cc8ff7b1db3 (type: security_group_rules) to 0
2026-06-02 22:36:51.675 10 INFO neutron.db.ovn_revision_numbers_db [None req-8b098b29-0d47-4928-91a1-1b2bcb72c852 ef9431564eb743c9882dee4928ccf684 a39275425c5d4935bd47dbb81ee2a16c - - default default] Successfully bumped revision number for resource 7464d7bc-b42a-4bdd-a898-a4b1308a81c6 (type: security_group_rules) to 0
2026-06-02 22:36:51.693 10 INFO neutron.db.ovn_revision_numbers_db [None req-8b098b29-0d47-4928-91a1-1b2bcb72c852 ef9431564eb743c9882dee4928ccf684 a39275425c5d4935bd47dbb81ee2a16c - - default default] Successfully bumped revision number for resource a4e443bd-0fc1-4cb5-8bb9-96c062114b7c (type: security_group_rules) to 0
2026-06-02 22:36:51.712 10 INFO neutron.db.ovn_revision_numbers_db [None req-8b098b29-0d47-4928-91a1-1b2bcb72c852 ef9431564eb743c9882dee4928ccf684 a39275425c5d4935bd47dbb81ee2a16c - - default default] Successfully bumped revision number for resource a8bb4fe4-d6fb-4765-99a7-9d1f27528245 (type: security_group_rules) to 0
2026-06-02 22:36:51.756 10 INFO neutron.api.wsgi [None req-8b098b29-0d47-4928-91a1-1b2bcb72c852 ef9431564eb743c9882dee4928ccf684 a39275425c5d4935bd47dbb81ee2a16c - - default default] 10.0.0.127 "GET /v2.0/security-groups?tenant_id=c90948f0475e4b05ba9494bcf8be69c0&name=default HTTP/1.1" status: 200 len: 3120 time: 0.5169938
2026-06-02 22:36:51.846 10 INFO neutron.db.ovn_revision_numbers_db [None req-97179a45-b41a-48f0-9f08-ff0058155e46 f336859f652e4120994c11336263c65f f03b401cf8734a8ea1888952be2f7981 - - default default] Successfully bumped revision number for resource b5c65056-d960-4780-b03e-7bf0215ccb83 (type: router_ports) to 1
2026-06-02 22:36:51.852 10 INFO neutron.api.wsgi [None req-97179a45-b41a-48f0-9f08-ff0058155e46 f336859f652e4120994c11336263c65f f03b401cf8734a8ea1888952be2f7981 - - default default] 10.0.0.127 "PUT /v2.0/routers/de1ad557-2d9f-4a4a-8e68-c32d28ccea3e/add_router_interface HTTP/1.1" status: 200 len: 503 time: 1.3366137
2026-06-02 22:36:51.928 10 INFO neutron.db.ovn_revision_numbers_db [None req-24350d77-3599-4bfc-b5b3-5b31b747b184 - - - - - -] Successfully bumped revision number for resource b5c65056-d960-4780-b03e-7bf0215ccb83 (type: ports) to 2
2026-06-02 22:36:51.943 9 INFO neutron.api.wsgi [None req-49a2ea37-feff-48d4-a3ef-b9d9101711ff f336859f652e4120994c11336263c65f f03b401cf8734a8ea1888952be2f7981 - - default default] 10.0.0.127 "GET /v2.0/ports/b5c65056-d960-4780-b03e-7bf0215ccb83 HTTP/1.1" status: 200 len: 1137 time: 0.0762477
2026-06-02 22:36:51.976 9 INFO neutron.api.wsgi [None req-a08abc94-f0b0-49a0-a80a-e567b9e11527 f336859f652e4120994c11336263c65f f03b401cf8734a8ea1888952be2f7981 - - default default] 10.0.0.127 "GET /v2.0/ports/b5c65056-d960-4780-b03e-7bf0215ccb83 HTTP/1.1" status: 200 len: 1137 time: 0.0262725
2026-06-02 22:36:51.980 10 INFO neutron.api.wsgi [req-690b5ee9-0220-45dd-8d7b-042d06f799ae req-47b45277-41a4-4a1a-a889-5f31d399f84a 86522596c94245479eef5d0926326a20 1792dd84f79b4d8293e2c1f6eea1db25 - - 4c9fd5d11ba8420cb8bdb12be613f9dd 4c9fd5d11ba8420cb8bdb12be613f9dd] 199.204.45.210 "GET /v2.0/ports?tenant_id=d06770edaf354f89bc488ee06bfc63d3&device_id=8b8abb91-5acc-4036-bccb-0f44bd5ad72f HTTP/1.1" status: 200 len: 1409 time: 0.0339468
2026-06-02 22:36:52.000 9 INFO neutron.api.wsgi [None req-e5edf504-84f3-4d13-96f2-6c5df8aed855 ef9431564eb743c9882dee4928ccf684 a39275425c5d4935bd47dbb81ee2a16c - - default default] 10.0.0.127 "DELETE /v2.0/security-groups/b290f3c2-0f93-4219-ad40-96769bdc4286 HTTP/1.1" status: 204 len: 168 time: 0.2369425
2026-06-02 22:36:52.033 10 INFO neutron.api.wsgi [req-690b5ee9-0220-45dd-8d7b-042d06f799ae req-c337fc86-c4a1-4431-840e-42c233f7e819 86522596c94245479eef5d0926326a20 1792dd84f79b4d8293e2c1f6eea1db25 - - 4c9fd5d11ba8420cb8bdb12be613f9dd 4c9fd5d11ba8420cb8bdb12be613f9dd] 199.204.45.210 "GET /v2.0/networks?id=93ae66a0-b6a7-4432-be72-0686f2e5588d HTTP/1.1" status: 200 len: 974 time: 0.0484219
2026-06-02 22:36:52.073 10 INFO neutron.api.wsgi [req-690b5ee9-0220-45dd-8d7b-042d06f799ae req-7ae2987b-6113-4331-870d-c5942ccc90bb 86522596c94245479eef5d0926326a20 1792dd84f79b4d8293e2c1f6eea1db25 - - 4c9fd5d11ba8420cb8bdb12be613f9dd 4c9fd5d11ba8420cb8bdb12be613f9dd] 199.204.45.210 "GET /v2.0/floatingips?fixed_ip_address=10.100.0.5&port_id=7d6a8dd6-62ee-4a66-bcc2-d3da355482f6 HTTP/1.1" status: 200 len: 1059 time: 0.0331347
2026-06-02 22:36:52.103 10 INFO neutron.api.wsgi [req-690b5ee9-0220-45dd-8d7b-042d06f799ae req-4652aea7-4212-444d-9b37-ff75925eae23 86522596c94245479eef5d0926326a20 1792dd84f79b4d8293e2c1f6eea1db25 - - 4c9fd5d11ba8420cb8bdb12be613f9dd 4c9fd5d11ba8420cb8bdb12be613f9dd] 199.204.45.210 "GET /v2.0/subnets?id=a974ca34-174f-4c1f-8395-4be31bc95c98 HTTP/1.1" status: 200 len: 893 time: 0.0254653
2026-06-02 22:36:52.124 10 INFO neutron.api.wsgi [req-690b5ee9-0220-45dd-8d7b-042d06f799ae req-496cf7ea-bdc9-43c2-9e99-00339666f908 86522596c94245479eef5d0926326a20 1792dd84f79b4d8293e2c1f6eea1db25 - - 4c9fd5d11ba8420cb8bdb12be613f9dd 4c9fd5d11ba8420cb8bdb12be613f9dd] 199.204.45.210 "GET /v2.0/ports?network_id=93ae66a0-b6a7-4432-be72-0686f2e5588d&device_owner=network%3Adhcp HTTP/1.1" status: 200 len: 210 time: 0.0173421
2026-06-02 22:36:52.143 10 INFO neutron.api.wsgi [None req-866fd510-a1d5-4bfb-a584-7754ad343bcb ef9431564eb743c9882dee4928ccf684 a39275425c5d4935bd47dbb81ee2a16c - - default default] 10.0.0.127 "GET /v2.0/security-groups?tenant_id=38b184de6fa444c6b8e41405a68ce9a3&name=default HTTP/1.1" status: 200 len: 3120 time: 0.0511825
2026-06-02 22:36:52.168 10 INFO neutron.api.wsgi [req-690b5ee9-0220-45dd-8d7b-042d06f799ae req-663abc70-31ba-4157-883b-a31240a3c6be 86522596c94245479eef5d0926326a20 1792dd84f79b4d8293e2c1f6eea1db25 - - 4c9fd5d11ba8420cb8bdb12be613f9dd 4c9fd5d11ba8420cb8bdb12be613f9dd] 199.204.45.210 "GET /v2.0/networks/93ae66a0-b6a7-4432-be72-0686f2e5588d?fields=segments HTTP/1.1" status: 200 len: 212 time: 0.0395896
2026-06-02 22:36:52.222 9 WARNING neutron.plugins.ml2.drivers.ovn.mech_driver.ovsdb.ovn_client [None req-8fef171d-7463-4010-a6db-2acb3314917a - - - - - -] No port found with ID 535bc619-3ea6-45aa-8d2b-37b5be15cbef: RuntimeError: No port found with ID 535bc619-3ea6-45aa-8d2b-37b5be15cbef
2026-06-02 22:36:52.223 10 INFO neutron.api.wsgi [req-690b5ee9-0220-45dd-8d7b-042d06f799ae req-cbbb7204-25db-4b90-8f70-c43030798e43 86522596c94245479eef5d0926326a20 1792dd84f79b4d8293e2c1f6eea1db25 - - 4c9fd5d11ba8420cb8bdb12be613f9dd 4c9fd5d11ba8420cb8bdb12be613f9dd] 199.204.45.210 "GET /v2.0/networks/93ae66a0-b6a7-4432-be72-0686f2e5588d?fields=provider%3Aphysical_network&fields=provider%3Anetwork_type HTTP/1.1" status: 200 len: 277 time: 0.0456161
2026-06-02 22:36:52.468 9 INFO neutron.plugins.ml2.drivers.ovn.mech_driver.mech_driver [None req-8fef171d-7463-4010-a6db-2acb3314917a - - - - - -] OVN reports status up for port: 01ff1116-1c52-4917-b672-c337f5a961cf
2026-06-02 22:36:52.486 9 INFO neutron.plugins.ml2.plugin [None req-8fef171d-7463-4010-a6db-2acb3314917a - - - - - -] Attempt 1 to provision port 01ff1116-1c52-4917-b672-c337f5a961cf
2026-06-02 22:36:52.620 10 INFO neutron.api.wsgi [req-1f8d8aca-2a0a-4c29-bb70-0a2c99431c26 req-ef838031-ec6a-4c7a-9271-06d8eef51187 a1c031c4828247ac8ef007a2bfbc2533 afaab217a3444c0da84ca45f44ab4bf3 - - default default] 10.0.0.112 "GET /v2.0/ports?device_id=8de296fb-2e91-486e-b5db-ddea74bd8b14 HTTP/1.1" status: 200 len: 1168 time: 0.0355601
2026-06-02 22:36:52.665 9 INFO neutron.notifiers.nova [-] Nova event matching ['req-c1d0ed52-db25-4129-a7fc-4d05da39839c'] response: {'server_uuid': '8de296fb-2e91-486e-b5db-ddea74bd8b14', 'name': 'network-vif-plugged', 'status': 'completed', 'tag': '01ff1116-1c52-4917-b672-c337f5a961cf', 'code': 200}
2026-06-02 22:36:52.670 10 INFO neutron.api.wsgi [req-1f8d8aca-2a0a-4c29-bb70-0a2c99431c26 req-634a9d9a-64b3-48fd-947b-27894493a54c a1c031c4828247ac8ef007a2bfbc2533 afaab217a3444c0da84ca45f44ab4bf3 - - default default] 10.0.0.112 "GET /v2.0/security-groups?id=614606e2-3e47-4bbc-9181-8013e0efef43&fields=id&fields=name HTTP/1.1" status: 200 len: 312 time: 0.0438795
2026-06-02 22:36:52.684 9 INFO neutron.api.wsgi [None req-a92947ed-72fd-4d99-b6e0-19129e15fdf5 ef9431564eb743c9882dee4928ccf684 a39275425c5d4935bd47dbb81ee2a16c - - default default] 10.0.0.127 "DELETE /v2.0/security-groups/abf57d02-1e74-4316-8957-cd2aefee8562 HTTP/1.1" status: 204 len: 168 time: 0.5358372
2026-06-02 22:36:52.798 9 INFO neutron.db.ovn_revision_numbers_db [None req-8fef171d-7463-4010-a6db-2acb3314917a - - - - - -] Successfully bumped revision number for resource 01ff1116-1c52-4917-b672-c337f5a961cf (type: ports) to 5
2026-06-02 22:36:52.838 9 INFO neutron.api.wsgi [None req-6be4ef88-8c83-4f4d-a653-48bc2aa1ccd7 f336859f652e4120994c11336263c65f f03b401cf8734a8ea1888952be2f7981 - - default default] 10.0.0.127 "PUT /v2.0/routers/de1ad557-2d9f-4a4a-8e68-c32d28ccea3e/remove_router_interface HTTP/1.1" status: 200 len: 503 time: 0.8577178 /var/lib/openstack/lib/python3.12/site-packages/pycadf/identifier.py:71: UserWarning: Invalid uuid: neutron. To ensure interoperability, identifiers should be a valid uuid. warnings.warn(('Invalid uuid: %s. To ensure interoperability, '
2026-06-02 22:36:52.862 9 INFO neutron.api.wsgi [None req-cd691d0a-727c-48b6-a5b9-5fc4a226e6ed f336859f652e4120994c11336263c65f f03b401cf8734a8ea1888952be2f7981 - - default default] 10.0.0.127 "GET /v2.0/ports?device_id=de1ad557-2d9f-4a4a-8e68-c32d28ccea3e HTTP/1.1" status: 200 len: 205 time: 0.0155733 /var/lib/openstack/lib/python3.12/site-packages/pycadf/identifier.py:71: UserWarning: Invalid uuid: neutron. To ensure interoperability, identifiers should be a valid uuid. warnings.warn(('Invalid uuid: %s. To ensure interoperability, '
2026-06-02 22:36:52.966 10 INFO neutron.db.ovn_revision_numbers_db [None req-49d7597b-5778-467b-8183-61d400527d15 ef9431564eb743c9882dee4928ccf684 a39275425c5d4935bd47dbb81ee2a16c - - default default] Successfully bumped revision number for resource cd16449c-8b94-4e2e-b9bc-ab19eda090b5 (type: security_groups) to 1
2026-06-02 22:36:52.979 10 INFO neutron.db.ovn_revision_numbers_db [None req-49d7597b-5778-467b-8183-61d400527d15 ef9431564eb743c9882dee4928ccf684 a39275425c5d4935bd47dbb81ee2a16c - - default default] Successfully bumped revision number for resource 314401c6-8682-4b2b-85b4-a7135bc919d6 (type: security_group_rules) to 0
2026-06-02 22:36:52.993 10 INFO neutron.db.ovn_revision_numbers_db [None req-49d7597b-5778-467b-8183-61d400527d15 ef9431564eb743c9882dee4928ccf684 a39275425c5d4935bd47dbb81ee2a16c - - default default] Successfully bumped revision number for resource 4ab87f88-a363-452d-a206-65b7c42ffc97 (type: security_group_rules) to 0
2026-06-02 22:36:53.006 10 INFO neutron.db.ovn_revision_numbers_db [None req-49d7597b-5778-467b-8183-61d400527d15 ef9431564eb743c9882dee4928ccf684 a39275425c5d4935bd47dbb81ee2a16c - - default default] Successfully bumped revision number for resource ac26a050-ffee-4f48-925a-c96d5c93df1b (type: security_group_rules) to 0
2026-06-02 22:36:53.027 9 INFO neutron.api.wsgi [None req-b500c0a4-7198-4982-9383-571129016780 f336859f652e4120994c11336263c65f f03b401cf8734a8ea1888952be2f7981 - - default default] 10.0.0.127 "DELETE /v2.0/routers/de1ad557-2d9f-4a4a-8e68-c32d28ccea3e HTTP/1.1" status: 204 len: 168 time: 0.1591799
2026-06-02 22:36:53.028 10 INFO neutron.db.ovn_revision_numbers_db [None req-49d7597b-5778-467b-8183-61d400527d15 ef9431564eb743c9882dee4928ccf684 a39275425c5d4935bd47dbb81ee2a16c - - default default] Successfully bumped revision number for resource b524df62-b177-412f-ba1d-179c56a3666e (type: security_group_rules) to 0 /var/lib/openstack/lib/python3.12/site-packages/pycadf/identifier.py:71: UserWarning: Invalid uuid: neutron. To ensure interoperability, identifiers should be a valid uuid. warnings.warn(('Invalid uuid: %s. To ensure interoperability, '
2026-06-02 22:36:53.069 10 INFO neutron.api.wsgi [None req-49d7597b-5778-467b-8183-61d400527d15 ef9431564eb743c9882dee4928ccf684 a39275425c5d4935bd47dbb81ee2a16c - - default default] 10.0.0.127 "GET /v2.0/security-groups?tenant_id=70a552000e4e43b09b07556304fd7cdf&name=default HTTP/1.1" status: 200 len: 3120 time: 0.2144227
2026-06-02 22:36:53.176 9 INFO neutron.api.wsgi [None req-4280fe79-e403-4d8d-9b14-49d4ef350869 f336859f652e4120994c11336263c65f f03b401cf8734a8ea1888952be2f7981 - - default default] 10.0.0.127 "DELETE /v2.0/subnets/23d3b625-f24f-49de-acc9-74c75bfacdc4 HTTP/1.1" status: 204 len: 168 time: 0.1432791
2026-06-02 22:36:53.268 10 INFO neutron.api.wsgi [None req-477db2c6-95b2-4f2d-9fe8-49e0dcdea599 ef9431564eb743c9882dee4928ccf684 a39275425c5d4935bd47dbb81ee2a16c - - default default] 10.0.0.127 "DELETE /v2.0/security-groups/cd16449c-8b94-4e2e-b9bc-ab19eda090b5 HTTP/1.1" status: 204 len: 168 time: 0.1943233
2026-06-02 22:36:53.441 10 INFO neutron.services.segments.plugin [-] Segment 7d028b0c-df67-454b-96fa-da70eeb4e954 resource provider aggregate not found
2026-06-02 22:36:53.444 10 INFO neutron.services.segments.plugin [-] Segment 7d028b0c-df67-454b-96fa-da70eeb4e954 resource provider aggregate not found
2026-06-02 22:36:53.450 10 INFO neutron.services.segments.plugin [-] Segment 7d028b0c-df67-454b-96fa-da70eeb4e954 resource provider not found; error: Placement Client Error (4xx): {"errors": [{"status": 404, "title": "Not Found", "detail": "The resource could not be found.\n\n No resource provider with uuid 7d028b0c-df67-454b-96fa-da70eeb4e954 found for delete ", "request_id": "req-40cb9fbc-9902-445f-98a9-f227b1e32495"}]}
2026-06-02 22:36:53.458 10 INFO neutron.services.segments.plugin [-] Segment 7d028b0c-df67-454b-96fa-da70eeb4e954 resource provider not found; error: Placement Client Error (4xx): {"errors": [{"status": 404, "title": "Not Found", "detail": "The resource could not be found.\n\n No resource provider with uuid 7d028b0c-df67-454b-96fa-da70eeb4e954 found for delete ", "request_id": "req-06b51ac5-dfa2-497f-ae65-748b1cfb35d6"}]}
2026-06-02 22:36:53.493 10 INFO neutron.api.wsgi [None req-153c216a-465c-46f8-a84a-7573f426ea2c f336859f652e4120994c11336263c65f f03b401cf8734a8ea1888952be2f7981 - - default default] 10.0.0.127 "DELETE /v2.0/networks/77b2161e-ed51-454a-bd00-3be779123f1b HTTP/1.1" status: 204 len: 168 time: 0.3096027
2026-06-02 22:36:53.504 10 WARNING neutron_lib.context [None req-a863525c-20a0-47ce-ba7f-8480956466e8 f336859f652e4120994c11336263c65f f03b401cf8734a8ea1888952be2f7981 - - default default] Method 'is_advsvc' is deprecated since 2023.2 release (neutron-lib 3.8.0) and will be removed once support for the old RBAC API policies will be removed from Neutron. Please use method 'is_service_role' instead.
2026-06-02 22:36:53.768 9 INFO neutron.api.wsgi [req-c8ecf4ad-8379-42b9-b91c-036763dd63de req-520a05cc-aa21-4c62-b53e-3de73a81b202 a1c031c4828247ac8ef007a2bfbc2533 afaab217a3444c0da84ca45f44ab4bf3 - - default default] 10.0.0.112 "GET /v2.0/ports?device_id=8de296fb-2e91-486e-b5db-ddea74bd8b14 HTTP/1.1" status: 200 len: 1170 time: 0.0346243
2026-06-02 22:36:53.806 9 INFO neutron.api.wsgi [req-c8ecf4ad-8379-42b9-b91c-036763dd63de req-6eac8e68-5a00-483c-90ff-967d9abad614 a1c031c4828247ac8ef007a2bfbc2533 afaab217a3444c0da84ca45f44ab4bf3 - - default default] 10.0.0.112 "GET /v2.0/security-groups?id=614606e2-3e47-4bbc-9181-8013e0efef43&fields=id&fields=name HTTP/1.1" status: 200 len: 312 time: 0.0358269
2026-06-02 22:36:53.892 10 WARNING neutron.scheduler.dhcp_agent_scheduler [None req-a863525c-20a0-47ce-ba7f-8480956466e8 f336859f652e4120994c11336263c65f f03b401cf8734a8ea1888952be2f7981 - - default default] No more DHCP agents
2026-06-02 22:36:53.894 10 WARNING neutron.api.rpc.agentnotifiers.dhcp_rpc_agent_api [None req-a863525c-20a0-47ce-ba7f-8480956466e8 f336859f652e4120994c11336263c65f f03b401cf8734a8ea1888952be2f7981 - - default default] Unable to schedule network 80ebe74c-8e72-4aaa-874f-4d5c8ac79819: no agents available; will retry on subsequent port and subnet creation events.
2026-06-02 22:36:54.013 10 INFO neutron.db.ovn_revision_numbers_db [None req-a863525c-20a0-47ce-ba7f-8480956466e8 f336859f652e4120994c11336263c65f f03b401cf8734a8ea1888952be2f7981 - - default default] Successfully bumped revision number for resource 193b570f-66ef-4799-9646-f4992f2f9fd8 (type: ports) to 1
2026-06-02 22:36:54.441 10 INFO neutron.plugins.ml2.drivers.ovn.mech_driver.ovsdb.commands [None req-eea75f9b-ca9b-46d0-af3a-f1e7029e86f2 - - - - - -] Schedule LRP lrp-193b570f-66ef-4799-9646-f4992f2f9fd8 on gateway 19e1d9cd-7ef3-442b-8fb7-62bc1c7defa2 with priority 1
2026-06-02 22:36:54.452 9 INFO neutron.plugins.ml2.drivers.ovn.mech_driver.mech_driver [None req-990ec850-56b7-4f45-aad0-0b23605d16be - - - - - -] OVN reports status up for port: 193b570f-66ef-4799-9646-f4992f2f9fd8
2026-06-02 22:36:54.459 9 INFO neutron.plugins.ml2.plugin [None req-990ec850-56b7-4f45-aad0-0b23605d16be - - - - - -] Attempt 1 to provision port 193b570f-66ef-4799-9646-f4992f2f9fd8
2026-06-02 22:36:54.488 10 INFO neutron.db.ovn_revision_numbers_db [None req-a863525c-20a0-47ce-ba7f-8480956466e8 f336859f652e4120994c11336263c65f f03b401cf8734a8ea1888952be2f7981 - - default default] Successfully bumped revision number for resource 193b570f-66ef-4799-9646-f4992f2f9fd8 (type: router_ports) to 1
2026-06-02 22:36:54.537 10 INFO neutron.db.ovn_revision_numbers_db [None req-a863525c-20a0-47ce-ba7f-8480956466e8 f336859f652e4120994c11336263c65f f03b401cf8734a8ea1888952be2f7981 - - default default] Successfully bumped revision number for resource 6744d49e-7ce0-45e1-a7b2-16a1cc353179 (type: routers) to 2
2026-06-02 22:36:54.550 10 INFO neutron.api.wsgi [None req-a863525c-20a0-47ce-ba7f-8480956466e8 f336859f652e4120994c11336263c65f f03b401cf8734a8ea1888952be2f7981 - - default default] 10.0.0.127 "POST /v2.0/routers HTTP/1.1" status: 201 len: 1147 time: 1.0494773
2026-06-02 22:36:54.606 10 INFO neutron.api.wsgi [None req-98c3730e-35be-419e-83df-80dc50b7f07d f336859f652e4120994c11336263c65f f03b401cf8734a8ea1888952be2f7981 - - default default] 10.0.0.127 "GET /v2.0/routers/6744d49e-7ce0-45e1-a7b2-16a1cc353179 HTTP/1.1" status: 200 len: 1148 time: 0.0501499
2026-06-02 22:36:54.659 10 INFO neutron.api.wsgi [None req-ad2884c2-fa3c-4ed2-9f69-d8ff515231c4 f336859f652e4120994c11336263c65f f03b401cf8734a8ea1888952be2f7981 - - default default] 10.0.0.127 "GET /v2.0/routers HTTP/1.1" status: 200 len: 1151 time: 0.0480051
2026-06-02 22:36:54.702 9 INFO neutron.notifiers.nova [-] Nova event matching ['req-67b3ac91-978d-49a7-b8e8-39062008c664'] response: {'server_uuid': '8de296fb-2e91-486e-b5db-ddea74bd8b14', 'name': 'network-vif-plugged', 'status': 'completed', 'tag': '01ff1116-1c52-4917-b672-c337f5a961cf', 'code': 200}
2026-06-02 22:36:54.963 9 INFO neutron.api.wsgi [req-c19cfb5d-bb6e-44c2-a1de-68894b9792be req-81305fba-3dec-4df2-97a6-aad38618cb1f a1c031c4828247ac8ef007a2bfbc2533 afaab217a3444c0da84ca45f44ab4bf3 - - default default] 10.0.0.112 "GET /v2.0/ports?device_id=8de296fb-2e91-486e-b5db-ddea74bd8b14 HTTP/1.1" status: 200 len: 1170 time: 0.0951524
2026-06-02 22:36:55.022 9 INFO neutron.api.wsgi [req-c19cfb5d-bb6e-44c2-a1de-68894b9792be req-938ac766-e781-46b2-b338-3b2c077ebbdf a1c031c4828247ac8ef007a2bfbc2533 afaab217a3444c0da84ca45f44ab4bf3 - - default default] 10.0.0.112 "GET /v2.0/security-groups?id=614606e2-3e47-4bbc-9181-8013e0efef43&fields=id&fields=name HTTP/1.1" status: 200 len: 312 time: 0.0529795
2026-06-02 22:36:55.034 10 INFO neutron.db.ovn_revision_numbers_db [None req-495582b1-550f-4c79-9ce3-3a7ac71a90fe f336859f652e4120994c11336263c65f f03b401cf8734a8ea1888952be2f7981 - - default default] Successfully bumped revision number for resource 6744d49e-7ce0-45e1-a7b2-16a1cc353179 (type: routers) to 3
2026-06-02 22:36:55.039 10 INFO neutron.api.wsgi [None req-495582b1-550f-4c79-9ce3-3a7ac71a90fe f336859f652e4120994c11336263c65f f03b401cf8734a8ea1888952be2f7981 - - default default] 10.0.0.127 "PUT /v2.0/routers/6744d49e-7ce0-45e1-a7b2-16a1cc353179 HTTP/1.1" status: 200 len: 1155 time: 0.3723748
2026-06-02 22:36:55.103 10 INFO neutron.api.wsgi [None req-84750c18-dc93-4c01-a37e-a77431fc6aba f336859f652e4120994c11336263c65f f03b401cf8734a8ea1888952be2f7981 - - default default] 10.0.0.127 "GET /v2.0/routers/6744d49e-7ce0-45e1-a7b2-16a1cc353179 HTTP/1.1" status: 200 len: 1155 time: 0.0572369
2026-06-02 22:36:55.114 10 INFO neutron.api.wsgi [req-c602c559-ddf2-4d71-9dca-7fb0ff14b26b req-a1e793b0-92b2-4511-ad8a-452ca16affe3 a1c031c4828247ac8ef007a2bfbc2533 afaab217a3444c0da84ca45f44ab4bf3 - - default default] 10.0.0.112 "GET /v2.0/ports?device_id=8de296fb-2e91-486e-b5db-ddea74bd8b14 HTTP/1.1" status: 200 len: 1170 time: 0.0300553
2026-06-02 22:36:55.137 9 INFO neutron.api.wsgi [None req-102b6e4f-9121-4525-a40e-92a4a21cd25e f336859f652e4120994c11336263c65f f03b401cf8734a8ea1888952be2f7981 - - default default] 10.0.0.127 "GET /v2.0/ports?device_id=6744d49e-7ce0-45e1-a7b2-16a1cc353179 HTTP/1.1" status: 200 len: 205 time: 0.0253372
2026-06-02 22:36:55.144 10 INFO neutron.api.wsgi [req-c602c559-ddf2-4d71-9dca-7fb0ff14b26b req-df05a4a0-7639-450f-bfd1-210772d83583 a1c031c4828247ac8ef007a2bfbc2533 afaab217a3444c0da84ca45f44ab4bf3 - - default default] 10.0.0.112 "GET /v2.0/security-groups?id=614606e2-3e47-4bbc-9181-8013e0efef43&fields=id&fields=name HTTP/1.1" status: 200 len: 312 time: 0.0233328
2026-06-02 22:36:55.191 10 INFO neutron.api.wsgi [None req-45feab2a-ff8a-46e4-bdb3-498c18d3a66a e8cd5d90d771468fab215301d347cb8c a896494d612540239743aa3743aef0d4 - - default default] 10.0.0.127 "GET /v2.0/ports?device_id=8de296fb-2e91-486e-b5db-ddea74bd8b14 HTTP/1.1" status: 200 len: 1404 time: 0.0223382
2026-06-02 22:36:55.200 10 WARNING neutron_lib.context [None req-2a4854fe-18e4-4010-ad83-90539ec7d546 a1c031c4828247ac8ef007a2bfbc2533 afaab217a3444c0da84ca45f44ab4bf3 - - default default] Method 'is_advsvc' is deprecated since 2023.2 release (neutron-lib 3.8.0) and will be removed once support for the old RBAC API policies will be removed from Neutron. Please use method 'is_service_role' instead.
2026-06-02 22:36:55.379 10 WARNING neutron.scheduler.dhcp_agent_scheduler [None req-2a4854fe-18e4-4010-ad83-90539ec7d546 a1c031c4828247ac8ef007a2bfbc2533 afaab217a3444c0da84ca45f44ab4bf3 - - default default] No more DHCP agents
2026-06-02 22:36:55.380 10 WARNING neutron.api.rpc.agentnotifiers.dhcp_rpc_agent_api [None req-2a4854fe-18e4-4010-ad83-90539ec7d546 a1c031c4828247ac8ef007a2bfbc2533 afaab217a3444c0da84ca45f44ab4bf3 - - default default] Unable to schedule network 80ebe74c-8e72-4aaa-874f-4d5c8ac79819: no agents available; will retry on subsequent port and subnet creation events.
2026-06-02 22:36:55.790 9 INFO neutron.api.wsgi [None req-84ee0214-1f07-4e71-b9e1-924014f2f746 f336859f652e4120994c11336263c65f f03b401cf8734a8ea1888952be2f7981 - - default default] 10.0.0.127 "DELETE /v2.0/routers/6744d49e-7ce0-45e1-a7b2-16a1cc353179 HTTP/1.1" status: 204 len: 168 time: 0.6478789
2026-06-02 22:36:55.815 10 INFO neutron.api.wsgi [None req-318a9ce1-233e-42d0-bea0-1a4b30d5c1a7 f336859f652e4120994c11336263c65f f03b401cf8734a8ea1888952be2f7981 - - default default] 10.0.0.127 "GET /v2.0/ports?device_id=6744d49e-7ce0-45e1-a7b2-16a1cc353179 HTTP/1.1" status: 200 len: 205 time: 0.0193753
2026-06-02 22:36:55.839 9 INFO neutron.api.v2.resource [None req-6c1e141f-3c7c-4359-a088-63f8274cba2a f336859f652e4120994c11336263c65f f03b401cf8734a8ea1888952be2f7981 - - default default] delete failed (client error): The resource could not be found.
