2026-05-19 05:21:14.424 7 INFO neutron.db.segments_db [None req-dd3e0076-3eeb-4749-9a45-7b8c353c2286 18718ff53db64941b1f4cd4e51256aa8 7899d884df9844968421d72de16fc52b - - default default] Added segment aa5a7c9d-4b46-4b5d-b421-a9fd0a382a21 of type geneve for network ca8cf031-d69e-4846-8ddf-ddd7b7740a04
2026-05-19 05:21:14.433 8 WARNING neutron.scheduler.dhcp_agent_scheduler [None req-03a50781-b318-405e-a383-2f33d17b09f8 9fb5e80aa36843338a444cbfda3b1daf cc7c376fb46f4343a4d8125e3affbcc0 - - default default] No more DHCP agents
2026-05-19 05:21:14.434 8 WARNING neutron.api.rpc.agentnotifiers.dhcp_rpc_agent_api [None req-03a50781-b318-405e-a383-2f33d17b09f8 9fb5e80aa36843338a444cbfda3b1daf cc7c376fb46f4343a4d8125e3affbcc0 - - default default] Unable to schedule network 5546e48e-a80b-47ac-8ebb-a1c32b41a585: no agents available; will retry on subsequent port and subnet creation events.
2026-05-19 05:21:14.506 7 INFO neutron.plugins.ml2.drivers.ovn.mech_driver.mech_driver [None req-e34a419d-5785-4b6c-a376-57b1dad8f006 - - - - - -] OVN reports status down for port: 66864a43-c168-426a-9cd8-84845ba436d1
2026-05-19 05:21:14.520 8 INFO neutron.db.ovn_revision_numbers_db [None req-03a50781-b318-405e-a383-2f33d17b09f8 9fb5e80aa36843338a444cbfda3b1daf cc7c376fb46f4343a4d8125e3affbcc0 - - default default] Successfully bumped revision number for resource 66864a43-c168-426a-9cd8-84845ba436d1 (type: ports) to 1 [pid: 8|app: 0|req: 1336/2644] 10.0.0.213 () {34 vars in 670 bytes} [Tue May 19 05:21:13 2026] POST /v2.0/networks => generated 669 bytes in 963 msecs (HTTP/1.1 201) 4 headers in 162 bytes (1 switches on core 0)
2026-05-19 05:21:14.662 7 INFO neutron.db.ovn_revision_numbers_db [None req-dd3e0076-3eeb-4749-9a45-7b8c353c2286 18718ff53db64941b1f4cd4e51256aa8 7899d884df9844968421d72de16fc52b - - default default] Successfully bumped revision number for resource ca8cf031-d69e-4846-8ddf-ddd7b7740a04 (type: networks) to 1
2026-05-19 05:21:14.801 8 WARNING neutron.scheduler.dhcp_agent_scheduler [None req-a919d90d-d5a4-4f32-b931-489698e46c0a 9fb5e80aa36843338a444cbfda3b1daf cc7c376fb46f4343a4d8125e3affbcc0 - - default default] No more DHCP agents
2026-05-19 05:21:14.804 8 WARNING neutron.api.rpc.agentnotifiers.dhcp_rpc_agent_api [None req-a919d90d-d5a4-4f32-b931-489698e46c0a 9fb5e80aa36843338a444cbfda3b1daf cc7c376fb46f4343a4d8125e3affbcc0 - - default default] Unable to schedule network 5546e48e-a80b-47ac-8ebb-a1c32b41a585: no agents available; will retry on subsequent port and subnet creation events.
2026-05-19 05:21:14.856 7 WARNING neutron.scheduler.dhcp_agent_scheduler [None req-dd3e0076-3eeb-4749-9a45-7b8c353c2286 18718ff53db64941b1f4cd4e51256aa8 7899d884df9844968421d72de16fc52b - - default default] No more DHCP agents
2026-05-19 05:21:14.858 7 WARNING neutron.api.rpc.agentnotifiers.dhcp_rpc_agent_api [None req-dd3e0076-3eeb-4749-9a45-7b8c353c2286 18718ff53db64941b1f4cd4e51256aa8 7899d884df9844968421d72de16fc52b - - default default] Unable to schedule network ca8cf031-d69e-4846-8ddf-ddd7b7740a04: no agents available; will retry on subsequent port and subnet creation events.
2026-05-19 05:21:14.870 8 INFO neutron.plugins.ml2.drivers.ovn.mech_driver.mech_driver [None req-c3589f0c-44ae-48b8-ae5e-eb3501b2f603 - - - - - -] OVN reports status down for port: 3e432c8a-11c4-48d8-842a-f309a4990189
2026-05-19 05:21:14.969 8 INFO neutron.db.ovn_revision_numbers_db [None req-a919d90d-d5a4-4f32-b931-489698e46c0a 9fb5e80aa36843338a444cbfda3b1daf cc7c376fb46f4343a4d8125e3affbcc0 - - default default] Successfully bumped revision number for resource 3e432c8a-11c4-48d8-842a-f309a4990189 (type: ports) to 1
2026-05-19 05:21:14.975 7 INFO neutron.db.ovn_revision_numbers_db [None req-dd3e0076-3eeb-4749-9a45-7b8c353c2286 18718ff53db64941b1f4cd4e51256aa8 7899d884df9844968421d72de16fc52b - - default default] Successfully bumped revision number for resource 275df66f-b1cc-4111-9b2d-39c4c67c57d3 (type: ports) to 1 [pid: 7|app: 0|req: 1309/2645] 10.0.0.213 () {34 vars in 670 bytes} [Tue May 19 05:21:14 2026] POST /v2.0/networks => generated 669 bytes in 953 msecs (HTTP/1.1 201) 4 headers in 162 bytes (1 switches on core 0)
2026-05-19 05:21:15.039 8 INFO neutron.plugins.ml2.drivers.ovn.mech_driver.mech_driver [None req-c3589f0c-44ae-48b8-ae5e-eb3501b2f603 - - - - - -] OVN reports status down for port: 275df66f-b1cc-4111-9b2d-39c4c67c57d3 [pid: 8|app: 0|req: 1337/2646] 10.0.0.213 () {34 vars in 664 bytes} [Tue May 19 05:21:14 2026] POST /v2.0/ports => generated 743 bytes in 531 msecs (HTTP/1.1 201) 4 headers in 162 bytes (1 switches on core 0) /var/lib/openstack/lib/python3.12/site-packages/pycadf/identifier.py:70: UserWarning: Invalid uuid: neutron. To ensure interoperability, identifiers should be a valid uuid. warnings.warn(('Invalid uuid: %s. To ensure interoperability, '
2026-05-19 05:21:15.228 7 WARNING neutron.scheduler.dhcp_agent_scheduler [None req-b892eb17-95bb-48ba-b8a2-4ebfb45d3370 18718ff53db64941b1f4cd4e51256aa8 7899d884df9844968421d72de16fc52b - - default default] No more DHCP agents
2026-05-19 05:21:15.229 7 WARNING neutron.api.rpc.agentnotifiers.dhcp_rpc_agent_api [None req-b892eb17-95bb-48ba-b8a2-4ebfb45d3370 18718ff53db64941b1f4cd4e51256aa8 7899d884df9844968421d72de16fc52b - - default default] Unable to schedule network ca8cf031-d69e-4846-8ddf-ddd7b7740a04: no agents available; will retry on subsequent port and subnet creation events. [pid: 8|app: 0|req: 1338/2647] 10.0.0.213 () {34 vars in 666 bytes} [Tue May 19 05:21:15 2026] POST /v2.0/trunks => generated 409 bytes in 213 msecs (HTTP/1.1 201) 4 headers in 162 bytes (1 switches on core 0)
2026-05-19 05:21:15.316 8 WARNING tagging [None req-0a934852-cd89-4917-9e50-b2ad6da636bc 9fb5e80aa36843338a444cbfda3b1daf cc7c376fb46f4343a4d8125e3affbcc0 - - default default] project_id key not found in request, using tenant_id instead. This support has been deprecated and will be removed in a future release. [pid: 8|app: 0|req: 1339/2648] 10.0.0.213 () {34 vars in 749 bytes} [Tue May 19 05:21:15 2026] PUT /v2.0/trunks/b8fe968a-73ce-4ee5-b3c7-d1d949c32925/tags => generated 25 bytes in 35 msecs (HTTP/1.1 200) 4 headers in 156 bytes (1 switches on core 0)
2026-05-19 05:21:15.353 8 WARNING tagging [None req-0dac3d46-407b-494f-b22e-311691945865 9fb5e80aa36843338a444cbfda3b1daf cc7c376fb46f4343a4d8125e3affbcc0 - - default default] project_id key not found in request, using tenant_id instead. This support has been deprecated and will be removed in a future release. [pid: 8|app: 0|req: 1342/2651] 10.0.0.213 () {32 vars in 729 bytes} [Tue May 19 05:21:15 2026] GET /v2.0/trunks/b8fe968a-73ce-4ee5-b3c7-d1d949c32925/tags => generated 25 bytes in 24 msecs (HTTP/1.1 200) 4 headers in 156 bytes (1 switches on core 0)
2026-05-19 05:21:15.387 8 WARNING tagging [None req-885d84dc-f9e9-4490-9bef-684569b6fd0e 9fb5e80aa36843338a444cbfda3b1daf cc7c376fb46f4343a4d8125e3affbcc0 - - default default] project_id key not found in request, using tenant_id instead. This support has been deprecated and will be removed in a future release. [pid: 8|app: 0|req: 1343/2652] 10.0.0.213 () {34 vars in 760 bytes} [Tue May 19 05:21:15 2026] PUT /v2.0/trunks/b8fe968a-73ce-4ee5-b3c7-d1d949c32925/tags/green => generated 4 bytes in 43 msecs (HTTP/1.1 201) 4 headers in 160 bytes (1 switches on core 0)
2026-05-19 05:21:15.432 8 WARNING tagging [None req-84e20d17-53ee-4263-b415-40fafac9712e 9fb5e80aa36843338a444cbfda3b1daf cc7c376fb46f4343a4d8125e3affbcc0 - - default default] project_id key not found in request, using tenant_id instead. This support has been deprecated and will be removed in a future release. [pid: 8|app: 0|req: 1344/2653] 10.0.0.213 () {32 vars in 729 bytes} [Tue May 19 05:21:15 2026] GET /v2.0/trunks/b8fe968a-73ce-4ee5-b3c7-d1d949c32925/tags => generated 34 bytes in 24 msecs (HTTP/1.1 200) 4 headers in 156 bytes (1 switches on core 0)
2026-05-19 05:21:15.460 8 WARNING tagging [None req-99d78351-229c-4261-93cf-644073c852ba 9fb5e80aa36843338a444cbfda3b1daf cc7c376fb46f4343a4d8125e3affbcc0 - - default default] project_id key not found in request, using tenant_id instead. This support has been deprecated and will be removed in a future release. [pid: 8|app: 0|req: 1345/2654] 10.0.0.213 () {34 vars in 756 bytes} [Tue May 19 05:21:15 2026] PUT /v2.0/trunks/b8fe968a-73ce-4ee5-b3c7-d1d949c32925/tags/red => generated 4 bytes in 35 msecs (HTTP/1.1 201) 4 headers in 160 bytes (1 switches on core 0)
2026-05-19 05:21:15.502 8 WARNING tagging [None req-9413aa2c-7606-4e22-8d8a-f0dc0153ad5a 9fb5e80aa36843338a444cbfda3b1daf cc7c376fb46f4343a4d8125e3affbcc0 - - default default] project_id key not found in request, using tenant_id instead. This support has been deprecated and will be removed in a future release. [pid: 8|app: 0|req: 1346/2655] 10.0.0.213 () {32 vars in 729 bytes} [Tue May 19 05:21:15 2026] GET /v2.0/trunks/b8fe968a-73ce-4ee5-b3c7-d1d949c32925/tags => generated 34 bytes in 27 msecs (HTTP/1.1 200) 4 headers in 156 bytes (1 switches on core 0)
2026-05-19 05:21:15.534 8 WARNING tagging [None req-de696ae0-d13f-4928-aa96-c38377fce646 9fb5e80aa36843338a444cbfda3b1daf cc7c376fb46f4343a4d8125e3affbcc0 - - default default] project_id key not found in request, using tenant_id instead. This support has been deprecated and will be removed in a future release. [pid: 8|app: 0|req: 1347/2656] 10.0.0.213 () {34 vars in 778 bytes} [Tue May 19 05:21:15 2026] PUT /v2.0/trunks/b8fe968a-73ce-4ee5-b3c7-d1d949c32925/tags/black.or.white => generated 4 bytes in 59 msecs (HTTP/1.1 201) 4 headers in 160 bytes (1 switches on core 0)
2026-05-19 05:21:15.594 8 WARNING tagging [None req-e1329c30-e92a-4821-afd7-fb6bc026ee5b 9fb5e80aa36843338a444cbfda3b1daf cc7c376fb46f4343a4d8125e3affbcc0 - - default default] project_id key not found in request, using tenant_id instead. This support has been deprecated and will be removed in a future release. [pid: 8|app: 0|req: 1348/2657] 10.0.0.213 () {32 vars in 729 bytes} [Tue May 19 05:21:15 2026] GET /v2.0/trunks/b8fe968a-73ce-4ee5-b3c7-d1d949c32925/tags => generated 52 bytes in 20 msecs (HTTP/1.1 200) 4 headers in 156 bytes (1 switches on core 0)
2026-05-19 05:21:15.620 8 WARNING tagging [None req-ea0979b0-4b68-4fcc-a7d4-b11d74183eab 9fb5e80aa36843338a444cbfda3b1daf cc7c376fb46f4343a4d8125e3affbcc0 - - default default] project_id key not found in request, using tenant_id instead. This support has been deprecated and will be removed in a future release. [pid: 8|app: 0|req: 1349/2658] 10.0.0.213 () {34 vars in 749 bytes} [Tue May 19 05:21:15 2026] PUT /v2.0/trunks/b8fe968a-73ce-4ee5-b3c7-d1d949c32925/tags => generated 37 bytes in 51 msecs (HTTP/1.1 200) 4 headers in 156 bytes (1 switches on core 0)
2026-05-19 05:21:15.674 7 INFO neutron.db.ovn_revision_numbers_db [None req-b892eb17-95bb-48ba-b8a2-4ebfb45d3370 18718ff53db64941b1f4cd4e51256aa8 7899d884df9844968421d72de16fc52b - - default default] Successfully bumped revision number for resource 275df66f-b1cc-4111-9b2d-39c4c67c57d3 (type: ports) to 2
2026-05-19 05:21:15.679 8 WARNING tagging [None req-a516ac0d-5358-47ff-b959-db0fbc415013 9fb5e80aa36843338a444cbfda3b1daf cc7c376fb46f4343a4d8125e3affbcc0 - - default default] project_id key not found in request, using tenant_id instead. This support has been deprecated and will be removed in a future release. [pid: 8|app: 0|req: 1350/2659] 10.0.0.213 () {32 vars in 729 bytes} [Tue May 19 05:21:15 2026] GET /v2.0/trunks/b8fe968a-73ce-4ee5-b3c7-d1d949c32925/tags => generated 37 bytes in 20 msecs (HTTP/1.1 200) 4 headers in 156 bytes (1 switches on core 0)
2026-05-19 05:21:15.704 8 WARNING tagging [None req-de501482-0bd5-4bb8-a44f-768135c6b40a 9fb5e80aa36843338a444cbfda3b1daf cc7c376fb46f4343a4d8125e3affbcc0 - - default default] project_id key not found in request, using tenant_id instead. This support has been deprecated and will be removed in a future release.
2026-05-19 05:21:15.710 7 INFO neutron.db.ovn_revision_numbers_db [None req-b892eb17-95bb-48ba-b8a2-4ebfb45d3370 18718ff53db64941b1f4cd4e51256aa8 7899d884df9844968421d72de16fc52b - - default default] Successfully bumped revision number for resource 34db9980-cc60-4cfc-8e36-706d80b25395 (type: subnets) to 0 [pid: 8|app: 0|req: 1351/2660] 10.0.0.213 () {32 vars in 737 bytes} [Tue May 19 05:21:15 2026] GET /v2.0/trunks/b8fe968a-73ce-4ee5-b3c7-d1d949c32925/tags/red => generated 0 bytes in 21 msecs (HTTP/1.1 204) 2 headers in 112 bytes (1 switches on core 0)
2026-05-19 05:21:15.727 8 WARNING tagging [None req-aca4fe48-9bb4-4e78-b2a6-cb0281981ec0 9fb5e80aa36843338a444cbfda3b1daf cc7c376fb46f4343a4d8125e3affbcc0 - - default default] project_id key not found in request, using tenant_id instead. This support has been deprecated and will be removed in a future release. [pid: 7|app: 0|req: 1310/2661] 10.0.0.213 () {34 vars in 669 bytes} [Tue May 19 05:21:15 2026] POST /v2.0/subnets => generated 626 bytes in 720 msecs (HTTP/1.1 201) 4 headers in 162 bytes (1 switches on core 0)
2026-05-19 05:21:15.734 8 INFO neutron.api.v2.resource [None req-aca4fe48-9bb4-4e78-b2a6-cb0281981ec0 9fb5e80aa36843338a444cbfda3b1daf cc7c376fb46f4343a4d8125e3affbcc0 - - default default] show failed (client error): The resource could not be found. [pid: 8|app: 0|req: 1352/2662] 10.0.0.213 () {32 vars in 741 bytes} [Tue May 19 05:21:15 2026] GET /v2.0/trunks/b8fe968a-73ce-4ee5-b3c7-d1d949c32925/tags/green => generated 99 bytes in 19 msecs (HTTP/1.1 404) 4 headers in 163 bytes (1 switches on core 0)
2026-05-19 05:21:15.751 8 WARNING tagging [None req-145b791a-62fb-4da4-bf1e-d7ddff143619 9fb5e80aa36843338a444cbfda3b1daf cc7c376fb46f4343a4d8125e3affbcc0 - - default default] project_id key not found in request, using tenant_id instead. This support has been deprecated and will be removed in a future release. [pid: 7|app: 0|req: 1311/2663] 10.0.0.213 () {34 vars in 751 bytes} [Tue May 19 05:21:15 2026] PUT /v2.0/subnets/34db9980-cc60-4cfc-8e36-706d80b25395/tags => generated 25 bytes in 43 msecs (HTTP/1.1 200) 4 headers in 156 bytes (1 switches on core 0) [pid: 8|app: 0|req: 1353/2664] 10.0.0.213 () {32 vars in 740 bytes} [Tue May 19 05:21:15 2026] DELETE /v2.0/trunks/b8fe968a-73ce-4ee5-b3c7-d1d949c32925/tags/red => generated 0 bytes in 39 msecs (HTTP/1.1 204) 2 headers in 112 bytes (1 switches on core 0)
2026-05-19 05:21:15.796 8 WARNING tagging [None req-892e9660-a729-454a-9a6d-b495fed1fb7f 9fb5e80aa36843338a444cbfda3b1daf cc7c376fb46f4343a4d8125e3affbcc0 - - default default] project_id key not found in request, using tenant_id instead. This support has been deprecated and will be removed in a future release. [pid: 8|app: 0|req: 1354/2665] 10.0.0.213 () {32 vars in 729 bytes} [Tue May 19 05:21:15 2026] GET /v2.0/trunks/b8fe968a-73ce-4ee5-b3c7-d1d949c32925/tags => generated 30 bytes in 23 msecs (HTTP/1.1 200) 4 headers in 156 bytes (1 switches on core 0) [pid: 7|app: 0|req: 1312/2666] 10.0.0.213 () {32 vars in 731 bytes} [Tue May 19 05:21:15 2026] GET /v2.0/subnets/34db9980-cc60-4cfc-8e36-706d80b25395/tags => generated 25 bytes in 41 msecs (HTTP/1.1 200) 4 headers in 156 bytes (1 switches on core 0)
2026-05-19 05:21:15.827 8 WARNING tagging [None req-c8a6fa53-c86a-44e0-b631-8b319530d749 9fb5e80aa36843338a444cbfda3b1daf cc7c376fb46f4343a4d8125e3affbcc0 - - default default] project_id key not found in request, using tenant_id instead. This support has been deprecated and will be removed in a future release.
2026-05-19 05:21:15.844 8 INFO neutron.api.v2.resource [None req-c8a6fa53-c86a-44e0-b631-8b319530d749 9fb5e80aa36843338a444cbfda3b1daf cc7c376fb46f4343a4d8125e3affbcc0 - - default default] delete failed (client error): The resource could not be found. [pid: 8|app: 0|req: 1355/2667] 10.0.0.213 () {32 vars in 744 bytes} [Tue May 19 05:21:15 2026] DELETE /v2.0/trunks/b8fe968a-73ce-4ee5-b3c7-d1d949c32925/tags/green => generated 99 bytes in 32 msecs (HTTP/1.1 404) 4 headers in 163 bytes (1 switches on core 0)
2026-05-19 05:21:15.864 8 WARNING tagging [None req-f99681a6-13b9-4133-a060-a9a89c928767 9fb5e80aa36843338a444cbfda3b1daf cc7c376fb46f4343a4d8125e3affbcc0 - - default default] project_id key not found in request, using tenant_id instead. This support has been deprecated and will be removed in a future release. [pid: 7|app: 0|req: 1313/2668] 10.0.0.213 () {34 vars in 762 bytes} [Tue May 19 05:21:15 2026] PUT /v2.0/subnets/34db9980-cc60-4cfc-8e36-706d80b25395/tags/green => generated 4 bytes in 70 msecs (HTTP/1.1 201) 4 headers in 160 bytes (1 switches on core 0) [pid: 8|app: 0|req: 1356/2669] 10.0.0.213 () {32 vars in 732 bytes} [Tue May 19 05:21:15 2026] DELETE /v2.0/trunks/b8fe968a-73ce-4ee5-b3c7-d1d949c32925/tags => generated 0 bytes in 48 msecs (HTTP/1.1 204) 2 headers in 112 bytes (1 switches on core 0)
2026-05-19 05:21:15.912 8 WARNING tagging [None req-f1681b10-57f2-49be-8c2e-133f15a00257 9fb5e80aa36843338a444cbfda3b1daf cc7c376fb46f4343a4d8125e3affbcc0 - - default default] project_id key not found in request, using tenant_id instead. This support has been deprecated and will be removed in a future release. [pid: 8|app: 0|req: 1357/2670] 10.0.0.213 () {32 vars in 729 bytes} [Tue May 19 05:21:15 2026] GET /v2.0/trunks/b8fe968a-73ce-4ee5-b3c7-d1d949c32925/tags => generated 12 bytes in 18 msecs (HTTP/1.1 200) 4 headers in 156 bytes (1 switches on core 0) [pid: 7|app: 0|req: 1314/2671] 10.0.0.213 () {32 vars in 731 bytes} [Tue May 19 05:21:15 2026] GET /v2.0/subnets/34db9980-cc60-4cfc-8e36-706d80b25395/tags => generated 34 bytes in 39 msecs (HTTP/1.1 200) 4 headers in 156 bytes (1 switches on core 0) [pid: 8|app: 0|req: 1358/2672] 10.0.0.213 () {32 vars in 719 bytes} [Tue May 19 05:21:15 2026] GET /v2.0/trunks/b8fe968a-73ce-4ee5-b3c7-d1d949c32925 => generated 409 bytes in 21 msecs (HTTP/1.1 200) 4 headers in 157 bytes (1 switches on core 0) [pid: 8|app: 0|req: 1359/2673] 10.0.0.213 () {32 vars in 717 bytes} [Tue May 19 05:21:15 2026] GET /v2.0/ports/3e432c8a-11c4-48d8-842a-f309a4990189 => generated 826 bytes in 46 msecs (HTTP/1.1 200) 4 headers in 157 bytes (1 switches on core 0) [pid: 7|app: 0|req: 1315/2674] 10.0.0.213 () {34 vars in 758 bytes} [Tue May 19 05:21:15 2026] PUT /v2.0/subnets/34db9980-cc60-4cfc-8e36-706d80b25395/tags/red => generated 4 bytes in 66 msecs (HTTP/1.1 201) 4 headers in 160 bytes (1 switches on core 0) [pid: 7|app: 0|req: 1316/2675] 10.0.0.213 () {32 vars in 731 bytes} [Tue May 19 05:21:16 2026] GET /v2.0/subnets/34db9980-cc60-4cfc-8e36-706d80b25395/tags => generated 34 bytes in 48 msecs (HTTP/1.1 200) 4 headers in 156 bytes (1 switches on core 0) [pid: 8|app: 0|req: 1360/2676] 10.0.0.213 () {32 vars in 722 bytes} [Tue May 19 05:21:16 2026] DELETE /v2.0/trunks/b8fe968a-73ce-4ee5-b3c7-d1d949c32925 => generated 0 bytes in 88 msecs (HTTP/1.1 204) 2 headers in 112 bytes (1 switches on core 0) [pid: 7|app: 0|req: 1317/2677] 10.0.0.213 () {34 vars in 780 bytes} [Tue May 19 05:21:16 2026] PUT /v2.0/subnets/34db9980-cc60-4cfc-8e36-706d80b25395/tags/black.or.white => generated 4 bytes in 78 msecs (HTTP/1.1 201) 4 headers in 160 bytes (1 switches on core 0) [pid: 7|app: 0|req: 1318/2678] 10.0.0.213 () {32 vars in 731 bytes} [Tue May 19 05:21:16 2026] GET /v2.0/subnets/34db9980-cc60-4cfc-8e36-706d80b25395/tags => generated 52 bytes in 36 msecs (HTTP/1.1 200) 4 headers in 156 bytes (1 switches on core 0)
2026-05-19 05:21:16.225 8 INFO neutron_taas.services.taas.taas_plugin [None req-dc4d7008-9a10-444b-9afb-feb4c813e220 9fb5e80aa36843338a444cbfda3b1daf cc7c376fb46f4343a4d8125e3affbcc0 - - default default] TaaS: Handle Delete Port: 3e432c8a-11c4-48d8-842a-f309a4990189
2026-05-19 05:21:16.229 8 INFO neutron_taas.services.taas.tap_mirror_plugin [None req-dc4d7008-9a10-444b-9afb-feb4c813e220 9fb5e80aa36843338a444cbfda3b1daf cc7c376fb46f4343a4d8125e3affbcc0 - - default default] Tap Mirror: Handle Delete Port: 3e432c8a-11c4-48d8-842a-f309a4990189 [pid: 7|app: 0|req: 1319/2679] 10.0.0.213 () {34 vars in 751 bytes} [Tue May 19 05:21:16 2026] PUT /v2.0/subnets/34db9980-cc60-4cfc-8e36-706d80b25395/tags => generated 37 bytes in 56 msecs (HTTP/1.1 200) 4 headers in 156 bytes (1 switches on core 0) [pid: 7|app: 0|req: 1320/2680] 10.0.0.213 () {32 vars in 731 bytes} [Tue May 19 05:21:16 2026] GET /v2.0/subnets/34db9980-cc60-4cfc-8e36-706d80b25395/tags => generated 37 bytes in 36 msecs (HTTP/1.1 200) 4 headers in 156 bytes (1 switches on core 0) [pid: 7|app: 0|req: 1321/2681] 10.0.0.213 () {32 vars in 739 bytes} [Tue May 19 05:21:16 2026] GET /v2.0/subnets/34db9980-cc60-4cfc-8e36-706d80b25395/tags/red => generated 0 bytes in 43 msecs (HTTP/1.1 204) 2 headers in 112 bytes (1 switches on core 0) [pid: 8|app: 0|req: 1361/2682] 10.0.0.213 () {32 vars in 720 bytes} [Tue May 19 05:21:16 2026] DELETE /v2.0/ports/3e432c8a-11c4-48d8-842a-f309a4990189 => generated 0 bytes in 251 msecs (HTTP/1.1 204) 3 headers in 131 bytes (1 switches on core 0)
2026-05-19 05:21:16.394 7 INFO neutron.api.v2.resource [None req-8c17095e-3414-4893-b3da-7a6f4e4db12c 18718ff53db64941b1f4cd4e51256aa8 7899d884df9844968421d72de16fc52b - - default default] show failed (client error): The resource could not be found. [pid: 7|app: 0|req: 1322/2683] 10.0.0.213 () {32 vars in 743 bytes} [Tue May 19 05:21:16 2026] GET /v2.0/subnets/34db9980-cc60-4cfc-8e36-706d80b25395/tags/green => generated 99 bytes in 43 msecs (HTTP/1.1 404) 4 headers in 163 bytes (1 switches on core 0) [pid: 7|app: 0|req: 1323/2684] 10.0.0.213 () {32 vars in 742 bytes} [Tue May 19 05:21:16 2026] DELETE /v2.0/subnets/34db9980-cc60-4cfc-8e36-706d80b25395/tags/red => generated 0 bytes in 51 msecs (HTTP/1.1 204) 2 headers in 112 bytes (1 switches on core 0)
2026-05-19 05:21:16.476 8 INFO neutron_taas.services.taas.taas_plugin [None req-211a0d70-f05d-4435-bc9c-c863b880cea3 9fb5e80aa36843338a444cbfda3b1daf cc7c376fb46f4343a4d8125e3affbcc0 - - default default] TaaS: Handle Delete Port: 66864a43-c168-426a-9cd8-84845ba436d1
2026-05-19 05:21:16.479 8 INFO neutron_taas.services.taas.tap_mirror_plugin [None req-211a0d70-f05d-4435-bc9c-c863b880cea3 9fb5e80aa36843338a444cbfda3b1daf cc7c376fb46f4343a4d8125e3affbcc0 - - default default] Tap Mirror: Handle Delete Port: 66864a43-c168-426a-9cd8-84845ba436d1 [pid: 7|app: 0|req: 1324/2685] 10.0.0.213 () {32 vars in 731 bytes} [Tue May 19 05:21:16 2026] GET /v2.0/subnets/34db9980-cc60-4cfc-8e36-706d80b25395/tags => generated 30 bytes in 35 msecs (HTTP/1.1 200) 4 headers in 156 bytes (1 switches on core 0)
2026-05-19 05:21:16.533 7 INFO neutron.api.v2.resource [None req-caa0291a-564e-47f4-983b-895aec34477e 18718ff53db64941b1f4cd4e51256aa8 7899d884df9844968421d72de16fc52b - - default default] delete failed (client error): The resource could not be found. [pid: 7|app: 0|req: 1325/2686] 10.0.0.213 () {32 vars in 746 bytes} [Tue May 19 05:21:16 2026] DELETE /v2.0/subnets/34db9980-cc60-4cfc-8e36-706d80b25395/tags/green => generated 99 bytes in 38 msecs (HTTP/1.1 404) 4 headers in 163 bytes (1 switches on core 0) [pid: 7|app: 0|req: 1326/2687] 10.0.0.213 () {32 vars in 734 bytes} [Tue May 19 05:21:16 2026] DELETE /v2.0/subnets/34db9980-cc60-4cfc-8e36-706d80b25395/tags => generated 0 bytes in 56 msecs (HTTP/1.1 204) 2 headers in 112 bytes (1 switches on core 0) [pid: 7|app: 0|req: 1327/2688] 10.0.0.213 () {32 vars in 731 bytes} [Tue May 19 05:21:16 2026] GET /v2.0/subnets/34db9980-cc60-4cfc-8e36-706d80b25395/tags => generated 12 bytes in 30 msecs (HTTP/1.1 200) 4 headers in 156 bytes (1 switches on core 0)
2026-05-19 05:21:16.668 8 INFO neutron.services.segments.plugin [-] Segment f54fc7b2-4020-49bd-91a0-943d7bfb93cb resource provider aggregate not found
2026-05-19 05:21:16.672 8 INFO neutron.services.segments.plugin [-] Segment f54fc7b2-4020-49bd-91a0-943d7bfb93cb resource provider aggregate not found
2026-05-19 05:21:16.691 8 INFO neutron.services.segments.plugin [-] Segment f54fc7b2-4020-49bd-91a0-943d7bfb93cb resource provider not found; error: Placement Client Error (4xx): {"errors": [{"status": 404, "title": "Not Found", "detail": "The resource could not be found.\n\n No resource provider with uuid f54fc7b2-4020-49bd-91a0-943d7bfb93cb found for delete ", "request_id": "req-ff4e0463-ee2f-4585-8a98-616ece495c08"}]}
2026-05-19 05:21:16.695 8 INFO neutron.services.segments.plugin [-] Segment f54fc7b2-4020-49bd-91a0-943d7bfb93cb resource provider not found; error: Placement Client Error (4xx): {"errors": [{"status": 404, "title": "Not Found", "detail": "The resource could not be found.\n\n No resource provider with uuid f54fc7b2-4020-49bd-91a0-943d7bfb93cb found for delete ", "request_id": "req-25c88337-2cfd-4b61-a10e-d6e2b352c9a3"}]} [pid: 8|app: 0|req: 1362/2689] 10.0.0.213 () {32 vars in 726 bytes} [Tue May 19 05:21:16 2026] DELETE /v2.0/networks/5546e48e-a80b-47ac-8ebb-a1c32b41a585 => generated 0 bytes in 368 msecs (HTTP/1.1 204) 3 headers in 131 bytes (1 switches on core 0) [pid: 7|app: 0|req: 1328/2690] 10.0.0.213 () {32 vars in 724 bytes} [Tue May 19 05:21:16 2026] DELETE /v2.0/subnets/34db9980-cc60-4cfc-8e36-706d80b25395 => generated 0 bytes in 170 msecs (HTTP/1.1 204) 3 headers in 131 bytes (1 switches on core 0)
2026-05-19 05:21:16.938 8 INFO neutron_taas.services.taas.taas_plugin [None req-3ed9f888-e3b1-4a07-ada3-63109a30e50d 18718ff53db64941b1f4cd4e51256aa8 7899d884df9844968421d72de16fc52b - - default default] TaaS: Handle Delete Port: 275df66f-b1cc-4111-9b2d-39c4c67c57d3
2026-05-19 05:21:16.942 8 INFO neutron_taas.services.taas.tap_mirror_plugin [None req-3ed9f888-e3b1-4a07-ada3-63109a30e50d 18718ff53db64941b1f4cd4e51256aa8 7899d884df9844968421d72de16fc52b - - default default] Tap Mirror: Handle Delete Port: 275df66f-b1cc-4111-9b2d-39c4c67c57d3 [pid: 8|app: 0|req: 1363/2691] 10.0.0.213 () {32 vars in 726 bytes} [Tue May 19 05:21:16 2026] DELETE /v2.0/networks/ca8cf031-d69e-4846-8ddf-ddd7b7740a04 => generated 0 bytes in 372 msecs (HTTP/1.1 204) 3 headers in 131 bytes (1 switches on core 0)
2026-05-19 05:21:17.427 8 WARNING neutron.db.securitygroups_db [None req-4f37af91-1fcf-4561-bd5c-876d7ecfdfb6 5579c7133e9648b7a9403ebe656ed66c 45633b3d56b548b989757a7806b5f7ae - - default default] project_id key not found in filters, using tenant_id instead. This support has been deprecated and will be removed in a future release.
2026-05-19 05:21:17.448 7 WARNING neutron.scheduler.dhcp_agent_scheduler [None req-a3568091-f79f-4f15-b878-f9ab7eacb69f 008c10b741d74cb8872a216765f2c7cd 0b821cfd51384eae80368ed5034b94d1 - - default default] No more DHCP agents
2026-05-19 05:21:17.453 7 WARNING neutron.api.rpc.agentnotifiers.dhcp_rpc_agent_api [None req-a3568091-f79f-4f15-b878-f9ab7eacb69f 008c10b741d74cb8872a216765f2c7cd 0b821cfd51384eae80368ed5034b94d1 - - default default] Unable to schedule network 97e045db-e8cd-440d-8619-d0c5f058bbc1: no agents available; will retry on subsequent port and subnet creation events.
2026-05-19 05:21:17.552 8 INFO neutron.db.ovn_revision_numbers_db [None req-4f37af91-1fcf-4561-bd5c-876d7ecfdfb6 5579c7133e9648b7a9403ebe656ed66c 45633b3d56b548b989757a7806b5f7ae - - default default] Successfully bumped revision number for resource 60944735-60e1-43b7-ae12-2e7de8369241 (type: security_groups) to 1
2026-05-19 05:21:17.566 8 INFO neutron.db.ovn_revision_numbers_db [None req-4f37af91-1fcf-4561-bd5c-876d7ecfdfb6 5579c7133e9648b7a9403ebe656ed66c 45633b3d56b548b989757a7806b5f7ae - - default default] Successfully bumped revision number for resource 63e3749b-33bb-4452-84c4-4306910f4645 (type: security_group_rules) to 0
2026-05-19 05:21:17.580 8 INFO neutron.db.ovn_revision_numbers_db [None req-4f37af91-1fcf-4561-bd5c-876d7ecfdfb6 5579c7133e9648b7a9403ebe656ed66c 45633b3d56b548b989757a7806b5f7ae - - default default] Successfully bumped revision number for resource 65044a83-efb8-45fe-ba53-3c11a90066fb (type: security_group_rules) to 0
2026-05-19 05:21:17.596 8 INFO neutron.db.ovn_revision_numbers_db [None req-4f37af91-1fcf-4561-bd5c-876d7ecfdfb6 5579c7133e9648b7a9403ebe656ed66c 45633b3d56b548b989757a7806b5f7ae - - default default] Successfully bumped revision number for resource b434e08a-5ed2-4e0a-b9e7-1e777b75fff8 (type: security_group_rules) to 0
2026-05-19 05:21:17.612 8 INFO neutron.db.ovn_revision_numbers_db [None req-4f37af91-1fcf-4561-bd5c-876d7ecfdfb6 5579c7133e9648b7a9403ebe656ed66c 45633b3d56b548b989757a7806b5f7ae - - default default] Successfully bumped revision number for resource cf5032ba-faa7-4289-8582-0876c8c1c6a8 (type: security_group_rules) to 0 [pid: 8|app: 0|req: 1364/2692] 10.0.0.213 () {32 vars in 774 bytes} [Tue May 19 05:21:17 2026] GET /v2.0/security-groups?tenant_id=acb40c3dfc174c9d8a62ae02cb422019&name=default => generated 2929 bytes in 320 msecs (HTTP/1.1 200) 4 headers in 158 bytes (1 switches on core 0) [pid: 7|app: 0|req: 1329/2693] 10.0.0.213 () {34 vars in 676 bytes} [Tue May 19 05:21:16 2026] POST /v2.0/floatingips => generated 552 bytes in 945 msecs (HTTP/1.1 201) 4 headers in 162 bytes (1 switches on core 0)
2026-05-19 05:21:17.815 7 WARNING tagging [None req-03fbd474-8c14-46d9-b1ce-bb01fa8b3832 008c10b741d74cb8872a216765f2c7cd 0b821cfd51384eae80368ed5034b94d1 - - default default] project_id key not found in request, using tenant_id instead. This support has been deprecated and will be removed in a future release. [pid: 8|app: 0|req: 1365/2694] 10.0.0.213 () {32 vars in 740 bytes} [Tue May 19 05:21:17 2026] DELETE /v2.0/security-groups/60944735-60e1-43b7-ae12-2e7de8369241 => generated 0 bytes in 167 msecs (HTTP/1.1 204) 2 headers in 112 bytes (1 switches on core 0) [pid: 7|app: 0|req: 1330/2695] 10.0.0.213 () {34 vars in 759 bytes} [Tue May 19 05:21:17 2026] PUT /v2.0/floatingips/dbe02aa7-bd9f-4c76-b03c-d2819524bb18/tags => generated 25 bytes in 70 msecs (HTTP/1.1 200) 4 headers in 156 bytes (1 switches on core 0)
2026-05-19 05:21:17.884 8 WARNING tagging [None req-8a3484c4-6704-4564-8fb2-77bf0161916b 008c10b741d74cb8872a216765f2c7cd 0b821cfd51384eae80368ed5034b94d1 - - default default] project_id key not found in request, using tenant_id instead. This support has been deprecated and will be removed in a future release. [pid: 8|app: 0|req: 1366/2696] 10.0.0.213 () {32 vars in 739 bytes} [Tue May 19 05:21:17 2026] GET /v2.0/floatingips/dbe02aa7-bd9f-4c76-b03c-d2819524bb18/tags => generated 25 bytes in 48 msecs (HTTP/1.1 200) 4 headers in 156 bytes (1 switches on core 0)
2026-05-19 05:21:17.943 7 WARNING tagging [None req-d708af7c-5914-41d4-8824-08f9b306f830 008c10b741d74cb8872a216765f2c7cd 0b821cfd51384eae80368ed5034b94d1 - - default default] project_id key not found in request, using tenant_id instead. This support has been deprecated and will be removed in a future release. [pid: 7|app: 0|req: 1331/2697] 10.0.0.213 () {34 vars in 770 bytes} [Tue May 19 05:21:17 2026] PUT /v2.0/floatingips/dbe02aa7-bd9f-4c76-b03c-d2819524bb18/tags/green => generated 4 bytes in 87 msecs (HTTP/1.1 201) 4 headers in 160 bytes (1 switches on core 0)
2026-05-19 05:21:18.013 8 WARNING neutron.db.securitygroups_db [None req-ba1cb587-7ea5-44a2-a243-40fb45a29f12 5579c7133e9648b7a9403ebe656ed66c 45633b3d56b548b989757a7806b5f7ae - - default default] project_id key not found in filters, using tenant_id instead. This support has been deprecated and will be removed in a future release.
2026-05-19 05:21:18.027 7 WARNING tagging [None req-6a8e04e1-ce5c-40d7-a189-b220c52b7ea4 008c10b741d74cb8872a216765f2c7cd 0b821cfd51384eae80368ed5034b94d1 - - default default] project_id key not found in request, using tenant_id instead. This support has been deprecated and will be removed in a future release. [pid: 8|app: 0|req: 1367/2698] 10.0.0.213 () {32 vars in 774 bytes} [Tue May 19 05:21:17 2026] GET /v2.0/security-groups?tenant_id=cc7c376fb46f4343a4d8125e3affbcc0&name=default => generated 2929 bytes in 49 msecs (HTTP/1.1 200) 4 headers in 158 bytes (1 switches on core 0) [pid: 7|app: 0|req: 1332/2699] 10.0.0.213 () {32 vars in 739 bytes} [Tue May 19 05:21:18 2026] GET /v2.0/floatingips/dbe02aa7-bd9f-4c76-b03c-d2819524bb18/tags => generated 34 bytes in 56 msecs (HTTP/1.1 200) 4 headers in 156 bytes (1 switches on core 0)
2026-05-19 05:21:18.090 7 WARNING tagging [None req-c062a56e-5af0-45f1-97da-1dde65c98000 008c10b741d74cb8872a216765f2c7cd 0b821cfd51384eae80368ed5034b94d1 - - default default] project_id key not found in request, using tenant_id instead. This support has been deprecated and will be removed in a future release. [pid: 7|app: 0|req: 1333/2700] 10.0.0.213 () {34 vars in 766 bytes} [Tue May 19 05:21:18 2026] PUT /v2.0/floatingips/dbe02aa7-bd9f-4c76-b03c-d2819524bb18/tags/red => generated 4 bytes in 66 msecs (HTTP/1.1 201) 4 headers in 160 bytes (1 switches on core 0) [pid: 8|app: 0|req: 1368/2701] 10.0.0.213 () {32 vars in 740 bytes} [Tue May 19 05:21:18 2026] DELETE /v2.0/security-groups/ea938315-290e-4d30-a30d-939ba8946baa => generated 0 bytes in 177 msecs (HTTP/1.1 204) 2 headers in 112 bytes (1 switches on core 0)
2026-05-19 05:21:18.246 8 WARNING tagging [None req-f32855ef-2f7c-443e-a480-d03e14c1f6cc 008c10b741d74cb8872a216765f2c7cd 0b821cfd51384eae80368ed5034b94d1 - - default default] project_id key not found in request, using tenant_id instead. This support has been deprecated and will be removed in a future release.
2026-05-19 05:21:18.252 7 WARNING neutron.db.securitygroups_db [None req-f2804647-71de-466c-94c1-53fc407429aa 5579c7133e9648b7a9403ebe656ed66c 45633b3d56b548b989757a7806b5f7ae - - default default] project_id key not found in filters, using tenant_id instead. This support has been deprecated and will be removed in a future release. [pid: 8|app: 0|req: 1369/2702] 10.0.0.213 () {32 vars in 739 bytes} [Tue May 19 05:21:18 2026] GET /v2.0/floatingips/dbe02aa7-bd9f-4c76-b03c-d2819524bb18/tags => generated 34 bytes in 43 msecs (HTTP/1.1 200) 4 headers in 156 bytes (1 switches on core 0) [pid: 7|app: 0|req: 1334/2703] 10.0.0.213 () {32 vars in 774 bytes} [Tue May 19 05:21:18 2026] GET /v2.0/security-groups?tenant_id=7899d884df9844968421d72de16fc52b&name=default => generated 2929 bytes in 146 msecs (HTTP/1.1 200) 4 headers in 158 bytes (1 switches on core 0)
2026-05-19 05:21:18.295 8 WARNING tagging [None req-e5a9ae43-4323-4a2c-9494-2f7d09a469c0 008c10b741d74cb8872a216765f2c7cd 0b821cfd51384eae80368ed5034b94d1 - - default default] project_id key not found in request, using tenant_id instead. This support has been deprecated and will be removed in a future release. [pid: 8|app: 0|req: 1370/2704] 10.0.0.213 () {34 vars in 788 bytes} [Tue May 19 05:21:18 2026] PUT /v2.0/floatingips/dbe02aa7-bd9f-4c76-b03c-d2819524bb18/tags/black.or.white => generated 4 bytes in 72 msecs (HTTP/1.1 201) 4 headers in 160 bytes (1 switches on core 0)
2026-05-19 05:21:18.400 8 WARNING tagging [None req-55a9b20a-3fc2-4f62-8d11-be0f90ec6536 008c10b741d74cb8872a216765f2c7cd 0b821cfd51384eae80368ed5034b94d1 - - default default] project_id key not found in request, using tenant_id instead. This support has been deprecated and will be removed in a future release. [pid: 8|app: 0|req: 1371/2705] 10.0.0.213 () {32 vars in 739 bytes} [Tue May 19 05:21:18 2026] GET /v2.0/floatingips/dbe02aa7-bd9f-4c76-b03c-d2819524bb18/tags => generated 52 bytes in 73 msecs (HTTP/1.1 200) 4 headers in 156 bytes (1 switches on core 0)
2026-05-19 05:21:18.457 8 WARNING tagging [None req-bc8cc55c-e7dd-4d93-839f-0ab22cbef063 008c10b741d74cb8872a216765f2c7cd 0b821cfd51384eae80368ed5034b94d1 - - default default] project_id key not found in request, using tenant_id instead. This support has been deprecated and will be removed in a future release. [pid: 7|app: 0|req: 1335/2706] 10.0.0.213 () {32 vars in 740 bytes} [Tue May 19 05:21:18 2026] DELETE /v2.0/security-groups/1859e62e-d24d-483a-b714-e321171b20ca => generated 0 bytes in 202 msecs (HTTP/1.1 204) 2 headers in 112 bytes (1 switches on core 0) [pid: 8|app: 0|req: 1372/2707] 10.0.0.213 () {34 vars in 759 bytes} [Tue May 19 05:21:18 2026] PUT /v2.0/floatingips/dbe02aa7-bd9f-4c76-b03c-d2819524bb18/tags => generated 37 bytes in 66 msecs (HTTP/1.1 200) 4 headers in 156 bytes (1 switches on core 0)
2026-05-19 05:21:18.531 7 WARNING tagging [None req-b8e085e5-1934-4f9f-a4c6-21bbd3b7605a 008c10b741d74cb8872a216765f2c7cd 0b821cfd51384eae80368ed5034b94d1 - - default default] project_id key not found in request, using tenant_id instead. This support has been deprecated and will be removed in a future release. [pid: 7|app: 0|req: 1336/2708] 10.0.0.213 () {32 vars in 739 bytes} [Tue May 19 05:21:18 2026] GET /v2.0/floatingips/dbe02aa7-bd9f-4c76-b03c-d2819524bb18/tags => generated 37 bytes in 51 msecs (HTTP/1.1 200) 4 headers in 156 bytes (1 switches on core 0)
2026-05-19 05:21:18.582 8 WARNING tagging [None req-ce051c84-f2d9-4aee-8671-43cb2348223b 008c10b741d74cb8872a216765f2c7cd 0b821cfd51384eae80368ed5034b94d1 - - default default] project_id key not found in request, using tenant_id instead. This support has been deprecated and will be removed in a future release. [pid: 8|app: 0|req: 1373/2709] 10.0.0.213 () {32 vars in 747 bytes} [Tue May 19 05:21:18 2026] GET /v2.0/floatingips/dbe02aa7-bd9f-4c76-b03c-d2819524bb18/tags/red => generated 0 bytes in 49 msecs (HTTP/1.1 204) 2 headers in 112 bytes (1 switches on core 0)
2026-05-19 05:21:18.641 8 WARNING tagging [None req-23f1d7d9-12d6-4d26-a6e8-dfe7cfcf02a7 008c10b741d74cb8872a216765f2c7cd 0b821cfd51384eae80368ed5034b94d1 - - default default] project_id key not found in request, using tenant_id instead. This support has been deprecated and will be removed in a future release.
2026-05-19 05:21:18.658 8 INFO neutron.api.v2.resource [None req-23f1d7d9-12d6-4d26-a6e8-dfe7cfcf02a7 008c10b741d74cb8872a216765f2c7cd 0b821cfd51384eae80368ed5034b94d1 - - default default] show failed (client error): The resource could not be found. [pid: 8|app: 0|req: 1374/2710] 10.0.0.213 () {32 vars in 751 bytes} [Tue May 19 05:21:18 2026] GET /v2.0/floatingips/dbe02aa7-bd9f-4c76-b03c-d2819524bb18/tags/green => generated 99 bytes in 49 msecs (HTTP/1.1 404) 4 headers in 163 bytes (1 switches on core 0)
2026-05-19 05:21:18.686 8 WARNING tagging [None req-12ef8f8c-a3c5-4b36-8583-6cc6c02dc7f8 008c10b741d74cb8872a216765f2c7cd 0b821cfd51384eae80368ed5034b94d1 - - default default] project_id key not found in request, using tenant_id instead. This support has been deprecated and will be removed in a future release.
2026-05-19 05:21:18.722 8 INFO neutron.services.segments.plugin [-] Segment aa5a7c9d-4b46-4b5d-b421-a9fd0a382a21 resource provider aggregate not found
2026-05-19 05:21:18.726 8 INFO neutron.services.segments.plugin [-] Segment aa5a7c9d-4b46-4b5d-b421-a9fd0a382a21 resource provider aggregate not found [pid: 8|app: 0|req: 1375/2711] 10.0.0.213 () {32 vars in 750 bytes} [Tue May 19 05:21:18 2026] DELETE /v2.0/floatingips/dbe02aa7-bd9f-4c76-b03c-d2819524bb18/tags/red => generated 0 bytes in 77 msecs (HTTP/1.1 204) 2 headers in 112 bytes (1 switches on core 0)
2026-05-19 05:21:18.745 8 INFO neutron.services.segments.plugin [-] Segment aa5a7c9d-4b46-4b5d-b421-a9fd0a382a21 resource provider not found; error: Placement Client Error (4xx): {"errors": [{"status": 404, "title": "Not Found", "detail": "The resource could not be found.\n\n No resource provider with uuid aa5a7c9d-4b46-4b5d-b421-a9fd0a382a21 found for delete ", "request_id": "req-659f6387-a4e4-4308-ae8d-b95be69d402a"}]}
2026-05-19 05:21:18.757 8 WARNING neutron.db.securitygroups_db [None req-6aa06cab-27e5-4d2d-be25-5cece8198ca4 5579c7133e9648b7a9403ebe656ed66c 45633b3d56b548b989757a7806b5f7ae - - default default] project_id key not found in filters, using tenant_id instead. This support has been deprecated and will be removed in a future release.
2026-05-19 05:21:18.758 8 INFO neutron.services.segments.plugin [-] Segment aa5a7c9d-4b46-4b5d-b421-a9fd0a382a21 resource provider not found; error: Placement Client Error (4xx): {"errors": [{"status": 404, "title": "Not Found", "detail": "The resource could not be found.\n\n No resource provider with uuid aa5a7c9d-4b46-4b5d-b421-a9fd0a382a21 found for delete ", "request_id": "req-ec3c43ad-d28e-4663-8b8f-505efa6d43c0"}]} [pid: 7|app: 0|req: 1337/2712] 10.0.0.5 () {28 vars in 581 bytes} [Tue May 19 05:21:18 2026] GET /v2.0/routers => generated 15 bytes in 270 msecs (HTTP/1.1 200) 4 headers in 156 bytes (1 switches on core 0)
2026-05-19 05:21:18.886 8 INFO neutron.db.ovn_revision_numbers_db [None req-6aa06cab-27e5-4d2d-be25-5cece8198ca4 5579c7133e9648b7a9403ebe656ed66c 45633b3d56b548b989757a7806b5f7ae - - default default] Successfully bumped revision number for resource 211e0a8f-219d-43db-834e-4e958c071b06 (type: security_groups) to 1
2026-05-19 05:21:18.895 7 WARNING tagging [None req-f8598b4c-bc66-4bb4-8edf-910f41ceb9e4 008c10b741d74cb8872a216765f2c7cd 0b821cfd51384eae80368ed5034b94d1 - - default default] project_id key not found in request, using tenant_id instead. This support has been deprecated and will be removed in a future release.
2026-05-19 05:21:18.897 8 INFO neutron.db.ovn_revision_numbers_db [None req-6aa06cab-27e5-4d2d-be25-5cece8198ca4 5579c7133e9648b7a9403ebe656ed66c 45633b3d56b548b989757a7806b5f7ae - - default default] Successfully bumped revision number for resource 7b89a856-7948-494e-baad-cccfe97944ba (type: security_group_rules) to 0
2026-05-19 05:21:18.908 8 INFO neutron.db.ovn_revision_numbers_db [None req-6aa06cab-27e5-4d2d-be25-5cece8198ca4 5579c7133e9648b7a9403ebe656ed66c 45633b3d56b548b989757a7806b5f7ae - - default default] Successfully bumped revision number for resource 977e472f-d395-46d7-bd3c-6036a3ec8bb6 (type: security_group_rules) to 0 [pid: 7|app: 0|req: 1338/2713] 10.0.0.213 () {32 vars in 739 bytes} [Tue May 19 05:21:18 2026] GET /v2.0/floatingips/dbe02aa7-bd9f-4c76-b03c-d2819524bb18/tags => generated 30 bytes in 51 msecs (HTTP/1.1 200) 4 headers in 156 bytes (1 switches on core 0)
2026-05-19 05:21:18.921 8 INFO neutron.db.ovn_revision_numbers_db [None req-6aa06cab-27e5-4d2d-be25-5cece8198ca4 5579c7133e9648b7a9403ebe656ed66c 45633b3d56b548b989757a7806b5f7ae - - default default] Successfully bumped revision number for resource a79d2172-b469-484f-90f2-06ec42b2a9e0 (type: security_group_rules) to 0 [pid: 7|app: 0|req: 1339/2714] 10.0.0.5 () {28 vars in 622 bytes} [Tue May 19 05:21:18 2026] GET /v2.0/agents?binary=ovn-controller => generated 416 bytes in 8 msecs (HTTP/1.1 200) 4 headers in 157 bytes (1 switches on core 0)
2026-05-19 05:21:18.933 8 INFO neutron.db.ovn_revision_numbers_db [None req-6aa06cab-27e5-4d2d-be25-5cece8198ca4 5579c7133e9648b7a9403ebe656ed66c 45633b3d56b548b989757a7806b5f7ae - - default default] Successfully bumped revision number for resource e4f0e75d-3c8c-4a3e-9329-0338b0c00542 (type: security_group_rules) to 0
2026-05-19 05:21:18.946 7 WARNING tagging [None req-7b568850-f5ed-4a99-b361-e4e869d6b748 008c10b741d74cb8872a216765f2c7cd 0b821cfd51384eae80368ed5034b94d1 - - default default] project_id key not found in request, using tenant_id instead. This support has been deprecated and will be removed in a future release.
2026-05-19 05:21:18.962 7 INFO neutron.api.v2.resource [None req-7b568850-f5ed-4a99-b361-e4e869d6b748 008c10b741d74cb8872a216765f2c7cd 0b821cfd51384eae80368ed5034b94d1 - - default default] delete failed (client error): The resource could not be found. [pid: 7|app: 0|req: 1340/2715] 10.0.0.213 () {32 vars in 754 bytes} [Tue May 19 05:21:18 2026] DELETE /v2.0/floatingips/dbe02aa7-bd9f-4c76-b03c-d2819524bb18/tags/green => generated 99 bytes in 35 msecs (HTTP/1.1 404) 4 headers in 163 bytes (1 switches on core 0) [pid: 8|app: 0|req: 1376/2716] 10.0.0.213 () {32 vars in 774 bytes} [Tue May 19 05:21:18 2026] GET /v2.0/security-groups?tenant_id=272ab3be516d4875b94ed2272ec15077&name=default => generated 2929 bytes in 228 msecs (HTTP/1.1 200) 4 headers in 158 bytes (1 switches on core 0)
2026-05-19 05:21:18.989 8 WARNING tagging [None req-72bd6d26-4b0e-40cf-a379-0abb082f416c 008c10b741d74cb8872a216765f2c7cd 0b821cfd51384eae80368ed5034b94d1 - - default default] project_id key not found in request, using tenant_id instead. This support has been deprecated and will be removed in a future release. [pid: 7|app: 0|req: 1341/2717] 10.0.0.5 () {28 vars in 583 bytes} [Tue May 19 05:21:18 2026] GET /v2.0/networks => generated 2288 bytes in 48 msecs (HTTP/1.1 200) 4 headers in 158 bytes (1 switches on core 0) [pid: 8|app: 0|req: 1377/2718] 10.0.0.213 () {32 vars in 742 bytes} [Tue May 19 05:21:18 2026] DELETE /v2.0/floatingips/dbe02aa7-bd9f-4c76-b03c-d2819524bb18/tags => generated 0 bytes in 47 msecs (HTTP/1.1 204) 2 headers in 112 bytes (1 switches on core 0) [pid: 8|app: 0|req: 1378/2719] 10.0.0.5 () {28 vars in 597 bytes} [Tue May 19 05:21:19 2026] GET /v2.0/security-groups => generated 20309 bytes in 44 msecs (HTTP/1.1 200) 4 headers in 159 bytes (1 switches on core 0)
2026-05-19 05:21:19.085 8 WARNING tagging [None req-72b5a46f-bbd6-4c76-b269-82e5a0f04a6e 008c10b741d74cb8872a216765f2c7cd 0b821cfd51384eae80368ed5034b94d1 - - default default] project_id key not found in request, using tenant_id instead. This support has been deprecated and will be removed in a future release. [pid: 8|app: 0|req: 1379/2720] 10.0.0.213 () {32 vars in 739 bytes} [Tue May 19 05:21:19 2026] GET /v2.0/floatingips/dbe02aa7-bd9f-4c76-b03c-d2819524bb18/tags => generated 12 bytes in 39 msecs (HTTP/1.1 200) 4 headers in 156 bytes (1 switches on core 0) [pid: 8|app: 0|req: 1380/2721] 10.0.0.5 () {28 vars in 579 bytes} [Tue May 19 05:21:19 2026] GET /v2.0/agents => generated 1214 bytes in 11 msecs (HTTP/1.1 200) 4 headers in 158 bytes (1 switches on core 0) [pid: 8|app: 0|req: 1381/2722] 10.0.0.5 () {28 vars in 589 bytes} [Tue May 19 05:21:19 2026] GET /v2.0/floatingips => generated 555 bytes in 23 msecs (HTTP/1.1 200) 4 headers in 157 bytes (1 switches on core 0) [pid: 7|app: 0|req: 1342/2723] 10.0.0.213 () {32 vars in 740 bytes} [Tue May 19 05:21:19 2026] DELETE /v2.0/security-groups/211e0a8f-219d-43db-834e-4e958c071b06 => generated 0 bytes in 191 msecs (HTTP/1.1 204) 2 headers in 112 bytes (1 switches on core 0) [pid: 7|app: 0|req: 1343/2724] 10.0.0.5 () {28 vars in 581 bytes} [Tue May 19 05:21:19 2026] GET /v2.0/subnets => generated 1308 bytes in 29 msecs (HTTP/1.1 200) 4 headers in 158 bytes (1 switches on core 0) [pid: 7|app: 0|req: 1344/2725] 10.0.0.5 () {28 vars in 581 bytes} [Tue May 19 05:21:19 2026] GET /v2.0/subnets => generated 1308 bytes in 30 msecs (HTTP/1.1 200) 4 headers in 158 bytes (1 switches on core 0) [pid: 7|app: 0|req: 1345/2726] 10.0.0.5 () {28 vars in 589 bytes} [Tue May 19 05:21:19 2026] GET /v2.0/subnetpools => generated 19 bytes in 7 msecs (HTTP/1.1 200) 4 headers in 156 bytes (1 switches on core 0)
2026-05-19 05:21:19.287 8 INFO neutron_taas.services.taas.taas_plugin [None req-89cbd03c-184e-4fb1-af99-d3391c329a33 008c10b741d74cb8872a216765f2c7cd 0b821cfd51384eae80368ed5034b94d1 - - default default] TaaS: Handle Delete Port: 4f891a8e-3c08-4345-b661-36fa092191b5
2026-05-19 05:21:19.290 8 INFO neutron_taas.services.taas.tap_mirror_plugin [None req-89cbd03c-184e-4fb1-af99-d3391c329a33 008c10b741d74cb8872a216765f2c7cd 0b821cfd51384eae80368ed5034b94d1 - - default default] Tap Mirror: Handle Delete Port: 4f891a8e-3c08-4345-b661-36fa092191b5 [pid: 7|app: 0|req: 1346/2727] 10.0.0.5 () {28 vars in 577 bytes} [Tue May 19 05:21:19 2026] GET /v2.0/ports => generated 6215 bytes in 48 msecs (HTTP/1.1 200) 4 headers in 158 bytes (1 switches on core 0) [pid: 7|app: 0|req: 1347/2728] 10.0.0.5 () {28 vars in 617 bytes} [Tue May 19 05:21:19 2026] GET /v2.0/network-ip-availabilities => generated 1867 bytes in 18 msecs (HTTP/1.1 200) 4 headers in 158 bytes (1 switches on core 0) [pid: 8|app: 0|req: 1382/2729] 10.0.0.213 () {32 vars in 732 bytes} [Tue May 19 05:21:19 2026] DELETE /v2.0/floatingips/dbe02aa7-bd9f-4c76-b03c-d2819524bb18 => generated 0 bytes in 319 msecs (HTTP/1.1 204) 2 headers in 112 bytes (1 switches on core 0)
2026-05-19 05:21:20.327 7 WARNING neutron.db.securitygroups_db [None req-5fce7fc1-5133-479c-81df-93931e09d07a 5579c7133e9648b7a9403ebe656ed66c 45633b3d56b548b989757a7806b5f7ae - - default default] project_id key not found in filters, using tenant_id instead. This support has been deprecated and will be removed in a future release.
2026-05-19 05:21:20.458 7 INFO neutron.db.ovn_revision_numbers_db [None req-5fce7fc1-5133-479c-81df-93931e09d07a 5579c7133e9648b7a9403ebe656ed66c 45633b3d56b548b989757a7806b5f7ae - - default default] Successfully bumped revision number for resource 183a436c-94c3-4183-92c3-5d74f0c73582 (type: security_groups) to 1
2026-05-19 05:21:20.469 7 INFO neutron.db.ovn_revision_numbers_db [None req-5fce7fc1-5133-479c-81df-93931e09d07a 5579c7133e9648b7a9403ebe656ed66c 45633b3d56b548b989757a7806b5f7ae - - default default] Successfully bumped revision number for resource 3e8fd67d-edb5-4451-92e1-3a6db2659413 (type: security_group_rules) to 0
2026-05-19 05:21:20.502 7 INFO neutron.db.ovn_revision_numbers_db [None req-5fce7fc1-5133-479c-81df-93931e09d07a 5579c7133e9648b7a9403ebe656ed66c 45633b3d56b548b989757a7806b5f7ae - - default default] Successfully bumped revision number for resource 88dc2393-7d2a-44a9-bb17-8dececfa9a6f (type: security_group_rules) to 0
2026-05-19 05:21:20.517 7 INFO neutron.db.ovn_revision_numbers_db [None req-5fce7fc1-5133-479c-81df-93931e09d07a 5579c7133e9648b7a9403ebe656ed66c 45633b3d56b548b989757a7806b5f7ae - - default default] Successfully bumped revision number for resource 98fc9afc-58e5-496c-a325-acb97b12f298 (type: security_group_rules) to 0
