2026-05-19 05:18:52.643 8 INFO placement.requestlog [None req-0adacea6-da89-4326-bd8c-9684b9b32059 4eecb6a2822341ec84303728c38278b5 b9953d10adc642518a74c4816db92d2c - - 96ddc0e09ce148a2972a43cee5f2951b 96ddc0e09ce148a2972a43cee5f2951b] 10.0.0.81 "GET /resource_providers/2cc28a97-2197-47b5-9098-071bbd667e33/aggregates" status: 404 len: 235 microversion: 1.1 [pid: 8|app: 0|req: 425/851] 10.0.0.81 () {32 vars in 815 bytes} [Tue May 19 05:18:52 2026] GET /resource_providers/2cc28a97-2197-47b5-9098-071bbd667e33/aggregates => generated 235 bytes in 17 msecs (HTTP/1.1 404) 5 headers in 202 bytes (1 switches on core 0)
2026-05-19 05:18:52.645 7 INFO placement.requestlog [None req-60e86618-31e1-4e78-bcbc-1f00bceca863 4eecb6a2822341ec84303728c38278b5 b9953d10adc642518a74c4816db92d2c - - 96ddc0e09ce148a2972a43cee5f2951b 96ddc0e09ce148a2972a43cee5f2951b] 10.0.0.81 "GET /resource_providers/2cc28a97-2197-47b5-9098-071bbd667e33/aggregates" status: 404 len: 235 microversion: 1.1 [pid: 7|app: 0|req: 427/852] 10.0.0.81 () {32 vars in 815 bytes} [Tue May 19 05:18:52 2026] GET /resource_providers/2cc28a97-2197-47b5-9098-071bbd667e33/aggregates => generated 235 bytes in 14 msecs (HTTP/1.1 404) 5 headers in 202 bytes (1 switches on core 0)
2026-05-19 05:18:52.674 8 INFO placement.requestlog [None req-134f6bf4-636e-480f-a3a8-4e3d920def71 4eecb6a2822341ec84303728c38278b5 b9953d10adc642518a74c4816db92d2c - - 96ddc0e09ce148a2972a43cee5f2951b 96ddc0e09ce148a2972a43cee5f2951b] 10.0.0.81 "DELETE /resource_providers/2cc28a97-2197-47b5-9098-071bbd667e33" status: 404 len: 246 microversion: 1.1
2026-05-19 05:18:52.674 7 INFO placement.requestlog [None req-99541c63-2a0d-4144-b6c3-d120fcd08e98 4eecb6a2822341ec84303728c38278b5 b9953d10adc642518a74c4816db92d2c - - 96ddc0e09ce148a2972a43cee5f2951b 96ddc0e09ce148a2972a43cee5f2951b] 10.0.0.81 "DELETE /resource_providers/2cc28a97-2197-47b5-9098-071bbd667e33" status: 404 len: 246 microversion: 1.1 [pid: 7|app: 0|req: 428/854] 10.0.0.81 () {34 vars in 815 bytes} [Tue May 19 05:18:52 2026] DELETE /resource_providers/2cc28a97-2197-47b5-9098-071bbd667e33 => generated 246 bytes in 16 msecs (HTTP/1.1 404) 6 headers in 231 bytes (1 switches on core 0) [pid: 8|app: 0|req: 426/854] 10.0.0.81 () {34 vars in 815 bytes} [Tue May 19 05:18:52 2026] DELETE /resource_providers/2cc28a97-2197-47b5-9098-071bbd667e33 => generated 246 bytes in 16 msecs (HTTP/1.1 404) 6 headers in 231 bytes (1 switches on core 0)
2026-05-19 05:18:54.700 7 INFO placement.requestlog [None req-069c8de1-21ca-40b2-a66e-a2641f952f8c 4eecb6a2822341ec84303728c38278b5 b9953d10adc642518a74c4816db92d2c - - 96ddc0e09ce148a2972a43cee5f2951b 96ddc0e09ce148a2972a43cee5f2951b] 10.0.0.81 "GET /resource_providers/4b5a6de6-897e-4f34-903b-219ded5dcf7e/aggregates" status: 404 len: 235 microversion: 1.1 [pid: 7|app: 0|req: 429/855] 10.0.0.81 () {32 vars in 815 bytes} [Tue May 19 05:18:54 2026] GET /resource_providers/4b5a6de6-897e-4f34-903b-219ded5dcf7e/aggregates => generated 235 bytes in 9 msecs (HTTP/1.1 404) 5 headers in 202 bytes (1 switches on core 0)
2026-05-19 05:18:54.704 8 INFO placement.requestlog [None req-82303d04-5f4b-446b-9c38-874f458b8d4f 4eecb6a2822341ec84303728c38278b5 b9953d10adc642518a74c4816db92d2c - - 96ddc0e09ce148a2972a43cee5f2951b 96ddc0e09ce148a2972a43cee5f2951b] 10.0.0.81 "GET /resource_providers/4b5a6de6-897e-4f34-903b-219ded5dcf7e/aggregates" status: 404 len: 235 microversion: 1.1 [pid: 8|app: 0|req: 427/856] 10.0.0.81 () {32 vars in 815 bytes} [Tue May 19 05:18:54 2026] GET /resource_providers/4b5a6de6-897e-4f34-903b-219ded5dcf7e/aggregates => generated 235 bytes in 10 msecs (HTTP/1.1 404) 5 headers in 202 bytes (1 switches on core 0)
2026-05-19 05:18:54.715 7 INFO placement.requestlog [None req-d7839352-cfab-4cb1-99fe-1715211f3c57 4eecb6a2822341ec84303728c38278b5 b9953d10adc642518a74c4816db92d2c - - 96ddc0e09ce148a2972a43cee5f2951b 96ddc0e09ce148a2972a43cee5f2951b] 10.0.0.81 "DELETE /resource_providers/4b5a6de6-897e-4f34-903b-219ded5dcf7e" status: 404 len: 246 microversion: 1.1 [pid: 7|app: 0|req: 430/857] 10.0.0.81 () {34 vars in 815 bytes} [Tue May 19 05:18:54 2026] DELETE /resource_providers/4b5a6de6-897e-4f34-903b-219ded5dcf7e => generated 246 bytes in 7 msecs (HTTP/1.1 404) 6 headers in 231 bytes (1 switches on core 0)
2026-05-19 05:18:54.716 8 INFO placement.requestlog [None req-a96c2aff-051f-4054-a2a1-4d5a8800b89a 4eecb6a2822341ec84303728c38278b5 b9953d10adc642518a74c4816db92d2c - - 96ddc0e09ce148a2972a43cee5f2951b 96ddc0e09ce148a2972a43cee5f2951b] 10.0.0.81 "DELETE /resource_providers/4b5a6de6-897e-4f34-903b-219ded5dcf7e" status: 404 len: 246 microversion: 1.1 [pid: 8|app: 0|req: 428/858] 10.0.0.81 () {34 vars in 815 bytes} [Tue May 19 05:18:54 2026] DELETE /resource_providers/4b5a6de6-897e-4f34-903b-219ded5dcf7e => generated 246 bytes in 7 msecs (HTTP/1.1 404) 6 headers in 231 bytes (1 switches on core 0)
2026-05-19 05:18:56.735 7 INFO placement.requestlog [None req-44e1961e-2200-4228-976e-de8a4040e8a1 4eecb6a2822341ec84303728c38278b5 b9953d10adc642518a74c4816db92d2c - - 96ddc0e09ce148a2972a43cee5f2951b 96ddc0e09ce148a2972a43cee5f2951b] 10.0.0.81 "GET /resource_providers/163fb3fb-491c-4932-a165-67e0efa0f582/aggregates" status: 404 len: 235 microversion: 1.1 [pid: 7|app: 0|req: 431/859] 10.0.0.81 () {32 vars in 815 bytes} [Tue May 19 05:18:56 2026] GET /resource_providers/163fb3fb-491c-4932-a165-67e0efa0f582/aggregates => generated 235 bytes in 8 msecs (HTTP/1.1 404) 5 headers in 202 bytes (1 switches on core 0)
2026-05-19 05:18:56.740 8 INFO placement.requestlog [None req-0a97581b-9228-4d53-84fc-c54adb0f3fda 4eecb6a2822341ec84303728c38278b5 b9953d10adc642518a74c4816db92d2c - - 96ddc0e09ce148a2972a43cee5f2951b 96ddc0e09ce148a2972a43cee5f2951b] 10.0.0.81 "GET /resource_providers/163fb3fb-491c-4932-a165-67e0efa0f582/aggregates" status: 404 len: 235 microversion: 1.1 [pid: 8|app: 0|req: 429/860] 10.0.0.81 () {32 vars in 815 bytes} [Tue May 19 05:18:56 2026] GET /resource_providers/163fb3fb-491c-4932-a165-67e0efa0f582/aggregates => generated 235 bytes in 11 msecs (HTTP/1.1 404) 5 headers in 202 bytes (1 switches on core 0)
2026-05-19 05:18:56.762 7 INFO placement.requestlog [None req-d2f51e53-3af7-454c-9d1b-b4e0ea296ac2 4eecb6a2822341ec84303728c38278b5 b9953d10adc642518a74c4816db92d2c - - 96ddc0e09ce148a2972a43cee5f2951b 96ddc0e09ce148a2972a43cee5f2951b] 10.0.0.81 "DELETE /resource_providers/163fb3fb-491c-4932-a165-67e0efa0f582" status: 404 len: 246 microversion: 1.1 [pid: 7|app: 0|req: 432/861] 10.0.0.81 () {34 vars in 815 bytes} [Tue May 19 05:18:56 2026] DELETE /resource_providers/163fb3fb-491c-4932-a165-67e0efa0f582 => generated 246 bytes in 12 msecs (HTTP/1.1 404) 6 headers in 231 bytes (1 switches on core 0)
2026-05-19 05:18:56.766 8 INFO placement.requestlog [None req-c6fe4dc0-4779-4767-9df3-f39ebbb398ed 4eecb6a2822341ec84303728c38278b5 b9953d10adc642518a74c4816db92d2c - - 96ddc0e09ce148a2972a43cee5f2951b 96ddc0e09ce148a2972a43cee5f2951b] 10.0.0.81 "DELETE /resource_providers/163fb3fb-491c-4932-a165-67e0efa0f582" status: 404 len: 246 microversion: 1.1 [pid: 8|app: 0|req: 430/862] 10.0.0.81 () {34 vars in 815 bytes} [Tue May 19 05:18:56 2026] DELETE /resource_providers/163fb3fb-491c-4932-a165-67e0efa0f582 => generated 246 bytes in 11 msecs (HTTP/1.1 404) 6 headers in 231 bytes (1 switches on core 0)
2026-05-19 05:18:57.472 7 INFO placement.requestlog [None req-5fecac80-a3bb-469c-ba39-9c4f5d0aa5ff 4eecb6a2822341ec84303728c38278b5 b9953d10adc642518a74c4816db92d2c - - 96ddc0e09ce148a2972a43cee5f2951b 96ddc0e09ce148a2972a43cee5f2951b] 10.0.0.81 "GET /resource_providers/5eb0ee41-8ebc-4067-9c16-2a8ab6b7d915/aggregates" status: 404 len: 235 microversion: 1.1 [pid: 7|app: 0|req: 433/863] 10.0.0.81 () {32 vars in 815 bytes} [Tue May 19 05:18:57 2026] GET /resource_providers/5eb0ee41-8ebc-4067-9c16-2a8ab6b7d915/aggregates => generated 235 bytes in 9 msecs (HTTP/1.1 404) 5 headers in 202 bytes (1 switches on core 0)
2026-05-19 05:18:57.478 8 INFO placement.requestlog [None req-6f07a3c2-d048-4d13-bf97-9157cf40d4a7 4eecb6a2822341ec84303728c38278b5 b9953d10adc642518a74c4816db92d2c - - 96ddc0e09ce148a2972a43cee5f2951b 96ddc0e09ce148a2972a43cee5f2951b] 10.0.0.81 "GET /resource_providers/5eb0ee41-8ebc-4067-9c16-2a8ab6b7d915/aggregates" status: 404 len: 235 microversion: 1.1 [pid: 8|app: 0|req: 431/864] 10.0.0.81 () {32 vars in 815 bytes} [Tue May 19 05:18:57 2026] GET /resource_providers/5eb0ee41-8ebc-4067-9c16-2a8ab6b7d915/aggregates => generated 235 bytes in 11 msecs (HTTP/1.1 404) 5 headers in 202 bytes (1 switches on core 0)
2026-05-19 05:18:57.504 7 INFO placement.requestlog [None req-db766531-68c7-4ed5-9940-cd661f91b738 4eecb6a2822341ec84303728c38278b5 b9953d10adc642518a74c4816db92d2c - - 96ddc0e09ce148a2972a43cee5f2951b 96ddc0e09ce148a2972a43cee5f2951b] 10.0.0.81 "DELETE /resource_providers/5eb0ee41-8ebc-4067-9c16-2a8ab6b7d915" status: 404 len: 246 microversion: 1.1 [pid: 7|app: 0|req: 434/865] 10.0.0.81 () {34 vars in 815 bytes} [Tue May 19 05:18:57 2026] DELETE /resource_providers/5eb0ee41-8ebc-4067-9c16-2a8ab6b7d915 => generated 246 bytes in 8 msecs (HTTP/1.1 404) 6 headers in 231 bytes (1 switches on core 0)
2026-05-19 05:18:57.505 8 INFO placement.requestlog [None req-d7ce3ecd-28fc-4cba-9c29-4a11a6cef843 4eecb6a2822341ec84303728c38278b5 b9953d10adc642518a74c4816db92d2c - - 96ddc0e09ce148a2972a43cee5f2951b 96ddc0e09ce148a2972a43cee5f2951b] 10.0.0.81 "DELETE /resource_providers/5eb0ee41-8ebc-4067-9c16-2a8ab6b7d915" status: 404 len: 246 microversion: 1.1 [pid: 8|app: 0|req: 432/866] 10.0.0.81 () {34 vars in 815 bytes} [Tue May 19 05:18:57 2026] DELETE /resource_providers/5eb0ee41-8ebc-4067-9c16-2a8ab6b7d915 => generated 246 bytes in 9 msecs (HTTP/1.1 404) 6 headers in 231 bytes (1 switches on core 0)
2026-05-19 05:19:01.494 7 INFO placement.requestlog [None req-2e4f1cda-980a-4ae5-86bc-6581cdfb94d5 - - - - - -] 10.0.0.230 "GET /" status: 200 len: 136 microversion: 1.0
2026-05-19 05:19:01.495 8 INFO placement.requestlog [None req-64327c1f-9270-4d32-adfd-e4f63ee8b6c1 - - - - - -] 10.0.0.230 "GET /" status: 200 len: 136 microversion: 1.0
2026-05-19 05:19:03.035 7 INFO placement.requestlog [None req-580bea1b-7b53-4a2f-8664-2d913c5bb4fd 4eecb6a2822341ec84303728c38278b5 b9953d10adc642518a74c4816db92d2c - - 96ddc0e09ce148a2972a43cee5f2951b 96ddc0e09ce148a2972a43cee5f2951b] 10.0.0.81 "GET /resource_providers/ae9734c7-6732-40fe-bc91-748c8a79d027/aggregates" status: 404 len: 235 microversion: 1.1 [pid: 7|app: 0|req: 436/869] 10.0.0.81 () {32 vars in 815 bytes} [Tue May 19 05:19:03 2026] GET /resource_providers/ae9734c7-6732-40fe-bc91-748c8a79d027/aggregates => generated 235 bytes in 10 msecs (HTTP/1.1 404) 5 headers in 202 bytes (1 switches on core 0)
2026-05-19 05:19:03.042 8 INFO placement.requestlog [None req-9c8e57ff-d3c5-46d7-9a42-422a5540f57e 4eecb6a2822341ec84303728c38278b5 b9953d10adc642518a74c4816db92d2c - - 96ddc0e09ce148a2972a43cee5f2951b 96ddc0e09ce148a2972a43cee5f2951b] 10.0.0.81 "GET /resource_providers/ae9734c7-6732-40fe-bc91-748c8a79d027/aggregates" status: 404 len: 235 microversion: 1.1 [pid: 8|app: 0|req: 434/870] 10.0.0.81 () {32 vars in 815 bytes} [Tue May 19 05:19:03 2026] GET /resource_providers/ae9734c7-6732-40fe-bc91-748c8a79d027/aggregates => generated 235 bytes in 8 msecs (HTTP/1.1 404) 5 headers in 202 bytes (1 switches on core 0)
2026-05-19 05:19:03.060 7 INFO placement.requestlog [None req-a7192f3c-de62-43b1-8338-f4a6dd9582c4 4eecb6a2822341ec84303728c38278b5 b9953d10adc642518a74c4816db92d2c - - 96ddc0e09ce148a2972a43cee5f2951b 96ddc0e09ce148a2972a43cee5f2951b] 10.0.0.81 "DELETE /resource_providers/ae9734c7-6732-40fe-bc91-748c8a79d027" status: 404 len: 246 microversion: 1.1 [pid: 7|app: 0|req: 437/871] 10.0.0.81 () {34 vars in 815 bytes} [Tue May 19 05:19:03 2026] DELETE /resource_providers/ae9734c7-6732-40fe-bc91-748c8a79d027 => generated 246 bytes in 9 msecs (HTTP/1.1 404) 6 headers in 231 bytes (1 switches on core 0)
2026-05-19 05:19:03.060 8 INFO placement.requestlog [None req-46474402-241a-4278-840b-d41100a97a49 4eecb6a2822341ec84303728c38278b5 b9953d10adc642518a74c4816db92d2c - - 96ddc0e09ce148a2972a43cee5f2951b 96ddc0e09ce148a2972a43cee5f2951b] 10.0.0.81 "DELETE /resource_providers/ae9734c7-6732-40fe-bc91-748c8a79d027" status: 404 len: 246 microversion: 1.1 [pid: 8|app: 0|req: 435/872] 10.0.0.81 () {34 vars in 815 bytes} [Tue May 19 05:19:03 2026] DELETE /resource_providers/ae9734c7-6732-40fe-bc91-748c8a79d027 => generated 246 bytes in 8 msecs (HTTP/1.1 404) 6 headers in 231 bytes (1 switches on core 0)
2026-05-19 05:19:05.086 8 INFO placement.requestlog [None req-88f1f990-94b8-48ac-9a28-891d64812259 4eecb6a2822341ec84303728c38278b5 b9953d10adc642518a74c4816db92d2c - - 96ddc0e09ce148a2972a43cee5f2951b 96ddc0e09ce148a2972a43cee5f2951b] 10.0.0.81 "GET /resource_providers/184c590e-f6f0-42fe-aaf4-e81c328d4fae/aggregates" status: 404 len: 235 microversion: 1.1 [pid: 8|app: 0|req: 436/873] 10.0.0.81 () {32 vars in 815 bytes} [Tue May 19 05:19:05 2026] GET /resource_providers/184c590e-f6f0-42fe-aaf4-e81c328d4fae/aggregates => generated 235 bytes in 10 msecs (HTTP/1.1 404) 5 headers in 202 bytes (1 switches on core 0)
2026-05-19 05:19:05.086 7 INFO placement.requestlog [None req-cf7a6e62-8fa4-4d7f-8704-1aa40d4d5ab0 4eecb6a2822341ec84303728c38278b5 b9953d10adc642518a74c4816db92d2c - - 96ddc0e09ce148a2972a43cee5f2951b 96ddc0e09ce148a2972a43cee5f2951b] 10.0.0.81 "GET /resource_providers/184c590e-f6f0-42fe-aaf4-e81c328d4fae/aggregates" status: 404 len: 235 microversion: 1.1 [pid: 7|app: 0|req: 438/874] 10.0.0.81 () {32 vars in 815 bytes} [Tue May 19 05:19:05 2026] GET /resource_providers/184c590e-f6f0-42fe-aaf4-e81c328d4fae/aggregates => generated 235 bytes in 10 msecs (HTTP/1.1 404) 5 headers in 202 bytes (1 switches on core 0)
2026-05-19 05:19:05.108 8 INFO placement.requestlog [None req-fea496f0-fb5f-42f8-8b8a-aaf8e69248cb 4eecb6a2822341ec84303728c38278b5 b9953d10adc642518a74c4816db92d2c - - 96ddc0e09ce148a2972a43cee5f2951b 96ddc0e09ce148a2972a43cee5f2951b] 10.0.0.81 "DELETE /resource_providers/184c590e-f6f0-42fe-aaf4-e81c328d4fae" status: 404 len: 246 microversion: 1.1 [pid: 8|app: 0|req: 437/875] 10.0.0.81 () {34 vars in 815 bytes} [Tue May 19 05:19:05 2026] DELETE /resource_providers/184c590e-f6f0-42fe-aaf4-e81c328d4fae => generated 246 bytes in 10 msecs (HTTP/1.1 404) 6 headers in 231 bytes (1 switches on core 0)
2026-05-19 05:19:05.109 7 INFO placement.requestlog [None req-49038151-f658-4b85-828f-fb1f5970d04b 4eecb6a2822341ec84303728c38278b5 b9953d10adc642518a74c4816db92d2c - - 96ddc0e09ce148a2972a43cee5f2951b 96ddc0e09ce148a2972a43cee5f2951b] 10.0.0.81 "DELETE /resource_providers/184c590e-f6f0-42fe-aaf4-e81c328d4fae" status: 404 len: 246 microversion: 1.1 [pid: 7|app: 0|req: 439/876] 10.0.0.81 () {34 vars in 815 bytes} [Tue May 19 05:19:05 2026] DELETE /resource_providers/184c590e-f6f0-42fe-aaf4-e81c328d4fae => generated 246 bytes in 11 msecs (HTTP/1.1 404) 6 headers in 231 bytes (1 switches on core 0)
2026-05-19 05:19:07.126 8 INFO placement.requestlog [None req-0807a51d-f7fc-4f50-8f3f-065d0c8c0e38 4eecb6a2822341ec84303728c38278b5 b9953d10adc642518a74c4816db92d2c - - 96ddc0e09ce148a2972a43cee5f2951b 96ddc0e09ce148a2972a43cee5f2951b] 10.0.0.81 "GET /resource_providers/ef81e5d0-7d2f-4060-8ab8-fae57b86e4de/aggregates" status: 404 len: 235 microversion: 1.1 [pid: 8|app: 0|req: 438/877] 10.0.0.81 () {32 vars in 815 bytes} [Tue May 19 05:19:07 2026] GET /resource_providers/ef81e5d0-7d2f-4060-8ab8-fae57b86e4de/aggregates => generated 235 bytes in 8 msecs (HTTP/1.1 404) 5 headers in 202 bytes (1 switches on core 0)
2026-05-19 05:19:07.128 7 INFO placement.requestlog [None req-1d33ce36-feeb-45fb-9835-51bd4e4182c4 4eecb6a2822341ec84303728c38278b5 b9953d10adc642518a74c4816db92d2c - - 96ddc0e09ce148a2972a43cee5f2951b 96ddc0e09ce148a2972a43cee5f2951b] 10.0.0.81 "GET /resource_providers/ef81e5d0-7d2f-4060-8ab8-fae57b86e4de/aggregates" status: 404 len: 235 microversion: 1.1 [pid: 7|app: 0|req: 440/878] 10.0.0.81 () {32 vars in 815 bytes} [Tue May 19 05:19:07 2026] GET /resource_providers/ef81e5d0-7d2f-4060-8ab8-fae57b86e4de/aggregates => generated 235 bytes in 8 msecs (HTTP/1.1 404) 5 headers in 202 bytes (1 switches on core 0)
2026-05-19 05:19:07.141 8 INFO placement.requestlog [None req-d83684cd-caab-4011-9bc0-44249d01bca9 4eecb6a2822341ec84303728c38278b5 b9953d10adc642518a74c4816db92d2c - - 96ddc0e09ce148a2972a43cee5f2951b 96ddc0e09ce148a2972a43cee5f2951b] 10.0.0.81 "DELETE /resource_providers/ef81e5d0-7d2f-4060-8ab8-fae57b86e4de" status: 404 len: 246 microversion: 1.1 [pid: 8|app: 0|req: 439/879] 10.0.0.81 () {34 vars in 815 bytes} [Tue May 19 05:19:07 2026] DELETE /resource_providers/ef81e5d0-7d2f-4060-8ab8-fae57b86e4de => generated 246 bytes in 8 msecs (HTTP/1.1 404) 6 headers in 231 bytes (1 switches on core 0)
2026-05-19 05:19:07.143 7 INFO placement.requestlog [None req-950faebd-c230-409e-930c-40bb15153c53 4eecb6a2822341ec84303728c38278b5 b9953d10adc642518a74c4816db92d2c - - 96ddc0e09ce148a2972a43cee5f2951b 96ddc0e09ce148a2972a43cee5f2951b] 10.0.0.81 "DELETE /resource_providers/ef81e5d0-7d2f-4060-8ab8-fae57b86e4de" status: 404 len: 246 microversion: 1.1 [pid: 7|app: 0|req: 441/880] 10.0.0.81 () {34 vars in 815 bytes} [Tue May 19 05:19:07 2026] DELETE /resource_providers/ef81e5d0-7d2f-4060-8ab8-fae57b86e4de => generated 246 bytes in 8 msecs (HTTP/1.1 404) 6 headers in 231 bytes (1 switches on core 0)
2026-05-19 05:19:11.493 8 INFO placement.requestlog [None req-73db1f0c-8ced-4918-bef2-15e2360562ee - - - - - -] 10.0.0.230 "GET /" status: 200 len: 136 microversion: 1.0
2026-05-19 05:19:11.494 7 INFO placement.requestlog [None req-63649c83-182c-4298-845b-7abaa8d9e2eb - - - - - -] 10.0.0.230 "GET /" status: 200 len: 136 microversion: 1.0
2026-05-19 05:19:15.197 8 INFO placement.requestlog [req-29b1e048-f965-43e7-91d2-dd0f2ced5e91 req-2542c2af-a0be-4945-b2e3-3d386d8a58af 20d6e94c93744d55802baaaf7cd59503 b9953d10adc642518a74c4816db92d2c - - 96ddc0e09ce148a2972a43cee5f2951b 96ddc0e09ce148a2972a43cee5f2951b] 10.0.0.44 "GET /allocation_candidates?limit=1000&resources=DISK_GB%3A1%2CMEMORY_MB%3A512%2CVCPU%3A1&root_required=%21COMPUTE_STATUS_DISABLED" status: 200 len: 2781 microversion: 1.36 [pid: 8|app: 0|req: 441/883] 10.0.0.44 () {34 vars in 1011 bytes} [Tue May 19 05:19:15 2026] GET /allocation_candidates?limit=1000&resources=DISK_GB%3A1%2CMEMORY_MB%3A512%2CVCPU%3A1&root_required=%21COMPUTE_STATUS_DISABLED => generated 2781 bytes in 45 msecs (HTTP/1.1 200) 8 headers in 297 bytes (1 switches on core 0)
2026-05-19 05:19:15.235 7 INFO placement.requestlog [req-29b1e048-f965-43e7-91d2-dd0f2ced5e91 req-6abbcd72-9954-4a7b-a76a-22ba4cd93084 20d6e94c93744d55802baaaf7cd59503 b9953d10adc642518a74c4816db92d2c - - 96ddc0e09ce148a2972a43cee5f2951b 96ddc0e09ce148a2972a43cee5f2951b] 10.0.0.44 "GET /allocations/90561612-c2ee-48aa-9858-56d950977419" status: 200 len: 19 microversion: 1.28 [pid: 7|app: 0|req: 443/884] 10.0.0.44 () {34 vars in 860 bytes} [Tue May 19 05:19:15 2026] GET /allocations/90561612-c2ee-48aa-9858-56d950977419 => generated 19 bytes in 9 msecs (HTTP/1.1 200) 8 headers in 295 bytes (1 switches on core 0)
2026-05-19 05:19:15.321 8 INFO placement.requestlog [req-29b1e048-f965-43e7-91d2-dd0f2ced5e91 req-e62bd311-b55c-475e-adbf-ba976be99eeb 20d6e94c93744d55802baaaf7cd59503 b9953d10adc642518a74c4816db92d2c - - 96ddc0e09ce148a2972a43cee5f2951b 96ddc0e09ce148a2972a43cee5f2951b] 10.0.0.44 "PUT /allocations/90561612-c2ee-48aa-9858-56d950977419" status: 204 len: 0 microversion: 1.36 [pid: 8|app: 0|req: 442/885] 10.0.0.44 () {38 vars in 913 bytes} [Tue May 19 05:19:15 2026] PUT /allocations/90561612-c2ee-48aa-9858-56d950977419 => generated 0 bytes in 79 msecs (HTTP/1.1 204) 5 headers in 199 bytes (1 switches on core 0)
2026-05-19 05:19:16.847 7 INFO placement.requestlog [req-29b1e048-f965-43e7-91d2-dd0f2ced5e91 req-509269fa-924c-47be-94c1-a9fb8e1b1865 20d6e94c93744d55802baaaf7cd59503 b9953d10adc642518a74c4816db92d2c - - 96ddc0e09ce148a2972a43cee5f2951b 96ddc0e09ce148a2972a43cee5f2951b] 199.204.45.238 "GET /allocations/90561612-c2ee-48aa-9858-56d950977419" status: 200 len: 258 microversion: 1.28 [pid: 7|app: 0|req: 444/886] 199.204.45.238 () {34 vars in 863 bytes} [Tue May 19 05:19:16 2026] GET /allocations/90561612-c2ee-48aa-9858-56d950977419 => generated 258 bytes in 14 msecs (HTTP/1.1 200) 8 headers in 296 bytes (1 switches on core 0)
2026-05-19 05:19:17.889 8 INFO placement.requestlog [req-29b1e048-f965-43e7-91d2-dd0f2ced5e91 req-37aeef02-a364-4783-8679-3fc5e633d98f 20d6e94c93744d55802baaaf7cd59503 b9953d10adc642518a74c4816db92d2c - - 96ddc0e09ce148a2972a43cee5f2951b 96ddc0e09ce148a2972a43cee5f2951b] 199.204.45.238 "GET /resource_providers/8b311fcd-6d5e-4494-953b-ddd1f22ed084/allocations" status: 200 len: 153 microversion: 1.0 [pid: 8|app: 0|req: 443/887] 199.204.45.238 () {32 vars in 857 bytes} [Tue May 19 05:19:17 2026] GET /resource_providers/8b311fcd-6d5e-4494-953b-ddd1f22ed084/allocations => generated 153 bytes in 15 msecs (HTTP/1.1 200) 6 headers in 224 bytes (1 switches on core 0)
2026-05-19 05:19:17.908 7 INFO placement.requestlog [req-29b1e048-f965-43e7-91d2-dd0f2ced5e91 req-a5286c95-72ce-4cb5-8626-7a8a56a40785 20d6e94c93744d55802baaaf7cd59503 b9953d10adc642518a74c4816db92d2c - - 96ddc0e09ce148a2972a43cee5f2951b 96ddc0e09ce148a2972a43cee5f2951b] 199.204.45.238 "GET /allocations/90561612-c2ee-48aa-9858-56d950977419" status: 200 len: 258 microversion: 1.28 [pid: 7|app: 0|req: 445/888] 199.204.45.238 () {34 vars in 863 bytes} [Tue May 19 05:19:17 2026] GET /allocations/90561612-c2ee-48aa-9858-56d950977419 => generated 258 bytes in 13 msecs (HTTP/1.1 200) 8 headers in 296 bytes (1 switches on core 0)
2026-05-19 05:19:18.487 8 INFO placement.requestlog [None req-d326dd9e-1873-4444-af94-aab5f7392d53 4eecb6a2822341ec84303728c38278b5 b9953d10adc642518a74c4816db92d2c - - 96ddc0e09ce148a2972a43cee5f2951b 96ddc0e09ce148a2972a43cee5f2951b] 10.0.0.81 "GET /resource_providers/cf372fba-f942-4d65-90cd-8d0a427cae76/aggregates" status: 404 len: 235 microversion: 1.1 [pid: 8|app: 0|req: 444/889] 10.0.0.81 () {32 vars in 815 bytes} [Tue May 19 05:19:18 2026] GET /resource_providers/cf372fba-f942-4d65-90cd-8d0a427cae76/aggregates => generated 235 bytes in 13 msecs (HTTP/1.1 404) 5 headers in 202 bytes (1 switches on core 0)
2026-05-19 05:19:18.491 7 INFO placement.requestlog [None req-371cd296-b323-477c-9a26-8c5ca8071f9c 4eecb6a2822341ec84303728c38278b5 b9953d10adc642518a74c4816db92d2c - - 96ddc0e09ce148a2972a43cee5f2951b 96ddc0e09ce148a2972a43cee5f2951b] 10.0.0.81 "GET /resource_providers/cf372fba-f942-4d65-90cd-8d0a427cae76/aggregates" status: 404 len: 235 microversion: 1.1 [pid: 7|app: 0|req: 446/890] 10.0.0.81 () {32 vars in 815 bytes} [Tue May 19 05:19:18 2026] GET /resource_providers/cf372fba-f942-4d65-90cd-8d0a427cae76/aggregates => generated 235 bytes in 13 msecs (HTTP/1.1 404) 5 headers in 202 bytes (1 switches on core 0)
2026-05-19 05:19:18.512 8 INFO placement.requestlog [None req-4299caa6-1d05-4fd1-a37f-84ffebd94059 4eecb6a2822341ec84303728c38278b5 b9953d10adc642518a74c4816db92d2c - - 96ddc0e09ce148a2972a43cee5f2951b 96ddc0e09ce148a2972a43cee5f2951b] 10.0.0.81 "DELETE /resource_providers/cf372fba-f942-4d65-90cd-8d0a427cae76" status: 404 len: 246 microversion: 1.1 [pid: 8|app: 0|req: 445/891] 10.0.0.81 () {34 vars in 815 bytes} [Tue May 19 05:19:18 2026] DELETE /resource_providers/cf372fba-f942-4d65-90cd-8d0a427cae76 => generated 246 bytes in 10 msecs (HTTP/1.1 404) 6 headers in 231 bytes (1 switches on core 0)
2026-05-19 05:19:18.513 7 INFO placement.requestlog [None req-3e7f95a6-3bef-4a77-8c15-4b4181f12b4f 4eecb6a2822341ec84303728c38278b5 b9953d10adc642518a74c4816db92d2c - - 96ddc0e09ce148a2972a43cee5f2951b 96ddc0e09ce148a2972a43cee5f2951b] 10.0.0.81 "DELETE /resource_providers/cf372fba-f942-4d65-90cd-8d0a427cae76" status: 404 len: 246 microversion: 1.1 [pid: 7|app: 0|req: 447/892] 10.0.0.81 () {34 vars in 815 bytes} [Tue May 19 05:19:18 2026] DELETE /resource_providers/cf372fba-f942-4d65-90cd-8d0a427cae76 => generated 246 bytes in 11 msecs (HTTP/1.1 404) 6 headers in 231 bytes (1 switches on core 0)
2026-05-19 05:19:20.532 8 INFO placement.requestlog [None req-1e26feb3-3866-4318-a892-df91c49d8138 4eecb6a2822341ec84303728c38278b5 b9953d10adc642518a74c4816db92d2c - - 96ddc0e09ce148a2972a43cee5f2951b 96ddc0e09ce148a2972a43cee5f2951b] 10.0.0.81 "GET /resource_providers/438bf251-7ab7-43ca-88cb-52ce156420c2/aggregates" status: 404 len: 235 microversion: 1.1 [pid: 8|app: 0|req: 446/893] 10.0.0.81 () {32 vars in 815 bytes} [Tue May 19 05:19:20 2026] GET /resource_providers/438bf251-7ab7-43ca-88cb-52ce156420c2/aggregates => generated 235 bytes in 9 msecs (HTTP/1.1 404) 5 headers in 202 bytes (1 switches on core 0)
2026-05-19 05:19:20.538 7 INFO placement.requestlog [None req-d07583f5-3eda-4339-b08e-ff157c798ed7 4eecb6a2822341ec84303728c38278b5 b9953d10adc642518a74c4816db92d2c - - 96ddc0e09ce148a2972a43cee5f2951b 96ddc0e09ce148a2972a43cee5f2951b] 10.0.0.81 "GET /resource_providers/438bf251-7ab7-43ca-88cb-52ce156420c2/aggregates" status: 404 len: 235 microversion: 1.1 [pid: 7|app: 0|req: 448/894] 10.0.0.81 () {32 vars in 815 bytes} [Tue May 19 05:19:20 2026] GET /resource_providers/438bf251-7ab7-43ca-88cb-52ce156420c2/aggregates => generated 235 bytes in 13 msecs (HTTP/1.1 404) 5 headers in 202 bytes (1 switches on core 0)
2026-05-19 05:19:20.555 8 INFO placement.requestlog [None req-c47f772a-9b6d-42a4-95e0-e80b9f13586a 4eecb6a2822341ec84303728c38278b5 b9953d10adc642518a74c4816db92d2c - - 96ddc0e09ce148a2972a43cee5f2951b 96ddc0e09ce148a2972a43cee5f2951b] 10.0.0.81 "DELETE /resource_providers/438bf251-7ab7-43ca-88cb-52ce156420c2" status: 404 len: 246 microversion: 1.1 [pid: 8|app: 0|req: 447/895] 10.0.0.81 () {34 vars in 815 bytes} [Tue May 19 05:19:20 2026] DELETE /resource_providers/438bf251-7ab7-43ca-88cb-52ce156420c2 => generated 246 bytes in 13 msecs (HTTP/1.1 404) 6 headers in 231 bytes (1 switches on core 0)
2026-05-19 05:19:20.575 7 INFO placement.requestlog [None req-08f26e01-0601-4b18-b04e-9b60eb19660d 4eecb6a2822341ec84303728c38278b5 b9953d10adc642518a74c4816db92d2c - - 96ddc0e09ce148a2972a43cee5f2951b 96ddc0e09ce148a2972a43cee5f2951b] 10.0.0.81 "DELETE /resource_providers/438bf251-7ab7-43ca-88cb-52ce156420c2" status: 404 len: 246 microversion: 1.1 [pid: 7|app: 0|req: 449/896] 10.0.0.81 () {34 vars in 815 bytes} [Tue May 19 05:19:20 2026] DELETE /resource_providers/438bf251-7ab7-43ca-88cb-52ce156420c2 => generated 246 bytes in 11 msecs (HTTP/1.1 404) 6 headers in 231 bytes (1 switches on core 0)
2026-05-19 05:19:21.493 7 INFO placement.requestlog [None req-f7700d07-f129-4181-939c-20cc23b56c14 - - - - - -] 10.0.0.230 "GET /" status: 200 len: 136 microversion: 1.0
2026-05-19 05:19:21.493 8 INFO placement.requestlog [None req-9792845e-1c8b-4476-893f-ce1040201261 - - - - - -] 10.0.0.230 "GET /" status: 200 len: 136 microversion: 1.0
2026-05-19 05:19:23.072 7 INFO placement.requestlog [req-88f5fdb0-d3bd-4a07-b30d-f15738ad66cf req-53b48f35-1a90-4df0-891d-3bf47356c748 20d6e94c93744d55802baaaf7cd59503 b9953d10adc642518a74c4816db92d2c - - 96ddc0e09ce148a2972a43cee5f2951b 96ddc0e09ce148a2972a43cee5f2951b] 199.204.45.238 "GET /resource_providers/8b311fcd-6d5e-4494-953b-ddd1f22ed084/allocations" status: 200 len: 153 microversion: 1.0 [pid: 7|app: 0|req: 451/899] 199.204.45.238 () {32 vars in 857 bytes} [Tue May 19 05:19:23 2026] GET /resource_providers/8b311fcd-6d5e-4494-953b-ddd1f22ed084/allocations => generated 153 bytes in 15 msecs (HTTP/1.1 200) 6 headers in 224 bytes (1 switches on core 0)
2026-05-19 05:19:23.095 8 INFO placement.requestlog [req-88f5fdb0-d3bd-4a07-b30d-f15738ad66cf req-0ec7fcf5-9a19-4b21-b137-97c148a058ee 20d6e94c93744d55802baaaf7cd59503 b9953d10adc642518a74c4816db92d2c - - 96ddc0e09ce148a2972a43cee5f2951b 96ddc0e09ce148a2972a43cee5f2951b] 199.204.45.238 "GET /resource_providers/8b311fcd-6d5e-4494-953b-ddd1f22ed084/allocations" status: 200 len: 153 microversion: 1.0 [pid: 8|app: 0|req: 449/900] 199.204.45.238 () {32 vars in 857 bytes} [Tue May 19 05:19:23 2026] GET /resource_providers/8b311fcd-6d5e-4494-953b-ddd1f22ed084/allocations => generated 153 bytes in 14 msecs (HTTP/1.1 200) 6 headers in 224 bytes (1 switches on core 0)
2026-05-19 05:19:23.112 7 INFO placement.requestlog [req-88f5fdb0-d3bd-4a07-b30d-f15738ad66cf req-6daed0ee-55a2-4306-841c-40f94f410f03 20d6e94c93744d55802baaaf7cd59503 b9953d10adc642518a74c4816db92d2c - - 96ddc0e09ce148a2972a43cee5f2951b 96ddc0e09ce148a2972a43cee5f2951b] 199.204.45.238 "GET /allocations/90561612-c2ee-48aa-9858-56d950977419" status: 200 len: 258 microversion: 1.28 [pid: 7|app: 0|req: 452/901] 199.204.45.238 () {34 vars in 863 bytes} [Tue May 19 05:19:23 2026] GET /allocations/90561612-c2ee-48aa-9858-56d950977419 => generated 258 bytes in 12 msecs (HTTP/1.1 200) 8 headers in 296 bytes (1 switches on core 0)
2026-05-19 05:19:25.078 8 INFO placement.requestlog [None req-dbf734e5-eee6-47ff-bbf7-6d6565b64532 4eecb6a2822341ec84303728c38278b5 b9953d10adc642518a74c4816db92d2c - - 96ddc0e09ce148a2972a43cee5f2951b 96ddc0e09ce148a2972a43cee5f2951b] 10.0.0.81 "GET /resource_providers/b206bf04-7f10-421f-8320-3911d511b76b/aggregates" status: 404 len: 235 microversion: 1.1 [pid: 8|app: 0|req: 450/902] 10.0.0.81 () {32 vars in 815 bytes} [Tue May 19 05:19:25 2026] GET /resource_providers/b206bf04-7f10-421f-8320-3911d511b76b/aggregates => generated 235 bytes in 9 msecs (HTTP/1.1 404) 5 headers in 202 bytes (1 switches on core 0)
2026-05-19 05:19:25.080 7 INFO placement.requestlog [None req-90de8993-ae10-416b-8645-204b710a3740 4eecb6a2822341ec84303728c38278b5 b9953d10adc642518a74c4816db92d2c - - 96ddc0e09ce148a2972a43cee5f2951b 96ddc0e09ce148a2972a43cee5f2951b] 10.0.0.81 "GET /resource_providers/b206bf04-7f10-421f-8320-3911d511b76b/aggregates" status: 404 len: 235 microversion: 1.1 [pid: 7|app: 0|req: 453/903] 10.0.0.81 () {32 vars in 815 bytes} [Tue May 19 05:19:25 2026] GET /resource_providers/b206bf04-7f10-421f-8320-3911d511b76b/aggregates => generated 235 bytes in 6 msecs (HTTP/1.1 404) 5 headers in 202 bytes (1 switches on core 0)
2026-05-19 05:19:25.105 8 INFO placement.requestlog [None req-042a2228-5b2b-4e3d-9af9-feff0a5b5bba 4eecb6a2822341ec84303728c38278b5 b9953d10adc642518a74c4816db92d2c - - 96ddc0e09ce148a2972a43cee5f2951b 96ddc0e09ce148a2972a43cee5f2951b] 10.0.0.81 "DELETE /resource_providers/b206bf04-7f10-421f-8320-3911d511b76b" status: 404 len: 246 microversion: 1.1 [pid: 8|app: 0|req: 451/904] 10.0.0.81 () {34 vars in 815 bytes} [Tue May 19 05:19:25 2026] DELETE /resource_providers/b206bf04-7f10-421f-8320-3911d511b76b => generated 246 bytes in 14 msecs (HTTP/1.1 404) 6 headers in 231 bytes (1 switches on core 0)
2026-05-19 05:19:25.110 7 INFO placement.requestlog [None req-da16b3cd-a2b0-48cb-94d4-001e26b16e4d 4eecb6a2822341ec84303728c38278b5 b9953d10adc642518a74c4816db92d2c - - 96ddc0e09ce148a2972a43cee5f2951b 96ddc0e09ce148a2972a43cee5f2951b] 10.0.0.81 "DELETE /resource_providers/b206bf04-7f10-421f-8320-3911d511b76b" status: 404 len: 246 microversion: 1.1 [pid: 7|app: 0|req: 454/905] 10.0.0.81 () {34 vars in 815 bytes} [Tue May 19 05:19:25 2026] DELETE /resource_providers/b206bf04-7f10-421f-8320-3911d511b76b => generated 246 bytes in 14 msecs (HTTP/1.1 404) 6 headers in 231 bytes (1 switches on core 0)
2026-05-19 05:19:31.494 7 INFO placement.requestlog [None req-7eeccabf-0b10-4b7f-bdb4-5f5617e2301f - - - - - -] 10.0.0.230 "GET /" status: 200 len: 136 microversion: 1.0
2026-05-19 05:19:31.494 8 INFO placement.requestlog [None req-be5453e8-c69f-4e3b-8da6-25ce1ecdfff4 - - - - - -] 10.0.0.230 "GET /" status: 200 len: 136 microversion: 1.0
2026-05-19 05:19:32.246 7 INFO placement.requestlog [None req-927a2881-06cd-4f4f-a5da-cf8a565ccb87 4eecb6a2822341ec84303728c38278b5 b9953d10adc642518a74c4816db92d2c - - 96ddc0e09ce148a2972a43cee5f2951b 96ddc0e09ce148a2972a43cee5f2951b] 10.0.0.81 "GET /resource_providers/1cb50a99-ebe4-4e0c-941c-329bf9040562/aggregates" status: 404 len: 235 microversion: 1.1 [pid: 7|app: 0|req: 456/908] 10.0.0.81 () {32 vars in 815 bytes} [Tue May 19 05:19:32 2026] GET /resource_providers/1cb50a99-ebe4-4e0c-941c-329bf9040562/aggregates => generated 235 bytes in 11 msecs (HTTP/1.1 404) 5 headers in 202 bytes (1 switches on core 0)
2026-05-19 05:19:32.257 8 INFO placement.requestlog [None req-22bb2c6d-c528-424f-9ec5-5455198b71ca 4eecb6a2822341ec84303728c38278b5 b9953d10adc642518a74c4816db92d2c - - 96ddc0e09ce148a2972a43cee5f2951b 96ddc0e09ce148a2972a43cee5f2951b] 10.0.0.81 "GET /resource_providers/1cb50a99-ebe4-4e0c-941c-329bf9040562/aggregates" status: 404 len: 235 microversion: 1.1 [pid: 8|app: 0|req: 453/909] 10.0.0.81 () {32 vars in 815 bytes} [Tue May 19 05:19:32 2026] GET /resource_providers/1cb50a99-ebe4-4e0c-941c-329bf9040562/aggregates => generated 235 bytes in 15 msecs (HTTP/1.1 404) 5 headers in 202 bytes (1 switches on core 0)
2026-05-19 05:19:32.270 7 INFO placement.requestlog [None req-88a7423c-3d6f-4543-bdb3-4e7910d8eeda 4eecb6a2822341ec84303728c38278b5 b9953d10adc642518a74c4816db92d2c - - 96ddc0e09ce148a2972a43cee5f2951b 96ddc0e09ce148a2972a43cee5f2951b] 10.0.0.81 "DELETE /resource_providers/1cb50a99-ebe4-4e0c-941c-329bf9040562" status: 404 len: 246 microversion: 1.1 [pid: 7|app: 0|req: 457/910] 10.0.0.81 () {34 vars in 815 bytes} [Tue May 19 05:19:32 2026] DELETE /resource_providers/1cb50a99-ebe4-4e0c-941c-329bf9040562 => generated 246 bytes in 15 msecs (HTTP/1.1 404) 6 headers in 231 bytes (1 switches on core 0)
2026-05-19 05:19:32.279 8 INFO placement.requestlog [None req-5cbe0ab9-9286-4df4-b832-1f09731ce7d7 4eecb6a2822341ec84303728c38278b5 b9953d10adc642518a74c4816db92d2c - - 96ddc0e09ce148a2972a43cee5f2951b 96ddc0e09ce148a2972a43cee5f2951b] 10.0.0.81 "DELETE /resource_providers/1cb50a99-ebe4-4e0c-941c-329bf9040562" status: 404 len: 246 microversion: 1.1 [pid: 8|app: 0|req: 454/911] 10.0.0.81 () {34 vars in 815 bytes} [Tue May 19 05:19:32 2026] DELETE /resource_providers/1cb50a99-ebe4-4e0c-941c-329bf9040562 => generated 246 bytes in 14 msecs (HTTP/1.1 404) 6 headers in 231 bytes (1 switches on core 0)
2026-05-19 05:19:36.678 7 INFO placement.requestlog [req-630799c8-5dc2-4a89-826a-faab05a2a66b req-b053bdc6-3401-4924-a207-36bb2dc651c2 20d6e94c93744d55802baaaf7cd59503 b9953d10adc642518a74c4816db92d2c - - 96ddc0e09ce148a2972a43cee5f2951b 96ddc0e09ce148a2972a43cee5f2951b] 10.0.0.44 "GET /allocation_candidates?limit=1000&resources=DISK_GB%3A1%2CMEMORY_MB%3A512%2CVCPU%3A1&root_required=%21COMPUTE_STATUS_DISABLED" status: 200 len: 2783 microversion: 1.36 [pid: 7|app: 0|req: 458/912] 10.0.0.44 () {34 vars in 1011 bytes} [Tue May 19 05:19:36 2026] GET /allocation_candidates?limit=1000&resources=DISK_GB%3A1%2CMEMORY_MB%3A512%2CVCPU%3A1&root_required=%21COMPUTE_STATUS_DISABLED => generated 2783 bytes in 56 msecs (HTTP/1.1 200) 8 headers in 297 bytes (1 switches on core 0)
2026-05-19 05:19:36.716 8 INFO placement.requestlog [req-630799c8-5dc2-4a89-826a-faab05a2a66b req-f64b0fe0-916d-46d3-9f33-00564a0f894d 20d6e94c93744d55802baaaf7cd59503 b9953d10adc642518a74c4816db92d2c - - 96ddc0e09ce148a2972a43cee5f2951b 96ddc0e09ce148a2972a43cee5f2951b] 10.0.0.44 "GET /allocations/c773a51c-a231-4bca-9fdf-2674afee70fc" status: 200 len: 19 microversion: 1.28 [pid: 8|app: 0|req: 455/913] 10.0.0.44 () {34 vars in 860 bytes} [Tue May 19 05:19:36 2026] GET /allocations/c773a51c-a231-4bca-9fdf-2674afee70fc => generated 19 bytes in 10 msecs (HTTP/1.1 200) 8 headers in 295 bytes (1 switches on core 0)
2026-05-19 05:19:36.805 7 INFO placement.requestlog [req-630799c8-5dc2-4a89-826a-faab05a2a66b req-51f66e02-fbdc-4a3f-86aa-24a380812f3f 20d6e94c93744d55802baaaf7cd59503 b9953d10adc642518a74c4816db92d2c - - 96ddc0e09ce148a2972a43cee5f2951b 96ddc0e09ce148a2972a43cee5f2951b] 10.0.0.44 "PUT /allocations/c773a51c-a231-4bca-9fdf-2674afee70fc" status: 204 len: 0 microversion: 1.36 [pid: 7|app: 0|req: 459/914] 10.0.0.44 () {38 vars in 913 bytes} [Tue May 19 05:19:36 2026] PUT /allocations/c773a51c-a231-4bca-9fdf-2674afee70fc => generated 0 bytes in 84 msecs (HTTP/1.1 204) 5 headers in 199 bytes (1 switches on core 0)
2026-05-19 05:19:38.268 8 INFO placement.requestlog [req-630799c8-5dc2-4a89-826a-faab05a2a66b req-082ce9db-55ae-4570-9584-6c531bd5d127 20d6e94c93744d55802baaaf7cd59503 b9953d10adc642518a74c4816db92d2c - - 96ddc0e09ce148a2972a43cee5f2951b 96ddc0e09ce148a2972a43cee5f2951b] 199.204.45.238 "GET /allocations/c773a51c-a231-4bca-9fdf-2674afee70fc" status: 200 len: 258 microversion: 1.28 [pid: 8|app: 0|req: 456/915] 199.204.45.238 () {34 vars in 863 bytes} [Tue May 19 05:19:38 2026] GET /allocations/c773a51c-a231-4bca-9fdf-2674afee70fc => generated 258 bytes in 11 msecs (HTTP/1.1 200) 8 headers in 296 bytes (1 switches on core 0)
2026-05-19 05:19:39.306 7 INFO placement.requestlog [req-630799c8-5dc2-4a89-826a-faab05a2a66b req-adaf3d19-f810-459c-bd98-de99de0c5154 20d6e94c93744d55802baaaf7cd59503 b9953d10adc642518a74c4816db92d2c - - 96ddc0e09ce148a2972a43cee5f2951b 96ddc0e09ce148a2972a43cee5f2951b] 199.204.45.238 "GET /resource_providers/8b311fcd-6d5e-4494-953b-ddd1f22ed084/allocations" status: 200 len: 253 microversion: 1.0 [pid: 7|app: 0|req: 460/916] 199.204.45.238 () {32 vars in 857 bytes} [Tue May 19 05:19:39 2026] GET /resource_providers/8b311fcd-6d5e-4494-953b-ddd1f22ed084/allocations => generated 253 bytes in 15 msecs (HTTP/1.1 200) 6 headers in 224 bytes (1 switches on core 0)
2026-05-19 05:19:39.323 8 INFO placement.requestlog [req-630799c8-5dc2-4a89-826a-faab05a2a66b req-92553183-d099-4630-bb02-a4aa704c46fc 20d6e94c93744d55802baaaf7cd59503 b9953d10adc642518a74c4816db92d2c - - 96ddc0e09ce148a2972a43cee5f2951b 96ddc0e09ce148a2972a43cee5f2951b] 199.204.45.238 "GET /allocations/c773a51c-a231-4bca-9fdf-2674afee70fc" status: 200 len: 258 microversion: 1.28 [pid: 8|app: 0|req: 457/917] 199.204.45.238 () {34 vars in 863 bytes} [Tue May 19 05:19:39 2026] GET /allocations/c773a51c-a231-4bca-9fdf-2674afee70fc => generated 258 bytes in 11 msecs (HTTP/1.1 200) 8 headers in 296 bytes (1 switches on core 0)
2026-05-19 05:19:39.344 7 INFO placement.requestlog [req-630799c8-5dc2-4a89-826a-faab05a2a66b req-0785a80a-f67a-4563-a333-9b9f85a8540a 20d6e94c93744d55802baaaf7cd59503 b9953d10adc642518a74c4816db92d2c - - 96ddc0e09ce148a2972a43cee5f2951b 96ddc0e09ce148a2972a43cee5f2951b] 199.204.45.238 "GET /allocations/90561612-c2ee-48aa-9858-56d950977419" status: 200 len: 258 microversion: 1.28 [pid: 7|app: 0|req: 461/918] 199.204.45.238 () {34 vars in 863 bytes} [Tue May 19 05:19:39 2026] GET /allocations/90561612-c2ee-48aa-9858-56d950977419 => generated 258 bytes in 12 msecs (HTTP/1.1 200) 8 headers in 296 bytes (1 switches on core 0)
2026-05-19 05:19:41.493 8 INFO placement.requestlog [None req-e6f65970-6b57-4f1b-84c9-b555d9933e37 - - - - - -] 10.0.0.230 "GET /" status: 200 len: 136 microversion: 1.0
2026-05-19 05:19:41.495 7 INFO placement.requestlog [None req-50dbbf04-1c51-4040-8e76-76ece5c38c00 - - - - - -] 10.0.0.230 "GET /" status: 200 len: 136 microversion: 1.0
2026-05-19 05:19:47.366 8 INFO placement.requestlog [req-3ceea6dd-f1ef-45a9-9e14-f1e2b5ea4118 req-c07a7509-f518-482d-bfcb-a6738d3e8e25 20d6e94c93744d55802baaaf7cd59503 b9953d10adc642518a74c4816db92d2c - - 96ddc0e09ce148a2972a43cee5f2951b 96ddc0e09ce148a2972a43cee5f2951b] 199.204.45.238 "GET /resource_providers/8b311fcd-6d5e-4494-953b-ddd1f22ed084/allocations" status: 200 len: 253 microversion: 1.0 [pid: 8|app: 0|req: 459/921] 199.204.45.238 () {32 vars in 857 bytes} [Tue May 19 05:19:47 2026] GET /resource_providers/8b311fcd-6d5e-4494-953b-ddd1f22ed084/allocations => generated 253 bytes in 23 msecs (HTTP/1.1 200) 6 headers in 224 bytes (1 switches on core 0)
2026-05-19 05:19:47.394 7 INFO placement.requestlog [req-3ceea6dd-f1ef-45a9-9e14-f1e2b5ea4118 req-b236c20e-bdbb-4128-b892-005110430c2a 20d6e94c93744d55802baaaf7cd59503 b9953d10adc642518a74c4816db92d2c - - 96ddc0e09ce148a2972a43cee5f2951b 96ddc0e09ce148a2972a43cee5f2951b] 199.204.45.238 "GET /allocations/c773a51c-a231-4bca-9fdf-2674afee70fc" status: 200 len: 258 microversion: 1.28 [pid: 7|app: 0|req: 463/922] 199.204.45.238 () {34 vars in 863 bytes} [Tue May 19 05:19:47 2026] GET /allocations/c773a51c-a231-4bca-9fdf-2674afee70fc => generated 258 bytes in 15 msecs (HTTP/1.1 200) 8 headers in 296 bytes (1 switches on core 0)
2026-05-19 05:19:47.423 8 INFO placement.requestlog [req-3ceea6dd-f1ef-45a9-9e14-f1e2b5ea4118 req-be8226b2-a209-4d0a-8c30-314639b4f1a6 20d6e94c93744d55802baaaf7cd59503 b9953d10adc642518a74c4816db92d2c - - 96ddc0e09ce148a2972a43cee5f2951b 96ddc0e09ce148a2972a43cee5f2951b] 199.204.45.238 "GET /allocations/90561612-c2ee-48aa-9858-56d950977419" status: 200 len: 258 microversion: 1.28 [pid: 8|app: 0|req: 460/923] 199.204.45.238 () {34 vars in 863 bytes} [Tue May 19 05:19:47 2026] GET /allocations/90561612-c2ee-48aa-9858-56d950977419 => generated 258 bytes in 17 msecs (HTTP/1.1 200) 8 headers in 296 bytes (1 switches on core 0)
2026-05-19 05:19:48.488 7 INFO placement.requestlog [req-3ceea6dd-f1ef-45a9-9e14-f1e2b5ea4118 req-69022f4e-9888-45a8-93d9-423577292cfd 20d6e94c93744d55802baaaf7cd59503 b9953d10adc642518a74c4816db92d2c - - 96ddc0e09ce148a2972a43cee5f2951b 96ddc0e09ce148a2972a43cee5f2951b] 199.204.45.238 "DELETE /allocations/90561612-c2ee-48aa-9858-56d950977419" status: 204 len: 0 microversion: 1.0 [pid: 7|app: 0|req: 464/924] 199.204.45.238 () {34 vars in 841 bytes} [Tue May 19 05:19:48 2026] DELETE /allocations/90561612-c2ee-48aa-9858-56d950977419 => generated 0 bytes in 37 msecs (HTTP/1.1 204) 5 headers in 198 bytes (1 switches on core 0)
2026-05-19 05:19:51.493 8 INFO placement.requestlog [None req-0161e4be-2a9c-4ea0-bb76-ec918d4340a5 - - - - - -] 10.0.0.230 "GET /" status: 200 len: 136 microversion: 1.0
2026-05-19 05:19:51.493 7 INFO placement.requestlog [None req-dbddbe9d-f166-408f-a50c-66c2210ca9e6 - - - - - -] 10.0.0.230 "GET /" status: 200 len: 136 microversion: 1.0
2026-05-19 05:19:53.704 8 INFO placement.requestlog [None req-4a553413-f4c1-4d35-a2af-cad43cfed524 4eecb6a2822341ec84303728c38278b5 b9953d10adc642518a74c4816db92d2c - - 96ddc0e09ce148a2972a43cee5f2951b 96ddc0e09ce148a2972a43cee5f2951b] 10.0.0.81 "GET /resource_providers/bfcbdd18-d9f7-4b83-83bd-ca40248c9961/aggregates" status: 404 len: 235 microversion: 1.1 [pid: 8|app: 0|req: 462/927] 10.0.0.81 () {32 vars in 815 bytes} [Tue May 19 05:19:53 2026] GET /resource_providers/bfcbdd18-d9f7-4b83-83bd-ca40248c9961/aggregates => generated 235 bytes in 7 msecs (HTTP/1.1 404) 5 headers in 202 bytes (1 switches on core 0)
2026-05-19 05:19:53.714 7 INFO placement.requestlog [None req-b6f6f36a-f969-4a37-bebf-56d31dbd73e6 4eecb6a2822341ec84303728c38278b5 b9953d10adc642518a74c4816db92d2c - - 96ddc0e09ce148a2972a43cee5f2951b 96ddc0e09ce148a2972a43cee5f2951b] 10.0.0.81 "GET /resource_providers/bfcbdd18-d9f7-4b83-83bd-ca40248c9961/aggregates" status: 404 len: 235 microversion: 1.1 [pid: 7|app: 0|req: 466/928] 10.0.0.81 () {32 vars in 815 bytes} [Tue May 19 05:19:53 2026] GET /resource_providers/bfcbdd18-d9f7-4b83-83bd-ca40248c9961/aggregates => generated 235 bytes in 14 msecs (HTTP/1.1 404) 5 headers in 202 bytes (1 switches on core 0)
2026-05-19 05:19:53.732 8 INFO placement.requestlog [None req-69367067-d357-4fb2-ada5-268318c6f243 4eecb6a2822341ec84303728c38278b5 b9953d10adc642518a74c4816db92d2c - - 96ddc0e09ce148a2972a43cee5f2951b 96ddc0e09ce148a2972a43cee5f2951b] 10.0.0.81 "DELETE /resource_providers/bfcbdd18-d9f7-4b83-83bd-ca40248c9961" status: 404 len: 246 microversion: 1.1 [pid: 8|app: 0|req: 463/929] 10.0.0.81 () {34 vars in 815 bytes} [Tue May 19 05:19:53 2026] DELETE /resource_providers/bfcbdd18-d9f7-4b83-83bd-ca40248c9961 => generated 246 bytes in 12 msecs (HTTP/1.1 404) 6 headers in 231 bytes (1 switches on core 0)
2026-05-19 05:19:53.734 7 INFO placement.requestlog [None req-9ecf0ec6-cbb8-45f8-a467-c386213688c8 4eecb6a2822341ec84303728c38278b5 b9953d10adc642518a74c4816db92d2c - - 96ddc0e09ce148a2972a43cee5f2951b 96ddc0e09ce148a2972a43cee5f2951b] 10.0.0.81 "DELETE /resource_providers/bfcbdd18-d9f7-4b83-83bd-ca40248c9961" status: 404 len: 246 microversion: 1.1 [pid: 7|app: 0|req: 467/930] 10.0.0.81 () {34 vars in 815 bytes} [Tue May 19 05:19:53 2026] DELETE /resource_providers/bfcbdd18-d9f7-4b83-83bd-ca40248c9961 => generated 246 bytes in 11 msecs (HTTP/1.1 404) 6 headers in 231 bytes (1 switches on core 0)
2026-05-19 05:19:56.047 8 INFO placement.requestlog [req-e898da91-a8f7-415e-aacf-3b4b96e28688 req-040fbabc-4e34-4ed7-a46d-a984b158c3f9 20d6e94c93744d55802baaaf7cd59503 b9953d10adc642518a74c4816db92d2c - - 96ddc0e09ce148a2972a43cee5f2951b 96ddc0e09ce148a2972a43cee5f2951b] 199.204.45.238 "GET /resource_providers/8b311fcd-6d5e-4494-953b-ddd1f22ed084/allocations" status: 200 len: 153 microversion: 1.0 [pid: 8|app: 0|req: 464/931] 199.204.45.238 () {32 vars in 857 bytes} [Tue May 19 05:19:56 2026] GET /resource_providers/8b311fcd-6d5e-4494-953b-ddd1f22ed084/allocations => generated 153 bytes in 21 msecs (HTTP/1.1 200) 6 headers in 224 bytes (1 switches on core 0)
2026-05-19 05:19:56.070 7 INFO placement.requestlog [req-e898da91-a8f7-415e-aacf-3b4b96e28688 req-51b6c97f-7a71-4d24-833b-e5361e43e9e4 20d6e94c93744d55802baaaf7cd59503 b9953d10adc642518a74c4816db92d2c - - 96ddc0e09ce148a2972a43cee5f2951b 96ddc0e09ce148a2972a43cee5f2951b] 199.204.45.238 "GET /allocations/c773a51c-a231-4bca-9fdf-2674afee70fc" status: 200 len: 258 microversion: 1.28 [pid: 7|app: 0|req: 468/932] 199.204.45.238 () {34 vars in 863 bytes} [Tue May 19 05:19:56 2026] GET /allocations/c773a51c-a231-4bca-9fdf-2674afee70fc => generated 258 bytes in 15 msecs (HTTP/1.1 200) 8 headers in 296 bytes (1 switches on core 0)
2026-05-19 05:19:56.250 7 INFO placement.requestlog [None req-5463365d-a9a3-45c0-9971-0becee44a723 4eecb6a2822341ec84303728c38278b5 b9953d10adc642518a74c4816db92d2c - - 96ddc0e09ce148a2972a43cee5f2951b 96ddc0e09ce148a2972a43cee5f2951b] 10.0.0.81 "GET /resource_providers/8c00ac4c-a026-4bb0-9952-bd3b11cd3eff/aggregates" status: 404 len: 235 microversion: 1.1 [pid: 7|app: 0|req: 469/933] 10.0.0.81 () {32 vars in 815 bytes} [Tue May 19 05:19:56 2026] GET /resource_providers/8c00ac4c-a026-4bb0-9952-bd3b11cd3eff/aggregates => generated 235 bytes in 9 msecs (HTTP/1.1 404) 5 headers in 202 bytes (1 switches on core 0)
2026-05-19 05:19:56.251 8 INFO placement.requestlog [None req-30841a35-21cc-4114-b0b2-9fc9ee6c40c5 4eecb6a2822341ec84303728c38278b5 b9953d10adc642518a74c4816db92d2c - - 96ddc0e09ce148a2972a43cee5f2951b 96ddc0e09ce148a2972a43cee5f2951b] 10.0.0.81 "GET /resource_providers/8c00ac4c-a026-4bb0-9952-bd3b11cd3eff/aggregates" status: 404 len: 235 microversion: 1.1 [pid: 8|app: 0|req: 465/934] 10.0.0.81 () {32 vars in 815 bytes} [Tue May 19 05:19:56 2026] GET /resource_providers/8c00ac4c-a026-4bb0-9952-bd3b11cd3eff/aggregates => generated 235 bytes in 10 msecs (HTTP/1.1 404) 5 headers in 202 bytes (1 switches on core 0)
2026-05-19 05:19:56.280 8 INFO placement.requestlog [None req-97aa02b3-5966-4a11-87b6-0a1fbda7d519 4eecb6a2822341ec84303728c38278b5 b9953d10adc642518a74c4816db92d2c - - 96ddc0e09ce148a2972a43cee5f2951b 96ddc0e09ce148a2972a43cee5f2951b] 10.0.0.81 "DELETE /resource_providers/8c00ac4c-a026-4bb0-9952-bd3b11cd3eff" status: 404 len: 246 microversion: 1.1 [pid: 8|app: 0|req: 466/935] 10.0.0.81 () {34 vars in 815 bytes} [Tue May 19 05:19:56 2026] DELETE /resource_providers/8c00ac4c-a026-4bb0-9952-bd3b11cd3eff => generated 246 bytes in 10 msecs (HTTP/1.1 404) 6 headers in 231 bytes (1 switches on core 0)
2026-05-19 05:19:56.284 7 INFO placement.requestlog [None req-82d25994-1a31-4e03-81bc-1b009fa3cdea 4eecb6a2822341ec84303728c38278b5 b9953d10adc642518a74c4816db92d2c - - 96ddc0e09ce148a2972a43cee5f2951b 96ddc0e09ce148a2972a43cee5f2951b] 10.0.0.81 "DELETE /resource_providers/8c00ac4c-a026-4bb0-9952-bd3b11cd3eff" status: 404 len: 246 microversion: 1.1 [pid: 7|app: 0|req: 470/936] 10.0.0.81 () {34 vars in 815 bytes} [Tue May 19 05:19:56 2026] DELETE /resource_providers/8c00ac4c-a026-4bb0-9952-bd3b11cd3eff => generated 246 bytes in 16 msecs (HTTP/1.1 404) 6 headers in 231 bytes (1 switches on core 0)
2026-05-19 05:19:57.121 8 INFO placement.requestlog [req-e898da91-a8f7-415e-aacf-3b4b96e28688 req-c68c80f1-cc2b-4c4f-b4a0-bb20dbb830ef 20d6e94c93744d55802baaaf7cd59503 b9953d10adc642518a74c4816db92d2c - - 96ddc0e09ce148a2972a43cee5f2951b 96ddc0e09ce148a2972a43cee5f2951b] 199.204.45.238 "DELETE /allocations/c773a51c-a231-4bca-9fdf-2674afee70fc" status: 204 len: 0 microversion: 1.0 [pid: 8|app: 0|req: 467/937] 199.204.45.238 () {34 vars in 841 bytes} [Tue May 19 05:19:57 2026] DELETE /allocations/c773a51c-a231-4bca-9fdf-2674afee70fc => generated 0 bytes in 29 msecs (HTTP/1.1 204) 5 headers in 198 bytes (1 switches on core 0)
2026-05-19 05:19:59.128 7 INFO placement.requestlog [None req-5023026b-ad3b-4805-8a7e-7b97d9319147 4eecb6a2822341ec84303728c38278b5 b9953d10adc642518a74c4816db92d2c - - 96ddc0e09ce148a2972a43cee5f2951b 96ddc0e09ce148a2972a43cee5f2951b] 10.0.0.81 "GET /resource_providers/0a55965c-2fef-4d6a-b52a-9b3073943dd2/aggregates" status: 404 len: 235 microversion: 1.1 [pid: 7|app: 0|req: 471/938] 10.0.0.81 () {32 vars in 815 bytes} [Tue May 19 05:19:59 2026] GET /resource_providers/0a55965c-2fef-4d6a-b52a-9b3073943dd2/aggregates => generated 235 bytes in 12 msecs (HTTP/1.1 404) 5 headers in 202 bytes (1 switches on core 0)
2026-05-19 05:19:59.130 8 INFO placement.requestlog [None req-6f648a99-c519-48ce-9622-a426d9685179 4eecb6a2822341ec84303728c38278b5 b9953d10adc642518a74c4816db92d2c - - 96ddc0e09ce148a2972a43cee5f2951b 96ddc0e09ce148a2972a43cee5f2951b] 10.0.0.81 "GET /resource_providers/0a55965c-2fef-4d6a-b52a-9b3073943dd2/aggregates" status: 404 len: 235 microversion: 1.1 [pid: 8|app: 0|req: 468/939] 10.0.0.81 () {32 vars in 815 bytes} [Tue May 19 05:19:59 2026] GET /resource_providers/0a55965c-2fef-4d6a-b52a-9b3073943dd2/aggregates => generated 235 bytes in 14 msecs (HTTP/1.1 404) 5 headers in 202 bytes (1 switches on core 0)
