2026-05-20 04:43:38.802 8 INFO neutron.services.segments.plugin [-] Segment 3aa69f05-ccb9-4368-b096-cd4e135931d5 resource provider not found; error: Placement Client Error (4xx): {"errors": [{"status": 404, "title": "Not Found", "detail": "The resource could not be found.\n\n No resource provider with uuid 3aa69f05-ccb9-4368-b096-cd4e135931d5 found for delete ", "request_id": "req-81b765a6-8352-4359-95d1-883f2edc57f3"}]} [pid: 8|app: 0|req: 461/958] 10.0.0.208 () {32 vars in 726 bytes} [Wed May 20 04:43:38 2026] DELETE /v2.0/networks/355de8b1-798a-45d2-9ce0-91a0d6d8d873 => generated 0 bytes in 396 msecs (HTTP/1.1 204) 3 headers in 131 bytes (1 switches on core 0) [pid: 8|app: 0|req: 462/959] 10.0.0.5 () {34 vars in 1038 bytes} [Wed May 20 04:43:38 2026] GET /v2.0/security-groups?id=283bc64c-48d2-4ef7-af35-8130a4512f36&fields=id&fields=name => generated 113 bytes in 36 msecs (HTTP/1.1 200) 4 headers in 157 bytes (1 switches on core 0)
2026-05-20 04:43:39.017 7 INFO neutron.services.segments.plugin [-] Segment 1213f046-2f0e-46c1-9109-4fce11f72211 resource provider aggregate not found
2026-05-20 04:43:39.020 7 INFO neutron.services.segments.plugin [-] Segment 1213f046-2f0e-46c1-9109-4fce11f72211 resource provider aggregate not found
2026-05-20 04:43:39.039 7 INFO neutron.services.segments.plugin [-] Segment 1213f046-2f0e-46c1-9109-4fce11f72211 resource provider not found; error: Placement Client Error (4xx): {"errors": [{"status": 404, "title": "Not Found", "detail": "The resource could not be found.\n\n No resource provider with uuid 1213f046-2f0e-46c1-9109-4fce11f72211 found for delete ", "request_id": "req-dedcf2aa-22be-46ca-967b-ba606ad1b7b0"}]}
2026-05-20 04:43:39.040 7 INFO neutron.services.segments.plugin [-] Segment 1213f046-2f0e-46c1-9109-4fce11f72211 resource provider not found; error: Placement Client Error (4xx): {"errors": [{"status": 404, "title": "Not Found", "detail": "The resource could not be found.\n\n No resource provider with uuid 1213f046-2f0e-46c1-9109-4fce11f72211 found for delete ", "request_id": "req-910891c4-a699-4af6-8030-7c269962ed12"}]}
2026-05-20 04:43:39.193 7 WARNING neutron.scheduler.dhcp_agent_scheduler [None req-f4f07221-f5ff-4b54-b9ce-55385a5f084d 2f986fe0ae544b588cf847a10a880de3 29d7adff32b64e4182229cf04a0448c7 - - default default] No more DHCP agents
2026-05-20 04:43:39.195 7 WARNING neutron.api.rpc.agentnotifiers.dhcp_rpc_agent_api [None req-f4f07221-f5ff-4b54-b9ce-55385a5f084d 2f986fe0ae544b588cf847a10a880de3 29d7adff32b64e4182229cf04a0448c7 - - default default] Unable to schedule network 5fa18892-4022-48ef-8219-9158581bf46d: no agents available; will retry on subsequent port and subnet creation events.
2026-05-20 04:43:39.249 7 INFO neutron.plugins.ml2.drivers.ovn.mech_driver.mech_driver [None req-d78a1d25-d9be-46c4-9387-5adb9c3317ae - - - - - -] OVN reports status down for port: 03dde86d-ac0b-488e-abb4-2a2fff06286c
2026-05-20 04:43:39.317 7 INFO neutron.db.ovn_revision_numbers_db [None req-f4f07221-f5ff-4b54-b9ce-55385a5f084d 2f986fe0ae544b588cf847a10a880de3 29d7adff32b64e4182229cf04a0448c7 - - default default] Successfully bumped revision number for resource 03dde86d-ac0b-488e-abb4-2a2fff06286c (type: ports) to 1
2026-05-20 04:43:39.383 7 WARNING neutron.scheduler.dhcp_agent_scheduler [None req-f4f07221-f5ff-4b54-b9ce-55385a5f084d 2f986fe0ae544b588cf847a10a880de3 29d7adff32b64e4182229cf04a0448c7 - - default default] No more DHCP agents
2026-05-20 04:43:39.385 7 WARNING neutron.api.rpc.agentnotifiers.dhcp_rpc_agent_api [None req-f4f07221-f5ff-4b54-b9ce-55385a5f084d 2f986fe0ae544b588cf847a10a880de3 29d7adff32b64e4182229cf04a0448c7 - - default default] Unable to schedule network aafc5524-6eb5-4ab0-b951-07fa5ce8a9d8: no agents available; will retry on subsequent port and subnet creation events.
2026-05-20 04:43:39.438 7 INFO neutron.plugins.ml2.drivers.ovn.mech_driver.mech_driver [None req-d78a1d25-d9be-46c4-9387-5adb9c3317ae - - - - - -] OVN reports status down for port: bf93d717-2878-4250-a66e-4df3f6759ba1 [pid: 8|app: 0|req: 463/960] 10.0.0.208 () {32 vars in 774 bytes} [Wed May 20 04:43:39 2026] GET /v2.0/security-groups?tenant_id=3e34b28e44214c068e142cd28fd3f368&name=default => generated 2925 bytes in 221 msecs (HTTP/1.1 200) 4 headers in 158 bytes (1 switches on core 0)
2026-05-20 04:43:39.519 7 INFO neutron.db.ovn_revision_numbers_db [None req-f4f07221-f5ff-4b54-b9ce-55385a5f084d 2f986fe0ae544b588cf847a10a880de3 29d7adff32b64e4182229cf04a0448c7 - - default default] Successfully bumped revision number for resource bf93d717-2878-4250-a66e-4df3f6759ba1 (type: ports) to 1 [pid: 7|app: 0|req: 498/961] 10.0.0.208 () {34 vars in 665 bytes} [Wed May 20 04:43:38 2026] POST /v2.0/ports => generated 1506 bytes in 897 msecs (HTTP/1.1 201) 4 headers in 163 bytes (1 switches on core 0) /var/lib/openstack/lib/python3.12/site-packages/pycadf/identifier.py:70: UserWarning: Invalid uuid: neutron. To ensure interoperability, identifiers should be a valid uuid. warnings.warn(('Invalid uuid: %s. To ensure interoperability, '
2026-05-20 04:43:39.746 7 INFO neutron.plugins.ml2.drivers.ovn.mech_driver.mech_driver [None req-d78a1d25-d9be-46c4-9387-5adb9c3317ae - - - - - -] OVN reports status down for port: 2dfe7c16-f85c-4187-9de8-7a31d79cb16b [pid: 8|app: 0|req: 464/962] 10.0.0.208 () {32 vars in 740 bytes} [Wed May 20 04:43:39 2026] DELETE /v2.0/security-groups/d984fa52-077e-46cb-b7d7-1565cca57196 => generated 0 bytes in 316 msecs (HTTP/1.1 204) 2 headers in 112 bytes (1 switches on core 0) [pid: 7|app: 0|req: 499/963] 10.0.0.208 () {32 vars in 643 bytes} [Wed May 20 04:43:39 2026] GET /v2.0/ports => generated 3018 bytes in 112 msecs (HTTP/1.1 200) 4 headers in 158 bytes (1 switches on core 0)
2026-05-20 04:43:39.910 7 INFO neutron.notifiers.nova [-] Nova event matching ['req-6e0e5566-3242-47e0-b14e-c1511a58e61e'] response: {'server_uuid': '06b75fe8-8221-4f8a-9804-94e6c3b6d48a', 'name': 'network-vif-unplugged', 'status': 'completed', 'tag': '2dfe7c16-f85c-4187-9de8-7a31d79cb16b', 'code': 200}
2026-05-20 04:43:39.945 8 INFO neutron_taas.services.taas.taas_plugin [None req-77bf9083-74da-4b1c-bf9a-9709dd61092e 2f986fe0ae544b588cf847a10a880de3 29d7adff32b64e4182229cf04a0448c7 - - default default] TaaS: Handle Delete Port: 03dde86d-ac0b-488e-abb4-2a2fff06286c
2026-05-20 04:43:39.947 8 INFO neutron_taas.services.taas.tap_mirror_plugin [None req-77bf9083-74da-4b1c-bf9a-9709dd61092e 2f986fe0ae544b588cf847a10a880de3 29d7adff32b64e4182229cf04a0448c7 - - default default] Tap Mirror: Handle Delete Port: 03dde86d-ac0b-488e-abb4-2a2fff06286c [pid: 8|app: 0|req: 465/964] 10.0.0.208 () {32 vars in 720 bytes} [Wed May 20 04:43:39 2026] DELETE /v2.0/ports/03dde86d-ac0b-488e-abb4-2a2fff06286c => generated 0 bytes in 260 msecs (HTTP/1.1 204) 3 headers in 131 bytes (1 switches on core 0) [pid: 7|app: 0|req: 500/965] 10.0.0.5 () {34 vars in 988 bytes} [Wed May 20 04:43:39 2026] GET /v2.0/ports?device_id=06b75fe8-8221-4f8a-9804-94e6c3b6d48a => generated 969 bytes in 175 msecs (HTTP/1.1 200) 4 headers in 157 bytes (1 switches on core 0) [pid: 7|app: 0|req: 501/966] 10.0.0.5 () {34 vars in 1038 bytes} [Wed May 20 04:43:40 2026] GET /v2.0/security-groups?id=283bc64c-48d2-4ef7-af35-8130a4512f36&fields=id&fields=name => generated 113 bytes in 49 msecs (HTTP/1.1 200) 4 headers in 157 bytes (1 switches on core 0)
2026-05-20 04:43:40.163 7 INFO neutron.db.ovn_revision_numbers_db [None req-d78a1d25-d9be-46c4-9387-5adb9c3317ae - - - - - -] Successfully bumped revision number for resource 2dfe7c16-f85c-4187-9de8-7a31d79cb16b (type: ports) to 6
2026-05-20 04:43:40.175 8 INFO neutron_taas.services.taas.taas_plugin [None req-e95b1135-9098-4113-b8a5-0b533e496c32 2f986fe0ae544b588cf847a10a880de3 29d7adff32b64e4182229cf04a0448c7 - - default default] TaaS: Handle Delete Port: bf93d717-2878-4250-a66e-4df3f6759ba1
2026-05-20 04:43:40.177 8 INFO neutron_taas.services.taas.tap_mirror_plugin [None req-e95b1135-9098-4113-b8a5-0b533e496c32 2f986fe0ae544b588cf847a10a880de3 29d7adff32b64e4182229cf04a0448c7 - - default default] Tap Mirror: Handle Delete Port: bf93d717-2878-4250-a66e-4df3f6759ba1 [pid: 8|app: 0|req: 466/967] 10.0.0.208 () {32 vars in 720 bytes} [Wed May 20 04:43:40 2026] DELETE /v2.0/ports/bf93d717-2878-4250-a66e-4df3f6759ba1 => generated 0 bytes in 223 msecs (HTTP/1.1 204) 3 headers in 131 bytes (1 switches on core 0) /var/lib/openstack/lib/python3.12/site-packages/pycadf/identifier.py:70: UserWarning: Invalid uuid: neutron. To ensure interoperability, identifiers should be a valid uuid. warnings.warn(('Invalid uuid: %s. To ensure interoperability, ' [pid: 7|app: 0|req: 502/968] 10.0.0.208 () {32 vars in 643 bytes} [Wed May 20 04:43:40 2026] GET /v2.0/ports => generated 1523 bytes in 35 msecs (HTTP/1.1 200) 4 headers in 158 bytes (1 switches on core 0)
2026-05-20 04:43:40.397 8 INFO neutron.db.segments_db [None req-f114b77d-bfbf-4fd5-a25a-0c2c9d52579b 2f986fe0ae544b588cf847a10a880de3 29d7adff32b64e4182229cf04a0448c7 - - default default] Added segment d34bbcfe-7ddc-43de-ab40-e44d43277297 of type geneve for network 5e47fd24-5ef5-4194-8d51-5163d5958e6c
2026-05-20 04:43:40.497 8 INFO neutron.db.ovn_revision_numbers_db [None req-f114b77d-bfbf-4fd5-a25a-0c2c9d52579b 2f986fe0ae544b588cf847a10a880de3 29d7adff32b64e4182229cf04a0448c7 - - default default] Successfully bumped revision number for resource 5e47fd24-5ef5-4194-8d51-5163d5958e6c (type: networks) to 1
2026-05-20 04:43:40.624 8 WARNING neutron.scheduler.dhcp_agent_scheduler [None req-f114b77d-bfbf-4fd5-a25a-0c2c9d52579b 2f986fe0ae544b588cf847a10a880de3 29d7adff32b64e4182229cf04a0448c7 - - default default] No more DHCP agents
2026-05-20 04:43:40.625 8 WARNING neutron.api.rpc.agentnotifiers.dhcp_rpc_agent_api [None req-f114b77d-bfbf-4fd5-a25a-0c2c9d52579b 2f986fe0ae544b588cf847a10a880de3 29d7adff32b64e4182229cf04a0448c7 - - default default] Unable to schedule network 5e47fd24-5ef5-4194-8d51-5163d5958e6c: no agents available; will retry on subsequent port and subnet creation events.
2026-05-20 04:43:40.719 7 INFO neutron.plugins.ml2.drivers.ovn.mech_driver.mech_driver [None req-fa57544a-cda5-4434-b0ab-f6ef1a49faff - - - - - -] OVN reports status down for port: b604eca3-69a8-4844-b07c-3c06efce16b6
2026-05-20 04:43:40.730 8 INFO neutron.db.ovn_revision_numbers_db [None req-f114b77d-bfbf-4fd5-a25a-0c2c9d52579b 2f986fe0ae544b588cf847a10a880de3 29d7adff32b64e4182229cf04a0448c7 - - default default] Successfully bumped revision number for resource b604eca3-69a8-4844-b07c-3c06efce16b6 (type: ports) to 1 [pid: 8|app: 0|req: 467/969] 10.0.0.208 () {34 vars in 670 bytes} [Wed May 20 04:43:40 2026] POST /v2.0/networks => generated 672 bytes in 438 msecs (HTTP/1.1 201) 4 headers in 162 bytes (1 switches on core 0)
2026-05-20 04:43:40.877 7 INFO neutron.db.segments_db [None req-e514d4ad-5e6c-4119-bbba-d94f01fcfe0a 2f986fe0ae544b588cf847a10a880de3 29d7adff32b64e4182229cf04a0448c7 - - default default] Added segment 105f0d36-5040-49c1-86f8-572fae9317f4 of type geneve for network d606ae78-02d9-4bbb-bb85-d14d4fa3b229
2026-05-20 04:43:41.006 7 INFO neutron.db.ovn_revision_numbers_db [None req-e514d4ad-5e6c-4119-bbba-d94f01fcfe0a 2f986fe0ae544b588cf847a10a880de3 29d7adff32b64e4182229cf04a0448c7 - - default default] Successfully bumped revision number for resource d606ae78-02d9-4bbb-bb85-d14d4fa3b229 (type: networks) to 1
2026-05-20 04:43:41.188 7 WARNING neutron.scheduler.dhcp_agent_scheduler [None req-e514d4ad-5e6c-4119-bbba-d94f01fcfe0a 2f986fe0ae544b588cf847a10a880de3 29d7adff32b64e4182229cf04a0448c7 - - default default] No more DHCP agents
2026-05-20 04:43:41.189 7 WARNING neutron.api.rpc.agentnotifiers.dhcp_rpc_agent_api [None req-e514d4ad-5e6c-4119-bbba-d94f01fcfe0a 2f986fe0ae544b588cf847a10a880de3 29d7adff32b64e4182229cf04a0448c7 - - default default] Unable to schedule network d606ae78-02d9-4bbb-bb85-d14d4fa3b229: no agents available; will retry on subsequent port and subnet creation events.
2026-05-20 04:43:41.261 7 INFO neutron.plugins.ml2.drivers.ovn.mech_driver.mech_driver [None req-fa57544a-cda5-4434-b0ab-f6ef1a49faff - - - - - -] OVN reports status down for port: dc8f5034-50a2-4fbe-9f15-646abd46874f
2026-05-20 04:43:41.343 7 INFO neutron.db.ovn_revision_numbers_db [None req-e514d4ad-5e6c-4119-bbba-d94f01fcfe0a 2f986fe0ae544b588cf847a10a880de3 29d7adff32b64e4182229cf04a0448c7 - - default default] Successfully bumped revision number for resource dc8f5034-50a2-4fbe-9f15-646abd46874f (type: ports) to 1 [pid: 8|app: 0|req: 468/970] 10.0.0.5 () {34 vars in 988 bytes} [Wed May 20 04:43:41 2026] GET /v2.0/ports?device_id=06b75fe8-8221-4f8a-9804-94e6c3b6d48a => generated 969 bytes in 152 msecs (HTTP/1.1 200) 4 headers in 157 bytes (1 switches on core 0) [pid: 8|app: 0|req: 469/971] 10.0.0.5 () {34 vars in 1038 bytes} [Wed May 20 04:43:41 2026] GET /v2.0/security-groups?id=283bc64c-48d2-4ef7-af35-8130a4512f36&fields=id&fields=name => generated 113 bytes in 37 msecs (HTTP/1.1 200) 4 headers in 157 bytes (1 switches on core 0) [pid: 8|app: 0|req: 470/972] 10.0.0.208 () {32 vars in 623 bytes} [Wed May 20 04:43:41 2026] GET / => generated 151 bytes in 4 msecs (HTTP/1.1 200) 3 headers in 91 bytes (1 switches on core 0) [pid: 7|app: 0|req: 503/973] 10.0.0.208 () {34 vars in 670 bytes} [Wed May 20 04:43:40 2026] POST /v2.0/networks => generated 673 bytes in 1021 msecs (HTTP/1.1 201) 4 headers in 162 bytes (1 switches on core 0) [pid: 8|app: 0|req: 471/974] 10.0.0.208 () {32 vars in 633 bytes} [Wed May 20 04:43:41 2026] GET /v2.0/ => generated 632 bytes in 168 msecs (HTTP/1.1 200) 4 headers in 157 bytes (1 switches on core 0)
2026-05-20 04:43:41.951 7 INFO neutron.notifiers.nova [-] Nova event matching ['req-12bf2ae1-f525-4d97-adb7-4671795469e5'] response: {'server_uuid': '06b75fe8-8221-4f8a-9804-94e6c3b6d48a', 'name': 'network-vif-unplugged', 'status': 'completed', 'tag': '2dfe7c16-f85c-4187-9de8-7a31d79cb16b', 'code': 200}
2026-05-20 04:43:42.604 8 INFO neutron.db.ovn_revision_numbers_db [None req-368cb37d-0fe4-442f-b50f-2357b634d7cc e5be542de3664c098b1a88fb35998dc5 b0fe63b9b49345e8827bfce2b08690fa - - default default] Successfully bumped revision number for resource 2ab7d66d-b44d-4cfe-9ac4-92b0c168615c (type: security_groups) to 1
2026-05-20 04:43:42.615 8 INFO neutron.db.ovn_revision_numbers_db [None req-368cb37d-0fe4-442f-b50f-2357b634d7cc e5be542de3664c098b1a88fb35998dc5 b0fe63b9b49345e8827bfce2b08690fa - - default default] Successfully bumped revision number for resource 5459ecbe-3aca-46af-bc14-ce0515c08d9b (type: security_group_rules) to 0
2026-05-20 04:43:42.625 8 INFO neutron.db.ovn_revision_numbers_db [None req-368cb37d-0fe4-442f-b50f-2357b634d7cc e5be542de3664c098b1a88fb35998dc5 b0fe63b9b49345e8827bfce2b08690fa - - default default] Successfully bumped revision number for resource 8a2db525-fa08-4eb0-afc5-ea39fdddddfc (type: security_group_rules) to 0
2026-05-20 04:43:42.637 8 INFO neutron.db.ovn_revision_numbers_db [None req-368cb37d-0fe4-442f-b50f-2357b634d7cc e5be542de3664c098b1a88fb35998dc5 b0fe63b9b49345e8827bfce2b08690fa - - default default] Successfully bumped revision number for resource d6866e15-7a75-4481-af07-0ea76568c6fe (type: security_group_rules) to 0
2026-05-20 04:43:42.648 8 INFO neutron.db.ovn_revision_numbers_db [None req-368cb37d-0fe4-442f-b50f-2357b634d7cc e5be542de3664c098b1a88fb35998dc5 b0fe63b9b49345e8827bfce2b08690fa - - default default] Successfully bumped revision number for resource e2417d0c-7678-4c80-8ae6-6dbc742d248d (type: security_group_rules) to 0
2026-05-20 04:43:42.658 7 WARNING neutron.scheduler.dhcp_agent_scheduler [None req-2a38425f-642e-4978-bf9e-6827aec30873 2f986fe0ae544b588cf847a10a880de3 29d7adff32b64e4182229cf04a0448c7 - - default default] No more DHCP agents
2026-05-20 04:43:42.660 7 WARNING neutron.api.rpc.agentnotifiers.dhcp_rpc_agent_api [None req-2a38425f-642e-4978-bf9e-6827aec30873 2f986fe0ae544b588cf847a10a880de3 29d7adff32b64e4182229cf04a0448c7 - - default default] Unable to schedule network 5e47fd24-5ef5-4194-8d51-5163d5958e6c: no agents available; will retry on subsequent port and subnet creation events. [pid: 8|app: 0|req: 472/975] 10.0.0.208 () {32 vars in 774 bytes} [Wed May 20 04:43:42 2026] GET /v2.0/security-groups?tenant_id=4927cc016924475ba4a590fe016de0d5&name=default => generated 2925 bytes in 343 msecs (HTTP/1.1 200) 4 headers in 158 bytes (1 switches on core 0)
2026-05-20 04:43:42.708 7 INFO neutron.db.ovn_revision_numbers_db [None req-2a38425f-642e-4978-bf9e-6827aec30873 2f986fe0ae544b588cf847a10a880de3 29d7adff32b64e4182229cf04a0448c7 - - default default] Successfully bumped revision number for resource f86d7172-5005-4e89-b447-7a74b7315830 (type: subnets) to 0 [pid: 8|app: 0|req: 475/978] 10.0.0.5 () {34 vars in 988 bytes} [Wed May 20 04:43:42 2026] GET /v2.0/ports?device_id=06b75fe8-8221-4f8a-9804-94e6c3b6d48a => generated 969 bytes in 33 msecs (HTTP/1.1 200) 4 headers in 157 bytes (1 switches on core 0)
2026-05-20 04:43:42.737 7 WARNING neutron.scheduler.dhcp_agent_scheduler [None req-2a38425f-642e-4978-bf9e-6827aec30873 2f986fe0ae544b588cf847a10a880de3 29d7adff32b64e4182229cf04a0448c7 - - default default] No more DHCP agents
2026-05-20 04:43:42.739 7 WARNING neutron.api.rpc.agentnotifiers.dhcp_rpc_agent_api [None req-2a38425f-642e-4978-bf9e-6827aec30873 2f986fe0ae544b588cf847a10a880de3 29d7adff32b64e4182229cf04a0448c7 - - default default] Unable to schedule network d606ae78-02d9-4bbb-bb85-d14d4fa3b229: no agents available; will retry on subsequent port and subnet creation events.
2026-05-20 04:43:42.780 7 INFO neutron.db.ovn_revision_numbers_db [None req-2a38425f-642e-4978-bf9e-6827aec30873 2f986fe0ae544b588cf847a10a880de3 29d7adff32b64e4182229cf04a0448c7 - - default default] Successfully bumped revision number for resource fe866ab2-d460-4085-9327-7cabcd276197 (type: subnets) to 0 [pid: 7|app: 0|req: 504/979] 10.0.0.208 () {34 vars in 669 bytes} [Wed May 20 04:43:42 2026] POST /v2.0/subnets => generated 1323 bytes in 536 msecs (HTTP/1.1 201) 4 headers in 163 bytes (1 switches on core 0)
2026-05-20 04:43:42.851 7 INFO neutron.plugins.ml2.drivers.ovn.mech_driver.mech_driver [None req-fa57544a-cda5-4434-b0ab-f6ef1a49faff - - - - - -] OVN reports status up for port: 2dfe7c16-f85c-4187-9de8-7a31d79cb16b
2026-05-20 04:43:42.891 7 INFO neutron.plugins.ml2.plugin [None req-fa57544a-cda5-4434-b0ab-f6ef1a49faff - - - - - -] Attempt 1 to provision port 2dfe7c16-f85c-4187-9de8-7a31d79cb16b [pid: 7|app: 0|req: 505/980] 10.0.0.5 () {34 vars in 1038 bytes} [Wed May 20 04:43:42 2026] GET /v2.0/security-groups?id=283bc64c-48d2-4ef7-af35-8130a4512f36&fields=id&fields=name => generated 113 bytes in 124 msecs (HTTP/1.1 200) 4 headers in 157 bytes (1 switches on core 0) [pid: 7|app: 0|req: 506/981] 10.0.0.208 () {32 vars in 647 bytes} [Wed May 20 04:43:42 2026] GET /v2.0/subnets => generated 1959 bytes in 116 msecs (HTTP/1.1 200) 4 headers in 158 bytes (1 switches on core 0) [pid: 8|app: 0|req: 476/982] 10.0.0.208 () {32 vars in 740 bytes} [Wed May 20 04:43:42 2026] DELETE /v2.0/security-groups/2ab7d66d-b44d-4cfe-9ac4-92b0c168615c => generated 0 bytes in 346 msecs (HTTP/1.1 204) 2 headers in 112 bytes (1 switches on core 0) [pid: 7|app: 0|req: 507/983] 10.0.0.208 () {32 vars in 724 bytes} [Wed May 20 04:43:43 2026] DELETE /v2.0/subnets/f86d7172-5005-4e89-b447-7a74b7315830 => generated 0 bytes in 290 msecs (HTTP/1.1 204) 3 headers in 131 bytes (1 switches on core 0)
2026-05-20 04:43:43.372 7 INFO neutron.db.ovn_revision_numbers_db [None req-fa57544a-cda5-4434-b0ab-f6ef1a49faff - - - - - -] Successfully bumped revision number for resource 2dfe7c16-f85c-4187-9de8-7a31d79cb16b (type: ports) to 7 [pid: 8|app: 0|req: 477/984] 10.0.0.208 () {32 vars in 724 bytes} [Wed May 20 04:43:43 2026] DELETE /v2.0/subnets/fe866ab2-d460-4085-9327-7cabcd276197 => generated 0 bytes in 146 msecs (HTTP/1.1 204) 3 headers in 131 bytes (1 switches on core 0) /var/lib/openstack/lib/python3.12/site-packages/pycadf/identifier.py:70: UserWarning: Invalid uuid: neutron. To ensure interoperability, identifiers should be a valid uuid. warnings.warn(('Invalid uuid: %s. To ensure interoperability, ' [pid: 7|app: 0|req: 508/985] 10.0.0.208 () {32 vars in 647 bytes} [Wed May 20 04:43:43 2026] GET /v2.0/subnets => generated 649 bytes in 43 msecs (HTTP/1.1 200) 4 headers in 157 bytes (1 switches on core 0)
2026-05-20 04:43:43.730 8 INFO neutron_taas.services.taas.taas_plugin [None req-30dab071-3346-4071-ae20-de7399cb8f93 2f986fe0ae544b588cf847a10a880de3 29d7adff32b64e4182229cf04a0448c7 - - default default] TaaS: Handle Delete Port: dc8f5034-50a2-4fbe-9f15-646abd46874f
2026-05-20 04:43:43.734 8 INFO neutron_taas.services.taas.tap_mirror_plugin [None req-30dab071-3346-4071-ae20-de7399cb8f93 2f986fe0ae544b588cf847a10a880de3 29d7adff32b64e4182229cf04a0448c7 - - default default] Tap Mirror: Handle Delete Port: dc8f5034-50a2-4fbe-9f15-646abd46874f
2026-05-20 04:43:43.944 8 INFO neutron.services.segments.plugin [-] Segment 105f0d36-5040-49c1-86f8-572fae9317f4 resource provider aggregate not found
2026-05-20 04:43:43.949 8 INFO neutron.services.segments.plugin [-] Segment 105f0d36-5040-49c1-86f8-572fae9317f4 resource provider aggregate not found
2026-05-20 04:43:43.969 8 INFO neutron.services.segments.plugin [-] Segment 105f0d36-5040-49c1-86f8-572fae9317f4 resource provider not found; error: Placement Client Error (4xx): {"errors": [{"status": 404, "title": "Not Found", "detail": "The resource could not be found.\n\n No resource provider with uuid 105f0d36-5040-49c1-86f8-572fae9317f4 found for delete ", "request_id": "req-ea22186b-51c8-476a-baed-16b8aa455df9"}]}
2026-05-20 04:43:43.980 8 INFO neutron.services.segments.plugin [-] Segment 105f0d36-5040-49c1-86f8-572fae9317f4 resource provider not found; error: Placement Client Error (4xx): {"errors": [{"status": 404, "title": "Not Found", "detail": "The resource could not be found.\n\n No resource provider with uuid 105f0d36-5040-49c1-86f8-572fae9317f4 found for delete ", "request_id": "req-61eedb32-0756-4bac-a116-2878138251e0"}]} [pid: 8|app: 0|req: 478/986] 10.0.0.208 () {32 vars in 726 bytes} [Wed May 20 04:43:43 2026] DELETE /v2.0/networks/d606ae78-02d9-4bbb-bb85-d14d4fa3b229 => generated 0 bytes in 453 msecs (HTTP/1.1 204) 3 headers in 131 bytes (1 switches on core 0)
2026-05-20 04:43:44.035 7 INFO neutron.notifiers.nova [-] Nova event matching ['req-adf030b5-2c2e-4a8b-83a9-d77f78718c9f'] response: {'server_uuid': '06b75fe8-8221-4f8a-9804-94e6c3b6d48a', 'name': 'network-vif-plugged', 'status': 'completed', 'tag': '2dfe7c16-f85c-4187-9de8-7a31d79cb16b', 'code': 200}
2026-05-20 04:43:44.035 7 INFO neutron.notifiers.nova [-] Nova event matching ['req-adf030b5-2c2e-4a8b-83a9-d77f78718c9f'] response: {'server_uuid': '06b75fe8-8221-4f8a-9804-94e6c3b6d48a', 'name': 'network-vif-plugged', 'status': 'completed', 'tag': '2dfe7c16-f85c-4187-9de8-7a31d79cb16b', 'code': 200} [pid: 8|app: 0|req: 479/987] 10.0.0.5 () {34 vars in 988 bytes} [Wed May 20 04:43:44 2026] GET /v2.0/ports?device_id=06b75fe8-8221-4f8a-9804-94e6c3b6d48a => generated 971 bytes in 42 msecs (HTTP/1.1 200) 4 headers in 157 bytes (1 switches on core 0) [pid: 8|app: 0|req: 480/988] 10.0.0.5 () {34 vars in 1038 bytes} [Wed May 20 04:43:44 2026] GET /v2.0/security-groups?id=283bc64c-48d2-4ef7-af35-8130a4512f36&fields=id&fields=name => generated 113 bytes in 29 msecs (HTTP/1.1 200) 4 headers in 157 bytes (1 switches on core 0)
2026-05-20 04:43:44.150 7 INFO neutron_taas.services.taas.taas_plugin [None req-2085f8c6-97a2-46c4-b8a3-b5df60bf9aa6 2f986fe0ae544b588cf847a10a880de3 29d7adff32b64e4182229cf04a0448c7 - - default default] TaaS: Handle Delete Port: b604eca3-69a8-4844-b07c-3c06efce16b6
2026-05-20 04:43:44.154 7 INFO neutron_taas.services.taas.tap_mirror_plugin [None req-2085f8c6-97a2-46c4-b8a3-b5df60bf9aa6 2f986fe0ae544b588cf847a10a880de3 29d7adff32b64e4182229cf04a0448c7 - - default default] Tap Mirror: Handle Delete Port: b604eca3-69a8-4844-b07c-3c06efce16b6
2026-05-20 04:43:44.357 7 INFO neutron.services.segments.plugin [-] Segment d34bbcfe-7ddc-43de-ab40-e44d43277297 resource provider aggregate not found
2026-05-20 04:43:44.360 7 INFO neutron.services.segments.plugin [-] Segment d34bbcfe-7ddc-43de-ab40-e44d43277297 resource provider aggregate not found
2026-05-20 04:43:44.380 7 INFO neutron.services.segments.plugin [-] Segment d34bbcfe-7ddc-43de-ab40-e44d43277297 resource provider not found; error: Placement Client Error (4xx): {"errors": [{"status": 404, "title": "Not Found", "detail": "The resource could not be found.\n\n No resource provider with uuid d34bbcfe-7ddc-43de-ab40-e44d43277297 found for delete ", "request_id": "req-488f4485-4280-4460-8d4b-13e2e31c7880"}]}
2026-05-20 04:43:44.388 7 INFO neutron.services.segments.plugin [-] Segment d34bbcfe-7ddc-43de-ab40-e44d43277297 resource provider not found; error: Placement Client Error (4xx): {"errors": [{"status": 404, "title": "Not Found", "detail": "The resource could not be found.\n\n No resource provider with uuid d34bbcfe-7ddc-43de-ab40-e44d43277297 found for delete ", "request_id": "req-af36a024-c5c6-4a48-b8ed-6e30a439caa9"}]} [pid: 7|app: 0|req: 509/989] 10.0.0.208 () {32 vars in 726 bytes} [Wed May 20 04:43:44 2026] DELETE /v2.0/networks/5e47fd24-5ef5-4194-8d51-5163d5958e6c => generated 0 bytes in 398 msecs (HTTP/1.1 204) 3 headers in 131 bytes (1 switches on core 0)
2026-05-20 04:43:44.551 8 INFO neutron_taas.services.taas.taas_plugin [None req-17618283-df83-4271-8eb4-1404000fa70d 2f986fe0ae544b588cf847a10a880de3 29d7adff32b64e4182229cf04a0448c7 - - default default] TaaS: Handle Delete Port: 1d5f3342-e66a-4a41-aaa7-57136f73d000
2026-05-20 04:43:44.553 8 INFO neutron_taas.services.taas.tap_mirror_plugin [None req-17618283-df83-4271-8eb4-1404000fa70d 2f986fe0ae544b588cf847a10a880de3 29d7adff32b64e4182229cf04a0448c7 - - default default] Tap Mirror: Handle Delete Port: 1d5f3342-e66a-4a41-aaa7-57136f73d000 [pid: 8|app: 0|req: 481/990] 10.0.0.208 () {32 vars in 726 bytes} [Wed May 20 04:43:44 2026] DELETE /v2.0/networks/aafc5524-6eb5-4ab0-b951-07fa5ce8a9d8 => generated 0 bytes in 401 msecs (HTTP/1.1 204) 3 headers in 131 bytes (1 switches on core 0)
2026-05-20 04:43:44.962 7 INFO neutron_taas.services.taas.taas_plugin [None req-035b8e63-7f0e-4ede-bb4a-e8c02c7ab8cf 2f986fe0ae544b588cf847a10a880de3 29d7adff32b64e4182229cf04a0448c7 - - default default] TaaS: Handle Delete Port: 749d4463-30fa-4055-a034-60ed42d20652
2026-05-20 04:43:44.964 7 INFO neutron_taas.services.taas.tap_mirror_plugin [None req-035b8e63-7f0e-4ede-bb4a-e8c02c7ab8cf 2f986fe0ae544b588cf847a10a880de3 29d7adff32b64e4182229cf04a0448c7 - - default default] Tap Mirror: Handle Delete Port: 749d4463-30fa-4055-a034-60ed42d20652 [pid: 7|app: 0|req: 510/991] 10.0.0.208 () {32 vars in 726 bytes} [Wed May 20 04:43:44 2026] DELETE /v2.0/networks/5fa18892-4022-48ef-8219-9158581bf46d => generated 0 bytes in 403 msecs (HTTP/1.1 204) 3 headers in 131 bytes (1 switches on core 0) [pid: 8|app: 0|req: 482/992] 10.0.0.5 () {34 vars in 988 bytes} [Wed May 20 04:43:45 2026] GET /v2.0/ports?device_id=06b75fe8-8221-4f8a-9804-94e6c3b6d48a => generated 971 bytes in 45 msecs (HTTP/1.1 200) 4 headers in 157 bytes (1 switches on core 0) [pid: 7|app: 0|req: 511/993] 10.0.0.5 () {34 vars in 1038 bytes} [Wed May 20 04:43:45 2026] GET /v2.0/security-groups?id=283bc64c-48d2-4ef7-af35-8130a4512f36&fields=id&fields=name => generated 113 bytes in 32 msecs (HTTP/1.1 200) 4 headers in 157 bytes (1 switches on core 0) [pid: 8|app: 0|req: 483/994] 10.0.0.208 () {32 vars in 774 bytes} [Wed May 20 04:43:45 2026] GET /v2.0/security-groups?tenant_id=29d7adff32b64e4182229cf04a0448c7&name=default => generated 2925 bytes in 150 msecs (HTTP/1.1 200) 4 headers in 158 bytes (1 switches on core 0)
2026-05-20 04:43:45.993 8 INFO neutron.services.segments.plugin [-] Segment c0588b3d-4747-4412-9428-bd207120e165 resource provider aggregate not found
2026-05-20 04:43:46.001 8 INFO neutron.services.segments.plugin [-] Segment c0588b3d-4747-4412-9428-bd207120e165 resource provider aggregate not found
2026-05-20 04:43:46.009 8 INFO neutron.services.segments.plugin [-] Segment c0588b3d-4747-4412-9428-bd207120e165 resource provider not found; error: Placement Client Error (4xx): {"errors": [{"status": 404, "title": "Not Found", "detail": "The resource could not be found.\n\n No resource provider with uuid c0588b3d-4747-4412-9428-bd207120e165 found for delete ", "request_id": "req-a49b8fc7-a1a1-4192-84d3-7085c2f8cb63"}]}
2026-05-20 04:43:46.014 8 INFO neutron.services.segments.plugin [-] Segment c0588b3d-4747-4412-9428-bd207120e165 resource provider not found; error: Placement Client Error (4xx): {"errors": [{"status": 404, "title": "Not Found", "detail": "The resource could not be found.\n\n No resource provider with uuid c0588b3d-4747-4412-9428-bd207120e165 found for delete ", "request_id": "req-20606769-aa1d-411d-a4a3-6993086f1f07"}]} [pid: 7|app: 0|req: 512/995] 10.0.0.208 () {32 vars in 740 bytes} [Wed May 20 04:43:45 2026] DELETE /v2.0/security-groups/1f04fffc-6d06-4e7d-910a-cfc86dedd1dd => generated 0 bytes in 293 msecs (HTTP/1.1 204) 2 headers in 112 bytes (1 switches on core 0)
2026-05-20 04:43:46.400 7 INFO neutron.services.segments.plugin [-] Segment 2f291b1a-eb67-445d-9ab7-97610c8559e5 resource provider aggregate not found
2026-05-20 04:43:46.404 7 INFO neutron.services.segments.plugin [-] Segment 2f291b1a-eb67-445d-9ab7-97610c8559e5 resource provider aggregate not found
2026-05-20 04:43:46.418 7 INFO neutron.services.segments.plugin [-] Segment 2f291b1a-eb67-445d-9ab7-97610c8559e5 resource provider not found; error: Placement Client Error (4xx): {"errors": [{"status": 404, "title": "Not Found", "detail": "The resource could not be found.\n\n No resource provider with uuid 2f291b1a-eb67-445d-9ab7-97610c8559e5 found for delete ", "request_id": "req-145072e3-78f8-4798-8822-6ce7245c297e"}]}
2026-05-20 04:43:46.424 7 INFO neutron.services.segments.plugin [-] Segment 2f291b1a-eb67-445d-9ab7-97610c8559e5 resource provider not found; error: Placement Client Error (4xx): {"errors": [{"status": 404, "title": "Not Found", "detail": "The resource could not be found.\n\n No resource provider with uuid 2f291b1a-eb67-445d-9ab7-97610c8559e5 found for delete ", "request_id": "req-70c02def-0fc1-4b81-a1ae-7fdc3fd8cc5d"}]}
2026-05-20 04:43:48.005 8 INFO neutron.db.ovn_revision_numbers_db [None req-b429feb5-fb9b-4f4d-b681-99f0641cf724 e5be542de3664c098b1a88fb35998dc5 b0fe63b9b49345e8827bfce2b08690fa - - default default] Successfully bumped revision number for resource 686a8230-4681-40b9-a832-6c49240f7b72 (type: security_groups) to 1
2026-05-20 04:43:48.021 8 INFO neutron.db.ovn_revision_numbers_db [None req-b429feb5-fb9b-4f4d-b681-99f0641cf724 e5be542de3664c098b1a88fb35998dc5 b0fe63b9b49345e8827bfce2b08690fa - - default default] Successfully bumped revision number for resource 5ed0f338-7e31-47b3-91e6-e2af71cc5f30 (type: security_group_rules) to 0
2026-05-20 04:43:48.037 8 INFO neutron.db.ovn_revision_numbers_db [None req-b429feb5-fb9b-4f4d-b681-99f0641cf724 e5be542de3664c098b1a88fb35998dc5 b0fe63b9b49345e8827bfce2b08690fa - - default default] Successfully bumped revision number for resource 963bcb91-b2f0-4918-9406-f0d2b2ad038f (type: security_group_rules) to 0
2026-05-20 04:43:48.064 8 INFO neutron.db.ovn_revision_numbers_db [None req-b429feb5-fb9b-4f4d-b681-99f0641cf724 e5be542de3664c098b1a88fb35998dc5 b0fe63b9b49345e8827bfce2b08690fa - - default default] Successfully bumped revision number for resource a6e3106b-20e2-4723-9d4d-f36d18d73fe4 (type: security_group_rules) to 0
2026-05-20 04:43:48.089 8 INFO neutron.db.ovn_revision_numbers_db [None req-b429feb5-fb9b-4f4d-b681-99f0641cf724 e5be542de3664c098b1a88fb35998dc5 b0fe63b9b49345e8827bfce2b08690fa - - default default] Successfully bumped revision number for resource f624e1e3-1dbb-44f5-8441-3f317bb2057b (type: security_group_rules) to 0 [pid: 8|app: 0|req: 484/996] 10.0.0.208 () {32 vars in 774 bytes} [Wed May 20 04:43:47 2026] GET /v2.0/security-groups?tenant_id=d666e3235b894e08aea12e43221f8593&name=default => generated 2925 bytes in 428 msecs (HTTP/1.1 200) 4 headers in 158 bytes (1 switches on core 0)
2026-05-20 04:43:48.181 7 INFO neutron.db.ovn_revision_numbers_db [None req-2efa4933-c285-4194-b948-4ad3233d7843 e1ad80ce619342b3a410f6f53e99c52d fec3e094420d44059badbf2a6fb7ddbb - - default default] Successfully bumped revision number for resource 300ff499-d362-40ae-b9a1-ff6efabc6db6 (type: security_groups) to 1
2026-05-20 04:43:48.195 7 INFO neutron.db.ovn_revision_numbers_db [None req-2efa4933-c285-4194-b948-4ad3233d7843 e1ad80ce619342b3a410f6f53e99c52d fec3e094420d44059badbf2a6fb7ddbb - - default default] Successfully bumped revision number for resource 849e8d6c-06ab-4177-97d5-4debe9084816 (type: security_group_rules) to 0
2026-05-20 04:43:48.205 7 INFO neutron.db.ovn_revision_numbers_db [None req-2efa4933-c285-4194-b948-4ad3233d7843 e1ad80ce619342b3a410f6f53e99c52d fec3e094420d44059badbf2a6fb7ddbb - - default default] Successfully bumped revision number for resource a7c89ad0-918e-49ab-a19c-b050f6903131 (type: security_group_rules) to 0
2026-05-20 04:43:48.218 7 INFO neutron.db.ovn_revision_numbers_db [None req-2efa4933-c285-4194-b948-4ad3233d7843 e1ad80ce619342b3a410f6f53e99c52d fec3e094420d44059badbf2a6fb7ddbb - - default default] Successfully bumped revision number for resource aa719355-3b72-4b77-9507-8a0ae81048cc (type: security_group_rules) to 0
2026-05-20 04:43:48.229 7 INFO neutron.db.ovn_revision_numbers_db [None req-2efa4933-c285-4194-b948-4ad3233d7843 e1ad80ce619342b3a410f6f53e99c52d fec3e094420d44059badbf2a6fb7ddbb - - default default] Successfully bumped revision number for resource b6b80fd9-9325-4ad6-b36b-2e7c101b0913 (type: security_group_rules) to 0
2026-05-20 04:43:48.315 7 INFO neutron.db.segments_db [None req-2efa4933-c285-4194-b948-4ad3233d7843 e1ad80ce619342b3a410f6f53e99c52d fec3e094420d44059badbf2a6fb7ddbb - - default default] Added segment 18b888e3-d4e8-41ac-8b10-bdb4436a6b5d of type geneve for network 47f6a85b-57f0-425c-8185-adaa77b1837b [pid: 8|app: 0|req: 485/997] 10.0.0.208 () {32 vars in 740 bytes} [Wed May 20 04:43:48 2026] DELETE /v2.0/security-groups/686a8230-4681-40b9-a832-6c49240f7b72 => generated 0 bytes in 235 msecs (HTTP/1.1 204) 2 headers in 112 bytes (1 switches on core 0)
2026-05-20 04:43:48.456 7 INFO neutron.db.ovn_revision_numbers_db [None req-2efa4933-c285-4194-b948-4ad3233d7843 e1ad80ce619342b3a410f6f53e99c52d fec3e094420d44059badbf2a6fb7ddbb - - default default] Successfully bumped revision number for resource 47f6a85b-57f0-425c-8185-adaa77b1837b (type: networks) to 1
2026-05-20 04:43:48.606 8 INFO neutron.db.ovn_revision_numbers_db [None req-52114385-34d5-47d7-95e5-7a02552aaafa e5be542de3664c098b1a88fb35998dc5 b0fe63b9b49345e8827bfce2b08690fa - - default default] Successfully bumped revision number for resource 113971f6-a5d5-4d36-862d-e8fe159fd34b (type: security_groups) to 1
2026-05-20 04:43:48.619 8 INFO neutron.db.ovn_revision_numbers_db [None req-52114385-34d5-47d7-95e5-7a02552aaafa e5be542de3664c098b1a88fb35998dc5 b0fe63b9b49345e8827bfce2b08690fa - - default default] Successfully bumped revision number for resource 05ebb750-1b75-4962-b0b2-65b5504afb25 (type: security_group_rules) to 0
2026-05-20 04:43:48.639 8 INFO neutron.db.ovn_revision_numbers_db [None req-52114385-34d5-47d7-95e5-7a02552aaafa e5be542de3664c098b1a88fb35998dc5 b0fe63b9b49345e8827bfce2b08690fa - - default default] Successfully bumped revision number for resource 60e0ef09-d43c-4dbc-97c9-5614ee7b346f (type: security_group_rules) to 0
2026-05-20 04:43:48.642 7 WARNING neutron.scheduler.dhcp_agent_scheduler [None req-2efa4933-c285-4194-b948-4ad3233d7843 e1ad80ce619342b3a410f6f53e99c52d fec3e094420d44059badbf2a6fb7ddbb - - default default] No more DHCP agents
2026-05-20 04:43:48.644 7 WARNING neutron.api.rpc.agentnotifiers.dhcp_rpc_agent_api [None req-2efa4933-c285-4194-b948-4ad3233d7843 e1ad80ce619342b3a410f6f53e99c52d fec3e094420d44059badbf2a6fb7ddbb - - default default] Unable to schedule network 47f6a85b-57f0-425c-8185-adaa77b1837b: no agents available; will retry on subsequent port and subnet creation events.
2026-05-20 04:43:48.662 8 INFO neutron.db.ovn_revision_numbers_db [None req-52114385-34d5-47d7-95e5-7a02552aaafa e5be542de3664c098b1a88fb35998dc5 b0fe63b9b49345e8827bfce2b08690fa - - default default] Successfully bumped revision number for resource aea82c08-e7ee-4c40-ba48-d1763379d59e (type: security_group_rules) to 0
2026-05-20 04:43:48.686 8 INFO neutron.db.ovn_revision_numbers_db [None req-52114385-34d5-47d7-95e5-7a02552aaafa e5be542de3664c098b1a88fb35998dc5 b0fe63b9b49345e8827bfce2b08690fa - - default default] Successfully bumped revision number for resource fe422c7e-8a37-44ef-8730-563c7ce5c68d (type: security_group_rules) to 0
2026-05-20 04:43:48.696 7 INFO neutron.plugins.ml2.drivers.ovn.mech_driver.mech_driver [None req-73845e3d-7835-44e1-b280-8e7b5de061a8 - - - - - -] OVN reports status down for port: f788c5e1-b4c4-4891-aaa2-fe2622ea2d03 [pid: 8|app: 0|req: 486/998] 10.0.0.208 () {32 vars in 774 bytes} [Wed May 20 04:43:48 2026] GET /v2.0/security-groups?tenant_id=457da319dcc74b5fac3a1c356d200578&name=default => generated 2925 bytes in 265 msecs (HTTP/1.1 200) 4 headers in 158 bytes (1 switches on core 0)
2026-05-20 04:43:48.736 7 INFO neutron.db.ovn_revision_numbers_db [None req-2efa4933-c285-4194-b948-4ad3233d7843 e1ad80ce619342b3a410f6f53e99c52d fec3e094420d44059badbf2a6fb7ddbb - - default default] Successfully bumped revision number for resource f788c5e1-b4c4-4891-aaa2-fe2622ea2d03 (type: ports) to 1 [pid: 7|app: 0|req: 513/999] 10.0.0.208 () {34 vars in 670 bytes} [Wed May 20 04:43:47 2026] POST /v2.0/networks => generated 663 bytes in 805 msecs (HTTP/1.1 201) 4 headers in 162 bytes (1 switches on core 0) [pid: 8|app: 0|req: 487/1000] 10.0.0.208 () {32 vars in 740 bytes} [Wed May 20 04:43:48 2026] DELETE /v2.0/security-groups/113971f6-a5d5-4d36-862d-e8fe159fd34b => generated 0 bytes in 220 msecs (HTTP/1.1 204) 2 headers in 112 bytes (1 switches on core 0)
2026-05-20 04:43:48.983 7 WARNING neutron.scheduler.dhcp_agent_scheduler [None req-ff89ffc6-21f3-4aa2-9da6-c9d6d72e9ca7 e1ad80ce619342b3a410f6f53e99c52d fec3e094420d44059badbf2a6fb7ddbb - - default default] No more DHCP agents
2026-05-20 04:43:48.987 7 WARNING neutron.api.rpc.agentnotifiers.dhcp_rpc_agent_api [None req-ff89ffc6-21f3-4aa2-9da6-c9d6d72e9ca7 e1ad80ce619342b3a410f6f53e99c52d fec3e094420d44059badbf2a6fb7ddbb - - default default] Unable to schedule network 47f6a85b-57f0-425c-8185-adaa77b1837b: no agents available; will retry on subsequent port and subnet creation events.
2026-05-20 04:43:49.424 7 INFO neutron.db.ovn_revision_numbers_db [None req-67267453-e1c3-495d-b19a-22e81fd53563 - - - - - -] Successfully bumped revision number for resource f788c5e1-b4c4-4891-aaa2-fe2622ea2d03 (type: ports) to 2
2026-05-20 04:43:49.460 7 INFO neutron.db.ovn_revision_numbers_db [None req-67267453-e1c3-495d-b19a-22e81fd53563 - - - - - -] Successfully bumped revision number for resource 4203cd06-7f04-4cac-9477-0cff47261948 (type: subnets) to 0 [pid: 7|app: 0|req: 514/1001] 10.0.0.208 () {34 vars in 669 bytes} [Wed May 20 04:43:48 2026] POST /v2.0/subnets => generated 641 bytes in 670 msecs (HTTP/1.1 201) 4 headers in 162 bytes (1 switches on core 0)
2026-05-20 04:43:49.568 8 INFO neutron.db.segments_db [None req-0684b533-225b-4aa8-85ff-cda7ef9d1a75 e1ad80ce619342b3a410f6f53e99c52d fec3e094420d44059badbf2a6fb7ddbb - - default default] Added segment 041f5544-46df-4a53-93f6-c55918e52aa4 of type geneve for network 8e2de43a-399e-4ad7-92ac-8a17850d39eb
2026-05-20 04:43:49.761 8 INFO neutron.db.ovn_revision_numbers_db [None req-0684b533-225b-4aa8-85ff-cda7ef9d1a75 e1ad80ce619342b3a410f6f53e99c52d fec3e094420d44059badbf2a6fb7ddbb - - default default] Successfully bumped revision number for resource 8e2de43a-399e-4ad7-92ac-8a17850d39eb (type: networks) to 1
2026-05-20 04:43:49.928 8 WARNING neutron.scheduler.dhcp_agent_scheduler [None req-0684b533-225b-4aa8-85ff-cda7ef9d1a75 e1ad80ce619342b3a410f6f53e99c52d fec3e094420d44059badbf2a6fb7ddbb - - default default] No more DHCP agents
2026-05-20 04:43:49.929 8 WARNING neutron.api.rpc.agentnotifiers.dhcp_rpc_agent_api [None req-0684b533-225b-4aa8-85ff-cda7ef9d1a75 e1ad80ce619342b3a410f6f53e99c52d fec3e094420d44059badbf2a6fb7ddbb - - default default] Unable to schedule network 8e2de43a-399e-4ad7-92ac-8a17850d39eb: no agents available; will retry on subsequent port and subnet creation events.
2026-05-20 04:43:49.969 8 INFO neutron.plugins.ml2.drivers.ovn.mech_driver.mech_driver [None req-b5567b7b-4c6a-49db-89bf-a954ed4bebb9 - - - - - -] OVN reports status down for port: a57c4bcd-9f08-472a-89c3-6a32f0d0369d
2026-05-20 04:43:50.021 8 INFO neutron.db.ovn_revision_numbers_db [None req-0684b533-225b-4aa8-85ff-cda7ef9d1a75 e1ad80ce619342b3a410f6f53e99c52d fec3e094420d44059badbf2a6fb7ddbb - - default default] Successfully bumped revision number for resource a57c4bcd-9f08-472a-89c3-6a32f0d0369d (type: ports) to 1 [pid: 8|app: 0|req: 488/1002] 10.0.0.208 () {34 vars in 670 bytes} [Wed May 20 04:43:49 2026] POST /v2.0/networks => generated 663 bytes in 584 msecs (HTTP/1.1 201) 4 headers in 162 bytes (1 switches on core 0)
2026-05-20 04:43:50.229 7 INFO neutron.db.ovn_revision_numbers_db [None req-daf5e7e7-17bb-40b1-bc75-d2e31e41619f e1ad80ce619342b3a410f6f53e99c52d fec3e094420d44059badbf2a6fb7ddbb - - default default] Successfully bumped revision number for resource 8e2de43a-399e-4ad7-92ac-8a17850d39eb (type: networks) to 2 [pid: 7|app: 0|req: 515/1003] 10.0.0.208 () {34 vars in 743 bytes} [Wed May 20 04:43:50 2026] PUT /v2.0/networks/8e2de43a-399e-4ad7-92ac-8a17850d39eb => generated 636 bytes in 164 msecs (HTTP/1.1 200) 4 headers in 157 bytes (1 switches on core 0)
2026-05-20 04:43:50.414 8 WARNING neutron.scheduler.dhcp_agent_scheduler [None req-e702b523-b196-4f43-a747-81488d518d0c e1ad80ce619342b3a410f6f53e99c52d fec3e094420d44059badbf2a6fb7ddbb - - default default] No more DHCP agents
2026-05-20 04:43:50.415 8 WARNING neutron.api.rpc.agentnotifiers.dhcp_rpc_agent_api [None req-e702b523-b196-4f43-a747-81488d518d0c e1ad80ce619342b3a410f6f53e99c52d fec3e094420d44059badbf2a6fb7ddbb - - default default] Unable to schedule network 8e2de43a-399e-4ad7-92ac-8a17850d39eb: no agents available; will retry on subsequent port and subnet creation events.
2026-05-20 04:43:50.899 8 INFO neutron.db.ovn_revision_numbers_db [None req-2b327c19-7d64-47f9-8fcb-d1a8aa716f93 - - - - - -] Successfully bumped revision number for resource a57c4bcd-9f08-472a-89c3-6a32f0d0369d (type: ports) to 2
2026-05-20 04:43:50.939 8 INFO neutron.db.ovn_revision_numbers_db [None req-2b327c19-7d64-47f9-8fcb-d1a8aa716f93 - - - - - -] Successfully bumped revision number for resource f2dcdd15-8329-4348-8e4f-6183b87bc40e (type: subnets) to 0 [pid: 8|app: 0|req: 489/1004] 10.0.0.208 () {34 vars in 669 bytes} [Wed May 20 04:43:50 2026] POST /v2.0/subnets => generated 626 bytes in 712 msecs (HTTP/1.1 201) 4 headers in 162 bytes (1 switches on core 0)
2026-05-20 04:43:51.203 7 INFO neutron.db.ovn_revision_numbers_db [None req-0e43f26d-e347-44c0-8268-358af69fcdf7 e1ad80ce619342b3a410f6f53e99c52d fec3e094420d44059badbf2a6fb7ddbb - - default default] Successfully bumped revision number for resource f2dcdd15-8329-4348-8e4f-6183b87bc40e (type: subnets) to 1 [pid: 7|app: 0|req: 516/1005] 10.0.0.208 () {34 vars in 741 bytes} [Wed May 20 04:43:50 2026] PUT /v2.0/subnets/f2dcdd15-8329-4348-8e4f-6183b87bc40e => generated 636 bytes in 248 msecs (HTTP/1.1 200) 4 headers in 157 bytes (1 switches on core 0)
2026-05-20 04:43:51.336 8 INFO neutron_taas.services.taas.taas_plugin [None req-d6e2be1f-6650-4fab-9b62-0ca1f0342185 e1ad80ce619342b3a410f6f53e99c52d fec3e094420d44059badbf2a6fb7ddbb - - default default] TaaS: Handle Delete Port: a57c4bcd-9f08-472a-89c3-6a32f0d0369d
2026-05-20 04:43:51.338 8 INFO neutron_taas.services.taas.tap_mirror_plugin [None req-d6e2be1f-6650-4fab-9b62-0ca1f0342185 e1ad80ce619342b3a410f6f53e99c52d fec3e094420d44059badbf2a6fb7ddbb - - default default] Tap Mirror: Handle Delete Port: a57c4bcd-9f08-472a-89c3-6a32f0d0369d
2026-05-20 04:43:51.608 8 INFO neutron.services.segments.plugin [-] Segment 041f5544-46df-4a53-93f6-c55918e52aa4 resource provider aggregate not found
2026-05-20 04:43:51.611 8 INFO neutron.services.segments.plugin [-] Segment 041f5544-46df-4a53-93f6-c55918e52aa4 resource provider aggregate not found
2026-05-20 04:43:51.627 8 INFO neutron.services.segments.plugin [-] Segment 041f5544-46df-4a53-93f6-c55918e52aa4 resource provider not found; error: Placement Client Error (4xx): {"errors": [{"status": 404, "title": "Not Found", "detail": "The resource could not be found.\n\n No resource provider with uuid 041f5544-46df-4a53-93f6-c55918e52aa4 found for delete ", "request_id": "req-23e0523d-1302-42d7-8681-01389abaef16"}]}
2026-05-20 04:43:51.633 8 INFO neutron.services.segments.plugin [-] Segment 041f5544-46df-4a53-93f6-c55918e52aa4 resource provider not found; error: Placement Client Error (4xx): {"errors": [{"status": 404, "title": "Not Found", "detail": "The resource could not be found.\n\n No resource provider with uuid 041f5544-46df-4a53-93f6-c55918e52aa4 found for delete ", "request_id": "req-5bb5f030-fb1f-4d09-9a26-88b8dfa75de1"}]} [pid: 8|app: 0|req: 490/1006] 10.0.0.208 () {32 vars in 726 bytes} [Wed May 20 04:43:51 2026] DELETE /v2.0/networks/8e2de43a-399e-4ad7-92ac-8a17850d39eb => generated 0 bytes in 441 msecs (HTTP/1.1 204) 3 headers in 131 bytes (1 switches on core 0)
2026-05-20 04:43:51.675 7 INFO neutron.pecan_wsgi.hooks.translation [None req-fab439b6-9bad-44f8-8f3c-19447de00ae3 e1ad80ce619342b3a410f6f53e99c52d fec3e094420d44059badbf2a6fb7ddbb - - default default] DELETE failed (client error): The resource could not be found. [pid: 7|app: 0|req: 517/1007] 10.0.0.208 () {32 vars in 726 bytes} [Wed May 20 04:43:51 2026] DELETE /v2.0/networks/8e2de43a-399e-4ad7-92ac-8a17850d39eb => generated 138 bytes in 19 msecs (HTTP/1.1 404) 4 headers in 164 bytes (1 switches on core 0) [pid: 8|app: 0|req: 491/1008] 10.0.0.208 () {32 vars in 694 bytes} [Wed May 20 04:43:51 2026] GET /v2.0/networks?router%3Aexternal=True => generated 689 bytes in 54 msecs (HTTP/1.1 200) 4 headers in 157 bytes (1 switches on core 0) [pid: 7|app: 0|req: 518/1009] 10.0.0.208 () {32 vars in 742 bytes} [Wed May 20 04:43:51 2026] GET /v2.0/subnets?network_id=e91867c6-7717-409d-bfae-96fdf9d764c8 => generated 649 bytes in 26 msecs (HTTP/1.1 200) 4 headers in 157 bytes (1 switches on core 0) [pid: 8|app: 0|req: 492/1010] 10.0.0.208 () {32 vars in 653 bytes} [Wed May 20 04:43:51 2026] GET /v2.0/extensions => generated 20541 bytes in 7 msecs (HTTP/1.1 200) 4 headers in 159 bytes (1 switches on core 0) [pid: 7|app: 0|req: 519/1011] 10.0.0.208 () {32 vars in 649 bytes} [Wed May 20 04:43:51 2026] GET /v2.0/networks => generated 1385 bytes in 54 msecs (HTTP/1.1 200) 4 headers in 158 bytes (1 switches on core 0) [pid: 8|app: 0|req: 493/1012] 10.0.0.208 () {32 vars in 647 bytes} [Wed May 20 04:43:51 2026] GET /v2.0/subnets => generated 1280 bytes in 40 msecs (HTTP/1.1 200) 4 headers in 158 bytes (1 switches on core 0) [pid: 7|app: 0|req: 520/1013] 10.0.0.208 () {32 vars in 723 bytes} [Wed May 20 04:43:51 2026] GET /v2.0/networks/47f6a85b-57f0-425c-8185-adaa77b1837b => generated 707 bytes in 60 msecs (HTTP/1.1 200) 4 headers in 157 bytes (1 switches on core 0) [pid: 8|app: 0|req: 494/1014] 10.0.0.208 () {32 vars in 721 bytes} [Wed May 20 04:43:51 2026] GET /v2.0/subnets/4203cd06-7f04-4cac-9477-0cff47261948 => generated 641 bytes in 22 msecs (HTTP/1.1 200) 4 headers in 157 bytes (1 switches on core 0)
2026-05-20 04:43:52.010 7 INFO neutron.pecan_wsgi.hooks.translation [None req-fbfe5bfe-9ac3-4822-8f96-766bf9d74fe6 e1ad80ce619342b3a410f6f53e99c52d fec3e094420d44059badbf2a6fb7ddbb - - default default] DELETE failed (client error): The resource could not be found. [pid: 7|app: 0|req: 521/1015] 10.0.0.208 () {32 vars in 724 bytes} [Wed May 20 04:43:51 2026] DELETE /v2.0/subnets/f2dcdd15-8329-4348-8e4f-6183b87bc40e => generated 136 bytes in 16 msecs (HTTP/1.1 404) 4 headers in 164 bytes (1 switches on core 0)
2026-05-20 04:43:52.036 8 INFO neutron.pecan_wsgi.hooks.translation [None req-1809f96f-7865-42e1-b1bb-153c3bd6948b e1ad80ce619342b3a410f6f53e99c52d fec3e094420d44059badbf2a6fb7ddbb - - default default] DELETE failed (client error): The resource could not be found. [pid: 8|app: 0|req: 495/1016] 10.0.0.208 () {32 vars in 726 bytes} [Wed May 20 04:43:52 2026] DELETE /v2.0/networks/8e2de43a-399e-4ad7-92ac-8a17850d39eb => generated 138 bytes in 21 msecs (HTTP/1.1 404) 4 headers in 164 bytes (1 switches on core 0) [pid: 8|app: 0|req: 496/1017] 10.0.0.208 () {32 vars in 724 bytes} [Wed May 20 04:43:52 2026] DELETE /v2.0/subnets/4203cd06-7f04-4cac-9477-0cff47261948 => generated 0 bytes in 187 msecs (HTTP/1.1 204) 3 headers in 131 bytes (1 switches on core 0)
2026-05-20 04:43:52.309 7 INFO neutron.db.ovn_revision_numbers_db [None req-256fcfbe-5db8-409e-9e0f-0c07905259cc e5be542de3664c098b1a88fb35998dc5 b0fe63b9b49345e8827bfce2b08690fa - - default default] Successfully bumped revision number for resource f11170e1-429a-42c8-b47c-f81bb61d3346 (type: security_groups) to 1
2026-05-20 04:43:52.328 7 INFO neutron.db.ovn_revision_numbers_db [None req-256fcfbe-5db8-409e-9e0f-0c07905259cc e5be542de3664c098b1a88fb35998dc5 b0fe63b9b49345e8827bfce2b08690fa - - default default] Successfully bumped revision number for resource 0b435c5b-8354-4b87-9caf-b3b9185b6eaf (type: security_group_rules) to 0
2026-05-20 04:43:52.347 7 INFO neutron.db.ovn_revision_numbers_db [None req-256fcfbe-5db8-409e-9e0f-0c07905259cc e5be542de3664c098b1a88fb35998dc5 b0fe63b9b49345e8827bfce2b08690fa - - default default] Successfully bumped revision number for resource 47c479b6-3ee3-4794-a1dd-0d1eb4d90517 (type: security_group_rules) to 0
