2026-05-20 04:47:15.588 7 INFO neutron_taas.services.taas.taas_plugin [None req-0a976818-9cfd-4673-8c98-4f14b35b0206 - - - - - -] TaaS: Handle Delete Port: 5ca5fffc-8c48-4125-9969-dd5e8bed851c
2026-05-20 04:47:15.591 7 INFO neutron_taas.services.taas.tap_mirror_plugin [None req-0a976818-9cfd-4673-8c98-4f14b35b0206 - - - - - -] Tap Mirror: Handle Delete Port: 5ca5fffc-8c48-4125-9969-dd5e8bed851c
2026-05-20 04:47:16.440 7 INFO neutron_taas.services.taas.taas_plugin [None req-0a976818-9cfd-4673-8c98-4f14b35b0206 - - - - - -] TaaS: Handle Delete Port: 06f369b7-36c0-47ba-be76-552a702db6fc
2026-05-20 04:47:16.445 7 INFO neutron_taas.services.taas.tap_mirror_plugin [None req-0a976818-9cfd-4673-8c98-4f14b35b0206 - - - - - -] Tap Mirror: Handle Delete Port: 06f369b7-36c0-47ba-be76-552a702db6fc
2026-05-20 04:47:16.650 7 INFO neutron.services.segments.plugin [-] Segment 2cbe1002-c1e4-4476-90bf-a9abfc2ac0f8 resource provider aggregate not found
2026-05-20 04:47:16.659 7 INFO neutron.services.segments.plugin [-] Segment 2cbe1002-c1e4-4476-90bf-a9abfc2ac0f8 resource provider aggregate not found
2026-05-20 04:47:16.676 7 INFO neutron.services.segments.plugin [-] Segment 2cbe1002-c1e4-4476-90bf-a9abfc2ac0f8 resource provider not found; error: Placement Client Error (4xx): {"errors": [{"status": 404, "title": "Not Found", "detail": "The resource could not be found.\n\n No resource provider with uuid 2cbe1002-c1e4-4476-90bf-a9abfc2ac0f8 found for delete ", "request_id": "req-b4b7bd7a-182c-4ee7-9bb6-976b98b571fc"}]}
2026-05-20 04:47:16.703 7 INFO neutron.services.segments.plugin [-] Segment 2cbe1002-c1e4-4476-90bf-a9abfc2ac0f8 resource provider not found; error: Placement Client Error (4xx): {"errors": [{"status": 404, "title": "Not Found", "detail": "The resource could not be found.\n\n No resource provider with uuid 2cbe1002-c1e4-4476-90bf-a9abfc2ac0f8 found for delete ", "request_id": "req-8c530037-5a37-43c9-87ea-ac833c0a150c"}]} [pid: 7|app: 0|req: 1188/2523] 10.0.0.208 () {32 vars in 740 bytes} [Wed May 20 04:47:14 2026] DELETE /v2.0/vpn/vpnservices/1233e835-8164-4a8a-8e1c-2432d4c05c3e => generated 0 bytes in 2125 msecs (HTTP/1.1 204) 2 headers in 112 bytes (1 switches on core 0) [pid: 8|app: 0|req: 1336/2524] 10.0.0.208 () {32 vars in 721 bytes} [Wed May 20 04:47:16 2026] GET /v2.0/routers/0a103148-1404-497b-9186-dcdbb8a6c136 => generated 942 bytes in 65 msecs (HTTP/1.1 200) 4 headers in 157 bytes (1 switches on core 0) /var/lib/openstack/lib/python3.12/site-packages/pycadf/identifier.py:70: UserWarning: Invalid uuid: neutron. To ensure interoperability, identifiers should be a valid uuid. warnings.warn(('Invalid uuid: %s. To ensure interoperability, '
2026-05-20 04:47:17.007 7 WARNING neutron.plugins.ml2.drivers.ovn.mech_driver.ovsdb.ovn_client [None req-625d3cf8-01f6-4e82-8be1-b20c294c9f93 - - - - - -] No port found with ID 296a50e3-17b7-4c37-af56-0d24863899fd: RuntimeError: No port found with ID 296a50e3-17b7-4c37-af56-0d24863899fd
2026-05-20 04:47:17.509 7 INFO neutron.db.ovn_revision_numbers_db [None req-1a5ca117-63e5-4c88-bd55-a45a60d33238 443fe68f693e4500b67b1ef4e94c3878 4c399ecee96048148887084d36817cff - - default default] Successfully bumped revision number for resource 0a103148-1404-497b-9186-dcdbb8a6c136 (type: routers) to 11 [pid: 7|app: 0|req: 1189/2525] 10.0.0.208 () {34 vars in 742 bytes} [Wed May 20 04:47:16 2026] PUT /v2.0/routers/0a103148-1404-497b-9186-dcdbb8a6c136 => generated 942 bytes in 710 msecs (HTTP/1.1 200) 4 headers in 157 bytes (1 switches on core 0) [pid: 8|app: 0|req: 1337/2526] 10.0.0.208 () {32 vars in 736 bytes} [Wed May 20 04:47:17 2026] GET /v2.0/ports?device_id=0a103148-1404-497b-9186-dcdbb8a6c136 => generated 946 bytes in 99 msecs (HTTP/1.1 200) 4 headers in 157 bytes (1 switches on core 0)
2026-05-20 04:47:17.906 7 INFO neutron_taas.services.taas.taas_plugin [None req-99450053-bfba-4146-b65f-28c05ccda92d 443fe68f693e4500b67b1ef4e94c3878 4c399ecee96048148887084d36817cff - - default default] TaaS: Handle Delete Port: d6a50389-d3d8-49ed-9a3e-58d22b615341
2026-05-20 04:47:17.909 7 INFO neutron_taas.services.taas.tap_mirror_plugin [None req-99450053-bfba-4146-b65f-28c05ccda92d 443fe68f693e4500b67b1ef4e94c3878 4c399ecee96048148887084d36817cff - - default default] Tap Mirror: Handle Delete Port: d6a50389-d3d8-49ed-9a3e-58d22b615341 [pid: 7|app: 0|req: 1190/2527] 10.0.0.208 () {34 vars in 789 bytes} [Wed May 20 04:47:17 2026] PUT /v2.0/routers/0a103148-1404-497b-9186-dcdbb8a6c136/remove_router_interface => generated 309 bytes in 882 msecs (HTTP/1.1 200) 4 headers in 157 bytes (1 switches on core 0)
2026-05-20 04:47:18.814 8 INFO neutron_taas.services.taas.taas_plugin [None req-abfc6a6f-4054-4ac5-9348-64f6f63a1fc9 443fe68f693e4500b67b1ef4e94c3878 4c399ecee96048148887084d36817cff - - default default] TaaS: Handle Delete Port: a6d49ff8-91eb-4079-819c-2121d9fb0a0b
2026-05-20 04:47:18.819 8 INFO neutron_taas.services.taas.tap_mirror_plugin [None req-abfc6a6f-4054-4ac5-9348-64f6f63a1fc9 443fe68f693e4500b67b1ef4e94c3878 4c399ecee96048148887084d36817cff - - default default] Tap Mirror: Handle Delete Port: a6d49ff8-91eb-4079-819c-2121d9fb0a0b [pid: 8|app: 0|req: 1338/2528] 10.0.0.208 () {32 vars in 724 bytes} [Wed May 20 04:47:18 2026] DELETE /v2.0/routers/0a103148-1404-497b-9186-dcdbb8a6c136 => generated 0 bytes in 640 msecs (HTTP/1.1 204) 2 headers in 112 bytes (1 switches on core 0) /var/lib/openstack/lib/python3.12/site-packages/pycadf/identifier.py:70: UserWarning: Invalid uuid: neutron. To ensure interoperability, identifiers should be a valid uuid. warnings.warn(('Invalid uuid: %s. To ensure interoperability, ' [pid: 7|app: 0|req: 1191/2529] 10.0.0.208 () {32 vars in 721 bytes} [Wed May 20 04:47:19 2026] GET /v2.0/routers/cae07b27-8536-4f09-a910-94b3f54c9194 => generated 943 bytes in 68 msecs (HTTP/1.1 200) 4 headers in 157 bytes (1 switches on core 0)
2026-05-20 04:47:19.892 8 INFO neutron.db.ovn_revision_numbers_db [None req-fe32ae59-d428-49ab-a3ae-ed5fbeb7d9be 443fe68f693e4500b67b1ef4e94c3878 4c399ecee96048148887084d36817cff - - default default] Successfully bumped revision number for resource cae07b27-8536-4f09-a910-94b3f54c9194 (type: routers) to 5 [pid: 8|app: 0|req: 1339/2530] 10.0.0.208 () {34 vars in 742 bytes} [Wed May 20 04:47:19 2026] PUT /v2.0/routers/cae07b27-8536-4f09-a910-94b3f54c9194 => generated 943 bytes in 663 msecs (HTTP/1.1 200) 4 headers in 157 bytes (1 switches on core 0) [pid: 7|app: 0|req: 1192/2531] 10.0.0.208 () {32 vars in 736 bytes} [Wed May 20 04:47:19 2026] GET /v2.0/ports?device_id=cae07b27-8536-4f09-a910-94b3f54c9194 => generated 950 bytes in 82 msecs (HTTP/1.1 200) 4 headers in 157 bytes (1 switches on core 0)
2026-05-20 04:47:20.304 8 INFO neutron_taas.services.taas.taas_plugin [None req-d5dab361-80ee-4da0-ada7-36389b8b5022 443fe68f693e4500b67b1ef4e94c3878 4c399ecee96048148887084d36817cff - - default default] TaaS: Handle Delete Port: cc0bee65-31c0-4447-9984-6c168e8341a3
2026-05-20 04:47:20.306 8 INFO neutron_taas.services.taas.tap_mirror_plugin [None req-d5dab361-80ee-4da0-ada7-36389b8b5022 443fe68f693e4500b67b1ef4e94c3878 4c399ecee96048148887084d36817cff - - default default] Tap Mirror: Handle Delete Port: cc0bee65-31c0-4447-9984-6c168e8341a3 [pid: 8|app: 0|req: 1340/2532] 10.0.0.208 () {34 vars in 789 bytes} [Wed May 20 04:47:19 2026] PUT /v2.0/routers/cae07b27-8536-4f09-a910-94b3f54c9194/remove_router_interface => generated 309 bytes in 828 msecs (HTTP/1.1 200) 4 headers in 157 bytes (1 switches on core 0)
2026-05-20 04:47:21.120 7 INFO neutron_taas.services.taas.taas_plugin [None req-16cf3331-b0c7-4860-bbf4-fcc81135c5ce 443fe68f693e4500b67b1ef4e94c3878 4c399ecee96048148887084d36817cff - - default default] TaaS: Handle Delete Port: c0c33542-5160-437e-a26c-32e2a7eb296c
2026-05-20 04:47:21.124 7 INFO neutron_taas.services.taas.tap_mirror_plugin [None req-16cf3331-b0c7-4860-bbf4-fcc81135c5ce 443fe68f693e4500b67b1ef4e94c3878 4c399ecee96048148887084d36817cff - - default default] Tap Mirror: Handle Delete Port: c0c33542-5160-437e-a26c-32e2a7eb296c [pid: 7|app: 0|req: 1193/2533] 10.0.0.208 () {32 vars in 724 bytes} [Wed May 20 04:47:20 2026] DELETE /v2.0/routers/cae07b27-8536-4f09-a910-94b3f54c9194 => generated 0 bytes in 702 msecs (HTTP/1.1 204) 2 headers in 112 bytes (1 switches on core 0) /var/lib/openstack/lib/python3.12/site-packages/pycadf/identifier.py:70: UserWarning: Invalid uuid: neutron. To ensure interoperability, identifiers should be a valid uuid. warnings.warn(('Invalid uuid: %s. To ensure interoperability, ' [pid: 8|app: 0|req: 1341/2534] 10.0.0.208 () {32 vars in 721 bytes} [Wed May 20 04:47:21 2026] GET /v2.0/routers/6563d7f8-f0f3-4a0e-971b-c27d6ec9919a => generated 942 bytes in 66 msecs (HTTP/1.1 200) 4 headers in 157 bytes (1 switches on core 0)
2026-05-20 04:47:22.226 7 INFO neutron.db.ovn_revision_numbers_db [None req-1daac390-7229-4cd2-91de-2a6222946107 443fe68f693e4500b67b1ef4e94c3878 4c399ecee96048148887084d36817cff - - default default] Successfully bumped revision number for resource 6563d7f8-f0f3-4a0e-971b-c27d6ec9919a (type: routers) to 5 [pid: 7|app: 0|req: 1194/2535] 10.0.0.208 () {34 vars in 742 bytes} [Wed May 20 04:47:21 2026] PUT /v2.0/routers/6563d7f8-f0f3-4a0e-971b-c27d6ec9919a => generated 942 bytes in 636 msecs (HTTP/1.1 200) 4 headers in 157 bytes (1 switches on core 0) [pid: 8|app: 0|req: 1342/2536] 10.0.0.208 () {32 vars in 736 bytes} [Wed May 20 04:47:22 2026] GET /v2.0/ports?device_id=6563d7f8-f0f3-4a0e-971b-c27d6ec9919a => generated 950 bytes in 85 msecs (HTTP/1.1 200) 4 headers in 157 bytes (1 switches on core 0)
2026-05-20 04:47:22.606 7 INFO neutron_taas.services.taas.taas_plugin [None req-33e4ba32-ab66-4854-a910-fe9a85a6130f 443fe68f693e4500b67b1ef4e94c3878 4c399ecee96048148887084d36817cff - - default default] TaaS: Handle Delete Port: 1e4b1503-6a49-4f1d-b55b-e2e563f4e772
2026-05-20 04:47:22.609 7 INFO neutron_taas.services.taas.tap_mirror_plugin [None req-33e4ba32-ab66-4854-a910-fe9a85a6130f 443fe68f693e4500b67b1ef4e94c3878 4c399ecee96048148887084d36817cff - - default default] Tap Mirror: Handle Delete Port: 1e4b1503-6a49-4f1d-b55b-e2e563f4e772 [pid: 7|app: 0|req: 1195/2537] 10.0.0.208 () {34 vars in 789 bytes} [Wed May 20 04:47:22 2026] PUT /v2.0/routers/6563d7f8-f0f3-4a0e-971b-c27d6ec9919a/remove_router_interface => generated 309 bytes in 808 msecs (HTTP/1.1 200) 4 headers in 157 bytes (1 switches on core 0)
2026-05-20 04:47:23.412 8 INFO neutron_taas.services.taas.taas_plugin [None req-19b7ad9e-3143-47d9-820d-6e8c209b8576 443fe68f693e4500b67b1ef4e94c3878 4c399ecee96048148887084d36817cff - - default default] TaaS: Handle Delete Port: 195ac9c6-7b26-4781-8bab-8a9065e97116
2026-05-20 04:47:23.416 8 INFO neutron_taas.services.taas.tap_mirror_plugin [None req-19b7ad9e-3143-47d9-820d-6e8c209b8576 443fe68f693e4500b67b1ef4e94c3878 4c399ecee96048148887084d36817cff - - default default] Tap Mirror: Handle Delete Port: 195ac9c6-7b26-4781-8bab-8a9065e97116 [pid: 8|app: 0|req: 1343/2538] 10.0.0.208 () {32 vars in 724 bytes} [Wed May 20 04:47:23 2026] DELETE /v2.0/routers/6563d7f8-f0f3-4a0e-971b-c27d6ec9919a => generated 0 bytes in 656 msecs (HTTP/1.1 204) 2 headers in 112 bytes (1 switches on core 0) /var/lib/openstack/lib/python3.12/site-packages/pycadf/identifier.py:70: UserWarning: Invalid uuid: neutron. To ensure interoperability, identifiers should be a valid uuid. warnings.warn(('Invalid uuid: %s. To ensure interoperability, '
2026-05-20 04:47:23.824 7 INFO neutron.api.v2.resource [None req-963be95b-3363-4e42-b703-00e8492ccfb9 443fe68f693e4500b67b1ef4e94c3878 4c399ecee96048148887084d36817cff - - default default] show failed (client error): The resource could not be found. [pid: 7|app: 0|req: 1196/2539] 10.0.0.208 () {32 vars in 721 bytes} [Wed May 20 04:47:23 2026] GET /v2.0/routers/1539b449-6296-44f7-b41e-248ab1e90143 => generated 135 bytes in 25 msecs (HTTP/1.1 404) 4 headers in 164 bytes (1 switches on core 0) [pid: 8|app: 0|req: 1344/2540] 10.0.0.208 () {32 vars in 724 bytes} [Wed May 20 04:47:23 2026] DELETE /v2.0/subnets/01a29a61-9d37-4ec8-a497-6f2318ec0eb9 => generated 0 bytes in 166 msecs (HTTP/1.1 204) 3 headers in 131 bytes (1 switches on core 0) [pid: 7|app: 0|req: 1197/2541] 10.0.0.208 () {32 vars in 724 bytes} [Wed May 20 04:47:24 2026] DELETE /v2.0/subnets/109f9e7f-2471-45fe-8f0f-476a7457cb6e => generated 0 bytes in 167 msecs (HTTP/1.1 204) 3 headers in 131 bytes (1 switches on core 0) [pid: 8|app: 0|req: 1345/2542] 10.0.0.208 () {32 vars in 724 bytes} [Wed May 20 04:47:24 2026] DELETE /v2.0/subnets/276e9911-9780-4773-a650-56f31903fcff => generated 0 bytes in 167 msecs (HTTP/1.1 204) 3 headers in 131 bytes (1 switches on core 0)
2026-05-20 04:47:24.360 7 INFO neutron.pecan_wsgi.hooks.translation [None req-9109b135-172a-46c5-ade1-72779876a204 443fe68f693e4500b67b1ef4e94c3878 4c399ecee96048148887084d36817cff - - default default] DELETE failed (client error): The resource could not be found. [pid: 7|app: 0|req: 1198/2543] 10.0.0.208 () {32 vars in 724 bytes} [Wed May 20 04:47:24 2026] DELETE /v2.0/subnets/065cd1b8-d42d-4367-91d7-2cd5386ca834 => generated 136 bytes in 17 msecs (HTTP/1.1 404) 4 headers in 164 bytes (1 switches on core 0)
2026-05-20 04:47:24.485 8 INFO neutron_taas.services.taas.taas_plugin [None req-8c9459f7-7882-4722-9dfd-aa38b394fd7c 443fe68f693e4500b67b1ef4e94c3878 4c399ecee96048148887084d36817cff - - default default] TaaS: Handle Delete Port: 55446544-bcb9-4af7-8a45-38bccd6352b9
2026-05-20 04:47:24.488 8 INFO neutron_taas.services.taas.tap_mirror_plugin [None req-8c9459f7-7882-4722-9dfd-aa38b394fd7c 443fe68f693e4500b67b1ef4e94c3878 4c399ecee96048148887084d36817cff - - default default] Tap Mirror: Handle Delete Port: 55446544-bcb9-4af7-8a45-38bccd6352b9
2026-05-20 04:47:24.768 8 INFO neutron.services.segments.plugin [-] Segment d6a7684f-ed93-4528-a212-ca3e345c0240 resource provider aggregate not found
2026-05-20 04:47:24.782 8 INFO neutron.services.segments.plugin [-] Segment d6a7684f-ed93-4528-a212-ca3e345c0240 resource provider not found; error: Placement Client Error (4xx): {"errors": [{"status": 404, "title": "Not Found", "detail": "The resource could not be found.\n\n No resource provider with uuid d6a7684f-ed93-4528-a212-ca3e345c0240 found for delete ", "request_id": "req-2880a889-022b-41af-b9a0-3a448c4dddf7"}]} [pid: 8|app: 0|req: 1346/2544] 10.0.0.208 () {32 vars in 726 bytes} [Wed May 20 04:47:24 2026] DELETE /v2.0/networks/da68c944-9ad0-4d84-a29f-158e30b754a8 => generated 0 bytes in 423 msecs (HTTP/1.1 204) 3 headers in 131 bytes (1 switches on core 0)
2026-05-20 04:47:24.844 8 INFO neutron.services.segments.plugin [-] Segment d6a7684f-ed93-4528-a212-ca3e345c0240 resource provider aggregate not found
2026-05-20 04:47:24.858 8 INFO neutron.services.segments.plugin [-] Segment d6a7684f-ed93-4528-a212-ca3e345c0240 resource provider not found; error: Placement Client Error (4xx): {"errors": [{"status": 404, "title": "Not Found", "detail": "The resource could not be found.\n\n No resource provider with uuid d6a7684f-ed93-4528-a212-ca3e345c0240 found for delete ", "request_id": "req-2d4d21b1-fe9f-4f6f-85cf-39fe997530ad"}]}
2026-05-20 04:47:24.916 7 INFO neutron_taas.services.taas.taas_plugin [None req-f9512a1b-1041-4eea-b437-c4e1c23d0c71 443fe68f693e4500b67b1ef4e94c3878 4c399ecee96048148887084d36817cff - - default default] TaaS: Handle Delete Port: 99b9b470-2c5e-42d2-8171-e13fb07e881f
2026-05-20 04:47:24.920 7 INFO neutron_taas.services.taas.tap_mirror_plugin [None req-f9512a1b-1041-4eea-b437-c4e1c23d0c71 443fe68f693e4500b67b1ef4e94c3878 4c399ecee96048148887084d36817cff - - default default] Tap Mirror: Handle Delete Port: 99b9b470-2c5e-42d2-8171-e13fb07e881f
2026-05-20 04:47:25.123 7 INFO neutron.services.segments.plugin [-] Segment 4b010dae-65ca-4756-939c-f19c49a49d21 resource provider aggregate not found
2026-05-20 04:47:25.123 7 INFO neutron.services.segments.plugin [-] Segment 4b010dae-65ca-4756-939c-f19c49a49d21 resource provider aggregate not found
2026-05-20 04:47:25.147 7 INFO neutron.services.segments.plugin [-] Segment 4b010dae-65ca-4756-939c-f19c49a49d21 resource provider not found; error: Placement Client Error (4xx): {"errors": [{"status": 404, "title": "Not Found", "detail": "The resource could not be found.\n\n No resource provider with uuid 4b010dae-65ca-4756-939c-f19c49a49d21 found for delete ", "request_id": "req-cee8ae90-221c-49fe-8f8b-c6266dbdbe42"}]}
2026-05-20 04:47:25.150 7 INFO neutron.services.segments.plugin [-] Segment 4b010dae-65ca-4756-939c-f19c49a49d21 resource provider not found; error: Placement Client Error (4xx): {"errors": [{"status": 404, "title": "Not Found", "detail": "The resource could not be found.\n\n No resource provider with uuid 4b010dae-65ca-4756-939c-f19c49a49d21 found for delete ", "request_id": "req-cc87d85f-b20b-4167-a110-029d75743196"}]} [pid: 7|app: 0|req: 1199/2545] 10.0.0.208 () {32 vars in 726 bytes} [Wed May 20 04:47:24 2026] DELETE /v2.0/networks/9856017c-fc0b-4aa7-baf5-1a6450908f9d => generated 0 bytes in 369 msecs (HTTP/1.1 204) 3 headers in 131 bytes (1 switches on core 0)
2026-05-20 04:47:25.283 8 INFO neutron_taas.services.taas.taas_plugin [None req-2fec587e-71a5-44c3-9d7f-b50c9e093f4a 443fe68f693e4500b67b1ef4e94c3878 4c399ecee96048148887084d36817cff - - default default] TaaS: Handle Delete Port: fe615099-3955-4ce9-861f-581adf4471e0
2026-05-20 04:47:25.286 8 INFO neutron_taas.services.taas.tap_mirror_plugin [None req-2fec587e-71a5-44c3-9d7f-b50c9e093f4a 443fe68f693e4500b67b1ef4e94c3878 4c399ecee96048148887084d36817cff - - default default] Tap Mirror: Handle Delete Port: fe615099-3955-4ce9-861f-581adf4471e0 [pid: 8|app: 0|req: 1347/2546] 10.0.0.208 () {32 vars in 726 bytes} [Wed May 20 04:47:25 2026] DELETE /v2.0/networks/49d73cd1-f33b-4941-a0d1-ab9d8a0d63d7 => generated 0 bytes in 345 msecs (HTTP/1.1 204) 3 headers in 131 bytes (1 switches on core 0)
2026-05-20 04:47:25.536 7 INFO neutron.pecan_wsgi.hooks.translation [None req-8b40d5de-3cc9-4132-8f6c-6e66c2b1ff6d 443fe68f693e4500b67b1ef4e94c3878 4c399ecee96048148887084d36817cff - - default default] DELETE failed (client error): The resource could not be found. [pid: 7|app: 0|req: 1200/2547] 10.0.0.208 () {32 vars in 726 bytes} [Wed May 20 04:47:25 2026] DELETE /v2.0/networks/ec4cf974-8a53-4d8c-8530-e6e82ae0d247 => generated 138 bytes in 17 msecs (HTTP/1.1 404) 4 headers in 164 bytes (1 switches on core 0)
2026-05-20 04:47:26.430 8 INFO neutron.db.ovn_revision_numbers_db [None req-132952c3-dca3-4afe-9327-1cd6e2492b42 e5be542de3664c098b1a88fb35998dc5 b0fe63b9b49345e8827bfce2b08690fa - - default default] Successfully bumped revision number for resource eb221fa4-0124-4897-8690-01214f6d9cc7 (type: security_groups) to 1
2026-05-20 04:47:26.442 8 INFO neutron.db.ovn_revision_numbers_db [None req-132952c3-dca3-4afe-9327-1cd6e2492b42 e5be542de3664c098b1a88fb35998dc5 b0fe63b9b49345e8827bfce2b08690fa - - default default] Successfully bumped revision number for resource 1aaf5a0a-9706-4f6e-890b-f8182d6b523d (type: security_group_rules) to 0
2026-05-20 04:47:26.456 8 INFO neutron.db.ovn_revision_numbers_db [None req-132952c3-dca3-4afe-9327-1cd6e2492b42 e5be542de3664c098b1a88fb35998dc5 b0fe63b9b49345e8827bfce2b08690fa - - default default] Successfully bumped revision number for resource 59d64fd2-637b-4cc5-9962-b3aad8486a67 (type: security_group_rules) to 0
2026-05-20 04:47:26.470 8 INFO neutron.db.ovn_revision_numbers_db [None req-132952c3-dca3-4afe-9327-1cd6e2492b42 e5be542de3664c098b1a88fb35998dc5 b0fe63b9b49345e8827bfce2b08690fa - - default default] Successfully bumped revision number for resource 6c8c1e7f-c44f-4fff-9909-14fc073d6387 (type: security_group_rules) to 0
2026-05-20 04:47:26.480 8 INFO neutron.db.ovn_revision_numbers_db [None req-132952c3-dca3-4afe-9327-1cd6e2492b42 e5be542de3664c098b1a88fb35998dc5 b0fe63b9b49345e8827bfce2b08690fa - - default default] Successfully bumped revision number for resource 8ea6a640-9afb-4c5b-89ec-c41ef72b41fc (type: security_group_rules) to 0 [pid: 8|app: 0|req: 1348/2548] 10.0.0.208 () {32 vars in 774 bytes} [Wed May 20 04:47:26 2026] GET /v2.0/security-groups?tenant_id=b635d250d80e468bb0c0cd8f486998ea&name=default => generated 2929 bytes in 352 msecs (HTTP/1.1 200) 4 headers in 158 bytes (1 switches on core 0) [pid: 7|app: 0|req: 1201/2549] 10.0.0.208 () {32 vars in 740 bytes} [Wed May 20 04:47:26 2026] DELETE /v2.0/security-groups/eb221fa4-0124-4897-8690-01214f6d9cc7 => generated 0 bytes in 256 msecs (HTTP/1.1 204) 2 headers in 112 bytes (1 switches on core 0)
2026-05-20 04:47:26.802 8 INFO neutron.services.segments.plugin [-] Segment 513f48b3-2145-4c8a-8303-21331249a893 resource provider aggregate not found
2026-05-20 04:47:26.823 8 INFO neutron.services.segments.plugin [-] Segment 513f48b3-2145-4c8a-8303-21331249a893 resource provider not found; error: Placement Client Error (4xx): {"errors": [{"status": 404, "title": "Not Found", "detail": "The resource could not be found.\n\n No resource provider with uuid 513f48b3-2145-4c8a-8303-21331249a893 found for delete ", "request_id": "req-ad23bfa8-f742-4d55-bb1d-9eac0de63d99"}]}
2026-05-20 04:47:26.878 8 INFO neutron.services.segments.plugin [-] Segment 513f48b3-2145-4c8a-8303-21331249a893 resource provider aggregate not found
2026-05-20 04:47:26.900 8 INFO neutron.services.segments.plugin [-] Segment 513f48b3-2145-4c8a-8303-21331249a893 resource provider not found; error: Placement Client Error (4xx): {"errors": [{"status": 404, "title": "Not Found", "detail": "The resource could not be found.\n\n No resource provider with uuid 513f48b3-2145-4c8a-8303-21331249a893 found for delete ", "request_id": "req-d1c3e797-12ec-42dc-a2e6-16d848bb74e0"}]} [pid: 8|app: 0|req: 1349/2550] 10.0.0.208 () {32 vars in 774 bytes} [Wed May 20 04:47:26 2026] GET /v2.0/security-groups?tenant_id=4c399ecee96048148887084d36817cff&name=default => generated 2929 bytes in 38 msecs (HTTP/1.1 200) 4 headers in 158 bytes (1 switches on core 0) [pid: 7|app: 0|req: 1202/2551] 10.0.0.208 () {32 vars in 740 bytes} [Wed May 20 04:47:26 2026] DELETE /v2.0/security-groups/410dcc6b-4c65-4dab-8734-6f4404c37ae2 => generated 0 bytes in 230 msecs (HTTP/1.1 204) 2 headers in 112 bytes (1 switches on core 0)
2026-05-20 04:47:35.998 7 INFO neutron.db.ovn_revision_numbers_db [None req-81271355-7b5d-4215-831e-8ce41e68486c c5d2d8a7313d452d9d1a40827d3ac853 20439de7c95146bea2e8bbb8e33e736b - - default default] Successfully bumped revision number for resource d43b08ac-6cf1-4586-8099-793709d14db5 (type: security_groups) to 1
2026-05-20 04:47:36.008 7 INFO neutron.db.ovn_revision_numbers_db [None req-81271355-7b5d-4215-831e-8ce41e68486c c5d2d8a7313d452d9d1a40827d3ac853 20439de7c95146bea2e8bbb8e33e736b - - default default] Successfully bumped revision number for resource 41eded5a-df1d-40c7-9308-708645fcc454 (type: security_group_rules) to 0
2026-05-20 04:47:36.018 7 INFO neutron.db.ovn_revision_numbers_db [None req-81271355-7b5d-4215-831e-8ce41e68486c c5d2d8a7313d452d9d1a40827d3ac853 20439de7c95146bea2e8bbb8e33e736b - - default default] Successfully bumped revision number for resource 5430cacb-6dbf-419a-bc73-ede5561bde79 (type: security_group_rules) to 0
2026-05-20 04:47:36.029 7 INFO neutron.db.ovn_revision_numbers_db [None req-81271355-7b5d-4215-831e-8ce41e68486c c5d2d8a7313d452d9d1a40827d3ac853 20439de7c95146bea2e8bbb8e33e736b - - default default] Successfully bumped revision number for resource 84b07836-2688-4e34-8272-18a86f1adaaf (type: security_group_rules) to 0
2026-05-20 04:47:36.040 7 INFO neutron.db.ovn_revision_numbers_db [None req-81271355-7b5d-4215-831e-8ce41e68486c c5d2d8a7313d452d9d1a40827d3ac853 20439de7c95146bea2e8bbb8e33e736b - - default default] Successfully bumped revision number for resource d34cf713-2d5a-4d9e-97fd-239d62c6989e (type: security_group_rules) to 0
2026-05-20 04:47:36.122 7 INFO neutron.db.segments_db [None req-81271355-7b5d-4215-831e-8ce41e68486c c5d2d8a7313d452d9d1a40827d3ac853 20439de7c95146bea2e8bbb8e33e736b - - default default] Added segment f4c30167-9a3f-41e2-bd2e-e7622615f21e of type geneve for network e3857bf6-2d72-4ecd-a792-c8fa9d19020e
2026-05-20 04:47:36.281 7 INFO neutron.db.ovn_revision_numbers_db [None req-81271355-7b5d-4215-831e-8ce41e68486c c5d2d8a7313d452d9d1a40827d3ac853 20439de7c95146bea2e8bbb8e33e736b - - default default] Successfully bumped revision number for resource e3857bf6-2d72-4ecd-a792-c8fa9d19020e (type: networks) to 1
2026-05-20 04:47:36.453 7 WARNING neutron.scheduler.dhcp_agent_scheduler [None req-81271355-7b5d-4215-831e-8ce41e68486c c5d2d8a7313d452d9d1a40827d3ac853 20439de7c95146bea2e8bbb8e33e736b - - default default] No more DHCP agents
2026-05-20 04:47:36.455 7 WARNING neutron.api.rpc.agentnotifiers.dhcp_rpc_agent_api [None req-81271355-7b5d-4215-831e-8ce41e68486c c5d2d8a7313d452d9d1a40827d3ac853 20439de7c95146bea2e8bbb8e33e736b - - default default] Unable to schedule network e3857bf6-2d72-4ecd-a792-c8fa9d19020e: no agents available; will retry on subsequent port and subnet creation events.
2026-05-20 04:47:36.512 7 INFO neutron.plugins.ml2.drivers.ovn.mech_driver.mech_driver [None req-625d3cf8-01f6-4e82-8be1-b20c294c9f93 - - - - - -] OVN reports status down for port: 5890c7b3-f1e8-41b1-92e5-a2b00105d3c8
2026-05-20 04:47:36.563 7 INFO neutron.db.ovn_revision_numbers_db [None req-81271355-7b5d-4215-831e-8ce41e68486c c5d2d8a7313d452d9d1a40827d3ac853 20439de7c95146bea2e8bbb8e33e736b - - default default] Successfully bumped revision number for resource 5890c7b3-f1e8-41b1-92e5-a2b00105d3c8 (type: ports) to 1 [pid: 7|app: 0|req: 1204/2554] 10.0.0.208 () {34 vars in 670 bytes} [Wed May 20 04:47:35 2026] POST /v2.0/networks => generated 659 bytes in 896 msecs (HTTP/1.1 201) 4 headers in 162 bytes (1 switches on core 0)
2026-05-20 04:47:36.771 8 WARNING neutron.scheduler.dhcp_agent_scheduler [None req-e1d63cb1-aa75-4384-bddd-5224909b4223 c5d2d8a7313d452d9d1a40827d3ac853 20439de7c95146bea2e8bbb8e33e736b - - default default] No more DHCP agents
2026-05-20 04:47:36.772 8 WARNING neutron.api.rpc.agentnotifiers.dhcp_rpc_agent_api [None req-e1d63cb1-aa75-4384-bddd-5224909b4223 c5d2d8a7313d452d9d1a40827d3ac853 20439de7c95146bea2e8bbb8e33e736b - - default default] Unable to schedule network e3857bf6-2d72-4ecd-a792-c8fa9d19020e: no agents available; will retry on subsequent port and subnet creation events.
2026-05-20 04:47:37.209 8 INFO neutron.db.ovn_revision_numbers_db [None req-93281331-a4ec-4f8b-97ea-0431c953a6ac - - - - - -] Successfully bumped revision number for resource 5890c7b3-f1e8-41b1-92e5-a2b00105d3c8 (type: ports) to 2
2026-05-20 04:47:37.240 8 INFO neutron.db.ovn_revision_numbers_db [None req-93281331-a4ec-4f8b-97ea-0431c953a6ac - - - - - -] Successfully bumped revision number for resource a41f4799-86b7-4f57-ae13-f74248d11082 (type: subnets) to 0 [pid: 8|app: 0|req: 1351/2555] 10.0.0.208 () {34 vars in 669 bytes} [Wed May 20 04:47:36 2026] POST /v2.0/subnets => generated 657 bytes in 654 msecs (HTTP/1.1 201) 4 headers in 162 bytes (1 switches on core 0) [pid: 7|app: 0|req: 1205/2556] 10.0.0.208 () {32 vars in 722 bytes} [Wed May 20 04:47:37 2026] GET /v2.0/subnetpools?name=shared-default-subnetpool-v6 => generated 19 bytes in 41 msecs (HTTP/1.1 200) 4 headers in 156 bytes (1 switches on core 0)
2026-05-20 04:47:37.504 8 WARNING neutron.scheduler.dhcp_agent_scheduler [None req-cd2c3d30-c2fb-42e9-928e-9fa486403a65 c5d2d8a7313d452d9d1a40827d3ac853 20439de7c95146bea2e8bbb8e33e736b - - default default] No more DHCP agents
2026-05-20 04:47:37.505 8 WARNING neutron.api.rpc.agentnotifiers.dhcp_rpc_agent_api [None req-cd2c3d30-c2fb-42e9-928e-9fa486403a65 c5d2d8a7313d452d9d1a40827d3ac853 20439de7c95146bea2e8bbb8e33e736b - - default default] Unable to schedule network e3857bf6-2d72-4ecd-a792-c8fa9d19020e: no agents available; will retry on subsequent port and subnet creation events.
2026-05-20 04:47:37.532 8 INFO neutron.db.ovn_revision_numbers_db [None req-cd2c3d30-c2fb-42e9-928e-9fa486403a65 c5d2d8a7313d452d9d1a40827d3ac853 20439de7c95146bea2e8bbb8e33e736b - - default default] Successfully bumped revision number for resource 3f92dc83-dd9d-4b09-9115-1c658b33cadd (type: subnets) to 0 [pid: 8|app: 0|req: 1352/2557] 10.0.0.208 () {34 vars in 669 bytes} [Wed May 20 04:47:37 2026] POST /v2.0/subnets => generated 732 bytes in 243 msecs (HTTP/1.1 201) 4 headers in 162 bytes (1 switches on core 0)
2026-05-20 04:47:37.654 7 INFO neutron.db.segments_db [None req-37ace810-a883-4dca-8156-6358a5ce931d c5d2d8a7313d452d9d1a40827d3ac853 20439de7c95146bea2e8bbb8e33e736b - - default default] Added segment 840d00cc-a359-4204-8800-f0ad24d6feb5 of type geneve for network 63322000-431d-43ae-b4e6-726bea25e638
2026-05-20 04:47:37.760 7 INFO neutron.db.ovn_revision_numbers_db [None req-37ace810-a883-4dca-8156-6358a5ce931d c5d2d8a7313d452d9d1a40827d3ac853 20439de7c95146bea2e8bbb8e33e736b - - default default] Successfully bumped revision number for resource 63322000-431d-43ae-b4e6-726bea25e638 (type: networks) to 1
2026-05-20 04:47:37.936 7 WARNING neutron.scheduler.dhcp_agent_scheduler [None req-37ace810-a883-4dca-8156-6358a5ce931d c5d2d8a7313d452d9d1a40827d3ac853 20439de7c95146bea2e8bbb8e33e736b - - default default] No more DHCP agents
2026-05-20 04:47:37.938 7 WARNING neutron.api.rpc.agentnotifiers.dhcp_rpc_agent_api [None req-37ace810-a883-4dca-8156-6358a5ce931d c5d2d8a7313d452d9d1a40827d3ac853 20439de7c95146bea2e8bbb8e33e736b - - default default] Unable to schedule network 63322000-431d-43ae-b4e6-726bea25e638: no agents available; will retry on subsequent port and subnet creation events.
2026-05-20 04:47:37.993 7 INFO neutron.plugins.ml2.drivers.ovn.mech_driver.mech_driver [None req-625d3cf8-01f6-4e82-8be1-b20c294c9f93 - - - - - -] OVN reports status down for port: f01b9c4e-e938-4358-b395-512941646464
2026-05-20 04:47:38.053 7 INFO neutron.db.ovn_revision_numbers_db [None req-37ace810-a883-4dca-8156-6358a5ce931d c5d2d8a7313d452d9d1a40827d3ac853 20439de7c95146bea2e8bbb8e33e736b - - default default] Successfully bumped revision number for resource f01b9c4e-e938-4358-b395-512941646464 (type: ports) to 1 [pid: 7|app: 0|req: 1206/2558] 10.0.0.208 () {34 vars in 670 bytes} [Wed May 20 04:47:37 2026] POST /v2.0/networks => generated 657 bytes in 553 msecs (HTTP/1.1 201) 4 headers in 162 bytes (1 switches on core 0)
2026-05-20 04:47:38.293 8 WARNING neutron.scheduler.dhcp_agent_scheduler [None req-fbb69805-5fd3-4bb0-809f-2cefeef3e446 c5d2d8a7313d452d9d1a40827d3ac853 20439de7c95146bea2e8bbb8e33e736b - - default default] No more DHCP agents
2026-05-20 04:47:38.294 8 WARNING neutron.api.rpc.agentnotifiers.dhcp_rpc_agent_api [None req-fbb69805-5fd3-4bb0-809f-2cefeef3e446 c5d2d8a7313d452d9d1a40827d3ac853 20439de7c95146bea2e8bbb8e33e736b - - default default] Unable to schedule network 63322000-431d-43ae-b4e6-726bea25e638: no agents available; will retry on subsequent port and subnet creation events.
2026-05-20 04:47:38.753 8 INFO neutron.db.ovn_revision_numbers_db [None req-959f0c69-a231-4f4c-8a96-a915bc80b1e2 - - - - - -] Successfully bumped revision number for resource f01b9c4e-e938-4358-b395-512941646464 (type: ports) to 2
2026-05-20 04:47:38.786 8 INFO neutron.db.ovn_revision_numbers_db [None req-959f0c69-a231-4f4c-8a96-a915bc80b1e2 - - - - - -] Successfully bumped revision number for resource f6762d4d-02ec-4fd7-b559-f63ca3cb2189 (type: subnets) to 0 [pid: 8|app: 0|req: 1353/2559] 10.0.0.208 () {34 vars in 669 bytes} [Wed May 20 04:47:38 2026] POST /v2.0/subnets => generated 656 bytes in 688 msecs (HTTP/1.1 201) 4 headers in 162 bytes (1 switches on core 0)
2026-05-20 04:47:39.025 7 WARNING neutron.scheduler.dhcp_agent_scheduler [None req-c5afc7e3-5e85-458b-88b5-f92bc2e05038 c5d2d8a7313d452d9d1a40827d3ac853 20439de7c95146bea2e8bbb8e33e736b - - default default] No more DHCP agents
2026-05-20 04:47:39.026 7 WARNING neutron.api.rpc.agentnotifiers.dhcp_rpc_agent_api [None req-c5afc7e3-5e85-458b-88b5-f92bc2e05038 c5d2d8a7313d452d9d1a40827d3ac853 20439de7c95146bea2e8bbb8e33e736b - - default default] Unable to schedule network 63322000-431d-43ae-b4e6-726bea25e638: no agents available; will retry on subsequent port and subnet creation events.
2026-05-20 04:47:39.054 7 INFO neutron.db.ovn_revision_numbers_db [None req-c5afc7e3-5e85-458b-88b5-f92bc2e05038 c5d2d8a7313d452d9d1a40827d3ac853 20439de7c95146bea2e8bbb8e33e736b - - default default] Successfully bumped revision number for resource 27d8da96-f5e7-4ae1-b87e-066ff845f40f (type: subnets) to 0 [pid: 7|app: 0|req: 1207/2560] 10.0.0.208 () {34 vars in 669 bytes} [Wed May 20 04:47:38 2026] POST /v2.0/subnets => generated 725 bytes in 260 msecs (HTTP/1.1 201) 4 headers in 162 bytes (1 switches on core 0)
2026-05-20 04:47:39.163 8 INFO neutron.db.segments_db [None req-420b4bd5-6658-4bb6-ba95-7c008e2be223 c5d2d8a7313d452d9d1a40827d3ac853 20439de7c95146bea2e8bbb8e33e736b - - default default] Added segment c1e7f7bc-acf9-4422-8156-ac3b330347bd of type geneve for network 97a18c85-f5c1-4a63-b64b-454884509b1e
2026-05-20 04:47:39.258 8 INFO neutron.db.ovn_revision_numbers_db [None req-420b4bd5-6658-4bb6-ba95-7c008e2be223 c5d2d8a7313d452d9d1a40827d3ac853 20439de7c95146bea2e8bbb8e33e736b - - default default] Successfully bumped revision number for resource 97a18c85-f5c1-4a63-b64b-454884509b1e (type: networks) to 1
2026-05-20 04:47:39.414 8 WARNING neutron.scheduler.dhcp_agent_scheduler [None req-420b4bd5-6658-4bb6-ba95-7c008e2be223 c5d2d8a7313d452d9d1a40827d3ac853 20439de7c95146bea2e8bbb8e33e736b - - default default] No more DHCP agents
2026-05-20 04:47:39.415 8 WARNING neutron.api.rpc.agentnotifiers.dhcp_rpc_agent_api [None req-420b4bd5-6658-4bb6-ba95-7c008e2be223 c5d2d8a7313d452d9d1a40827d3ac853 20439de7c95146bea2e8bbb8e33e736b - - default default] Unable to schedule network 97a18c85-f5c1-4a63-b64b-454884509b1e: no agents available; will retry on subsequent port and subnet creation events.
2026-05-20 04:47:39.495 7 INFO neutron.plugins.ml2.drivers.ovn.mech_driver.mech_driver [None req-625d3cf8-01f6-4e82-8be1-b20c294c9f93 - - - - - -] OVN reports status down for port: 243b7872-3d73-4770-a0fb-e60f55311c5f
2026-05-20 04:47:39.503 8 INFO neutron.db.ovn_revision_numbers_db [None req-420b4bd5-6658-4bb6-ba95-7c008e2be223 c5d2d8a7313d452d9d1a40827d3ac853 20439de7c95146bea2e8bbb8e33e736b - - default default] Successfully bumped revision number for resource 243b7872-3d73-4770-a0fb-e60f55311c5f (type: ports) to 1 [pid: 8|app: 0|req: 1354/2561] 10.0.0.208 () {34 vars in 670 bytes} [Wed May 20 04:47:39 2026] POST /v2.0/networks => generated 656 bytes in 451 msecs (HTTP/1.1 201) 4 headers in 162 bytes (1 switches on core 0)
2026-05-20 04:47:39.760 7 WARNING neutron.scheduler.dhcp_agent_scheduler [None req-5b3b2ba3-66ac-48e0-8ab0-110e59e36858 c5d2d8a7313d452d9d1a40827d3ac853 20439de7c95146bea2e8bbb8e33e736b - - default default] No more DHCP agents
2026-05-20 04:47:39.761 7 WARNING neutron.api.rpc.agentnotifiers.dhcp_rpc_agent_api [None req-5b3b2ba3-66ac-48e0-8ab0-110e59e36858 c5d2d8a7313d452d9d1a40827d3ac853 20439de7c95146bea2e8bbb8e33e736b - - default default] Unable to schedule network 97a18c85-f5c1-4a63-b64b-454884509b1e: no agents available; will retry on subsequent port and subnet creation events.
2026-05-20 04:47:40.262 7 INFO neutron.db.ovn_revision_numbers_db [None req-c83d2e9e-b3d9-4564-a10a-ae140520ffb6 - - - - - -] Successfully bumped revision number for resource 243b7872-3d73-4770-a0fb-e60f55311c5f (type: ports) to 2
2026-05-20 04:47:40.300 7 INFO neutron.db.ovn_revision_numbers_db [None req-c83d2e9e-b3d9-4564-a10a-ae140520ffb6 - - - - - -] Successfully bumped revision number for resource 67631fe3-6c57-4620-b771-8eabf4d4ba68 (type: subnets) to 0 [pid: 7|app: 0|req: 1208/2562] 10.0.0.208 () {34 vars in 669 bytes} [Wed May 20 04:47:39 2026] POST /v2.0/subnets => generated 656 bytes in 787 msecs (HTTP/1.1 201) 4 headers in 162 bytes (1 switches on core 0)
2026-05-20 04:47:40.535 8 WARNING neutron.scheduler.dhcp_agent_scheduler [None req-08d70dd6-19cb-4c3e-aac9-cdb44447ec1a c5d2d8a7313d452d9d1a40827d3ac853 20439de7c95146bea2e8bbb8e33e736b - - default default] No more DHCP agents
2026-05-20 04:47:40.536 8 WARNING neutron.api.rpc.agentnotifiers.dhcp_rpc_agent_api [None req-08d70dd6-19cb-4c3e-aac9-cdb44447ec1a c5d2d8a7313d452d9d1a40827d3ac853 20439de7c95146bea2e8bbb8e33e736b - - default default] Unable to schedule network 97a18c85-f5c1-4a63-b64b-454884509b1e: no agents available; will retry on subsequent port and subnet creation events.
2026-05-20 04:47:40.559 8 INFO neutron.db.ovn_revision_numbers_db [None req-08d70dd6-19cb-4c3e-aac9-cdb44447ec1a c5d2d8a7313d452d9d1a40827d3ac853 20439de7c95146bea2e8bbb8e33e736b - - default default] Successfully bumped revision number for resource 153ff423-aaac-419c-803b-31c07b99143e (type: subnets) to 0 [pid: 8|app: 0|req: 1355/2563] 10.0.0.208 () {34 vars in 669 bytes} [Wed May 20 04:47:40 2026] POST /v2.0/subnets => generated 730 bytes in 248 msecs (HTTP/1.1 201) 4 headers in 162 bytes (1 switches on core 0)
2026-05-20 04:47:40.947 7 WARNING neutron.scheduler.dhcp_agent_scheduler [None req-106112dc-682c-4aa5-91ec-1d0fffc3548d c5d2d8a7313d452d9d1a40827d3ac853 20439de7c95146bea2e8bbb8e33e736b - - default default] No more DHCP agents
2026-05-20 04:47:40.948 7 WARNING neutron.api.rpc.agentnotifiers.dhcp_rpc_agent_api [None req-106112dc-682c-4aa5-91ec-1d0fffc3548d c5d2d8a7313d452d9d1a40827d3ac853 20439de7c95146bea2e8bbb8e33e736b - - default default] Unable to schedule network e91867c6-7717-409d-bfae-96fdf9d764c8: no agents available; will retry on subsequent port and subnet creation events.
2026-05-20 04:47:41.054 8 INFO neutron.plugins.ml2.drivers.ovn.mech_driver.mech_driver [None req-de241184-ee3b-484c-bbb0-9f4ef2bfb7cc - - - - - -] OVN reports status down for port: d380111d-c337-4f95-b695-c20e631578ca
2026-05-20 04:47:41.110 7 INFO neutron.db.ovn_revision_numbers_db [None req-106112dc-682c-4aa5-91ec-1d0fffc3548d c5d2d8a7313d452d9d1a40827d3ac853 20439de7c95146bea2e8bbb8e33e736b - - default default] Successfully bumped revision number for resource d380111d-c337-4f95-b695-c20e631578ca (type: ports) to 1
2026-05-20 04:47:41.677 7 INFO neutron.plugins.ml2.drivers.ovn.mech_driver.ovsdb.commands [None req-1c429dab-ca09-4500-9770-8fc22c9780cb - - - - - -] Schedule LRP lrp-d380111d-c337-4f95-b695-c20e631578ca on gateway edbbfaa4-f5dc-45c5-8a63-d2c7e05ae9d7 with priority 1
2026-05-20 04:47:41.723 7 INFO neutron.plugins.ml2.drivers.ovn.mech_driver.ovsdb.ovsdb_monitor [None req-0fe2a901-1227-4984-9e71-87cd2af02194 - - - - - -] Router 9cca2e4d-23d6-4979-ade3-420745886799 is bound to host instance
2026-05-20 04:47:41.728 8 INFO neutron.plugins.ml2.drivers.ovn.mech_driver.mech_driver [None req-de241184-ee3b-484c-bbb0-9f4ef2bfb7cc - - - - - -] OVN reports status up for port: d380111d-c337-4f95-b695-c20e631578ca
2026-05-20 04:47:41.742 8 INFO neutron.plugins.ml2.plugin [None req-de241184-ee3b-484c-bbb0-9f4ef2bfb7cc - - - - - -] Attempt 1 to provision port d380111d-c337-4f95-b695-c20e631578ca
2026-05-20 04:47:41.811 7 INFO neutron.db.ovn_revision_numbers_db [None req-106112dc-682c-4aa5-91ec-1d0fffc3548d c5d2d8a7313d452d9d1a40827d3ac853 20439de7c95146bea2e8bbb8e33e736b - - default default] Successfully bumped revision number for resource d380111d-c337-4f95-b695-c20e631578ca (type: router_ports) to 1
2026-05-20 04:47:41.948 7 INFO neutron.db.ovn_revision_numbers_db [None req-106112dc-682c-4aa5-91ec-1d0fffc3548d c5d2d8a7313d452d9d1a40827d3ac853 20439de7c95146bea2e8bbb8e33e736b - - default default] Successfully bumped revision number for resource 9cca2e4d-23d6-4979-ade3-420745886799 (type: routers) to 2 [pid: 7|app: 0|req: 1209/2564] 10.0.0.208 () {34 vars in 669 bytes} [Wed May 20 04:47:40 2026] POST /v2.0/routers => generated 945 bytes in 1394 msecs (HTTP/1.1 201) 4 headers in 162 bytes (1 switches on core 0)
2026-05-20 04:47:43.033 7 INFO neutron.db.ovn_revision_numbers_db [None req-8abfa9af-c1b0-4997-8f08-f2b208fae5a6 - - - - - -] Successfully bumped revision number for resource d380111d-c337-4f95-b695-c20e631578ca (type: ports) to 4
2026-05-20 04:47:43.248 8 WARNING neutron.scheduler.dhcp_agent_scheduler [None req-5b667121-c3b0-4537-85b2-9ad3f65ad8ba c5d2d8a7313d452d9d1a40827d3ac853 20439de7c95146bea2e8bbb8e33e736b - - default default] No more DHCP agents
2026-05-20 04:47:43.250 8 WARNING neutron.api.rpc.agentnotifiers.dhcp_rpc_agent_api [None req-5b667121-c3b0-4537-85b2-9ad3f65ad8ba c5d2d8a7313d452d9d1a40827d3ac853 20439de7c95146bea2e8bbb8e33e736b - - default default] Unable to schedule network e3857bf6-2d72-4ecd-a792-c8fa9d19020e: no agents available; will retry on subsequent port and subnet creation events.
2026-05-20 04:47:43.315 7 INFO neutron.db.ovn_revision_numbers_db [None req-8abfa9af-c1b0-4997-8f08-f2b208fae5a6 - - - - - -] Successfully bumped revision number for resource d380111d-c337-4f95-b695-c20e631578ca (type: ports) to 5
2026-05-20 04:47:43.379 7 INFO neutron.plugins.ml2.drivers.ovn.mech_driver.mech_driver [None req-625d3cf8-01f6-4e82-8be1-b20c294c9f93 - - - - - -] OVN reports status down for port: 9b0b0365-56e4-4cbb-980c-05ee962b1ed0
2026-05-20 04:47:43.403 8 INFO neutron.db.ovn_revision_numbers_db [None req-5b667121-c3b0-4537-85b2-9ad3f65ad8ba c5d2d8a7313d452d9d1a40827d3ac853 20439de7c95146bea2e8bbb8e33e736b - - default default] Successfully bumped revision number for resource 9b0b0365-56e4-4cbb-980c-05ee962b1ed0 (type: ports) to 1
2026-05-20 04:47:44.022 7 INFO neutron.plugins.ml2.drivers.ovn.mech_driver.mech_driver [None req-625d3cf8-01f6-4e82-8be1-b20c294c9f93 - - - - - -] OVN reports status up for port: 9b0b0365-56e4-4cbb-980c-05ee962b1ed0
2026-05-20 04:47:44.035 7 INFO neutron.plugins.ml2.plugin [None req-625d3cf8-01f6-4e82-8be1-b20c294c9f93 - - - - - -] Attempt 1 to provision port 9b0b0365-56e4-4cbb-980c-05ee962b1ed0
2026-05-20 04:47:44.080 8 WARNING neutron.scheduler.dhcp_agent_scheduler [None req-5b667121-c3b0-4537-85b2-9ad3f65ad8ba c5d2d8a7313d452d9d1a40827d3ac853 20439de7c95146bea2e8bbb8e33e736b - - default default] No more DHCP agents
2026-05-20 04:47:44.081 8 WARNING neutron.api.rpc.agentnotifiers.dhcp_rpc_agent_api [None req-5b667121-c3b0-4537-85b2-9ad3f65ad8ba c5d2d8a7313d452d9d1a40827d3ac853 20439de7c95146bea2e8bbb8e33e736b - - default default] Unable to schedule network e3857bf6-2d72-4ecd-a792-c8fa9d19020e: no agents available; will retry on subsequent port and subnet creation events.
2026-05-20 04:47:44.354 7 INFO neutron.db.ovn_revision_numbers_db [None req-625d3cf8-01f6-4e82-8be1-b20c294c9f93 - - - - - -] Successfully bumped revision number for resource 9b0b0365-56e4-4cbb-980c-05ee962b1ed0 (type: ports) to 2
2026-05-20 04:47:44.411 8 INFO neutron.db.ovn_revision_numbers_db [None req-5b667121-c3b0-4537-85b2-9ad3f65ad8ba c5d2d8a7313d452d9d1a40827d3ac853 20439de7c95146bea2e8bbb8e33e736b - - default default] Successfully bumped revision number for resource 9b0b0365-56e4-4cbb-980c-05ee962b1ed0 (type: router_ports) to 1 [pid: 8|app: 0|req: 1356/2567] 10.0.0.208 () {34 vars in 783 bytes} [Wed May 20 04:47:41 2026] PUT /v2.0/routers/9cca2e4d-23d6-4979-ade3-420745886799/add_router_interface => generated 309 bytes in 2435 msecs (HTTP/1.1 200) 4 headers in 157 bytes (1 switches on core 0)
2026-05-20 04:47:44.997 7 WARNING neutron.scheduler.dhcp_agent_scheduler [None req-9e798ea7-5dab-4019-8b6d-e5a4f9e4395b c5d2d8a7313d452d9d1a40827d3ac853 20439de7c95146bea2e8bbb8e33e736b - - default default] No more DHCP agents
2026-05-20 04:47:44.999 7 WARNING neutron.api.rpc.agentnotifiers.dhcp_rpc_agent_api [None req-9e798ea7-5dab-4019-8b6d-e5a4f9e4395b c5d2d8a7313d452d9d1a40827d3ac853 20439de7c95146bea2e8bbb8e33e736b - - default default] Unable to schedule network 63322000-431d-43ae-b4e6-726bea25e638: no agents available; will retry on subsequent port and subnet creation events.
2026-05-20 04:47:45.212 7 INFO neutron.db.ovn_revision_numbers_db [None req-9e798ea7-5dab-4019-8b6d-e5a4f9e4395b c5d2d8a7313d452d9d1a40827d3ac853 20439de7c95146bea2e8bbb8e33e736b - - default default] Successfully bumped revision number for resource abd588f7-4e28-4c00-99c8-5769a7144167 (type: ports) to 1
2026-05-20 04:47:45.946 7 WARNING neutron.scheduler.dhcp_agent_scheduler [None req-9e798ea7-5dab-4019-8b6d-e5a4f9e4395b c5d2d8a7313d452d9d1a40827d3ac853 20439de7c95146bea2e8bbb8e33e736b - - default default] No more DHCP agents
2026-05-20 04:47:45.948 7 WARNING neutron.api.rpc.agentnotifiers.dhcp_rpc_agent_api [None req-9e798ea7-5dab-4019-8b6d-e5a4f9e4395b c5d2d8a7313d452d9d1a40827d3ac853 20439de7c95146bea2e8bbb8e33e736b - - default default] Unable to schedule network 63322000-431d-43ae-b4e6-726bea25e638: no agents available; will retry on subsequent port and subnet creation events.
2026-05-20 04:47:46.392 7 INFO neutron.db.ovn_revision_numbers_db [None req-9e798ea7-5dab-4019-8b6d-e5a4f9e4395b c5d2d8a7313d452d9d1a40827d3ac853 20439de7c95146bea2e8bbb8e33e736b - - default default] Successfully bumped revision number for resource abd588f7-4e28-4c00-99c8-5769a7144167 (type: router_ports) to 1 [pid: 7|app: 0|req: 1212/2568] 10.0.0.208 () {34 vars in 783 bytes} [Wed May 20 04:47:44 2026] PUT /v2.0/routers/9cca2e4d-23d6-4979-ade3-420745886799/add_router_interface => generated 309 bytes in 1973 msecs (HTTP/1.1 200) 4 headers in 157 bytes (1 switches on core 0)
2026-05-20 04:47:46.967 8 WARNING neutron.scheduler.dhcp_agent_scheduler [None req-924a1548-b6cf-42be-af5b-86db4eb3ca84 c5d2d8a7313d452d9d1a40827d3ac853 20439de7c95146bea2e8bbb8e33e736b - - default default] No more DHCP agents
2026-05-20 04:47:46.968 8 WARNING neutron.api.rpc.agentnotifiers.dhcp_rpc_agent_api [None req-924a1548-b6cf-42be-af5b-86db4eb3ca84 c5d2d8a7313d452d9d1a40827d3ac853 20439de7c95146bea2e8bbb8e33e736b - - default default] Unable to schedule network 97a18c85-f5c1-4a63-b64b-454884509b1e: no agents available; will retry on subsequent port and subnet creation events.
2026-05-20 04:47:47.092 8 INFO neutron.plugins.ml2.drivers.ovn.mech_driver.mech_driver [None req-de241184-ee3b-484c-bbb0-9f4ef2bfb7cc - - - - - -] OVN reports status down for port: c868b489-7969-44e0-9ac8-4e7318f16274
2026-05-20 04:47:47.153 8 INFO neutron.db.ovn_revision_numbers_db [None req-924a1548-b6cf-42be-af5b-86db4eb3ca84 c5d2d8a7313d452d9d1a40827d3ac853 20439de7c95146bea2e8bbb8e33e736b - - default default] Successfully bumped revision number for resource c868b489-7969-44e0-9ac8-4e7318f16274 (type: ports) to 1
2026-05-20 04:47:47.856 8 INFO neutron.plugins.ml2.drivers.ovn.mech_driver.mech_driver [None req-de241184-ee3b-484c-bbb0-9f4ef2bfb7cc - - - - - -] OVN reports status up for port: c868b489-7969-44e0-9ac8-4e7318f16274
2026-05-20 04:47:47.881 8 INFO neutron.plugins.ml2.plugin [None req-de241184-ee3b-484c-bbb0-9f4ef2bfb7cc - - - - - -] Attempt 1 to provision port c868b489-7969-44e0-9ac8-4e7318f16274
2026-05-20 04:47:47.965 8 WARNING neutron.scheduler.dhcp_agent_scheduler [None req-924a1548-b6cf-42be-af5b-86db4eb3ca84 c5d2d8a7313d452d9d1a40827d3ac853 20439de7c95146bea2e8bbb8e33e736b - - default default] No more DHCP agents
2026-05-20 04:47:47.967 8 WARNING neutron.api.rpc.agentnotifiers.dhcp_rpc_agent_api [None req-924a1548-b6cf-42be-af5b-86db4eb3ca84 c5d2d8a7313d452d9d1a40827d3ac853 20439de7c95146bea2e8bbb8e33e736b - - default default] Unable to schedule network 97a18c85-f5c1-4a63-b64b-454884509b1e: no agents available; will retry on subsequent port and subnet creation events.
2026-05-20 04:47:48.475 8 INFO neutron.db.ovn_revision_numbers_db [None req-de241184-ee3b-484c-bbb0-9f4ef2bfb7cc - - - - - -] Successfully bumped revision number for resource c868b489-7969-44e0-9ac8-4e7318f16274 (type: ports) to 2
2026-05-20 04:47:48.603 8 INFO neutron.db.ovn_revision_numbers_db [None req-924a1548-b6cf-42be-af5b-86db4eb3ca84 c5d2d8a7313d452d9d1a40827d3ac853 20439de7c95146bea2e8bbb8e33e736b - - default default] Successfully bumped revision number for resource c868b489-7969-44e0-9ac8-4e7318f16274 (type: router_ports) to 1 [pid: 8|app: 0|req: 1357/2569] 10.0.0.208 () {34 vars in 783 bytes} [Wed May 20 04:47:46 2026] PUT /v2.0/routers/9cca2e4d-23d6-4979-ade3-420745886799/add_router_interface => generated 309 bytes in 2217 msecs (HTTP/1.1 200) 4 headers in 157 bytes (1 switches on core 0)
2026-05-20 04:47:48.824 7 INFO neutron.db.ovn_revision_numbers_db [None req-c492201b-2f63-4e61-9c50-d9dbc6cb0cd0 c5d2d8a7313d452d9d1a40827d3ac853 20439de7c95146bea2e8bbb8e33e736b - - default default] Successfully bumped revision number for resource 67cc15c5-e2b2-4576-a7bb-7468178ca20b (type: security_groups) to 1
2026-05-20 04:47:48.835 7 INFO neutron.db.ovn_revision_numbers_db [None req-c492201b-2f63-4e61-9c50-d9dbc6cb0cd0 c5d2d8a7313d452d9d1a40827d3ac853 20439de7c95146bea2e8bbb8e33e736b - - default default] Successfully bumped revision number for resource 28875b78-f8e6-4616-aa7a-4cac0e1c0776 (type: security_group_rules) to 0
2026-05-20 04:47:48.845 7 INFO neutron.db.ovn_revision_numbers_db [None req-c492201b-2f63-4e61-9c50-d9dbc6cb0cd0 c5d2d8a7313d452d9d1a40827d3ac853 20439de7c95146bea2e8bbb8e33e736b - - default default] Successfully bumped revision number for resource 4833d6d7-aebb-45c2-a7d2-764f4c3f90e1 (type: security_group_rules) to 0 [pid: 7|app: 0|req: 1213/2570] 10.0.0.208 () {34 vars in 684 bytes} [Wed May 20 04:47:48 2026] POST /v2.0/security-groups => generated 1629 bytes in 188 msecs (HTTP/1.1 201) 4 headers in 163 bytes (1 switches on core 0)
2026-05-20 04:47:49.030 8 INFO neutron.db.ovn_revision_numbers_db [None req-a1081a5d-bbc2-4b15-9009-6f3abd3802f0 c5d2d8a7313d452d9d1a40827d3ac853 20439de7c95146bea2e8bbb8e33e736b - - default default] Successfully bumped revision number for resource 2f69e3a2-b580-4f6e-a55e-f35a48c45764 (type: security_group_rules) to 0 [pid: 8|app: 0|req: 1358/2571] 10.0.0.208 () {34 vars in 695 bytes} [Wed May 20 04:47:48 2026] POST /v2.0/security-group-rules => generated 597 bytes in 174 msecs (HTTP/1.1 201) 4 headers in 162 bytes (1 switches on core 0)
