2026-05-20 04:45:50.293 7 WARNING neutron.api.rpc.agentnotifiers.dhcp_rpc_agent_api [None req-3c6c6997-cd1e-4392-a9e6-26cfcaa3e53d bc616a9b6f9d4224b119af541a22a5c2 7793b65012b445bba0e1a15e0aa3df6f - - default default] Unable to schedule network cb2d4ec2-84e4-4e7e-8e20-7a6a2659c82b: no agents available; will retry on subsequent port and subnet creation events.
2026-05-20 04:45:50.335 8 INFO neutron.plugins.ml2.drivers.ovn.mech_driver.mech_driver [None req-57aea868-0843-423e-9736-6e43d6282ddb - - - - - -] OVN reports status down for port: 2858b043-f226-4ca8-8a03-5d6be1d9b365
2026-05-20 04:45:50.368 7 INFO neutron.db.ovn_revision_numbers_db [None req-3c6c6997-cd1e-4392-a9e6-26cfcaa3e53d bc616a9b6f9d4224b119af541a22a5c2 7793b65012b445bba0e1a15e0aa3df6f - - default default] Successfully bumped revision number for resource 2858b043-f226-4ca8-8a03-5d6be1d9b365 (type: ports) to 1 [pid: 7|app: 0|req: 951/1981] 10.0.0.208 () {34 vars in 670 bytes} [Wed May 20 04:45:49 2026] POST /v2.0/networks => generated 650 bytes in 826 msecs (HTTP/1.1 201) 4 headers in 162 bytes (1 switches on core 0)
2026-05-20 04:45:50.634 8 WARNING neutron.scheduler.dhcp_agent_scheduler [None req-14a7cb06-1940-4ee2-bffd-0a0d74fd3bbb bc616a9b6f9d4224b119af541a22a5c2 7793b65012b445bba0e1a15e0aa3df6f - - default default] No more DHCP agents
2026-05-20 04:45:50.636 8 WARNING neutron.api.rpc.agentnotifiers.dhcp_rpc_agent_api [None req-14a7cb06-1940-4ee2-bffd-0a0d74fd3bbb bc616a9b6f9d4224b119af541a22a5c2 7793b65012b445bba0e1a15e0aa3df6f - - default default] Unable to schedule network cb2d4ec2-84e4-4e7e-8e20-7a6a2659c82b: no agents available; will retry on subsequent port and subnet creation events. [pid: 7|app: 0|req: 952/1982] 10.0.0.195 () {32 vars in 802 bytes} [Wed May 20 04:45:50 2026] GET /v2.0/extensions => generated 20541 bytes in 9 msecs (HTTP/1.1 200) 4 headers in 159 bytes (1 switches on core 0) [pid: 7|app: 0|req: 953/1983] 10.0.0.195 () {30 vars in 724 bytes} [Wed May 20 04:45:51 2026] GET /v2.0/quotas/a2afb82027154be4a48962fd555974c3/details => generated 847 bytes in 98 msecs (HTTP/1.1 200) 4 headers in 157 bytes (1 switches on core 0)
2026-05-20 04:45:51.571 8 INFO neutron.db.ovn_revision_numbers_db [None req-48b87f8a-d5ce-4801-af5f-79a7772d4fd1 - - - - - -] Successfully bumped revision number for resource 2858b043-f226-4ca8-8a03-5d6be1d9b365 (type: ports) to 2
2026-05-20 04:45:51.605 8 INFO neutron.db.ovn_revision_numbers_db [None req-48b87f8a-d5ce-4801-af5f-79a7772d4fd1 - - - - - -] Successfully bumped revision number for resource ebc26ab1-b8ea-4749-90eb-6529805c2a65 (type: subnets) to 0 [pid: 8|app: 0|req: 1031/1984] 10.0.0.208 () {34 vars in 669 bytes} [Wed May 20 04:45:50 2026] POST /v2.0/subnets => generated 626 bytes in 1224 msecs (HTTP/1.1 201) 4 headers in 162 bytes (1 switches on core 0)
2026-05-20 04:45:51.711 7 INFO neutron.db.segments_db [None req-78520127-9290-4bc5-ad00-0dd62bcb2fa7 bc616a9b6f9d4224b119af541a22a5c2 7793b65012b445bba0e1a15e0aa3df6f - - default default] Added segment e4b2ca0c-4f6c-4876-b240-b479eb96fea4 of type geneve for network b5b076b5-b95e-4649-8586-afbb4a94076b
2026-05-20 04:45:51.817 7 INFO neutron.db.ovn_revision_numbers_db [None req-78520127-9290-4bc5-ad00-0dd62bcb2fa7 bc616a9b6f9d4224b119af541a22a5c2 7793b65012b445bba0e1a15e0aa3df6f - - default default] Successfully bumped revision number for resource b5b076b5-b95e-4649-8586-afbb4a94076b (type: networks) to 1
2026-05-20 04:45:51.977 7 WARNING neutron.scheduler.dhcp_agent_scheduler [None req-78520127-9290-4bc5-ad00-0dd62bcb2fa7 bc616a9b6f9d4224b119af541a22a5c2 7793b65012b445bba0e1a15e0aa3df6f - - default default] No more DHCP agents
2026-05-20 04:45:51.978 7 WARNING neutron.api.rpc.agentnotifiers.dhcp_rpc_agent_api [None req-78520127-9290-4bc5-ad00-0dd62bcb2fa7 bc616a9b6f9d4224b119af541a22a5c2 7793b65012b445bba0e1a15e0aa3df6f - - default default] Unable to schedule network b5b076b5-b95e-4649-8586-afbb4a94076b: no agents available; will retry on subsequent port and subnet creation events.
2026-05-20 04:45:52.020 8 INFO neutron.plugins.ml2.drivers.ovn.mech_driver.mech_driver [None req-57aea868-0843-423e-9736-6e43d6282ddb - - - - - -] OVN reports status down for port: b6aa4cfc-35c3-49ef-a5fc-ccbf3bb403a2
2026-05-20 04:45:52.045 7 INFO neutron.db.ovn_revision_numbers_db [None req-78520127-9290-4bc5-ad00-0dd62bcb2fa7 bc616a9b6f9d4224b119af541a22a5c2 7793b65012b445bba0e1a15e0aa3df6f - - default default] Successfully bumped revision number for resource b6aa4cfc-35c3-49ef-a5fc-ccbf3bb403a2 (type: ports) to 1 [pid: 7|app: 0|req: 954/1985] 10.0.0.208 () {34 vars in 670 bytes} [Wed May 20 04:45:51 2026] POST /v2.0/networks => generated 651 bytes in 440 msecs (HTTP/1.1 201) 4 headers in 162 bytes (1 switches on core 0)
2026-05-20 04:45:52.260 8 WARNING neutron.scheduler.dhcp_agent_scheduler [None req-567c00d3-65a3-4c9d-9ac0-93640f71ec5e bc616a9b6f9d4224b119af541a22a5c2 7793b65012b445bba0e1a15e0aa3df6f - - default default] No more DHCP agents
2026-05-20 04:45:52.261 8 WARNING neutron.api.rpc.agentnotifiers.dhcp_rpc_agent_api [None req-567c00d3-65a3-4c9d-9ac0-93640f71ec5e bc616a9b6f9d4224b119af541a22a5c2 7793b65012b445bba0e1a15e0aa3df6f - - default default] Unable to schedule network b5b076b5-b95e-4649-8586-afbb4a94076b: no agents available; will retry on subsequent port and subnet creation events.
2026-05-20 04:45:52.741 8 INFO neutron.db.ovn_revision_numbers_db [None req-a5eeafd7-576c-4ed1-aeb6-87a76779ed6f - - - - - -] Successfully bumped revision number for resource b6aa4cfc-35c3-49ef-a5fc-ccbf3bb403a2 (type: ports) to 2
2026-05-20 04:45:52.780 8 INFO neutron.db.ovn_revision_numbers_db [None req-a5eeafd7-576c-4ed1-aeb6-87a76779ed6f - - - - - -] Successfully bumped revision number for resource e272698b-54b0-4e0f-b151-2cb8b8ebbec7 (type: subnets) to 0 [pid: 8|app: 0|req: 1032/1986] 10.0.0.208 () {34 vars in 669 bytes} [Wed May 20 04:45:52 2026] POST /v2.0/subnets => generated 629 bytes in 724 msecs (HTTP/1.1 201) 4 headers in 162 bytes (1 switches on core 0)
2026-05-20 04:45:52.896 7 INFO neutron.db.segments_db [None req-9f160b6d-05fb-4ac0-9c47-5755c617db52 bc616a9b6f9d4224b119af541a22a5c2 7793b65012b445bba0e1a15e0aa3df6f - - default default] Added segment abdf20d4-d06c-4346-806b-be789aaf04c7 of type geneve for network 7d47905e-d6f3-4df2-97a6-b93821c3394c
2026-05-20 04:45:52.994 7 INFO neutron.db.ovn_revision_numbers_db [None req-9f160b6d-05fb-4ac0-9c47-5755c617db52 bc616a9b6f9d4224b119af541a22a5c2 7793b65012b445bba0e1a15e0aa3df6f - - default default] Successfully bumped revision number for resource 7d47905e-d6f3-4df2-97a6-b93821c3394c (type: networks) to 1 [pid: 8|app: 0|req: 1033/1987] 10.0.0.51 () {28 vars in 618 bytes} [Wed May 20 04:45:53 2026] GET /v2.0/network-ip-availabilities => generated 3146 bytes in 82 msecs (HTTP/1.1 200) 4 headers in 158 bytes (1 switches on core 0)
2026-05-20 04:45:53.161 7 WARNING neutron.scheduler.dhcp_agent_scheduler [None req-9f160b6d-05fb-4ac0-9c47-5755c617db52 bc616a9b6f9d4224b119af541a22a5c2 7793b65012b445bba0e1a15e0aa3df6f - - default default] No more DHCP agents
2026-05-20 04:45:53.164 7 WARNING neutron.api.rpc.agentnotifiers.dhcp_rpc_agent_api [None req-9f160b6d-05fb-4ac0-9c47-5755c617db52 bc616a9b6f9d4224b119af541a22a5c2 7793b65012b445bba0e1a15e0aa3df6f - - default default] Unable to schedule network 7d47905e-d6f3-4df2-97a6-b93821c3394c: no agents available; will retry on subsequent port and subnet creation events. [pid: 8|app: 0|req: 1034/1988] 10.0.0.51 () {28 vars in 582 bytes} [Wed May 20 04:45:53 2026] GET /v2.0/subnets => generated 3935 bytes in 40 msecs (HTTP/1.1 200) 4 headers in 158 bytes (1 switches on core 0)
2026-05-20 04:45:53.206 7 INFO neutron.plugins.ml2.drivers.ovn.mech_driver.mech_driver [None req-93593ad1-9fde-4a80-b5a2-9b94e2057988 - - - - - -] OVN reports status down for port: 7b32f80c-b030-423b-a8cf-ffab646ce5bc [pid: 8|app: 0|req: 1035/1989] 10.0.0.51 () {28 vars in 590 bytes} [Wed May 20 04:45:53 2026] GET /v2.0/subnetpools => generated 19 bytes in 19 msecs (HTTP/1.1 200) 4 headers in 156 bytes (1 switches on core 0)
2026-05-20 04:45:53.277 7 INFO neutron.db.ovn_revision_numbers_db [None req-9f160b6d-05fb-4ac0-9c47-5755c617db52 bc616a9b6f9d4224b119af541a22a5c2 7793b65012b445bba0e1a15e0aa3df6f - - default default] Successfully bumped revision number for resource 7b32f80c-b030-423b-a8cf-ffab646ce5bc (type: ports) to 1 [pid: 8|app: 0|req: 1036/1990] 10.0.0.51 () {28 vars in 584 bytes} [Wed May 20 04:45:53 2026] GET /v2.0/networks => generated 6189 bytes in 76 msecs (HTTP/1.1 200) 4 headers in 158 bytes (1 switches on core 0) [pid: 7|app: 0|req: 955/1991] 10.0.0.208 () {34 vars in 670 bytes} [Wed May 20 04:45:52 2026] POST /v2.0/networks => generated 651 bytes in 520 msecs (HTTP/1.1 201) 4 headers in 162 bytes (1 switches on core 0) [pid: 8|app: 0|req: 1037/1992] 10.0.0.51 () {28 vars in 598 bytes} [Wed May 20 04:45:53 2026] GET /v2.0/security-groups => generated 34311 bytes in 52 msecs (HTTP/1.1 200) 4 headers in 159 bytes (1 switches on core 0) [pid: 8|app: 0|req: 1038/1993] 10.0.0.51 () {28 vars in 582 bytes} [Wed May 20 04:45:53 2026] GET /v2.0/subnets => generated 3935 bytes in 42 msecs (HTTP/1.1 200) 4 headers in 158 bytes (1 switches on core 0) [pid: 8|app: 0|req: 1039/1994] 10.0.0.51 () {28 vars in 578 bytes} [Wed May 20 04:45:53 2026] GET /v2.0/ports => generated 16838 bytes in 96 msecs (HTTP/1.1 200) 4 headers in 159 bytes (1 switches on core 0)
2026-05-20 04:45:53.558 7 WARNING neutron.scheduler.dhcp_agent_scheduler [None req-ea9ddf4b-0f87-463d-9ad4-f3e10e3f39a4 bc616a9b6f9d4224b119af541a22a5c2 7793b65012b445bba0e1a15e0aa3df6f - - default default] No more DHCP agents
2026-05-20 04:45:53.559 7 WARNING neutron.api.rpc.agentnotifiers.dhcp_rpc_agent_api [None req-ea9ddf4b-0f87-463d-9ad4-f3e10e3f39a4 bc616a9b6f9d4224b119af541a22a5c2 7793b65012b445bba0e1a15e0aa3df6f - - default default] Unable to schedule network 7d47905e-d6f3-4df2-97a6-b93821c3394c: no agents available; will retry on subsequent port and subnet creation events. [pid: 8|app: 0|req: 1040/1995] 10.0.0.51 () {28 vars in 590 bytes} [Wed May 20 04:45:53 2026] GET /v2.0/floatingips => generated 861 bytes in 34 msecs (HTTP/1.1 200) 4 headers in 157 bytes (1 switches on core 0) [pid: 8|app: 0|req: 1041/1996] 10.0.0.51 () {28 vars in 582 bytes} [Wed May 20 04:45:53 2026] GET /v2.0/routers => generated 1937 bytes in 73 msecs (HTTP/1.1 200) 4 headers in 158 bytes (1 switches on core 0) [pid: 8|app: 0|req: 1042/1997] 10.0.0.51 () {28 vars in 623 bytes} [Wed May 20 04:45:53 2026] GET /v2.0/agents?binary=ovn-controller => generated 416 bytes in 13 msecs (HTTP/1.1 200) 4 headers in 157 bytes (1 switches on core 0) [pid: 8|app: 0|req: 1043/1998] 10.0.0.51 () {28 vars in 580 bytes} [Wed May 20 04:45:53 2026] GET /v2.0/agents => generated 1214 bytes in 13 msecs (HTTP/1.1 200) 4 headers in 158 bytes (1 switches on core 0)
2026-05-20 04:45:53.961 7 INFO neutron.db.ovn_revision_numbers_db [None req-a31ea22b-5f4c-4c54-b9e6-f536dea4afb9 - - - - - -] Successfully bumped revision number for resource 7b32f80c-b030-423b-a8cf-ffab646ce5bc (type: ports) to 2
2026-05-20 04:45:53.999 7 INFO neutron.db.ovn_revision_numbers_db [None req-a31ea22b-5f4c-4c54-b9e6-f536dea4afb9 - - - - - -] Successfully bumped revision number for resource ec253887-b293-45cd-b667-9ea574589d01 (type: subnets) to 0 [pid: 7|app: 0|req: 956/1999] 10.0.0.208 () {34 vars in 669 bytes} [Wed May 20 04:45:53 2026] POST /v2.0/subnets => generated 629 bytes in 688 msecs (HTTP/1.1 201) 4 headers in 162 bytes (1 switches on core 0)
2026-05-20 04:45:54.111 8 INFO neutron.db.segments_db [None req-80f9d6c4-94d9-4677-9cc7-eee7ca8ce07e bc616a9b6f9d4224b119af541a22a5c2 7793b65012b445bba0e1a15e0aa3df6f - - default default] Added segment 0a0853f4-d778-4629-bc4e-cfa50a3bdec9 of type geneve for network 887a6601-6c6e-4dad-83fb-b05090d3b0aa
2026-05-20 04:45:54.228 8 INFO neutron.db.ovn_revision_numbers_db [None req-80f9d6c4-94d9-4677-9cc7-eee7ca8ce07e bc616a9b6f9d4224b119af541a22a5c2 7793b65012b445bba0e1a15e0aa3df6f - - default default] Successfully bumped revision number for resource 887a6601-6c6e-4dad-83fb-b05090d3b0aa (type: networks) to 1
2026-05-20 04:45:54.322 7 INFO neutron.db.ovn_revision_numbers_db [None req-5ea80478-6741-4381-ad67-79b848f1f5f3 e5be542de3664c098b1a88fb35998dc5 b0fe63b9b49345e8827bfce2b08690fa - - default default] Successfully bumped revision number for resource ed15ee1f-eacd-49fe-a784-a2bac1987153 (type: security_groups) to 1
2026-05-20 04:45:54.336 7 INFO neutron.db.ovn_revision_numbers_db [None req-5ea80478-6741-4381-ad67-79b848f1f5f3 e5be542de3664c098b1a88fb35998dc5 b0fe63b9b49345e8827bfce2b08690fa - - default default] Successfully bumped revision number for resource 1e81abcd-cd38-4a2c-9d27-a4f44181a2dd (type: security_group_rules) to 0
2026-05-20 04:45:54.349 7 INFO neutron.db.ovn_revision_numbers_db [None req-5ea80478-6741-4381-ad67-79b848f1f5f3 e5be542de3664c098b1a88fb35998dc5 b0fe63b9b49345e8827bfce2b08690fa - - default default] Successfully bumped revision number for resource 53513c09-e58c-4047-bd25-6ff514aa41fd (type: security_group_rules) to 0
2026-05-20 04:45:54.361 7 INFO neutron.db.ovn_revision_numbers_db [None req-5ea80478-6741-4381-ad67-79b848f1f5f3 e5be542de3664c098b1a88fb35998dc5 b0fe63b9b49345e8827bfce2b08690fa - - default default] Successfully bumped revision number for resource 6ed93d8f-c00f-49bc-8e35-5d391992eddc (type: security_group_rules) to 0
2026-05-20 04:45:54.372 7 INFO neutron.db.ovn_revision_numbers_db [None req-5ea80478-6741-4381-ad67-79b848f1f5f3 e5be542de3664c098b1a88fb35998dc5 b0fe63b9b49345e8827bfce2b08690fa - - default default] Successfully bumped revision number for resource dd3dbccb-b03c-492d-8bdb-6e849ce85d66 (type: security_group_rules) to 0
2026-05-20 04:45:54.399 8 WARNING neutron.scheduler.dhcp_agent_scheduler [None req-80f9d6c4-94d9-4677-9cc7-eee7ca8ce07e bc616a9b6f9d4224b119af541a22a5c2 7793b65012b445bba0e1a15e0aa3df6f - - default default] No more DHCP agents
2026-05-20 04:45:54.401 8 WARNING neutron.api.rpc.agentnotifiers.dhcp_rpc_agent_api [None req-80f9d6c4-94d9-4677-9cc7-eee7ca8ce07e bc616a9b6f9d4224b119af541a22a5c2 7793b65012b445bba0e1a15e0aa3df6f - - default default] Unable to schedule network 887a6601-6c6e-4dad-83fb-b05090d3b0aa: no agents available; will retry on subsequent port and subnet creation events. [pid: 7|app: 0|req: 957/2000] 10.0.0.208 () {32 vars in 774 bytes} [Wed May 20 04:45:54 2026] GET /v2.0/security-groups?tenant_id=a2afb82027154be4a48962fd555974c3&name=default => generated 2925 bytes in 298 msecs (HTTP/1.1 200) 4 headers in 158 bytes (1 switches on core 0)
2026-05-20 04:45:54.444 7 INFO neutron.plugins.ml2.drivers.ovn.mech_driver.mech_driver [None req-93593ad1-9fde-4a80-b5a2-9b94e2057988 - - - - - -] OVN reports status down for port: 3bf7a928-32d4-45b5-95b6-908f4c343b09
2026-05-20 04:45:54.471 8 INFO neutron.db.ovn_revision_numbers_db [None req-80f9d6c4-94d9-4677-9cc7-eee7ca8ce07e bc616a9b6f9d4224b119af541a22a5c2 7793b65012b445bba0e1a15e0aa3df6f - - default default] Successfully bumped revision number for resource 3bf7a928-32d4-45b5-95b6-908f4c343b09 (type: ports) to 1 [pid: 8|app: 0|req: 1044/2001] 10.0.0.208 () {34 vars in 670 bytes} [Wed May 20 04:45:54 2026] POST /v2.0/networks => generated 651 bytes in 471 msecs (HTTP/1.1 201) 4 headers in 162 bytes (1 switches on core 0) [pid: 7|app: 0|req: 958/2002] 10.0.0.208 () {32 vars in 740 bytes} [Wed May 20 04:45:54 2026] DELETE /v2.0/security-groups/ed15ee1f-eacd-49fe-a784-a2bac1987153 => generated 0 bytes in 311 msecs (HTTP/1.1 204) 2 headers in 112 bytes (1 switches on core 0)
2026-05-20 04:45:54.736 8 WARNING neutron.scheduler.dhcp_agent_scheduler [None req-61026889-ea80-4064-ab99-0573b112af00 bc616a9b6f9d4224b119af541a22a5c2 7793b65012b445bba0e1a15e0aa3df6f - - default default] No more DHCP agents
2026-05-20 04:45:54.737 8 WARNING neutron.api.rpc.agentnotifiers.dhcp_rpc_agent_api [None req-61026889-ea80-4064-ab99-0573b112af00 bc616a9b6f9d4224b119af541a22a5c2 7793b65012b445bba0e1a15e0aa3df6f - - default default] Unable to schedule network 887a6601-6c6e-4dad-83fb-b05090d3b0aa: no agents available; will retry on subsequent port and subnet creation events.
2026-05-20 04:45:55.119 8 INFO neutron.db.ovn_revision_numbers_db [None req-badf796e-a810-482a-b912-df98d8dc31e6 - - - - - -] Successfully bumped revision number for resource 3bf7a928-32d4-45b5-95b6-908f4c343b09 (type: ports) to 2
2026-05-20 04:45:55.150 8 INFO neutron.db.ovn_revision_numbers_db [None req-badf796e-a810-482a-b912-df98d8dc31e6 - - - - - -] Successfully bumped revision number for resource a3f54b2f-08e0-4269-aea8-982adb013bbf (type: subnets) to 0 [pid: 8|app: 0|req: 1045/2003] 10.0.0.208 () {34 vars in 669 bytes} [Wed May 20 04:45:54 2026] POST /v2.0/subnets => generated 629 bytes in 669 msecs (HTTP/1.1 201) 4 headers in 162 bytes (1 switches on core 0)
2026-05-20 04:45:55.255 7 INFO neutron.db.segments_db [None req-93df269d-a41c-4dac-9cb0-40a2110f1570 bc616a9b6f9d4224b119af541a22a5c2 7793b65012b445bba0e1a15e0aa3df6f - - default default] Added segment 22066b83-fe2b-4755-b1f8-804dac57521c of type geneve for network 4e13b316-1cb9-41d4-9c47-d7e1864d4e39
2026-05-20 04:45:55.372 7 INFO neutron.db.ovn_revision_numbers_db [None req-93df269d-a41c-4dac-9cb0-40a2110f1570 bc616a9b6f9d4224b119af541a22a5c2 7793b65012b445bba0e1a15e0aa3df6f - - default default] Successfully bumped revision number for resource 4e13b316-1cb9-41d4-9c47-d7e1864d4e39 (type: networks) to 1
2026-05-20 04:45:55.555 7 WARNING neutron.scheduler.dhcp_agent_scheduler [None req-93df269d-a41c-4dac-9cb0-40a2110f1570 bc616a9b6f9d4224b119af541a22a5c2 7793b65012b445bba0e1a15e0aa3df6f - - default default] No more DHCP agents
2026-05-20 04:45:55.557 7 WARNING neutron.api.rpc.agentnotifiers.dhcp_rpc_agent_api [None req-93df269d-a41c-4dac-9cb0-40a2110f1570 bc616a9b6f9d4224b119af541a22a5c2 7793b65012b445bba0e1a15e0aa3df6f - - default default] Unable to schedule network 4e13b316-1cb9-41d4-9c47-d7e1864d4e39: no agents available; will retry on subsequent port and subnet creation events.
2026-05-20 04:45:55.604 8 INFO neutron.plugins.ml2.drivers.ovn.mech_driver.mech_driver [None req-57aea868-0843-423e-9736-6e43d6282ddb - - - - - -] OVN reports status down for port: 16351401-76d6-4809-adf3-33ba802961ef
2026-05-20 04:45:55.642 7 INFO neutron.db.ovn_revision_numbers_db [None req-93df269d-a41c-4dac-9cb0-40a2110f1570 bc616a9b6f9d4224b119af541a22a5c2 7793b65012b445bba0e1a15e0aa3df6f - - default default] Successfully bumped revision number for resource 16351401-76d6-4809-adf3-33ba802961ef (type: ports) to 1 [pid: 7|app: 0|req: 959/2004] 10.0.0.208 () {34 vars in 670 bytes} [Wed May 20 04:45:55 2026] POST /v2.0/networks => generated 650 bytes in 499 msecs (HTTP/1.1 201) 4 headers in 162 bytes (1 switches on core 0)
2026-05-20 04:45:55.845 8 WARNING neutron.scheduler.dhcp_agent_scheduler [None req-2e3720d5-d643-4029-a54b-0dc3d2694a9c bc616a9b6f9d4224b119af541a22a5c2 7793b65012b445bba0e1a15e0aa3df6f - - default default] No more DHCP agents
2026-05-20 04:45:55.846 8 WARNING neutron.api.rpc.agentnotifiers.dhcp_rpc_agent_api [None req-2e3720d5-d643-4029-a54b-0dc3d2694a9c bc616a9b6f9d4224b119af541a22a5c2 7793b65012b445bba0e1a15e0aa3df6f - - default default] Unable to schedule network 4e13b316-1cb9-41d4-9c47-d7e1864d4e39: no agents available; will retry on subsequent port and subnet creation events.
2026-05-20 04:45:56.315 8 INFO neutron.db.ovn_revision_numbers_db [None req-2e2bb5e2-39ba-4650-9e71-b4644be287e8 - - - - - -] Successfully bumped revision number for resource 16351401-76d6-4809-adf3-33ba802961ef (type: ports) to 2
2026-05-20 04:45:56.347 8 INFO neutron.db.ovn_revision_numbers_db [None req-2e2bb5e2-39ba-4650-9e71-b4644be287e8 - - - - - -] Successfully bumped revision number for resource 4b999b2f-ad4d-48ab-811f-b078619b1ae3 (type: subnets) to 0 [pid: 8|app: 0|req: 1046/2005] 10.0.0.208 () {34 vars in 669 bytes} [Wed May 20 04:45:55 2026] POST /v2.0/subnets => generated 629 bytes in 686 msecs (HTTP/1.1 201) 4 headers in 162 bytes (1 switches on core 0) [pid: 7|app: 0|req: 960/2006] 10.0.0.208 () {34 vars in 751 bytes} [Wed May 20 04:45:56 2026] PUT /v2.0/subnets/ebc26ab1-b8ea-4749-90eb-6529805c2a65/tags => generated 17 bytes in 46 msecs (HTTP/1.1 200) 4 headers in 156 bytes (1 switches on core 0) [pid: 8|app: 0|req: 1047/2007] 10.0.0.208 () {34 vars in 751 bytes} [Wed May 20 04:45:56 2026] PUT /v2.0/subnets/e272698b-54b0-4e0f-b151-2cb8b8ebbec7/tags => generated 25 bytes in 49 msecs (HTTP/1.1 200) 4 headers in 156 bytes (1 switches on core 0) [pid: 7|app: 0|req: 961/2008] 10.0.0.208 () {34 vars in 751 bytes} [Wed May 20 04:45:56 2026] PUT /v2.0/subnets/ec253887-b293-45cd-b667-9ea574589d01/tags => generated 34 bytes in 50 msecs (HTTP/1.1 200) 4 headers in 156 bytes (1 switches on core 0) [pid: 8|app: 0|req: 1048/2009] 10.0.0.208 () {34 vars in 751 bytes} [Wed May 20 04:45:56 2026] PUT /v2.0/subnets/a3f54b2f-08e0-4269-aea8-982adb013bbf/tags => generated 19 bytes in 52 msecs (HTTP/1.1 200) 4 headers in 156 bytes (1 switches on core 0) [pid: 7|app: 0|req: 962/2010] 10.0.0.208 () {32 vars in 664 bytes} [Wed May 20 04:45:56 2026] GET /v2.0/subnets?tags=red => generated 1904 bytes in 54 msecs (HTTP/1.1 200) 4 headers in 158 bytes (1 switches on core 0) [pid: 8|app: 0|req: 1049/2011] 10.0.0.208 () {32 vars in 678 bytes} [Wed May 20 04:45:56 2026] GET /v2.0/subnets?tags=red%2Cblue => generated 1283 bytes in 47 msecs (HTTP/1.1 200) 4 headers in 158 bytes (1 switches on core 0) [pid: 7|app: 0|req: 963/2012] 10.0.0.208 () {32 vars in 674 bytes} [Wed May 20 04:45:56 2026] GET /v2.0/subnets?tags-any=blue => generated 1283 bytes in 37 msecs (HTTP/1.1 200) 4 headers in 158 bytes (1 switches on core 0) [pid: 8|app: 0|req: 1050/2013] 10.0.0.208 () {32 vars in 686 bytes} [Wed May 20 04:45:56 2026] GET /v2.0/subnets?tags-any=red%2Cblue => generated 1904 bytes in 40 msecs (HTTP/1.1 200) 4 headers in 158 bytes (1 switches on core 0) [pid: 7|app: 0|req: 964/2014] 10.0.0.208 () {32 vars in 672 bytes} [Wed May 20 04:45:56 2026] GET /v2.0/subnets?not-tags=red => generated 1894 bytes in 46 msecs (HTTP/1.1 200) 4 headers in 158 bytes (1 switches on core 0) [pid: 8|app: 0|req: 1051/2015] 10.0.0.208 () {32 vars in 686 bytes} [Wed May 20 04:45:56 2026] GET /v2.0/subnets?not-tags=red%2Cblue => generated 2515 bytes in 52 msecs (HTTP/1.1 200) 4 headers in 158 bytes (1 switches on core 0) [pid: 7|app: 0|req: 965/2016] 10.0.0.208 () {32 vars in 682 bytes} [Wed May 20 04:45:56 2026] GET /v2.0/subnets?not-tags-any=blue => generated 2515 bytes in 68 msecs (HTTP/1.1 200) 4 headers in 158 bytes (1 switches on core 0) [pid: 8|app: 0|req: 1052/2017] 10.0.0.208 () {32 vars in 694 bytes} [Wed May 20 04:45:56 2026] GET /v2.0/subnets?not-tags-any=red%2Cblue => generated 1894 bytes in 46 msecs (HTTP/1.1 200) 4 headers in 158 bytes (1 switches on core 0) [pid: 7|app: 0|req: 966/2018] 10.0.0.208 () {32 vars in 724 bytes} [Wed May 20 04:45:57 2026] DELETE /v2.0/subnets/ebc26ab1-b8ea-4749-90eb-6529805c2a65 => generated 0 bytes in 172 msecs (HTTP/1.1 204) 3 headers in 131 bytes (1 switches on core 0) [pid: 8|app: 0|req: 1053/2019] 10.0.0.208 () {32 vars in 724 bytes} [Wed May 20 04:45:57 2026] DELETE /v2.0/subnets/e272698b-54b0-4e0f-b151-2cb8b8ebbec7 => generated 0 bytes in 167 msecs (HTTP/1.1 204) 3 headers in 131 bytes (1 switches on core 0) [pid: 7|app: 0|req: 967/2022] 10.0.0.208 () {32 vars in 724 bytes} [Wed May 20 04:45:57 2026] DELETE /v2.0/subnets/ec253887-b293-45cd-b667-9ea574589d01 => generated 0 bytes in 162 msecs (HTTP/1.1 204) 3 headers in 131 bytes (1 switches on core 0) [pid: 8|app: 0|req: 1056/2023] 10.0.0.208 () {32 vars in 724 bytes} [Wed May 20 04:45:57 2026] DELETE /v2.0/subnets/a3f54b2f-08e0-4269-aea8-982adb013bbf => generated 0 bytes in 143 msecs (HTTP/1.1 204) 3 headers in 131 bytes (1 switches on core 0) [pid: 7|app: 0|req: 968/2024] 10.0.0.208 () {32 vars in 724 bytes} [Wed May 20 04:45:57 2026] DELETE /v2.0/subnets/4b999b2f-ad4d-48ab-811f-b078619b1ae3 => generated 0 bytes in 159 msecs (HTTP/1.1 204) 3 headers in 131 bytes (1 switches on core 0)
2026-05-20 04:45:57.980 8 INFO neutron_taas.services.taas.taas_plugin [None req-a7ba9b84-37d7-42f2-9e8c-7dcfeb03da11 bc616a9b6f9d4224b119af541a22a5c2 7793b65012b445bba0e1a15e0aa3df6f - - default default] TaaS: Handle Delete Port: 2858b043-f226-4ca8-8a03-5d6be1d9b365
2026-05-20 04:45:57.983 8 INFO neutron_taas.services.taas.tap_mirror_plugin [None req-a7ba9b84-37d7-42f2-9e8c-7dcfeb03da11 bc616a9b6f9d4224b119af541a22a5c2 7793b65012b445bba0e1a15e0aa3df6f - - default default] Tap Mirror: Handle Delete Port: 2858b043-f226-4ca8-8a03-5d6be1d9b365
2026-05-20 04:45:58.169 8 INFO neutron.services.segments.plugin [-] Segment 6aed5ed5-b92f-441f-bbb5-91722ac9f0f6 resource provider aggregate not found
2026-05-20 04:45:58.173 8 INFO neutron.services.segments.plugin [-] Segment 6aed5ed5-b92f-441f-bbb5-91722ac9f0f6 resource provider aggregate not found
2026-05-20 04:45:58.186 8 INFO neutron.services.segments.plugin [-] Segment 6aed5ed5-b92f-441f-bbb5-91722ac9f0f6 resource provider not found; error: Placement Client Error (4xx): {"errors": [{"status": 404, "title": "Not Found", "detail": "The resource could not be found.\n\n No resource provider with uuid 6aed5ed5-b92f-441f-bbb5-91722ac9f0f6 found for delete ", "request_id": "req-b796f378-a740-4f5d-ae10-ae61e6feb3bf"}]}
2026-05-20 04:45:58.192 8 INFO neutron.services.segments.plugin [-] Segment 6aed5ed5-b92f-441f-bbb5-91722ac9f0f6 resource provider not found; error: Placement Client Error (4xx): {"errors": [{"status": 404, "title": "Not Found", "detail": "The resource could not be found.\n\n No resource provider with uuid 6aed5ed5-b92f-441f-bbb5-91722ac9f0f6 found for delete ", "request_id": "req-db2636e9-4278-410f-a605-3a15f1c13cab"}]} [pid: 8|app: 0|req: 1057/2025] 10.0.0.208 () {32 vars in 726 bytes} [Wed May 20 04:45:57 2026] DELETE /v2.0/networks/cb2d4ec2-84e4-4e7e-8e20-7a6a2659c82b => generated 0 bytes in 362 msecs (HTTP/1.1 204) 3 headers in 131 bytes (1 switches on core 0)
2026-05-20 04:45:58.340 7 INFO neutron_taas.services.taas.taas_plugin [None req-5aa8e0bf-0371-4272-9e8f-9869c50f12fa bc616a9b6f9d4224b119af541a22a5c2 7793b65012b445bba0e1a15e0aa3df6f - - default default] TaaS: Handle Delete Port: b6aa4cfc-35c3-49ef-a5fc-ccbf3bb403a2
2026-05-20 04:45:58.343 7 INFO neutron_taas.services.taas.tap_mirror_plugin [None req-5aa8e0bf-0371-4272-9e8f-9869c50f12fa bc616a9b6f9d4224b119af541a22a5c2 7793b65012b445bba0e1a15e0aa3df6f - - default default] Tap Mirror: Handle Delete Port: b6aa4cfc-35c3-49ef-a5fc-ccbf3bb403a2
2026-05-20 04:45:58.519 7 INFO neutron.services.segments.plugin [-] Segment e4b2ca0c-4f6c-4876-b240-b479eb96fea4 resource provider aggregate not found
2026-05-20 04:45:58.521 7 INFO neutron.services.segments.plugin [-] Segment e4b2ca0c-4f6c-4876-b240-b479eb96fea4 resource provider aggregate not found
2026-05-20 04:45:58.546 7 INFO neutron.services.segments.plugin [-] Segment e4b2ca0c-4f6c-4876-b240-b479eb96fea4 resource provider not found; error: Placement Client Error (4xx): {"errors": [{"status": 404, "title": "Not Found", "detail": "The resource could not be found.\n\n No resource provider with uuid e4b2ca0c-4f6c-4876-b240-b479eb96fea4 found for delete ", "request_id": "req-57dc4957-1949-43af-9058-26bb0f8d5317"}]}
2026-05-20 04:45:58.552 7 INFO neutron.services.segments.plugin [-] Segment e4b2ca0c-4f6c-4876-b240-b479eb96fea4 resource provider not found; error: Placement Client Error (4xx): {"errors": [{"status": 404, "title": "Not Found", "detail": "The resource could not be found.\n\n No resource provider with uuid e4b2ca0c-4f6c-4876-b240-b479eb96fea4 found for delete ", "request_id": "req-dcab65aa-a525-472b-935a-0ef604526307"}]} [pid: 7|app: 0|req: 969/2026] 10.0.0.208 () {32 vars in 726 bytes} [Wed May 20 04:45:58 2026] DELETE /v2.0/networks/b5b076b5-b95e-4649-8586-afbb4a94076b => generated 0 bytes in 347 msecs (HTTP/1.1 204) 3 headers in 131 bytes (1 switches on core 0)
2026-05-20 04:45:58.705 8 INFO neutron_taas.services.taas.taas_plugin [None req-17c03468-2470-43f6-85f5-3ec198df8091 bc616a9b6f9d4224b119af541a22a5c2 7793b65012b445bba0e1a15e0aa3df6f - - default default] TaaS: Handle Delete Port: 7b32f80c-b030-423b-a8cf-ffab646ce5bc
2026-05-20 04:45:58.707 8 INFO neutron_taas.services.taas.tap_mirror_plugin [None req-17c03468-2470-43f6-85f5-3ec198df8091 bc616a9b6f9d4224b119af541a22a5c2 7793b65012b445bba0e1a15e0aa3df6f - - default default] Tap Mirror: Handle Delete Port: 7b32f80c-b030-423b-a8cf-ffab646ce5bc [pid: 8|app: 0|req: 1058/2027] 10.0.0.208 () {32 vars in 726 bytes} [Wed May 20 04:45:58 2026] DELETE /v2.0/networks/7d47905e-d6f3-4df2-97a6-b93821c3394c => generated 0 bytes in 334 msecs (HTTP/1.1 204) 3 headers in 131 bytes (1 switches on core 0)
2026-05-20 04:45:58.969 7 INFO neutron.db.ovn_revision_numbers_db [None req-d1c8ff98-c47c-4561-b0ef-83eab0c47ae1 cbebd98013484c08b513c3ab4435a779 a0554e835ec142e59bf592ab65d66f74 - - default default] Successfully bumped revision number for resource 8fcf163d-d1c3-4ce5-8aac-6520d4b1f54d (type: security_groups) to 1
2026-05-20 04:45:58.980 7 INFO neutron.db.ovn_revision_numbers_db [None req-d1c8ff98-c47c-4561-b0ef-83eab0c47ae1 cbebd98013484c08b513c3ab4435a779 a0554e835ec142e59bf592ab65d66f74 - - default default] Successfully bumped revision number for resource 06cefea9-7dcf-4ef8-9642-63ae121124a3 (type: security_group_rules) to 0
2026-05-20 04:45:58.991 7 INFO neutron.db.ovn_revision_numbers_db [None req-d1c8ff98-c47c-4561-b0ef-83eab0c47ae1 cbebd98013484c08b513c3ab4435a779 a0554e835ec142e59bf592ab65d66f74 - - default default] Successfully bumped revision number for resource 171909b0-bb18-4acb-90da-255cbe4bc549 (type: security_group_rules) to 0
2026-05-20 04:45:59.001 7 INFO neutron.db.ovn_revision_numbers_db [None req-d1c8ff98-c47c-4561-b0ef-83eab0c47ae1 cbebd98013484c08b513c3ab4435a779 a0554e835ec142e59bf592ab65d66f74 - - default default] Successfully bumped revision number for resource 872a0f51-8ca8-4cde-81c5-77b7d5edf9a5 (type: security_group_rules) to 0
2026-05-20 04:45:59.012 7 INFO neutron.db.ovn_revision_numbers_db [None req-d1c8ff98-c47c-4561-b0ef-83eab0c47ae1 cbebd98013484c08b513c3ab4435a779 a0554e835ec142e59bf592ab65d66f74 - - default default] Successfully bumped revision number for resource b6137f3b-2fe7-4968-b53f-75440428c86a (type: security_group_rules) to 0
2026-05-20 04:45:59.041 8 INFO neutron_taas.services.taas.taas_plugin [None req-8b2bcb5e-62c3-4e98-9b1e-ddc8c3ec21d0 bc616a9b6f9d4224b119af541a22a5c2 7793b65012b445bba0e1a15e0aa3df6f - - default default] TaaS: Handle Delete Port: 3bf7a928-32d4-45b5-95b6-908f4c343b09
2026-05-20 04:45:59.044 8 INFO neutron_taas.services.taas.tap_mirror_plugin [None req-8b2bcb5e-62c3-4e98-9b1e-ddc8c3ec21d0 bc616a9b6f9d4224b119af541a22a5c2 7793b65012b445bba0e1a15e0aa3df6f - - default default] Tap Mirror: Handle Delete Port: 3bf7a928-32d4-45b5-95b6-908f4c343b09
2026-05-20 04:45:59.086 7 INFO neutron.db.segments_db [None req-d1c8ff98-c47c-4561-b0ef-83eab0c47ae1 cbebd98013484c08b513c3ab4435a779 a0554e835ec142e59bf592ab65d66f74 - - default default] Added segment 35fec633-b4ee-4e39-9938-4cdc806baf79 of type geneve for network 614c453a-68bc-47bb-aa03-b33edb264926 [pid: 8|app: 0|req: 1059/2028] 10.0.0.208 () {32 vars in 726 bytes} [Wed May 20 04:45:58 2026] DELETE /v2.0/networks/887a6601-6c6e-4dad-83fb-b05090d3b0aa => generated 0 bytes in 312 msecs (HTTP/1.1 204) 3 headers in 131 bytes (1 switches on core 0)
2026-05-20 04:45:59.367 8 INFO neutron_taas.services.taas.taas_plugin [None req-121eeca6-c7c4-43d3-998b-6a86e1ded171 bc616a9b6f9d4224b119af541a22a5c2 7793b65012b445bba0e1a15e0aa3df6f - - default default] TaaS: Handle Delete Port: 16351401-76d6-4809-adf3-33ba802961ef
2026-05-20 04:45:59.370 8 INFO neutron_taas.services.taas.tap_mirror_plugin [None req-121eeca6-c7c4-43d3-998b-6a86e1ded171 bc616a9b6f9d4224b119af541a22a5c2 7793b65012b445bba0e1a15e0aa3df6f - - default default] Tap Mirror: Handle Delete Port: 16351401-76d6-4809-adf3-33ba802961ef [pid: 8|app: 0|req: 1060/2029] 10.0.0.208 () {32 vars in 726 bytes} [Wed May 20 04:45:59 2026] DELETE /v2.0/networks/4e13b316-1cb9-41d4-9c47-d7e1864d4e39 => generated 0 bytes in 330 msecs (HTTP/1.1 204) 3 headers in 131 bytes (1 switches on core 0)
2026-05-20 04:45:59.723 7 INFO neutron.db.ovn_revision_numbers_db [None req-d1c8ff98-c47c-4561-b0ef-83eab0c47ae1 cbebd98013484c08b513c3ab4435a779 a0554e835ec142e59bf592ab65d66f74 - - default default] Successfully bumped revision number for resource 614c453a-68bc-47bb-aa03-b33edb264926 (type: networks) to 1
2026-05-20 04:45:59.912 7 WARNING neutron.scheduler.dhcp_agent_scheduler [None req-d1c8ff98-c47c-4561-b0ef-83eab0c47ae1 cbebd98013484c08b513c3ab4435a779 a0554e835ec142e59bf592ab65d66f74 - - default default] No more DHCP agents
2026-05-20 04:45:59.913 7 WARNING neutron.api.rpc.agentnotifiers.dhcp_rpc_agent_api [None req-d1c8ff98-c47c-4561-b0ef-83eab0c47ae1 cbebd98013484c08b513c3ab4435a779 a0554e835ec142e59bf592ab65d66f74 - - default default] Unable to schedule network 614c453a-68bc-47bb-aa03-b33edb264926: no agents available; will retry on subsequent port and subnet creation events.
2026-05-20 04:45:59.954 8 INFO neutron.plugins.ml2.drivers.ovn.mech_driver.mech_driver [None req-57aea868-0843-423e-9736-6e43d6282ddb - - - - - -] OVN reports status down for port: 290f5678-80f7-41a4-9398-0a3f196ab75d
2026-05-20 04:45:59.985 7 INFO neutron.db.ovn_revision_numbers_db [None req-d1c8ff98-c47c-4561-b0ef-83eab0c47ae1 cbebd98013484c08b513c3ab4435a779 a0554e835ec142e59bf592ab65d66f74 - - default default] Successfully bumped revision number for resource 290f5678-80f7-41a4-9398-0a3f196ab75d (type: ports) to 1 [pid: 7|app: 0|req: 970/2030] 10.0.0.208 () {34 vars in 670 bytes} [Wed May 20 04:45:58 2026] POST /v2.0/networks => generated 747 bytes in 1315 msecs (HTTP/1.1 201) 4 headers in 162 bytes (1 switches on core 0)
2026-05-20 04:46:00.139 8 WARNING neutron.scheduler.dhcp_agent_scheduler [None req-372202aa-48b2-4958-8384-ac966fab384a cbebd98013484c08b513c3ab4435a779 a0554e835ec142e59bf592ab65d66f74 - - default default] No more DHCP agents
2026-05-20 04:46:00.140 8 WARNING neutron.api.rpc.agentnotifiers.dhcp_rpc_agent_api [None req-372202aa-48b2-4958-8384-ac966fab384a cbebd98013484c08b513c3ab4435a779 a0554e835ec142e59bf592ab65d66f74 - - default default] Unable to schedule network 614c453a-68bc-47bb-aa03-b33edb264926: no agents available; will retry on subsequent port and subnet creation events.
2026-05-20 04:46:00.212 8 INFO neutron.services.segments.plugin [-] Segment abdf20d4-d06c-4346-806b-be789aaf04c7 resource provider aggregate not found
2026-05-20 04:46:00.228 8 INFO neutron.services.segments.plugin [-] Segment abdf20d4-d06c-4346-806b-be789aaf04c7 resource provider aggregate not found
2026-05-20 04:46:00.236 8 INFO neutron.services.segments.plugin [-] Segment abdf20d4-d06c-4346-806b-be789aaf04c7 resource provider not found; error: Placement Client Error (4xx): {"errors": [{"status": 404, "title": "Not Found", "detail": "The resource could not be found.\n\n No resource provider with uuid abdf20d4-d06c-4346-806b-be789aaf04c7 found for delete ", "request_id": "req-3d4bf562-9d88-4a11-b439-493410eed4c6"}]}
2026-05-20 04:46:00.255 8 INFO neutron.services.segments.plugin [-] Segment abdf20d4-d06c-4346-806b-be789aaf04c7 resource provider not found; error: Placement Client Error (4xx): {"errors": [{"status": 404, "title": "Not Found", "detail": "The resource could not be found.\n\n No resource provider with uuid abdf20d4-d06c-4346-806b-be789aaf04c7 found for delete ", "request_id": "req-36e66352-2adf-424f-af81-b90bf912ba8a"}]}
2026-05-20 04:46:00.257 8 INFO neutron.services.segments.plugin [-] Segment 0a0853f4-d778-4629-bc4e-cfa50a3bdec9 resource provider aggregate not found
2026-05-20 04:46:00.280 8 INFO neutron.services.segments.plugin [-] Segment 0a0853f4-d778-4629-bc4e-cfa50a3bdec9 resource provider not found; error: Placement Client Error (4xx): {"errors": [{"status": 404, "title": "Not Found", "detail": "The resource could not be found.\n\n No resource provider with uuid 0a0853f4-d778-4629-bc4e-cfa50a3bdec9 found for delete ", "request_id": "req-93aae4a2-dc52-4c39-99ae-7e358286e173"}]}
2026-05-20 04:46:00.284 8 INFO neutron.services.segments.plugin [-] Segment 0a0853f4-d778-4629-bc4e-cfa50a3bdec9 resource provider aggregate not found
2026-05-20 04:46:00.296 8 INFO neutron.services.segments.plugin [-] Segment 22066b83-fe2b-4755-b1f8-804dac57521c resource provider aggregate not found
2026-05-20 04:46:00.303 8 INFO neutron.services.segments.plugin [-] Segment 0a0853f4-d778-4629-bc4e-cfa50a3bdec9 resource provider not found; error: Placement Client Error (4xx): {"errors": [{"status": 404, "title": "Not Found", "detail": "The resource could not be found.\n\n No resource provider with uuid 0a0853f4-d778-4629-bc4e-cfa50a3bdec9 found for delete ", "request_id": "req-7085b5bb-773d-4b6e-af92-3f73891838fc"}]}
2026-05-20 04:46:00.326 8 INFO neutron.services.segments.plugin [-] Segment 22066b83-fe2b-4755-b1f8-804dac57521c resource provider not found; error: Placement Client Error (4xx): {"errors": [{"status": 404, "title": "Not Found", "detail": "The resource could not be found.\n\n No resource provider with uuid 22066b83-fe2b-4755-b1f8-804dac57521c found for delete ", "request_id": "req-1ee2a6bd-0733-45c6-ac5e-14b0b60adaab"}]}
2026-05-20 04:46:00.327 8 INFO neutron.services.segments.plugin [-] Segment 22066b83-fe2b-4755-b1f8-804dac57521c resource provider aggregate not found
2026-05-20 04:46:00.347 8 INFO neutron.services.segments.plugin [-] Segment 22066b83-fe2b-4755-b1f8-804dac57521c resource provider not found; error: Placement Client Error (4xx): {"errors": [{"status": 404, "title": "Not Found", "detail": "The resource could not be found.\n\n No resource provider with uuid 22066b83-fe2b-4755-b1f8-804dac57521c found for delete ", "request_id": "req-ba1613c3-a941-4749-aa92-adceb593a945"}]} [pid: 7|app: 0|req: 971/2031] 10.0.0.208 () {32 vars in 774 bytes} [Wed May 20 04:46:00 2026] GET /v2.0/security-groups?tenant_id=7793b65012b445bba0e1a15e0aa3df6f&name=default => generated 2925 bytes in 176 msecs (HTTP/1.1 200) 4 headers in 158 bytes (1 switches on core 0)
2026-05-20 04:46:00.665 8 INFO neutron.db.ovn_revision_numbers_db [None req-49ec5cd3-8efb-4203-8a4b-0f17934e1db0 - - - - - -] Successfully bumped revision number for resource 290f5678-80f7-41a4-9398-0a3f196ab75d (type: ports) to 2
2026-05-20 04:46:00.703 8 INFO neutron.db.ovn_revision_numbers_db [None req-49ec5cd3-8efb-4203-8a4b-0f17934e1db0 - - - - - -] Successfully bumped revision number for resource b159196b-b153-4b4d-901d-0c3fd62d7339 (type: subnets) to 0 [pid: 8|app: 0|req: 1061/2032] 10.0.0.208 () {34 vars in 669 bytes} [Wed May 20 04:46:00 2026] POST /v2.0/subnets => generated 644 bytes in 698 msecs (HTTP/1.1 201) 4 headers in 162 bytes (1 switches on core 0)
2026-05-20 04:46:00.730 8 WARNING neutron.api.v2.base [None req-a9d70499-4402-4ff4-a5bc-e28eab55f6d6 cbebd98013484c08b513c3ab4435a779 a0554e835ec142e59bf592ab65d66f74 - - default default] An exception happened while processing the request body. The exception message is [Invalid input for target_tenant. Reason: 'None' is not a valid string.].: webob.exc.HTTPBadRequest: Invalid input for target_tenant. Reason: 'None' is not a valid string.
2026-05-20 04:46:00.731 8 INFO neutron.api.v2.resource [None req-a9d70499-4402-4ff4-a5bc-e28eab55f6d6 cbebd98013484c08b513c3ab4435a779 a0554e835ec142e59bf592ab65d66f74 - - default default] create failed (client error): Invalid input for target_tenant. Reason: 'None' is not a valid string. [pid: 8|app: 0|req: 1062/2033] 10.0.0.208 () {34 vars in 681 bytes} [Wed May 20 04:46:00 2026] POST /v2.0/rbac-policies => generated 143 bytes in 6 msecs (HTTP/1.1 400) 4 headers in 166 bytes (1 switches on core 0) [pid: 7|app: 0|req: 972/2034] 10.0.0.208 () {32 vars in 740 bytes} [Wed May 20 04:46:00 2026] DELETE /v2.0/security-groups/66f9ba41-7bd7-4894-9e79-dd627fcaeed9 => generated 0 bytes in 224 msecs (HTTP/1.1 204) 2 headers in 112 bytes (1 switches on core 0)
2026-05-20 04:46:00.865 8 INFO neutron_taas.services.taas.taas_plugin [None req-1b6dbca5-ec4b-4222-b545-6b2758b61aaf cbebd98013484c08b513c3ab4435a779 a0554e835ec142e59bf592ab65d66f74 - - default default] TaaS: Handle Delete Port: 290f5678-80f7-41a4-9398-0a3f196ab75d
2026-05-20 04:46:00.868 8 INFO neutron_taas.services.taas.tap_mirror_plugin [None req-1b6dbca5-ec4b-4222-b545-6b2758b61aaf cbebd98013484c08b513c3ab4435a779 a0554e835ec142e59bf592ab65d66f74 - - default default] Tap Mirror: Handle Delete Port: 290f5678-80f7-41a4-9398-0a3f196ab75d
2026-05-20 04:46:00.970 7 INFO neutron.db.ovn_revision_numbers_db [None req-5de40c17-df3e-4abf-876e-b0da1153fa22 e5be542de3664c098b1a88fb35998dc5 b0fe63b9b49345e8827bfce2b08690fa - - default default] Successfully bumped revision number for resource 72da6eec-d010-4ff7-949a-53e08794728c (type: security_groups) to 1
2026-05-20 04:46:00.985 7 INFO neutron.db.ovn_revision_numbers_db [None req-5de40c17-df3e-4abf-876e-b0da1153fa22 e5be542de3664c098b1a88fb35998dc5 b0fe63b9b49345e8827bfce2b08690fa - - default default] Successfully bumped revision number for resource 78779e54-9c31-4f29-962a-a92d2e64d9af (type: security_group_rules) to 0
2026-05-20 04:46:00.997 7 INFO neutron.db.ovn_revision_numbers_db [None req-5de40c17-df3e-4abf-876e-b0da1153fa22 e5be542de3664c098b1a88fb35998dc5 b0fe63b9b49345e8827bfce2b08690fa - - default default] Successfully bumped revision number for resource a75fb41b-9c94-4d2a-87e4-96a410180d64 (type: security_group_rules) to 0
2026-05-20 04:46:01.010 7 INFO neutron.db.ovn_revision_numbers_db [None req-5de40c17-df3e-4abf-876e-b0da1153fa22 e5be542de3664c098b1a88fb35998dc5 b0fe63b9b49345e8827bfce2b08690fa - - default default] Successfully bumped revision number for resource eaed0b88-e842-4f42-932d-9451032d42d7 (type: security_group_rules) to 0
2026-05-20 04:46:01.025 7 INFO neutron.db.ovn_revision_numbers_db [None req-5de40c17-df3e-4abf-876e-b0da1153fa22 e5be542de3664c098b1a88fb35998dc5 b0fe63b9b49345e8827bfce2b08690fa - - default default] Successfully bumped revision number for resource f9668e43-479c-4c0e-83dc-7cf071245da6 (type: security_group_rules) to 0 [pid: 7|app: 0|req: 973/2035] 10.0.0.208 () {32 vars in 774 bytes} [Wed May 20 04:46:00 2026] GET /v2.0/security-groups?tenant_id=f4a5efff05a244af9608c4951eca065a&name=default => generated 2925 bytes in 213 msecs (HTTP/1.1 200) 4 headers in 158 bytes (1 switches on core 0) [pid: 8|app: 0|req: 1063/2036] 10.0.0.208 () {32 vars in 726 bytes} [Wed May 20 04:46:00 2026] DELETE /v2.0/networks/614c453a-68bc-47bb-aa03-b33edb264926 => generated 0 bytes in 423 msecs (HTTP/1.1 204) 3 headers in 131 bytes (1 switches on core 0)
2026-05-20 04:46:01.264 8 INFO neutron.db.segments_db [None req-704b3012-8ac3-466a-a003-5ac571bf9e29 cbebd98013484c08b513c3ab4435a779 a0554e835ec142e59bf592ab65d66f74 - - default default] Added segment 753cce35-f646-4154-a51e-ec35aa3b6adf of type geneve for network b1de2955-5a12-4cfc-bab1-00f33de19ebe [pid: 7|app: 0|req: 974/2037] 10.0.0.208 () {32 vars in 740 bytes} [Wed May 20 04:46:01 2026] DELETE /v2.0/security-groups/72da6eec-d010-4ff7-949a-53e08794728c => generated 0 bytes in 216 msecs (HTTP/1.1 204) 2 headers in 112 bytes (1 switches on core 0)
2026-05-20 04:46:01.356 8 INFO neutron.db.ovn_revision_numbers_db [None req-704b3012-8ac3-466a-a003-5ac571bf9e29 cbebd98013484c08b513c3ab4435a779 a0554e835ec142e59bf592ab65d66f74 - - default default] Successfully bumped revision number for resource b1de2955-5a12-4cfc-bab1-00f33de19ebe (type: networks) to 1
2026-05-20 04:46:01.504 8 WARNING neutron.scheduler.dhcp_agent_scheduler [None req-704b3012-8ac3-466a-a003-5ac571bf9e29 cbebd98013484c08b513c3ab4435a779 a0554e835ec142e59bf592ab65d66f74 - - default default] No more DHCP agents
2026-05-20 04:46:01.505 8 WARNING neutron.api.rpc.agentnotifiers.dhcp_rpc_agent_api [None req-704b3012-8ac3-466a-a003-5ac571bf9e29 cbebd98013484c08b513c3ab4435a779 a0554e835ec142e59bf592ab65d66f74 - - default default] Unable to schedule network b1de2955-5a12-4cfc-bab1-00f33de19ebe: no agents available; will retry on subsequent port and subnet creation events.
2026-05-20 04:46:01.531 7 INFO neutron.db.ovn_revision_numbers_db [None req-0828c294-b258-4c26-a86a-02f75c713fe1 e5be542de3664c098b1a88fb35998dc5 b0fe63b9b49345e8827bfce2b08690fa - - default default] Successfully bumped revision number for resource 9665d0c9-f62d-4c86-aa5f-070c843f9e12 (type: security_groups) to 1
2026-05-20 04:46:01.542 7 INFO neutron.db.ovn_revision_numbers_db [None req-0828c294-b258-4c26-a86a-02f75c713fe1 e5be542de3664c098b1a88fb35998dc5 b0fe63b9b49345e8827bfce2b08690fa - - default default] Successfully bumped revision number for resource 3f436645-a20e-4f0e-948b-21bf1562a402 (type: security_group_rules) to 0
2026-05-20 04:46:01.564 7 INFO neutron.plugins.ml2.drivers.ovn.mech_driver.mech_driver [None req-93593ad1-9fde-4a80-b5a2-9b94e2057988 - - - - - -] OVN reports status down for port: b5e8664c-9dcf-49da-b3bb-ca7bd94b1137
2026-05-20 04:46:01.568 7 INFO neutron.db.ovn_revision_numbers_db [None req-0828c294-b258-4c26-a86a-02f75c713fe1 e5be542de3664c098b1a88fb35998dc5 b0fe63b9b49345e8827bfce2b08690fa - - default default] Successfully bumped revision number for resource 484b5869-46e6-4421-8854-fc1a950b2902 (type: security_group_rules) to 0
2026-05-20 04:46:01.589 7 INFO neutron.db.ovn_revision_numbers_db [None req-0828c294-b258-4c26-a86a-02f75c713fe1 e5be542de3664c098b1a88fb35998dc5 b0fe63b9b49345e8827bfce2b08690fa - - default default] Successfully bumped revision number for resource 8dbb12dc-08d9-49e3-b19b-d78003ab22da (type: security_group_rules) to 0
2026-05-20 04:46:01.595 8 INFO neutron.db.ovn_revision_numbers_db [None req-704b3012-8ac3-466a-a003-5ac571bf9e29 cbebd98013484c08b513c3ab4435a779 a0554e835ec142e59bf592ab65d66f74 - - default default] Successfully bumped revision number for resource b5e8664c-9dcf-49da-b3bb-ca7bd94b1137 (type: ports) to 1
2026-05-20 04:46:01.607 7 INFO neutron.db.ovn_revision_numbers_db [None req-0828c294-b258-4c26-a86a-02f75c713fe1 e5be542de3664c098b1a88fb35998dc5 b0fe63b9b49345e8827bfce2b08690fa - - default default] Successfully bumped revision number for resource e9389d64-34a3-4763-afef-95e65dc53e9b (type: security_group_rules) to 0 [pid: 8|app: 0|req: 1064/2038] 10.0.0.208 () {34 vars in 670 bytes} [Wed May 20 04:46:01 2026] POST /v2.0/networks => generated 749 bytes in 448 msecs (HTTP/1.1 201) 4 headers in 162 bytes (1 switches on core 0) [pid: 7|app: 0|req: 975/2039] 10.0.0.208 () {32 vars in 774 bytes} [Wed May 20 04:46:01 2026] GET /v2.0/security-groups?tenant_id=e97f07c444624f308eb6951a619a214e&name=default => generated 2925 bytes in 259 msecs (HTTP/1.1 200) 4 headers in 158 bytes (1 switches on core 0)
2026-05-20 04:46:01.756 8 WARNING neutron.scheduler.dhcp_agent_scheduler [None req-c2a32dd6-f85a-4caa-a4c5-5ae1dcf23ff6 cbebd98013484c08b513c3ab4435a779 a0554e835ec142e59bf592ab65d66f74 - - default default] No more DHCP agents
2026-05-20 04:46:01.757 8 WARNING neutron.api.rpc.agentnotifiers.dhcp_rpc_agent_api [None req-c2a32dd6-f85a-4caa-a4c5-5ae1dcf23ff6 cbebd98013484c08b513c3ab4435a779 a0554e835ec142e59bf592ab65d66f74 - - default default] Unable to schedule network b1de2955-5a12-4cfc-bab1-00f33de19ebe: no agents available; will retry on subsequent port and subnet creation events. [pid: 7|app: 0|req: 976/2040] 10.0.0.208 () {32 vars in 740 bytes} [Wed May 20 04:46:01 2026] DELETE /v2.0/security-groups/9665d0c9-f62d-4c86-aa5f-070c843f9e12 => generated 0 bytes in 211 msecs (HTTP/1.1 204) 2 headers in 112 bytes (1 switches on core 0)
2026-05-20 04:46:02.182 8 INFO neutron.db.ovn_revision_numbers_db [None req-deea3361-f7e8-400d-bf36-25d00d3a6669 - - - - - -] Successfully bumped revision number for resource b5e8664c-9dcf-49da-b3bb-ca7bd94b1137 (type: ports) to 2
2026-05-20 04:46:02.217 8 INFO neutron.db.ovn_revision_numbers_db [None req-deea3361-f7e8-400d-bf36-25d00d3a6669 - - - - - -] Successfully bumped revision number for resource e8f6aac4-8520-422b-834c-6c66b4a3ac40 (type: subnets) to 0 [pid: 8|app: 0|req: 1065/2041] 10.0.0.208 () {34 vars in 669 bytes} [Wed May 20 04:46:01 2026] POST /v2.0/subnets => generated 647 bytes in 612 msecs (HTTP/1.1 201) 4 headers in 162 bytes (1 switches on core 0)
2026-05-20 04:46:02.247 7 WARNING neutron.api.v2.base [None req-0cfaa762-71b7-447c-9239-b7171ee75e65 cbebd98013484c08b513c3ab4435a779 a0554e835ec142e59bf592ab65d66f74 - - default default] An exception happened while processing the request body. The exception message is [Invalid input for target_tenant. Reason: '1234123412341234123412341234123412341234123412341234123412341234123412341234123412341234123412341234123412341234123412341234123412341234123412341234123412341234123412341234123412341234123412341234123412341234123412341234123412341234123412341234123412341234123412341234123412341234123412341234123412341234123412341234123412341234123412341234123412341234123412341234123412341234123412341234123412341234' exceeds maximum length of 255.].: webob.exc.HTTPBadRequest: Invalid input for target_tenant. Reason: '1234123412341234123412341234123412341234123412341234123412341234123412341234123412341234123412341234123412341234123412341234123412341234123412341234123412341234123412341234123412341234123412341234123412341234123412341234123412341234123412341234123412341234123412341234123412341234123412341234123412341234123412341234123412341234123412341234123412341234123412341234123412341234123412341234123412341234' exceeds maximum length of 255.
