2026-05-20 04:44:04.146 7 INFO neutron.db.ovn_revision_numbers_db [None req-722f4008-a9be-4eb2-901f-30f02bf91b25 e5be542de3664c098b1a88fb35998dc5 b0fe63b9b49345e8827bfce2b08690fa - - default default] Successfully bumped revision number for resource 15b07bbe-6e47-4bc2-8423-38c0ea123d67 (type: security_groups) to 1
2026-05-20 04:44:04.157 7 INFO neutron.db.ovn_revision_numbers_db [None req-722f4008-a9be-4eb2-901f-30f02bf91b25 e5be542de3664c098b1a88fb35998dc5 b0fe63b9b49345e8827bfce2b08690fa - - default default] Successfully bumped revision number for resource 55873a2f-941f-4be4-989c-465d6d4f6d59 (type: security_group_rules) to 0
2026-05-20 04:44:04.168 7 INFO neutron.db.ovn_revision_numbers_db [None req-722f4008-a9be-4eb2-901f-30f02bf91b25 e5be542de3664c098b1a88fb35998dc5 b0fe63b9b49345e8827bfce2b08690fa - - default default] Successfully bumped revision number for resource d675bc0f-625b-415a-b433-d164dc089b24 (type: security_group_rules) to 0
2026-05-20 04:44:04.182 7 INFO neutron.db.ovn_revision_numbers_db [None req-722f4008-a9be-4eb2-901f-30f02bf91b25 e5be542de3664c098b1a88fb35998dc5 b0fe63b9b49345e8827bfce2b08690fa - - default default] Successfully bumped revision number for resource def55995-d691-4621-bcde-b37fa4cfaf22 (type: security_group_rules) to 0
2026-05-20 04:44:04.214 7 INFO neutron.db.ovn_revision_numbers_db [None req-722f4008-a9be-4eb2-901f-30f02bf91b25 e5be542de3664c098b1a88fb35998dc5 b0fe63b9b49345e8827bfce2b08690fa - - default default] Successfully bumped revision number for resource f5edf8bf-af27-47f8-bbe7-e1e103f25015 (type: security_group_rules) to 0 [pid: 7|app: 0|req: 554/1093] 10.0.0.208 () {32 vars in 774 bytes} [Wed May 20 04:44:03 2026] GET /v2.0/security-groups?tenant_id=57dbf7e412654955bb25f49fd6a2a8cf&name=default => generated 2925 bytes in 254 msecs (HTTP/1.1 200) 4 headers in 158 bytes (1 switches on core 0)
2026-05-20 04:44:04.351 7 INFO neutron_taas.services.taas.taas_plugin [None req-a78ebe2d-dbc0-405f-abcf-5aae4d0ec12c de4907b8af744812aee9b1bb77444dd5 0cf71606b9d14536a9568088b2919b14 - - default default] TaaS: Handle Delete Port: 28998a2f-64e8-4a99-9a6b-cf38f4430aad
2026-05-20 04:44:04.354 7 INFO neutron_taas.services.taas.tap_mirror_plugin [None req-a78ebe2d-dbc0-405f-abcf-5aae4d0ec12c de4907b8af744812aee9b1bb77444dd5 0cf71606b9d14536a9568088b2919b14 - - default default] Tap Mirror: Handle Delete Port: 28998a2f-64e8-4a99-9a6b-cf38f4430aad
2026-05-20 04:44:04.396 8 INFO neutron.plugins.ml2.drivers.ovn.mech_driver.ovsdb.commands [None req-26817a7c-82b4-4ed5-9329-9968d9ed4299 - - - - - -] Schedule LRP lrp-338053ba-a2fb-45d8-967d-66ae78da664c on gateway edbbfaa4-f5dc-45c5-8a63-d2c7e05ae9d7 with priority 1
2026-05-20 04:44:04.445 8 INFO neutron.plugins.ml2.drivers.ovn.mech_driver.ovsdb.ovsdb_monitor [None req-5f27674d-9e1d-4873-8cd5-36c62b21177e - - - - - -] Router a877937b-c2f2-4a2a-9212-2230bd012fec is bound to host instance
2026-05-20 04:44:04.482 8 INFO neutron.db.ovn_revision_numbers_db [None req-7ca33c3e-dfe7-4a1a-9e9c-54894f5cb14c 1ce4f18ce0f1476ea7ddf317755ce19b 15fdd7620715465c844de2a0498f949e - - default default] Successfully bumped revision number for resource 338053ba-a2fb-45d8-967d-66ae78da664c (type: router_ports) to 1
2026-05-20 04:44:04.544 8 WARNING neutron.plugins.ml2.drivers.ovn.mech_driver.ovsdb.ovn_client [None req-7ddd599f-2518-464b-9e63-ea35c68dce2e - - - - - -] No port found with ID 6c9f766b-d155-47d1-b386-309d151ecd60: RuntimeError: No port found with ID 6c9f766b-d155-47d1-b386-309d151ecd60
2026-05-20 04:44:04.589 7 INFO neutron.services.segments.plugin [-] Segment 5d8107dc-1da4-47ab-a08a-042a7c25c654 resource provider aggregate not found
2026-05-20 04:44:04.592 7 INFO neutron.services.segments.plugin [-] Segment 5d8107dc-1da4-47ab-a08a-042a7c25c654 resource provider aggregate not found
2026-05-20 04:44:04.611 7 INFO neutron.services.segments.plugin [-] Segment 5d8107dc-1da4-47ab-a08a-042a7c25c654 resource provider not found; error: Placement Client Error (4xx): {"errors": [{"status": 404, "title": "Not Found", "detail": "The resource could not be found.\n\n No resource provider with uuid 5d8107dc-1da4-47ab-a08a-042a7c25c654 found for delete ", "request_id": "req-dfb1fe38-1b05-4b97-b1d0-e5eb5ae13892"}]}
2026-05-20 04:44:04.615 7 INFO neutron.services.segments.plugin [-] Segment 5d8107dc-1da4-47ab-a08a-042a7c25c654 resource provider not found; error: Placement Client Error (4xx): {"errors": [{"status": 404, "title": "Not Found", "detail": "The resource could not be found.\n\n No resource provider with uuid 5d8107dc-1da4-47ab-a08a-042a7c25c654 found for delete ", "request_id": "req-696b3e7d-8576-4167-a369-c2eaf029aa0f"}]} [pid: 7|app: 0|req: 555/1094] 10.0.0.208 () {32 vars in 726 bytes} [Wed May 20 04:44:04 2026] DELETE /v2.0/networks/a8742942-1c01-4402-b259-e5928f7b1495 => generated 0 bytes in 385 msecs (HTTP/1.1 204) 3 headers in 131 bytes (1 switches on core 0)
2026-05-20 04:44:04.724 8 INFO neutron.db.ovn_revision_numbers_db [None req-7ca33c3e-dfe7-4a1a-9e9c-54894f5cb14c 1ce4f18ce0f1476ea7ddf317755ce19b 15fdd7620715465c844de2a0498f949e - - default default] Successfully bumped revision number for resource a877937b-c2f2-4a2a-9212-2230bd012fec (type: routers) to 2 [pid: 8|app: 0|req: 540/1095] 10.0.0.208 () {34 vars in 669 bytes} [Wed May 20 04:44:03 2026] POST /v2.0/routers => generated 955 bytes in 1491 msecs (HTTP/1.1 201) 4 headers in 162 bytes (1 switches on core 0)
2026-05-20 04:44:04.776 7 INFO neutron_taas.services.taas.taas_plugin [req-2cf72fa6-a9dd-498d-9e9f-2bf6bbaf3bca req-f60c2b44-50bf-4f00-ba35-4cf18bba47da a1a061ad1f7241449a1d08961feb7729 f3324f5cbd0749eabdcca5e1bc4e3d3f - - default default] TaaS: Handle Delete Port: 2dfe7c16-f85c-4187-9de8-7a31d79cb16b
2026-05-20 04:44:04.779 7 INFO neutron_taas.services.taas.tap_mirror_plugin [req-2cf72fa6-a9dd-498d-9e9f-2bf6bbaf3bca req-f60c2b44-50bf-4f00-ba35-4cf18bba47da a1a061ad1f7241449a1d08961feb7729 f3324f5cbd0749eabdcca5e1bc4e3d3f - - default default] Tap Mirror: Handle Delete Port: 2dfe7c16-f85c-4187-9de8-7a31d79cb16b [pid: 8|app: 0|req: 541/1096] 10.0.0.5 () {34 vars in 988 bytes} [Wed May 20 04:44:04 2026] GET /v2.0/ports?device_id=06b75fe8-8221-4f8a-9804-94e6c3b6d48a => generated 971 bytes in 67 msecs (HTTP/1.1 200) 4 headers in 157 bytes (1 switches on core 0)
2026-05-20 04:44:04.923 7 INFO neutron.db.l3_db [req-2cf72fa6-a9dd-498d-9e9f-2bf6bbaf3bca req-f60c2b44-50bf-4f00-ba35-4cf18bba47da a1a061ad1f7241449a1d08961feb7729 f3324f5cbd0749eabdcca5e1bc4e3d3f - - default default] Floating IP ba3df817-8a52-4ea3-85b7-b89d6e271cd9 disassociated. External IP: 10.96.250.212, port: 2dfe7c16-f85c-4187-9de8-7a31d79cb16b. [pid: 7|app: 0|req: 556/1097] 199.204.45.109 () {36 vars in 997 bytes} [Wed May 20 04:44:04 2026] DELETE /v2.0/ports/2dfe7c16-f85c-4187-9de8-7a31d79cb16b => generated 0 bytes in 417 msecs (HTTP/1.1 204) 3 headers in 131 bytes (1 switches on core 0)
2026-05-20 04:44:05.093 7 INFO neutron.notifiers.nova [-] Nova event matching ['req-7cea18c4-92f5-4512-beb4-6823931dfdf4'] response: {'server_uuid': '06b75fe8-8221-4f8a-9804-94e6c3b6d48a', 'name': 'network-vif-deleted', 'tag': '2dfe7c16-f85c-4187-9de8-7a31d79cb16b', 'status': 'completed', 'code': 200}
2026-05-20 04:44:05.196 7 INFO neutron_taas.services.taas.taas_plugin [None req-a6d9981d-36d5-4342-97ed-91b9a8d291e4 de4907b8af744812aee9b1bb77444dd5 0cf71606b9d14536a9568088b2919b14 - - default default] TaaS: Handle Delete Port: a7b1dc99-7639-402b-b564-76b5dba1dc7f
2026-05-20 04:44:05.199 7 INFO neutron_taas.services.taas.tap_mirror_plugin [None req-a6d9981d-36d5-4342-97ed-91b9a8d291e4 de4907b8af744812aee9b1bb77444dd5 0cf71606b9d14536a9568088b2919b14 - - default default] Tap Mirror: Handle Delete Port: a7b1dc99-7639-402b-b564-76b5dba1dc7f [pid: 8|app: 0|req: 542/1098] 10.0.0.208 () {32 vars in 740 bytes} [Wed May 20 04:44:04 2026] DELETE /v2.0/security-groups/15b07bbe-6e47-4bc2-8423-38c0ea123d67 => generated 0 bytes in 497 msecs (HTTP/1.1 204) 2 headers in 112 bytes (1 switches on core 0) [pid: 7|app: 0|req: 557/1099] 10.0.0.208 () {32 vars in 726 bytes} [Wed May 20 04:44:05 2026] DELETE /v2.0/networks/4d80580a-dddd-4f57-b149-e2c4a1fbccbe => generated 0 bytes in 390 msecs (HTTP/1.1 204) 3 headers in 131 bytes (1 switches on core 0) [pid: 7|app: 0|req: 558/1100] 10.0.0.5 () {34 vars in 1038 bytes} [Wed May 20 04:44:05 2026] GET /v2.0/security-groups?id=283bc64c-48d2-4ef7-af35-8130a4512f36&fields=id&fields=name => generated 113 bytes in 39 msecs (HTTP/1.1 200) 4 headers in 157 bytes (1 switches on core 0) /var/lib/openstack/lib/python3.12/site-packages/pycadf/identifier.py:70: UserWarning: Invalid uuid: neutron. To ensure interoperability, identifiers should be a valid uuid. warnings.warn(('Invalid uuid: %s. To ensure interoperability, ' [pid: 8|app: 0|req: 543/1101] 10.0.0.208 () {32 vars in 776 bytes} [Wed May 20 04:44:05 2026] GET /v2.0/subnets?project_id=15fdd7620715465c844de2a0498f949e&cidr=10.100.0.0%2F28 => generated 14 bytes in 208 msecs (HTTP/1.1 200) 4 headers in 156 bytes (1 switches on core 0)
2026-05-20 04:44:05.575 7 INFO neutron.db.segments_db [None req-10e946b1-7c14-4457-8aad-c00d1708ff91 de4907b8af744812aee9b1bb77444dd5 0cf71606b9d14536a9568088b2919b14 - - default default] Added segment 2161e211-ce10-4877-b432-5174d05ea500 of type geneve for network 9b705bc3-de22-4597-9fed-4f398b1f212a
2026-05-20 04:44:05.686 7 INFO neutron.db.ovn_revision_numbers_db [None req-10e946b1-7c14-4457-8aad-c00d1708ff91 de4907b8af744812aee9b1bb77444dd5 0cf71606b9d14536a9568088b2919b14 - - default default] Successfully bumped revision number for resource 9b705bc3-de22-4597-9fed-4f398b1f212a (type: networks) to 1
2026-05-20 04:44:05.793 8 INFO neutron.db.ovn_revision_numbers_db [None req-3e8b007f-aeac-4e64-a1b9-eb495c01749d e5be542de3664c098b1a88fb35998dc5 b0fe63b9b49345e8827bfce2b08690fa - - default default] Successfully bumped revision number for resource c6149883-4316-48b5-986f-1412c4daba36 (type: security_groups) to 1
2026-05-20 04:44:05.817 8 INFO neutron.db.ovn_revision_numbers_db [None req-3e8b007f-aeac-4e64-a1b9-eb495c01749d e5be542de3664c098b1a88fb35998dc5 b0fe63b9b49345e8827bfce2b08690fa - - default default] Successfully bumped revision number for resource 16ae6cf6-6c39-4913-8f92-2aa6df8c3ec9 (type: security_group_rules) to 0
2026-05-20 04:44:05.835 8 INFO neutron.db.ovn_revision_numbers_db [None req-3e8b007f-aeac-4e64-a1b9-eb495c01749d e5be542de3664c098b1a88fb35998dc5 b0fe63b9b49345e8827bfce2b08690fa - - default default] Successfully bumped revision number for resource 8c84dccc-461d-453a-9ec1-716a52a327a6 (type: security_group_rules) to 0
2026-05-20 04:44:05.861 8 INFO neutron.db.ovn_revision_numbers_db [None req-3e8b007f-aeac-4e64-a1b9-eb495c01749d e5be542de3664c098b1a88fb35998dc5 b0fe63b9b49345e8827bfce2b08690fa - - default default] Successfully bumped revision number for resource 9d06d1cf-dc83-4e11-9c50-00c76234135b (type: security_group_rules) to 0
2026-05-20 04:44:05.867 7 WARNING neutron.scheduler.dhcp_agent_scheduler [None req-10e946b1-7c14-4457-8aad-c00d1708ff91 de4907b8af744812aee9b1bb77444dd5 0cf71606b9d14536a9568088b2919b14 - - default default] No more DHCP agents
2026-05-20 04:44:05.869 7 WARNING neutron.api.rpc.agentnotifiers.dhcp_rpc_agent_api [None req-10e946b1-7c14-4457-8aad-c00d1708ff91 de4907b8af744812aee9b1bb77444dd5 0cf71606b9d14536a9568088b2919b14 - - default default] Unable to schedule network 9b705bc3-de22-4597-9fed-4f398b1f212a: no agents available; will retry on subsequent port and subnet creation events.
2026-05-20 04:44:05.897 8 INFO neutron.db.ovn_revision_numbers_db [None req-3e8b007f-aeac-4e64-a1b9-eb495c01749d e5be542de3664c098b1a88fb35998dc5 b0fe63b9b49345e8827bfce2b08690fa - - default default] Successfully bumped revision number for resource ec508aef-b8e0-4f9b-8de0-83ff5294a3e5 (type: security_group_rules) to 0
2026-05-20 04:44:05.915 8 INFO neutron.db.ovn_revision_numbers_db [None req-63e9e59a-603c-4117-89e2-eda936ff06ba - - - - - -] Successfully bumped revision number for resource 338053ba-a2fb-45d8-967d-66ae78da664c (type: ports) to 4
2026-05-20 04:44:05.942 7 INFO neutron.db.ovn_revision_numbers_db [None req-10e946b1-7c14-4457-8aad-c00d1708ff91 de4907b8af744812aee9b1bb77444dd5 0cf71606b9d14536a9568088b2919b14 - - default default] Successfully bumped revision number for resource bc174cdd-ee5c-4215-8fe2-f4f955f444cd (type: ports) to 1
2026-05-20 04:44:05.958 8 INFO neutron.plugins.ml2.drivers.ovn.mech_driver.mech_driver [None req-7ddd599f-2518-464b-9e63-ea35c68dce2e - - - - - -] OVN reports status down for port: bc174cdd-ee5c-4215-8fe2-f4f955f444cd [pid: 7|app: 0|req: 559/1102] 10.0.0.208 () {34 vars in 670 bytes} [Wed May 20 04:44:05 2026] POST /v2.0/networks => generated 652 bytes in 480 msecs (HTTP/1.1 201) 4 headers in 162 bytes (1 switches on core 0) [pid: 7|app: 0|req: 560/1103] 10.0.0.208 () {32 vars in 694 bytes} [Wed May 20 04:44:05 2026] GET /v2.0/networks?router%3Aexternal=True => generated 791 bytes in 69 msecs (HTTP/1.1 200) 4 headers in 157 bytes (1 switches on core 0) [pid: 8|app: 0|req: 544/1104] 10.0.0.208 () {32 vars in 774 bytes} [Wed May 20 04:44:05 2026] GET /v2.0/security-groups?tenant_id=de578abc19734139b3d2fd7ded8a192c&name=default => generated 2925 bytes in 529 msecs (HTTP/1.1 200) 4 headers in 158 bytes (1 switches on core 0) [pid: 8|app: 0|req: 545/1105] 10.0.0.208 () {32 vars in 784 bytes} [Wed May 20 04:44:06 2026] GET /v2.0/subnets?network_id=e91867c6-7717-409d-bfae-96fdf9d764c8&cidr=10.100.0.0%2F28 => generated 14 bytes in 73 msecs (HTTP/1.1 200) 4 headers in 156 bytes (1 switches on core 0)
2026-05-20 04:44:06.244 7 WARNING neutron.scheduler.dhcp_agent_scheduler [None req-d38b4b10-0b82-435c-a7a9-f1939b9f0418 de4907b8af744812aee9b1bb77444dd5 0cf71606b9d14536a9568088b2919b14 - - default default] No more DHCP agents
2026-05-20 04:44:06.245 7 WARNING neutron.api.rpc.agentnotifiers.dhcp_rpc_agent_api [None req-d38b4b10-0b82-435c-a7a9-f1939b9f0418 de4907b8af744812aee9b1bb77444dd5 0cf71606b9d14536a9568088b2919b14 - - default default] Unable to schedule network 9b705bc3-de22-4597-9fed-4f398b1f212a: no agents available; will retry on subsequent port and subnet creation events.
2026-05-20 04:44:06.271 7 INFO neutron.db.ovn_revision_numbers_db [None req-d38b4b10-0b82-435c-a7a9-f1939b9f0418 de4907b8af744812aee9b1bb77444dd5 0cf71606b9d14536a9568088b2919b14 - - default default] Successfully bumped revision number for resource 18a8b942-88bf-4bf6-b5c1-4525966b9f96 (type: subnets) to 0 [pid: 7|app: 0|req: 561/1106] 10.0.0.208 () {34 vars in 669 bytes} [Wed May 20 04:44:06 2026] POST /v2.0/subnets => generated 646 bytes in 258 msecs (HTTP/1.1 201) 4 headers in 162 bytes (1 switches on core 0)
2026-05-20 04:44:06.452 7 WARNING neutron.plugins.ml2.drivers.ovn.mech_driver.ovsdb.ovn_client [None req-5fca8960-17ea-4c07-823f-16ffcd4be470 - - - - - -] No port found with ID b88181a2-22a8-4737-8f9f-ead4ca8391e8: RuntimeError: No port found with ID b88181a2-22a8-4737-8f9f-ead4ca8391e8
2026-05-20 04:44:06.488 7 INFO neutron.plugins.ml2.drivers.ovn.mech_driver.mech_driver [None req-5fca8960-17ea-4c07-823f-16ffcd4be470 - - - - - -] OVN reports status down for port: 2dfe7c16-f85c-4187-9de8-7a31d79cb16b
2026-05-20 04:44:06.499 7 WARNING neutron.scheduler.dhcp_agent_scheduler [None req-e6225717-09bb-478b-8f6b-5424b6ee705a 1ce4f18ce0f1476ea7ddf317755ce19b 15fdd7620715465c844de2a0498f949e - - default default] No more DHCP agents
2026-05-20 04:44:06.501 7 INFO neutron.plugins.ml2.drivers.ovn.mech_driver.mech_driver [None req-5fca8960-17ea-4c07-823f-16ffcd4be470 - - - - - -] OVN reports status down for port: 539a1033-5bc4-4313-8f3d-abe5e88670d3
2026-05-20 04:44:06.502 7 WARNING neutron.api.rpc.agentnotifiers.dhcp_rpc_agent_api [None req-e6225717-09bb-478b-8f6b-5424b6ee705a 1ce4f18ce0f1476ea7ddf317755ce19b 15fdd7620715465c844de2a0498f949e - - default default] Unable to schedule network 72037435-1fb7-4265-a78c-957d2436cf8f: no agents available; will retry on subsequent port and subnet creation events.
2026-05-20 04:44:06.638 7 INFO neutron.services.segments.plugin [-] Segment c8999a64-95b2-472f-89ba-3e9449492e6e resource provider aggregate not found
2026-05-20 04:44:06.656 7 INFO neutron.services.segments.plugin [-] Segment c8999a64-95b2-472f-89ba-3e9449492e6e resource provider aggregate not found
2026-05-20 04:44:06.667 7 INFO neutron.services.segments.plugin [-] Segment c8999a64-95b2-472f-89ba-3e9449492e6e resource provider not found; error: Placement Client Error (4xx): {"errors": [{"status": 404, "title": "Not Found", "detail": "The resource could not be found.\n\n No resource provider with uuid c8999a64-95b2-472f-89ba-3e9449492e6e found for delete ", "request_id": "req-48dd7ecd-767b-4a34-8846-cb8e076cae35"}]}
2026-05-20 04:44:06.693 7 INFO neutron.services.segments.plugin [-] Segment c8999a64-95b2-472f-89ba-3e9449492e6e resource provider not found; error: Placement Client Error (4xx): {"errors": [{"status": 404, "title": "Not Found", "detail": "The resource could not be found.\n\n No resource provider with uuid c8999a64-95b2-472f-89ba-3e9449492e6e found for delete ", "request_id": "req-22918826-6cde-4b7f-99f6-2adcdca5d036"}]}
2026-05-20 04:44:06.702 7 INFO neutron.plugins.ml2.drivers.ovn.mech_driver.mech_driver [None req-5fca8960-17ea-4c07-823f-16ffcd4be470 - - - - - -] OVN reports status down for port: 338053ba-a2fb-45d8-967d-66ae78da664c
2026-05-20 04:44:07.003 8 INFO neutron.db.ovn_revision_numbers_db [None req-63e9e59a-603c-4117-89e2-eda936ff06ba - - - - - -] Successfully bumped revision number for resource 338053ba-a2fb-45d8-967d-66ae78da664c (type: ports) to 5 [pid: 8|app: 0|req: 546/1107] 10.0.0.208 () {32 vars in 740 bytes} [Wed May 20 04:44:06 2026] DELETE /v2.0/security-groups/c6149883-4316-48b5-986f-1412c4daba36 => generated 0 bytes in 901 msecs (HTTP/1.1 204) 2 headers in 112 bytes (1 switches on core 0)
2026-05-20 04:44:07.192 8 INFO neutron.db.ovn_revision_numbers_db [None req-9012dfb4-db5c-4337-8554-837ab2146987 de4907b8af744812aee9b1bb77444dd5 0cf71606b9d14536a9568088b2919b14 - - default default] Successfully bumped revision number for resource 7a8c744d-86c8-449b-b73b-3c7a4074b966 (type: routers) to 1 [pid: 8|app: 0|req: 547/1108] 10.0.0.208 () {34 vars in 669 bytes} [Wed May 20 04:44:07 2026] POST /v2.0/routers => generated 606 bytes in 167 msecs (HTTP/1.1 201) 4 headers in 162 bytes (1 switches on core 0) [pid: 8|app: 0|req: 548/1109] 10.0.0.5 () {34 vars in 988 bytes} [Wed May 20 04:44:07 2026] GET /v2.0/ports?device_id=06b75fe8-8221-4f8a-9804-94e6c3b6d48a => generated 12 bytes in 17 msecs (HTTP/1.1 200) 4 headers in 156 bytes (1 switches on core 0)
2026-05-20 04:44:07.358 7 INFO neutron.db.ovn_revision_numbers_db [None req-5fca8960-17ea-4c07-823f-16ffcd4be470 - - - - - -] Successfully bumped revision number for resource 338053ba-a2fb-45d8-967d-66ae78da664c (type: ports) to 6
2026-05-20 04:44:07.393 7 INFO neutron.db.ovn_revision_numbers_db [None req-0250c0e7-854c-4108-803e-57021945c5b5 - - - - - -] Successfully bumped revision number for resource 539a1033-5bc4-4313-8f3d-abe5e88670d3 (type: ports) to 2
2026-05-20 04:44:07.452 7 INFO neutron.db.ovn_revision_numbers_db [None req-0250c0e7-854c-4108-803e-57021945c5b5 - - - - - -] Successfully bumped revision number for resource df0a8e15-6dba-4da8-afda-41ba525322af (type: subnets) to 0 [pid: 7|app: 0|req: 562/1110] 10.0.0.208 () {34 vars in 669 bytes} [Wed May 20 04:44:06 2026] POST /v2.0/subnets => generated 657 bytes in 1184 msecs (HTTP/1.1 201) 4 headers in 162 bytes (1 switches on core 0)
2026-05-20 04:44:07.478 7 WARNING neutron.plugins.ml2.drivers.ovn.mech_driver.ovsdb.ovn_client [None req-ed100861-e918-46b2-9d9f-1b833f9f1f22 - - - - - -] Logical_Switch_Port %s host information not removed, the port state is up
2026-05-20 04:44:07.479 7 INFO neutron.plugins.ml2.drivers.ovn.mech_driver.mech_driver [None req-ed100861-e918-46b2-9d9f-1b833f9f1f22 - - - - - -] OVN reports status up for port: 338053ba-a2fb-45d8-967d-66ae78da664c
2026-05-20 04:44:07.492 7 INFO neutron.plugins.ml2.plugin [None req-ed100861-e918-46b2-9d9f-1b833f9f1f22 - - - - - -] Attempt 1 to provision port 338053ba-a2fb-45d8-967d-66ae78da664c
2026-05-20 04:44:07.510 8 WARNING neutron.scheduler.dhcp_agent_scheduler [None req-cfb1bf43-4393-40d7-8900-e5b51cb3ca97 de4907b8af744812aee9b1bb77444dd5 0cf71606b9d14536a9568088b2919b14 - - default default] No more DHCP agents
2026-05-20 04:44:07.511 8 WARNING neutron.api.rpc.agentnotifiers.dhcp_rpc_agent_api [None req-cfb1bf43-4393-40d7-8900-e5b51cb3ca97 de4907b8af744812aee9b1bb77444dd5 0cf71606b9d14536a9568088b2919b14 - - default default] Unable to schedule network 9b705bc3-de22-4597-9fed-4f398b1f212a: no agents available; will retry on subsequent port and subnet creation events.
2026-05-20 04:44:07.623 8 INFO neutron.db.ovn_revision_numbers_db [None req-cfb1bf43-4393-40d7-8900-e5b51cb3ca97 de4907b8af744812aee9b1bb77444dd5 0cf71606b9d14536a9568088b2919b14 - - default default] Successfully bumped revision number for resource 8b19f352-b4e8-40ce-aa26-83cf66d340cf (type: ports) to 1 [pid: 8|app: 0|req: 549/1111] 10.0.0.208 () {34 vars in 665 bytes} [Wed May 20 04:44:07 2026] POST /v2.0/ports => generated 963 bytes in 453 msecs (HTTP/1.1 201) 4 headers in 162 bytes (1 switches on core 0) /var/lib/openstack/lib/python3.12/site-packages/pycadf/identifier.py:70: UserWarning: Invalid uuid: neutron. To ensure interoperability, identifiers should be a valid uuid. warnings.warn(('Invalid uuid: %s. To ensure interoperability, '
2026-05-20 04:44:08.142 8 INFO neutron.db.ovn_revision_numbers_db [None req-183746dd-a02e-4166-b673-57b4d8e4962d de4907b8af744812aee9b1bb77444dd5 0cf71606b9d14536a9568088b2919b14 - - default default] Successfully bumped revision number for resource 8b19f352-b4e8-40ce-aa26-83cf66d340cf (type: ports) to 2
2026-05-20 04:44:08.167 7 INFO neutron.db.ovn_revision_numbers_db [None req-ed100861-e918-46b2-9d9f-1b833f9f1f22 - - - - - -] Successfully bumped revision number for resource 338053ba-a2fb-45d8-967d-66ae78da664c (type: ports) to 7
2026-05-20 04:44:08.345 7 INFO neutron.plugins.ml2.drivers.ovn.mech_driver.mech_driver [None req-e8dd13a4-c0fa-465c-a153-6a462f402742 - - - - - -] OVN reports status down for port: 8b19f352-b4e8-40ce-aa26-83cf66d340cf
2026-05-20 04:44:08.399 7 WARNING neutron.scheduler.dhcp_agent_scheduler [None req-8f6bc64c-b59e-416d-bfc2-109ff465c5a1 1ce4f18ce0f1476ea7ddf317755ce19b 15fdd7620715465c844de2a0498f949e - - default default] No more DHCP agents
2026-05-20 04:44:08.401 7 WARNING neutron.api.rpc.agentnotifiers.dhcp_rpc_agent_api [None req-8f6bc64c-b59e-416d-bfc2-109ff465c5a1 1ce4f18ce0f1476ea7ddf317755ce19b 15fdd7620715465c844de2a0498f949e - - default default] Unable to schedule network 72037435-1fb7-4265-a78c-957d2436cf8f: no agents available; will retry on subsequent port and subnet creation events.
2026-05-20 04:44:08.436 7 WARNING neutron.plugins.ml2.drivers.ovn.mech_driver.ovsdb.ovn_client [None req-e8dd13a4-c0fa-465c-a153-6a462f402742 - - - - - -] Logical_Switch_Port %s host information not removed, the port state is up
2026-05-20 04:44:08.439 7 INFO neutron.plugins.ml2.drivers.ovn.mech_driver.mech_driver [None req-e8dd13a4-c0fa-465c-a153-6a462f402742 - - - - - -] OVN reports status up for port: 8b19f352-b4e8-40ce-aa26-83cf66d340cf
2026-05-20 04:44:08.525 7 INFO neutron.plugins.ml2.plugin [None req-e8dd13a4-c0fa-465c-a153-6a462f402742 - - - - - -] Attempt 1 to provision port 8b19f352-b4e8-40ce-aa26-83cf66d340cf
2026-05-20 04:44:08.542 8 INFO neutron.plugins.ml2.drivers.ovn.mech_driver.mech_driver [None req-7ddd599f-2518-464b-9e63-ea35c68dce2e - - - - - -] OVN reports status down for port: 7afbba5e-56db-49e6-be3a-cdc26b822487
2026-05-20 04:44:08.550 7 INFO neutron.db.ovn_revision_numbers_db [None req-8f6bc64c-b59e-416d-bfc2-109ff465c5a1 1ce4f18ce0f1476ea7ddf317755ce19b 15fdd7620715465c844de2a0498f949e - - default default] Successfully bumped revision number for resource 7afbba5e-56db-49e6-be3a-cdc26b822487 (type: ports) to 1
2026-05-20 04:44:08.795 8 WARNING neutron.scheduler.dhcp_agent_scheduler [None req-183746dd-a02e-4166-b673-57b4d8e4962d de4907b8af744812aee9b1bb77444dd5 0cf71606b9d14536a9568088b2919b14 - - default default] No more DHCP agents
2026-05-20 04:44:08.797 8 WARNING neutron.api.rpc.agentnotifiers.dhcp_rpc_agent_api [None req-183746dd-a02e-4166-b673-57b4d8e4962d de4907b8af744812aee9b1bb77444dd5 0cf71606b9d14536a9568088b2919b14 - - default default] Unable to schedule network 9b705bc3-de22-4597-9fed-4f398b1f212a: no agents available; will retry on subsequent port and subnet creation events.
2026-05-20 04:44:08.987 8 INFO neutron.db.ovn_revision_numbers_db [None req-183746dd-a02e-4166-b673-57b4d8e4962d de4907b8af744812aee9b1bb77444dd5 0cf71606b9d14536a9568088b2919b14 - - default default] Successfully bumped revision number for resource 8b19f352-b4e8-40ce-aa26-83cf66d340cf (type: router_ports) to 3 [pid: 8|app: 0|req: 550/1112] 10.0.0.208 () {34 vars in 783 bytes} [Wed May 20 04:44:07 2026] PUT /v2.0/routers/7a8c744d-86c8-449b-b73b-3c7a4074b966/add_router_interface => generated 309 bytes in 1310 msecs (HTTP/1.1 200) 4 headers in 157 bytes (1 switches on core 0) /var/lib/openstack/lib/python3.12/site-packages/pycadf/identifier.py:70: UserWarning: Invalid uuid: neutron. To ensure interoperability, identifiers should be a valid uuid. warnings.warn(('Invalid uuid: %s. To ensure interoperability, ' [pid: 8|app: 0|req: 551/1113] 10.0.0.208 () {32 vars in 740 bytes} [Wed May 20 04:44:08 2026] DELETE /v2.0/security-groups/283bc64c-48d2-4ef7-af35-8130a4512f36 => generated 0 bytes in 200 msecs (HTTP/1.1 204) 2 headers in 112 bytes (1 switches on core 0)
2026-05-20 04:44:09.222 7 INFO neutron.db.ovn_revision_numbers_db [None req-e8dd13a4-c0fa-465c-a153-6a462f402742 - - - - - -] Successfully bumped revision number for resource 8b19f352-b4e8-40ce-aa26-83cf66d340cf (type: ports) to 3 [pid: 8|app: 0|req: 552/1114] 10.0.0.208 () {32 vars in 717 bytes} [Wed May 20 04:44:09 2026] GET /v2.0/ports/8b19f352-b4e8-40ce-aa26-83cf66d340cf => generated 1025 bytes in 38 msecs (HTTP/1.1 200) 4 headers in 158 bytes (1 switches on core 0)
2026-05-20 04:44:09.249 8 INFO neutron.api.v2.resource [None req-0a946492-f88a-4916-9049-a0df7d97834d a1a061ad1f7241449a1d08961feb7729 f3324f5cbd0749eabdcca5e1bc4e3d3f - - default default] show failed (client error): The resource could not be found. [pid: 8|app: 0|req: 553/1115] 10.0.0.208 () {32 vars in 737 bytes} [Wed May 20 04:44:09 2026] GET /v2.0/security-groups/283bc64c-48d2-4ef7-af35-8130a4512f36 => generated 146 bytes in 13 msecs (HTTP/1.1 404) 4 headers in 164 bytes (1 switches on core 0)
2026-05-20 04:44:09.527 8 INFO neutron_taas.services.taas.taas_plugin [None req-8569398f-1224-4e8f-8848-089163b5832d de4907b8af744812aee9b1bb77444dd5 0cf71606b9d14536a9568088b2919b14 - - default default] TaaS: Handle Delete Port: 8b19f352-b4e8-40ce-aa26-83cf66d340cf
2026-05-20 04:44:09.530 8 INFO neutron_taas.services.taas.tap_mirror_plugin [None req-8569398f-1224-4e8f-8848-089163b5832d de4907b8af744812aee9b1bb77444dd5 0cf71606b9d14536a9568088b2919b14 - - default default] Tap Mirror: Handle Delete Port: 8b19f352-b4e8-40ce-aa26-83cf66d340cf
2026-05-20 04:44:09.597 8 INFO neutron.plugins.ml2.drivers.ovn.mech_driver.mech_driver [None req-7ddd599f-2518-464b-9e63-ea35c68dce2e - - - - - -] OVN reports status up for port: 7afbba5e-56db-49e6-be3a-cdc26b822487
2026-05-20 04:44:09.615 8 INFO neutron.plugins.ml2.plugin [None req-7ddd599f-2518-464b-9e63-ea35c68dce2e - - - - - -] Attempt 1 to provision port 7afbba5e-56db-49e6-be3a-cdc26b822487
2026-05-20 04:44:09.643 7 WARNING neutron.scheduler.dhcp_agent_scheduler [None req-8f6bc64c-b59e-416d-bfc2-109ff465c5a1 1ce4f18ce0f1476ea7ddf317755ce19b 15fdd7620715465c844de2a0498f949e - - default default] No more DHCP agents
2026-05-20 04:44:09.645 7 WARNING neutron.api.rpc.agentnotifiers.dhcp_rpc_agent_api [None req-8f6bc64c-b59e-416d-bfc2-109ff465c5a1 1ce4f18ce0f1476ea7ddf317755ce19b 15fdd7620715465c844de2a0498f949e - - default default] Unable to schedule network 72037435-1fb7-4265-a78c-957d2436cf8f: no agents available; will retry on subsequent port and subnet creation events.
2026-05-20 04:44:10.027 7 INFO neutron.db.ovn_revision_numbers_db [None req-8f6bc64c-b59e-416d-bfc2-109ff465c5a1 1ce4f18ce0f1476ea7ddf317755ce19b 15fdd7620715465c844de2a0498f949e - - default default] Successfully bumped revision number for resource 7afbba5e-56db-49e6-be3a-cdc26b822487 (type: router_ports) to 1 [pid: 7|app: 0|req: 563/1116] 10.0.0.208 () {34 vars in 783 bytes} [Wed May 20 04:44:07 2026] PUT /v2.0/routers/a877937b-c2f2-4a2a-9212-2230bd012fec/add_router_interface => generated 309 bytes in 2547 msecs (HTTP/1.1 200) 4 headers in 157 bytes (1 switches on core 0) /var/lib/openstack/lib/python3.12/site-packages/pycadf/identifier.py:70: UserWarning: Invalid uuid: neutron. To ensure interoperability, identifiers should be a valid uuid. warnings.warn(('Invalid uuid: %s. To ensure interoperability, ' [pid: 8|app: 0|req: 554/1117] 10.0.0.208 () {34 vars in 789 bytes} [Wed May 20 04:44:09 2026] PUT /v2.0/routers/7a8c744d-86c8-449b-b73b-3c7a4074b966/remove_router_interface => generated 309 bytes in 911 msecs (HTTP/1.1 200) 4 headers in 157 bytes (1 switches on core 0) /var/lib/openstack/lib/python3.12/site-packages/pycadf/identifier.py:70: UserWarning: Invalid uuid: neutron. To ensure interoperability, identifiers should be a valid uuid. warnings.warn(('Invalid uuid: %s. To ensure interoperability, '
2026-05-20 04:44:10.204 7 INFO neutron_taas.services.taas.taas_plugin [None req-24654068-3772-4e22-8013-3eadb8e7c764 a1a061ad1f7241449a1d08961feb7729 f3324f5cbd0749eabdcca5e1bc4e3d3f - - default default] TaaS: Handle Delete Port: baff7f8f-b160-4773-875b-286e39ef3ff6
2026-05-20 04:44:10.209 7 INFO neutron_taas.services.taas.tap_mirror_plugin [None req-24654068-3772-4e22-8013-3eadb8e7c764 a1a061ad1f7241449a1d08961feb7729 f3324f5cbd0749eabdcca5e1bc4e3d3f - - default default] Tap Mirror: Handle Delete Port: baff7f8f-b160-4773-875b-286e39ef3ff6 [pid: 8|app: 0|req: 555/1118] 10.0.0.208 () {32 vars in 649 bytes} [Wed May 20 04:44:10 2026] GET /v2.0/networks => generated 4651 bytes in 152 msecs (HTTP/1.1 200) 4 headers in 158 bytes (1 switches on core 0) [pid: 7|app: 0|req: 564/1119] 10.0.0.208 () {32 vars in 732 bytes} [Wed May 20 04:44:10 2026] DELETE /v2.0/floatingips/ba3df817-8a52-4ea3-85b7-b89d6e271cd9 => generated 0 bytes in 349 msecs (HTTP/1.1 204) 2 headers in 112 bytes (1 switches on core 0) [pid: 7|app: 0|req: 565/1120] 10.0.0.208 () {32 vars in 647 bytes} [Wed May 20 04:44:10 2026] GET /v2.0/subnets => generated 3308 bytes in 31 msecs (HTTP/1.1 200) 4 headers in 158 bytes (1 switches on core 0)
2026-05-20 04:44:10.455 8 INFO neutron.api.v2.resource [None req-795e9d05-6383-4ec0-9a3f-ccbf57e6532f de4907b8af744812aee9b1bb77444dd5 0cf71606b9d14536a9568088b2919b14 - - default default] remove_router_interface failed (client error): The resource could not be found. [pid: 8|app: 0|req: 556/1121] 10.0.0.208 () {34 vars in 789 bytes} [Wed May 20 04:44:10 2026] PUT /v2.0/routers/7a8c744d-86c8-449b-b73b-3c7a4074b966/remove_router_interface => generated 197 bytes in 142 msecs (HTTP/1.1 404) 4 headers in 164 bytes (1 switches on core 0)
2026-05-20 04:44:10.481 8 INFO neutron.db.ovn_revision_numbers_db [None req-7ddd599f-2518-464b-9e63-ea35c68dce2e - - - - - -] Successfully bumped revision number for resource 7afbba5e-56db-49e6-be3a-cdc26b822487 (type: ports) to 2 [pid: 8|app: 0|req: 557/1122] 10.0.0.208 () {32 vars in 647 bytes} [Wed May 20 04:44:10 2026] GET /v2.0/routers => generated 2555 bytes in 94 msecs (HTTP/1.1 200) 4 headers in 158 bytes (1 switches on core 0) [pid: 8|app: 0|req: 558/1123] 10.0.0.208 () {32 vars in 736 bytes} [Wed May 20 04:44:10 2026] GET /v2.0/ports?device_id=7a8c744d-86c8-449b-b73b-3c7a4074b966 => generated 12 bytes in 23 msecs (HTTP/1.1 200) 4 headers in 156 bytes (1 switches on core 0)
2026-05-20 04:44:10.692 7 INFO neutron_taas.services.taas.taas_plugin [None req-6a01263d-14ff-4026-a8d0-8fea25b6c341 e5be542de3664c098b1a88fb35998dc5 b0fe63b9b49345e8827bfce2b08690fa - - default default] TaaS: Handle Delete Port: 165f4edd-360c-41d9-b3db-fa61573a1347
2026-05-20 04:44:10.695 7 INFO neutron_taas.services.taas.tap_mirror_plugin [None req-6a01263d-14ff-4026-a8d0-8fea25b6c341 e5be542de3664c098b1a88fb35998dc5 b0fe63b9b49345e8827bfce2b08690fa - - default default] Tap Mirror: Handle Delete Port: 165f4edd-360c-41d9-b3db-fa61573a1347 [pid: 8|app: 0|req: 559/1124] 10.0.0.208 () {32 vars in 724 bytes} [Wed May 20 04:44:10 2026] DELETE /v2.0/routers/7a8c744d-86c8-449b-b73b-3c7a4074b966 => generated 0 bytes in 199 msecs (HTTP/1.1 204) 2 headers in 112 bytes (1 switches on core 0)
2026-05-20 04:44:10.914 8 INFO neutron.db.ovn_revision_numbers_db [None req-944cb093-39af-49bd-97ce-0c7cc62c172b 1ce4f18ce0f1476ea7ddf317755ce19b 15fdd7620715465c844de2a0498f949e - - default default] Successfully bumped revision number for resource c0d757fd-7613-4d78-8054-e1d0e61a16fd (type: security_groups) to 1
2026-05-20 04:44:10.924 8 INFO neutron.db.ovn_revision_numbers_db [None req-944cb093-39af-49bd-97ce-0c7cc62c172b 1ce4f18ce0f1476ea7ddf317755ce19b 15fdd7620715465c844de2a0498f949e - - default default] Successfully bumped revision number for resource 27dc1649-d65c-41b7-b82b-78b9e8be78d0 (type: security_group_rules) to 0
2026-05-20 04:44:10.936 8 INFO neutron.db.ovn_revision_numbers_db [None req-944cb093-39af-49bd-97ce-0c7cc62c172b 1ce4f18ce0f1476ea7ddf317755ce19b 15fdd7620715465c844de2a0498f949e - - default default] Successfully bumped revision number for resource 3d3b5050-023c-4098-9b38-94e5ee2e0f56 (type: security_group_rules) to 0 [pid: 8|app: 0|req: 560/1125] 10.0.0.208 () {34 vars in 685 bytes} [Wed May 20 04:44:10 2026] POST /v2.0/security-groups => generated 1675 bytes in 188 msecs (HTTP/1.1 201) 4 headers in 163 bytes (1 switches on core 0) [pid: 8|app: 0|req: 561/1126] 10.0.0.208 () {32 vars in 724 bytes} [Wed May 20 04:44:10 2026] DELETE /v2.0/subnets/18a8b942-88bf-4bf6-b5c1-4525966b9f96 => generated 0 bytes in 138 msecs (HTTP/1.1 204) 3 headers in 131 bytes (1 switches on core 0)
2026-05-20 04:44:11.218 8 INFO neutron.db.ovn_revision_numbers_db [None req-d8d93bbe-f1e1-4062-b2b4-d03ce24df088 1ce4f18ce0f1476ea7ddf317755ce19b 15fdd7620715465c844de2a0498f949e - - default default] Successfully bumped revision number for resource c29e515e-b3fe-4845-b56d-e8e37460db1e (type: security_group_rules) to 0 [pid: 8|app: 0|req: 562/1127] 10.0.0.208 () {34 vars in 695 bytes} [Wed May 20 04:44:11 2026] POST /v2.0/security-group-rules => generated 597 bytes in 146 msecs (HTTP/1.1 201) 4 headers in 162 bytes (1 switches on core 0) [pid: 7|app: 0|req: 566/1128] 10.0.0.208 () {34 vars in 789 bytes} [Wed May 20 04:44:10 2026] PUT /v2.0/routers/192f4e13-eddf-442e-adc2-4b04d6705235/remove_router_interface => generated 309 bytes in 884 msecs (HTTP/1.1 200) 4 headers in 157 bytes (1 switches on core 0) /var/lib/openstack/lib/python3.12/site-packages/pycadf/identifier.py:70: UserWarning: Invalid uuid: neutron. To ensure interoperability, identifiers should be a valid uuid. warnings.warn(('Invalid uuid: %s. To ensure interoperability, '
2026-05-20 04:44:11.419 7 INFO neutron_taas.services.taas.taas_plugin [None req-3f99290f-651d-4f57-b4bb-9ebe00f4771a de4907b8af744812aee9b1bb77444dd5 0cf71606b9d14536a9568088b2919b14 - - default default] TaaS: Handle Delete Port: bc174cdd-ee5c-4215-8fe2-f4f955f444cd
2026-05-20 04:44:11.422 7 INFO neutron_taas.services.taas.tap_mirror_plugin [None req-3f99290f-651d-4f57-b4bb-9ebe00f4771a de4907b8af744812aee9b1bb77444dd5 0cf71606b9d14536a9568088b2919b14 - - default default] Tap Mirror: Handle Delete Port: bc174cdd-ee5c-4215-8fe2-f4f955f444cd
2026-05-20 04:44:11.548 8 INFO neutron.db.ovn_revision_numbers_db [None req-28748d1e-024d-4f7d-8281-f36525927ce9 b414c5e00ad84a0daa16b1b2377be77b fcbd482654b44fbbbe012db92afdc413 - - default default] Successfully bumped revision number for resource b1befbd0-199d-450e-a657-4583a60797e8 (type: security_groups) to 1
2026-05-20 04:44:11.561 8 INFO neutron.db.ovn_revision_numbers_db [None req-28748d1e-024d-4f7d-8281-f36525927ce9 b414c5e00ad84a0daa16b1b2377be77b fcbd482654b44fbbbe012db92afdc413 - - default default] Successfully bumped revision number for resource 0ae6b4a0-f427-48aa-b594-42141d47ceb2 (type: security_group_rules) to 0
2026-05-20 04:44:11.573 8 INFO neutron.db.ovn_revision_numbers_db [None req-28748d1e-024d-4f7d-8281-f36525927ce9 b414c5e00ad84a0daa16b1b2377be77b fcbd482654b44fbbbe012db92afdc413 - - default default] Successfully bumped revision number for resource 5319d195-76a5-47d9-9e66-d882c7a4431d (type: security_group_rules) to 0
2026-05-20 04:44:11.585 8 INFO neutron.db.ovn_revision_numbers_db [None req-28748d1e-024d-4f7d-8281-f36525927ce9 b414c5e00ad84a0daa16b1b2377be77b fcbd482654b44fbbbe012db92afdc413 - - default default] Successfully bumped revision number for resource 5f702cb1-e2aa-4cda-95c4-e843b0732c7a (type: security_group_rules) to 0
2026-05-20 04:44:11.604 8 INFO neutron.db.ovn_revision_numbers_db [None req-28748d1e-024d-4f7d-8281-f36525927ce9 b414c5e00ad84a0daa16b1b2377be77b fcbd482654b44fbbbe012db92afdc413 - - default default] Successfully bumped revision number for resource 7252b8f8-9c5f-489a-859a-8cbe4ef535ab (type: security_group_rules) to 0
2026-05-20 04:44:11.626 7 INFO neutron.services.segments.plugin [-] Segment 2161e211-ce10-4877-b432-5174d05ea500 resource provider aggregate not found
2026-05-20 04:44:11.630 7 INFO neutron.services.segments.plugin [-] Segment 2161e211-ce10-4877-b432-5174d05ea500 resource provider aggregate not found
2026-05-20 04:44:11.645 7 INFO neutron.services.segments.plugin [-] Segment 2161e211-ce10-4877-b432-5174d05ea500 resource provider not found; error: Placement Client Error (4xx): {"errors": [{"status": 404, "title": "Not Found", "detail": "The resource could not be found.\n\n No resource provider with uuid 2161e211-ce10-4877-b432-5174d05ea500 found for delete ", "request_id": "req-e6e39bb0-a618-4790-b4a3-68e741de28e3"}]}
2026-05-20 04:44:11.656 7 INFO neutron.services.segments.plugin [-] Segment 2161e211-ce10-4877-b432-5174d05ea500 resource provider not found; error: Placement Client Error (4xx): {"errors": [{"status": 404, "title": "Not Found", "detail": "The resource could not be found.\n\n No resource provider with uuid 2161e211-ce10-4877-b432-5174d05ea500 found for delete ", "request_id": "req-38097ac3-7ee0-4693-8139-b9fbf2aca39b"}]} [pid: 7|app: 0|req: 567/1129] 10.0.0.208 () {32 vars in 726 bytes} [Wed May 20 04:44:11 2026] DELETE /v2.0/networks/9b705bc3-de22-4597-9fed-4f398b1f212a => generated 0 bytes in 380 msecs (HTTP/1.1 204) 3 headers in 131 bytes (1 switches on core 0)
2026-05-20 04:44:11.695 8 INFO neutron.db.segments_db [None req-28748d1e-024d-4f7d-8281-f36525927ce9 b414c5e00ad84a0daa16b1b2377be77b fcbd482654b44fbbbe012db92afdc413 - - default default] Added segment 9997f307-8966-4338-b89d-f547dd434715 of type geneve for network 89ede337-00be-43f9-8ba4-6e2a92625705
2026-05-20 04:44:11.795 8 INFO neutron.db.ovn_revision_numbers_db [None req-28748d1e-024d-4f7d-8281-f36525927ce9 b414c5e00ad84a0daa16b1b2377be77b fcbd482654b44fbbbe012db92afdc413 - - default default] Successfully bumped revision number for resource 89ede337-00be-43f9-8ba4-6e2a92625705 (type: networks) to 1
2026-05-20 04:44:11.813 7 INFO neutron.db.ovn_revision_numbers_db [None req-e2939658-81db-475e-bd6d-c24023626d0b 1ce4f18ce0f1476ea7ddf317755ce19b 15fdd7620715465c844de2a0498f949e - - default default] Successfully bumped revision number for resource 38eef5f1-838e-43cf-be4d-52539c917342 (type: security_group_rules) to 0 [pid: 7|app: 0|req: 568/1130] 10.0.0.208 () {34 vars in 695 bytes} [Wed May 20 04:44:11 2026] POST /v2.0/security-group-rules => generated 596 bytes in 155 msecs (HTTP/1.1 201) 4 headers in 162 bytes (1 switches on core 0)
2026-05-20 04:44:11.954 8 WARNING neutron.scheduler.dhcp_agent_scheduler [None req-28748d1e-024d-4f7d-8281-f36525927ce9 b414c5e00ad84a0daa16b1b2377be77b fcbd482654b44fbbbe012db92afdc413 - - default default] No more DHCP agents
2026-05-20 04:44:11.956 8 WARNING neutron.api.rpc.agentnotifiers.dhcp_rpc_agent_api [None req-28748d1e-024d-4f7d-8281-f36525927ce9 b414c5e00ad84a0daa16b1b2377be77b fcbd482654b44fbbbe012db92afdc413 - - default default] Unable to schedule network 89ede337-00be-43f9-8ba4-6e2a92625705: no agents available; will retry on subsequent port and subnet creation events.
2026-05-20 04:44:12.051 8 INFO neutron.db.ovn_revision_numbers_db [None req-28748d1e-024d-4f7d-8281-f36525927ce9 b414c5e00ad84a0daa16b1b2377be77b fcbd482654b44fbbbe012db92afdc413 - - default default] Successfully bumped revision number for resource a348b779-393a-4d61-9deb-5d8a2785f3ff (type: ports) to 1 [pid: 8|app: 0|req: 563/1131] 10.0.0.208 () {34 vars in 670 bytes} [Wed May 20 04:44:11 2026] POST /v2.0/networks => generated 650 bytes in 830 msecs (HTTP/1.1 201) 4 headers in 162 bytes (1 switches on core 0)
2026-05-20 04:44:12.164 8 INFO neutron.db.segments_db [None req-e7b4f636-48c8-4380-9a22-9bd2d6249846 de4907b8af744812aee9b1bb77444dd5 0cf71606b9d14536a9568088b2919b14 - - default default] Added segment 43ac765b-b779-42f5-8b99-4253c379c0d0 of type geneve for network 2793f7b9-e691-41b2-8c85-af98d9d8665a
2026-05-20 04:44:12.187 7 INFO neutron_taas.services.taas.taas_plugin [None req-d49e945d-0f75-4cbe-9359-7653e9762402 e5be542de3664c098b1a88fb35998dc5 b0fe63b9b49345e8827bfce2b08690fa - - default default] TaaS: Handle Delete Port: eb7e706d-c7c7-4cf4-94e0-aff588639a7d
2026-05-20 04:44:12.191 7 INFO neutron_taas.services.taas.tap_mirror_plugin [None req-d49e945d-0f75-4cbe-9359-7653e9762402 e5be542de3664c098b1a88fb35998dc5 b0fe63b9b49345e8827bfce2b08690fa - - default default] Tap Mirror: Handle Delete Port: eb7e706d-c7c7-4cf4-94e0-aff588639a7d
2026-05-20 04:44:12.277 8 INFO neutron.db.ovn_revision_numbers_db [None req-e7b4f636-48c8-4380-9a22-9bd2d6249846 de4907b8af744812aee9b1bb77444dd5 0cf71606b9d14536a9568088b2919b14 - - default default] Successfully bumped revision number for resource 2793f7b9-e691-41b2-8c85-af98d9d8665a (type: networks) to 1
2026-05-20 04:44:12.462 8 WARNING neutron.scheduler.dhcp_agent_scheduler [None req-e7b4f636-48c8-4380-9a22-9bd2d6249846 de4907b8af744812aee9b1bb77444dd5 0cf71606b9d14536a9568088b2919b14 - - default default] No more DHCP agents
2026-05-20 04:44:12.463 8 WARNING neutron.api.rpc.agentnotifiers.dhcp_rpc_agent_api [None req-e7b4f636-48c8-4380-9a22-9bd2d6249846 de4907b8af744812aee9b1bb77444dd5 0cf71606b9d14536a9568088b2919b14 - - default default] Unable to schedule network 2793f7b9-e691-41b2-8c85-af98d9d8665a: no agents available; will retry on subsequent port and subnet creation events.
2026-05-20 04:44:12.552 8 INFO neutron.db.ovn_revision_numbers_db [None req-e7b4f636-48c8-4380-9a22-9bd2d6249846 de4907b8af744812aee9b1bb77444dd5 0cf71606b9d14536a9568088b2919b14 - - default default] Successfully bumped revision number for resource 29e8175f-2bcd-4bf4-bd7b-1c97fdde4b22 (type: ports) to 1 [pid: 8|app: 0|req: 564/1132] 10.0.0.208 () {34 vars in 670 bytes} [Wed May 20 04:44:12 2026] POST /v2.0/networks => generated 652 bytes in 490 msecs (HTTP/1.1 201) 4 headers in 162 bytes (1 switches on core 0) [pid: 7|app: 0|req: 569/1133] 10.0.0.208 () {32 vars in 724 bytes} [Wed May 20 04:44:11 2026] DELETE /v2.0/routers/192f4e13-eddf-442e-adc2-4b04d6705235 => generated 0 bytes in 779 msecs (HTTP/1.1 204) 2 headers in 112 bytes (1 switches on core 0)
2026-05-20 04:44:12.712 8 INFO neutron.db.ovn_revision_numbers_db [None req-27f7ee3c-8945-4700-841a-8444eac8a7f5 1ce4f18ce0f1476ea7ddf317755ce19b 15fdd7620715465c844de2a0498f949e - - default default] Successfully bumped revision number for resource 363d1913-8b05-469b-acb6-40131ee0b0d3 (type: security_group_rules) to 0 [pid: 8|app: 0|req: 565/1134] 10.0.0.208 () {34 vars in 695 bytes} [Wed May 20 04:44:12 2026] POST /v2.0/security-group-rules => generated 602 bytes in 165 msecs (HTTP/1.1 201) 4 headers in 162 bytes (1 switches on core 0)
2026-05-20 04:44:12.825 7 WARNING neutron.scheduler.dhcp_agent_scheduler [None req-62a12b99-6f92-4f5f-b2fa-d7d97ec92e3c b414c5e00ad84a0daa16b1b2377be77b fcbd482654b44fbbbe012db92afdc413 - - default default] No more DHCP agents
2026-05-20 04:44:12.827 7 WARNING neutron.api.rpc.agentnotifiers.dhcp_rpc_agent_api [None req-62a12b99-6f92-4f5f-b2fa-d7d97ec92e3c b414c5e00ad84a0daa16b1b2377be77b fcbd482654b44fbbbe012db92afdc413 - - default default] Unable to schedule network 89ede337-00be-43f9-8ba4-6e2a92625705: no agents available; will retry on subsequent port and subnet creation events.
2026-05-20 04:44:12.908 7 INFO neutron.db.ovn_revision_numbers_db [None req-62a12b99-6f92-4f5f-b2fa-d7d97ec92e3c b414c5e00ad84a0daa16b1b2377be77b fcbd482654b44fbbbe012db92afdc413 - - default default] Successfully bumped revision number for resource 571a0133-8fe8-41da-83df-9becbf79f773 (type: ports) to 1
2026-05-20 04:44:12.944 8 WARNING neutron.scheduler.dhcp_agent_scheduler [None req-d462a919-387a-4b65-8b24-600270b6ec3d de4907b8af744812aee9b1bb77444dd5 0cf71606b9d14536a9568088b2919b14 - - default default] No more DHCP agents
2026-05-20 04:44:12.945 8 WARNING neutron.api.rpc.agentnotifiers.dhcp_rpc_agent_api [None req-d462a919-387a-4b65-8b24-600270b6ec3d de4907b8af744812aee9b1bb77444dd5 0cf71606b9d14536a9568088b2919b14 - - default default] Unable to schedule network 2793f7b9-e691-41b2-8c85-af98d9d8665a: no agents available; will retry on subsequent port and subnet creation events. [pid: 7|app: 0|req: 570/1137] 10.0.0.208 () {34 vars in 664 bytes} [Wed May 20 04:44:12 2026] POST /v2.0/ports => generated 743 bytes in 341 msecs (HTTP/1.1 201) 4 headers in 162 bytes (1 switches on core 0) /var/lib/openstack/lib/python3.12/site-packages/pycadf/identifier.py:70: UserWarning: Invalid uuid: neutron. To ensure interoperability, identifiers should be a valid uuid. warnings.warn(('Invalid uuid: %s. To ensure interoperability, '
2026-05-20 04:44:12.977 8 INFO neutron.db.ovn_revision_numbers_db [None req-d462a919-387a-4b65-8b24-600270b6ec3d de4907b8af744812aee9b1bb77444dd5 0cf71606b9d14536a9568088b2919b14 - - default default] Successfully bumped revision number for resource dd634c67-6f7b-4f2b-ad29-dfbd3bfec653 (type: subnets) to 0 [pid: 8|app: 0|req: 568/1138] 10.0.0.208 () {34 vars in 669 bytes} [Wed May 20 04:44:12 2026] POST /v2.0/subnets => generated 646 bytes in 255 msecs (HTTP/1.1 201) 4 headers in 162 bytes (1 switches on core 0) [pid: 7|app: 0|req: 571/1139] 10.0.0.208 () {32 vars in 724 bytes} [Wed May 20 04:44:12 2026] DELETE /v2.0/subnets/e1feb9c5-187a-4366-8253-602b3ead9361 => generated 0 bytes in 152 msecs (HTTP/1.1 204) 3 headers in 131 bytes (1 switches on core 0)
2026-05-20 04:44:13.154 8 INFO neutron.db.ovn_revision_numbers_db [None req-74aad11c-f316-4431-b5c7-33ec86d74a87 1ce4f18ce0f1476ea7ddf317755ce19b 15fdd7620715465c844de2a0498f949e - - default default] Successfully bumped revision number for resource 52ed24be-c6eb-4e61-9380-b9cd01b744ae (type: security_group_rules) to 0 [pid: 8|app: 0|req: 569/1140] 10.0.0.208 () {34 vars in 695 bytes} [Wed May 20 04:44:12 2026] POST /v2.0/security-group-rules => generated 601 bytes in 184 msecs (HTTP/1.1 201) 4 headers in 162 bytes (1 switches on core 0)
2026-05-20 04:44:13.192 7 INFO neutron.db.segments_db [None req-ae34c7be-4dab-472d-8525-8e81cff52666 b414c5e00ad84a0daa16b1b2377be77b fcbd482654b44fbbbe012db92afdc413 - - default default] Added segment aa05f730-bf20-4c9d-a856-ba7f2ed54fba of type geneve for network 76a4907f-d49e-4959-afb3-1e97ebc4f2b5
2026-05-20 04:44:13.298 8 INFO neutron.db.ovn_revision_numbers_db [None req-f963fd2d-188a-4b51-bfe6-7afd2687a716 de4907b8af744812aee9b1bb77444dd5 0cf71606b9d14536a9568088b2919b14 - - default default] Successfully bumped revision number for resource 460786e9-f3e7-4929-b85c-915e3a3cf9e1 (type: routers) to 1
2026-05-20 04:44:13.302 7 INFO neutron.db.ovn_revision_numbers_db [None req-ae34c7be-4dab-472d-8525-8e81cff52666 b414c5e00ad84a0daa16b1b2377be77b fcbd482654b44fbbbe012db92afdc413 - - default default] Successfully bumped revision number for resource 76a4907f-d49e-4959-afb3-1e97ebc4f2b5 (type: networks) to 1 [pid: 8|app: 0|req: 570/1141] 10.0.0.208 () {34 vars in 669 bytes} [Wed May 20 04:44:13 2026] POST /v2.0/routers => generated 605 bytes in 129 msecs (HTTP/1.1 201) 4 headers in 162 bytes (1 switches on core 0)
2026-05-20 04:44:13.416 8 INFO neutron_taas.services.taas.taas_plugin [None req-0078c005-bb82-4661-b59f-bafdf93ce9bf e5be542de3664c098b1a88fb35998dc5 b0fe63b9b49345e8827bfce2b08690fa - - default default] TaaS: Handle Delete Port: c899351f-f5cf-43fd-b819-b2791a013d2d
2026-05-20 04:44:13.419 8 INFO neutron_taas.services.taas.tap_mirror_plugin [None req-0078c005-bb82-4661-b59f-bafdf93ce9bf e5be542de3664c098b1a88fb35998dc5 b0fe63b9b49345e8827bfce2b08690fa - - default default] Tap Mirror: Handle Delete Port: c899351f-f5cf-43fd-b819-b2791a013d2d
2026-05-20 04:44:13.466 7 WARNING neutron.scheduler.dhcp_agent_scheduler [None req-ae34c7be-4dab-472d-8525-8e81cff52666 b414c5e00ad84a0daa16b1b2377be77b fcbd482654b44fbbbe012db92afdc413 - - default default] No more DHCP agents
2026-05-20 04:44:13.468 7 WARNING neutron.api.rpc.agentnotifiers.dhcp_rpc_agent_api [None req-ae34c7be-4dab-472d-8525-8e81cff52666 b414c5e00ad84a0daa16b1b2377be77b fcbd482654b44fbbbe012db92afdc413 - - default default] Unable to schedule network 76a4907f-d49e-4959-afb3-1e97ebc4f2b5: no agents available; will retry on subsequent port and subnet creation events.
