+ COMMAND=start + start + for KEYSTONE_WSGI_SCRIPT in keystone-wsgi-public ++ type -p keystone-wsgi-public + cp -a /var/lib/openstack/bin/keystone-wsgi-public /var/www/cgi-bin/keystone/ + '[' -f /etc/apache2/envvars ']' + source /etc/apache2/envvars ++ unset HOME ++ '[' '' '!=' '' ']' ++ SUFFIX= ++ export APACHE_RUN_USER=www-data ++ APACHE_RUN_USER=www-data ++ export APACHE_RUN_GROUP=www-data ++ APACHE_RUN_GROUP=www-data ++ export APACHE_PID_FILE=/var/run/apache2/apache2.pid ++ APACHE_PID_FILE=/var/run/apache2/apache2.pid ++ export APACHE_RUN_DIR=/var/run/apache2 ++ APACHE_RUN_DIR=/var/run/apache2 ++ export APACHE_LOCK_DIR=/var/lock/apache2 ++ APACHE_LOCK_DIR=/var/lock/apache2 ++ export APACHE_LOG_DIR=/var/log/apache2 ++ APACHE_LOG_DIR=/var/log/apache2 ++ export LANG=C ++ LANG=C ++ export LANG + '[' -f /var/run/apache2/apache2.pid ']' + exec apache2 -DFOREGROUND AH00558: apache2: Could not reliably determine the server's fully qualified domain name, using 10.0.0.251. Set the 'ServerName' directive globally to suppress this message AH00558: apache2: Could not reliably determine the server's fully qualified domain name, using 10.0.0.251. Set the 'ServerName' directive globally to suppress this message
[Tue Sep 08 15:57:03.621907 2026] [mpm_event:notice] [pid 1:tid 140302450497408] AH00489: Apache/2.4.58 (Ubuntu) mod_wsgi/5.0.0 Python/3.12 configured -- resuming normal operations
[Tue Sep 08 15:57:03.622053 2026] [core:notice] [pid 1:tid 140302450497408] AH00094: Command line: 'apache2 -D FOREGROUND'
[Tue Sep 08 15:58:02.686782 2026] [wsgi:error] [pid 12:tid 140301812676288] /var/lib/openstack/lib/python3.12/site-packages/oslo_utils/importutils.py:77: EventletDeprecationWarning:
[Tue Sep 08 15:58:02.686823 2026] [wsgi:error] [pid 12:tid 140301812676288] Eventlet is deprecated. It is currently being maintained in bugfix mode, and
[Tue Sep 08 15:58:02.686825 2026] [wsgi:error] [pid 12:tid 140301812676288] we strongly recommend against using it for new projects.
[Tue Sep 08 15:58:02.686827 2026] [wsgi:error] [pid 12:tid 140301812676288]
[Tue Sep 08 15:58:02.686828 2026] [wsgi:error] [pid 12:tid 140301812676288] If you are already using Eventlet, we recommend migrating to a different
[Tue Sep 08 15:58:02.686830 2026] [wsgi:error] [pid 12:tid 140301812676288] framework. For more detail see
[Tue Sep 08 15:58:02.686831 2026] [wsgi:error] [pid 12:tid 140301812676288] https://eventlet.readthedocs.io/en/latest/asyncio/migration.html
[Tue Sep 08 15:58:02.686833 2026] [wsgi:error] [pid 12:tid 140301812676288]
[Tue Sep 08 15:58:02.686834 2026] [wsgi:error] [pid 12:tid 140301812676288] __import__(import_str)
[Tue Sep 08 15:58:02.702856 2026] [wsgi:error] [pid 10:tid 140301812676288] /var/lib/openstack/lib/python3.12/site-packages/oslo_utils/importutils.py:77: EventletDeprecationWarning:
[Tue Sep 08 15:58:02.702898 2026] [wsgi:error] [pid 10:tid 140301812676288] Eventlet is deprecated. It is currently being maintained in bugfix mode, and
[Tue Sep 08 15:58:02.702900 2026] [wsgi:error] [pid 10:tid 140301812676288] we strongly recommend against using it for new projects.
[Tue Sep 08 15:58:02.702901 2026] [wsgi:error] [pid 10:tid 140301812676288]
[Tue Sep 08 15:58:02.702903 2026] [wsgi:error] [pid 10:tid 140301812676288] If you are already using Eventlet, we recommend migrating to a different
[Tue Sep 08 15:58:02.702904 2026] [wsgi:error] [pid 10:tid 140301812676288] framework. For more detail see
[Tue Sep 08 15:58:02.702905 2026] [wsgi:error] [pid 10:tid 140301812676288] https://eventlet.readthedocs.io/en/latest/asyncio/migration.html
[Tue Sep 08 15:58:02.702906 2026] [wsgi:error] [pid 10:tid 140301812676288]
[Tue Sep 08 15:58:02.702907 2026] [wsgi:error] [pid 10:tid 140301812676288] __import__(import_str) 10.0.0.3 - - [08/Sep/2026:15:58:01 +0000] "GET /v3/ HTTP/1.1" 200 250 10.0.0.3 - - [08/Sep/2026:15:58:01 +0000] "GET /v3/ HTTP/1.1" 200 250
[Tue Sep 08 15:58:08.289583 2026] [wsgi:error] [pid 9:tid 140301812676288] /var/lib/openstack/lib/python3.12/site-packages/oslo_utils/importutils.py:77: EventletDeprecationWarning:
[Tue Sep 08 15:58:08.289633 2026] [wsgi:error] [pid 9:tid 140301812676288] Eventlet is deprecated. It is currently being maintained in bugfix mode, and
[Tue Sep 08 15:58:08.289634 2026] [wsgi:error] [pid 9:tid 140301812676288] we strongly recommend against using it for new projects.
[Tue Sep 08 15:58:08.289636 2026] [wsgi:error] [pid 9:tid 140301812676288]
[Tue Sep 08 15:58:08.289637 2026] [wsgi:error] [pid 9:tid 140301812676288] If you are already using Eventlet, we recommend migrating to a different
[Tue Sep 08 15:58:08.289638 2026] [wsgi:error] [pid 9:tid 140301812676288] framework. For more detail see
[Tue Sep 08 15:58:08.289639 2026] [wsgi:error] [pid 9:tid 140301812676288] https://eventlet.readthedocs.io/en/latest/asyncio/migration.html
[Tue Sep 08 15:58:08.289640 2026] [wsgi:error] [pid 9:tid 140301812676288]
[Tue Sep 08 15:58:08.289641 2026] [wsgi:error] [pid 9:tid 140301812676288] __import__(import_str) 10.0.0.3 - - [08/Sep/2026:15:58:07 +0000] "GET /v3/ HTTP/1.1" 200 250
[Tue Sep 08 15:58:14.564956 2026] [wsgi:error] [pid 11:tid 140301812676288] /var/lib/openstack/lib/python3.12/site-packages/oslo_utils/importutils.py:77: EventletDeprecationWarning:
[Tue Sep 08 15:58:14.564997 2026] [wsgi:error] [pid 11:tid 140301812676288] Eventlet is deprecated. It is currently being maintained in bugfix mode, and
[Tue Sep 08 15:58:14.564999 2026] [wsgi:error] [pid 11:tid 140301812676288] we strongly recommend against using it for new projects.
[Tue Sep 08 15:58:14.565000 2026] [wsgi:error] [pid 11:tid 140301812676288]
[Tue Sep 08 15:58:14.565001 2026] [wsgi:error] [pid 11:tid 140301812676288] If you are already using Eventlet, we recommend migrating to a different
[Tue Sep 08 15:58:14.565003 2026] [wsgi:error] [pid 11:tid 140301812676288] framework. For more detail see
[Tue Sep 08 15:58:14.565004 2026] [wsgi:error] [pid 11:tid 140301812676288] https://eventlet.readthedocs.io/en/latest/asyncio/migration.html
[Tue Sep 08 15:58:14.565005 2026] [wsgi:error] [pid 11:tid 140301812676288]
[Tue Sep 08 15:58:14.565006 2026] [wsgi:error] [pid 11:tid 140301812676288] __import__(import_str) 10.0.0.175 - - [08/Sep/2026:15:58:13 +0000] "GET / HTTP/1.1" 300 295
[Tue Sep 08 15:58:19.288846 2026] [wsgi:error] [pid 10:tid 140301812676288] [remote 10.0.0.175:46440] 2026-09-08 15:58:19.286 10 WARNING keystone.identity.core [None req-6030b69d-2646-4505-940d-575a6c95f82f - - - - - -] Invalid domain name (atmosphere) found in config file name: keystone.exception.DomainNotFound: Could not find domain: atmosphere.
[Tue Sep 08 15:58:19.342944 2026] [wsgi:error] [pid 10:tid 140301812676288] [remote 10.0.0.175:46440] 2026-09-08 15:58:19.342 10 WARNING keystone.common.password_hashing [None req-6030b69d-2646-4505-940d-575a6c95f82f - - - - - -] Truncating password to algorithm specific maximum length 72 characters.
[Tue Sep 08 15:58:19.624990 2026] [wsgi:error] [pid 10:tid 140301812676288] [remote 10.0.0.175:46440] 2026-09-08 15:58:19.624 10 WARNING keystone.common.fernet_utils [None req-6030b69d-2646-4505-940d-575a6c95f82f - - - - - -] key_repository is world readable: /etc/keystone/fernet-keys/ 10.0.0.175 - - [08/Sep/2026:15:58:19 +0000] "POST /v3/auth/tokens HTTP/1.1" 201 1360
[Tue Sep 08 15:58:20.037750 2026] [wsgi:error] [pid 12:tid 140301812676288] [remote 10.0.0.175:46440] 2026-09-08 15:58:20.035 12 WARNING keystone.identity.core [None req-b984cdfb-745f-4506-ac25-8eb3da99e65e - - - - - -] Invalid domain name (atmosphere) found in config file name: keystone.exception.DomainNotFound: Could not find domain: atmosphere. 10.0.0.175 - - [08/Sep/2026:15:58:19 +0000] "POST /v3/domains HTTP/1.1" 201 261 10.0.0.181 - - [08/Sep/2026:15:58:30 +0000] "GET / HTTP/1.1" 300 295
[Tue Sep 08 15:58:31.361770 2026] [wsgi:error] [pid 11:tid 140301812676288] [remote 10.0.0.181:46996] 2026-09-08 15:58:31.361 11 WARNING keystone.common.password_hashing [None req-8e6aa473-5eee-4c37-866e-28c5b89f8121 - - - - - -] Truncating password to algorithm specific maximum length 72 characters.
[Tue Sep 08 15:58:31.632692 2026] [wsgi:error] [pid 11:tid 140301812676288] [remote 10.0.0.181:46996] 2026-09-08 15:58:31.632 11 WARNING keystone.common.fernet_utils [None req-8e6aa473-5eee-4c37-866e-28c5b89f8121 - - - - - -] key_repository is world readable: /etc/keystone/fernet-keys/ 10.0.0.181 - - [08/Sep/2026:15:58:31 +0000] "POST /v3/auth/tokens HTTP/1.1" 201 1360 10.0.0.181 - - [08/Sep/2026:15:58:31 +0000] "GET /v3/roles/admin HTTP/1.1" 404 83
[Tue Sep 08 15:58:31.899722 2026] [wsgi:error] [pid 12:tid 140301812676288] [remote 10.0.0.181:46996] 2026-09-08 15:58:31.899 12 WARNING keystone.common.rbac_enforcer.enforcer [None req-77a2dea7-ce49-4b90-acf5-c6313573bc0a f0a1cba7c58a47c7a5f5df067451b904 14906a3c27cf4597b7f0a5173289ed71 - - default default] Deprecated policy rules found. Use oslopolicy-policy-generator and oslopolicy-policy-upgrade to detect and resolve deprecated policies in your configuration. 10.0.0.181 - - [08/Sep/2026:15:58:31 +0000] "GET /v3/roles?name=admin HTTP/1.1" 200 389
[Tue Sep 08 15:58:32.575222 2026] [wsgi:error] [pid 9:tid 140301812676288] [remote 10.0.0.181:46996] 2026-09-08 15:58:32.574 9 WARNING keystone.common.rbac_enforcer.enforcer [None req-af981ded-4419-4c32-b340-08f10e84d97c f0a1cba7c58a47c7a5f5df067451b904 14906a3c27cf4597b7f0a5173289ed71 - - default default] Deprecated policy rules found. Use oslopolicy-policy-generator and oslopolicy-policy-upgrade to detect and resolve deprecated policies in your configuration. 10.0.0.181 - - [08/Sep/2026:15:58:32 +0000] "GET /v3/users/admin-RegionOne HTTP/1.1" 404 93
[Tue Sep 08 15:58:32.753849 2026] [wsgi:error] [pid 11:tid 140301812676288] [remote 10.0.0.181:46996] 2026-09-08 15:58:32.753 11 WARNING keystone.common.rbac_enforcer.enforcer [None req-c7ea52cb-d2cd-4878-bf00-fda12d8ce75b f0a1cba7c58a47c7a5f5df067451b904 14906a3c27cf4597b7f0a5173289ed71 - - default default] Deprecated policy rules found. Use oslopolicy-policy-generator and oslopolicy-policy-upgrade to detect and resolve deprecated policies in your configuration. 10.0.0.181 - - [08/Sep/2026:15:58:32 +0000] "GET /v3/users?name=admin-RegionOne HTTP/1.1" 200 422
[Tue Sep 08 15:58:32.941658 2026] [wsgi:error] [pid 10:tid 140301812676288] [remote 10.0.0.181:46996] 2026-09-08 15:58:32.941 10 WARNING keystone.common.rbac_enforcer.enforcer [None req-7fcc9a1b-bf34-4f56-a893-10a063531633 f0a1cba7c58a47c7a5f5df067451b904 14906a3c27cf4597b7f0a5173289ed71 - - default default] Deprecated policy rules found. Use oslopolicy-policy-generator and oslopolicy-policy-upgrade to detect and resolve deprecated policies in your configuration. 10.0.0.181 - - [08/Sep/2026:15:58:32 +0000] "GET /v3/domains/default HTTP/1.1" 200 224 10.0.0.181 - - [08/Sep/2026:15:58:32 +0000] "PUT /v3/domains/default/users/f0a1cba7c58a47c7a5f5df067451b904/roles/03ecaa1dfb5a451cb2becf52ff9c1900 HTTP/1.1" 204 - 10.0.0.3 - - [08/Sep/2026:15:58:42 +0000] "GET / HTTP/1.1" 300 281 10.0.0.3 - - [08/Sep/2026:15:58:43 +0000] "GET /v3 HTTP/1.1" 200 266
[Tue Sep 08 15:58:43.586129 2026] [wsgi:error] [pid 10:tid 140301812676288] [remote 10.0.0.3:50124] 2026-09-08 15:58:43.585 10 WARNING keystone.common.password_hashing [None req-b9477ab4-80e2-447a-98ff-460fa0637b05 - - - - - -] Truncating password to algorithm specific maximum length 72 characters.
[Tue Sep 08 15:58:43.876194 2026] [wsgi:error] [pid 10:tid 140301812676288] [remote 10.0.0.3:50124] 2026-09-08 15:58:43.876 10 WARNING keystone.common.fernet_utils [None req-b9477ab4-80e2-447a-98ff-460fa0637b05 - - - - - -] key_repository is world readable: /etc/keystone/fernet-keys/ 10.0.0.3 - - [08/Sep/2026:15:58:43 +0000] "POST /v3/auth/tokens HTTP/1.1" 201 1360 10.0.0.3 - - [08/Sep/2026:15:58:43 +0000] "GET / HTTP/1.1" 300 281 10.0.0.3 - - [08/Sep/2026:15:58:43 +0000] "GET /v3/domains/atmosphere HTTP/1.1" 404 90 10.0.0.3 - - [08/Sep/2026:15:58:44 +0000] "GET /v3/domains?name=atmosphere HTTP/1.1" 200 370 10.0.0.3 - - [08/Sep/2026:15:58:44 +0000] "GET /v3/domains/920bce48b4c94bbc8814835917f91642 HTTP/1.1" 200 247 10.0.0.3 - - [08/Sep/2026:15:58:45 +0000] "GET /v3 HTTP/1.1" 200 266
[Tue Sep 08 15:58:45.108363 2026] [wsgi:error] [pid 9:tid 140301812676288] [remote 10.0.0.3:50124] 2026-09-08 15:58:45.107 9 WARNING keystone.common.password_hashing [None req-75abd60d-3823-49e9-a35d-c0bcece532a4 - - - - - -] Truncating password to algorithm specific maximum length 72 characters.
[Tue Sep 08 15:58:45.428122 2026] [wsgi:error] [pid 9:tid 140301812676288] [remote 10.0.0.3:50124] 2026-09-08 15:58:45.427 9 WARNING keystone.common.fernet_utils [None req-75abd60d-3823-49e9-a35d-c0bcece532a4 - - - - - -] key_repository is world readable: /etc/keystone/fernet-keys/ 10.0.0.3 - - [08/Sep/2026:15:58:45 +0000] "POST /v3/auth/tokens HTTP/1.1" 201 1360 10.0.0.3 - - [08/Sep/2026:15:58:45 +0000] "GET / HTTP/1.1" 300 281 10.0.0.3 - - [08/Sep/2026:15:58:45 +0000] "GET /v3/OS-FEDERATION/identity_providers/atmosphere HTTP/1.1" 404 101 10.0.0.3 - - [08/Sep/2026:15:58:45 +0000] "GET /v3/OS-FEDERATION/identity_providers HTTP/1.1" 200 156 10.0.0.3 - - [08/Sep/2026:15:58:45 +0000] "PUT /v3/OS-FEDERATION/identity_providers/atmosphere HTTP/1.1" 201 342 10.0.0.3 - - [08/Sep/2026:15:58:46 +0000] "GET /v3 HTTP/1.1" 200 266
[Tue Sep 08 15:58:46.300811 2026] [wsgi:error] [pid 10:tid 140301812676288] [remote 10.0.0.3:50134] 2026-09-08 15:58:46.300 10 WARNING keystone.common.password_hashing [None req-f3b32487-9a4f-4840-aa55-e32e92b0311a - - - - - -] Truncating password to algorithm specific maximum length 72 characters.
[Tue Sep 08 15:58:46.593334 2026] [wsgi:error] [pid 10:tid 140301812676288] [remote 10.0.0.3:50134] 2026-09-08 15:58:46.593 10 WARNING keystone.common.fernet_utils [None req-f3b32487-9a4f-4840-aa55-e32e92b0311a - - - - - -] key_repository is world readable: /etc/keystone/fernet-keys/ 10.0.0.3 - - [08/Sep/2026:15:58:46 +0000] "POST /v3/auth/tokens HTTP/1.1" 201 1360 10.0.0.3 - - [08/Sep/2026:15:58:46 +0000] "GET / HTTP/1.1" 300 281 10.0.0.3 - - [08/Sep/2026:15:58:46 +0000] "GET /v3/OS-FEDERATION/mappings/atmosphere-openid HTTP/1.1" 404 98 10.0.0.3 - - [08/Sep/2026:15:58:46 +0000] "GET /v3/OS-FEDERATION/mappings HTTP/1.1" 200 136 10.0.0.3 - - [08/Sep/2026:15:58:46 +0000] "PUT /v3/OS-FEDERATION/mappings/atmosphere-openid HTTP/1.1" 201 357 10.0.0.3 - - [08/Sep/2026:15:58:47 +0000] "GET /v3 HTTP/1.1" 200 266
[Tue Sep 08 15:58:47.399124 2026] [wsgi:error] [pid 9:tid 140301812676288] [remote 10.0.0.3:50134] 2026-09-08 15:58:47.398 9 WARNING keystone.common.password_hashing [None req-c6263717-04b8-4276-b528-103d28001bbb - - - - - -] Truncating password to algorithm specific maximum length 72 characters.
[Tue Sep 08 15:58:47.696719 2026] [wsgi:error] [pid 9:tid 140301812676288] [remote 10.0.0.3:50134] 2026-09-08 15:58:47.696 9 WARNING keystone.common.fernet_utils [None req-c6263717-04b8-4276-b528-103d28001bbb - - - - - -] key_repository is world readable: /etc/keystone/fernet-keys/ 10.0.0.3 - - [08/Sep/2026:15:58:47 +0000] "POST /v3/auth/tokens HTTP/1.1" 201 1360 10.0.0.3 - - [08/Sep/2026:15:58:47 +0000] "GET / HTTP/1.1" 300 281 10.0.0.3 - - [08/Sep/2026:15:58:47 +0000] "GET /v3/OS-FEDERATION/identity_providers/atmosphere/protocols/openid?idp_id=atmosphere HTTP/1.1" 404 131 10.0.0.3 - - [08/Sep/2026:15:58:47 +0000] "GET /v3/OS-FEDERATION/identity_providers/atmosphere/protocols HTTP/1.1" 200 168 10.0.0.3 - - [08/Sep/2026:15:58:47 +0000] "PUT /v3/OS-FEDERATION/identity_providers/atmosphere/protocols/openid HTTP/1.1" 201 224 10.0.0.3 - - [08/Sep/2026:15:59:01 +0000] "GET /v3/ HTTP/1.1" 200 250 10.0.0.3 - - [08/Sep/2026:15:59:01 +0000] "GET /v3/ HTTP/1.1" 200 250 10.0.0.3 - - [08/Sep/2026:16:00:01 +0000] "GET /v3/ HTTP/1.1" 200 250 10.0.0.3 - - [08/Sep/2026:16:00:01 +0000] "GET /v3/ HTTP/1.1" 200 250 10.0.0.123 - - [08/Sep/2026:16:00:13 +0000] "GET / HTTP/1.1" 300 295
[Tue Sep 08 16:00:13.731083 2026] [wsgi:error] [pid 10:tid 140301812676288] [remote 10.0.0.123:44860] 2026-09-08 16:00:13.730 10 WARNING keystone.common.password_hashing [None req-208cbc76-8b8e-4e6b-adf0-c366f90af4bb - - - - - -] Truncating password to algorithm specific maximum length 72 characters.
[Tue Sep 08 16:00:14.067580 2026] [wsgi:error] [pid 10:tid 140301812676288] [remote 10.0.0.123:44860] 2026-09-08 16:00:14.067 10 WARNING keystone.common.fernet_utils [None req-208cbc76-8b8e-4e6b-adf0-c366f90af4bb - - - - - -] key_repository is world readable: /etc/keystone/fernet-keys/ 10.0.0.123 - - [08/Sep/2026:16:00:13 +0000] "POST /v3/auth/tokens HTTP/1.1" 201 1360 10.0.0.123 - - [08/Sep/2026:16:00:14 +0000] "GET /v3/services HTTP/1.1" 200 355 10.0.0.123 - - [08/Sep/2026:16:00:17 +0000] "GET / HTTP/1.1" 300 295
[Tue Sep 08 16:00:17.740638 2026] [wsgi:error] [pid 11:tid 140301812676288] [remote 10.0.0.123:36796] 2026-09-08 16:00:17.740 11 WARNING keystone.common.password_hashing [None req-aaf4dcad-59ee-4954-9675-2712fc7f169c - - - - - -] Truncating password to algorithm specific maximum length 72 characters.
[Tue Sep 08 16:00:18.057004 2026] [wsgi:error] [pid 11:tid 140301812676288] [remote 10.0.0.123:36796] 2026-09-08 16:00:18.056 11 WARNING keystone.common.fernet_utils [None req-aaf4dcad-59ee-4954-9675-2712fc7f169c - - - - - -] key_repository is world readable: /etc/keystone/fernet-keys/ 10.0.0.123 - - [08/Sep/2026:16:00:17 +0000] "POST /v3/auth/tokens HTTP/1.1" 201 1360 10.0.0.123 - - [08/Sep/2026:16:00:18 +0000] "GET /v3/services HTTP/1.1" 200 355 10.0.0.123 - - [08/Sep/2026:16:00:21 +0000] "GET / HTTP/1.1" 300 295
[Tue Sep 08 16:00:21.702351 2026] [wsgi:error] [pid 12:tid 140301812676288] [remote 10.0.0.123:36806] 2026-09-08 16:00:21.701 12 WARNING keystone.common.password_hashing [None req-1e2290fa-f4d3-49dd-9bd4-3b20bf5f7cca - - - - - -] Truncating password to algorithm specific maximum length 72 characters.
[Tue Sep 08 16:00:21.994372 2026] [wsgi:error] [pid 12:tid 140301812676288] [remote 10.0.0.123:36806] 2026-09-08 16:00:21.994 12 WARNING keystone.common.fernet_utils [None req-1e2290fa-f4d3-49dd-9bd4-3b20bf5f7cca - - - - - -] key_repository is world readable: /etc/keystone/fernet-keys/ 10.0.0.123 - - [08/Sep/2026:16:00:21 +0000] "POST /v3/auth/tokens HTTP/1.1" 201 1360 10.0.0.123 - - [08/Sep/2026:16:00:22 +0000] "GET /v3/services HTTP/1.1" 200 355 10.0.0.123 - - [08/Sep/2026:16:00:25 +0000] "GET / HTTP/1.1" 300 295
[Tue Sep 08 16:00:25.640538 2026] [wsgi:error] [pid 9:tid 140301812676288] [remote 10.0.0.123:36820] 2026-09-08 16:00:25.640 9 WARNING keystone.common.password_hashing [None req-898a2738-5c21-4037-8c32-ef97e3b00329 - - - - - -] Truncating password to algorithm specific maximum length 72 characters.
[Tue Sep 08 16:00:25.935042 2026] [wsgi:error] [pid 9:tid 140301812676288] [remote 10.0.0.123:36820] 2026-09-08 16:00:25.934 9 WARNING keystone.common.fernet_utils [None req-898a2738-5c21-4037-8c32-ef97e3b00329 - - - - - -] key_repository is world readable: /etc/keystone/fernet-keys/ 10.0.0.123 - - [08/Sep/2026:16:00:25 +0000] "POST /v3/auth/tokens HTTP/1.1" 201 1360 10.0.0.123 - - [08/Sep/2026:16:00:26 +0000] "POST /v3/services HTTP/1.1" 201 296 10.0.0.203 - - [08/Sep/2026:16:00:38 +0000] "GET / HTTP/1.1" 300 295
[Tue Sep 08 16:00:38.099720 2026] [wsgi:error] [pid 10:tid 140301812676288] [remote 10.0.0.203:60924] 2026-09-08 16:00:38.099 10 WARNING keystone.common.password_hashing [None req-90fc8b09-320e-43be-bed5-958d0563a2d3 - - - - - -] Truncating password to algorithm specific maximum length 72 characters. 10.0.0.203 - - [08/Sep/2026:16:00:38 +0000] "GET / HTTP/1.1" 300 295
[Tue Sep 08 16:00:38.255210 2026] [wsgi:error] [pid 12:tid 140301812676288] [remote 10.0.0.203:60938] 2026-09-08 16:00:38.254 12 WARNING keystone.common.password_hashing [None req-8b35ada9-33c6-4d35-bf85-e49854b7028a - - - - - -] Truncating password to algorithm specific maximum length 72 characters.
[Tue Sep 08 16:00:38.422226 2026] [wsgi:error] [pid 10:tid 140301812676288] [remote 10.0.0.203:60924] 2026-09-08 16:00:38.422 10 WARNING keystone.common.fernet_utils [None req-90fc8b09-320e-43be-bed5-958d0563a2d3 - - - - - -] key_repository is world readable: /etc/keystone/fernet-keys/ 10.0.0.203 - - [08/Sep/2026:16:00:38 +0000] "POST /v3/auth/tokens HTTP/1.1" 201 1464 10.0.0.203 - - [08/Sep/2026:16:00:38 +0000] "GET / HTTP/1.1" 300 295
[Tue Sep 08 16:00:38.467301 2026] [wsgi:error] [pid 9:tid 140301812676288] [remote 10.0.0.203:60942] 2026-09-08 16:00:38.467 9 WARNING keystone.common.password_hashing [None req-e627f43e-53a3-46c7-a670-db57a235827a - - - - - -] Truncating password to algorithm specific maximum length 72 characters.
[Tue Sep 08 16:00:38.593750 2026] [wsgi:error] [pid 12:tid 140301812676288] [remote 10.0.0.203:60938] 2026-09-08 16:00:38.593 12 WARNING keystone.common.fernet_utils [None req-8b35ada9-33c6-4d35-bf85-e49854b7028a - - - - - -] key_repository is world readable: /etc/keystone/fernet-keys/ 10.0.0.203 - - [08/Sep/2026:16:00:38 +0000] "GET /v3/services HTTP/1.1" 200 639 10.0.0.203 - - [08/Sep/2026:16:00:38 +0000] "POST /v3/auth/tokens HTTP/1.1" 201 1464
[Tue Sep 08 16:00:38.763474 2026] [wsgi:error] [pid 9:tid 140301812676288] [remote 10.0.0.203:60942] 2026-09-08 16:00:38.763 9 WARNING keystone.common.fernet_utils [None req-e627f43e-53a3-46c7-a670-db57a235827a - - - - - -] key_repository is world readable: /etc/keystone/fernet-keys/ 10.0.0.203 - - [08/Sep/2026:16:00:38 +0000] "GET /v3/services HTTP/1.1" 200 639 10.0.0.203 - - [08/Sep/2026:16:00:38 +0000] "POST /v3/auth/tokens HTTP/1.1" 201 1464 10.0.0.203 - - [08/Sep/2026:16:00:38 +0000] "GET /v3/services HTTP/1.1" 200 639 10.0.0.203 - - [08/Sep/2026:16:00:40 +0000] "GET / HTTP/1.1" 300 295
[Tue Sep 08 16:00:40.034876 2026] [wsgi:error] [pid 11:tid 140301812676288] [remote 10.0.0.203:60946] 2026-09-08 16:00:40.034 11 WARNING keystone.common.password_hashing [None req-83541b3d-d5b6-4f00-b91f-81f9a625f648 - - - - - -] Truncating password to algorithm specific maximum length 72 characters. 10.0.0.203 - - [08/Sep/2026:16:00:40 +0000] "GET / HTTP/1.1" 300 295
[Tue Sep 08 16:00:40.301769 2026] [wsgi:error] [pid 10:tid 140301812676288] [remote 10.0.0.203:60952] 2026-09-08 16:00:40.301 10 WARNING keystone.common.password_hashing [None req-43bdfb6e-88ed-4ddc-8d33-519747d678f4 - - - - - -] Truncating password to algorithm specific maximum length 72 characters.
[Tue Sep 08 16:00:40.326144 2026] [wsgi:error] [pid 11:tid 140301812676288] [remote 10.0.0.203:60946] 2026-09-08 16:00:40.326 11 WARNING keystone.common.fernet_utils [None req-83541b3d-d5b6-4f00-b91f-81f9a625f648 - - - - - -] key_repository is world readable: /etc/keystone/fernet-keys/ 10.0.0.203 - - [08/Sep/2026:16:00:40 +0000] "POST /v3/auth/tokens HTTP/1.1" 201 1464 10.0.0.203 - - [08/Sep/2026:16:00:40 +0000] "GET / HTTP/1.1" 300 295 10.0.0.203 - - [08/Sep/2026:16:00:40 +0000] "GET /v3/endpoints HTTP/1.1" 200 1227
[Tue Sep 08 16:00:40.491166 2026] [wsgi:error] [pid 11:tid 140301812676288] [remote 10.0.0.203:60954] 2026-09-08 16:00:40.491 11 WARNING keystone.common.password_hashing [None req-5b7c8d21-1f93-4d14-9740-3729baef0fb4 - - - - - -] Truncating password to algorithm specific maximum length 72 characters. 10.0.0.203 - - [08/Sep/2026:16:00:40 +0000] "GET /v3/services/0e1d34952c084b9598e6114524c011f1 HTTP/1.1" 200 233 10.0.0.203 - - [08/Sep/2026:16:00:40 +0000] "GET /v3/services/0e1d34952c084b9598e6114524c011f1 HTTP/1.1" 200 233 10.0.0.203 - - [08/Sep/2026:16:00:40 +0000] "GET /v3/services/0e1d34952c084b9598e6114524c011f1 HTTP/1.1" 200 233
[Tue Sep 08 16:00:40.592610 2026] [wsgi:error] [pid 10:tid 140301812676288] [remote 10.0.0.203:60952] 2026-09-08 16:00:40.592 10 WARNING keystone.common.fernet_utils [None req-43bdfb6e-88ed-4ddc-8d33-519747d678f4 - - - - - -] key_repository is world readable: /etc/keystone/fernet-keys/ 10.0.0.203 - - [08/Sep/2026:16:00:40 +0000] "POST /v3/auth/tokens HTTP/1.1" 201 1464 10.0.0.203 - - [08/Sep/2026:16:00:40 +0000] "GET /v3/endpoints HTTP/1.1" 200 1227
[Tue Sep 08 16:00:40.760742 2026] [wsgi:error] [pid 11:tid 140301812676288] [remote 10.0.0.203:60954] 2026-09-08 16:00:40.760 11 WARNING keystone.common.fernet_utils [None req-5b7c8d21-1f93-4d14-9740-3729baef0fb4 - - - - - -] key_repository is world readable: /etc/keystone/fernet-keys/ 10.0.0.203 - - [08/Sep/2026:16:00:40 +0000] "GET /v3/services/0e1d34952c084b9598e6114524c011f1 HTTP/1.1" 200 233 10.0.0.203 - - [08/Sep/2026:16:00:40 +0000] "POST /v3/auth/tokens HTTP/1.1" 201 1464 10.0.0.203 - - [08/Sep/2026:16:00:40 +0000] "GET /v3/services/0e1d34952c084b9598e6114524c011f1 HTTP/1.1" 200 233 10.0.0.203 - - [08/Sep/2026:16:00:40 +0000] "GET /v3/services/0e1d34952c084b9598e6114524c011f1 HTTP/1.1" 200 233 10.0.0.203 - - [08/Sep/2026:16:00:40 +0000] "GET /v3/endpoints HTTP/1.1" 200 1227 10.0.0.203 - - [08/Sep/2026:16:00:40 +0000] "GET /v3/services/0e1d34952c084b9598e6114524c011f1 HTTP/1.1" 200 233 10.0.0.203 - - [08/Sep/2026:16:00:40 +0000] "GET /v3/services/0e1d34952c084b9598e6114524c011f1 HTTP/1.1" 200 233 10.0.0.203 - - [08/Sep/2026:16:00:40 +0000] "GET /v3/services/0e1d34952c084b9598e6114524c011f1 HTTP/1.1" 200 233 10.0.0.203 - - [08/Sep/2026:16:00:41 +0000] "GET / HTTP/1.1" 300 295
[Tue Sep 08 16:00:41.924413 2026] [wsgi:error] [pid 11:tid 140301812676288] [remote 10.0.0.203:60964] 2026-09-08 16:00:41.924 11 WARNING keystone.common.password_hashing [None req-66792a74-d709-4ddd-8735-d734a07d2e2f - - - - - -] Truncating password to algorithm specific maximum length 72 characters. 10.0.0.203 - - [08/Sep/2026:16:00:42 +0000] "GET / HTTP/1.1" 300 295
[Tue Sep 08 16:00:42.256594 2026] [wsgi:error] [pid 11:tid 140301812676288] [remote 10.0.0.203:60964] 2026-09-08 16:00:42.256 11 WARNING keystone.common.fernet_utils [None req-66792a74-d709-4ddd-8735-d734a07d2e2f - - - - - -] key_repository is world readable: /etc/keystone/fernet-keys/ 10.0.0.203 - - [08/Sep/2026:16:00:41 +0000] "POST /v3/auth/tokens HTTP/1.1" 201 1464
[Tue Sep 08 16:00:42.275429 2026] [wsgi:error] [pid 12:tid 140301812676288] [remote 10.0.0.203:60968] 2026-09-08 16:00:42.275 12 WARNING keystone.common.password_hashing [None req-97a448fc-917a-4ed3-b6c4-bd40c150aa0e - - - - - -] Truncating password to algorithm specific maximum length 72 characters. 10.0.0.203 - - [08/Sep/2026:16:00:42 +0000] "GET / HTTP/1.1" 300 295 10.0.0.203 - - [08/Sep/2026:16:00:42 +0000] "GET /v3/services/fa91fcc328c84e96a80b2d6db84387c7 HTTP/1.1" 200 296
[Tue Sep 08 16:00:42.399679 2026] [wsgi:error] [pid 11:tid 140301812676288] [remote 10.0.0.203:60976] 2026-09-08 16:00:42.399 11 WARNING keystone.common.password_hashing [None req-00347a9f-bf7b-45bc-9f05-18120a660604 - - - - - -] Truncating password to algorithm specific maximum length 72 characters. 10.0.0.203 - - [08/Sep/2026:16:00:42 +0000] "GET /v3/regions/RegionOne HTTP/1.1" 200 173
[Tue Sep 08 16:00:42.587876 2026] [wsgi:error] [pid 12:tid 140301812676288] [remote 10.0.0.203:60968] 2026-09-08 16:00:42.587 12 WARNING keystone.common.fernet_utils [None req-97a448fc-917a-4ed3-b6c4-bd40c150aa0e - - - - - -] key_repository is world readable: /etc/keystone/fernet-keys/ 10.0.0.203 - - [08/Sep/2026:16:00:42 +0000] "POST /v3/auth/tokens HTTP/1.1" 201 1464 10.0.0.203 - - [08/Sep/2026:16:00:42 +0000] "POST /v3/endpoints HTTP/1.1" 201 380
[Tue Sep 08 16:00:42.700699 2026] [wsgi:error] [pid 11:tid 140301812676288] [remote 10.0.0.203:60976] 2026-09-08 16:00:42.700 11 WARNING keystone.common.fernet_utils [None req-00347a9f-bf7b-45bc-9f05-18120a660604 - - - - - -] key_repository is world readable: /etc/keystone/fernet-keys/ 10.0.0.203 - - [08/Sep/2026:16:00:42 +0000] "POST /v3/auth/tokens HTTP/1.1" 201 1641 10.0.0.203 - - [08/Sep/2026:16:00:42 +0000] "GET /v3/services/fa91fcc328c84e96a80b2d6db84387c7 HTTP/1.1" 200 296 10.0.0.203 - - [08/Sep/2026:16:00:42 +0000] "GET /v3/regions/RegionOne HTTP/1.1" 200 173 10.0.0.203 - - [08/Sep/2026:16:00:42 +0000] "POST /v3/endpoints HTTP/1.1" 201 383 10.0.0.203 - - [08/Sep/2026:16:00:42 +0000] "GET /v3/services/fa91fcc328c84e96a80b2d6db84387c7 HTTP/1.1" 200 296 10.0.0.203 - - [08/Sep/2026:16:00:42 +0000] "GET /v3/regions/RegionOne HTTP/1.1" 200 173 10.0.0.203 - - [08/Sep/2026:16:00:42 +0000] "POST /v3/endpoints HTTP/1.1" 201 370 10.0.0.203 - - [08/Sep/2026:16:00:44 +0000] "GET / HTTP/1.1" 300 295
[Tue Sep 08 16:00:44.227284 2026] [wsgi:error] [pid 11:tid 140301812676288] [remote 10.0.0.203:60986] 2026-09-08 16:00:44.227 11 WARNING keystone.common.password_hashing [None req-ea0a01de-5c1c-4df1-a23b-5ee01641c1e9 - - - - - -] Truncating password to algorithm specific maximum length 72 characters. 10.0.0.203 - - [08/Sep/2026:16:00:44 +0000] "GET / HTTP/1.1" 300 295
[Tue Sep 08 16:00:44.366649 2026] [wsgi:error] [pid 12:tid 140301812676288] [remote 10.0.0.203:60992] 2026-09-08 16:00:44.366 12 WARNING keystone.common.password_hashing [None req-5b7bbba7-dd19-4cc5-8adb-c7e6ad37b5ba - - - - - -] Truncating password to algorithm specific maximum length 72 characters. 10.0.0.203 - - [08/Sep/2026:16:00:44 +0000] "GET / HTTP/1.1" 300 295
[Tue Sep 08 16:00:44.443949 2026] [wsgi:error] [pid 10:tid 140301812676288] [remote 10.0.0.203:32772] 2026-09-08 16:00:44.443 10 WARNING keystone.common.password_hashing [None req-4be2cbc8-29f2-4a8e-acc2-8405df6a032a - - - - - -] Truncating password to algorithm specific maximum length 72 characters.
[Tue Sep 08 16:00:44.543221 2026] [wsgi:error] [pid 11:tid 140301812676288] [remote 10.0.0.203:60986] 2026-09-08 16:00:44.543 11 WARNING keystone.common.fernet_utils [None req-ea0a01de-5c1c-4df1-a23b-5ee01641c1e9 - - - - - -] key_repository is world readable: /etc/keystone/fernet-keys/ 10.0.0.203 - - [08/Sep/2026:16:00:44 +0000] "POST /v3/auth/tokens HTTP/1.1" 201 1992 10.0.0.203 - - [08/Sep/2026:16:00:44 +0000] "GET /v3/endpoints/8a623c5115964affadafbcf1536f907a HTTP/1.1" 200 380 10.0.0.203 - - [08/Sep/2026:16:00:44 +0000] "GET /v3/services/fa91fcc328c84e96a80b2d6db84387c7 HTTP/1.1" 200 296
[Tue Sep 08 16:00:44.700766 2026] [wsgi:error] [pid 12:tid 140301812676288] [remote 10.0.0.203:60992] 2026-09-08 16:00:44.700 12 WARNING keystone.common.fernet_utils [None req-5b7bbba7-dd19-4cc5-8adb-c7e6ad37b5ba - - - - - -] key_repository is world readable: /etc/keystone/fernet-keys/ 10.0.0.203 - - [08/Sep/2026:16:00:44 +0000] "POST /v3/auth/tokens HTTP/1.1" 201 1992
[Tue Sep 08 16:00:44.746660 2026] [wsgi:error] [pid 10:tid 140301812676288] [remote 10.0.0.203:32772] 2026-09-08 16:00:44.746 10 WARNING keystone.common.fernet_utils [None req-4be2cbc8-29f2-4a8e-acc2-8405df6a032a - - - - - -] key_repository is world readable: /etc/keystone/fernet-keys/ 10.0.0.203 - - [08/Sep/2026:16:00:44 +0000] "POST /v3/auth/tokens HTTP/1.1" 201 1992 10.0.0.203 - - [08/Sep/2026:16:00:44 +0000] "GET /v3/endpoints/0d17265dc8624389bcc821d2b111c4de HTTP/1.1" 200 383 10.0.0.203 - - [08/Sep/2026:16:00:44 +0000] "GET /v3/services/fa91fcc328c84e96a80b2d6db84387c7 HTTP/1.1" 200 296 10.0.0.203 - - [08/Sep/2026:16:00:44 +0000] "GET /v3/endpoints/50984042b00e451aa9ee8e0ca52a8fb3 HTTP/1.1" 200 370 10.0.0.203 - - [08/Sep/2026:16:00:44 +0000] "GET /v3/services/fa91fcc328c84e96a80b2d6db84387c7 HTTP/1.1" 200 296 10.0.0.224 - - [08/Sep/2026:16:00:56 +0000] "GET / HTTP/1.1" 300 295
[Tue Sep 08 16:00:56.331481 2026] [wsgi:error] [pid 11:tid 140301812676288] [remote 10.0.0.224:54268] 2026-09-08 16:00:56.331 11 WARNING keystone.common.password_hashing [None req-b6dc5f1f-406b-40be-9208-06fb9036513e - - - - - -] Truncating password to algorithm specific maximum length 72 characters.
[Tue Sep 08 16:00:56.665433 2026] [wsgi:error] [pid 11:tid 140301812676288] [remote 10.0.0.224:54268] 2026-09-08 16:00:56.665 11 WARNING keystone.common.fernet_utils [None req-b6dc5f1f-406b-40be-9208-06fb9036513e - - - - - -] key_repository is world readable: /etc/keystone/fernet-keys/ 10.0.0.224 - - [08/Sep/2026:16:00:56 +0000] "POST /v3/auth/tokens HTTP/1.1" 201 1992 10.0.0.224 - - [08/Sep/2026:16:00:56 +0000] "POST /v3/domains HTTP/1.1" 201 284 10.0.0.224 - - [08/Sep/2026:16:00:58 +0000] "GET / HTTP/1.1" 300 295
[Tue Sep 08 16:00:58.509616 2026] [wsgi:error] [pid 9:tid 140301812676288] [remote 10.0.0.224:37902] 2026-09-08 16:00:58.509 9 WARNING keystone.common.password_hashing [None req-c34fa5e1-0c98-429c-9c88-ff7239eec663 - - - - - -] Truncating password to algorithm specific maximum length 72 characters.
[Tue Sep 08 16:00:58.799512 2026] [wsgi:error] [pid 9:tid 140301812676288] [remote 10.0.0.224:37902] 2026-09-08 16:00:58.799 9 WARNING keystone.common.fernet_utils [None req-c34fa5e1-0c98-429c-9c88-ff7239eec663 - - - - - -] key_repository is world readable: /etc/keystone/fernet-keys/ 10.0.0.224 - - [08/Sep/2026:16:00:58 +0000] "POST /v3/auth/tokens HTTP/1.1" 201 1992
[Tue Sep 08 16:00:59.024609 2026] [wsgi:error] [pid 11:tid 140301812676288] [remote 10.0.0.224:37902] 2026-09-08 16:00:59.001 11 ERROR keystone.server.flask.application [None req-5472927d-871d-4633-95a2-de240c1aeebc f0a1cba7c58a47c7a5f5df067451b904 14906a3c27cf4597b7f0a5173289ed71 - - default default] Conflict occurred attempting to store project - it is not permitted to have two projects acting as domains with the same name: service.: keystone.exception.Conflict: Conflict occurred attempting to store project - it is not permitted to have two projects acting as domains with the same name: service.
[Tue Sep 08 16:00:59.024639 2026] [wsgi:error] [pid 11:tid 140301812676288] [remote 10.0.0.224:37902] 2026-09-08 16:00:59.001 11 ERROR keystone.server.flask.application
Traceback (most recent call last):
[Tue Sep 08 16:00:59.024643 2026] [wsgi:error] [pid 11:tid 140301812676288] [remote 10.0.0.224:37902] 2026-09-08 16:00:59.001 11 ERROR keystone.server.flask.application
File "/var/lib/openstack/lib/python3.12/site-packages/sqlalchemy/engine/base.py", line 1969, in _exec_single_context
[Tue Sep 08 16:00:59.024647 2026] [wsgi:error] [pid 11:tid 140301812676288] [remote 10.0.0.224:37902] 2026-09-08 16:00:59.001 11 ERROR keystone.server.flask.application self.dialect.do_execute(
[Tue Sep 08 16:00:59.024650 2026] [wsgi:error] [pid 11:tid 140301812676288] [remote 10.0.0.224:37902] 2026-09-08 16:00:59.001 11 ERROR keystone.server.flask.application
File "/var/lib/openstack/lib/python3.12/site-packages/sqlalchemy/engine/default.py", line 952, in do_execute
[Tue Sep 08 16:00:59.024653 2026] [wsgi:error] [pid 11:tid 140301812676288] [remote 10.0.0.224:37902] 2026-09-08 16:00:59.001 11 ERROR keystone.server.flask.application cursor.execute(statement, parameters)
[Tue Sep 08 16:00:59.024657 2026] [wsgi:error] [pid 11:tid 140301812676288] [remote 10.0.0.224:37902] 2026-09-08 16:00:59.001 11 ERROR keystone.server.flask.application
File "/var/lib/openstack/lib/python3.12/site-packages/pymysql/cursors.py", line 159, in execute
[Tue Sep 08 16:00:59.024660 2026] [wsgi:error] [pid 11:tid 140301812676288] [remote 10.0.0.224:37902] 2026-09-08 16:00:59.001 11 ERROR keystone.server.flask.application result = self._query(query)
[Tue Sep 08 16:00:59.024663 2026] [wsgi:error] [pid 11:tid 140301812676288] [remote 10.0.0.224:37902] 2026-09-08 16:00:59.001 11 ERROR keystone.server.flask.application ^^^^^^^^^^^^^^^^^^
[Tue Sep 08 16:00:59.024666 2026] [wsgi:error] [pid 11:tid 140301812676288] [remote 10.0.0.224:37902] 2026-09-08 16:00:59.001 11 ERROR keystone.server.flask.application
File "/var/lib/openstack/lib/python3.12/site-packages/pymysql/cursors.py", line 330, in _query
[Tue Sep 08 16:00:59.024669 2026] [wsgi:error] [pid 11:tid 140301812676288] [remote 10.0.0.224:37902] 2026-09-08 16:00:59.001 11 ERROR keystone.server.flask.application conn.query(q)
[Tue Sep 08 16:00:59.024672 2026] [wsgi:error] [pid 11:tid 140301812676288] [remote 10.0.0.224:37902] 2026-09-08 16:00:59.001 11 ERROR keystone.server.flask.application
File "/var/lib/openstack/lib/python3.12/site-packages/pymysql/connections.py", line 582, in query
[Tue Sep 08 16:00:59.024675 2026] [wsgi:error] [pid 11:tid 140301812676288] [remote 10.0.0.224:37902] 2026-09-08 16:00:59.001 11 ERROR keystone.server.flask.application self._affected_rows = self._read_query_result(unbuffered=unbuffered)
[Tue Sep 08 16:00:59.024678 2026] [wsgi:error] [pid 11:tid 140301812676288] [remote 10.0.0.224:37902] 2026-09-08 16:00:59.001 11 ERROR keystone.server.flask.application ^^^^^^^^^^^^^^^^^^^^^^^^^^^^^^^^^^^^^^^^^^^^^^
[Tue Sep 08 16:00:59.024681 2026] [wsgi:error] [pid 11:tid 140301812676288] [remote 10.0.0.224:37902] 2026-09-08 16:00:59.001 11 ERROR keystone.server.flask.application
File "/var/lib/openstack/lib/python3.12/site-packages/pymysql/connections.py", line 847, in _read_query_result
[Tue Sep 08 16:00:59.024686 2026] [wsgi:error] [pid 11:tid 140301812676288] [remote 10.0.0.224:37902] 2026-09-08 16:00:59.001 11 ERROR keystone.server.flask.application result.read()
[Tue Sep 08 16:00:59.024689 2026] [wsgi:error] [pid 11:tid 140301812676288] [remote 10.0.0.224:37902] 2026-09-08 16:00:59.001 11 ERROR keystone.server.flask.application
File "/var/lib/openstack/lib/python3.12/site-packages/pymysql/connections.py", line 1245, in read
[Tue Sep 08 16:00:59.024693 2026] [wsgi:error] [pid 11:tid 140301812676288] [remote 10.0.0.224:37902] 2026-09-08 16:00:59.001 11 ERROR keystone.server.flask.application first_packet = self.connection._read_packet()
[Tue Sep 08 16:00:59.024696 2026] [wsgi:error] [pid 11:tid 140301812676288] [remote 10.0.0.224:37902] 2026-09-08 16:00:59.001 11 ERROR keystone.server.flask.application ^^^^^^^^^^^^^^^^^^^^^^^^^^^^^^
[Tue Sep 08 16:00:59.024699 2026] [wsgi:error] [pid 11:tid 140301812676288] [remote 10.0.0.224:37902] 2026-09-08 16:00:59.001 11 ERROR keystone.server.flask.application
File "/var/lib/openstack/lib/python3.12/site-packages/pymysql/connections.py", line 803, in _read_packet
[Tue Sep 08 16:00:59.024702 2026] [wsgi:error] [pid 11:tid 140301812676288] [remote 10.0.0.224:37902] 2026-09-08 16:00:59.001 11 ERROR keystone.server.flask.application packet.raise_for_error()
[Tue Sep 08 16:00:59.024705 2026] [wsgi:error] [pid 11:tid 140301812676288] [remote 10.0.0.224:37902] 2026-09-08 16:00:59.001 11 ERROR keystone.server.flask.application
File "/var/lib/openstack/lib/python3.12/site-packages/pymysql/protocol.py", line 219, in raise_for_error
[Tue Sep 08 16:00:59.024709 2026] [wsgi:error] [pid 11:tid 140301812676288] [remote 10.0.0.224:37902] 2026-09-08 16:00:59.001 11 ERROR keystone.server.flask.application err.raise_mysql_exception(self._data)
[Tue Sep 08 16:00:59.024713 2026] [wsgi:error] [pid 11:tid 140301812676288] [remote 10.0.0.224:37902] 2026-09-08 16:00:59.001 11 ERROR keystone.server.flask.application
File "/var/lib/openstack/lib/python3.12/site-packages/pymysql/err.py", line 154, in raise_mysql_exception
[Tue Sep 08 16:00:59.024718 2026] [wsgi:error] [pid 11:tid 140301812676288] [remote 10.0.0.224:37902] 2026-09-08 16:00:59.001 11 ERROR keystone.server.flask.application raise errorclass(errno, errval, sqlstate=sqlstate)
[Tue Sep 08 16:00:59.024722 2026] [wsgi:error] [pid 11:tid 140301812676288] [remote 10.0.0.224:37902] 2026-09-08 16:00:59.001 11 ERROR keystone.server.flask.application pymysql.err.IntegrityError: (1062, "Duplicate entry '<>-service' for key 'project.ixu_project_name_domain_id'")
[Tue Sep 08 16:00:59.024726 2026] [wsgi:error] [pid 11:tid 140301812676288] [remote 10.0.0.224:37902] 2026-09-08 16:00:59.001 11 ERROR keystone.server.flask.application
[Tue Sep 08 16:00:59.024729 2026] [wsgi:error] [pid 11:tid 140301812676288] [remote 10.0.0.224:37902] 2026-09-08 16:00:59.001 11 ERROR keystone.server.flask.application The above exception was the direct cause of the following exception:
[Tue Sep 08 16:00:59.024733 2026] [wsgi:error] [pid 11:tid 140301812676288] [remote 10.0.0.224:37902] 2026-09-08 16:00:59.001 11 ERROR keystone.server.flask.application
[Tue Sep 08 16:00:59.024737 2026] [wsgi:error] [pid 11:tid 140301812676288] [remote 10.0.0.224:37902] 2026-09-08 16:00:59.001 11 ERROR keystone.server.flask.application
Traceback (most recent call last):
[Tue Sep 08 16:00:59.024741 2026] [wsgi:error] [pid 11:tid 140301812676288] [remote 10.0.0.224:37902] 2026-09-08 16:00:59.001 11 ERROR keystone.server.flask.application
File "/var/lib/openstack/lib/python3.12/site-packages/keystone/common/sql/core.py", line 575, in wrapper
[Tue Sep 08 16:00:59.024745 2026] [wsgi:error] [pid 11:tid 140301812676288] [remote 10.0.0.224:37902] 2026-09-08 16:00:59.001 11 ERROR keystone.server.flask.application return method(*args, **kwargs)
[Tue Sep 08 16:00:59.024748 2026] [wsgi:error] [pid 11:tid 140301812676288] [remote 10.0.0.224:37902] 2026-09-08 16:00:59.001 11 ERROR keystone.server.flask.application ^^^^^^^^^^^^^^^^^^^^^^^
[Tue Sep 08 16:00:59.024752 2026] [wsgi:error] [pid 11:tid 140301812676288] [remote 10.0.0.224:37902] 2026-09-08 16:00:59.001 11 ERROR keystone.server.flask.application
File "/var/lib/openstack/lib/python3.12/site-packages/keystone/resource/backends/sql.py", line 278, in create_project
[Tue Sep 08 16:00:59.024756 2026] [wsgi:error] [pid 11:tid 140301812676288] [remote 10.0.0.224:37902] 2026-09-08 16:00:59.001 11 ERROR keystone.server.flask.application with sql.session_for_write() as session:
[Tue Sep 08 16:00:59.024760 2026] [wsgi:error] [pid 11:tid 140301812676288] [remote 10.0.0.224:37902] 2026-09-08 16:00:59.001 11 ERROR keystone.server.flask.application
File "/usr/lib/python3.12/contextlib.py", line 144, in __exit__
[Tue Sep 08 16:00:59.024764 2026] [wsgi:error] [pid 11:tid 140301812676288] [remote 10.0.0.224:37902] 2026-09-08 16:00:59.001 11 ERROR keystone.server.flask.application next(self.gen)
[Tue Sep 08 16:00:59.024768 2026] [wsgi:error] [pid 11:tid 140301812676288] [remote 10.0.0.224:37902] 2026-09-08 16:00:59.001 11 ERROR keystone.server.flask.application
File "/var/lib/openstack/lib/python3.12/site-packages/oslo_db/sqlalchemy/enginefacade.py", line 1175, in _transaction_scope
[Tue Sep 08 16:00:59.024773 2026] [wsgi:error] [pid 11:tid 140301812676288] [remote 10.0.0.224:37902] 2026-09-08 16:00:59.001 11 ERROR keystone.server.flask.application with current._produce_block(
[Tue Sep 08 16:00:59.024776 2026] [wsgi:error] [pid 11:tid 140301812676288] [remote 10.0.0.224:37902] 2026-09-08 16:00:59.001 11 ERROR keystone.server.flask.application
File "/usr/lib/python3.12/contextlib.py", line 144, in __exit__
[Tue Sep 08 16:00:59.024780 2026] [wsgi:error] [pid 11:tid 140301812676288] [remote 10.0.0.224:37902] 2026-09-08 16:00:59.001 11 ERROR keystone.server.flask.application next(self.gen)
[Tue Sep 08 16:00:59.024783 2026] [wsgi:error] [pid 11:tid 140301812676288] [remote 10.0.0.224:37902] 2026-09-08 16:00:59.001 11 ERROR keystone.server.flask.application
File "/var/lib/openstack/lib/python3.12/site-packages/oslo_db/sqlalchemy/enginefacade.py", line 837, in _session
[Tue Sep 08 16:00:59.024787 2026] [wsgi:error] [pid 11:tid 140301812676288] [remote 10.0.0.224:37902] 2026-09-08 16:00:59.001 11 ERROR keystone.server.flask.application with excutils.save_and_reraise_exception():
[Tue Sep 08 16:00:59.024790 2026] [wsgi:error] [pid 11:tid 140301812676288] [remote 10.0.0.224:37902] 2026-09-08 16:00:59.001 11 ERROR keystone.server.flask.application
File "/var/lib/openstack/lib/python3.12/site-packages/oslo_utils/excutils.py", line 266, in __exit__
[Tue Sep 08 16:00:59.024794 2026] [wsgi:error] [pid 11:tid 140301812676288] [remote 10.0.0.224:37902] 2026-09-08 16:00:59.001 11 ERROR keystone.server.flask.application self.force_reraise()
[Tue Sep 08 16:00:59.024799 2026] [wsgi:error] [pid 11:tid 140301812676288] [remote 10.0.0.224:37902] 2026-09-08 16:00:59.001 11 ERROR keystone.server.flask.application
File "/var/lib/openstack/lib/python3.12/site-packages/oslo_utils/excutils.py", line 232, in force_reraise
[Tue Sep 08 16:00:59.024803 2026] [wsgi:error] [pid 11:tid 140301812676288] [remote 10.0.0.224:37902] 2026-09-08 16:00:59.001 11 ERROR keystone.server.flask.application raise self.value
[Tue Sep 08 16:00:59.024806 2026] [wsgi:error] [pid 11:tid 140301812676288] [remote 10.0.0.224:37902] 2026-09-08 16:00:59.001 11 ERROR keystone.server.flask.application
File "/var/lib/openstack/lib/python3.12/site-packages/oslo_db/sqlalchemy/enginefacade.py", line 835, in _session
[Tue Sep 08 16:00:59.024811 2026] [wsgi:error] [pid 11:tid 140301812676288] [remote 10.0.0.224:37902] 2026-09-08 16:00:59.001 11 ERROR keystone.server.flask.application self._end_session_transaction(self.session)
[Tue Sep 08 16:00:59.024814 2026] [wsgi:error] [pid 11:tid 140301812676288] [remote 10.0.0.224:37902] 2026-09-08 16:00:59.001 11 ERROR keystone.server.flask.application
File "/var/lib/openstack/lib/python3.12/site-packages/oslo_db/sqlalchemy/enginefacade.py", line 748, in _end_session_transaction
[Tue Sep 08 16:00:59.024819 2026] [wsgi:error] [pid 11:tid 140301812676288] [remote 10.0.0.224:37902] 2026-09-08 16:00:59.001 11 ERROR keystone.server.flask.application session.commit()
[Tue Sep 08 16:00:59.024822 2026] [wsgi:error] [pid 11:tid 140301812676288] [remote 10.0.0.224:37902] 2026-09-08 16:00:59.001 11 ERROR keystone.server.flask.application
File "/var/lib/openstack/lib/python3.12/site-packages/sqlalchemy/orm/session.py", line 2034, in commit
[Tue Sep 08 16:00:59.024826 2026] [wsgi:error] [pid 11:tid 140301812676288] [remote 10.0.0.224:37902] 2026-09-08 16:00:59.001 11 ERROR keystone.server.flask.application trans.commit(_to_root=True)
[Tue Sep 08 16:00:59.024829 2026] [wsgi:error] [pid 11:tid 140301812676288] [remote 10.0.0.224:37902] 2026-09-08 16:00:59.001 11 ERROR keystone.server.flask.application File "", line 2, in commit
[Tue Sep 08 16:00:59.024833 2026] [wsgi:error] [pid 11:tid 140301812676288] [remote 10.0.0.224:37902] 2026-09-08 16:00:59.001 11 ERROR keystone.server.flask.application
File "/var/lib/openstack/lib/python3.12/site-packages/sqlalchemy/orm/state_changes.py", line 137, in _go
[Tue Sep 08 16:00:59.024837 2026] [wsgi:error] [pid 11:tid 140301812676288] [remote 10.0.0.224:37902] 2026-09-08 16:00:59.001 11 ERROR keystone.server.flask.application ret_value = fn(self, *arg, **kw)
[Tue Sep 08 16:00:59.024841 2026] [wsgi:error] [pid 11:tid 140301812676288] [remote 10.0.0.224:37902] 2026-09-08 16:00:59.001 11 ERROR keystone.server.flask.application ^^^^^^^^^^^^^^^^^^^^
[Tue Sep 08 16:00:59.024845 2026] [wsgi:error] [pid 11:tid 140301812676288] [remote 10.0.0.224:37902] 2026-09-08 16:00:59.001 11 ERROR keystone.server.flask.application
File "/var/lib/openstack/lib/python3.12/site-packages/sqlalchemy/orm/session.py", line 1315, in commit
[Tue Sep 08 16:00:59.024849 2026] [wsgi:error] [pid 11:tid 140301812676288] [remote 10.0.0.224:37902] 2026-09-08 16:00:59.001 11 ERROR keystone.server.flask.application self._prepare_impl()
[Tue Sep 08 16:00:59.024853 2026] [wsgi:error] [pid 11:tid 140301812676288] [remote 10.0.0.224:37902] 2026-09-08 16:00:59.001 11 ERROR keystone.server.flask.application File "", line 2, in _prepare_impl
[Tue Sep 08 16:00:59.024857 2026] [wsgi:error] [pid 11:tid 140301812676288] [remote 10.0.0.224:37902] 2026-09-08 16:00:59.001 11 ERROR keystone.server.flask.application
File "/var/lib/openstack/lib/python3.12/site-packages/sqlalchemy/orm/state_changes.py", line 137, in _go
[Tue Sep 08 16:00:59.024861 2026] [wsgi:error] [pid 11:tid 140301812676288] [remote 10.0.0.224:37902] 2026-09-08 16:00:59.001 11 ERROR keystone.server.flask.application ret_value = fn(self, *arg, **kw)
[Tue Sep 08 16:00:59.024864 2026] [wsgi:error] [pid 11:tid 140301812676288] [remote 10.0.0.224:37902] 2026-09-08 16:00:59.001 11 ERROR keystone.server.flask.application ^^^^^^^^^^^^^^^^^^^^
[Tue Sep 08 16:00:59.024869 2026] [wsgi:error] [pid 11:tid 140301812676288] [remote 10.0.0.224:37902] 2026-09-08 16:00:59.001 11 ERROR keystone.server.flask.application
File "/var/lib/openstack/lib/python3.12/site-packages/sqlalchemy/orm/session.py", line 1290, in _prepare_impl
[Tue Sep 08 16:00:59.024873 2026] [wsgi:error] [pid 11:tid 140301812676288] [remote 10.0.0.224:37902] 2026-09-08 16:00:59.001 11 ERROR keystone.server.flask.application self.session.flush()
[Tue Sep 08 16:00:59.024877 2026] [wsgi:error] [pid 11:tid 140301812676288] [remote 10.0.0.224:37902] 2026-09-08 16:00:59.001 11 ERROR keystone.server.flask.application
File "/var/lib/openstack/lib/python3.12/site-packages/sqlalchemy/orm/session.py", line 4352, in flush
[Tue Sep 08 16:00:59.024881 2026] [wsgi:error] [pid 11:tid 140301812676288] [remote 10.0.0.224:37902] 2026-09-08 16:00:59.001 11 ERROR keystone.server.flask.application self._flush(objects)
[Tue Sep 08 16:00:59.024884 2026] [wsgi:error] [pid 11:tid 140301812676288] [remote 10.0.0.224:37902] 2026-09-08 16:00:59.001 11 ERROR keystone.server.flask.application
File "/var/lib/openstack/lib/python3.12/site-packages/sqlalchemy/orm/session.py", line 4487, in _flush
[Tue Sep 08 16:00:59.024888 2026] [wsgi:error] [pid 11:tid 140301812676288] [remote 10.0.0.224:37902] 2026-09-08 16:00:59.001 11 ERROR keystone.server.flask.application with util.safe_reraise():
[Tue Sep 08 16:00:59.024892 2026] [wsgi:error] [pid 11:tid 140301812676288] [remote 10.0.0.224:37902] 2026-09-08 16:00:59.001 11 ERROR keystone.server.flask.application
File "/var/lib/openstack/lib/python3.12/site-packages/sqlalchemy/util/langhelpers.py", line 122, in __exit__
[Tue Sep 08 16:00:59.024896 2026] [wsgi:error] [pid 11:tid 140301812676288] [remote 10.0.0.224:37902] 2026-09-08 16:00:59.001 11 ERROR keystone.server.flask.application raise exc_value.with_traceback(exc_tb)
[Tue Sep 08 16:00:59.024899 2026] [wsgi:error] [pid 11:tid 140301812676288] [remote 10.0.0.224:37902] 2026-09-08 16:00:59.001 11 ERROR keystone.server.flask.application
File "/var/lib/openstack/lib/python3.12/site-packages/sqlalchemy/orm/session.py", line 4448, in _flush
[Tue Sep 08 16:00:59.024904 2026] [wsgi:error] [pid 11:tid 140301812676288] [remote 10.0.0.224:37902] 2026-09-08 16:00:59.001 11 ERROR keystone.server.flask.application flush_context.execute()
[Tue Sep 08 16:00:59.024907 2026] [wsgi:error] [pid 11:tid 140301812676288] [remote 10.0.0.224:37902] 2026-09-08 16:00:59.001 11 ERROR keystone.server.flask.application
