Jul 24 00:52:15.824153 np0000186468 devstack@n-api.service[98453]: [pid: 98453|app: 0|req: 16/64] 199.204.45.162 () {68 vars in 1424 bytes} [Fri Jul 24 00:52:15 2026] GET /compute/v2.1/flavors/detail?is_public=None => generated 5262 bytes in 32 msecs (HTTP/1.1 200) 9 headers in 360 bytes (1 switches on core 0)
Jul 24 00:52:16.112708 np0000186468 devstack@n-api.service[98454]: DEBUG nova.api.openstack.wsgi [None req-5738cc1c-a0e2-4d0d-b4b8-09362a6d9565 admin admin] Calling method '>' {{(pid=98454) _process_stack /opt/stack/nova/nova/api/openstack/wsgi.py:551}}
Jul 24 00:52:16.118086 np0000186468 devstack@n-api.service[98454]: INFO nova.api.openstack.requestlog [None req-5738cc1c-a0e2-4d0d-b4b8-09362a6d9565 admin admin] 199.204.45.162 "GET /compute/v2.1" status: 200 len: 393 microversion: 2.1 time: 0.006203
Jul 24 00:52:16.118646 np0000186468 devstack@n-api.service[98454]: [pid: 98454|app: 0|req: 16/65] 199.204.45.162 () {62 vars in 1063 bytes} [Fri Jul 24 00:52:16 2026] GET /compute/v2.1 => generated 393 bytes in 7 msecs (HTTP/1.1 200) 9 headers in 357 bytes (1 switches on core 0)
Jul 24 00:52:16.155510 np0000186468 devstack@n-api.service[98456]: DEBUG nova.api.openstack.wsgi [None req-53dd3afa-8b14-4bf5-b5f5-c0a665c3e0b3 admin admin] Calling method '>' {{(pid=98456) _process_stack /opt/stack/nova/nova/api/openstack/wsgi.py:551}}
Jul 24 00:52:16.160837 np0000186468 devstack@n-api.service[98456]: INFO nova.api.openstack.requestlog [None req-53dd3afa-8b14-4bf5-b5f5-c0a665c3e0b3 admin admin] 199.204.45.162 "GET /compute/v2.1/" status: 200 len: 393 microversion: 2.1 time: 0.005871
Jul 24 00:52:16.161065 np0000186468 devstack@n-api.service[98456]: [pid: 98456|app: 0|req: 18/66] 199.204.45.162 () {62 vars in 1066 bytes} [Fri Jul 24 00:52:16 2026] GET /compute/v2.1/ => generated 393 bytes in 6 msecs (HTTP/1.1 200) 9 headers in 357 bytes (1 switches on core 0)
Jul 24 00:52:16.202726 np0000186468 devstack@n-api.service[98455]: DEBUG nova.api.openstack.wsgi [None req-8d3683ac-1279-4b8a-811e-1aa0cda5cddc demo demo] Calling method '>' {{(pid=98455) _process_stack /opt/stack/nova/nova/api/openstack/wsgi.py:551}}
Jul 24 00:52:16.222553 np0000186468 devstack@n-api.service[98455]: INFO nova.api.openstack.requestlog [None req-8d3683ac-1279-4b8a-811e-1aa0cda5cddc demo demo] 199.204.45.162 "GET /compute/v2.1/flavors/detail?is_public=None" status: 200 len: 5262 microversion: 2.61 time: 0.023420
Jul 24 00:52:16.222803 np0000186468 devstack@n-api.service[98455]: [pid: 98455|app: 0|req: 17/67] 199.204.45.162 () {68 vars in 1424 bytes} [Fri Jul 24 00:52:16 2026] GET /compute/v2.1/flavors/detail?is_public=None => generated 5262 bytes in 24 msecs (HTTP/1.1 200) 9 headers in 360 bytes (1 switches on core 0)
Jul 24 00:52:16.278451 np0000186468 devstack@n-api.service[98453]: DEBUG nova.api.openstack.wsgi [None req-ff5740cf-8194-4435-a57e-5c448f6e6d97 demo demo] Calling method '>' {{(pid=98453) _process_stack /opt/stack/nova/nova/api/openstack/wsgi.py:551}}
Jul 24 00:52:16.303750 np0000186468 devstack@n-api.service[98453]: INFO nova.api.openstack.requestlog [None req-ff5740cf-8194-4435-a57e-5c448f6e6d97 demo demo] 199.204.45.162 "GET /compute/v2.1/flavors/detail?is_public=None" status: 200 len: 5262 microversion: 2.61 time: 0.028600
Jul 24 00:52:16.303750 np0000186468 devstack@n-api.service[98453]: [pid: 98453|app: 0|req: 17/68] 199.204.45.162 () {68 vars in 1424 bytes} [Fri Jul 24 00:52:16 2026] GET /compute/v2.1/flavors/detail?is_public=None => generated 5262 bytes in 29 msecs (HTTP/1.1 200) 9 headers in 360 bytes (1 switches on core 0)
Jul 24 00:52:20.292024 np0000186468 devstack@n-api.service[98454]: DEBUG nova.api.openstack.wsgi [None req-5738cc1c-a0e2-4d0d-b4b8-09362a6d9565 admin admin] Calling method '>' {{(pid=98454) _process_stack /opt/stack/nova/nova/api/openstack/wsgi.py:551}}
Jul 24 00:52:20.296472 np0000186468 devstack@n-api.service[98454]: INFO nova.api.openstack.requestlog [None req-5738cc1c-a0e2-4d0d-b4b8-09362a6d9565 admin admin] 199.204.45.162 "GET /compute/v2.1" status: 200 len: 393 microversion: 2.1 time: 0.004649
Jul 24 00:52:20.296774 np0000186468 devstack@n-api.service[98454]: [pid: 98454|app: 0|req: 17/69] 199.204.45.162 () {62 vars in 1063 bytes} [Fri Jul 24 00:52:20 2026] GET /compute/v2.1 => generated 393 bytes in 5 msecs (HTTP/1.1 200) 9 headers in 357 bytes (1 switches on core 0)
Jul 24 00:52:20.339491 np0000186468 devstack@n-api.service[98456]: DEBUG nova.api.openstack.wsgi [None req-53dd3afa-8b14-4bf5-b5f5-c0a665c3e0b3 admin admin] Calling method '>' {{(pid=98456) _process_stack /opt/stack/nova/nova/api/openstack/wsgi.py:551}}
Jul 24 00:52:20.345827 np0000186468 devstack@n-api.service[98456]: INFO nova.api.openstack.requestlog [None req-53dd3afa-8b14-4bf5-b5f5-c0a665c3e0b3 admin admin] 199.204.45.162 "GET /compute/v2.1/" status: 200 len: 393 microversion: 2.1 time: 0.006821
Jul 24 00:52:20.346220 np0000186468 devstack@n-api.service[98456]: [pid: 98456|app: 0|req: 19/70] 199.204.45.162 () {62 vars in 1066 bytes} [Fri Jul 24 00:52:20 2026] GET /compute/v2.1/ => generated 393 bytes in 8 msecs (HTTP/1.1 200) 9 headers in 357 bytes (1 switches on core 0)
Jul 24 00:52:20.385383 np0000186468 devstack@n-api.service[98455]: DEBUG nova.api.openstack.wsgi [None req-58e2b15d-e3f1-431d-b021-6991ebcb56f0 demo demo] Calling method '>' {{(pid=98455) _process_stack /opt/stack/nova/nova/api/openstack/wsgi.py:551}}
Jul 24 00:52:20.406059 np0000186468 devstack@n-api.service[98455]: INFO nova.api.openstack.requestlog [None req-58e2b15d-e3f1-431d-b021-6991ebcb56f0 demo demo] 199.204.45.162 "GET /compute/v2.1/flavors/detail?is_public=None" status: 200 len: 5262 microversion: 2.61 time: 0.024222
Jul 24 00:52:20.406307 np0000186468 devstack@n-api.service[98455]: [pid: 98455|app: 0|req: 18/71] 199.204.45.162 () {68 vars in 1424 bytes} [Fri Jul 24 00:52:20 2026] GET /compute/v2.1/flavors/detail?is_public=None => generated 5262 bytes in 25 msecs (HTTP/1.1 200) 9 headers in 360 bytes (1 switches on core 0)
Jul 24 00:52:20.459041 np0000186468 devstack@n-api.service[98453]: DEBUG nova.api.openstack.wsgi [None req-fcd35e5e-5cf3-429b-8714-1f37d9425e2e demo demo] Calling method '>' {{(pid=98453) _process_stack /opt/stack/nova/nova/api/openstack/wsgi.py:551}}
Jul 24 00:52:20.477916 np0000186468 devstack@n-api.service[98453]: INFO nova.api.openstack.requestlog [None req-fcd35e5e-5cf3-429b-8714-1f37d9425e2e demo demo] 199.204.45.162 "GET /compute/v2.1/flavors/detail?is_public=None" status: 200 len: 5262 microversion: 2.61 time: 0.022447
Jul 24 00:52:20.478159 np0000186468 devstack@n-api.service[98453]: [pid: 98453|app: 0|req: 18/72] 199.204.45.162 () {68 vars in 1424 bytes} [Fri Jul 24 00:52:20 2026] GET /compute/v2.1/flavors/detail?is_public=None => generated 5262 bytes in 23 msecs (HTTP/1.1 200) 9 headers in 360 bytes (1 switches on core 0)
Jul 24 00:52:20.630407 np0000186468 devstack@n-api.service[98454]: DEBUG nova.api.openstack.wsgi [None req-5738cc1c-a0e2-4d0d-b4b8-09362a6d9565 admin admin] Calling method '>' {{(pid=98454) _process_stack /opt/stack/nova/nova/api/openstack/wsgi.py:551}}
Jul 24 00:52:20.635300 np0000186468 devstack@n-api.service[98454]: INFO nova.api.openstack.requestlog [None req-5738cc1c-a0e2-4d0d-b4b8-09362a6d9565 admin admin] 199.204.45.162 "GET /compute/v2.1" status: 200 len: 393 microversion: 2.1 time: 0.005397
Jul 24 00:52:20.635668 np0000186468 devstack@n-api.service[98454]: [pid: 98454|app: 0|req: 18/73] 199.204.45.162 () {62 vars in 1063 bytes} [Fri Jul 24 00:52:20 2026] GET /compute/v2.1 => generated 393 bytes in 6 msecs (HTTP/1.1 200) 9 headers in 357 bytes (1 switches on core 0)
Jul 24 00:52:20.674952 np0000186468 devstack@n-api.service[98456]: DEBUG nova.api.openstack.wsgi [None req-53dd3afa-8b14-4bf5-b5f5-c0a665c3e0b3 admin admin] Calling method '>' {{(pid=98456) _process_stack /opt/stack/nova/nova/api/openstack/wsgi.py:551}}
Jul 24 00:52:20.679516 np0000186468 devstack@n-api.service[98456]: INFO nova.api.openstack.requestlog [None req-53dd3afa-8b14-4bf5-b5f5-c0a665c3e0b3 admin admin] 199.204.45.162 "GET /compute/v2.1/" status: 200 len: 393 microversion: 2.1 time: 0.005022
Jul 24 00:52:20.679737 np0000186468 devstack@n-api.service[98456]: [pid: 98456|app: 0|req: 20/74] 199.204.45.162 () {62 vars in 1066 bytes} [Fri Jul 24 00:52:20 2026] GET /compute/v2.1/ => generated 393 bytes in 6 msecs (HTTP/1.1 200) 9 headers in 357 bytes (1 switches on core 0)
Jul 24 00:52:20.723328 np0000186468 devstack@n-api.service[98455]: DEBUG nova.api.openstack.wsgi [None req-c6aad307-0d96-470f-8db1-b00af7cd66de demo demo] Calling method '>' {{(pid=98455) _process_stack /opt/stack/nova/nova/api/openstack/wsgi.py:551}}
Jul 24 00:52:20.743477 np0000186468 devstack@n-api.service[98455]: INFO nova.api.openstack.requestlog [None req-c6aad307-0d96-470f-8db1-b00af7cd66de demo demo] 199.204.45.162 "GET /compute/v2.1/flavors/detail?is_public=None" status: 200 len: 5262 microversion: 2.61 time: 0.023079
Jul 24 00:52:20.743907 np0000186468 devstack@n-api.service[98455]: [pid: 98455|app: 0|req: 19/75] 199.204.45.162 () {68 vars in 1424 bytes} [Fri Jul 24 00:52:20 2026] GET /compute/v2.1/flavors/detail?is_public=None => generated 5262 bytes in 24 msecs (HTTP/1.1 200) 9 headers in 360 bytes (1 switches on core 0)
Jul 24 00:52:20.795086 np0000186468 devstack@n-api.service[98453]: DEBUG nova.api.openstack.wsgi [None req-2772f883-c1a7-4da7-808a-8033c5f74edc demo demo] Calling method '>' {{(pid=98453) _process_stack /opt/stack/nova/nova/api/openstack/wsgi.py:551}}
Jul 24 00:52:20.819870 np0000186468 devstack@n-api.service[98453]: INFO nova.api.openstack.requestlog [None req-2772f883-c1a7-4da7-808a-8033c5f74edc demo demo] 199.204.45.162 "GET /compute/v2.1/flavors/detail?is_public=None" status: 200 len: 5262 microversion: 2.61 time: 0.028116
Jul 24 00:52:20.820119 np0000186468 devstack@n-api.service[98453]: [pid: 98453|app: 0|req: 19/76] 199.204.45.162 () {68 vars in 1424 bytes} [Fri Jul 24 00:52:20 2026] GET /compute/v2.1/flavors/detail?is_public=None => generated 5262 bytes in 29 msecs (HTTP/1.1 200) 9 headers in 360 bytes (1 switches on core 0)
Jul 24 00:52:24.390226 np0000186468 devstack@n-api.service[98454]: DEBUG nova.api.openstack.wsgi [None req-5738cc1c-a0e2-4d0d-b4b8-09362a6d9565 admin admin] Calling method '>' {{(pid=98454) _process_stack /opt/stack/nova/nova/api/openstack/wsgi.py:551}}
Jul 24 00:52:24.394481 np0000186468 devstack@n-api.service[98454]: INFO nova.api.openstack.requestlog [None req-5738cc1c-a0e2-4d0d-b4b8-09362a6d9565 admin admin] 199.204.45.162 "GET /compute/v2.1" status: 200 len: 393 microversion: 2.1 time: 0.004726
Jul 24 00:52:24.395018 np0000186468 devstack@n-api.service[98454]: [pid: 98454|app: 0|req: 19/77] 199.204.45.162 () {62 vars in 1074 bytes} [Fri Jul 24 00:52:24 2026] GET /compute/v2.1 => generated 393 bytes in 5 msecs (HTTP/1.1 200) 9 headers in 357 bytes (1 switches on core 0)
Jul 24 00:52:24.434950 np0000186468 devstack@n-api.service[98456]: DEBUG nova.api.openstack.wsgi [None req-53dd3afa-8b14-4bf5-b5f5-c0a665c3e0b3 admin admin] Calling method '>' {{(pid=98456) _process_stack /opt/stack/nova/nova/api/openstack/wsgi.py:551}}
Jul 24 00:52:24.440585 np0000186468 devstack@n-api.service[98456]: INFO nova.api.openstack.requestlog [None req-53dd3afa-8b14-4bf5-b5f5-c0a665c3e0b3 admin admin] 199.204.45.162 "GET /compute/v2.1/" status: 200 len: 393 microversion: 2.1 time: 0.006142
Jul 24 00:52:24.440978 np0000186468 devstack@n-api.service[98456]: [pid: 98456|app: 0|req: 21/78] 199.204.45.162 () {62 vars in 1077 bytes} [Fri Jul 24 00:52:24 2026] GET /compute/v2.1/ => generated 393 bytes in 7 msecs (HTTP/1.1 200) 9 headers in 357 bytes (1 switches on core 0)
Jul 24 00:52:24.485673 np0000186468 devstack@n-api.service[98455]: DEBUG nova.api.openstack.wsgi [None req-3f64f2d5-4ea8-4490-96a3-187d2af5b45b demo demo] Calling method '>' {{(pid=98455) _process_stack /opt/stack/nova/nova/api/openstack/wsgi.py:551}}
Jul 24 00:52:24.524235 np0000186468 devstack@n-api.service[98455]: INFO nova.api.openstack.requestlog [None req-3f64f2d5-4ea8-4490-96a3-187d2af5b45b demo demo] 199.204.45.162 "GET /compute/v2.1/os-server-groups" status: 200 len: 21 microversion: 2.64 time: 0.043919
Jul 24 00:52:24.527234 np0000186468 devstack@n-api.service[98455]: [pid: 98455|app: 0|req: 20/79] 199.204.45.162 () {68 vars in 1412 bytes} [Fri Jul 24 00:52:24 2026] GET /compute/v2.1/os-server-groups => generated 21 bytes in 48 msecs (HTTP/1.1 200) 9 headers in 358 bytes (1 switches on core 0)
Jul 24 00:52:24.569242 np0000186468 devstack@n-api.service[98453]: DEBUG nova.api.openstack.wsgi [None req-2772f883-c1a7-4da7-808a-8033c5f74edc demo demo] Calling method '>' {{(pid=98453) _process_stack /opt/stack/nova/nova/api/openstack/wsgi.py:551}}
Jul 24 00:52:24.573346 np0000186468 devstack@n-api.service[98453]: INFO nova.api.openstack.requestlog [None req-2772f883-c1a7-4da7-808a-8033c5f74edc demo demo] 199.204.45.162 "GET /compute/v2.1" status: 200 len: 393 microversion: 2.1 time: 0.005457
Jul 24 00:52:24.573650 np0000186468 devstack@n-api.service[98453]: [pid: 98453|app: 0|req: 20/80] 199.204.45.162 () {62 vars in 1074 bytes} [Fri Jul 24 00:52:24 2026] GET /compute/v2.1 => generated 393 bytes in 6 msecs (HTTP/1.1 200) 9 headers in 357 bytes (1 switches on core 0)
Jul 24 00:52:24.613587 np0000186468 devstack@n-api.service[98454]: DEBUG nova.api.openstack.wsgi [None req-5738cc1c-a0e2-4d0d-b4b8-09362a6d9565 admin admin] Calling method '>' {{(pid=98454) _process_stack /opt/stack/nova/nova/api/openstack/wsgi.py:551}}
Jul 24 00:52:24.619287 np0000186468 devstack@n-api.service[98454]: INFO nova.api.openstack.requestlog [None req-5738cc1c-a0e2-4d0d-b4b8-09362a6d9565 admin admin] 199.204.45.162 "GET /compute/v2.1/" status: 200 len: 393 microversion: 2.1 time: 0.005948
Jul 24 00:52:24.619602 np0000186468 devstack@n-api.service[98454]: [pid: 98454|app: 0|req: 20/81] 199.204.45.162 () {62 vars in 1077 bytes} [Fri Jul 24 00:52:24 2026] GET /compute/v2.1/ => generated 393 bytes in 6 msecs (HTTP/1.1 200) 9 headers in 357 bytes (1 switches on core 0)
Jul 24 00:52:24.664266 np0000186468 devstack@n-api.service[98456]: DEBUG nova.api.openstack.wsgi [None req-0910e7f6-9aac-4034-8d37-a2e63c7295c0 demo demo] Action: 'create', calling method: >, body: {"server_group": {"name": "kube-9k86i", "policy": "soft-anti-affinity"}} {{(pid=98456) _process_stack /opt/stack/nova/nova/api/openstack/wsgi.py:549}}
Jul 24 00:52:24.688276 np0000186468 devstack@n-api.service[98456]: DEBUG nova.quota [None req-0910e7f6-9aac-4034-8d37-a2e63c7295c0 demo demo] Getting quotas for project 7ea1c745f31d43af87bf14fcf6047604. Resources: {'server_groups'} {{(pid=98456) _get_quotas /opt/stack/nova/nova/quota.py:389}}
Jul 24 00:52:24.691496 np0000186468 devstack@n-api.service[98456]: DEBUG nova.quota [None req-0910e7f6-9aac-4034-8d37-a2e63c7295c0 demo demo] Getting quotas for user 5e9b57d5aa0f4ad88561580cbff750b4 and project 7ea1c745f31d43af87bf14fcf6047604. Resources: {'server_groups'} {{(pid=98456) _get_quotas /opt/stack/nova/nova/quota.py:379}}
Jul 24 00:52:24.748785 np0000186468 devstack@n-api.service[98456]: DEBUG nova.quota [None req-0910e7f6-9aac-4034-8d37-a2e63c7295c0 demo demo] Getting quotas for project 7ea1c745f31d43af87bf14fcf6047604. Resources: {'server_groups'} {{(pid=98456) _get_quotas /opt/stack/nova/nova/quota.py:389}}
Jul 24 00:52:24.751189 np0000186468 devstack@n-api.service[98456]: DEBUG nova.quota [None req-0910e7f6-9aac-4034-8d37-a2e63c7295c0 demo demo] Getting quotas for user 5e9b57d5aa0f4ad88561580cbff750b4 and project 7ea1c745f31d43af87bf14fcf6047604. Resources: {'server_groups'} {{(pid=98456) _get_quotas /opt/stack/nova/nova/quota.py:379}}
Jul 24 00:52:24.759162 np0000186468 devstack@n-api.service[98456]: INFO nova.api.openstack.requestlog [None req-0910e7f6-9aac-4034-8d37-a2e63c7295c0 demo demo] 199.204.45.162 "POST /compute/v2.1/os-server-groups" status: 200 len: 243 microversion: 2.64 time: 0.098791
Jul 24 00:52:24.759345 np0000186468 devstack@n-api.service[98456]: [pid: 98456|app: 0|req: 22/82] 199.204.45.162 () {72 vars in 1452 bytes} [Fri Jul 24 00:52:24 2026] POST /compute/v2.1/os-server-groups => generated 243 bytes in 99 msecs (HTTP/1.1 200) 9 headers in 359 bytes (1 switches on core 0)
Jul 24 00:52:24.807062 np0000186468 devstack@n-api.service[98455]: DEBUG nova.api.openstack.wsgi [None req-3f64f2d5-4ea8-4490-96a3-187d2af5b45b demo demo] Calling method '>' {{(pid=98455) _process_stack /opt/stack/nova/nova/api/openstack/wsgi.py:551}}
Jul 24 00:52:24.811448 np0000186468 devstack@n-api.service[98455]: INFO nova.api.openstack.requestlog [None req-3f64f2d5-4ea8-4490-96a3-187d2af5b45b demo demo] 199.204.45.162 "GET /compute/v2.1" status: 200 len: 393 microversion: 2.1 time: 0.004784
Jul 24 00:52:24.811903 np0000186468 devstack@n-api.service[98455]: [pid: 98455|app: 0|req: 21/83] 199.204.45.162 () {62 vars in 1074 bytes} [Fri Jul 24 00:52:24 2026] GET /compute/v2.1 => generated 393 bytes in 6 msecs (HTTP/1.1 200) 9 headers in 357 bytes (1 switches on core 0)
Jul 24 00:52:24.852529 np0000186468 devstack@n-api.service[98453]: DEBUG nova.api.openstack.wsgi [None req-2772f883-c1a7-4da7-808a-8033c5f74edc demo demo] Calling method '>' {{(pid=98453) _process_stack /opt/stack/nova/nova/api/openstack/wsgi.py:551}}
Jul 24 00:52:24.858391 np0000186468 devstack@n-api.service[98453]: INFO nova.api.openstack.requestlog [None req-2772f883-c1a7-4da7-808a-8033c5f74edc demo demo] 199.204.45.162 "GET /compute/v2.1/" status: 200 len: 393 microversion: 2.1 time: 0.006224
Jul 24 00:52:24.858667 np0000186468 devstack@n-api.service[98453]: [pid: 98453|app: 0|req: 21/84] 199.204.45.162 () {62 vars in 1077 bytes} [Fri Jul 24 00:52:24 2026] GET /compute/v2.1/ => generated 393 bytes in 7 msecs (HTTP/1.1 200) 9 headers in 357 bytes (1 switches on core 0)
Jul 24 00:52:24.899182 np0000186468 devstack@n-api.service[98454]: DEBUG nova.api.openstack.wsgi [None req-a8c43ddc-7550-459d-a625-f3d9e0cd8537 demo demo] Calling method '>' {{(pid=98454) _process_stack /opt/stack/nova/nova/api/openstack/wsgi.py:551}}
Jul 24 00:52:24.925658 np0000186468 devstack@n-api.service[98454]: INFO nova.api.openstack.requestlog [None req-a8c43ddc-7550-459d-a625-f3d9e0cd8537 demo demo] 199.204.45.162 "GET /compute/v2.1/os-server-groups" status: 200 len: 246 microversion: 2.64 time: 0.030648
Jul 24 00:52:24.925831 np0000186468 devstack@n-api.service[98454]: [pid: 98454|app: 0|req: 21/85] 199.204.45.162 () {68 vars in 1412 bytes} [Fri Jul 24 00:52:24 2026] GET /compute/v2.1/os-server-groups => generated 246 bytes in 31 msecs (HTTP/1.1 200) 9 headers in 359 bytes (1 switches on core 0)
Jul 24 00:52:24.967112 np0000186468 devstack@n-api.service[98456]: DEBUG nova.api.openstack.wsgi [None req-0910e7f6-9aac-4034-8d37-a2e63c7295c0 demo demo] Calling method '>' {{(pid=98456) _process_stack /opt/stack/nova/nova/api/openstack/wsgi.py:551}}
Jul 24 00:52:24.971839 np0000186468 devstack@n-api.service[98456]: INFO nova.api.openstack.requestlog [None req-0910e7f6-9aac-4034-8d37-a2e63c7295c0 demo demo] 199.204.45.162 "GET /compute/v2.1" status: 200 len: 393 microversion: 2.1 time: 0.005233
Jul 24 00:52:24.972064 np0000186468 devstack@n-api.service[98456]: [pid: 98456|app: 0|req: 23/86] 199.204.45.162 () {62 vars in 1074 bytes} [Fri Jul 24 00:52:24 2026] GET /compute/v2.1 => generated 393 bytes in 6 msecs (HTTP/1.1 200) 9 headers in 357 bytes (1 switches on core 0)
Jul 24 00:52:25.009935 np0000186468 devstack@n-api.service[98455]: DEBUG nova.api.openstack.wsgi [None req-3f64f2d5-4ea8-4490-96a3-187d2af5b45b demo demo] Calling method '>' {{(pid=98455) _process_stack /opt/stack/nova/nova/api/openstack/wsgi.py:551}}
Jul 24 00:52:25.016048 np0000186468 devstack@n-api.service[98455]: INFO nova.api.openstack.requestlog [None req-3f64f2d5-4ea8-4490-96a3-187d2af5b45b demo demo] 199.204.45.162 "GET /compute/v2.1/" status: 200 len: 393 microversion: 2.1 time: 0.006706
Jul 24 00:52:25.016315 np0000186468 devstack@n-api.service[98455]: [pid: 98455|app: 0|req: 22/87] 199.204.45.162 () {62 vars in 1077 bytes} [Fri Jul 24 00:52:25 2026] GET /compute/v2.1/ => generated 393 bytes in 7 msecs (HTTP/1.1 200) 9 headers in 357 bytes (1 switches on core 0)
Jul 24 00:52:25.057910 np0000186468 devstack@n-api.service[98453]: DEBUG nova.api.openstack.wsgi [None req-2fc2e599-eb90-4282-bc74-84e4abe444d1 demo demo] Action: 'create', calling method: >, body: {"server_group": {"name": "kube-9k86i-default-worker", "policy": "soft-anti-affinity"}} {{(pid=98453) _process_stack /opt/stack/nova/nova/api/openstack/wsgi.py:549}}
Jul 24 00:52:25.082698 np0000186468 devstack@n-api.service[98453]: DEBUG nova.quota [None req-2fc2e599-eb90-4282-bc74-84e4abe444d1 demo demo] Getting quotas for project 7ea1c745f31d43af87bf14fcf6047604. Resources: {'server_groups'} {{(pid=98453) _get_quotas /opt/stack/nova/nova/quota.py:389}}
Jul 24 00:52:25.087004 np0000186468 devstack@n-api.service[98453]: DEBUG nova.quota [None req-2fc2e599-eb90-4282-bc74-84e4abe444d1 demo demo] Getting quotas for user 5e9b57d5aa0f4ad88561580cbff750b4 and project 7ea1c745f31d43af87bf14fcf6047604. Resources: {'server_groups'} {{(pid=98453) _get_quotas /opt/stack/nova/nova/quota.py:379}}
Jul 24 00:52:25.138069 np0000186468 devstack@n-api.service[98453]: DEBUG nova.quota [None req-2fc2e599-eb90-4282-bc74-84e4abe444d1 demo demo] Getting quotas for project 7ea1c745f31d43af87bf14fcf6047604. Resources: {'server_groups'} {{(pid=98453) _get_quotas /opt/stack/nova/nova/quota.py:389}}
Jul 24 00:52:25.140720 np0000186468 devstack@n-api.service[98453]: DEBUG nova.quota [None req-2fc2e599-eb90-4282-bc74-84e4abe444d1 demo demo] Getting quotas for user 5e9b57d5aa0f4ad88561580cbff750b4 and project 7ea1c745f31d43af87bf14fcf6047604. Resources: {'server_groups'} {{(pid=98453) _get_quotas /opt/stack/nova/nova/quota.py:379}}
Jul 24 00:52:25.149599 np0000186468 devstack@n-api.service[98453]: INFO nova.api.openstack.requestlog [None req-2fc2e599-eb90-4282-bc74-84e4abe444d1 demo demo] 199.204.45.162 "POST /compute/v2.1/os-server-groups" status: 200 len: 258 microversion: 2.64 time: 0.095534
Jul 24 00:52:25.149892 np0000186468 devstack@n-api.service[98453]: [pid: 98453|app: 0|req: 22/88] 199.204.45.162 () {72 vars in 1452 bytes} [Fri Jul 24 00:52:25 2026] POST /compute/v2.1/os-server-groups => generated 258 bytes in 96 msecs (HTTP/1.1 200) 9 headers in 359 bytes (1 switches on core 0)
Jul 24 00:52:28.296512 np0000186468 devstack@n-api.service[98454]: DEBUG nova.api.openstack.wsgi [None req-a8c43ddc-7550-459d-a625-f3d9e0cd8537 demo demo] Calling method '>' {{(pid=98454) _process_stack /opt/stack/nova/nova/api/openstack/wsgi.py:551}}
Jul 24 00:52:28.301975 np0000186468 devstack@n-api.service[98454]: INFO nova.api.openstack.requestlog [None req-a8c43ddc-7550-459d-a625-f3d9e0cd8537 demo demo] 199.204.45.162 "GET /compute/v2.1" status: 200 len: 393 microversion: 2.1 time: 0.006016
Jul 24 00:52:28.302243 np0000186468 devstack@n-api.service[98454]: [pid: 98454|app: 0|req: 22/89] 199.204.45.162 () {62 vars in 1074 bytes} [Fri Jul 24 00:52:28 2026] GET /compute/v2.1 => generated 393 bytes in 7 msecs (HTTP/1.1 200) 9 headers in 357 bytes (1 switches on core 0)
Jul 24 00:52:28.337571 np0000186468 devstack@n-api.service[98456]: DEBUG nova.api.openstack.wsgi [None req-0910e7f6-9aac-4034-8d37-a2e63c7295c0 demo demo] Calling method '>' {{(pid=98456) _process_stack /opt/stack/nova/nova/api/openstack/wsgi.py:551}}
Jul 24 00:52:28.345057 np0000186468 devstack@n-api.service[98456]: INFO nova.api.openstack.requestlog [None req-0910e7f6-9aac-4034-8d37-a2e63c7295c0 demo demo] 199.204.45.162 "GET /compute/v2.1/" status: 200 len: 393 microversion: 2.1 time: 0.007974
Jul 24 00:52:28.345846 np0000186468 devstack@n-api.service[98456]: [pid: 98456|app: 0|req: 24/90] 199.204.45.162 () {62 vars in 1077 bytes} [Fri Jul 24 00:52:28 2026] GET /compute/v2.1/ => generated 393 bytes in 9 msecs (HTTP/1.1 200) 9 headers in 357 bytes (1 switches on core 0)
Jul 24 00:52:28.382577 np0000186468 devstack@n-api.service[98455]: DEBUG nova.api.openstack.wsgi [None req-03b2ef7c-48f3-44cb-8961-301e96c91e86 demo demo] Calling method '>' {{(pid=98455) _process_stack /opt/stack/nova/nova/api/openstack/wsgi.py:551}}
Jul 24 00:52:28.407491 np0000186468 devstack@n-api.service[98455]: INFO nova.api.openstack.requestlog [None req-03b2ef7c-48f3-44cb-8961-301e96c91e86 demo demo] 199.204.45.162 "GET /compute/v2.1/flavors/detail?is_public=None" status: 200 len: 5262 microversion: 2.61 time: 0.028401
Jul 24 00:52:28.407827 np0000186468 devstack@n-api.service[98455]: [pid: 98455|app: 0|req: 23/91] 199.204.45.162 () {68 vars in 1435 bytes} [Fri Jul 24 00:52:28 2026] GET /compute/v2.1/flavors/detail?is_public=None => generated 5262 bytes in 29 msecs (HTTP/1.1 200) 9 headers in 360 bytes (1 switches on core 0)
Jul 24 00:52:28.451820 np0000186468 devstack@n-api.service[98453]: DEBUG nova.api.openstack.wsgi [None req-8bb417bb-0b36-40b7-85af-e357ba94def3 demo demo] Calling method '>' {{(pid=98453) _process_stack /opt/stack/nova/nova/api/openstack/wsgi.py:551}}
Jul 24 00:52:28.478830 np0000186468 devstack@n-api.service[98453]: INFO nova.api.openstack.requestlog [None req-8bb417bb-0b36-40b7-85af-e357ba94def3 demo demo] 199.204.45.162 "GET /compute/v2.1/flavors/detail?is_public=None" status: 200 len: 5262 microversion: 2.61 time: 0.030400
Jul 24 00:52:28.479101 np0000186468 devstack@n-api.service[98453]: [pid: 98453|app: 0|req: 23/92] 199.204.45.162 () {68 vars in 1435 bytes} [Fri Jul 24 00:52:28 2026] GET /compute/v2.1/flavors/detail?is_public=None => generated 5262 bytes in 31 msecs (HTTP/1.1 200) 9 headers in 360 bytes (1 switches on core 0)
Jul 24 00:52:28.617947 np0000186468 devstack@n-api.service[98454]: DEBUG nova.api.openstack.wsgi [None req-a8c43ddc-7550-459d-a625-f3d9e0cd8537 demo demo] Calling method '>' {{(pid=98454) _process_stack /opt/stack/nova/nova/api/openstack/wsgi.py:551}}
Jul 24 00:52:28.624331 np0000186468 devstack@n-api.service[98454]: INFO nova.api.openstack.requestlog [None req-a8c43ddc-7550-459d-a625-f3d9e0cd8537 demo demo] 199.204.45.162 "GET /compute/v2.1" status: 200 len: 393 microversion: 2.1 time: 0.006815
Jul 24 00:52:28.624727 np0000186468 devstack@n-api.service[98454]: [pid: 98454|app: 0|req: 23/93] 199.204.45.162 () {62 vars in 1074 bytes} [Fri Jul 24 00:52:28 2026] GET /compute/v2.1 => generated 393 bytes in 8 msecs (HTTP/1.1 200) 9 headers in 357 bytes (1 switches on core 0)
Jul 24 00:52:28.653875 np0000186468 devstack@n-api.service[98456]: DEBUG nova.api.openstack.wsgi [None req-0910e7f6-9aac-4034-8d37-a2e63c7295c0 demo demo] Calling method '>' {{(pid=98456) _process_stack /opt/stack/nova/nova/api/openstack/wsgi.py:551}}
Jul 24 00:52:28.657560 np0000186468 devstack@n-api.service[98456]: INFO nova.api.openstack.requestlog [None req-0910e7f6-9aac-4034-8d37-a2e63c7295c0 demo demo] 199.204.45.162 "GET /compute/v2.1/" status: 200 len: 393 microversion: 2.1 time: 0.004018
Jul 24 00:52:28.657799 np0000186468 devstack@n-api.service[98456]: [pid: 98456|app: 0|req: 25/94] 199.204.45.162 () {62 vars in 1077 bytes} [Fri Jul 24 00:52:28 2026] GET /compute/v2.1/ => generated 393 bytes in 5 msecs (HTTP/1.1 200) 9 headers in 357 bytes (1 switches on core 0)
Jul 24 00:52:28.689918 np0000186468 devstack@n-api.service[98455]: DEBUG nova.api.openstack.wsgi [None req-934a6bbd-6dc4-483a-b5da-9e645a630053 demo demo] Calling method '>' {{(pid=98455) _process_stack /opt/stack/nova/nova/api/openstack/wsgi.py:551}}
Jul 24 00:52:28.708021 np0000186468 devstack@n-api.service[98455]: INFO nova.api.openstack.requestlog [None req-934a6bbd-6dc4-483a-b5da-9e645a630053 demo demo] 199.204.45.162 "GET /compute/v2.1/flavors/detail?is_public=None" status: 200 len: 5262 microversion: 2.61 time: 0.021301
Jul 24 00:52:28.708318 np0000186468 devstack@n-api.service[98455]: [pid: 98455|app: 0|req: 24/95] 199.204.45.162 () {68 vars in 1435 bytes} [Fri Jul 24 00:52:28 2026] GET /compute/v2.1/flavors/detail?is_public=None => generated 5262 bytes in 22 msecs (HTTP/1.1 200) 9 headers in 360 bytes (1 switches on core 0)
Jul 24 00:52:34.754663 np0000186468 devstack@n-api.service[98456]: DEBUG dbcounter [-] [98456] Writing DB stats nova_cell0:SELECT=4 {{(pid=98456) stat_writer /opt/stack/data/venv/lib/python3.12/site-packages/dbcounter.py:115}}
Jul 24 00:52:34.756582 np0000186468 devstack@n-api.service[98456]: DEBUG dbcounter [-] [98456] Writing DB stats nova_api:SELECT=14,nova_api:INSERT=2 {{(pid=98456) stat_writer /opt/stack/data/venv/lib/python3.12/site-packages/dbcounter.py:115}}
Jul 24 00:52:34.922743 np0000186468 devstack@n-api.service[98454]: DEBUG dbcounter [-] [98454] Writing DB stats nova_api:SELECT=2 {{(pid=98454) stat_writer /opt/stack/data/venv/lib/python3.12/site-packages/dbcounter.py:115}}
Jul 24 00:52:35.144760 np0000186468 devstack@n-api.service[98453]: DEBUG dbcounter [-] [98453] Writing DB stats nova_cell0:SELECT=4 {{(pid=98453) stat_writer /opt/stack/data/venv/lib/python3.12/site-packages/dbcounter.py:115}}
Jul 24 00:52:38.461090 np0000186468 devstack@n-api.service[98453]: DEBUG dbcounter [-] [98453] Writing DB stats nova_api:SELECT=19,nova_api:INSERT=2 {{(pid=98453) stat_writer /opt/stack/data/venv/lib/python3.12/site-packages/dbcounter.py:115}}
Jul 24 00:52:38.695683 np0000186468 devstack@n-api.service[98455]: DEBUG dbcounter [-] [98455] Writing DB stats nova_api:SELECT=8 {{(pid=98455) stat_writer /opt/stack/data/venv/lib/python3.12/site-packages/dbcounter.py:115}}
Jul 24 00:52:49.451528 np0000186468 devstack@n-api.service[98453]: DEBUG nova.api.openstack.wsgi [None req-8bb417bb-0b36-40b7-85af-e357ba94def3 demo demo] Calling method '>' {{(pid=98453) _process_stack /opt/stack/nova/nova/api/openstack/wsgi.py:551}}
Jul 24 00:52:49.456854 np0000186468 devstack@n-api.service[98453]: INFO nova.api.openstack.requestlog [None req-8bb417bb-0b36-40b7-85af-e357ba94def3 demo demo] 172.18.0.2 "GET /compute/v2.1/" status: 200 len: 393 microversion: 2.1 time: 0.005830
Jul 24 00:52:49.457355 np0000186468 devstack@n-api.service[98453]: [pid: 98453|app: 0|req: 24/96] 199.204.45.162 () {64 vars in 1272 bytes} [Fri Jul 24 00:52:49 2026] GET /compute/v2.1/ => generated 393 bytes in 7 msecs (HTTP/1.1 200) 9 headers in 357 bytes (1 switches on core 0)
Jul 24 00:52:49.467060 np0000186468 devstack@n-api.service[98454]: DEBUG nova.api.openstack.wsgi [None req-5b33294b-fe16-42c5-8685-a2a59c6aa7a5 demo demo] Calling method '>' {{(pid=98454) _process_stack /opt/stack/nova/nova/api/openstack/wsgi.py:551}}
Jul 24 00:52:49.470677 np0000186468 devstack@n-api.service[98454]: DEBUG oslo_concurrency.lockutils [None req-5b33294b-fe16-42c5-8685-a2a59c6aa7a5 demo demo] Acquiring lock "00000000-0000-0000-0000-000000000000" by "nova.context.set_target_cell..get_or_set_cached_cell_and_set_connections" {{(pid=98454) inner /opt/stack/data/venv/lib/python3.12/site-packages/oslo_concurrency/lockutils.py:512}}
Jul 24 00:52:49.470677 np0000186468 devstack@n-api.service[98454]: DEBUG oslo_concurrency.lockutils [None req-5b33294b-fe16-42c5-8685-a2a59c6aa7a5 demo demo] Lock "00000000-0000-0000-0000-000000000000" acquired by "nova.context.set_target_cell..get_or_set_cached_cell_and_set_connections" :: waited 0.000s {{(pid=98454) inner /opt/stack/data/venv/lib/python3.12/site-packages/oslo_concurrency/lockutils.py:525}}
Jul 24 00:52:49.470677 np0000186468 devstack@n-api.service[98454]: DEBUG oslo_concurrency.lockutils [None req-5b33294b-fe16-42c5-8685-a2a59c6aa7a5 demo demo] Lock "00000000-0000-0000-0000-000000000000" "released" by "nova.context.set_target_cell..get_or_set_cached_cell_and_set_connections" :: held 0.000s {{(pid=98454) inner /opt/stack/data/venv/lib/python3.12/site-packages/oslo_concurrency/lockutils.py:544}}
Jul 24 00:52:49.471588 np0000186468 devstack@n-api.service[98454]: DEBUG oslo_concurrency.lockutils [None req-5b33294b-fe16-42c5-8685-a2a59c6aa7a5 demo demo] Acquiring lock "8f1ff997-4e90-498f-84b2-658ea7094f9e" by "nova.context.set_target_cell..get_or_set_cached_cell_and_set_connections" {{(pid=98454) inner /opt/stack/data/venv/lib/python3.12/site-packages/oslo_concurrency/lockutils.py:512}}
Jul 24 00:52:49.471588 np0000186468 devstack@n-api.service[98454]: DEBUG oslo_concurrency.lockutils [None req-5b33294b-fe16-42c5-8685-a2a59c6aa7a5 demo demo] Lock "8f1ff997-4e90-498f-84b2-658ea7094f9e" acquired by "nova.context.set_target_cell..get_or_set_cached_cell_and_set_connections" :: waited 0.000s {{(pid=98454) inner /opt/stack/data/venv/lib/python3.12/site-packages/oslo_concurrency/lockutils.py:525}}
Jul 24 00:52:49.471588 np0000186468 devstack@n-api.service[98454]: DEBUG oslo_concurrency.lockutils [None req-5b33294b-fe16-42c5-8685-a2a59c6aa7a5 demo demo] Lock "8f1ff997-4e90-498f-84b2-658ea7094f9e" "released" by "nova.context.set_target_cell..get_or_set_cached_cell_and_set_connections" :: held 0.000s {{(pid=98454) inner /opt/stack/data/venv/lib/python3.12/site-packages/oslo_concurrency/lockutils.py:544}}
Jul 24 00:52:49.545594 np0000186468 devstack@n-api.service[98454]: INFO nova.api.openstack.requestlog [None req-5b33294b-fe16-42c5-8685-a2a59c6aa7a5 demo demo] 172.18.0.2 "GET /compute/v2.1/os-availability-zone" status: 200 len: 97 microversion: 2.38 time: 0.081570
Jul 24 00:52:49.546506 np0000186468 devstack@n-api.service[98454]: [pid: 98454|app: 0|req: 24/97] 199.204.45.162 () {68 vars in 1415 bytes} [Fri Jul 24 00:52:49 2026] GET /compute/v2.1/os-availability-zone => generated 97 bytes in 83 msecs (HTTP/1.1 200) 9 headers in 358 bytes (1 switches on core 0)
Jul 24 00:52:50.308124 np0000186468 devstack@n-api.service[98456]: DEBUG nova.api.openstack.wsgi [None req-0910e7f6-9aac-4034-8d37-a2e63c7295c0 demo demo] Calling method '>' {{(pid=98456) _process_stack /opt/stack/nova/nova/api/openstack/wsgi.py:551}}
Jul 24 00:52:50.311924 np0000186468 devstack@n-api.service[98456]: INFO nova.api.openstack.requestlog [None req-0910e7f6-9aac-4034-8d37-a2e63c7295c0 demo demo] 172.18.0.2 "GET /compute/v2.1/" status: 200 len: 393 microversion: 2.1 time: 0.004082
Jul 24 00:52:50.312171 np0000186468 devstack@n-api.service[98456]: [pid: 98456|app: 0|req: 26/98] 199.204.45.162 () {64 vars in 1272 bytes} [Fri Jul 24 00:52:50 2026] GET /compute/v2.1/ => generated 393 bytes in 5 msecs (HTTP/1.1 200) 9 headers in 357 bytes (1 switches on core 0)
Jul 24 00:52:50.321089 np0000186468 devstack@n-api.service[98455]: DEBUG nova.api.openstack.wsgi [None req-a55e0f8b-fea7-4bee-b93b-e762c9acc248 demo demo] Calling method '>' {{(pid=98455) _process_stack /opt/stack/nova/nova/api/openstack/wsgi.py:551}}
Jul 24 00:52:50.324763 np0000186468 devstack@n-api.service[98455]: DEBUG oslo_concurrency.lockutils [None req-a55e0f8b-fea7-4bee-b93b-e762c9acc248 demo demo] Acquiring lock "00000000-0000-0000-0000-000000000000" by "nova.context.set_target_cell..get_or_set_cached_cell_and_set_connections" {{(pid=98455) inner /opt/stack/data/venv/lib/python3.12/site-packages/oslo_concurrency/lockutils.py:512}}
Jul 24 00:52:50.325111 np0000186468 devstack@n-api.service[98455]: DEBUG oslo_concurrency.lockutils [None req-a55e0f8b-fea7-4bee-b93b-e762c9acc248 demo demo] Lock "00000000-0000-0000-0000-000000000000" acquired by "nova.context.set_target_cell..get_or_set_cached_cell_and_set_connections" :: waited 0.000s {{(pid=98455) inner /opt/stack/data/venv/lib/python3.12/site-packages/oslo_concurrency/lockutils.py:525}}
Jul 24 00:52:50.326390 np0000186468 devstack@n-api.service[98455]: DEBUG oslo_concurrency.lockutils [None req-a55e0f8b-fea7-4bee-b93b-e762c9acc248 demo demo] Lock "00000000-0000-0000-0000-000000000000" "released" by "nova.context.set_target_cell..get_or_set_cached_cell_and_set_connections" :: held 0.000s {{(pid=98455) inner /opt/stack/data/venv/lib/python3.12/site-packages/oslo_concurrency/lockutils.py:544}}
Jul 24 00:52:50.327188 np0000186468 devstack@n-api.service[98455]: DEBUG oslo_concurrency.lockutils [None req-a55e0f8b-fea7-4bee-b93b-e762c9acc248 demo demo] Acquiring lock "8f1ff997-4e90-498f-84b2-658ea7094f9e" by "nova.context.set_target_cell..get_or_set_cached_cell_and_set_connections" {{(pid=98455) inner /opt/stack/data/venv/lib/python3.12/site-packages/oslo_concurrency/lockutils.py:512}}
Jul 24 00:52:50.327926 np0000186468 devstack@n-api.service[98455]: DEBUG oslo_concurrency.lockutils [None req-a55e0f8b-fea7-4bee-b93b-e762c9acc248 demo demo] Lock "8f1ff997-4e90-498f-84b2-658ea7094f9e" acquired by "nova.context.set_target_cell..get_or_set_cached_cell_and_set_connections" :: waited 0.000s {{(pid=98455) inner /opt/stack/data/venv/lib/python3.12/site-packages/oslo_concurrency/lockutils.py:525}}
Jul 24 00:52:50.327926 np0000186468 devstack@n-api.service[98455]: DEBUG oslo_concurrency.lockutils [None req-a55e0f8b-fea7-4bee-b93b-e762c9acc248 demo demo] Lock "8f1ff997-4e90-498f-84b2-658ea7094f9e" "released" by "nova.context.set_target_cell..get_or_set_cached_cell_and_set_connections" :: held 0.000s {{(pid=98455) inner /opt/stack/data/venv/lib/python3.12/site-packages/oslo_concurrency/lockutils.py:544}}
Jul 24 00:52:50.391909 np0000186468 devstack@n-api.service[98455]: INFO nova.api.openstack.requestlog [None req-a55e0f8b-fea7-4bee-b93b-e762c9acc248 demo demo] 172.18.0.2 "GET /compute/v2.1/os-availability-zone" status: 200 len: 97 microversion: 2.38 time: 0.073995
Jul 24 00:52:50.392418 np0000186468 devstack@n-api.service[98455]: [pid: 98455|app: 0|req: 25/99] 199.204.45.162 () {68 vars in 1415 bytes} [Fri Jul 24 00:52:50 2026] GET /compute/v2.1/os-availability-zone => generated 97 bytes in 75 msecs (HTTP/1.1 200) 9 headers in 358 bytes (1 switches on core 0)
Jul 24 00:52:50.984893 np0000186468 devstack@n-api.service[98453]: DEBUG nova.api.openstack.wsgi [None req-8bb417bb-0b36-40b7-85af-e357ba94def3 demo demo] Calling method '>' {{(pid=98453) _process_stack /opt/stack/nova/nova/api/openstack/wsgi.py:551}}
Jul 24 00:52:50.989700 np0000186468 devstack@n-api.service[98453]: INFO nova.api.openstack.requestlog [None req-8bb417bb-0b36-40b7-85af-e357ba94def3 demo demo] 172.18.0.2 "GET /compute/v2.1/" status: 200 len: 393 microversion: 2.1 time: 0.005312
Jul 24 00:52:50.989999 np0000186468 devstack@n-api.service[98453]: [pid: 98453|app: 0|req: 25/100] 199.204.45.162 () {64 vars in 1272 bytes} [Fri Jul 24 00:52:50 2026] GET /compute/v2.1/ => generated 393 bytes in 6 msecs (HTTP/1.1 200) 9 headers in 357 bytes (1 switches on core 0)
Jul 24 00:52:51.000663 np0000186468 devstack@n-api.service[98454]: DEBUG nova.api.openstack.wsgi [None req-93d43026-3a36-4857-b1ef-e087e099feba demo demo] Calling method '>' {{(pid=98454) _process_stack /opt/stack/nova/nova/api/openstack/wsgi.py:551}}
Jul 24 00:52:51.005741 np0000186468 devstack@n-api.service[98454]: DEBUG oslo_concurrency.lockutils [None req-93d43026-3a36-4857-b1ef-e087e099feba demo demo] Acquiring lock "00000000-0000-0000-0000-000000000000" by "nova.context.set_target_cell..get_or_set_cached_cell_and_set_connections" {{(pid=98454) inner /opt/stack/data/venv/lib/python3.12/site-packages/oslo_concurrency/lockutils.py:512}}
Jul 24 00:52:51.005741 np0000186468 devstack@n-api.service[98454]: DEBUG oslo_concurrency.lockutils [None req-93d43026-3a36-4857-b1ef-e087e099feba demo demo] Lock "00000000-0000-0000-0000-000000000000" acquired by "nova.context.set_target_cell..get_or_set_cached_cell_and_set_connections" :: waited 0.000s {{(pid=98454) inner /opt/stack/data/venv/lib/python3.12/site-packages/oslo_concurrency/lockutils.py:525}}
Jul 24 00:52:51.005741 np0000186468 devstack@n-api.service[98454]: DEBUG oslo_concurrency.lockutils [None req-93d43026-3a36-4857-b1ef-e087e099feba demo demo] Lock "00000000-0000-0000-0000-000000000000" "released" by "nova.context.set_target_cell..get_or_set_cached_cell_and_set_connections" :: held 0.000s {{(pid=98454) inner /opt/stack/data/venv/lib/python3.12/site-packages/oslo_concurrency/lockutils.py:544}}
Jul 24 00:52:51.006696 np0000186468 devstack@n-api.service[98454]: DEBUG oslo_concurrency.lockutils [None req-93d43026-3a36-4857-b1ef-e087e099feba demo demo] Acquiring lock "8f1ff997-4e90-498f-84b2-658ea7094f9e" by "nova.context.set_target_cell..get_or_set_cached_cell_and_set_connections" {{(pid=98454) inner /opt/stack/data/venv/lib/python3.12/site-packages/oslo_concurrency/lockutils.py:512}}
Jul 24 00:52:51.008227 np0000186468 devstack@n-api.service[98454]: DEBUG oslo_concurrency.lockutils [None req-93d43026-3a36-4857-b1ef-e087e099feba demo demo] Lock "8f1ff997-4e90-498f-84b2-658ea7094f9e" acquired by "nova.context.set_target_cell..get_or_set_cached_cell_and_set_connections" :: waited 0.002s {{(pid=98454) inner /opt/stack/data/venv/lib/python3.12/site-packages/oslo_concurrency/lockutils.py:525}}
Jul 24 00:52:51.008457 np0000186468 devstack@n-api.service[98454]: DEBUG oslo_concurrency.lockutils [None req-93d43026-3a36-4857-b1ef-e087e099feba demo demo] Lock "8f1ff997-4e90-498f-84b2-658ea7094f9e" "released" by "nova.context.set_target_cell..get_or_set_cached_cell_and_set_connections" :: held 0.000s {{(pid=98454) inner /opt/stack/data/venv/lib/python3.12/site-packages/oslo_concurrency/lockutils.py:544}}
Jul 24 00:52:51.028381 np0000186468 devstack@n-api.service[98454]: INFO nova.api.openstack.requestlog [None req-93d43026-3a36-4857-b1ef-e087e099feba demo demo] 172.18.0.2 "GET /compute/v2.1/os-availability-zone" status: 200 len: 97 microversion: 2.38 time: 0.030444
Jul 24 00:52:51.030103 np0000186468 devstack@n-api.service[98454]: [pid: 98454|app: 0|req: 25/101] 199.204.45.162 () {68 vars in 1415 bytes} [Fri Jul 24 00:52:50 2026] GET /compute/v2.1/os-availability-zone => generated 97 bytes in 33 msecs (HTTP/1.1 200) 9 headers in 358 bytes (1 switches on core 0)
Jul 24 00:52:56.272557 np0000186468 devstack@n-api.service[98456]: DEBUG nova.api.openstack.wsgi [None req-0910e7f6-9aac-4034-8d37-a2e63c7295c0 demo demo] Calling method '>' {{(pid=98456) _process_stack /opt/stack/nova/nova/api/openstack/wsgi.py:551}}
Jul 24 00:52:56.276555 np0000186468 devstack@n-api.service[98456]: INFO nova.api.openstack.requestlog [None req-0910e7f6-9aac-4034-8d37-a2e63c7295c0 demo demo] 172.18.0.2 "GET /compute/v2.1/" status: 200 len: 393 microversion: 2.1 time: 0.004373
Jul 24 00:52:56.276811 np0000186468 devstack@n-api.service[98456]: [pid: 98456|app: 0|req: 27/102] 199.204.45.162 () {64 vars in 1272 bytes} [Fri Jul 24 00:52:56 2026] GET /compute/v2.1/ => generated 393 bytes in 5 msecs (HTTP/1.1 200) 9 headers in 357 bytes (1 switches on core 0)
Jul 24 00:52:56.287460 np0000186468 devstack@n-api.service[98455]: DEBUG nova.api.openstack.wsgi [None req-c85732d1-6ee6-4141-8ace-4cb8f1194489 demo demo] Calling method '>' {{(pid=98455) _process_stack /opt/stack/nova/nova/api/openstack/wsgi.py:551}}
Jul 24 00:52:56.308579 np0000186468 devstack@n-api.service[98455]: INFO nova.api.openstack.requestlog [None req-c85732d1-6ee6-4141-8ace-4cb8f1194489 demo demo] 172.18.0.2 "GET /compute/v2.1/flavors/detail" status: 200 len: 4022 microversion: 2.38 time: 0.024764
Jul 24 00:52:56.308915 np0000186468 devstack@n-api.service[98455]: [pid: 98455|app: 0|req: 26/103] 199.204.45.162 () {68 vars in 1397 bytes} [Fri Jul 24 00:52:56 2026] GET /compute/v2.1/flavors/detail => generated 4022 bytes in 25 msecs (HTTP/1.1 200) 9 headers in 360 bytes (2 switches on core 0)
Jul 24 00:52:56.364432 np0000186468 devstack@n-api.service[98453]: DEBUG nova.api.openstack.wsgi [None req-8bb417bb-0b36-40b7-85af-e357ba94def3 demo demo] Calling method '>' {{(pid=98453) _process_stack /opt/stack/nova/nova/api/openstack/wsgi.py:551}}
Jul 24 00:52:56.370268 np0000186468 devstack@n-api.service[98453]: INFO nova.api.openstack.requestlog [None req-8bb417bb-0b36-40b7-85af-e357ba94def3 demo demo] 172.18.0.2 "GET /compute/v2.1/" status: 200 len: 393 microversion: 2.1 time: 0.006345
Jul 24 00:52:56.370554 np0000186468 devstack@n-api.service[98453]: [pid: 98453|app: 0|req: 26/104] 199.204.45.162 () {64 vars in 1272 bytes} [Fri Jul 24 00:52:56 2026] GET /compute/v2.1/ => generated 393 bytes in 7 msecs (HTTP/1.1 200) 9 headers in 357 bytes (1 switches on core 0)
Jul 24 00:52:56.383228 np0000186468 devstack@n-api.service[98454]: DEBUG nova.api.openstack.wsgi [None req-ef0015b3-95ab-4f6e-bc43-36f7e63a3d80 demo demo] Calling method '>' {{(pid=98454) _process_stack /opt/stack/nova/nova/api/openstack/wsgi.py:551}}
Jul 24 00:52:56.409954 np0000186468 devstack@n-api.service[98454]: INFO nova.api.openstack.requestlog [None req-ef0015b3-95ab-4f6e-bc43-36f7e63a3d80 demo demo] 172.18.0.2 "GET /compute/v2.1/flavors/detail" status: 200 len: 4022 microversion: 2.38 time: 0.030771
Jul 24 00:52:56.410435 np0000186468 devstack@n-api.service[98454]: [pid: 98454|app: 0|req: 26/105] 199.204.45.162 () {68 vars in 1397 bytes} [Fri Jul 24 00:52:56 2026] GET /compute/v2.1/flavors/detail => generated 4022 bytes in 31 msecs (HTTP/1.1 200) 9 headers in 360 bytes (2 switches on core 0)
Jul 24 00:52:57.060821 np0000186468 devstack@n-api.service[98456]: DEBUG nova.api.openstack.wsgi [None req-0910e7f6-9aac-4034-8d37-a2e63c7295c0 demo demo] Calling method '>' {{(pid=98456) _process_stack /opt/stack/nova/nova/api/openstack/wsgi.py:551}}
Jul 24 00:52:57.065445 np0000186468 devstack@n-api.service[98456]: INFO nova.api.openstack.requestlog [None req-0910e7f6-9aac-4034-8d37-a2e63c7295c0 demo demo] 172.18.0.2 "GET /compute/v2.1/" status: 200 len: 393 microversion: 2.1 time: 0.004958
Jul 24 00:52:57.065955 np0000186468 devstack@n-api.service[98456]: [pid: 98456|app: 0|req: 28/106] 199.204.45.162 () {64 vars in 1272 bytes} [Fri Jul 24 00:52:57 2026] GET /compute/v2.1/ => generated 393 bytes in 6 msecs (HTTP/1.1 200) 9 headers in 357 bytes (1 switches on core 0)
Jul 24 00:52:57.076678 np0000186468 devstack@n-api.service[98455]: DEBUG nova.api.openstack.wsgi [None req-9b70c6a3-1129-4ed8-a6e5-347eaeec9cbf demo demo] Calling method '>' {{(pid=98455) _process_stack /opt/stack/nova/nova/api/openstack/wsgi.py:551}}
Jul 24 00:52:57.082367 np0000186468 devstack@n-api.service[98455]: DEBUG nova.policy [None req-9b70c6a3-1129-4ed8-a6e5-347eaeec9cbf demo demo] Policy check for os_compute_api:servers:allow_all_filters failed with credentials {'is_admin': False, 'user_id': '5e9b57d5aa0f4ad88561580cbff750b4', 'user_domain_id': 'default', 'system_scope': None, 'domain_id': None, 'project_id': '7ea1c745f31d43af87bf14fcf6047604', 'project_domain_id': 'default', 'roles': ['member', 'load-balancer_member', 'reader', 'anotherrole'], 'is_admin_project': True, 'service_user_id': None, 'service_user_domain_id': None, 'service_project_id': None, 'service_project_domain_id': None, 'service_roles': []} {{(pid=98455) authorize /opt/stack/nova/nova/policy.py:192}}
Jul 24 00:52:57.082809 np0000186468 devstack@n-api.service[98455]: DEBUG nova.compute.api [None req-9b70c6a3-1129-4ed8-a6e5-347eaeec9cbf demo demo] Searching by: {'name': '^kube-9k86i-fnx7m-k2fjk$', 'deleted': False, 'project_id': '7ea1c745f31d43af87bf14fcf6047604'} {{(pid=98455) get_all /opt/stack/nova/nova/compute/api.py:3110}}
Jul 24 00:52:57.091691 np0000186468 devstack@n-api.service[98455]: DEBUG oslo_concurrency.lockutils [None req-9b70c6a3-1129-4ed8-a6e5-347eaeec9cbf demo demo] Acquiring lock "00000000-0000-0000-0000-000000000000" by "nova.context.set_target_cell..get_or_set_cached_cell_and_set_connections" {{(pid=98455) inner /opt/stack/data/venv/lib/python3.12/site-packages/oslo_concurrency/lockutils.py:512}}
Jul 24 00:52:57.091902 np0000186468 devstack@n-api.service[98455]: DEBUG oslo_concurrency.lockutils [None req-9b70c6a3-1129-4ed8-a6e5-347eaeec9cbf demo demo] Lock "00000000-0000-0000-0000-000000000000" acquired by "nova.context.set_target_cell..get_or_set_cached_cell_and_set_connections" :: waited 0.000s {{(pid=98455) inner /opt/stack/data/venv/lib/python3.12/site-packages/oslo_concurrency/lockutils.py:525}}
Jul 24 00:52:57.092094 np0000186468 devstack@n-api.service[98455]: DEBUG oslo_concurrency.lockutils [None req-9b70c6a3-1129-4ed8-a6e5-347eaeec9cbf demo demo] Lock "00000000-0000-0000-0000-000000000000" "released" by "nova.context.set_target_cell..get_or_set_cached_cell_and_set_connections" :: held 0.000s {{(pid=98455) inner /opt/stack/data/venv/lib/python3.12/site-packages/oslo_concurrency/lockutils.py:544}}
Jul 24 00:52:57.092991 np0000186468 devstack@n-api.service[98455]: DEBUG oslo_concurrency.lockutils [None req-9b70c6a3-1129-4ed8-a6e5-347eaeec9cbf demo demo] Acquiring lock "8f1ff997-4e90-498f-84b2-658ea7094f9e" by "nova.context.set_target_cell..get_or_set_cached_cell_and_set_connections" {{(pid=98455) inner /opt/stack/data/venv/lib/python3.12/site-packages/oslo_concurrency/lockutils.py:512}}
Jul 24 00:52:57.093344 np0000186468 devstack@n-api.service[98455]: DEBUG oslo_concurrency.lockutils [None req-9b70c6a3-1129-4ed8-a6e5-347eaeec9cbf demo demo] Lock "8f1ff997-4e90-498f-84b2-658ea7094f9e" acquired by "nova.context.set_target_cell..get_or_set_cached_cell_and_set_connections" :: waited 0.000s {{(pid=98455) inner /opt/stack/data/venv/lib/python3.12/site-packages/oslo_concurrency/lockutils.py:525}}
Jul 24 00:52:57.093567 np0000186468 devstack@n-api.service[98455]: DEBUG oslo_concurrency.lockutils [None req-9b70c6a3-1129-4ed8-a6e5-347eaeec9cbf demo demo] Lock "8f1ff997-4e90-498f-84b2-658ea7094f9e" "released" by "nova.context.set_target_cell..get_or_set_cached_cell_and_set_connections" :: held 0.000s {{(pid=98455) inner /opt/stack/data/venv/lib/python3.12/site-packages/oslo_concurrency/lockutils.py:544}}
Jul 24 00:52:57.166014 np0000186468 devstack@n-api.service[98455]: DEBUG oslo_concurrency.lockutils [None req-9b70c6a3-1129-4ed8-a6e5-347eaeec9cbf demo demo] Acquiring lock "00000000-0000-0000-0000-000000000000" by "nova.context.set_target_cell..get_or_set_cached_cell_and_set_connections" {{(pid=98455) inner /opt/stack/data/venv/lib/python3.12/site-packages/oslo_concurrency/lockutils.py:512}}
