2026-05-07 10:28:20.069 8 INFO neutron.db.ovn_revision_numbers_db [None req-5042d454-a4e4-4d24-aedf-2732c3643d28 6c35b2ec75be4458a4076285345b87ca f93ddedbbd1e4297965a4db90494eba9 - - default default] Successfully bumped revision number for resource ec318ace-d558-4f30-9cbc-823f605ee907 (type: security_group_rules) to 0
2026-05-07 10:28:20.183 8 INFO neutron.db.segments_db [None req-5042d454-a4e4-4d24-aedf-2732c3643d28 6c35b2ec75be4458a4076285345b87ca f93ddedbbd1e4297965a4db90494eba9 - - default default] Added segment da544e7e-2889-49d8-8ad7-bde2994c9737 of type geneve for network 6f8ce604-bf2d-4b75-9886-0f63e95aaa08 [pid: 7|app: 0|req: 520/972] 10.0.0.173 () {32 vars in 724 bytes} [Thu May 7 10:28:19 2026] DELETE /v2.0/routers/57264ea8-9fda-4a96-84e1-bc83322da4fc => generated 0 bytes in 806 msecs (HTTP/1.1 204) 2 headers in 112 bytes (1 switches on core 0) [pid: 7|app: 0|req: 521/973] 199.204.45.248 () {34 vars in 1000 bytes} [Thu May 7 10:28:20 2026] GET /v2.0/subnets?network_id=18d0db42-c43e-4c55-832f-e80e2c073d5f => generated 683 bytes in 41 msecs (HTTP/1.1 200) 4 headers in 157 bytes (1 switches on core 0)
2026-05-07 10:28:20.337 8 INFO neutron.db.segments_db [None req-5042d454-a4e4-4d24-aedf-2732c3643d28 6c35b2ec75be4458a4076285345b87ca f93ddedbbd1e4297965a4db90494eba9 - - default default] Added segment fc5a66b8-cb71-4898-be69-2237a16a41dd of type geneve for network 1b5dcb69-1731-45c0-816c-ad669bea3929 [pid: 7|app: 0|req: 522/974] 10.0.0.173 () {32 vars in 724 bytes} [Thu May 7 10:28:20 2026] DELETE /v2.0/subnets/e6670d3a-f547-4d65-b43e-70b3aeb10af5 => generated 0 bytes in 183 msecs (HTTP/1.1 204) 3 headers in 131 bytes (1 switches on core 0)
2026-05-07 10:28:20.516 8 INFO neutron.db.ovn_revision_numbers_db [None req-5042d454-a4e4-4d24-aedf-2732c3643d28 6c35b2ec75be4458a4076285345b87ca f93ddedbbd1e4297965a4db90494eba9 - - default default] Successfully bumped revision number for resource 6f8ce604-bf2d-4b75-9886-0f63e95aaa08 (type: networks) to 1 [pid: 7|app: 0|req: 523/975] 199.204.45.248 () {34 vars in 1146 bytes} [Thu May 7 10:28:20 2026] GET /v2.0/ports?device_id=f41a3bd6-73ce-46a0-ab32-eac5b84ab04d&device_owner=compute%3Anova&network_id=18d0db42-c43e-4c55-832f-e80e2c073d5f => generated 975 bytes in 94 msecs (HTTP/1.1 200) 4 headers in 157 bytes (1 switches on core 0)
2026-05-07 10:28:20.674 7 INFO neutron_taas.services.taas.taas_plugin [None req-e5f8fac3-77cf-4330-ad9c-ad6e04b93025 03c68863a3f148468ed45b5bdfb1d3f3 3ea92d53a90b4fb297dc21fda7a134c7 - - default default] TaaS: Handle Delete Port: 508c347e-9503-4dff-a346-8cdfc046ac45
2026-05-07 10:28:20.677 7 INFO neutron_taas.services.taas.tap_mirror_plugin [None req-e5f8fac3-77cf-4330-ad9c-ad6e04b93025 03c68863a3f148468ed45b5bdfb1d3f3 3ea92d53a90b4fb297dc21fda7a134c7 - - default default] Tap Mirror: Handle Delete Port: 508c347e-9503-4dff-a346-8cdfc046ac45
2026-05-07 10:28:20.692 8 WARNING neutron.scheduler.dhcp_agent_scheduler [None req-5042d454-a4e4-4d24-aedf-2732c3643d28 6c35b2ec75be4458a4076285345b87ca f93ddedbbd1e4297965a4db90494eba9 - - default default] No more DHCP agents
2026-05-07 10:28:20.695 8 WARNING neutron.api.rpc.agentnotifiers.dhcp_rpc_agent_api [None req-5042d454-a4e4-4d24-aedf-2732c3643d28 6c35b2ec75be4458a4076285345b87ca f93ddedbbd1e4297965a4db90494eba9 - - default default] Unable to schedule network 6f8ce604-bf2d-4b75-9886-0f63e95aaa08: no agents available; will retry on subsequent port and subnet creation events.
2026-05-07 10:28:20.770 8 INFO neutron.plugins.ml2.drivers.ovn.mech_driver.mech_driver [None req-6700fb29-9845-49b9-aee4-be5993835d6e - - - - - -] OVN reports status down for port: bc3f9ef1-62e6-4d4e-a26a-c43c58bd8cae
2026-05-07 10:28:20.880 8 INFO neutron.db.ovn_revision_numbers_db [None req-5042d454-a4e4-4d24-aedf-2732c3643d28 6c35b2ec75be4458a4076285345b87ca f93ddedbbd1e4297965a4db90494eba9 - - default default] Successfully bumped revision number for resource bc3f9ef1-62e6-4d4e-a26a-c43c58bd8cae (type: ports) to 1
2026-05-07 10:28:20.897 7 INFO neutron.services.segments.plugin [-] Segment 420fb664-147e-46c2-b354-54651371d2ad resource provider aggregate not found
2026-05-07 10:28:20.902 7 INFO neutron.services.segments.plugin [-] Segment 420fb664-147e-46c2-b354-54651371d2ad resource provider aggregate not found
2026-05-07 10:28:20.920 7 INFO neutron.services.segments.plugin [-] Segment 420fb664-147e-46c2-b354-54651371d2ad resource provider not found; error: Placement Client Error (4xx): {"errors": [{"status": 404, "title": "Not Found", "detail": "The resource could not be found.\n\n No resource provider with uuid 420fb664-147e-46c2-b354-54651371d2ad found for delete ", "request_id": "req-0446c304-11d2-4f0e-b6d0-ebb6c95d845a"}]}
2026-05-07 10:28:20.923 7 INFO neutron.services.segments.plugin [-] Segment 420fb664-147e-46c2-b354-54651371d2ad resource provider not found; error: Placement Client Error (4xx): {"errors": [{"status": 404, "title": "Not Found", "detail": "The resource could not be found.\n\n No resource provider with uuid 420fb664-147e-46c2-b354-54651371d2ad found for delete ", "request_id": "req-11d9ad34-aac1-4e05-a159-2e5b6b0e1cfb"}]} [pid: 7|app: 0|req: 524/976] 10.0.0.173 () {32 vars in 726 bytes} [Thu May 7 10:28:20 2026] DELETE /v2.0/networks/6b18786e-ca10-4752-a36c-3fe92915e5ca => generated 0 bytes in 406 msecs (HTTP/1.1 204) 3 headers in 131 bytes (1 switches on core 0)
2026-05-07 10:28:21.022 8 INFO neutron.db.ovn_revision_numbers_db [None req-5042d454-a4e4-4d24-aedf-2732c3643d28 6c35b2ec75be4458a4076285345b87ca f93ddedbbd1e4297965a4db90494eba9 - - default default] Successfully bumped revision number for resource 1b5dcb69-1731-45c0-816c-ad669bea3929 (type: networks) to 1
2026-05-07 10:28:21.257 8 WARNING neutron.scheduler.dhcp_agent_scheduler [None req-5042d454-a4e4-4d24-aedf-2732c3643d28 6c35b2ec75be4458a4076285345b87ca f93ddedbbd1e4297965a4db90494eba9 - - default default] No more DHCP agents
2026-05-07 10:28:21.259 8 WARNING neutron.api.rpc.agentnotifiers.dhcp_rpc_agent_api [None req-5042d454-a4e4-4d24-aedf-2732c3643d28 6c35b2ec75be4458a4076285345b87ca f93ddedbbd1e4297965a4db90494eba9 - - default default] Unable to schedule network 1b5dcb69-1731-45c0-816c-ad669bea3929: no agents available; will retry on subsequent port and subnet creation events.
2026-05-07 10:28:21.331 8 INFO neutron.plugins.ml2.drivers.ovn.mech_driver.mech_driver [None req-6700fb29-9845-49b9-aee4-be5993835d6e - - - - - -] OVN reports status down for port: 4d1db73f-02b3-4067-914c-f8bbff0661eb
2026-05-07 10:28:21.410 8 INFO neutron.db.ovn_revision_numbers_db [None req-5042d454-a4e4-4d24-aedf-2732c3643d28 6c35b2ec75be4458a4076285345b87ca f93ddedbbd1e4297965a4db90494eba9 - - default default] Successfully bumped revision number for resource 4d1db73f-02b3-4067-914c-f8bbff0661eb (type: ports) to 1 [pid: 8|app: 0|req: 453/977] 10.0.0.173 () {34 vars in 670 bytes} [Thu May 7 10:28:19 2026] POST /v2.0/networks => generated 1245 bytes in 1758 msecs (HTTP/1.1 201) 4 headers in 163 bytes (1 switches on core 0)
2026-05-07 10:28:21.550 7 INFO neutron.db.ovn_revision_numbers_db [req-c8629b20-12bc-4811-ac62-03e4fae2ad53 req-52abe6f8-48c2-43ef-a840-9e1a28d2c75d f9644571143e45588e37da5eb4a9f5c7 7a495937dd2243bda4635afb41041f0e - - default default] Successfully bumped revision number for resource 1ce37dda-f740-48e1-a9e5-52c9e49d97d4 (type: ports) to 6 [pid: 7|app: 0|req: 525/978] 199.204.45.248 () {38 vars in 1028 bytes} [Thu May 7 10:28:20 2026] PUT /v2.0/ports/1ce37dda-f740-48e1-a9e5-52c9e49d97d4 => generated 1149 bytes in 610 msecs (HTTP/1.1 200) 4 headers in 158 bytes (1 switches on core 0) /var/lib/openstack/lib/python3.12/site-packages/pycadf/identifier.py:70: UserWarning: Invalid uuid: neutron. To ensure interoperability, identifiers should be a valid uuid. warnings.warn(('Invalid uuid: %s. To ensure interoperability, ' [pid: 7|app: 0|req: 526/979] 10.0.0.173 () {32 vars in 774 bytes} [Thu May 7 10:28:21 2026] GET /v2.0/security-groups?tenant_id=d45b394cd7644e7e8dd5815a9d2c3755&name=default => generated 2921 bytes in 42 msecs (HTTP/1.1 200) 4 headers in 158 bytes (1 switches on core 0)
2026-05-07 10:28:21.607 7 INFO neutron.notifiers.nova [-] Nova event matching ['req-233e2ee5-2714-4b01-8fa9-9c4520829f37'] response: {'name': 'network-changed', 'server_uuid': 'f41a3bd6-73ce-46a0-ab32-eac5b84ab04d', 'tag': '1ce37dda-f740-48e1-a9e5-52c9e49d97d4', 'status': 'completed', 'code': 200} [pid: 7|app: 0|req: 527/980] 10.0.0.173 () {32 vars in 649 bytes} [Thu May 7 10:28:21 2026] GET /v2.0/networks => generated 1856 bytes in 47 msecs (HTTP/1.1 200) 4 headers in 158 bytes (1 switches on core 0)
2026-05-07 10:28:21.763 8 INFO neutron.db.ovn_revision_numbers_db [None req-39ed9a47-56bf-469c-8704-4ffe5469941f 03c68863a3f148468ed45b5bdfb1d3f3 3ea92d53a90b4fb297dc21fda7a134c7 - - default default] Successfully bumped revision number for resource ed7e43b5-5c0d-4ec6-85b9-2fbd61e2ae52 (type: security_groups) to 1
2026-05-07 10:28:21.775 8 INFO neutron.db.ovn_revision_numbers_db [None req-39ed9a47-56bf-469c-8704-4ffe5469941f 03c68863a3f148468ed45b5bdfb1d3f3 3ea92d53a90b4fb297dc21fda7a134c7 - - default default] Successfully bumped revision number for resource 3a7dc741-c3c5-4454-ab3e-e8f9f245efe0 (type: security_group_rules) to 0
2026-05-07 10:28:21.785 8 INFO neutron.db.ovn_revision_numbers_db [None req-39ed9a47-56bf-469c-8704-4ffe5469941f 03c68863a3f148468ed45b5bdfb1d3f3 3ea92d53a90b4fb297dc21fda7a134c7 - - default default] Successfully bumped revision number for resource 64e97400-b2bd-4a68-bde1-d88dd63e76a7 (type: security_group_rules) to 0
2026-05-07 10:28:21.806 8 INFO neutron.db.ovn_revision_numbers_db [None req-39ed9a47-56bf-469c-8704-4ffe5469941f 03c68863a3f148468ed45b5bdfb1d3f3 3ea92d53a90b4fb297dc21fda7a134c7 - - default default] Successfully bumped revision number for resource a6b067b4-e02e-4c10-b0d4-e8d340ac2020 (type: security_group_rules) to 0
2026-05-07 10:28:21.821 8 INFO neutron.db.ovn_revision_numbers_db [None req-39ed9a47-56bf-469c-8704-4ffe5469941f 03c68863a3f148468ed45b5bdfb1d3f3 3ea92d53a90b4fb297dc21fda7a134c7 - - default default] Successfully bumped revision number for resource bdd74d00-b963-4cb9-8cd2-33d0aad9a503 (type: security_group_rules) to 0
2026-05-07 10:28:21.899 8 INFO neutron.db.segments_db [None req-39ed9a47-56bf-469c-8704-4ffe5469941f 03c68863a3f148468ed45b5bdfb1d3f3 3ea92d53a90b4fb297dc21fda7a134c7 - - default default] Added segment 616d78cc-9562-4ad2-a8a6-802fc51aff61 of type geneve for network 1d00d1f8-6ca2-4e5d-814a-cdb2adf0c9cc [pid: 7|app: 0|req: 528/981] 10.0.0.173 () {32 vars in 740 bytes} [Thu May 7 10:28:21 2026] DELETE /v2.0/security-groups/097858e6-7568-495d-b93c-497fcfe5edfa => generated 0 bytes in 300 msecs (HTTP/1.1 204) 2 headers in 112 bytes (1 switches on core 0)
2026-05-07 10:28:22.034 8 INFO neutron.db.ovn_revision_numbers_db [None req-39ed9a47-56bf-469c-8704-4ffe5469941f 03c68863a3f148468ed45b5bdfb1d3f3 3ea92d53a90b4fb297dc21fda7a134c7 - - default default] Successfully bumped revision number for resource 1d00d1f8-6ca2-4e5d-814a-cdb2adf0c9cc (type: networks) to 1
2026-05-07 10:28:22.084 7 INFO neutron_taas.services.taas.taas_plugin [None req-649bad31-7ac1-418a-b07c-23f72c36bd16 6c35b2ec75be4458a4076285345b87ca f93ddedbbd1e4297965a4db90494eba9 - - default default] TaaS: Handle Delete Port: bc3f9ef1-62e6-4d4e-a26a-c43c58bd8cae
2026-05-07 10:28:22.087 7 INFO neutron_taas.services.taas.tap_mirror_plugin [None req-649bad31-7ac1-418a-b07c-23f72c36bd16 6c35b2ec75be4458a4076285345b87ca f93ddedbbd1e4297965a4db90494eba9 - - default default] Tap Mirror: Handle Delete Port: bc3f9ef1-62e6-4d4e-a26a-c43c58bd8cae
2026-05-07 10:28:22.213 8 WARNING neutron.scheduler.dhcp_agent_scheduler [None req-39ed9a47-56bf-469c-8704-4ffe5469941f 03c68863a3f148468ed45b5bdfb1d3f3 3ea92d53a90b4fb297dc21fda7a134c7 - - default default] No more DHCP agents
2026-05-07 10:28:22.215 8 WARNING neutron.api.rpc.agentnotifiers.dhcp_rpc_agent_api [None req-39ed9a47-56bf-469c-8704-4ffe5469941f 03c68863a3f148468ed45b5bdfb1d3f3 3ea92d53a90b4fb297dc21fda7a134c7 - - default default] Unable to schedule network 1d00d1f8-6ca2-4e5d-814a-cdb2adf0c9cc: no agents available; will retry on subsequent port and subnet creation events.
2026-05-07 10:28:22.286 8 INFO neutron.plugins.ml2.drivers.ovn.mech_driver.mech_driver [None req-6700fb29-9845-49b9-aee4-be5993835d6e - - - - - -] OVN reports status down for port: 86434f27-8c26-4858-b0db-d063e5493bee [pid: 7|app: 0|req: 529/982] 10.0.0.173 () {32 vars in 726 bytes} [Thu May 7 10:28:21 2026] DELETE /v2.0/networks/6f8ce604-bf2d-4b75-9886-0f63e95aaa08 => generated 0 bytes in 384 msecs (HTTP/1.1 204) 3 headers in 131 bytes (1 switches on core 0)
2026-05-07 10:28:22.373 8 INFO neutron.db.ovn_revision_numbers_db [None req-39ed9a47-56bf-469c-8704-4ffe5469941f 03c68863a3f148468ed45b5bdfb1d3f3 3ea92d53a90b4fb297dc21fda7a134c7 - - default default] Successfully bumped revision number for resource 86434f27-8c26-4858-b0db-d063e5493bee (type: ports) to 1 [pid: 8|app: 0|req: 454/983] 10.0.0.173 () {34 vars in 671 bytes} [Thu May 7 10:28:21 2026] POST /v2.0/networks => generated 747 bytes in 957 msecs (HTTP/1.1 201) 4 headers in 162 bytes (1 switches on core 0) [pid: 8|app: 0|req: 455/984] 199.204.45.248 () {34 vars in 1080 bytes} [Thu May 7 10:28:22 2026] GET /v2.0/ports?tenant_id=7a495937dd2243bda4635afb41041f0e&device_id=f41a3bd6-73ce-46a0-ab32-eac5b84ab04d => generated 1390 bytes in 41 msecs (HTTP/1.1 200) 4 headers in 158 bytes (1 switches on core 0) [pid: 7|app: 0|req: 530/985] 10.0.0.246 () {28 vars in 583 bytes} [Thu May 7 10:28:22 2026] GET /v2.0/subnets => generated 1996 bytes in 128 msecs (HTTP/1.1 200) 4 headers in 158 bytes (1 switches on core 0)
2026-05-07 10:28:22.555 8 INFO neutron_taas.services.taas.taas_plugin [None req-78c32cbc-791b-44df-88c6-d3e1af552901 6c35b2ec75be4458a4076285345b87ca f93ddedbbd1e4297965a4db90494eba9 - - default default] TaaS: Handle Delete Port: 4d1db73f-02b3-4067-914c-f8bbff0661eb
2026-05-07 10:28:22.557 8 INFO neutron_taas.services.taas.tap_mirror_plugin [None req-78c32cbc-791b-44df-88c6-d3e1af552901 6c35b2ec75be4458a4076285345b87ca f93ddedbbd1e4297965a4db90494eba9 - - default default] Tap Mirror: Handle Delete Port: 4d1db73f-02b3-4067-914c-f8bbff0661eb
2026-05-07 10:28:22.569 7 WARNING neutron.scheduler.dhcp_agent_scheduler [None req-8e03e6fc-2fd0-407c-b864-761afdd9918b 03c68863a3f148468ed45b5bdfb1d3f3 3ea92d53a90b4fb297dc21fda7a134c7 - - default default] No more DHCP agents
2026-05-07 10:28:22.570 7 WARNING neutron.api.rpc.agentnotifiers.dhcp_rpc_agent_api [None req-8e03e6fc-2fd0-407c-b864-761afdd9918b 03c68863a3f148468ed45b5bdfb1d3f3 3ea92d53a90b4fb297dc21fda7a134c7 - - default default] Unable to schedule network 1d00d1f8-6ca2-4e5d-814a-cdb2adf0c9cc: no agents available; will retry on subsequent port and subnet creation events.
2026-05-07 10:28:22.749 8 INFO neutron.services.segments.plugin [-] Segment fc5a66b8-cb71-4898-be69-2237a16a41dd resource provider aggregate not found
2026-05-07 10:28:22.752 8 INFO neutron.services.segments.plugin [-] Segment fc5a66b8-cb71-4898-be69-2237a16a41dd resource provider aggregate not found
2026-05-07 10:28:22.770 8 INFO neutron.services.segments.plugin [-] Segment fc5a66b8-cb71-4898-be69-2237a16a41dd resource provider not found; error: Placement Client Error (4xx): {"errors": [{"status": 404, "title": "Not Found", "detail": "The resource could not be found.\n\n No resource provider with uuid fc5a66b8-cb71-4898-be69-2237a16a41dd found for delete ", "request_id": "req-676eecd9-7b33-436c-ae73-30dc32c76620"}]}
2026-05-07 10:28:22.772 8 INFO neutron.services.segments.plugin [-] Segment fc5a66b8-cb71-4898-be69-2237a16a41dd resource provider not found; error: Placement Client Error (4xx): {"errors": [{"status": 404, "title": "Not Found", "detail": "The resource could not be found.\n\n No resource provider with uuid fc5a66b8-cb71-4898-be69-2237a16a41dd found for delete ", "request_id": "req-717e976b-a6d8-4416-b845-0b77b36fed1b"}]} [pid: 8|app: 0|req: 456/986] 10.0.0.173 () {32 vars in 726 bytes} [Thu May 7 10:28:22 2026] DELETE /v2.0/networks/1b5dcb69-1731-45c0-816c-ad669bea3929 => generated 0 bytes in 366 msecs (HTTP/1.1 204) 3 headers in 131 bytes (1 switches on core 0) [pid: 8|app: 0|req: 457/987] 199.204.45.248 () {34 vars in 986 bytes} [Thu May 7 10:28:22 2026] GET /v2.0/networks?id=18d0db42-c43e-4c55-832f-e80e2c073d5f => generated 782 bytes in 55 msecs (HTTP/1.1 200) 4 headers in 157 bytes (1 switches on core 0) [pid: 8|app: 0|req: 458/988] 10.0.0.246 () {28 vars in 583 bytes} [Thu May 7 10:28:22 2026] GET /v2.0/routers => generated 985 bytes in 63 msecs (HTTP/1.1 200) 4 headers in 157 bytes (1 switches on core 0)
2026-05-07 10:28:22.955 7 INFO neutron.services.segments.plugin [-] Segment da544e7e-2889-49d8-8ad7-bde2994c9737 resource provider aggregate not found
2026-05-07 10:28:22.959 7 INFO neutron.services.segments.plugin [-] Segment da544e7e-2889-49d8-8ad7-bde2994c9737 resource provider aggregate not found
2026-05-07 10:28:22.975 7 INFO neutron.services.segments.plugin [-] Segment da544e7e-2889-49d8-8ad7-bde2994c9737 resource provider not found; error: Placement Client Error (4xx): {"errors": [{"status": 404, "title": "Not Found", "detail": "The resource could not be found.\n\n No resource provider with uuid da544e7e-2889-49d8-8ad7-bde2994c9737 found for delete ", "request_id": "req-453b2847-5685-4d11-b425-af5ce876f432"}]}
2026-05-07 10:28:22.984 7 INFO neutron.services.segments.plugin [-] Segment da544e7e-2889-49d8-8ad7-bde2994c9737 resource provider not found; error: Placement Client Error (4xx): {"errors": [{"status": 404, "title": "Not Found", "detail": "The resource could not be found.\n\n No resource provider with uuid da544e7e-2889-49d8-8ad7-bde2994c9737 found for delete ", "request_id": "req-d044a0c5-d1fe-4506-9385-5c29dfc509d8"}]} [pid: 8|app: 0|req: 459/989] 10.0.0.173 () {32 vars in 649 bytes} [Thu May 7 10:28:22 2026] GET /v2.0/networks => generated 651 bytes in 53 msecs (HTTP/1.1 200) 4 headers in 157 bytes (1 switches on core 0) [pid: 8|app: 0|req: 460/990] 199.204.45.248 () {34 vars in 1060 bytes} [Thu May 7 10:28:22 2026] GET /v2.0/floatingips?fixed_ip_address=10.100.0.12&port_id=1ce37dda-f740-48e1-a9e5-52c9e49d97d4 => generated 861 bytes in 70 msecs (HTTP/1.1 200) 4 headers in 157 bytes (1 switches on core 0)
2026-05-07 10:28:23.067 7 INFO neutron.db.ovn_revision_numbers_db [None req-aa89b8ab-a830-4a3d-97e2-d154d8b4ef4e - - - - - -] Successfully bumped revision number for resource 86434f27-8c26-4858-b0db-d063e5493bee (type: ports) to 2 [pid: 8|app: 0|req: 461/991] 10.0.0.246 () {28 vars in 624 bytes} [Thu May 7 10:28:23 2026] GET /v2.0/agents?binary=ovn-controller => generated 416 bytes in 16 msecs (HTTP/1.1 200) 4 headers in 157 bytes (1 switches on core 0)
2026-05-07 10:28:23.102 7 INFO neutron.db.ovn_revision_numbers_db [None req-aa89b8ab-a830-4a3d-97e2-d154d8b4ef4e - - - - - -] Successfully bumped revision number for resource 84e31d56-961e-4345-8cd4-ed53fe88556c (type: subnets) to 0 [pid: 7|app: 0|req: 531/992] 10.0.0.173 () {34 vars in 669 bytes} [Thu May 7 10:28:22 2026] POST /v2.0/subnets => generated 691 bytes in 654 msecs (HTTP/1.1 201) 4 headers in 162 bytes (1 switches on core 0) [pid: 7|app: 0|req: 532/993] 199.204.45.248 () {34 vars in 1058 bytes} [Thu May 7 10:28:23 2026] GET /v2.0/floatingips?fixed_ip_address=10.100.0.9&port_id=1ce37dda-f740-48e1-a9e5-52c9e49d97d4 => generated 19 bytes in 20 msecs (HTTP/1.1 200) 4 headers in 156 bytes (1 switches on core 0)
2026-05-07 10:28:23.166 8 INFO neutron.db.segments_db [None req-dbbe3779-e35d-40db-b22b-de914661fff3 6c35b2ec75be4458a4076285345b87ca f93ddedbbd1e4297965a4db90494eba9 - - default default] Added segment 406a0594-fb2e-4d6c-a40e-6f7a145ec14b of type geneve for network fc1bdfb4-6de4-4573-a7a6-bb727603c03f [pid: 7|app: 0|req: 533/994] 10.0.0.246 () {28 vars in 591 bytes} [Thu May 7 10:28:23 2026] GET /v2.0/floatingips => generated 861 bytes in 51 msecs (HTTP/1.1 200) 4 headers in 157 bytes (1 switches on core 0)
2026-05-07 10:28:23.317 8 INFO neutron.db.ovn_revision_numbers_db [None req-dbbe3779-e35d-40db-b22b-de914661fff3 6c35b2ec75be4458a4076285345b87ca f93ddedbbd1e4297965a4db90494eba9 - - default default] Successfully bumped revision number for resource fc1bdfb4-6de4-4573-a7a6-bb727603c03f (type: networks) to 1
2026-05-07 10:28:23.489 8 WARNING neutron.scheduler.dhcp_agent_scheduler [None req-dbbe3779-e35d-40db-b22b-de914661fff3 6c35b2ec75be4458a4076285345b87ca f93ddedbbd1e4297965a4db90494eba9 - - default default] No more DHCP agents
2026-05-07 10:28:23.491 8 WARNING neutron.api.rpc.agentnotifiers.dhcp_rpc_agent_api [None req-dbbe3779-e35d-40db-b22b-de914661fff3 6c35b2ec75be4458a4076285345b87ca f93ddedbbd1e4297965a4db90494eba9 - - default default] Unable to schedule network fc1bdfb4-6de4-4573-a7a6-bb727603c03f: no agents available; will retry on subsequent port and subnet creation events.
2026-05-07 10:28:23.553 8 INFO neutron.plugins.ml2.drivers.ovn.mech_driver.mech_driver [None req-6700fb29-9845-49b9-aee4-be5993835d6e - - - - - -] OVN reports status down for port: 2f13e45d-cd1e-4e21-a5b0-e3f0e0fd2bdc
2026-05-07 10:28:23.614 8 INFO neutron.db.ovn_revision_numbers_db [None req-dbbe3779-e35d-40db-b22b-de914661fff3 6c35b2ec75be4458a4076285345b87ca f93ddedbbd1e4297965a4db90494eba9 - - default default] Successfully bumped revision number for resource 2f13e45d-cd1e-4e21-a5b0-e3f0e0fd2bdc (type: ports) to 1 [pid: 8|app: 0|req: 462/995] 10.0.0.173 () {34 vars in 670 bytes} [Thu May 7 10:28:23 2026] POST /v2.0/networks => generated 650 bytes in 577 msecs (HTTP/1.1 201) 4 headers in 162 bytes (1 switches on core 0)
2026-05-07 10:28:23.651 7 WARNING neutron.scheduler.dhcp_agent_scheduler [None req-07e1b051-c4d0-419c-8c88-8f05a79b6e13 03c68863a3f148468ed45b5bdfb1d3f3 3ea92d53a90b4fb297dc21fda7a134c7 - - default default] No more DHCP agents
2026-05-07 10:28:23.652 7 WARNING neutron.api.rpc.agentnotifiers.dhcp_rpc_agent_api [None req-07e1b051-c4d0-419c-8c88-8f05a79b6e13 03c68863a3f148468ed45b5bdfb1d3f3 3ea92d53a90b4fb297dc21fda7a134c7 - - default default] Unable to schedule network 08ce676e-fb43-4b88-a653-edfd716eac8a: no agents available; will retry on subsequent port and subnet creation events. [pid: 8|app: 0|req: 463/996] 199.204.45.248 () {34 vars in 984 bytes} [Thu May 7 10:28:23 2026] GET /v2.0/subnets?id=a75cf9a3-39af-41fd-b85d-2100495e524d => generated 701 bytes in 31 msecs (HTTP/1.1 200) 4 headers in 157 bytes (1 switches on core 0) [pid: 8|app: 0|req: 464/997] 10.0.0.246 () {28 vars in 585 bytes} [Thu May 7 10:28:23 2026] GET /v2.0/networks => generated 4427 bytes in 82 msecs (HTTP/1.1 200) 4 headers in 158 bytes (1 switches on core 0)
2026-05-07 10:28:23.790 8 INFO neutron.plugins.ml2.drivers.ovn.mech_driver.mech_driver [None req-6700fb29-9845-49b9-aee4-be5993835d6e - - - - - -] OVN reports status down for port: 127af87f-3220-4307-b76e-30a16eccdde2
2026-05-07 10:28:23.829 7 INFO neutron.db.ovn_revision_numbers_db [None req-07e1b051-c4d0-419c-8c88-8f05a79b6e13 03c68863a3f148468ed45b5bdfb1d3f3 3ea92d53a90b4fb297dc21fda7a134c7 - - default default] Successfully bumped revision number for resource 127af87f-3220-4307-b76e-30a16eccdde2 (type: ports) to 1
2026-05-07 10:28:24.103 8 INFO neutron.db.ovn_revision_numbers_db [None req-1db89b31-9de0-48df-890e-69478c0f6e49 03c68863a3f148468ed45b5bdfb1d3f3 3ea92d53a90b4fb297dc21fda7a134c7 - - default default] Successfully bumped revision number for resource 3cf1c5bb-352b-47ac-b75c-28876cdd39d2 (type: security_groups) to 1
2026-05-07 10:28:24.120 8 INFO neutron.db.ovn_revision_numbers_db [None req-1db89b31-9de0-48df-890e-69478c0f6e49 03c68863a3f148468ed45b5bdfb1d3f3 3ea92d53a90b4fb297dc21fda7a134c7 - - default default] Successfully bumped revision number for resource 447a353a-8edb-48f1-aa96-20a81ba4cf67 (type: security_group_rules) to 0
2026-05-07 10:28:24.132 8 INFO neutron.db.ovn_revision_numbers_db [None req-1db89b31-9de0-48df-890e-69478c0f6e49 03c68863a3f148468ed45b5bdfb1d3f3 3ea92d53a90b4fb297dc21fda7a134c7 - - default default] Successfully bumped revision number for resource c79f6f97-728f-4764-87ae-4884209efe21 (type: security_group_rules) to 0
2026-05-07 10:28:24.145 8 INFO neutron.db.ovn_revision_numbers_db [None req-1db89b31-9de0-48df-890e-69478c0f6e49 03c68863a3f148468ed45b5bdfb1d3f3 3ea92d53a90b4fb297dc21fda7a134c7 - - default default] Successfully bumped revision number for resource cadae92d-7128-4ac3-bd1c-9c9b6c59ecdf (type: security_group_rules) to 0
2026-05-07 10:28:24.157 8 INFO neutron.db.ovn_revision_numbers_db [None req-1db89b31-9de0-48df-890e-69478c0f6e49 03c68863a3f148468ed45b5bdfb1d3f3 3ea92d53a90b4fb297dc21fda7a134c7 - - default default] Successfully bumped revision number for resource ce0b955e-8897-42cb-84c0-5f6c9129555f (type: security_group_rules) to 0
2026-05-07 10:28:24.228 8 INFO neutron.db.segments_db [None req-1db89b31-9de0-48df-890e-69478c0f6e49 03c68863a3f148468ed45b5bdfb1d3f3 3ea92d53a90b4fb297dc21fda7a134c7 - - default default] Added segment 273d478f-1349-4cd1-acba-9a46624fda09 of type geneve for network f5a563d9-2eeb-4b4b-8057-99693254c1eb
2026-05-07 10:28:24.329 8 INFO neutron.db.ovn_revision_numbers_db [None req-1db89b31-9de0-48df-890e-69478c0f6e49 03c68863a3f148468ed45b5bdfb1d3f3 3ea92d53a90b4fb297dc21fda7a134c7 - - default default] Successfully bumped revision number for resource f5a563d9-2eeb-4b4b-8057-99693254c1eb (type: networks) to 1
2026-05-07 10:28:24.437 7 INFO neutron.plugins.ml2.drivers.ovn.mech_driver.ovsdb.commands [-] Schedule LRP lrp-127af87f-3220-4307-b76e-30a16eccdde2 on gateway 505fd5e6-5547-45b1-b301-606a7fd4a76c with priority 1
2026-05-07 10:28:24.528 8 WARNING neutron.scheduler.dhcp_agent_scheduler [None req-1db89b31-9de0-48df-890e-69478c0f6e49 03c68863a3f148468ed45b5bdfb1d3f3 3ea92d53a90b4fb297dc21fda7a134c7 - - default default] No more DHCP agents
2026-05-07 10:28:24.531 8 WARNING neutron.api.rpc.agentnotifiers.dhcp_rpc_agent_api [None req-1db89b31-9de0-48df-890e-69478c0f6e49 03c68863a3f148468ed45b5bdfb1d3f3 3ea92d53a90b4fb297dc21fda7a134c7 - - default default] Unable to schedule network f5a563d9-2eeb-4b4b-8057-99693254c1eb: no agents available; will retry on subsequent port and subnet creation events.
2026-05-07 10:28:24.566 7 INFO neutron.db.ovn_revision_numbers_db [None req-07e1b051-c4d0-419c-8c88-8f05a79b6e13 03c68863a3f148468ed45b5bdfb1d3f3 3ea92d53a90b4fb297dc21fda7a134c7 - - default default] Successfully bumped revision number for resource 127af87f-3220-4307-b76e-30a16eccdde2 (type: router_ports) to 1
2026-05-07 10:28:24.600 8 INFO neutron.plugins.ml2.drivers.ovn.mech_driver.ovsdb.ovsdb_monitor [None req-be2fed66-cd53-4785-8ead-eda34e5bc023 - - - - - -] Router 1145f2c0-066a-44a1-a46c-846bbfcde267 is bound to host instance
2026-05-07 10:28:24.606 8 INFO neutron.plugins.ml2.drivers.ovn.mech_driver.mech_driver [None req-6700fb29-9845-49b9-aee4-be5993835d6e - - - - - -] OVN reports status up for port: 127af87f-3220-4307-b76e-30a16eccdde2
2026-05-07 10:28:24.627 7 INFO neutron.db.ovn_revision_numbers_db [None req-07e1b051-c4d0-419c-8c88-8f05a79b6e13 03c68863a3f148468ed45b5bdfb1d3f3 3ea92d53a90b4fb297dc21fda7a134c7 - - default default] Successfully bumped revision number for resource 1145f2c0-066a-44a1-a46c-846bbfcde267 (type: routers) to 2 [pid: 7|app: 0|req: 534/998] 10.0.0.173 () {34 vars in 669 bytes} [Thu May 7 10:28:23 2026] POST /v2.0/routers => generated 969 bytes in 1449 msecs (HTTP/1.1 201) 4 headers in 162 bytes (1 switches on core 0)
2026-05-07 10:28:24.682 8 INFO neutron.plugins.ml2.plugin [None req-6700fb29-9845-49b9-aee4-be5993835d6e - - - - - -] Attempt 1 to provision port 127af87f-3220-4307-b76e-30a16eccdde2
2026-05-07 10:28:24.744 7 INFO neutron.db.segments_db [None req-e87a3ba3-f1fc-4c54-a9e2-611574730a73 6c35b2ec75be4458a4076285345b87ca f93ddedbbd1e4297965a4db90494eba9 - - default default] Added segment a1cea6d9-bf6f-4210-a8df-8cc15f7f6613 of type geneve for network da7e2e65-375d-4e8b-b5cc-4ba31c925bbe
2026-05-07 10:28:24.863 7 INFO neutron.db.ovn_revision_numbers_db [None req-e87a3ba3-f1fc-4c54-a9e2-611574730a73 6c35b2ec75be4458a4076285345b87ca f93ddedbbd1e4297965a4db90494eba9 - - default default] Successfully bumped revision number for resource da7e2e65-375d-4e8b-b5cc-4ba31c925bbe (type: networks) to 1
2026-05-07 10:28:24.944 8 INFO neutron.db.ovn_revision_numbers_db [None req-1db89b31-9de0-48df-890e-69478c0f6e49 03c68863a3f148468ed45b5bdfb1d3f3 3ea92d53a90b4fb297dc21fda7a134c7 - - default default] Successfully bumped revision number for resource b649efb9-bfb1-411e-ba7b-d1813f749e10 (type: ports) to 1 [pid: 8|app: 0|req: 465/999] 10.0.0.173 () {34 vars in 671 bytes} [Thu May 7 10:28:23 2026] POST /v2.0/networks => generated 748 bytes in 1227 msecs (HTTP/1.1 201) 4 headers in 162 bytes (1 switches on core 0)
2026-05-07 10:28:25.031 7 WARNING neutron.scheduler.dhcp_agent_scheduler [None req-e87a3ba3-f1fc-4c54-a9e2-611574730a73 6c35b2ec75be4458a4076285345b87ca f93ddedbbd1e4297965a4db90494eba9 - - default default] No more DHCP agents
2026-05-07 10:28:25.033 7 WARNING neutron.api.rpc.agentnotifiers.dhcp_rpc_agent_api [None req-e87a3ba3-f1fc-4c54-a9e2-611574730a73 6c35b2ec75be4458a4076285345b87ca f93ddedbbd1e4297965a4db90494eba9 - - default default] Unable to schedule network da7e2e65-375d-4e8b-b5cc-4ba31c925bbe: no agents available; will retry on subsequent port and subnet creation events. [pid: 8|app: 0|req: 466/1000] 199.204.45.248 () {34 vars in 1052 bytes} [Thu May 7 10:28:24 2026] GET /v2.0/ports?network_id=18d0db42-c43e-4c55-832f-e80e2c073d5f&device_owner=network%3Adhcp => generated 12 bytes in 43 msecs (HTTP/1.1 200) 4 headers in 156 bytes (1 switches on core 0)
2026-05-07 10:28:25.142 7 INFO neutron.db.ovn_revision_numbers_db [None req-e87a3ba3-f1fc-4c54-a9e2-611574730a73 6c35b2ec75be4458a4076285345b87ca f93ddedbbd1e4297965a4db90494eba9 - - default default] Successfully bumped revision number for resource 2a754c28-da07-4b17-8bdc-2fe97ab9f736 (type: ports) to 1 [pid: 7|app: 0|req: 535/1001] 10.0.0.173 () {34 vars in 670 bytes} [Thu May 7 10:28:24 2026] POST /v2.0/networks => generated 650 bytes in 524 msecs (HTTP/1.1 201) 4 headers in 162 bytes (1 switches on core 0) [pid: 8|app: 0|req: 467/1002] 10.0.0.246 () {28 vars in 579 bytes} [Thu May 7 10:28:25 2026] GET /v2.0/ports => generated 15451 bytes in 300 msecs (HTTP/1.1 200) 4 headers in 159 bytes (1 switches on core 0)
2026-05-07 10:28:25.573 7 WARNING neutron.scheduler.dhcp_agent_scheduler [None req-125321df-aee5-46c6-8294-666ec2fbd22d 03c68863a3f148468ed45b5bdfb1d3f3 3ea92d53a90b4fb297dc21fda7a134c7 - - default default] No more DHCP agents
2026-05-07 10:28:25.575 7 WARNING neutron.api.rpc.agentnotifiers.dhcp_rpc_agent_api [None req-125321df-aee5-46c6-8294-666ec2fbd22d 03c68863a3f148468ed45b5bdfb1d3f3 3ea92d53a90b4fb297dc21fda7a134c7 - - default default] Unable to schedule network 1d00d1f8-6ca2-4e5d-814a-cdb2adf0c9cc: no agents available; will retry on subsequent port and subnet creation events.
2026-05-07 10:28:25.601 8 WARNING neutron.scheduler.dhcp_agent_scheduler [None req-4c6a214a-82bb-4e19-a277-746596665630 03c68863a3f148468ed45b5bdfb1d3f3 3ea92d53a90b4fb297dc21fda7a134c7 - - default default] No more DHCP agents
2026-05-07 10:28:25.605 8 WARNING neutron.api.rpc.agentnotifiers.dhcp_rpc_agent_api [None req-4c6a214a-82bb-4e19-a277-746596665630 03c68863a3f148468ed45b5bdfb1d3f3 3ea92d53a90b4fb297dc21fda7a134c7 - - default default] Unable to schedule network f5a563d9-2eeb-4b4b-8057-99693254c1eb: no agents available; will retry on subsequent port and subnet creation events.
2026-05-07 10:28:25.727 7 INFO neutron.db.ovn_revision_numbers_db [None req-125321df-aee5-46c6-8294-666ec2fbd22d 03c68863a3f148468ed45b5bdfb1d3f3 3ea92d53a90b4fb297dc21fda7a134c7 - - default default] Successfully bumped revision number for resource cf9a9270-da33-4d8b-b57d-bfdfc02afca7 (type: ports) to 1
2026-05-07 10:28:26.215 8 INFO neutron.db.ovn_revision_numbers_db [None req-be85a294-7bc5-48cc-8162-9c5f3cf3238e - - - - - -] Successfully bumped revision number for resource 127af87f-3220-4307-b76e-30a16eccdde2 (type: ports) to 4
2026-05-07 10:28:26.389 7 WARNING neutron.scheduler.dhcp_agent_scheduler [None req-125321df-aee5-46c6-8294-666ec2fbd22d 03c68863a3f148468ed45b5bdfb1d3f3 3ea92d53a90b4fb297dc21fda7a134c7 - - default default] No more DHCP agents
2026-05-07 10:28:26.391 7 WARNING neutron.api.rpc.agentnotifiers.dhcp_rpc_agent_api [None req-125321df-aee5-46c6-8294-666ec2fbd22d 03c68863a3f148468ed45b5bdfb1d3f3 3ea92d53a90b4fb297dc21fda7a134c7 - - default default] Unable to schedule network 1d00d1f8-6ca2-4e5d-814a-cdb2adf0c9cc: no agents available; will retry on subsequent port and subnet creation events.
2026-05-07 10:28:26.558 8 INFO neutron.db.ovn_revision_numbers_db [None req-a3e5469d-58df-4151-b78c-5620db84a487 - - - - - -] Successfully bumped revision number for resource b649efb9-bfb1-411e-ba7b-d1813f749e10 (type: ports) to 2
2026-05-07 10:28:26.608 8 INFO neutron.db.ovn_revision_numbers_db [None req-a3e5469d-58df-4151-b78c-5620db84a487 - - - - - -] Successfully bumped revision number for resource d436efa5-a8cd-4208-813b-480269843e7c (type: subnets) to 0 [pid: 8|app: 0|req: 468/1003] 10.0.0.173 () {34 vars in 669 bytes} [Thu May 7 10:28:25 2026] POST /v2.0/subnets => generated 692 bytes in 1303 msecs (HTTP/1.1 201) 4 headers in 162 bytes (1 switches on core 0) [pid: 8|app: 0|req: 469/1004] 199.204.45.248 () {34 vars in 1012 bytes} [Thu May 7 10:28:26 2026] GET /v2.0/networks/18d0db42-c43e-4c55-832f-e80e2c073d5f?fields=segments => generated 14 bytes in 84 msecs (HTTP/1.1 200) 4 headers in 156 bytes (1 switches on core 0)
2026-05-07 10:28:26.853 7 INFO neutron.db.ovn_revision_numbers_db [None req-125321df-aee5-46c6-8294-666ec2fbd22d 03c68863a3f148468ed45b5bdfb1d3f3 3ea92d53a90b4fb297dc21fda7a134c7 - - default default] Successfully bumped revision number for resource cf9a9270-da33-4d8b-b57d-bfdfc02afca7 (type: router_ports) to 1 [pid: 7|app: 0|req: 536/1005] 10.0.0.173 () {34 vars in 783 bytes} [Thu May 7 10:28:25 2026] PUT /v2.0/routers/1145f2c0-066a-44a1-a46c-846bbfcde267/add_router_interface => generated 309 bytes in 1691 msecs (HTTP/1.1 200) 4 headers in 157 bytes (1 switches on core 0) [pid: 7|app: 0|req: 537/1006] 10.0.0.246 () {28 vars in 581 bytes} [Thu May 7 10:28:26 2026] GET /v2.0/agents => generated 1214 bytes in 12 msecs (HTTP/1.1 200) 4 headers in 158 bytes (1 switches on core 0)
2026-05-07 10:28:27.062 8 INFO neutron.db.ovn_revision_numbers_db [None req-be85a294-7bc5-48cc-8162-9c5f3cf3238e - - - - - -] Successfully bumped revision number for resource 127af87f-3220-4307-b76e-30a16eccdde2 (type: ports) to 5
2026-05-07 10:28:27.294 7 WARNING neutron.scheduler.dhcp_agent_scheduler [None req-15f84c2c-c3e3-43fd-990a-036360f47244 03c68863a3f148468ed45b5bdfb1d3f3 3ea92d53a90b4fb297dc21fda7a134c7 - - default default] No more DHCP agents
2026-05-07 10:28:27.295 7 WARNING neutron.api.rpc.agentnotifiers.dhcp_rpc_agent_api [None req-15f84c2c-c3e3-43fd-990a-036360f47244 03c68863a3f148468ed45b5bdfb1d3f3 3ea92d53a90b4fb297dc21fda7a134c7 - - default default] Unable to schedule network 08ce676e-fb43-4b88-a653-edfd716eac8a: no agents available; will retry on subsequent port and subnet creation events.
2026-05-07 10:28:27.460 7 INFO neutron.db.ovn_revision_numbers_db [None req-15f84c2c-c3e3-43fd-990a-036360f47244 03c68863a3f148468ed45b5bdfb1d3f3 3ea92d53a90b4fb297dc21fda7a134c7 - - default default] Successfully bumped revision number for resource 7f26da13-7aff-4235-a713-c4a80095603a (type: ports) to 1
2026-05-07 10:28:27.538 8 WARNING neutron.scheduler.dhcp_agent_scheduler [None req-c4b644b4-a9fd-4970-bfa1-50f854cd429f 6c35b2ec75be4458a4076285345b87ca f93ddedbbd1e4297965a4db90494eba9 - - default default] No more DHCP agents
2026-05-07 10:28:27.539 8 WARNING neutron.api.rpc.agentnotifiers.dhcp_rpc_agent_api [None req-c4b644b4-a9fd-4970-bfa1-50f854cd429f 6c35b2ec75be4458a4076285345b87ca f93ddedbbd1e4297965a4db90494eba9 - - default default] Unable to schedule network fc1bdfb4-6de4-4573-a7a6-bb727603c03f: no agents available; will retry on subsequent port and subnet creation events.
2026-05-07 10:28:27.675 8 INFO neutron.db.ovn_revision_numbers_db [None req-c4b644b4-a9fd-4970-bfa1-50f854cd429f 6c35b2ec75be4458a4076285345b87ca f93ddedbbd1e4297965a4db90494eba9 - - default default] Successfully bumped revision number for resource 5c67a928-2c86-42a0-a962-40145cd7b462 (type: ports) to 1
2026-05-07 10:28:27.728 8 WARNING neutron.scheduler.dhcp_agent_scheduler [None req-c4b644b4-a9fd-4970-bfa1-50f854cd429f 6c35b2ec75be4458a4076285345b87ca f93ddedbbd1e4297965a4db90494eba9 - - default default] No more DHCP agents
2026-05-07 10:28:27.731 8 WARNING neutron.api.rpc.agentnotifiers.dhcp_rpc_agent_api [None req-c4b644b4-a9fd-4970-bfa1-50f854cd429f 6c35b2ec75be4458a4076285345b87ca f93ddedbbd1e4297965a4db90494eba9 - - default default] Unable to schedule network da7e2e65-375d-4e8b-b5cc-4ba31c925bbe: no agents available; will retry on subsequent port and subnet creation events.
2026-05-07 10:28:27.755 8 INFO neutron.plugins.ml2.drivers.ovn.mech_driver.mech_driver [None req-6700fb29-9845-49b9-aee4-be5993835d6e - - - - - -] OVN reports status down for port: b649efb9-bfb1-411e-ba7b-d1813f749e10
2026-05-07 10:28:27.886 8 INFO neutron.plugins.ml2.drivers.ovn.mech_driver.mech_driver [None req-6700fb29-9845-49b9-aee4-be5993835d6e - - - - - -] OVN reports status down for port: 2a754c28-da07-4b17-8bdc-2fe97ab9f736
2026-05-07 10:28:27.932 8 INFO neutron.db.ovn_revision_numbers_db [None req-c4b644b4-a9fd-4970-bfa1-50f854cd429f 6c35b2ec75be4458a4076285345b87ca f93ddedbbd1e4297965a4db90494eba9 - - default default] Successfully bumped revision number for resource 00d9b944-3b1f-40b2-9755-92bb1140d0d3 (type: ports) to 1
2026-05-07 10:28:28.000 8 INFO neutron.plugins.ml2.drivers.ovn.mech_driver.mech_driver [None req-6700fb29-9845-49b9-aee4-be5993835d6e - - - - - -] OVN reports status down for port: cf9a9270-da33-4d8b-b57d-bfdfc02afca7 [pid: 8|app: 0|req: 470/1007] 10.0.0.173 () {34 vars in 665 bytes} [Thu May 7 10:28:26 2026] POST /v2.0/ports => generated 1504 bytes in 1335 msecs (HTTP/1.1 201) 4 headers in 163 bytes (1 switches on core 0) /var/lib/openstack/lib/python3.12/site-packages/pycadf/identifier.py:70: UserWarning: Invalid uuid: neutron. To ensure interoperability, identifiers should be a valid uuid. warnings.warn(('Invalid uuid: %s. To ensure interoperability, '
2026-05-07 10:28:28.098 8 WARNING neutron.plugins.ml2.drivers.ovn.mech_driver.ovsdb.ovn_client [None req-6700fb29-9845-49b9-aee4-be5993835d6e - - - - - -] Logical_Switch_Port cf9a9270-da33-4d8b-b57d-bfdfc02afca7 host information not removed, the port state is up
2026-05-07 10:28:28.099 8 INFO neutron.plugins.ml2.drivers.ovn.mech_driver.mech_driver [None req-6700fb29-9845-49b9-aee4-be5993835d6e - - - - - -] OVN reports status up for port: cf9a9270-da33-4d8b-b57d-bfdfc02afca7
2026-05-07 10:28:28.114 8 INFO neutron.plugins.ml2.plugin [None req-6700fb29-9845-49b9-aee4-be5993835d6e - - - - - -] Attempt 1 to provision port cf9a9270-da33-4d8b-b57d-bfdfc02afca7 [pid: 8|app: 0|req: 471/1008] 199.204.45.248 () {34 vars in 1112 bytes} [Thu May 7 10:28:28 2026] GET /v2.0/networks/18d0db42-c43e-4c55-832f-e80e2c073d5f?fields=provider%3Aphysical_network&fields=provider%3Anetwork_type => generated 79 bytes in 75 msecs (HTTP/1.1 200) 4 headers in 156 bytes (1 switches on core 0)
2026-05-07 10:28:28.166 7 INFO neutron.plugins.ml2.drivers.ovn.mech_driver.ovsdb.commands [-] Schedule LRP lrp-7f26da13-7aff-4235-a713-c4a80095603a on gateway 505fd5e6-5547-45b1-b301-606a7fd4a76c with priority 1 [pid: 8|app: 0|req: 472/1009] 10.0.0.246 () {28 vars in 583 bytes} [Thu May 7 10:28:28 2026] GET /v2.0/subnets => generated 3359 bytes in 113 msecs (HTTP/1.1 200) 4 headers in 158 bytes (1 switches on core 0)
2026-05-07 10:28:28.304 7 INFO neutron.db.ovn_revision_numbers_db [None req-15f84c2c-c3e3-43fd-990a-036360f47244 03c68863a3f148468ed45b5bdfb1d3f3 3ea92d53a90b4fb297dc21fda7a134c7 - - default default] Successfully bumped revision number for resource 7f26da13-7aff-4235-a713-c4a80095603a (type: router_ports) to 1
2026-05-07 10:28:28.377 7 INFO neutron.db.ovn_revision_numbers_db [None req-15f84c2c-c3e3-43fd-990a-036360f47244 03c68863a3f148468ed45b5bdfb1d3f3 3ea92d53a90b4fb297dc21fda7a134c7 - - default default] Successfully bumped revision number for resource 3973331b-49e3-48cd-9733-aaf752405fed (type: routers) to 2 [pid: 7|app: 0|req: 538/1010] 10.0.0.173 () {34 vars in 669 bytes} [Thu May 7 10:28:26 2026] POST /v2.0/routers => generated 970 bytes in 1527 msecs (HTTP/1.1 201) 4 headers in 162 bytes (1 switches on core 0)
2026-05-07 10:28:28.421 8 INFO neutron.plugins.ml2.drivers.ovn.mech_driver.ovsdb.ovsdb_monitor [None req-be85a294-7bc5-48cc-8162-9c5f3cf3238e - - - - - -] Router 3973331b-49e3-48cd-9733-aaf752405fed is bound to host instance [pid: 7|app: 0|req: 539/1011] 10.0.0.173 () {32 vars in 643 bytes} [Thu May 7 10:28:28 2026] GET /v2.0/ports => generated 3016 bytes in 106 msecs (HTTP/1.1 200) 4 headers in 158 bytes (1 switches on core 0) [pid: 7|app: 0|req: 542/1014] 10.0.0.246 () {28 vars in 591 bytes} [Thu May 7 10:28:28 2026] GET /v2.0/subnetpools => generated 19 bytes in 6 msecs (HTTP/1.1 200) 4 headers in 156 bytes (1 switches on core 0)
2026-05-07 10:28:28.744 8 INFO neutron.db.ovn_revision_numbers_db [None req-136090f0-66a2-48ef-8794-48e99cf683f5 eec7f541ab1d44e897f485aed8808e97 ca2464a8c30743bc8dc7ed50025fb58e - - default default] Successfully bumped revision number for resource f0ed0dc5-ad34-4ffe-84e2-dceea72d54ef (type: security_groups) to 1
2026-05-07 10:28:28.778 8 INFO neutron.db.ovn_revision_numbers_db [None req-136090f0-66a2-48ef-8794-48e99cf683f5 eec7f541ab1d44e897f485aed8808e97 ca2464a8c30743bc8dc7ed50025fb58e - - default default] Successfully bumped revision number for resource 2dd445ab-c043-43df-b98c-f2dbbbe206ca (type: security_group_rules) to 0
2026-05-07 10:28:28.829 8 INFO neutron.db.ovn_revision_numbers_db [None req-136090f0-66a2-48ef-8794-48e99cf683f5 eec7f541ab1d44e897f485aed8808e97 ca2464a8c30743bc8dc7ed50025fb58e - - default default] Successfully bumped revision number for resource b27a652c-9a60-4198-bf8e-d0106c1f6a44 (type: security_group_rules) to 0 [pid: 8|app: 0|req: 473/1015] 10.0.0.173 () {34 vars in 685 bytes} [Thu May 7 10:28:28 2026] POST /v2.0/security-groups => generated 1660 bytes in 702 msecs (HTTP/1.1 201) 4 headers in 163 bytes (1 switches on core 0)
2026-05-07 10:28:28.954 7 WARNING neutron.scheduler.dhcp_agent_scheduler [None req-63050180-94f9-47ef-8d96-b0d1fdbdd757 03c68863a3f148468ed45b5bdfb1d3f3 3ea92d53a90b4fb297dc21fda7a134c7 - - default default] No more DHCP agents
2026-05-07 10:28:28.956 7 WARNING neutron.api.rpc.agentnotifiers.dhcp_rpc_agent_api [None req-63050180-94f9-47ef-8d96-b0d1fdbdd757 03c68863a3f148468ed45b5bdfb1d3f3 3ea92d53a90b4fb297dc21fda7a134c7 - - default default] Unable to schedule network f5a563d9-2eeb-4b4b-8057-99693254c1eb: no agents available; will retry on subsequent port and subnet creation events.
2026-05-07 10:28:29.109 7 INFO neutron.db.ovn_revision_numbers_db [None req-63050180-94f9-47ef-8d96-b0d1fdbdd757 03c68863a3f148468ed45b5bdfb1d3f3 3ea92d53a90b4fb297dc21fda7a134c7 - - default default] Successfully bumped revision number for resource 7abbf667-f0fd-4c95-bd8b-f5675555f800 (type: ports) to 1
2026-05-07 10:28:29.411 8 INFO neutron_taas.services.taas.taas_plugin [None req-1bb3c9ab-388c-4113-bc4c-cc4cdf2fe4a1 6c35b2ec75be4458a4076285345b87ca f93ddedbbd1e4297965a4db90494eba9 - - default default] TaaS: Handle Delete Port: 5c67a928-2c86-42a0-a962-40145cd7b462
2026-05-07 10:28:29.434 8 INFO neutron_taas.services.taas.tap_mirror_plugin [None req-1bb3c9ab-388c-4113-bc4c-cc4cdf2fe4a1 6c35b2ec75be4458a4076285345b87ca f93ddedbbd1e4297965a4db90494eba9 - - default default] Tap Mirror: Handle Delete Port: 5c67a928-2c86-42a0-a962-40145cd7b462
2026-05-07 10:28:29.487 8 INFO neutron.db.ovn_revision_numbers_db [None req-6700fb29-9845-49b9-aee4-be5993835d6e - - - - - -] Successfully bumped revision number for resource cf9a9270-da33-4d8b-b57d-bfdfc02afca7 (type: ports) to 2
2026-05-07 10:28:29.784 7 WARNING neutron.scheduler.dhcp_agent_scheduler [None req-63050180-94f9-47ef-8d96-b0d1fdbdd757 03c68863a3f148468ed45b5bdfb1d3f3 3ea92d53a90b4fb297dc21fda7a134c7 - - default default] No more DHCP agents
2026-05-07 10:28:29.789 7 WARNING neutron.api.rpc.agentnotifiers.dhcp_rpc_agent_api [None req-63050180-94f9-47ef-8d96-b0d1fdbdd757 03c68863a3f148468ed45b5bdfb1d3f3 3ea92d53a90b4fb297dc21fda7a134c7 - - default default] Unable to schedule network f5a563d9-2eeb-4b4b-8057-99693254c1eb: no agents available; will retry on subsequent port and subnet creation events. [pid: 8|app: 0|req: 474/1016] 10.0.0.173 () {32 vars in 720 bytes} [Thu May 7 10:28:28 2026] DELETE /v2.0/ports/5c67a928-2c86-42a0-a962-40145cd7b462 => generated 0 bytes in 937 msecs (HTTP/1.1 204) 3 headers in 131 bytes (1 switches on core 0) [pid: 8|app: 0|req: 475/1017] 10.0.0.246 () {28 vars in 599 bytes} [Thu May 7 10:28:29 2026] GET /v2.0/security-groups => generated 33519 bytes in 97 msecs (HTTP/1.1 200) 4 headers in 159 bytes (1 switches on core 0) [pid: 8|app: 0|req: 476/1018] 10.0.0.161 () {34 vars in 990 bytes} [Thu May 7 10:28:29 2026] GET /v2.0/ports?device_id=f41a3bd6-73ce-46a0-ab32-eac5b84ab04d => generated 1152 bytes in 108 msecs (HTTP/1.1 200) 4 headers in 158 bytes (1 switches on core 0)
2026-05-07 10:28:30.269 7 INFO neutron.db.ovn_revision_numbers_db [None req-63050180-94f9-47ef-8d96-b0d1fdbdd757 03c68863a3f148468ed45b5bdfb1d3f3 3ea92d53a90b4fb297dc21fda7a134c7 - - default default] Successfully bumped revision number for resource 7abbf667-f0fd-4c95-bd8b-f5675555f800 (type: router_ports) to 1 [pid: 7|app: 0|req: 543/1019] 10.0.0.173 () {34 vars in 783 bytes} [Thu May 7 10:28:28 2026] PUT /v2.0/routers/3973331b-49e3-48cd-9733-aaf752405fed/add_router_interface => generated 309 bytes in 1760 msecs (HTTP/1.1 200) 4 headers in 157 bytes (1 switches on core 0) [pid: 7|app: 0|req: 544/1020] 199.204.45.248 () {34 vars in 1080 bytes} [Thu May 7 10:28:30 2026] GET /v2.0/ports?tenant_id=7a495937dd2243bda4635afb41041f0e&device_id=f41a3bd6-73ce-46a0-ab32-eac5b84ab04d => generated 1390 bytes in 36 msecs (HTTP/1.1 200) 4 headers in 158 bytes (1 switches on core 0)
2026-05-07 10:28:30.427 7 INFO neutron_taas.services.taas.taas_plugin [None req-59a7a231-0bbf-4e8b-987e-217b1e49999e 6c35b2ec75be4458a4076285345b87ca f93ddedbbd1e4297965a4db90494eba9 - - default default] TaaS: Handle Delete Port: 00d9b944-3b1f-40b2-9755-92bb1140d0d3
2026-05-07 10:28:30.431 7 INFO neutron_taas.services.taas.tap_mirror_plugin [None req-59a7a231-0bbf-4e8b-987e-217b1e49999e 6c35b2ec75be4458a4076285345b87ca f93ddedbbd1e4297965a4db90494eba9 - - default default] Tap Mirror: Handle Delete Port: 00d9b944-3b1f-40b2-9755-92bb1140d0d3
2026-05-07 10:28:30.462 8 INFO neutron.db.ovn_revision_numbers_db [None req-c907a194-f51e-471d-a8c7-805e94856d48 eec7f541ab1d44e897f485aed8808e97 ca2464a8c30743bc8dc7ed50025fb58e - - default default] Successfully bumped revision number for resource 26b0dd0d-a4cc-4de6-bcc8-0f57dfa63783 (type: security_group_rules) to 0 [pid: 8|app: 0|req: 477/1021] 10.0.0.173 () {34 vars in 695 bytes} [Thu May 7 10:28:30 2026] POST /v2.0/security-group-rules => generated 597 bytes in 456 msecs (HTTP/1.1 201) 4 headers in 162 bytes (1 switches on core 0) [pid: 7|app: 0|req: 545/1022] 10.0.0.173 () {32 vars in 720 bytes} [Thu May 7 10:28:30 2026] DELETE /v2.0/ports/00d9b944-3b1f-40b2-9755-92bb1140d0d3 => generated 0 bytes in 251 msecs (HTTP/1.1 204) 3 headers in 131 bytes (1 switches on core 0) [pid: 8|app: 0|req: 478/1023] 10.0.0.246 () {28 vars in 619 bytes} [Thu May 7 10:28:30 2026] GET /v2.0/network-ip-availabilities => generated 3126 bytes in 33 msecs (HTTP/1.1 200) 4 headers in 158 bytes (1 switches on core 0) [pid: 7|app: 0|req: 546/1024] 10.0.0.161 () {34 vars in 1040 bytes} [Thu May 7 10:28:30 2026] GET /v2.0/security-groups?id=f6b1cf3e-8d69-4656-a3f3-6ae11301ffe3&fields=id&fields=name => generated 114 bytes in 22 msecs (HTTP/1.1 200) 4 headers in 157 bytes (1 switches on core 0) [pid: 8|app: 0|req: 479/1025] 199.204.45.248 () {34 vars in 986 bytes} [Thu May 7 10:28:30 2026] GET /v2.0/networks?id=18d0db42-c43e-4c55-832f-e80e2c073d5f => generated 782 bytes in 81 msecs (HTTP/1.1 200) 4 headers in 157 bytes (1 switches on core 0)
2026-05-07 10:28:30.740 7 INFO neutron.db.ovn_revision_numbers_db [None req-22c14377-862f-4fd4-b045-0a1761c44434 eec7f541ab1d44e897f485aed8808e97 ca2464a8c30743bc8dc7ed50025fb58e - - default default] Successfully bumped revision number for resource 15505d01-0163-4846-95be-68788d406351 (type: security_group_rules) to 0 [pid: 7|app: 0|req: 547/1026] 10.0.0.173 () {34 vars in 695 bytes} [Thu May 7 10:28:30 2026] POST /v2.0/security-group-rules => generated 602 bytes in 191 msecs (HTTP/1.1 201) 4 headers in 162 bytes (1 switches on core 0) [pid: 8|app: 0|req: 480/1027] 10.0.0.173 () {32 vars in 643 bytes} [Thu May 7 10:28:30 2026] GET /v2.0/ports => generated 1523 bytes in 135 msecs (HTTP/1.1 200) 4 headers in 158 bytes (1 switches on core 0) [pid: 7|app: 0|req: 548/1028] 199.204.45.248 () {34 vars in 1060 bytes} [Thu May 7 10:28:30 2026] GET /v2.0/floatingips?fixed_ip_address=10.100.0.12&port_id=1ce37dda-f740-48e1-a9e5-52c9e49d97d4 => generated 861 bytes in 52 msecs (HTTP/1.1 200) 4 headers in 157 bytes (1 switches on core 0)
2026-05-07 10:28:30.914 7 INFO neutron.db.segments_db [None req-82ff23a3-a4e2-4e6e-8bf7-5880b1162373 6c35b2ec75be4458a4076285345b87ca f93ddedbbd1e4297965a4db90494eba9 - - default default] Added segment 2c2017a1-21a5-4194-88e7-4b47038307bc of type geneve for network 230f627f-f92e-4492-b9f6-d736259a24a4
