2026-05-07 10:25:29.651 8 INFO neutron.api.v2.resource [None req-c48537bb-9ae3-4f89-8182-04d03791fdcf 03c68863a3f148468ed45b5bdfb1d3f3 3ea92d53a90b4fb297dc21fda7a134c7 - - default default] show failed (client error): The resource could not be found. [pid: 8|app: 0|req: 267/537] 199.204.45.248 () {44 vars in 1075 bytes} [Thu May 7 10:25:29 2026] GET /v2.0/security-groups/manila-service-security-group?project_id=55f7f933fa514540878c767742e9a900 => generated 139 bytes in 42 msecs (HTTP/1.1 404) 4 headers in 164 bytes (1 switches on core 0) [pid: 7|app: 0|req: 271/538] 199.204.45.248 () {44 vars in 1098 bytes} [Thu May 7 10:25:29 2026] GET /v2.0/security-groups?name=manila-service-security-group&project_id=55f7f933fa514540878c767742e9a900 => generated 4072 bytes in 28 msecs (HTTP/1.1 200) 4 headers in 158 bytes (1 switches on core 0) [pid: 8|app: 0|req: 268/539] 199.204.45.248 () {44 vars in 1089 bytes} [Thu May 7 10:25:30 2026] GET /v2.0/security-groups/fbc67203-56ac-4b66-a756-df6a010255b0?project_id=55f7f933fa514540878c767742e9a900 => generated 4075 bytes in 48 msecs (HTTP/1.1 200) 4 headers in 158 bytes (1 switches on core 0) [pid: 7|app: 0|req: 272/540] 199.204.45.248 () {44 vars in 1002 bytes} [Thu May 7 10:25:30 2026] GET /v2.0/security-groups/fbc67203-56ac-4b66-a756-df6a010255b0 => generated 4075 bytes in 31 msecs (HTTP/1.1 200) 4 headers in 158 bytes (1 switches on core 0) [pid: 8|app: 0|req: 269/541] 199.204.45.248 () {44 vars in 1012 bytes} [Thu May 7 10:25:30 2026] GET /v2.0/security-group-rules/6b61bcc4-01b9-4830-8567-e1b2d465a6b4 => generated 597 bytes in 31 msecs (HTTP/1.1 200) 4 headers in 157 bytes (1 switches on core 0) [pid: 7|app: 0|req: 273/542] 199.204.45.248 () {44 vars in 1089 bytes} [Thu May 7 10:25:31 2026] GET /v2.0/security-groups/fbc67203-56ac-4b66-a756-df6a010255b0?project_id=55f7f933fa514540878c767742e9a900 => generated 4075 bytes in 69 msecs (HTTP/1.1 200) 4 headers in 158 bytes (1 switches on core 0) [pid: 8|app: 0|req: 270/543] 199.204.45.248 () {44 vars in 1002 bytes} [Thu May 7 10:25:31 2026] GET /v2.0/security-groups/fbc67203-56ac-4b66-a756-df6a010255b0 => generated 4075 bytes in 24 msecs (HTTP/1.1 200) 4 headers in 158 bytes (1 switches on core 0) [pid: 7|app: 0|req: 274/544] 199.204.45.248 () {44 vars in 1012 bytes} [Thu May 7 10:25:31 2026] GET /v2.0/security-group-rules/4154c02d-73f8-4aa1-9a8c-e9f9b6403da3 => generated 599 bytes in 18 msecs (HTTP/1.1 200) 4 headers in 157 bytes (1 switches on core 0) [pid: 8|app: 0|req: 271/545] 199.204.45.248 () {44 vars in 1089 bytes} [Thu May 7 10:25:32 2026] GET /v2.0/security-groups/fbc67203-56ac-4b66-a756-df6a010255b0?project_id=55f7f933fa514540878c767742e9a900 => generated 4075 bytes in 58 msecs (HTTP/1.1 200) 4 headers in 158 bytes (1 switches on core 0) [pid: 7|app: 0|req: 275/546] 199.204.45.248 () {44 vars in 1002 bytes} [Thu May 7 10:25:32 2026] GET /v2.0/security-groups/fbc67203-56ac-4b66-a756-df6a010255b0 => generated 4075 bytes in 36 msecs (HTTP/1.1 200) 4 headers in 158 bytes (1 switches on core 0) [pid: 8|app: 0|req: 272/547] 199.204.45.248 () {44 vars in 1012 bytes} [Thu May 7 10:25:32 2026] GET /v2.0/security-group-rules/3b1dad8d-9078-4747-841a-f47e7b86a49a => generated 601 bytes in 12 msecs (HTTP/1.1 200) 4 headers in 157 bytes (1 switches on core 0) [pid: 7|app: 0|req: 276/548] 199.204.45.248 () {44 vars in 1089 bytes} [Thu May 7 10:25:33 2026] GET /v2.0/security-groups/fbc67203-56ac-4b66-a756-df6a010255b0?project_id=55f7f933fa514540878c767742e9a900 => generated 4075 bytes in 62 msecs (HTTP/1.1 200) 4 headers in 158 bytes (1 switches on core 0) [pid: 8|app: 0|req: 273/549] 199.204.45.248 () {44 vars in 1002 bytes} [Thu May 7 10:25:33 2026] GET /v2.0/security-groups/fbc67203-56ac-4b66-a756-df6a010255b0 => generated 4075 bytes in 39 msecs (HTTP/1.1 200) 4 headers in 158 bytes (1 switches on core 0) [pid: 7|app: 0|req: 277/550] 199.204.45.248 () {44 vars in 1012 bytes} [Thu May 7 10:25:33 2026] GET /v2.0/security-group-rules/9af46910-180d-489f-bd79-8c3a443c5da1 => generated 602 bytes in 16 msecs (HTTP/1.1 200) 4 headers in 157 bytes (1 switches on core 0) [pid: 8|app: 0|req: 274/551] 199.204.45.248 () {44 vars in 976 bytes} [Thu May 7 10:25:40 2026] GET /v2.0/quotas/55f7f933fa514540878c767742e9a900 => generated 291 bytes in 14 msecs (HTTP/1.1 200) 4 headers in 157 bytes (1 switches on core 0) [pid: 7|app: 0|req: 281/558] 10.0.0.246 () {28 vars in 599 bytes} [Thu May 7 10:26:21 2026] GET /v2.0/security-groups => generated 17401 bytes in 70 msecs (HTTP/1.1 200) 4 headers in 159 bytes (1 switches on core 0) [pid: 8|app: 0|req: 278/559] 10.0.0.246 () {28 vars in 583 bytes} [Thu May 7 10:26:21 2026] GET /v2.0/subnets => generated 1308 bytes in 31 msecs (HTTP/1.1 200) 4 headers in 158 bytes (1 switches on core 0) [pid: 7|app: 0|req: 282/560] 10.0.0.246 () {28 vars in 579 bytes} [Thu May 7 10:26:21 2026] GET /v2.0/ports => generated 5175 bytes in 46 msecs (HTTP/1.1 200) 4 headers in 158 bytes (1 switches on core 0) [pid: 8|app: 0|req: 279/561] 10.0.0.246 () {28 vars in 581 bytes} [Thu May 7 10:26:21 2026] GET /v2.0/agents => generated 1214 bytes in 65 msecs (HTTP/1.1 200) 4 headers in 158 bytes (1 switches on core 0) [pid: 7|app: 0|req: 283/562] 10.0.0.246 () {28 vars in 591 bytes} [Thu May 7 10:26:21 2026] GET /v2.0/floatingips => generated 19 bytes in 19 msecs (HTTP/1.1 200) 4 headers in 156 bytes (1 switches on core 0) [pid: 8|app: 0|req: 280/563] 10.0.0.246 () {28 vars in 585 bytes} [Thu May 7 10:26:21 2026] GET /v2.0/networks => generated 2174 bytes in 47 msecs (HTTP/1.1 200) 4 headers in 158 bytes (1 switches on core 0) [pid: 7|app: 0|req: 284/564] 10.0.0.246 () {28 vars in 583 bytes} [Thu May 7 10:26:21 2026] GET /v2.0/routers => generated 15 bytes in 18 msecs (HTTP/1.1 200) 4 headers in 156 bytes (1 switches on core 0) [pid: 8|app: 0|req: 281/565] 10.0.0.246 () {28 vars in 624 bytes} [Thu May 7 10:26:22 2026] GET /v2.0/agents?binary=ovn-controller => generated 416 bytes in 10 msecs (HTTP/1.1 200) 4 headers in 157 bytes (1 switches on core 0) [pid: 7|app: 0|req: 285/566] 10.0.0.246 () {28 vars in 619 bytes} [Thu May 7 10:26:22 2026] GET /v2.0/network-ip-availabilities => generated 1104 bytes in 15 msecs (HTTP/1.1 200) 4 headers in 158 bytes (1 switches on core 0) [pid: 8|app: 0|req: 282/567] 10.0.0.246 () {28 vars in 583 bytes} [Thu May 7 10:26:22 2026] GET /v2.0/subnets => generated 1308 bytes in 25 msecs (HTTP/1.1 200) 4 headers in 158 bytes (1 switches on core 0) [pid: 7|app: 0|req: 286/568] 10.0.0.246 () {28 vars in 591 bytes} [Thu May 7 10:26:22 2026] GET /v2.0/subnetpools => generated 19 bytes in 11 msecs (HTTP/1.1 200) 4 headers in 156 bytes (1 switches on core 0) [pid: 8|app: 0|req: 284/571] 199.204.45.248 () {44 vars in 950 bytes} [Thu May 7 10:26:30 2026] GET /v2.0/networks?name=public => generated 753 bytes in 74 msecs (HTTP/1.1 200) 4 headers in 157 bytes (1 switches on core 0) [pid: 8|app: 0|req: 287/576] 10.0.0.173 () {32 vars in 649 bytes} [Thu May 7 10:27:08 2026] GET /v2.0/networks => generated 2174 bytes in 208 msecs (HTTP/1.1 200) 4 headers in 158 bytes (1 switches on core 0) [pid: 7|app: 0|req: 290/577] 10.0.0.173 () {32 vars in 655 bytes} [Thu May 7 10:27:09 2026] GET /v2.0/floatingips => generated 19 bytes in 27 msecs (HTTP/1.1 200) 4 headers in 156 bytes (1 switches on core 0) [pid: 8|app: 0|req: 288/578] 10.0.0.173 () {32 vars in 647 bytes} [Thu May 7 10:27:09 2026] GET /v2.0/routers => generated 15 bytes in 31 msecs (HTTP/1.1 200) 4 headers in 156 bytes (1 switches on core 0) [pid: 7|app: 0|req: 291/579] 10.0.0.173 () {32 vars in 643 bytes} [Thu May 7 10:27:09 2026] GET /v2.0/ports => generated 5175 bytes in 52 msecs (HTTP/1.1 200) 4 headers in 158 bytes (1 switches on core 0) [pid: 8|app: 0|req: 289/580] 10.0.0.173 () {32 vars in 647 bytes} [Thu May 7 10:27:09 2026] GET /v2.0/subnets => generated 1308 bytes in 34 msecs (HTTP/1.1 200) 4 headers in 158 bytes (1 switches on core 0) [pid: 7|app: 0|req: 292/581] 10.0.0.173 () {32 vars in 649 bytes} [Thu May 7 10:27:09 2026] GET /v2.0/networks => generated 2174 bytes in 51 msecs (HTTP/1.1 200) 4 headers in 158 bytes (1 switches on core 0) [pid: 8|app: 0|req: 290/582] 10.0.0.173 () {32 vars in 663 bytes} [Thu May 7 10:27:10 2026] GET /v2.0/security-groups => generated 17401 bytes in 37 msecs (HTTP/1.1 200) 4 headers in 159 bytes (1 switches on core 0) [pid: 7|app: 0|req: 293/583] 10.0.0.173 () {32 vars in 655 bytes} [Thu May 7 10:27:10 2026] GET /v2.0/subnetpools => generated 19 bytes in 12 msecs (HTTP/1.1 200) 4 headers in 156 bytes (1 switches on core 0)
2026-05-07 10:27:20.841 7 INFO neutron.db.ovn_revision_numbers_db [None req-34cb120f-0cff-4559-9442-d31c9d6bc326 03c68863a3f148468ed45b5bdfb1d3f3 3ea92d53a90b4fb297dc21fda7a134c7 - - default default] Successfully bumped revision number for resource b4636a2b-7342-44bf-a3b1-ee9c512824a5 (type: security_groups) to 1
2026-05-07 10:27:20.844 8 INFO neutron.db.ovn_revision_numbers_db [None req-5888a131-bd78-40f8-88f8-07b7f390de73 03c68863a3f148468ed45b5bdfb1d3f3 3ea92d53a90b4fb297dc21fda7a134c7 - - default default] Successfully bumped revision number for resource 097858e6-7568-495d-b93c-497fcfe5edfa (type: security_groups) to 1
2026-05-07 10:27:20.855 8 INFO neutron.db.ovn_revision_numbers_db [None req-5888a131-bd78-40f8-88f8-07b7f390de73 03c68863a3f148468ed45b5bdfb1d3f3 3ea92d53a90b4fb297dc21fda7a134c7 - - default default] Successfully bumped revision number for resource 2c05ff29-b7e1-490c-aa48-2895bd5c1a2e (type: security_group_rules) to 0
2026-05-07 10:27:20.868 7 INFO neutron.db.ovn_revision_numbers_db [None req-34cb120f-0cff-4559-9442-d31c9d6bc326 03c68863a3f148468ed45b5bdfb1d3f3 3ea92d53a90b4fb297dc21fda7a134c7 - - default default] Successfully bumped revision number for resource 0833af46-7f29-44f9-9212-c9d880c8c6f0 (type: security_group_rules) to 0
2026-05-07 10:27:20.869 8 INFO neutron.db.ovn_revision_numbers_db [None req-5888a131-bd78-40f8-88f8-07b7f390de73 03c68863a3f148468ed45b5bdfb1d3f3 3ea92d53a90b4fb297dc21fda7a134c7 - - default default] Successfully bumped revision number for resource 503aace9-728a-4d07-ac0e-770a8a541ff8 (type: security_group_rules) to 0
2026-05-07 10:27:20.881 8 INFO neutron.db.ovn_revision_numbers_db [None req-5888a131-bd78-40f8-88f8-07b7f390de73 03c68863a3f148468ed45b5bdfb1d3f3 3ea92d53a90b4fb297dc21fda7a134c7 - - default default] Successfully bumped revision number for resource 89255d0e-d069-4f23-9c6a-39152b90c2ab (type: security_group_rules) to 0
2026-05-07 10:27:20.882 7 INFO neutron.db.ovn_revision_numbers_db [None req-34cb120f-0cff-4559-9442-d31c9d6bc326 03c68863a3f148468ed45b5bdfb1d3f3 3ea92d53a90b4fb297dc21fda7a134c7 - - default default] Successfully bumped revision number for resource 1e0adc44-91af-4221-9258-f964d83319eb (type: security_group_rules) to 0
2026-05-07 10:27:20.893 8 INFO neutron.db.ovn_revision_numbers_db [None req-5888a131-bd78-40f8-88f8-07b7f390de73 03c68863a3f148468ed45b5bdfb1d3f3 3ea92d53a90b4fb297dc21fda7a134c7 - - default default] Successfully bumped revision number for resource ba05c024-bd65-48d6-8b3f-72b477e19226 (type: security_group_rules) to 0
2026-05-07 10:27:20.895 7 INFO neutron.db.ovn_revision_numbers_db [None req-34cb120f-0cff-4559-9442-d31c9d6bc326 03c68863a3f148468ed45b5bdfb1d3f3 3ea92d53a90b4fb297dc21fda7a134c7 - - default default] Successfully bumped revision number for resource 6b0f4c95-119c-42b8-b64c-ab83d1d99103 (type: security_group_rules) to 0
2026-05-07 10:27:20.921 7 INFO neutron.db.ovn_revision_numbers_db [None req-34cb120f-0cff-4559-9442-d31c9d6bc326 03c68863a3f148468ed45b5bdfb1d3f3 3ea92d53a90b4fb297dc21fda7a134c7 - - default default] Successfully bumped revision number for resource ffa19bfc-7a83-42a7-a0c9-86c6add4cae8 (type: security_group_rules) to 0
2026-05-07 10:27:21.069 8 INFO neutron.db.segments_db [None req-5888a131-bd78-40f8-88f8-07b7f390de73 03c68863a3f148468ed45b5bdfb1d3f3 3ea92d53a90b4fb297dc21fda7a134c7 - - default default] Added segment 420fb664-147e-46c2-b354-54651371d2ad of type geneve for network 6b18786e-ca10-4752-a36c-3fe92915e5ca
2026-05-07 10:27:21.073 7 INFO neutron.db.segments_db [None req-34cb120f-0cff-4559-9442-d31c9d6bc326 03c68863a3f148468ed45b5bdfb1d3f3 3ea92d53a90b4fb297dc21fda7a134c7 - - default default] Added segment dcbce9f2-0b8b-44f1-a14b-cdd72e36a467 of type geneve for network 113a4c3f-c6ae-4521-b9d5-1db7a4ebcd7e
2026-05-07 10:27:21.197 8 INFO neutron.db.ovn_revision_numbers_db [None req-5888a131-bd78-40f8-88f8-07b7f390de73 03c68863a3f148468ed45b5bdfb1d3f3 3ea92d53a90b4fb297dc21fda7a134c7 - - default default] Successfully bumped revision number for resource 6b18786e-ca10-4752-a36c-3fe92915e5ca (type: networks) to 1
2026-05-07 10:27:21.225 7 INFO neutron.db.ovn_revision_numbers_db [None req-34cb120f-0cff-4559-9442-d31c9d6bc326 03c68863a3f148468ed45b5bdfb1d3f3 3ea92d53a90b4fb297dc21fda7a134c7 - - default default] Successfully bumped revision number for resource 113a4c3f-c6ae-4521-b9d5-1db7a4ebcd7e (type: networks) to 1
2026-05-07 10:27:21.400 8 WARNING neutron.scheduler.dhcp_agent_scheduler [None req-5888a131-bd78-40f8-88f8-07b7f390de73 03c68863a3f148468ed45b5bdfb1d3f3 3ea92d53a90b4fb297dc21fda7a134c7 - - default default] No more DHCP agents
2026-05-07 10:27:21.402 8 WARNING neutron.api.rpc.agentnotifiers.dhcp_rpc_agent_api [None req-5888a131-bd78-40f8-88f8-07b7f390de73 03c68863a3f148468ed45b5bdfb1d3f3 3ea92d53a90b4fb297dc21fda7a134c7 - - default default] Unable to schedule network 6b18786e-ca10-4752-a36c-3fe92915e5ca: no agents available; will retry on subsequent port and subnet creation events.
2026-05-07 10:27:21.415 7 WARNING neutron.scheduler.dhcp_agent_scheduler [None req-34cb120f-0cff-4559-9442-d31c9d6bc326 03c68863a3f148468ed45b5bdfb1d3f3 3ea92d53a90b4fb297dc21fda7a134c7 - - default default] No more DHCP agents
2026-05-07 10:27:21.416 7 WARNING neutron.api.rpc.agentnotifiers.dhcp_rpc_agent_api [None req-34cb120f-0cff-4559-9442-d31c9d6bc326 03c68863a3f148468ed45b5bdfb1d3f3 3ea92d53a90b4fb297dc21fda7a134c7 - - default default] Unable to schedule network 113a4c3f-c6ae-4521-b9d5-1db7a4ebcd7e: no agents available; will retry on subsequent port and subnet creation events.
2026-05-07 10:27:21.477 8 INFO neutron.plugins.ml2.drivers.ovn.mech_driver.mech_driver [None req-2f571ca7-ea62-4f96-8b59-560e8152a442 - - - - - -] OVN reports status down for port: 508c347e-9503-4dff-a346-8cdfc046ac45
2026-05-07 10:27:21.574 7 INFO neutron.db.ovn_revision_numbers_db [None req-34cb120f-0cff-4559-9442-d31c9d6bc326 03c68863a3f148468ed45b5bdfb1d3f3 3ea92d53a90b4fb297dc21fda7a134c7 - - default default] Successfully bumped revision number for resource c659f9cf-0961-4e10-b78f-1fcd35d1cfbf (type: ports) to 1
2026-05-07 10:27:21.584 8 INFO neutron.db.ovn_revision_numbers_db [None req-5888a131-bd78-40f8-88f8-07b7f390de73 03c68863a3f148468ed45b5bdfb1d3f3 3ea92d53a90b4fb297dc21fda7a134c7 - - default default] Successfully bumped revision number for resource 508c347e-9503-4dff-a346-8cdfc046ac45 (type: ports) to 1 [pid: 7|app: 0|req: 295/586] 10.0.0.173 () {34 vars in 671 bytes} [Thu May 7 10:27:20 2026] POST /v2.0/networks => generated 752 bytes in 1060 msecs (HTTP/1.1 201) 4 headers in 162 bytes (1 switches on core 0)
2026-05-07 10:27:21.637 8 INFO neutron.plugins.ml2.drivers.ovn.mech_driver.mech_driver [None req-2f571ca7-ea62-4f96-8b59-560e8152a442 - - - - - -] OVN reports status down for port: c659f9cf-0961-4e10-b78f-1fcd35d1cfbf [pid: 8|app: 0|req: 292/587] 10.0.0.173 () {34 vars in 671 bytes} [Thu May 7 10:27:20 2026] POST /v2.0/networks => generated 751 bytes in 1171 msecs (HTTP/1.1 201) 4 headers in 162 bytes (1 switches on core 0)
2026-05-07 10:27:21.907 7 INFO neutron.db.ovn_revision_numbers_db [None req-2dcabfd2-5ee7-4b0e-8ff8-e996316600f4 03c68863a3f148468ed45b5bdfb1d3f3 3ea92d53a90b4fb297dc21fda7a134c7 - - default default] Successfully bumped revision number for resource ee9d40c1-1b76-40f0-b305-68cebb960d57 (type: security_groups) to 1
2026-05-07 10:27:21.920 7 INFO neutron.db.ovn_revision_numbers_db [None req-2dcabfd2-5ee7-4b0e-8ff8-e996316600f4 03c68863a3f148468ed45b5bdfb1d3f3 3ea92d53a90b4fb297dc21fda7a134c7 - - default default] Successfully bumped revision number for resource 09c962d2-a2c5-413b-891d-3dcd16b402b7 (type: security_group_rules) to 0
2026-05-07 10:27:21.937 7 INFO neutron.db.ovn_revision_numbers_db [None req-2dcabfd2-5ee7-4b0e-8ff8-e996316600f4 03c68863a3f148468ed45b5bdfb1d3f3 3ea92d53a90b4fb297dc21fda7a134c7 - - default default] Successfully bumped revision number for resource 1fd48fdb-fae2-4c42-85fb-66f0ba301e0a (type: security_group_rules) to 0
2026-05-07 10:27:21.953 7 INFO neutron.db.ovn_revision_numbers_db [None req-2dcabfd2-5ee7-4b0e-8ff8-e996316600f4 03c68863a3f148468ed45b5bdfb1d3f3 3ea92d53a90b4fb297dc21fda7a134c7 - - default default] Successfully bumped revision number for resource 72707d26-4905-408a-9fab-b95d56bde5ea (type: security_group_rules) to 0
2026-05-07 10:27:21.975 7 INFO neutron.db.ovn_revision_numbers_db [None req-2dcabfd2-5ee7-4b0e-8ff8-e996316600f4 03c68863a3f148468ed45b5bdfb1d3f3 3ea92d53a90b4fb297dc21fda7a134c7 - - default default] Successfully bumped revision number for resource cff8b096-2a63-4359-87d9-d12f3430ae71 (type: security_group_rules) to 0
2026-05-07 10:27:21.993 8 INFO neutron.db.ovn_revision_numbers_db [None req-2a583925-86bc-43b4-a7a9-6fa002f677fb 03c68863a3f148468ed45b5bdfb1d3f3 3ea92d53a90b4fb297dc21fda7a134c7 - - default default] Successfully bumped revision number for resource e50884a4-f60a-41cc-b375-25ce0fc09041 (type: security_groups) to 1
2026-05-07 10:27:22.004 8 INFO neutron.db.ovn_revision_numbers_db [None req-2a583925-86bc-43b4-a7a9-6fa002f677fb 03c68863a3f148468ed45b5bdfb1d3f3 3ea92d53a90b4fb297dc21fda7a134c7 - - default default] Successfully bumped revision number for resource 405a5dfa-3386-4998-a892-4e416feac6e7 (type: security_group_rules) to 0
2026-05-07 10:27:22.013 8 INFO neutron.db.ovn_revision_numbers_db [None req-2a583925-86bc-43b4-a7a9-6fa002f677fb 03c68863a3f148468ed45b5bdfb1d3f3 3ea92d53a90b4fb297dc21fda7a134c7 - - default default] Successfully bumped revision number for resource 43091a25-10f9-4ae4-a1ee-c344466a58bd (type: security_group_rules) to 0
2026-05-07 10:27:22.039 8 INFO neutron.db.ovn_revision_numbers_db [None req-2a583925-86bc-43b4-a7a9-6fa002f677fb 03c68863a3f148468ed45b5bdfb1d3f3 3ea92d53a90b4fb297dc21fda7a134c7 - - default default] Successfully bumped revision number for resource 95548de4-a454-459d-996a-9394eeee6d09 (type: security_group_rules) to 0
2026-05-07 10:27:22.053 8 INFO neutron.db.ovn_revision_numbers_db [None req-2a583925-86bc-43b4-a7a9-6fa002f677fb 03c68863a3f148468ed45b5bdfb1d3f3 3ea92d53a90b4fb297dc21fda7a134c7 - - default default] Successfully bumped revision number for resource ddc71544-9982-4ad8-8803-daf4f9d2fd9f (type: security_group_rules) to 0
2026-05-07 10:27:22.065 7 INFO neutron.db.segments_db [None req-2dcabfd2-5ee7-4b0e-8ff8-e996316600f4 03c68863a3f148468ed45b5bdfb1d3f3 3ea92d53a90b4fb297dc21fda7a134c7 - - default default] Added segment bed5aa24-fe27-40b6-9d0a-f76428ed7b3f of type geneve for network 7312aa7b-a8de-44b8-8bb4-39398b7c48d9 [pid: 8|app: 0|req: 293/588] 10.0.0.173 () {32 vars in 774 bytes} [Thu May 7 10:27:21 2026] GET /v2.0/security-groups?tenant_id=0abc44c36af84a0f9e427213d154737a&name=default => generated 2921 bytes in 442 msecs (HTTP/1.1 200) 4 headers in 158 bytes (1 switches on core 0)
2026-05-07 10:27:22.195 7 INFO neutron.db.ovn_revision_numbers_db [None req-2dcabfd2-5ee7-4b0e-8ff8-e996316600f4 03c68863a3f148468ed45b5bdfb1d3f3 3ea92d53a90b4fb297dc21fda7a134c7 - - default default] Successfully bumped revision number for resource 7312aa7b-a8de-44b8-8bb4-39398b7c48d9 (type: networks) to 1
2026-05-07 10:27:22.260 8 WARNING neutron.scheduler.dhcp_agent_scheduler [None req-2944a937-50c5-4a01-8ff5-c04d2c39e6f9 03c68863a3f148468ed45b5bdfb1d3f3 3ea92d53a90b4fb297dc21fda7a134c7 - - default default] No more DHCP agents
2026-05-07 10:27:22.261 8 WARNING neutron.api.rpc.agentnotifiers.dhcp_rpc_agent_api [None req-2944a937-50c5-4a01-8ff5-c04d2c39e6f9 03c68863a3f148468ed45b5bdfb1d3f3 3ea92d53a90b4fb297dc21fda7a134c7 - - default default] Unable to schedule network 113a4c3f-c6ae-4521-b9d5-1db7a4ebcd7e: no agents available; will retry on subsequent port and subnet creation events.
2026-05-07 10:27:22.372 7 WARNING neutron.scheduler.dhcp_agent_scheduler [None req-2dcabfd2-5ee7-4b0e-8ff8-e996316600f4 03c68863a3f148468ed45b5bdfb1d3f3 3ea92d53a90b4fb297dc21fda7a134c7 - - default default] No more DHCP agents
2026-05-07 10:27:22.374 7 WARNING neutron.api.rpc.agentnotifiers.dhcp_rpc_agent_api [None req-2dcabfd2-5ee7-4b0e-8ff8-e996316600f4 03c68863a3f148468ed45b5bdfb1d3f3 3ea92d53a90b4fb297dc21fda7a134c7 - - default default] Unable to schedule network 7312aa7b-a8de-44b8-8bb4-39398b7c48d9: no agents available; will retry on subsequent port and subnet creation events.
2026-05-07 10:27:22.480 8 INFO neutron.plugins.ml2.drivers.ovn.mech_driver.mech_driver [None req-2f571ca7-ea62-4f96-8b59-560e8152a442 - - - - - -] OVN reports status down for port: b8f674c7-2bc3-4f35-a120-b7fbf883ff16
2026-05-07 10:27:22.537 7 INFO neutron.db.ovn_revision_numbers_db [None req-2dcabfd2-5ee7-4b0e-8ff8-e996316600f4 03c68863a3f148468ed45b5bdfb1d3f3 3ea92d53a90b4fb297dc21fda7a134c7 - - default default] Successfully bumped revision number for resource b8f674c7-2bc3-4f35-a120-b7fbf883ff16 (type: ports) to 1 [pid: 7|app: 0|req: 296/589] 10.0.0.173 () {34 vars in 671 bytes} [Thu May 7 10:27:21 2026] POST /v2.0/networks => generated 741 bytes in 961 msecs (HTTP/1.1 201) 4 headers in 162 bytes (1 switches on core 0)
2026-05-07 10:27:22.676 7 WARNING neutron.scheduler.dhcp_agent_scheduler [None req-590c6eea-de56-4a07-bc2e-4e180228771b 03c68863a3f148468ed45b5bdfb1d3f3 3ea92d53a90b4fb297dc21fda7a134c7 - - default default] No more DHCP agents
2026-05-07 10:27:22.677 7 WARNING neutron.api.rpc.agentnotifiers.dhcp_rpc_agent_api [None req-590c6eea-de56-4a07-bc2e-4e180228771b 03c68863a3f148468ed45b5bdfb1d3f3 3ea92d53a90b4fb297dc21fda7a134c7 - - default default] Unable to schedule network 6b18786e-ca10-4752-a36c-3fe92915e5ca: no agents available; will retry on subsequent port and subnet creation events.
2026-05-07 10:27:22.820 8 INFO neutron.db.ovn_revision_numbers_db [None req-e3e0f439-da9a-4ada-a3f9-83891935bc03 - - - - - -] Successfully bumped revision number for resource c659f9cf-0961-4e10-b78f-1fcd35d1cfbf (type: ports) to 2
2026-05-07 10:27:22.851 8 INFO neutron.db.ovn_revision_numbers_db [None req-e3e0f439-da9a-4ada-a3f9-83891935bc03 - - - - - -] Successfully bumped revision number for resource 942db0a5-78f6-4571-8503-096ae4da8169 (type: subnets) to 0 [pid: 8|app: 0|req: 294/590] 10.0.0.173 () {34 vars in 669 bytes} [Thu May 7 10:27:22 2026] POST /v2.0/subnets => generated 696 bytes in 772 msecs (HTTP/1.1 201) 4 headers in 162 bytes (1 switches on core 0) [pid: 8|app: 0|req: 295/591] 10.0.0.246 () {28 vars in 585 bytes} [Thu May 7 10:27:22 2026] GET /v2.0/networks => generated 4422 bytes in 105 msecs (HTTP/1.1 200) 4 headers in 158 bytes (1 switches on core 0)
2026-05-07 10:27:23.193 7 INFO neutron.db.ovn_revision_numbers_db [None req-b59babf2-ea1c-4d1a-bb10-8d3e4f3ade11 - - - - - -] Successfully bumped revision number for resource 508c347e-9503-4dff-a346-8cdfc046ac45 (type: ports) to 2
2026-05-07 10:27:23.248 7 INFO neutron.db.ovn_revision_numbers_db [None req-b59babf2-ea1c-4d1a-bb10-8d3e4f3ade11 - - - - - -] Successfully bumped revision number for resource e6670d3a-f547-4d65-b43e-70b3aeb10af5 (type: subnets) to 0 [pid: 7|app: 0|req: 297/592] 10.0.0.173 () {34 vars in 669 bytes} [Thu May 7 10:27:22 2026] POST /v2.0/subnets => generated 695 bytes in 721 msecs (HTTP/1.1 201) 4 headers in 162 bytes (1 switches on core 0) [pid: 8|app: 0|req: 296/593] 10.0.0.173 () {32 vars in 740 bytes} [Thu May 7 10:27:22 2026] DELETE /v2.0/security-groups/e50884a4-f60a-41cc-b375-25ce0fc09041 => generated 0 bytes in 342 msecs (HTTP/1.1 204) 2 headers in 112 bytes (1 switches on core 0)
2026-05-07 10:27:23.452 7 WARNING neutron.scheduler.dhcp_agent_scheduler [None req-8950e063-f390-459f-a3eb-8775f2dfee1e 03c68863a3f148468ed45b5bdfb1d3f3 3ea92d53a90b4fb297dc21fda7a134c7 - - default default] No more DHCP agents
2026-05-07 10:27:23.453 7 WARNING neutron.api.rpc.agentnotifiers.dhcp_rpc_agent_api [None req-8950e063-f390-459f-a3eb-8775f2dfee1e 03c68863a3f148468ed45b5bdfb1d3f3 3ea92d53a90b4fb297dc21fda7a134c7 - - default default] Unable to schedule network 7312aa7b-a8de-44b8-8bb4-39398b7c48d9: no agents available; will retry on subsequent port and subnet creation events.
2026-05-07 10:27:23.791 8 WARNING neutron.scheduler.dhcp_agent_scheduler [None req-fd54e022-c5b6-4ce5-a3be-c3e5afc681d6 03c68863a3f148468ed45b5bdfb1d3f3 3ea92d53a90b4fb297dc21fda7a134c7 - - default default] No more DHCP agents
2026-05-07 10:27:23.792 8 WARNING neutron.api.rpc.agentnotifiers.dhcp_rpc_agent_api [None req-fd54e022-c5b6-4ce5-a3be-c3e5afc681d6 03c68863a3f148468ed45b5bdfb1d3f3 3ea92d53a90b4fb297dc21fda7a134c7 - - default default] Unable to schedule network 08ce676e-fb43-4b88-a653-edfd716eac8a: no agents available; will retry on subsequent port and subnet creation events.
2026-05-07 10:27:23.927 8 INFO neutron.plugins.ml2.drivers.ovn.mech_driver.mech_driver [None req-2f571ca7-ea62-4f96-8b59-560e8152a442 - - - - - -] OVN reports status down for port: 5d6ca8fe-52da-4302-9eef-c3c39e11cea5
2026-05-07 10:27:23.976 7 INFO neutron.db.ovn_revision_numbers_db [None req-9fe8409c-6aa6-49dc-acf2-a4e58de6253a - - - - - -] Successfully bumped revision number for resource b8f674c7-2bc3-4f35-a120-b7fbf883ff16 (type: ports) to 2
2026-05-07 10:27:23.983 8 INFO neutron.db.ovn_revision_numbers_db [None req-fd54e022-c5b6-4ce5-a3be-c3e5afc681d6 03c68863a3f148468ed45b5bdfb1d3f3 3ea92d53a90b4fb297dc21fda7a134c7 - - default default] Successfully bumped revision number for resource 5d6ca8fe-52da-4302-9eef-c3c39e11cea5 (type: ports) to 1
2026-05-07 10:27:24.021 7 INFO neutron.db.ovn_revision_numbers_db [None req-9fe8409c-6aa6-49dc-acf2-a4e58de6253a - - - - - -] Successfully bumped revision number for resource 1847e4a0-7878-46e4-848f-0f1080a27c8e (type: subnets) to 0 [pid: 7|app: 0|req: 298/594] 10.0.0.173 () {34 vars in 669 bytes} [Thu May 7 10:27:23 2026] POST /v2.0/subnets => generated 685 bytes in 756 msecs (HTTP/1.1 201) 4 headers in 162 bytes (1 switches on core 0) [pid: 7|app: 0|req: 299/595] 10.0.0.246 () {28 vars in 583 bytes} [Thu May 7 10:27:24 2026] GET /v2.0/routers => generated 632 bytes in 51 msecs (HTTP/1.1 200) 4 headers in 157 bytes (1 switches on core 0)
2026-05-07 10:27:24.341 8 INFO neutron.plugins.ml2.drivers.ovn.mech_driver.ovsdb.extensions.qos [None req-fd54e022-c5b6-4ce5-a3be-c3e5afc681d6 03c68863a3f148468ed45b5bdfb1d3f3 3ea92d53a90b4fb297dc21fda7a134c7 - - default default] Starting OVNClientQosExtension
2026-05-07 10:27:24.439 8 WARNING oslo_config.cfg [None req-fd54e022-c5b6-4ce5-a3be-c3e5afc681d6 03c68863a3f148468ed45b5bdfb1d3f3 3ea92d53a90b4fb297dc21fda7a134c7 - - default default] Deprecated: Option "ovn_emit_need_to_frag" from group "ovn" is deprecated for removal (The option is useful only on very old Linux kernels (version < 5.2).). Its value may be silently ignored in the future.
2026-05-07 10:27:24.537 7 WARNING neutron.scheduler.dhcp_agent_scheduler [None req-289927f1-c376-4511-8a6f-d4b733fbfbda 03c68863a3f148468ed45b5bdfb1d3f3 3ea92d53a90b4fb297dc21fda7a134c7 - - default default] No more DHCP agents
2026-05-07 10:27:24.538 7 WARNING neutron.api.rpc.agentnotifiers.dhcp_rpc_agent_api [None req-289927f1-c376-4511-8a6f-d4b733fbfbda 03c68863a3f148468ed45b5bdfb1d3f3 3ea92d53a90b4fb297dc21fda7a134c7 - - default default] Unable to schedule network 08ce676e-fb43-4b88-a653-edfd716eac8a: no agents available; will retry on subsequent port and subnet creation events.
2026-05-07 10:27:24.672 7 INFO neutron.db.ovn_revision_numbers_db [None req-289927f1-c376-4511-8a6f-d4b733fbfbda 03c68863a3f148468ed45b5bdfb1d3f3 3ea92d53a90b4fb297dc21fda7a134c7 - - default default] Successfully bumped revision number for resource 2881b068-8362-48b9-a08a-df1facea71cf (type: ports) to 1
2026-05-07 10:27:24.693 8 INFO neutron.plugins.ml2.drivers.ovn.mech_driver.mech_driver [None req-2f571ca7-ea62-4f96-8b59-560e8152a442 - - - - - -] OVN reports status down for port: 2881b068-8362-48b9-a08a-df1facea71cf
2026-05-07 10:27:24.725 8 INFO neutron.plugins.ml2.drivers.ovn.mech_driver.ovsdb.commands [None req-58dc608c-cb6c-4fcb-8197-5fc05dc21d4c - - - - - -] Schedule LRP lrp-5d6ca8fe-52da-4302-9eef-c3c39e11cea5 on gateway 505fd5e6-5547-45b1-b301-606a7fd4a76c with priority 1
2026-05-07 10:27:24.878 8 INFO neutron.plugins.ml2.drivers.ovn.mech_driver.ovsdb.ovsdb_monitor [-] Router ac7b9a2b-7fdc-4238-bfc0-1fa64b84e269 is bound to host instance
2026-05-07 10:27:24.945 8 INFO neutron.plugins.ml2.drivers.ovn.mech_driver.mech_driver [None req-2f571ca7-ea62-4f96-8b59-560e8152a442 - - - - - -] OVN reports status up for port: 5d6ca8fe-52da-4302-9eef-c3c39e11cea5
2026-05-07 10:27:24.991 8 INFO neutron.plugins.ml2.plugin [None req-2f571ca7-ea62-4f96-8b59-560e8152a442 - - - - - -] Attempt 1 to provision port 5d6ca8fe-52da-4302-9eef-c3c39e11cea5
2026-05-07 10:27:25.013 8 INFO neutron.db.ovn_revision_numbers_db [None req-fd54e022-c5b6-4ce5-a3be-c3e5afc681d6 03c68863a3f148468ed45b5bdfb1d3f3 3ea92d53a90b4fb297dc21fda7a134c7 - - default default] Successfully bumped revision number for resource 5d6ca8fe-52da-4302-9eef-c3c39e11cea5 (type: router_ports) to 1
2026-05-07 10:27:25.222 8 INFO neutron.db.ovn_revision_numbers_db [None req-fd54e022-c5b6-4ce5-a3be-c3e5afc681d6 03c68863a3f148468ed45b5bdfb1d3f3 3ea92d53a90b4fb297dc21fda7a134c7 - - default default] Successfully bumped revision number for resource ac7b9a2b-7fdc-4238-bfc0-1fa64b84e269 (type: routers) to 2 [pid: 8|app: 0|req: 297/596] 10.0.0.173 () {34 vars in 669 bytes} [Thu May 7 10:27:23 2026] POST /v2.0/routers => generated 974 bytes in 1947 msecs (HTTP/1.1 201) 4 headers in 162 bytes (1 switches on core 0)
2026-05-07 10:27:25.388 7 INFO neutron.plugins.ml2.drivers.ovn.mech_driver.ovsdb.extensions.qos [None req-289927f1-c376-4511-8a6f-d4b733fbfbda 03c68863a3f148468ed45b5bdfb1d3f3 3ea92d53a90b4fb297dc21fda7a134c7 - - default default] Starting OVNClientQosExtension
2026-05-07 10:27:25.498 7 WARNING oslo_config.cfg [None req-289927f1-c376-4511-8a6f-d4b733fbfbda 03c68863a3f148468ed45b5bdfb1d3f3 3ea92d53a90b4fb297dc21fda7a134c7 - - default default] Deprecated: Option "ovn_emit_need_to_frag" from group "ovn" is deprecated for removal (The option is useful only on very old Linux kernels (version < 5.2).). Its value may be silently ignored in the future.
2026-05-07 10:27:25.729 7 INFO neutron.plugins.ml2.drivers.ovn.mech_driver.ovsdb.commands [-] Schedule LRP lrp-2881b068-8362-48b9-a08a-df1facea71cf on gateway 505fd5e6-5547-45b1-b301-606a7fd4a76c with priority 1
2026-05-07 10:27:25.849 7 INFO neutron.db.ovn_revision_numbers_db [None req-289927f1-c376-4511-8a6f-d4b733fbfbda 03c68863a3f148468ed45b5bdfb1d3f3 3ea92d53a90b4fb297dc21fda7a134c7 - - default default] Successfully bumped revision number for resource 2881b068-8362-48b9-a08a-df1facea71cf (type: router_ports) to 1
2026-05-07 10:27:25.912 7 INFO neutron.db.ovn_revision_numbers_db [None req-289927f1-c376-4511-8a6f-d4b733fbfbda 03c68863a3f148468ed45b5bdfb1d3f3 3ea92d53a90b4fb297dc21fda7a134c7 - - default default] Successfully bumped revision number for resource 57264ea8-9fda-4a96-84e1-bc83322da4fc (type: routers) to 2 [pid: 7|app: 0|req: 300/597] 10.0.0.173 () {34 vars in 669 bytes} [Thu May 7 10:27:24 2026] POST /v2.0/routers => generated 973 bytes in 1839 msecs (HTTP/1.1 201) 4 headers in 162 bytes (1 switches on core 0) [pid: 7|app: 0|req: 301/598] 10.0.0.246 () {28 vars in 624 bytes} [Thu May 7 10:27:25 2026] GET /v2.0/agents?binary=ovn-controller => generated 416 bytes in 11 msecs (HTTP/1.1 200) 4 headers in 157 bytes (1 switches on core 0)
2026-05-07 10:27:26.318 7 INFO neutron.db.ovn_revision_numbers_db [None req-60c6eba4-5220-467c-9291-e375e7805e92 03c68863a3f148468ed45b5bdfb1d3f3 3ea92d53a90b4fb297dc21fda7a134c7 - - default default] Successfully bumped revision number for resource 1263b6f8-9402-4cb9-b92d-447a98b5e0c0 (type: security_groups) to 1
2026-05-07 10:27:26.338 7 INFO neutron.db.ovn_revision_numbers_db [None req-60c6eba4-5220-467c-9291-e375e7805e92 03c68863a3f148468ed45b5bdfb1d3f3 3ea92d53a90b4fb297dc21fda7a134c7 - - default default] Successfully bumped revision number for resource 365f6606-799c-432c-b20b-7aceb87464f6 (type: security_group_rules) to 0
2026-05-07 10:27:26.349 7 INFO neutron.db.ovn_revision_numbers_db [None req-60c6eba4-5220-467c-9291-e375e7805e92 03c68863a3f148468ed45b5bdfb1d3f3 3ea92d53a90b4fb297dc21fda7a134c7 - - default default] Successfully bumped revision number for resource 891254b2-0cd3-4338-b708-c53e04273b0c (type: security_group_rules) to 0
2026-05-07 10:27:26.359 7 INFO neutron.db.ovn_revision_numbers_db [None req-60c6eba4-5220-467c-9291-e375e7805e92 03c68863a3f148468ed45b5bdfb1d3f3 3ea92d53a90b4fb297dc21fda7a134c7 - - default default] Successfully bumped revision number for resource be63ff40-b838-4654-9078-20097c8f6392 (type: security_group_rules) to 0
2026-05-07 10:27:26.389 7 INFO neutron.db.ovn_revision_numbers_db [None req-60c6eba4-5220-467c-9291-e375e7805e92 03c68863a3f148468ed45b5bdfb1d3f3 3ea92d53a90b4fb297dc21fda7a134c7 - - default default] Successfully bumped revision number for resource f44e7ebd-2f17-489c-89b4-48e8b8e8ced7 (type: security_group_rules) to 0
2026-05-07 10:27:26.481 7 INFO neutron.db.segments_db [None req-60c6eba4-5220-467c-9291-e375e7805e92 03c68863a3f148468ed45b5bdfb1d3f3 3ea92d53a90b4fb297dc21fda7a134c7 - - default default] Added segment 9193836a-6c3b-413b-a804-9181439b2124 of type geneve for network 18d0db42-c43e-4c55-832f-e80e2c073d5f
2026-05-07 10:27:26.532 8 WARNING neutron.scheduler.dhcp_agent_scheduler [None req-ce9388de-6884-4406-8357-72e8fb4bf3e6 03c68863a3f148468ed45b5bdfb1d3f3 3ea92d53a90b4fb297dc21fda7a134c7 - - default default] No more DHCP agents
2026-05-07 10:27:26.535 8 WARNING neutron.api.rpc.agentnotifiers.dhcp_rpc_agent_api [None req-ce9388de-6884-4406-8357-72e8fb4bf3e6 03c68863a3f148468ed45b5bdfb1d3f3 3ea92d53a90b4fb297dc21fda7a134c7 - - default default] Unable to schedule network 08ce676e-fb43-4b88-a653-edfd716eac8a: no agents available; will retry on subsequent port and subnet creation events.
2026-05-07 10:27:26.592 7 INFO neutron.db.ovn_revision_numbers_db [None req-60c6eba4-5220-467c-9291-e375e7805e92 03c68863a3f148468ed45b5bdfb1d3f3 3ea92d53a90b4fb297dc21fda7a134c7 - - default default] Successfully bumped revision number for resource 18d0db42-c43e-4c55-832f-e80e2c073d5f (type: networks) to 1
2026-05-07 10:27:26.776 8 INFO neutron.db.ovn_revision_numbers_db [None req-ce9388de-6884-4406-8357-72e8fb4bf3e6 03c68863a3f148468ed45b5bdfb1d3f3 3ea92d53a90b4fb297dc21fda7a134c7 - - default default] Successfully bumped revision number for resource 06e4b111-41c1-4672-91ce-9738210ef71e (type: ports) to 1
2026-05-07 10:27:26.812 7 WARNING neutron.scheduler.dhcp_agent_scheduler [None req-60c6eba4-5220-467c-9291-e375e7805e92 03c68863a3f148468ed45b5bdfb1d3f3 3ea92d53a90b4fb297dc21fda7a134c7 - - default default] No more DHCP agents
2026-05-07 10:27:26.813 7 WARNING neutron.api.rpc.agentnotifiers.dhcp_rpc_agent_api [None req-60c6eba4-5220-467c-9291-e375e7805e92 03c68863a3f148468ed45b5bdfb1d3f3 3ea92d53a90b4fb297dc21fda7a134c7 - - default default] Unable to schedule network 18d0db42-c43e-4c55-832f-e80e2c073d5f: no agents available; will retry on subsequent port and subnet creation events.
2026-05-07 10:27:26.922 7 INFO neutron.db.ovn_revision_numbers_db [None req-60c6eba4-5220-467c-9291-e375e7805e92 03c68863a3f148468ed45b5bdfb1d3f3 3ea92d53a90b4fb297dc21fda7a134c7 - - default default] Successfully bumped revision number for resource d89481f5-b61b-4c17-97a8-a78ec32a6d55 (type: ports) to 1 [pid: 7|app: 0|req: 302/599] 10.0.0.173 () {34 vars in 671 bytes} [Thu May 7 10:27:25 2026] POST /v2.0/networks => generated 754 bytes in 1000 msecs (HTTP/1.1 201) 4 headers in 162 bytes (1 switches on core 0)
2026-05-07 10:27:27.064 8 INFO neutron.db.ovn_revision_numbers_db [None req-be4e924f-7a4f-4278-a63c-a5b8f4810356 - - - - - -] Successfully bumped revision number for resource 5d6ca8fe-52da-4302-9eef-c3c39e11cea5 (type: ports) to 4
2026-05-07 10:27:27.393 7 WARNING neutron.scheduler.dhcp_agent_scheduler [None req-8578086b-c2c1-42e5-b04d-6a1970444f46 03c68863a3f148468ed45b5bdfb1d3f3 3ea92d53a90b4fb297dc21fda7a134c7 - - default default] No more DHCP agents
2026-05-07 10:27:27.395 7 WARNING neutron.api.rpc.agentnotifiers.dhcp_rpc_agent_api [None req-8578086b-c2c1-42e5-b04d-6a1970444f46 03c68863a3f148468ed45b5bdfb1d3f3 3ea92d53a90b4fb297dc21fda7a134c7 - - default default] Unable to schedule network 113a4c3f-c6ae-4521-b9d5-1db7a4ebcd7e: no agents available; will retry on subsequent port and subnet creation events.
2026-05-07 10:27:27.542 7 INFO neutron.db.ovn_revision_numbers_db [None req-8578086b-c2c1-42e5-b04d-6a1970444f46 03c68863a3f148468ed45b5bdfb1d3f3 3ea92d53a90b4fb297dc21fda7a134c7 - - default default] Successfully bumped revision number for resource 6cb7d66a-65d5-42af-ab40-2e5147c1c259 (type: ports) to 1
2026-05-07 10:27:27.607 8 INFO neutron.plugins.ml2.drivers.ovn.mech_driver.mech_driver [None req-2f571ca7-ea62-4f96-8b59-560e8152a442 - - - - - -] OVN reports status up for port: 2881b068-8362-48b9-a08a-df1facea71cf
2026-05-07 10:27:27.644 8 INFO neutron.plugins.ml2.plugin [None req-2f571ca7-ea62-4f96-8b59-560e8152a442 - - - - - -] Attempt 1 to provision port 2881b068-8362-48b9-a08a-df1facea71cf
2026-05-07 10:27:28.011 8 INFO neutron.db.ovn_revision_numbers_db [None req-be4e924f-7a4f-4278-a63c-a5b8f4810356 - - - - - -] Successfully bumped revision number for resource 5d6ca8fe-52da-4302-9eef-c3c39e11cea5 (type: ports) to 5
2026-05-07 10:27:28.080 8 INFO neutron.plugins.ml2.drivers.ovn.mech_driver.ovsdb.commands [None req-58dc608c-cb6c-4fcb-8197-5fc05dc21d4c - - - - - -] Schedule LRP lrp-06e4b111-41c1-4672-91ce-9738210ef71e on gateway 505fd5e6-5547-45b1-b301-606a7fd4a76c with priority 1
2026-05-07 10:27:28.185 8 INFO neutron.plugins.ml2.drivers.ovn.mech_driver.ovsdb.ovsdb_monitor [None req-be4e924f-7a4f-4278-a63c-a5b8f4810356 - - - - - -] Router 57264ea8-9fda-4a96-84e1-bc83322da4fc is bound to host instance
2026-05-07 10:27:28.380 7 WARNING neutron.scheduler.dhcp_agent_scheduler [None req-8578086b-c2c1-42e5-b04d-6a1970444f46 03c68863a3f148468ed45b5bdfb1d3f3 3ea92d53a90b4fb297dc21fda7a134c7 - - default default] No more DHCP agents
2026-05-07 10:27:28.381 7 WARNING neutron.api.rpc.agentnotifiers.dhcp_rpc_agent_api [None req-8578086b-c2c1-42e5-b04d-6a1970444f46 03c68863a3f148468ed45b5bdfb1d3f3 3ea92d53a90b4fb297dc21fda7a134c7 - - default default] Unable to schedule network 113a4c3f-c6ae-4521-b9d5-1db7a4ebcd7e: no agents available; will retry on subsequent port and subnet creation events.
2026-05-07 10:27:28.490 8 INFO neutron.db.ovn_revision_numbers_db [None req-ce9388de-6884-4406-8357-72e8fb4bf3e6 03c68863a3f148468ed45b5bdfb1d3f3 3ea92d53a90b4fb297dc21fda7a134c7 - - default default] Successfully bumped revision number for resource 06e4b111-41c1-4672-91ce-9738210ef71e (type: router_ports) to 1
2026-05-07 10:27:28.632 8 INFO neutron.db.ovn_revision_numbers_db [None req-ce9388de-6884-4406-8357-72e8fb4bf3e6 03c68863a3f148468ed45b5bdfb1d3f3 3ea92d53a90b4fb297dc21fda7a134c7 - - default default] Successfully bumped revision number for resource 69051ae1-ae73-4b2d-936f-303aa1a97ddf (type: routers) to 2 [pid: 8|app: 0|req: 298/600] 10.0.0.173 () {34 vars in 669 bytes} [Thu May 7 10:27:25 2026] POST /v2.0/routers => generated 963 bytes in 3407 msecs (HTTP/1.1 201) 4 headers in 162 bytes (1 switches on core 0)
2026-05-07 10:27:28.847 7 INFO neutron.db.ovn_revision_numbers_db [None req-8578086b-c2c1-42e5-b04d-6a1970444f46 03c68863a3f148468ed45b5bdfb1d3f3 3ea92d53a90b4fb297dc21fda7a134c7 - - default default] Successfully bumped revision number for resource 6cb7d66a-65d5-42af-ab40-2e5147c1c259 (type: router_ports) to 1 [pid: 7|app: 0|req: 303/601] 10.0.0.173 () {34 vars in 783 bytes} [Thu May 7 10:27:26 2026] PUT /v2.0/routers/ac7b9a2b-7fdc-4238-bfc0-1fa64b84e269/add_router_interface => generated 309 bytes in 1912 msecs (HTTP/1.1 200) 4 headers in 157 bytes (1 switches on core 0) [pid: 7|app: 0|req: 304/602] 10.0.0.246 () {28 vars in 591 bytes} [Thu May 7 10:27:28 2026] GET /v2.0/floatingips => generated 19 bytes in 17 msecs (HTTP/1.1 200) 4 headers in 156 bytes (1 switches on core 0)
2026-05-07 10:27:29.008 7 WARNING neutron.scheduler.dhcp_agent_scheduler [None req-1b4b9014-19b7-442d-8df3-78593ea76e86 03c68863a3f148468ed45b5bdfb1d3f3 3ea92d53a90b4fb297dc21fda7a134c7 - - default default] No more DHCP agents
2026-05-07 10:27:29.009 7 WARNING neutron.api.rpc.agentnotifiers.dhcp_rpc_agent_api [None req-1b4b9014-19b7-442d-8df3-78593ea76e86 03c68863a3f148468ed45b5bdfb1d3f3 3ea92d53a90b4fb297dc21fda7a134c7 - - default default] Unable to schedule network 18d0db42-c43e-4c55-832f-e80e2c073d5f: no agents available; will retry on subsequent port and subnet creation events.
2026-05-07 10:27:29.493 7 INFO neutron.db.ovn_revision_numbers_db [None req-9e495f6a-be65-4542-957e-03f826492d47 - - - - - -] Successfully bumped revision number for resource d89481f5-b61b-4c17-97a8-a78ec32a6d55 (type: ports) to 2
2026-05-07 10:27:29.516 7 INFO neutron.db.ovn_revision_numbers_db [None req-9e495f6a-be65-4542-957e-03f826492d47 - - - - - -] Successfully bumped revision number for resource a75cf9a3-39af-41fd-b85d-2100495e524d (type: subnets) to 0 [pid: 7|app: 0|req: 305/603] 10.0.0.173 () {34 vars in 669 bytes} [Thu May 7 10:27:28 2026] POST /v2.0/subnets => generated 698 bytes in 659 msecs (HTTP/1.1 201) 4 headers in 162 bytes (1 switches on core 0)
2026-05-07 10:27:29.612 8 WARNING neutron.scheduler.dhcp_agent_scheduler [None req-13863d6d-1f93-421c-86e9-94bdc451451e 03c68863a3f148468ed45b5bdfb1d3f3 3ea92d53a90b4fb297dc21fda7a134c7 - - default default] No more DHCP agents
2026-05-07 10:27:29.613 8 WARNING neutron.api.rpc.agentnotifiers.dhcp_rpc_agent_api [None req-13863d6d-1f93-421c-86e9-94bdc451451e 03c68863a3f148468ed45b5bdfb1d3f3 3ea92d53a90b4fb297dc21fda7a134c7 - - default default] Unable to schedule network 6b18786e-ca10-4752-a36c-3fe92915e5ca: no agents available; will retry on subsequent port and subnet creation events.
2026-05-07 10:27:29.814 8 INFO neutron.db.ovn_revision_numbers_db [None req-206b14a6-f00f-4e44-b4cb-fecc69b6f2dd - - - - - -] Successfully bumped revision number for resource 2881b068-8362-48b9-a08a-df1facea71cf (type: ports) to 4
2026-05-07 10:27:29.894 8 INFO neutron.db.ovn_revision_numbers_db [None req-13863d6d-1f93-421c-86e9-94bdc451451e 03c68863a3f148468ed45b5bdfb1d3f3 3ea92d53a90b4fb297dc21fda7a134c7 - - default default] Successfully bumped revision number for resource f6746ba9-8185-40d1-a920-866cb3b99948 (type: ports) to 1
2026-05-07 10:27:30.069 7 WARNING neutron.scheduler.dhcp_agent_scheduler [None req-16b91437-649d-4034-91a6-b6165251dda4 03c68863a3f148468ed45b5bdfb1d3f3 3ea92d53a90b4fb297dc21fda7a134c7 - - default default] No more DHCP agents
2026-05-07 10:27:30.070 7 WARNING neutron.api.rpc.agentnotifiers.dhcp_rpc_agent_api [None req-16b91437-649d-4034-91a6-b6165251dda4 03c68863a3f148468ed45b5bdfb1d3f3 3ea92d53a90b4fb297dc21fda7a134c7 - - default default] Unable to schedule network 7312aa7b-a8de-44b8-8bb4-39398b7c48d9: no agents available; will retry on subsequent port and subnet creation events.
2026-05-07 10:27:30.203 7 INFO neutron.db.ovn_revision_numbers_db [None req-16b91437-649d-4034-91a6-b6165251dda4 03c68863a3f148468ed45b5bdfb1d3f3 3ea92d53a90b4fb297dc21fda7a134c7 - - default default] Successfully bumped revision number for resource 138e38a6-6d2f-4fa1-94e5-2b4acf5af4a5 (type: ports) to 1
2026-05-07 10:27:30.660 8 INFO neutron.plugins.ml2.drivers.ovn.mech_driver.mech_driver [None req-2f571ca7-ea62-4f96-8b59-560e8152a442 - - - - - -] OVN reports status down for port: 06e4b111-41c1-4672-91ce-9738210ef71e
2026-05-07 10:27:30.660 8 INFO neutron.db.ovn_revision_numbers_db [None req-206b14a6-f00f-4e44-b4cb-fecc69b6f2dd - - - - - -] Successfully bumped revision number for resource 2881b068-8362-48b9-a08a-df1facea71cf (type: ports) to 5
2026-05-07 10:27:30.854 7 WARNING neutron.scheduler.dhcp_agent_scheduler [None req-16b91437-649d-4034-91a6-b6165251dda4 03c68863a3f148468ed45b5bdfb1d3f3 3ea92d53a90b4fb297dc21fda7a134c7 - - default default] No more DHCP agents
2026-05-07 10:27:30.855 7 WARNING neutron.api.rpc.agentnotifiers.dhcp_rpc_agent_api [None req-16b91437-649d-4034-91a6-b6165251dda4 03c68863a3f148468ed45b5bdfb1d3f3 3ea92d53a90b4fb297dc21fda7a134c7 - - default default] Unable to schedule network 7312aa7b-a8de-44b8-8bb4-39398b7c48d9: no agents available; will retry on subsequent port and subnet creation events.
2026-05-07 10:27:30.885 8 INFO neutron.plugins.ml2.drivers.ovn.mech_driver.ovsdb.ovsdb_monitor [None req-206b14a6-f00f-4e44-b4cb-fecc69b6f2dd - - - - - -] Router 69051ae1-ae73-4b2d-936f-303aa1a97ddf is bound to host instance
2026-05-07 10:27:30.983 8 WARNING neutron.plugins.ml2.drivers.ovn.mech_driver.ovsdb.ovn_client [None req-2f571ca7-ea62-4f96-8b59-560e8152a442 - - - - - -] Logical_Switch_Port 06e4b111-41c1-4672-91ce-9738210ef71e host information not removed, the port state is up
2026-05-07 10:27:30.985 8 INFO neutron.plugins.ml2.drivers.ovn.mech_driver.mech_driver [None req-2f571ca7-ea62-4f96-8b59-560e8152a442 - - - - - -] OVN reports status down for port: d89481f5-b61b-4c17-97a8-a78ec32a6d55
2026-05-07 10:27:31.197 8 INFO neutron.plugins.ml2.drivers.ovn.mech_driver.mech_driver [None req-2f571ca7-ea62-4f96-8b59-560e8152a442 - - - - - -] OVN reports status down for port: 6cb7d66a-65d5-42af-ab40-2e5147c1c259
2026-05-07 10:27:31.333 7 INFO neutron.db.ovn_revision_numbers_db [None req-16b91437-649d-4034-91a6-b6165251dda4 03c68863a3f148468ed45b5bdfb1d3f3 3ea92d53a90b4fb297dc21fda7a134c7 - - default default] Successfully bumped revision number for resource 138e38a6-6d2f-4fa1-94e5-2b4acf5af4a5 (type: router_ports) to 1 [pid: 7|app: 0|req: 308/606] 10.0.0.173 () {34 vars in 783 bytes} [Thu May 7 10:27:29 2026] PUT /v2.0/routers/69051ae1-ae73-4b2d-936f-303aa1a97ddf/add_router_interface => generated 309 bytes in 1802 msecs (HTTP/1.1 200) 4 headers in 157 bytes (1 switches on core 0) [pid: 7|app: 0|req: 309/607] 10.0.0.246 () {28 vars in 619 bytes} [Thu May 7 10:27:31 2026] GET /v2.0/network-ip-availabilities => generated 3036 bytes in 24 msecs (HTTP/1.1 200) 4 headers in 158 bytes (1 switches on core 0)
2026-05-07 10:27:31.549 8 WARNING neutron.plugins.ml2.drivers.ovn.mech_driver.ovsdb.ovn_client [None req-2f571ca7-ea62-4f96-8b59-560e8152a442 - - - - - -] Logical_Switch_Port 6cb7d66a-65d5-42af-ab40-2e5147c1c259 host information not removed, the port state is up
2026-05-07 10:27:31.550 8 INFO neutron.plugins.ml2.drivers.ovn.mech_driver.mech_driver [None req-2f571ca7-ea62-4f96-8b59-560e8152a442 - - - - - -] OVN reports status up for port: 06e4b111-41c1-4672-91ce-9738210ef71e
2026-05-07 10:27:31.586 8 INFO neutron.plugins.ml2.plugin [None req-2f571ca7-ea62-4f96-8b59-560e8152a442 - - - - - -] Attempt 1 to provision port 06e4b111-41c1-4672-91ce-9738210ef71e
2026-05-07 10:27:31.928 7 WARNING neutron.scheduler.dhcp_agent_scheduler [None req-6eae6ca0-4377-4938-8c05-9dd7ec3cd6bc 03c68863a3f148468ed45b5bdfb1d3f3 3ea92d53a90b4fb297dc21fda7a134c7 - - default default] No more DHCP agents
2026-05-07 10:27:31.929 7 WARNING neutron.api.rpc.agentnotifiers.dhcp_rpc_agent_api [None req-6eae6ca0-4377-4938-8c05-9dd7ec3cd6bc 03c68863a3f148468ed45b5bdfb1d3f3 3ea92d53a90b4fb297dc21fda7a134c7 - - default default] Unable to schedule network 08ce676e-fb43-4b88-a653-edfd716eac8a: no agents available; will retry on subsequent port and subnet creation events.
2026-05-07 10:27:31.937 8 WARNING neutron.scheduler.dhcp_agent_scheduler [None req-13863d6d-1f93-421c-86e9-94bdc451451e 03c68863a3f148468ed45b5bdfb1d3f3 3ea92d53a90b4fb297dc21fda7a134c7 - - default default] No more DHCP agents
2026-05-07 10:27:31.939 8 WARNING neutron.api.rpc.agentnotifiers.dhcp_rpc_agent_api [None req-13863d6d-1f93-421c-86e9-94bdc451451e 03c68863a3f148468ed45b5bdfb1d3f3 3ea92d53a90b4fb297dc21fda7a134c7 - - default default] Unable to schedule network 6b18786e-ca10-4752-a36c-3fe92915e5ca: no agents available; will retry on subsequent port and subnet creation events.
2026-05-07 10:27:32.062 7 INFO neutron.db.ovn_revision_numbers_db [None req-6eae6ca0-4377-4938-8c05-9dd7ec3cd6bc 03c68863a3f148468ed45b5bdfb1d3f3 3ea92d53a90b4fb297dc21fda7a134c7 - - default default] Successfully bumped revision number for resource 819771d2-ab78-439c-b92f-e51a60df7300 (type: ports) to 1
2026-05-07 10:27:32.618 7 INFO neutron.plugins.ml2.drivers.ovn.mech_driver.ovsdb.commands [-] Schedule LRP lrp-819771d2-ab78-439c-b92f-e51a60df7300 on gateway 505fd5e6-5547-45b1-b301-606a7fd4a76c with priority 1
2026-05-07 10:27:32.759 7 INFO neutron.db.ovn_revision_numbers_db [None req-6eae6ca0-4377-4938-8c05-9dd7ec3cd6bc 03c68863a3f148468ed45b5bdfb1d3f3 3ea92d53a90b4fb297dc21fda7a134c7 - - default default] Successfully bumped revision number for resource 819771d2-ab78-439c-b92f-e51a60df7300 (type: router_ports) to 1
2026-05-07 10:27:32.830 7 INFO neutron.db.ovn_revision_numbers_db [None req-6eae6ca0-4377-4938-8c05-9dd7ec3cd6bc 03c68863a3f148468ed45b5bdfb1d3f3 3ea92d53a90b4fb297dc21fda7a134c7 - - default default] Successfully bumped revision number for resource 9cf861f1-f245-4829-a6ed-7e6064dc23eb (type: routers) to 2 [pid: 7|app: 0|req: 310/608] 10.0.0.173 () {34 vars in 669 bytes} [Thu May 7 10:27:31 2026] POST /v2.0/routers => generated 976 bytes in 1483 msecs (HTTP/1.1 201) 4 headers in 162 bytes (1 switches on core 0)
