2026-05-07 10:30:42.012 7 INFO neutron.db.ovn_revision_numbers_db [None req-dd24628c-79b2-4920-a764-29a5561d670a 1e55f994153e4c4e887888f44c0f410d 0985a3eae9b542109b055f40b6690ed9 - - default default] Successfully bumped revision number for resource 267a8f4c-7a9a-4b8e-9a9f-b9118e87cda5 (type: routers) to 1 [pid: 7|app: 0|req: 1014/2017] 10.0.0.173 () {34 vars in 669 bytes} [Thu May 7 10:30:41 2026] POST /v2.0/routers => generated 607 bytes in 132 msecs (HTTP/1.1 201) 4 headers in 162 bytes (1 switches on core 0)
2026-05-07 10:30:42.260 7 INFO neutron.db.ovn_revision_numbers_db [None req-51244979-3b7e-480e-bd26-bdf6f9fc6705 03c68863a3f148468ed45b5bdfb1d3f3 3ea92d53a90b4fb297dc21fda7a134c7 - - default default] Successfully bumped revision number for resource 00932c59-587e-4e69-8187-b3af86e430ca (type: security_groups) to 1
2026-05-07 10:30:42.272 7 INFO neutron.db.ovn_revision_numbers_db [None req-51244979-3b7e-480e-bd26-bdf6f9fc6705 03c68863a3f148468ed45b5bdfb1d3f3 3ea92d53a90b4fb297dc21fda7a134c7 - - default default] Successfully bumped revision number for resource 2861a191-73a6-4901-bf0c-e0a709142c4c (type: security_group_rules) to 0
2026-05-07 10:30:42.287 7 INFO neutron.db.ovn_revision_numbers_db [None req-51244979-3b7e-480e-bd26-bdf6f9fc6705 03c68863a3f148468ed45b5bdfb1d3f3 3ea92d53a90b4fb297dc21fda7a134c7 - - default default] Successfully bumped revision number for resource 54982d1f-9fd5-41c5-b28d-c93b27de6666 (type: security_group_rules) to 0
2026-05-07 10:30:42.302 7 INFO neutron.db.ovn_revision_numbers_db [None req-51244979-3b7e-480e-bd26-bdf6f9fc6705 03c68863a3f148468ed45b5bdfb1d3f3 3ea92d53a90b4fb297dc21fda7a134c7 - - default default] Successfully bumped revision number for resource 5fc89563-5f09-4c8b-8ec4-3f43b7bc2b9c (type: security_group_rules) to 0
2026-05-07 10:30:42.319 7 INFO neutron.db.ovn_revision_numbers_db [None req-51244979-3b7e-480e-bd26-bdf6f9fc6705 03c68863a3f148468ed45b5bdfb1d3f3 3ea92d53a90b4fb297dc21fda7a134c7 - - default default] Successfully bumped revision number for resource e95db232-4664-44f8-ae6b-3746c7fd3f94 (type: security_group_rules) to 0 [pid: 7|app: 0|req: 1015/2018] 10.0.0.173 () {32 vars in 774 bytes} [Thu May 7 10:30:42 2026] GET /v2.0/security-groups?tenant_id=5c45cc2a2a2f455ca2a31af54f480927&name=default => generated 2925 bytes in 338 msecs (HTTP/1.1 200) 4 headers in 158 bytes (1 switches on core 0)
2026-05-07 10:30:42.579 7 WARNING neutron.scheduler.dhcp_agent_scheduler [None req-1267b8b2-3507-4ce9-ac5e-bb239347839e 1edad7a9211041b9a44173ed224f4d12 7d080524033e42a699c1b509913da0af - - default default] No more DHCP agents
2026-05-07 10:30:42.580 7 WARNING neutron.api.rpc.agentnotifiers.dhcp_rpc_agent_api [None req-1267b8b2-3507-4ce9-ac5e-bb239347839e 1edad7a9211041b9a44173ed224f4d12 7d080524033e42a699c1b509913da0af - - default default] Unable to schedule network fd658ecd-6ffc-4c4a-a356-373f469c9373: no agents available; will retry on subsequent port and subnet creation events.
2026-05-07 10:30:42.738 7 INFO neutron.db.ovn_revision_numbers_db [None req-1267b8b2-3507-4ce9-ac5e-bb239347839e 1edad7a9211041b9a44173ed224f4d12 7d080524033e42a699c1b509913da0af - - default default] Successfully bumped revision number for resource 9ed670b2-0068-4f55-b4ba-48fcb6ba8b26 (type: ports) to 1
2026-05-07 10:30:42.765 8 WARNING neutron.scheduler.dhcp_agent_scheduler [None req-8c047db8-afc5-45da-81ce-cf13b5118461 f9aa45421034451099e9cecf19022f92 bad4ed82dd4342a58bdda3408f871b4d - - default default] No more DHCP agents
2026-05-07 10:30:42.766 8 WARNING neutron.api.rpc.agentnotifiers.dhcp_rpc_agent_api [None req-8c047db8-afc5-45da-81ce-cf13b5118461 f9aa45421034451099e9cecf19022f92 bad4ed82dd4342a58bdda3408f871b4d - - default default] Unable to schedule network bf5830bc-6ab3-4ad3-aa80-7c48d2a2189b: no agents available; will retry on subsequent port and subnet creation events. [pid: 7|app: 0|req: 1016/2019] 10.0.0.173 () {34 vars in 664 bytes} [Thu May 7 10:30:42 2026] POST /v2.0/ports => generated 743 bytes in 420 msecs (HTTP/1.1 201) 4 headers in 162 bytes (1 switches on core 0) /var/lib/openstack/lib/python3.12/site-packages/pycadf/identifier.py:70: UserWarning: Invalid uuid: neutron. To ensure interoperability, identifiers should be a valid uuid. warnings.warn(('Invalid uuid: %s. To ensure interoperability, '
2026-05-07 10:30:43.147 7 WARNING neutron.scheduler.dhcp_agent_scheduler [None req-f413076b-300d-46e9-b85a-9ae3309396e7 1e55f994153e4c4e887888f44c0f410d 0985a3eae9b542109b055f40b6690ed9 - - default default] No more DHCP agents
2026-05-07 10:30:43.149 7 WARNING neutron.api.rpc.agentnotifiers.dhcp_rpc_agent_api [None req-f413076b-300d-46e9-b85a-9ae3309396e7 1e55f994153e4c4e887888f44c0f410d 0985a3eae9b542109b055f40b6690ed9 - - default default] Unable to schedule network 627d2eb2-da44-4376-b582-2b282d84a95f: no agents available; will retry on subsequent port and subnet creation events.
2026-05-07 10:30:43.181 8 INFO neutron.db.ovn_revision_numbers_db [None req-8c047db8-afc5-45da-81ce-cf13b5118461 f9aa45421034451099e9cecf19022f92 bad4ed82dd4342a58bdda3408f871b4d - - default default] Successfully bumped revision number for resource 4a4c2efe-d8f6-40a9-85e2-91929bce8353 (type: router_ports) to 1 [pid: 8|app: 0|req: 1004/2020] 10.0.0.173 () {34 vars in 783 bytes} [Thu May 7 10:30:40 2026] PUT /v2.0/routers/265efc46-c1d1-4727-8deb-70a5cb75572b/add_router_interface => generated 309 bytes in 2803 msecs (HTTP/1.1 200) 4 headers in 157 bytes (1 switches on core 0)
2026-05-07 10:30:43.280 7 INFO neutron.db.ovn_revision_numbers_db [None req-f413076b-300d-46e9-b85a-9ae3309396e7 1e55f994153e4c4e887888f44c0f410d 0985a3eae9b542109b055f40b6690ed9 - - default default] Successfully bumped revision number for resource a9358f65-86a6-4f42-88e9-86d36328f71c (type: ports) to 1 [pid: 8|app: 0|req: 1005/2021] 10.0.0.173 () {32 vars in 740 bytes} [Thu May 7 10:30:43 2026] DELETE /v2.0/security-groups/00932c59-587e-4e69-8187-b3af86e430ca => generated 0 bytes in 316 msecs (HTTP/1.1 204) 2 headers in 112 bytes (1 switches on core 0)
2026-05-07 10:30:43.593 8 INFO neutron.db.segments_db [None req-30167827-9f4b-442b-b8bf-f927879332d9 1edad7a9211041b9a44173ed224f4d12 7d080524033e42a699c1b509913da0af - - default default] Added segment 25c43163-4835-47eb-b486-7b15eae96c04 of type geneve for network 0675bac9-6eec-467f-ad1f-f4c1a6766468
2026-05-07 10:30:43.713 8 INFO neutron.db.ovn_revision_numbers_db [None req-30167827-9f4b-442b-b8bf-f927879332d9 1edad7a9211041b9a44173ed224f4d12 7d080524033e42a699c1b509913da0af - - default default] Successfully bumped revision number for resource 0675bac9-6eec-467f-ad1f-f4c1a6766468 (type: networks) to 1
2026-05-07 10:30:43.880 7 WARNING neutron.scheduler.dhcp_agent_scheduler [None req-f413076b-300d-46e9-b85a-9ae3309396e7 1e55f994153e4c4e887888f44c0f410d 0985a3eae9b542109b055f40b6690ed9 - - default default] No more DHCP agents
2026-05-07 10:30:43.881 7 WARNING neutron.api.rpc.agentnotifiers.dhcp_rpc_agent_api [None req-f413076b-300d-46e9-b85a-9ae3309396e7 1e55f994153e4c4e887888f44c0f410d 0985a3eae9b542109b055f40b6690ed9 - - default default] Unable to schedule network 627d2eb2-da44-4376-b582-2b282d84a95f: no agents available; will retry on subsequent port and subnet creation events.
2026-05-07 10:30:43.917 8 WARNING neutron.scheduler.dhcp_agent_scheduler [None req-30167827-9f4b-442b-b8bf-f927879332d9 1edad7a9211041b9a44173ed224f4d12 7d080524033e42a699c1b509913da0af - - default default] No more DHCP agents
2026-05-07 10:30:43.918 8 WARNING neutron.api.rpc.agentnotifiers.dhcp_rpc_agent_api [None req-30167827-9f4b-442b-b8bf-f927879332d9 1edad7a9211041b9a44173ed224f4d12 7d080524033e42a699c1b509913da0af - - default default] Unable to schedule network 0675bac9-6eec-467f-ad1f-f4c1a6766468: no agents available; will retry on subsequent port and subnet creation events.
2026-05-07 10:30:44.033 8 INFO neutron.db.ovn_revision_numbers_db [None req-30167827-9f4b-442b-b8bf-f927879332d9 1edad7a9211041b9a44173ed224f4d12 7d080524033e42a699c1b509913da0af - - default default] Successfully bumped revision number for resource 65fc5265-1d47-4ede-9984-1b54820e11e2 (type: ports) to 1 [pid: 8|app: 0|req: 1006/2022] 10.0.0.173 () {34 vars in 670 bytes} [Thu May 7 10:30:43 2026] POST /v2.0/networks => generated 630 bytes in 552 msecs (HTTP/1.1 201) 4 headers in 162 bytes (1 switches on core 0)
2026-05-07 10:30:44.135 7 INFO neutron.db.ovn_revision_numbers_db [None req-f413076b-300d-46e9-b85a-9ae3309396e7 1e55f994153e4c4e887888f44c0f410d 0985a3eae9b542109b055f40b6690ed9 - - default default] Successfully bumped revision number for resource a9358f65-86a6-4f42-88e9-86d36328f71c (type: router_ports) to 1 [pid: 7|app: 0|req: 1017/2023] 10.0.0.173 () {34 vars in 783 bytes} [Thu May 7 10:30:42 2026] PUT /v2.0/routers/267a8f4c-7a9a-4b8e-9a9f-b9118e87cda5/add_router_interface => generated 309 bytes in 1353 msecs (HTTP/1.1 200) 4 headers in 157 bytes (1 switches on core 0)
2026-05-07 10:30:44.326 7 WARNING neutron.scheduler.dhcp_agent_scheduler [None req-860f57c2-5a56-4308-83e5-05f44bfc6468 1edad7a9211041b9a44173ed224f4d12 7d080524033e42a699c1b509913da0af - - default default] No more DHCP agents
2026-05-07 10:30:44.327 7 WARNING neutron.api.rpc.agentnotifiers.dhcp_rpc_agent_api [None req-860f57c2-5a56-4308-83e5-05f44bfc6468 1edad7a9211041b9a44173ed224f4d12 7d080524033e42a699c1b509913da0af - - default default] Unable to schedule network 0675bac9-6eec-467f-ad1f-f4c1a6766468: no agents available; will retry on subsequent port and subnet creation events.
2026-05-07 10:30:44.451 7 INFO neutron.db.ovn_revision_numbers_db [None req-860f57c2-5a56-4308-83e5-05f44bfc6468 1edad7a9211041b9a44173ed224f4d12 7d080524033e42a699c1b509913da0af - - default default] Successfully bumped revision number for resource 3a8c03d6-69ee-44bb-991b-cf00e1c8e378 (type: ports) to 1 [pid: 7|app: 0|req: 1020/2026] 10.0.0.173 () {34 vars in 664 bytes} [Thu May 7 10:30:44 2026] POST /v2.0/ports => generated 743 bytes in 356 msecs (HTTP/1.1 201) 4 headers in 162 bytes (1 switches on core 0) /var/lib/openstack/lib/python3.12/site-packages/pycadf/identifier.py:70: UserWarning: Invalid uuid: neutron. To ensure interoperability, identifiers should be a valid uuid. warnings.warn(('Invalid uuid: %s. To ensure interoperability, ' [pid: 7|app: 0|req: 1021/2027] 10.0.0.173 () {32 vars in 717 bytes} [Thu May 7 10:30:44 2026] GET /v2.0/ports/a9358f65-86a6-4f42-88e9-86d36328f71c => generated 945 bytes in 46 msecs (HTTP/1.1 200) 4 headers in 157 bytes (1 switches on core 0) [pid: 7|app: 0|req: 1022/2028] 10.0.0.173 () {34 vars in 747 bytes} [Thu May 7 10:30:44 2026] PUT /v2.0/ports/11b77727-ca0b-43e4-b624-c7066f2a4abb/tags => generated 17 bytes in 52 msecs (HTTP/1.1 200) 4 headers in 156 bytes (1 switches on core 0) /var/lib/openstack/lib/python3.12/site-packages/pycadf/identifier.py:70: UserWarning: Invalid uuid: neutron. To ensure interoperability, identifiers should be a valid uuid. warnings.warn(('Invalid uuid: %s. To ensure interoperability, '
2026-05-07 10:30:44.679 8 WARNING neutron.scheduler.dhcp_agent_scheduler [None req-62cc9cec-c4b3-442d-949c-1ec7c6fa48f0 f9aa45421034451099e9cecf19022f92 bad4ed82dd4342a58bdda3408f871b4d - - default default] No more DHCP agents
2026-05-07 10:30:44.680 8 WARNING neutron.api.rpc.agentnotifiers.dhcp_rpc_agent_api [None req-62cc9cec-c4b3-442d-949c-1ec7c6fa48f0 f9aa45421034451099e9cecf19022f92 bad4ed82dd4342a58bdda3408f871b4d - - default default] Unable to schedule network b82621f6-735f-4c26-96b7-91cce2c84753: no agents available; will retry on subsequent port and subnet creation events.
2026-05-07 10:30:44.879 8 INFO neutron.db.ovn_revision_numbers_db [None req-62cc9cec-c4b3-442d-949c-1ec7c6fa48f0 f9aa45421034451099e9cecf19022f92 bad4ed82dd4342a58bdda3408f871b4d - - default default] Successfully bumped revision number for resource 66c246b7-c10c-468d-a2ba-4678adbdc072 (type: ports) to 1
2026-05-07 10:30:45.088 7 WARNING neutron.scheduler.dhcp_agent_scheduler [None req-9a1a0825-ac5f-49c3-b231-a6367bdaeeab 1e55f994153e4c4e887888f44c0f410d 0985a3eae9b542109b055f40b6690ed9 - - default default] No more DHCP agents
2026-05-07 10:30:45.089 7 WARNING neutron.api.rpc.agentnotifiers.dhcp_rpc_agent_api [None req-9a1a0825-ac5f-49c3-b231-a6367bdaeeab 1e55f994153e4c4e887888f44c0f410d 0985a3eae9b542109b055f40b6690ed9 - - default default] Unable to schedule network 598c900e-48a6-4f15-9876-adf39fbc86bf: no agents available; will retry on subsequent port and subnet creation events.
2026-05-07 10:30:45.224 7 INFO neutron.db.ovn_revision_numbers_db [None req-9a1a0825-ac5f-49c3-b231-a6367bdaeeab 1e55f994153e4c4e887888f44c0f410d 0985a3eae9b542109b055f40b6690ed9 - - default default] Successfully bumped revision number for resource f086c3cf-0ec3-4ce4-9f43-36a5d0368b3b (type: ports) to 1
2026-05-07 10:30:45.753 8 WARNING neutron.scheduler.dhcp_agent_scheduler [None req-62cc9cec-c4b3-442d-949c-1ec7c6fa48f0 f9aa45421034451099e9cecf19022f92 bad4ed82dd4342a58bdda3408f871b4d - - default default] No more DHCP agents
2026-05-07 10:30:45.754 8 WARNING neutron.api.rpc.agentnotifiers.dhcp_rpc_agent_api [None req-62cc9cec-c4b3-442d-949c-1ec7c6fa48f0 f9aa45421034451099e9cecf19022f92 bad4ed82dd4342a58bdda3408f871b4d - - default default] Unable to schedule network b82621f6-735f-4c26-96b7-91cce2c84753: no agents available; will retry on subsequent port and subnet creation events.
2026-05-07 10:30:45.910 7 WARNING neutron.scheduler.dhcp_agent_scheduler [None req-9a1a0825-ac5f-49c3-b231-a6367bdaeeab 1e55f994153e4c4e887888f44c0f410d 0985a3eae9b542109b055f40b6690ed9 - - default default] No more DHCP agents
2026-05-07 10:30:45.913 7 WARNING neutron.api.rpc.agentnotifiers.dhcp_rpc_agent_api [None req-9a1a0825-ac5f-49c3-b231-a6367bdaeeab 1e55f994153e4c4e887888f44c0f410d 0985a3eae9b542109b055f40b6690ed9 - - default default] Unable to schedule network 598c900e-48a6-4f15-9876-adf39fbc86bf: no agents available; will retry on subsequent port and subnet creation events.
2026-05-07 10:30:46.106 7 INFO neutron.db.ovn_revision_numbers_db [None req-9a1a0825-ac5f-49c3-b231-a6367bdaeeab 1e55f994153e4c4e887888f44c0f410d 0985a3eae9b542109b055f40b6690ed9 - - default default] Successfully bumped revision number for resource f086c3cf-0ec3-4ce4-9f43-36a5d0368b3b (type: router_ports) to 1 [pid: 7|app: 0|req: 1023/2029] 10.0.0.173 () {34 vars in 783 bytes} [Thu May 7 10:30:44 2026] PUT /v2.0/routers/267a8f4c-7a9a-4b8e-9a9f-b9118e87cda5/add_router_interface => generated 309 bytes in 1512 msecs (HTTP/1.1 200) 4 headers in 157 bytes (1 switches on core 0) [pid: 7|app: 0|req: 1024/2030] 10.0.0.173 () {34 vars in 747 bytes} [Thu May 7 10:30:46 2026] PUT /v2.0/ports/4f77e8a7-24bb-449e-b883-2928425ecf21/tags => generated 25 bytes in 61 msecs (HTTP/1.1 200) 4 headers in 156 bytes (1 switches on core 0) /var/lib/openstack/lib/python3.12/site-packages/pycadf/identifier.py:70: UserWarning: Invalid uuid: neutron. To ensure interoperability, identifiers should be a valid uuid. warnings.warn(('Invalid uuid: %s. To ensure interoperability, '
2026-05-07 10:30:46.319 8 INFO neutron.db.ovn_revision_numbers_db [None req-62cc9cec-c4b3-442d-949c-1ec7c6fa48f0 f9aa45421034451099e9cecf19022f92 bad4ed82dd4342a58bdda3408f871b4d - - default default] Successfully bumped revision number for resource 66c246b7-c10c-468d-a2ba-4678adbdc072 (type: router_ports) to 1 [pid: 7|app: 0|req: 1025/2031] 10.0.0.173 () {32 vars in 717 bytes} [Thu May 7 10:30:46 2026] GET /v2.0/ports/f086c3cf-0ec3-4ce4-9f43-36a5d0368b3b => generated 953 bytes in 151 msecs (HTTP/1.1 200) 4 headers in 157 bytes (1 switches on core 0) [pid: 8|app: 0|req: 1007/2032] 10.0.0.173 () {34 vars in 783 bytes} [Thu May 7 10:30:44 2026] PUT /v2.0/routers/265efc46-c1d1-4727-8deb-70a5cb75572b/add_router_interface => generated 309 bytes in 2270 msecs (HTTP/1.1 200) 4 headers in 157 bytes (1 switches on core 0) [pid: 7|app: 0|req: 1026/2033] 10.0.0.173 () {34 vars in 747 bytes} [Thu May 7 10:30:46 2026] PUT /v2.0/ports/35f425e7-3916-4a55-bdc3-098f9002f51e/tags => generated 34 bytes in 52 msecs (HTTP/1.1 200) 4 headers in 156 bytes (1 switches on core 0) /var/lib/openstack/lib/python3.12/site-packages/pycadf/identifier.py:70: UserWarning: Invalid uuid: neutron. To ensure interoperability, identifiers should be a valid uuid. warnings.warn(('Invalid uuid: %s. To ensure interoperability, ' [pid: 8|app: 0|req: 1008/2034] 10.0.0.173 () {32 vars in 717 bytes} [Thu May 7 10:30:46 2026] GET /v2.0/ports/f086c3cf-0ec3-4ce4-9f43-36a5d0368b3b => generated 953 bytes in 82 msecs (HTTP/1.1 200) 4 headers in 157 bytes (1 switches on core 0) [pid: 8|app: 0|req: 1009/2035] 10.0.0.173 () {34 vars in 747 bytes} [Thu May 7 10:30:46 2026] PUT /v2.0/ports/9ed670b2-0068-4f55-b4ba-48fcb6ba8b26/tags => generated 19 bytes in 65 msecs (HTTP/1.1 200) 4 headers in 156 bytes (1 switches on core 0) /var/lib/openstack/lib/python3.12/site-packages/pycadf/identifier.py:70: UserWarning: Invalid uuid: neutron. To ensure interoperability, identifiers should be a valid uuid. warnings.warn(('Invalid uuid: %s. To ensure interoperability, '
2026-05-07 10:30:46.505 7 INFO neutron.db.ovn_revision_numbers_db [None req-10515e56-8066-4049-bca9-3ae8599e4f35 f9aa45421034451099e9cecf19022f92 bad4ed82dd4342a58bdda3408f871b4d - - default default] Successfully bumped revision number for resource 715a95d7-e576-49a6-9939-bf5b1a98f49a (type: security_groups) to 1
2026-05-07 10:30:46.515 7 INFO neutron.db.ovn_revision_numbers_db [None req-10515e56-8066-4049-bca9-3ae8599e4f35 f9aa45421034451099e9cecf19022f92 bad4ed82dd4342a58bdda3408f871b4d - - default default] Successfully bumped revision number for resource 7dd0b117-1a71-4b09-9cc1-3440910964ec (type: security_group_rules) to 0
2026-05-07 10:30:46.527 7 INFO neutron.db.ovn_revision_numbers_db [None req-10515e56-8066-4049-bca9-3ae8599e4f35 f9aa45421034451099e9cecf19022f92 bad4ed82dd4342a58bdda3408f871b4d - - default default] Successfully bumped revision number for resource d09e9f9d-1359-4296-a1cb-9d7525054372 (type: security_group_rules) to 0 [pid: 7|app: 0|req: 1027/2036] 10.0.0.173 () {34 vars in 684 bytes} [Thu May 7 10:30:46 2026] POST /v2.0/security-groups => generated 1627 bytes in 183 msecs (HTTP/1.1 201) 4 headers in 163 bytes (1 switches on core 0) [pid: 8|app: 0|req: 1010/2037] 10.0.0.173 () {32 vars in 660 bytes} [Thu May 7 10:30:46 2026] GET /v2.0/ports?tags=red => generated 2253 bytes in 167 msecs (HTTP/1.1 200) 4 headers in 158 bytes (1 switches on core 0)
2026-05-07 10:30:46.719 7 INFO neutron.db.ovn_revision_numbers_db [None req-de5c1f8c-3021-45cb-af0b-ab0b7da5c097 f9aa45421034451099e9cecf19022f92 bad4ed82dd4342a58bdda3408f871b4d - - default default] Successfully bumped revision number for resource 273a332e-cf93-4817-8a16-0ee5cff65dd5 (type: security_group_rules) to 0 [pid: 8|app: 0|req: 1011/2038] 10.0.0.173 () {32 vars in 674 bytes} [Thu May 7 10:30:46 2026] GET /v2.0/ports?tags=red%2Cblue => generated 1513 bytes in 87 msecs (HTTP/1.1 200) 4 headers in 158 bytes (1 switches on core 0) [pid: 7|app: 0|req: 1028/2039] 10.0.0.173 () {34 vars in 695 bytes} [Thu May 7 10:30:46 2026] POST /v2.0/security-group-rules => generated 597 bytes in 186 msecs (HTTP/1.1 201) 4 headers in 162 bytes (1 switches on core 0) [pid: 8|app: 0|req: 1012/2040] 10.0.0.173 () {32 vars in 670 bytes} [Thu May 7 10:30:46 2026] GET /v2.0/ports?tags-any=blue => generated 1513 bytes in 60 msecs (HTTP/1.1 200) 4 headers in 158 bytes (1 switches on core 0) [pid: 8|app: 0|req: 1013/2041] 10.0.0.173 () {32 vars in 682 bytes} [Thu May 7 10:30:46 2026] GET /v2.0/ports?tags-any=red%2Cblue => generated 2253 bytes in 49 msecs (HTTP/1.1 200) 4 headers in 158 bytes (1 switches on core 0)
2026-05-07 10:30:46.912 7 INFO neutron.db.ovn_revision_numbers_db [None req-920483b0-0952-4575-8c29-b7103d724059 f9aa45421034451099e9cecf19022f92 bad4ed82dd4342a58bdda3408f871b4d - - default default] Successfully bumped revision number for resource 1679452a-044c-433c-a1ad-5ed27cc99681 (type: security_group_rules) to 0 [pid: 7|app: 0|req: 1029/2042] 10.0.0.173 () {34 vars in 695 bytes} [Thu May 7 10:30:46 2026] POST /v2.0/security-group-rules => generated 597 bytes in 188 msecs (HTTP/1.1 201) 4 headers in 162 bytes (1 switches on core 0) [pid: 8|app: 0|req: 1014/2043] 10.0.0.173 () {32 vars in 668 bytes} [Thu May 7 10:30:46 2026] GET /v2.0/ports?not-tags=red => generated 5268 bytes in 142 msecs (HTTP/1.1 200) 4 headers in 158 bytes (1 switches on core 0)
2026-05-07 10:30:47.094 7 INFO neutron.db.ovn_revision_numbers_db [None req-00d4c977-b9e5-4b55-8aa8-5c87f89be042 f9aa45421034451099e9cecf19022f92 bad4ed82dd4342a58bdda3408f871b4d - - default default] Successfully bumped revision number for resource 42bcda84-a5d7-4803-9fd5-505d912c4333 (type: security_group_rules) to 0 [pid: 8|app: 0|req: 1015/2044] 10.0.0.173 () {32 vars in 682 bytes} [Thu May 7 10:30:47 2026] GET /v2.0/ports?not-tags=red%2Cblue => generated 6008 bytes in 105 msecs (HTTP/1.1 200) 4 headers in 158 bytes (1 switches on core 0) [pid: 7|app: 0|req: 1030/2045] 10.0.0.173 () {34 vars in 695 bytes} [Thu May 7 10:30:46 2026] POST /v2.0/security-group-rules => generated 599 bytes in 174 msecs (HTTP/1.1 201) 4 headers in 162 bytes (1 switches on core 0) [pid: 8|app: 0|req: 1016/2046] 10.0.0.173 () {32 vars in 678 bytes} [Thu May 7 10:30:47 2026] GET /v2.0/ports?not-tags-any=blue => generated 6008 bytes in 91 msecs (HTTP/1.1 200) 4 headers in 158 bytes (1 switches on core 0)
2026-05-07 10:30:47.259 7 INFO neutron.db.ovn_revision_numbers_db [None req-8371ebe1-1a7a-4918-aebe-24ba0af687bd f9aa45421034451099e9cecf19022f92 bad4ed82dd4342a58bdda3408f871b4d - - default default] Successfully bumped revision number for resource ebc6ea9e-1954-4c52-85a1-34768f382d55 (type: security_group_rules) to 0 [pid: 7|app: 0|req: 1031/2047] 10.0.0.173 () {34 vars in 695 bytes} [Thu May 7 10:30:47 2026] POST /v2.0/security-group-rules => generated 601 bytes in 158 msecs (HTTP/1.1 201) 4 headers in 162 bytes (1 switches on core 0) [pid: 8|app: 0|req: 1017/2048] 10.0.0.173 () {32 vars in 690 bytes} [Thu May 7 10:30:47 2026] GET /v2.0/ports?not-tags-any=red%2Cblue => generated 5268 bytes in 79 msecs (HTTP/1.1 200) 4 headers in 158 bytes (1 switches on core 0)
2026-05-07 10:30:47.428 7 INFO neutron.db.ovn_revision_numbers_db [None req-4960de70-ae08-408c-8bf0-b18d196c3482 f9aa45421034451099e9cecf19022f92 bad4ed82dd4342a58bdda3408f871b4d - - default default] Successfully bumped revision number for resource 0082538a-5d13-47e0-9b7e-8cb09f38cef1 (type: security_group_rules) to 0
2026-05-07 10:30:47.433 8 INFO neutron_taas.services.taas.taas_plugin [None req-b2e91adb-e957-41de-a962-f90238539ac6 1edad7a9211041b9a44173ed224f4d12 7d080524033e42a699c1b509913da0af - - default default] TaaS: Handle Delete Port: 11b77727-ca0b-43e4-b624-c7066f2a4abb
2026-05-07 10:30:47.436 8 INFO neutron_taas.services.taas.tap_mirror_plugin [None req-b2e91adb-e957-41de-a962-f90238539ac6 1edad7a9211041b9a44173ed224f4d12 7d080524033e42a699c1b509913da0af - - default default] Tap Mirror: Handle Delete Port: 11b77727-ca0b-43e4-b624-c7066f2a4abb [pid: 7|app: 0|req: 1032/2049] 10.0.0.173 () {34 vars in 695 bytes} [Thu May 7 10:30:47 2026] POST /v2.0/security-group-rules => generated 601 bytes in 160 msecs (HTTP/1.1 201) 4 headers in 162 bytes (1 switches on core 0) [pid: 7|app: 0|req: 1033/2050] 10.0.0.173 () {32 vars in 717 bytes} [Thu May 7 10:30:47 2026] GET /v2.0/ports/f086c3cf-0ec3-4ce4-9f43-36a5d0368b3b => generated 953 bytes in 30 msecs (HTTP/1.1 200) 4 headers in 157 bytes (1 switches on core 0) [pid: 8|app: 0|req: 1018/2051] 10.0.0.173 () {32 vars in 720 bytes} [Thu May 7 10:30:47 2026] DELETE /v2.0/ports/11b77727-ca0b-43e4-b624-c7066f2a4abb => generated 0 bytes in 266 msecs (HTTP/1.1 204) 3 headers in 131 bytes (1 switches on core 0)
2026-05-07 10:30:47.679 7 INFO neutron.db.ovn_revision_numbers_db [None req-0cf844c1-3fc3-44b3-8c43-75161cdc4e79 f9aa45421034451099e9cecf19022f92 bad4ed82dd4342a58bdda3408f871b4d - - default default] Successfully bumped revision number for resource bb940259-7f4e-4b7c-b2fc-dcee51cfffe2 (type: security_group_rules) to 0 [pid: 7|app: 0|req: 1034/2052] 10.0.0.173 () {34 vars in 695 bytes} [Thu May 7 10:30:47 2026] POST /v2.0/security-group-rules => generated 597 bytes in 225 msecs (HTTP/1.1 201) 4 headers in 162 bytes (1 switches on core 0)
2026-05-07 10:30:47.820 8 WARNING neutron.plugins.ml2.drivers.ovn.mech_driver.ovsdb.ovn_client [None req-47f854a9-9d0d-468b-b788-f959991a3d69 - - - - - -] No hosting information found for port 5c5e9599-fd93-45bf-b102-a52954651341: RuntimeError: No hosting information found for port 5c5e9599-fd93-45bf-b102-a52954651341
2026-05-07 10:30:47.908 7 INFO neutron_taas.services.taas.taas_plugin [None req-7c9571da-531e-4510-8b62-5e5b969ca7c1 1edad7a9211041b9a44173ed224f4d12 7d080524033e42a699c1b509913da0af - - default default] TaaS: Handle Delete Port: 4f77e8a7-24bb-449e-b883-2928425ecf21
2026-05-07 10:30:47.911 7 INFO neutron_taas.services.taas.tap_mirror_plugin [None req-7c9571da-531e-4510-8b62-5e5b969ca7c1 1edad7a9211041b9a44173ed224f4d12 7d080524033e42a699c1b509913da0af - - default default] Tap Mirror: Handle Delete Port: 4f77e8a7-24bb-449e-b883-2928425ecf21
2026-05-07 10:30:47.945 8 INFO neutron.db.ovn_revision_numbers_db [None req-209b8141-65de-4c90-ba56-c14358f237ab 03c68863a3f148468ed45b5bdfb1d3f3 3ea92d53a90b4fb297dc21fda7a134c7 - - default default] Successfully bumped revision number for resource 54517b7c-55ad-40c6-beab-907c0a904474 (type: security_groups) to 1
2026-05-07 10:30:47.967 8 INFO neutron.db.ovn_revision_numbers_db [None req-209b8141-65de-4c90-ba56-c14358f237ab 03c68863a3f148468ed45b5bdfb1d3f3 3ea92d53a90b4fb297dc21fda7a134c7 - - default default] Successfully bumped revision number for resource 721cd32d-217e-4b72-b0bc-9ecce4cbbf85 (type: security_group_rules) to 0
2026-05-07 10:30:47.985 8 INFO neutron.db.ovn_revision_numbers_db [None req-209b8141-65de-4c90-ba56-c14358f237ab 03c68863a3f148468ed45b5bdfb1d3f3 3ea92d53a90b4fb297dc21fda7a134c7 - - default default] Successfully bumped revision number for resource 7b61b8ec-a72e-4d40-9c60-004b56166447 (type: security_group_rules) to 0
2026-05-07 10:30:47.989 8 INFO neutron.db.ovn_revision_numbers_db [None req-47f854a9-9d0d-468b-b788-f959991a3d69 - - - - - -] Successfully bumped revision number for resource 5c5e9599-fd93-45bf-b102-a52954651341 (type: router_ports) to 2
2026-05-07 10:30:47.989 8 INFO neutron.plugins.ml2.drivers.ovn.mech_driver.mech_driver [None req-47f854a9-9d0d-468b-b788-f959991a3d69 - - - - - -] OVN reports status down for port: 2b8baed4-e4e3-4071-b22f-df313ccbd245
2026-05-07 10:30:48.006 8 INFO neutron.db.ovn_revision_numbers_db [None req-209b8141-65de-4c90-ba56-c14358f237ab 03c68863a3f148468ed45b5bdfb1d3f3 3ea92d53a90b4fb297dc21fda7a134c7 - - default default] Successfully bumped revision number for resource 9207e5ab-b4fd-440d-a99c-aa2f9e5623a8 (type: security_group_rules) to 0
2026-05-07 10:30:48.043 8 INFO neutron.db.ovn_revision_numbers_db [None req-209b8141-65de-4c90-ba56-c14358f237ab 03c68863a3f148468ed45b5bdfb1d3f3 3ea92d53a90b4fb297dc21fda7a134c7 - - default default] Successfully bumped revision number for resource e01bd219-4ad9-4e1c-bbff-f166547e8f44 (type: security_group_rules) to 0 [pid: 7|app: 0|req: 1035/2053] 10.0.0.173 () {32 vars in 720 bytes} [Thu May 7 10:30:47 2026] DELETE /v2.0/ports/4f77e8a7-24bb-449e-b883-2928425ecf21 => generated 0 bytes in 376 msecs (HTTP/1.1 204) 3 headers in 131 bytes (1 switches on core 0) [pid: 8|app: 0|req: 1019/2054] 10.0.0.173 () {32 vars in 774 bytes} [Thu May 7 10:30:47 2026] GET /v2.0/security-groups?tenant_id=dd948d57a8da4beeafc0ba4f6ec5e8b7&name=default => generated 2925 bytes in 552 msecs (HTTP/1.1 200) 4 headers in 158 bytes (1 switches on core 0)
2026-05-07 10:30:48.161 8 INFO neutron.plugins.ml2.drivers.ovn.mech_driver.mech_driver [None req-47f854a9-9d0d-468b-b788-f959991a3d69 - - - - - -] OVN reports status down for port: 318e869f-3861-454f-b84c-76107cdd1f92
2026-05-07 10:30:48.253 7 INFO neutron.db.ovn_revision_numbers_db [None req-b95f08dd-6327-4769-bdb0-e92c33754562 f9aa45421034451099e9cecf19022f92 bad4ed82dd4342a58bdda3408f871b4d - - default default] Successfully bumped revision number for resource b02bbfc3-8d14-4690-b6cb-92d3201ecf40 (type: security_group_rules) to 0 [pid: 7|app: 0|req: 1036/2055] 10.0.0.173 () {34 vars in 695 bytes} [Thu May 7 10:30:48 2026] POST /v2.0/security-group-rules => generated 597 bytes in 197 msecs (HTTP/1.1 201) 4 headers in 162 bytes (1 switches on core 0)
2026-05-07 10:30:48.295 8 INFO neutron.plugins.ml2.drivers.ovn.mech_driver.mech_driver [None req-47f854a9-9d0d-468b-b788-f959991a3d69 - - - - - -] OVN reports status down for port: 35f425e7-3916-4a55-bdc3-098f9002f51e
2026-05-07 10:30:48.323 8 INFO neutron_taas.services.taas.taas_plugin [None req-f899bf2b-cc64-41fb-89d0-86bdee4fdd64 1edad7a9211041b9a44173ed224f4d12 7d080524033e42a699c1b509913da0af - - default default] TaaS: Handle Delete Port: 35f425e7-3916-4a55-bdc3-098f9002f51e
2026-05-07 10:30:48.331 8 INFO neutron_taas.services.taas.tap_mirror_plugin [None req-f899bf2b-cc64-41fb-89d0-86bdee4fdd64 1edad7a9211041b9a44173ed224f4d12 7d080524033e42a699c1b509913da0af - - default default] Tap Mirror: Handle Delete Port: 35f425e7-3916-4a55-bdc3-098f9002f51e
2026-05-07 10:30:48.478 8 INFO neutron.plugins.ml2.drivers.ovn.mech_driver.mech_driver [None req-47f854a9-9d0d-468b-b788-f959991a3d69 - - - - - -] OVN reports status down for port: 4a4c2efe-d8f6-40a9-85e2-91929bce8353 [pid: 8|app: 0|req: 1020/2056] 10.0.0.173 () {32 vars in 720 bytes} [Thu May 7 10:30:48 2026] DELETE /v2.0/ports/35f425e7-3916-4a55-bdc3-098f9002f51e => generated 0 bytes in 422 msecs (HTTP/1.1 204) 3 headers in 131 bytes (1 switches on core 0) [pid: 7|app: 0|req: 1037/2057] 10.0.0.173 () {32 vars in 740 bytes} [Thu May 7 10:30:48 2026] DELETE /v2.0/security-groups/54517b7c-55ad-40c6-beab-907c0a904474 => generated 0 bytes in 302 msecs (HTTP/1.1 204) 2 headers in 112 bytes (1 switches on core 0) [pid: 7|app: 0|req: 1038/2058] 10.0.0.173 () {32 vars in 717 bytes} [Thu May 7 10:30:48 2026] GET /v2.0/ports/f086c3cf-0ec3-4ce4-9f43-36a5d0368b3b => generated 953 bytes in 38 msecs (HTTP/1.1 200) 4 headers in 157 bytes (1 switches on core 0)
2026-05-07 10:30:48.640 8 WARNING neutron.plugins.ml2.drivers.ovn.mech_driver.ovsdb.ovn_client [None req-47f854a9-9d0d-468b-b788-f959991a3d69 - - - - - -] Logical_Switch_Port 4a4c2efe-d8f6-40a9-85e2-91929bce8353 host information not removed, the port state is up
2026-05-07 10:30:48.720 8 INFO neutron.plugins.ml2.drivers.ovn.mech_driver.mech_driver [None req-47f854a9-9d0d-468b-b788-f959991a3d69 - - - - - -] OVN reports status down for port: b4176c69-f35c-425c-b323-112ab1d73df8
2026-05-07 10:30:48.779 7 INFO neutron_taas.services.taas.taas_plugin [None req-893bcc63-de83-4e59-8de6-8f3ec5e2b7c3 1edad7a9211041b9a44173ed224f4d12 7d080524033e42a699c1b509913da0af - - default default] TaaS: Handle Delete Port: 9ed670b2-0068-4f55-b4ba-48fcb6ba8b26
2026-05-07 10:30:48.782 7 INFO neutron_taas.services.taas.tap_mirror_plugin [None req-893bcc63-de83-4e59-8de6-8f3ec5e2b7c3 1edad7a9211041b9a44173ed224f4d12 7d080524033e42a699c1b509913da0af - - default default] Tap Mirror: Handle Delete Port: 9ed670b2-0068-4f55-b4ba-48fcb6ba8b26
2026-05-07 10:30:48.825 8 INFO neutron.plugins.ml2.drivers.ovn.mech_driver.mech_driver [None req-47f854a9-9d0d-468b-b788-f959991a3d69 - - - - - -] OVN reports status up for port: 4a4c2efe-d8f6-40a9-85e2-91929bce8353
2026-05-07 10:30:48.835 8 INFO neutron.db.ovn_revision_numbers_db [None req-584c9960-d19c-473a-821f-192fb2fdfb10 f9aa45421034451099e9cecf19022f92 bad4ed82dd4342a58bdda3408f871b4d - - default default] Successfully bumped revision number for resource a3286aa9-4ccc-485e-ae9b-04b23c5c7188 (type: security_group_rules) to 0
2026-05-07 10:30:48.840 8 INFO neutron.plugins.ml2.plugin [None req-47f854a9-9d0d-468b-b788-f959991a3d69 - - - - - -] Attempt 1 to provision port 4a4c2efe-d8f6-40a9-85e2-91929bce8353 [pid: 8|app: 0|req: 1021/2059] 10.0.0.173 () {34 vars in 695 bytes} [Thu May 7 10:30:48 2026] POST /v2.0/security-group-rules => generated 597 bytes in 354 msecs (HTTP/1.1 201) 4 headers in 162 bytes (1 switches on core 0) [pid: 7|app: 0|req: 1039/2060] 10.0.0.173 () {32 vars in 720 bytes} [Thu May 7 10:30:48 2026] DELETE /v2.0/ports/9ed670b2-0068-4f55-b4ba-48fcb6ba8b26 => generated 0 bytes in 327 msecs (HTTP/1.1 204) 3 headers in 131 bytes (1 switches on core 0)
2026-05-07 10:30:49.146 7 INFO neutron.db.ovn_revision_numbers_db [None req-25e19082-00ab-4d93-a0b0-edccbf1b7a3a f9aa45421034451099e9cecf19022f92 bad4ed82dd4342a58bdda3408f871b4d - - default default] Successfully bumped revision number for resource 9be6e6aa-a8a6-4aa6-ae04-61e02dfb8dde (type: security_group_rules) to 0 [pid: 7|app: 0|req: 1040/2061] 10.0.0.173 () {34 vars in 695 bytes} [Thu May 7 10:30:48 2026] POST /v2.0/security-group-rules => generated 599 bytes in 225 msecs (HTTP/1.1 201) 4 headers in 162 bytes (1 switches on core 0)
2026-05-07 10:30:49.274 8 INFO neutron.db.ovn_revision_numbers_db [None req-fb04a56f-b42b-439c-9209-fc8777e924c4 03c68863a3f148468ed45b5bdfb1d3f3 3ea92d53a90b4fb297dc21fda7a134c7 - - default default] Successfully bumped revision number for resource adb45b8e-f9d1-4f5e-bbc2-17e310b0211b (type: security_groups) to 1
2026-05-07 10:30:49.293 8 INFO neutron.db.ovn_revision_numbers_db [None req-fb04a56f-b42b-439c-9209-fc8777e924c4 03c68863a3f148468ed45b5bdfb1d3f3 3ea92d53a90b4fb297dc21fda7a134c7 - - default default] Successfully bumped revision number for resource 546a15a6-d715-4a88-858d-fe538f509d9d (type: security_group_rules) to 0
2026-05-07 10:30:49.314 8 INFO neutron.db.ovn_revision_numbers_db [None req-fb04a56f-b42b-439c-9209-fc8777e924c4 03c68863a3f148468ed45b5bdfb1d3f3 3ea92d53a90b4fb297dc21fda7a134c7 - - default default] Successfully bumped revision number for resource c0d6162b-0b1e-4f5b-8713-fa5d921211ce (type: security_group_rules) to 0
2026-05-07 10:30:49.317 7 INFO neutron_taas.services.taas.taas_plugin [None req-c8264008-f267-43e6-99c6-30a752195174 1edad7a9211041b9a44173ed224f4d12 7d080524033e42a699c1b509913da0af - - default default] TaaS: Handle Delete Port: 3a8c03d6-69ee-44bb-991b-cf00e1c8e378
2026-05-07 10:30:49.320 7 INFO neutron_taas.services.taas.tap_mirror_plugin [None req-c8264008-f267-43e6-99c6-30a752195174 1edad7a9211041b9a44173ed224f4d12 7d080524033e42a699c1b509913da0af - - default default] Tap Mirror: Handle Delete Port: 3a8c03d6-69ee-44bb-991b-cf00e1c8e378
2026-05-07 10:30:49.332 8 INFO neutron.db.ovn_revision_numbers_db [None req-fb04a56f-b42b-439c-9209-fc8777e924c4 03c68863a3f148468ed45b5bdfb1d3f3 3ea92d53a90b4fb297dc21fda7a134c7 - - default default] Successfully bumped revision number for resource c77d748b-425c-4efd-8bc8-afab40a5a8f0 (type: security_group_rules) to 0
2026-05-07 10:30:49.356 8 INFO neutron.db.ovn_revision_numbers_db [None req-fb04a56f-b42b-439c-9209-fc8777e924c4 03c68863a3f148468ed45b5bdfb1d3f3 3ea92d53a90b4fb297dc21fda7a134c7 - - default default] Successfully bumped revision number for resource cf79f2d6-3a81-4c95-a871-84260394b1d4 (type: security_group_rules) to 0 [pid: 8|app: 0|req: 1022/2062] 10.0.0.173 () {32 vars in 774 bytes} [Thu May 7 10:30:48 2026] GET /v2.0/security-groups?tenant_id=626290626e404807a626a29a41eade47&name=default => generated 2925 bytes in 552 msecs (HTTP/1.1 200) 4 headers in 158 bytes (1 switches on core 0) [pid: 7|app: 0|req: 1041/2063] 10.0.0.173 () {32 vars in 720 bytes} [Thu May 7 10:30:49 2026] DELETE /v2.0/ports/3a8c03d6-69ee-44bb-991b-cf00e1c8e378 => generated 0 bytes in 276 msecs (HTTP/1.1 204) 3 headers in 131 bytes (1 switches on core 0) [pid: 7|app: 0|req: 1042/2064] 10.0.0.173 () {32 vars in 740 bytes} [Thu May 7 10:30:49 2026] DELETE /v2.0/security-groups/adb45b8e-f9d1-4f5e-bbc2-17e310b0211b => generated 0 bytes in 282 msecs (HTTP/1.1 204) 2 headers in 112 bytes (1 switches on core 0)
2026-05-07 10:30:49.782 8 INFO neutron.db.ovn_revision_numbers_db [None req-47f854a9-9d0d-468b-b788-f959991a3d69 - - - - - -] Successfully bumped revision number for resource 4a4c2efe-d8f6-40a9-85e2-91929bce8353 (type: ports) to 2
2026-05-07 10:30:49.810 8 INFO neutron.db.ovn_revision_numbers_db [None req-33de0afd-8f97-41db-bbea-12a91bde1fd6 f9aa45421034451099e9cecf19022f92 bad4ed82dd4342a58bdda3408f871b4d - - default default] Successfully bumped revision number for resource 6d8eb190-9f2a-4fe4-99f1-5a3429a26b6f (type: security_group_rules) to 0 [pid: 8|app: 0|req: 1023/2065] 10.0.0.173 () {34 vars in 695 bytes} [Thu May 7 10:30:49 2026] POST /v2.0/security-group-rules => generated 601 bytes in 402 msecs (HTTP/1.1 201) 4 headers in 162 bytes (1 switches on core 0)
2026-05-07 10:30:49.885 7 INFO neutron_taas.services.taas.taas_plugin [None req-792a03c8-e5ff-4909-854d-ffcce4720653 1edad7a9211041b9a44173ed224f4d12 7d080524033e42a699c1b509913da0af - - default default] TaaS: Handle Delete Port: 5690158a-24cd-4ad9-ae47-ce44283946c2
2026-05-07 10:30:49.888 7 INFO neutron_taas.services.taas.tap_mirror_plugin [None req-792a03c8-e5ff-4909-854d-ffcce4720653 1edad7a9211041b9a44173ed224f4d12 7d080524033e42a699c1b509913da0af - - default default] Tap Mirror: Handle Delete Port: 5690158a-24cd-4ad9-ae47-ce44283946c2
2026-05-07 10:30:50.078 7 INFO neutron.services.segments.plugin [-] Segment 957c265a-54d2-48cc-a944-97f15d64462e resource provider aggregate not found
2026-05-07 10:30:50.084 7 INFO neutron.services.segments.plugin [-] Segment 957c265a-54d2-48cc-a944-97f15d64462e resource provider aggregate not found
2026-05-07 10:30:50.100 7 INFO neutron.services.segments.plugin [-] Segment 957c265a-54d2-48cc-a944-97f15d64462e resource provider not found; error: Placement Client Error (4xx): {"errors": [{"status": 404, "title": "Not Found", "detail": "The resource could not be found.\n\n No resource provider with uuid 957c265a-54d2-48cc-a944-97f15d64462e found for delete ", "request_id": "req-b8b79010-a737-47aa-a307-b3ee40ba6481"}]}
2026-05-07 10:30:50.103 7 INFO neutron.services.segments.plugin [-] Segment 957c265a-54d2-48cc-a944-97f15d64462e resource provider not found; error: Placement Client Error (4xx): {"errors": [{"status": 404, "title": "Not Found", "detail": "The resource could not be found.\n\n No resource provider with uuid 957c265a-54d2-48cc-a944-97f15d64462e found for delete ", "request_id": "req-0a2ced36-c6e8-4e1b-8beb-7d1820085f71"}]} [pid: 7|app: 0|req: 1043/2066] 10.0.0.173 () {32 vars in 726 bytes} [Thu May 7 10:30:49 2026] DELETE /v2.0/networks/75456955-fcbf-49d9-9b88-f584bc1df2e1 => generated 0 bytes in 412 msecs (HTTP/1.1 204) 3 headers in 131 bytes (1 switches on core 0)
2026-05-07 10:30:50.401 7 INFO neutron.db.ovn_revision_numbers_db [None req-e2940e10-caa3-4e52-b7d6-6a03c165211f f9aa45421034451099e9cecf19022f92 bad4ed82dd4342a58bdda3408f871b4d - - default default] Successfully bumped revision number for resource 42e0b345-67e3-44bb-9078-6419f4a6c288 (type: security_group_rules) to 0 [pid: 7|app: 0|req: 1044/2067] 10.0.0.173 () {34 vars in 695 bytes} [Thu May 7 10:30:50 2026] POST /v2.0/security-group-rules => generated 597 bytes in 281 msecs (HTTP/1.1 201) 4 headers in 162 bytes (1 switches on core 0) [pid: 8|app: 0|req: 1024/2068] 10.0.0.173 () {32 vars in 717 bytes} [Thu May 7 10:30:49 2026] GET /v2.0/ports/f086c3cf-0ec3-4ce4-9f43-36a5d0368b3b => generated 953 bytes in 617 msecs (HTTP/1.1 200) 4 headers in 157 bytes (1 switches on core 0)
2026-05-07 10:30:50.562 7 INFO neutron_taas.services.taas.taas_plugin [None req-76cb562e-701c-41ff-a421-35a10b568beb 1edad7a9211041b9a44173ed224f4d12 7d080524033e42a699c1b509913da0af - - default default] TaaS: Handle Delete Port: 9b2182c2-ad36-448f-a6d6-f091eaf792b3
2026-05-07 10:30:50.565 7 INFO neutron_taas.services.taas.tap_mirror_plugin [None req-76cb562e-701c-41ff-a421-35a10b568beb 1edad7a9211041b9a44173ed224f4d12 7d080524033e42a699c1b509913da0af - - default default] Tap Mirror: Handle Delete Port: 9b2182c2-ad36-448f-a6d6-f091eaf792b3 [pid: 8|app: 0|req: 1025/2069] 10.0.0.161 () {34 vars in 1094 bytes} [Thu May 7 10:30:50 2026] GET /v2.0/security-groups?name=tempest-lb_member_SG-139926029&fields=id&tenant_id=bad4ed82dd4342a58bdda3408f871b4d => generated 69 bytes in 35 msecs (HTTP/1.1 200) 4 headers in 156 bytes (1 switches on core 0) [pid: 8|app: 0|req: 1026/2070] 10.0.0.161 () {34 vars in 982 bytes} [Thu May 7 10:30:50 2026] GET /v2.0/networks?id=bf5830bc-6ab3-4ad3-aa80-7c48d2a2189b => generated 705 bytes in 82 msecs (HTTP/1.1 200) 4 headers in 157 bytes (1 switches on core 0) [pid: 8|app: 0|req: 1027/2071] 10.0.0.161 () {34 vars in 965 bytes} [Thu May 7 10:30:50 2026] GET /v2.0/quotas/bad4ed82dd4342a58bdda3408f871b4d => generated 292 bytes in 13 msecs (HTTP/1.1 200) 4 headers in 157 bytes (1 switches on core 0) [pid: 7|app: 0|req: 1045/2072] 10.0.0.173 () {32 vars in 726 bytes} [Thu May 7 10:30:50 2026] DELETE /v2.0/networks/3f60ddd9-67a8-42da-8221-358955899c20 => generated 0 bytes in 386 msecs (HTTP/1.1 204) 3 headers in 131 bytes (1 switches on core 0)
2026-05-07 10:30:50.954 7 INFO neutron_taas.services.taas.taas_plugin [None req-48da8221-a1a4-4a3b-87a3-f31ff3c25c23 1edad7a9211041b9a44173ed224f4d12 7d080524033e42a699c1b509913da0af - - default default] TaaS: Handle Delete Port: 318e869f-3861-454f-b84c-76107cdd1f92
2026-05-07 10:30:50.958 7 INFO neutron_taas.services.taas.tap_mirror_plugin [None req-48da8221-a1a4-4a3b-87a3-f31ff3c25c23 1edad7a9211041b9a44173ed224f4d12 7d080524033e42a699c1b509913da0af - - default default] Tap Mirror: Handle Delete Port: 318e869f-3861-454f-b84c-76107cdd1f92 [pid: 8|app: 0|req: 1028/2073] 10.0.0.161 () {34 vars in 1002 bytes} [Thu May 7 10:30:50 2026] GET /v2.0/ports?tenant_id=bad4ed82dd4342a58bdda3408f871b4d&fields=id => generated 287 bytes in 230 msecs (HTTP/1.1 200) 4 headers in 157 bytes (1 switches on core 0) [pid: 8|app: 0|req: 1029/2074] 10.0.0.161 () {34 vars in 1008 bytes} [Thu May 7 10:30:51 2026] GET /v2.0/networks/bf5830bc-6ab3-4ad3-aa80-7c48d2a2189b?fields=segments => generated 14 bytes in 51 msecs (HTTP/1.1 200) 4 headers in 156 bytes (1 switches on core 0) [pid: 8|app: 0|req: 1030/2075] 10.0.0.161 () {34 vars in 1108 bytes} [Thu May 7 10:30:51 2026] GET /v2.0/networks/bf5830bc-6ab3-4ad3-aa80-7c48d2a2189b?fields=provider%3Aphysical_network&fields=provider%3Anetwork_type => generated 79 bytes in 77 msecs (HTTP/1.1 200) 4 headers in 156 bytes (1 switches on core 0) [pid: 7|app: 0|req: 1046/2076] 10.0.0.173 () {32 vars in 726 bytes} [Thu May 7 10:30:50 2026] DELETE /v2.0/networks/d36b6046-ecc0-43ab-9ac3-d0298529b90b => generated 0 bytes in 396 msecs (HTTP/1.1 204) 3 headers in 131 bytes (1 switches on core 0) [pid: 7|app: 0|req: 1047/2077] 10.0.0.161 () {34 vars in 990 bytes} [Thu May 7 10:30:51 2026] GET /v2.0/ports?device_id=68b2a771-b502-42a3-93fa-a253104496db => generated 12 bytes in 22 msecs (HTTP/1.1 200) 4 headers in 156 bytes (1 switches on core 0)
2026-05-07 10:30:51.342 8 INFO neutron_taas.services.taas.taas_plugin [None req-932f69c5-f48e-4c28-a5ec-0ba03782b73b 1edad7a9211041b9a44173ed224f4d12 7d080524033e42a699c1b509913da0af - - default default] TaaS: Handle Delete Port: b4176c69-f35c-425c-b323-112ab1d73df8
2026-05-07 10:30:51.344 8 INFO neutron_taas.services.taas.tap_mirror_plugin [None req-932f69c5-f48e-4c28-a5ec-0ba03782b73b 1edad7a9211041b9a44173ed224f4d12 7d080524033e42a699c1b509913da0af - - default default] Tap Mirror: Handle Delete Port: b4176c69-f35c-425c-b323-112ab1d73df8
2026-05-07 10:30:51.540 8 INFO neutron.services.segments.plugin [-] Segment 19e86873-2158-4e6d-90cf-eb3897ded34b resource provider aggregate not found
2026-05-07 10:30:51.545 8 INFO neutron.services.segments.plugin [-] Segment 19e86873-2158-4e6d-90cf-eb3897ded34b resource provider aggregate not found
2026-05-07 10:30:51.568 8 INFO neutron.services.segments.plugin [-] Segment 19e86873-2158-4e6d-90cf-eb3897ded34b resource provider not found; error: Placement Client Error (4xx): {"errors": [{"status": 404, "title": "Not Found", "detail": "The resource could not be found.\n\n No resource provider with uuid 19e86873-2158-4e6d-90cf-eb3897ded34b found for delete ", "request_id": "req-b82566ff-1ed6-4d3d-b100-8604e0b57557"}]}
2026-05-07 10:30:51.568 8 INFO neutron.services.segments.plugin [-] Segment 19e86873-2158-4e6d-90cf-eb3897ded34b resource provider not found; error: Placement Client Error (4xx): {"errors": [{"status": 404, "title": "Not Found", "detail": "The resource could not be found.\n\n No resource provider with uuid 19e86873-2158-4e6d-90cf-eb3897ded34b found for delete ", "request_id": "req-b5b69d48-aa23-4c30-8e99-7f0648d3cf8f"}]} [pid: 8|app: 0|req: 1031/2078] 10.0.0.173 () {32 vars in 726 bytes} [Thu May 7 10:30:51 2026] DELETE /v2.0/networks/fd658ecd-6ffc-4c4a-a356-373f469c9373 => generated 0 bytes in 372 msecs (HTTP/1.1 204) 3 headers in 131 bytes (1 switches on core 0) [pid: 8|app: 0|req: 1032/2079] 10.0.0.173 () {32 vars in 717 bytes} [Thu May 7 10:30:51 2026] GET /v2.0/ports/f086c3cf-0ec3-4ce4-9f43-36a5d0368b3b => generated 953 bytes in 75 msecs (HTTP/1.1 200) 4 headers in 157 bytes (1 switches on core 0)
2026-05-07 10:30:51.800 7 INFO neutron.db.ovn_revision_numbers_db [None req-dbec95cc-bca4-4459-bb9b-c5e81e915741 03c68863a3f148468ed45b5bdfb1d3f3 3ea92d53a90b4fb297dc21fda7a134c7 - - default default] Successfully bumped revision number for resource a28f670e-f23d-4d86-af2b-204f3b8740a0 (type: security_groups) to 1
2026-05-07 10:30:51.812 7 INFO neutron.db.ovn_revision_numbers_db [None req-dbec95cc-bca4-4459-bb9b-c5e81e915741 03c68863a3f148468ed45b5bdfb1d3f3 3ea92d53a90b4fb297dc21fda7a134c7 - - default default] Successfully bumped revision number for resource 15edf18d-828e-4688-803e-31a1e10d8d50 (type: security_group_rules) to 0
2026-05-07 10:30:51.819 8 INFO neutron_taas.services.taas.taas_plugin [None req-1ee30651-3475-42a0-a066-dc51f6853729 1edad7a9211041b9a44173ed224f4d12 7d080524033e42a699c1b509913da0af - - default default] TaaS: Handle Delete Port: 65fc5265-1d47-4ede-9984-1b54820e11e2
2026-05-07 10:30:51.822 8 INFO neutron_taas.services.taas.tap_mirror_plugin [None req-1ee30651-3475-42a0-a066-dc51f6853729 1edad7a9211041b9a44173ed224f4d12 7d080524033e42a699c1b509913da0af - - default default] Tap Mirror: Handle Delete Port: 65fc5265-1d47-4ede-9984-1b54820e11e2
2026-05-07 10:30:51.826 7 INFO neutron.db.ovn_revision_numbers_db [None req-dbec95cc-bca4-4459-bb9b-c5e81e915741 03c68863a3f148468ed45b5bdfb1d3f3 3ea92d53a90b4fb297dc21fda7a134c7 - - default default] Successfully bumped revision number for resource 30c55f95-a440-45db-b9cd-17aadda61bf7 (type: security_group_rules) to 0
2026-05-07 10:30:51.840 7 INFO neutron.db.ovn_revision_numbers_db [None req-dbec95cc-bca4-4459-bb9b-c5e81e915741 03c68863a3f148468ed45b5bdfb1d3f3 3ea92d53a90b4fb297dc21fda7a134c7 - - default default] Successfully bumped revision number for resource 46dc4edf-dc08-43ed-919d-a92919d8b223 (type: security_group_rules) to 0
2026-05-07 10:30:51.853 7 INFO neutron.db.ovn_revision_numbers_db [None req-dbec95cc-bca4-4459-bb9b-c5e81e915741 03c68863a3f148468ed45b5bdfb1d3f3 3ea92d53a90b4fb297dc21fda7a134c7 - - default default] Successfully bumped revision number for resource 9abcf536-23e9-40e3-9ae9-fa841e3ce642 (type: security_group_rules) to 0
2026-05-07 10:30:51.943 7 INFO neutron.db.segments_db [None req-dbec95cc-bca4-4459-bb9b-c5e81e915741 03c68863a3f148468ed45b5bdfb1d3f3 3ea92d53a90b4fb297dc21fda7a134c7 - - default default] Added segment e8ac1560-733f-4998-a3ca-87fb228652fb of type geneve for network 43ddd6cf-0c42-46a9-b0da-cb39f798f9a8
2026-05-07 10:30:52.069 7 INFO neutron.db.ovn_revision_numbers_db [None req-dbec95cc-bca4-4459-bb9b-c5e81e915741 03c68863a3f148468ed45b5bdfb1d3f3 3ea92d53a90b4fb297dc21fda7a134c7 - - default default] Successfully bumped revision number for resource 43ddd6cf-0c42-46a9-b0da-cb39f798f9a8 (type: networks) to 1 [pid: 8|app: 0|req: 1033/2080] 10.0.0.173 () {32 vars in 726 bytes} [Thu May 7 10:30:51 2026] DELETE /v2.0/networks/0675bac9-6eec-467f-ad1f-f4c1a6766468 => generated 0 bytes in 400 msecs (HTTP/1.1 204) 3 headers in 131 bytes (1 switches on core 0)
2026-05-07 10:30:52.125 7 INFO neutron.services.segments.plugin [-] Segment ab0473d3-da22-45d2-a6b9-c7978aebacbb resource provider aggregate not found
2026-05-07 10:30:52.129 7 INFO neutron.services.segments.plugin [-] Segment ab0473d3-da22-45d2-a6b9-c7978aebacbb resource provider aggregate not found
2026-05-07 10:30:52.146 7 INFO neutron.services.segments.plugin [-] Segment ab0473d3-da22-45d2-a6b9-c7978aebacbb resource provider not found; error: Placement Client Error (4xx): {"errors": [{"status": 404, "title": "Not Found", "detail": "The resource could not be found.\n\n No resource provider with uuid ab0473d3-da22-45d2-a6b9-c7978aebacbb found for delete ", "request_id": "req-79d20fc6-9d4d-4ba3-bcaa-5c5e36d6c838"}]}
2026-05-07 10:30:52.149 7 INFO neutron.services.segments.plugin [-] Segment ab0473d3-da22-45d2-a6b9-c7978aebacbb resource provider not found; error: Placement Client Error (4xx): {"errors": [{"status": 404, "title": "Not Found", "detail": "The resource could not be found.\n\n No resource provider with uuid ab0473d3-da22-45d2-a6b9-c7978aebacbb found for delete ", "request_id": "req-1db907a0-5ebf-445b-97b4-e4b63f23a2cf"}]}
2026-05-07 10:30:52.164 7 INFO neutron.services.segments.plugin [-] Segment e400e680-cec9-47b7-8b6e-1b3b2aef32a8 resource provider aggregate not found
2026-05-07 10:30:52.177 7 INFO neutron.services.segments.plugin [-] Segment e400e680-cec9-47b7-8b6e-1b3b2aef32a8 resource provider aggregate not found
2026-05-07 10:30:52.185 7 INFO neutron.services.segments.plugin [-] Segment e400e680-cec9-47b7-8b6e-1b3b2aef32a8 resource provider not found; error: Placement Client Error (4xx): {"errors": [{"status": 404, "title": "Not Found", "detail": "The resource could not be found.\n\n No resource provider with uuid e400e680-cec9-47b7-8b6e-1b3b2aef32a8 found for delete ", "request_id": "req-84e1e93c-64d6-49dd-b9ea-5f99d7b57464"}]}
