Aug 10 07:13:13.865972 np0000188309 devstack@n-api-meta.service[106909]: DEBUG nova.api.openstack.wsgi_app [None req-a66843aa-e09d-4cc1-a444-8cb55de7eee6 None None] oslo_limit.connect_retries = None {{(pid=106909) log_opt_values /opt/stack/data/venv/lib/python3.12/site-packages/oslo_config/cfg.py:3545}}
Aug 10 07:13:13.866098 np0000188309 devstack@n-api-meta.service[106909]: DEBUG nova.api.openstack.wsgi_app [None req-a66843aa-e09d-4cc1-a444-8cb55de7eee6 None None] oslo_limit.connect_retry_delay = None {{(pid=106909) log_opt_values /opt/stack/data/venv/lib/python3.12/site-packages/oslo_config/cfg.py:3545}}
Aug 10 07:13:13.866223 np0000188309 devstack@n-api-meta.service[106909]: DEBUG nova.api.openstack.wsgi_app [None req-a66843aa-e09d-4cc1-a444-8cb55de7eee6 None None] oslo_limit.endpoint_id = None {{(pid=106909) log_opt_values /opt/stack/data/venv/lib/python3.12/site-packages/oslo_config/cfg.py:3545}}
Aug 10 07:13:13.866357 np0000188309 devstack@n-api-meta.service[106909]: DEBUG nova.api.openstack.wsgi_app [None req-a66843aa-e09d-4cc1-a444-8cb55de7eee6 None None] oslo_limit.endpoint_interface = public {{(pid=106909) log_opt_values /opt/stack/data/venv/lib/python3.12/site-packages/oslo_config/cfg.py:3545}}
Aug 10 07:13:13.866500 np0000188309 devstack@n-api-meta.service[106909]: DEBUG nova.api.openstack.wsgi_app [None req-a66843aa-e09d-4cc1-a444-8cb55de7eee6 None None] oslo_limit.endpoint_override = None {{(pid=106909) log_opt_values /opt/stack/data/venv/lib/python3.12/site-packages/oslo_config/cfg.py:3545}}
Aug 10 07:13:13.866627 np0000188309 devstack@n-api-meta.service[106909]: DEBUG nova.api.openstack.wsgi_app [None req-a66843aa-e09d-4cc1-a444-8cb55de7eee6 None None] oslo_limit.endpoint_region_name = None {{(pid=106909) log_opt_values /opt/stack/data/venv/lib/python3.12/site-packages/oslo_config/cfg.py:3545}}
Aug 10 07:13:13.866750 np0000188309 devstack@n-api-meta.service[106909]: DEBUG nova.api.openstack.wsgi_app [None req-a66843aa-e09d-4cc1-a444-8cb55de7eee6 None None] oslo_limit.endpoint_service_name = None {{(pid=106909) log_opt_values /opt/stack/data/venv/lib/python3.12/site-packages/oslo_config/cfg.py:3545}}
Aug 10 07:13:13.866874 np0000188309 devstack@n-api-meta.service[106909]: DEBUG nova.api.openstack.wsgi_app [None req-a66843aa-e09d-4cc1-a444-8cb55de7eee6 None None] oslo_limit.endpoint_service_type = None {{(pid=106909) log_opt_values /opt/stack/data/venv/lib/python3.12/site-packages/oslo_config/cfg.py:3545}}
Aug 10 07:13:13.867019 np0000188309 devstack@n-api-meta.service[106909]: DEBUG nova.api.openstack.wsgi_app [None req-a66843aa-e09d-4cc1-a444-8cb55de7eee6 None None] oslo_limit.insecure = False {{(pid=106909) log_opt_values /opt/stack/data/venv/lib/python3.12/site-packages/oslo_config/cfg.py:3545}}
Aug 10 07:13:13.867148 np0000188309 devstack@n-api-meta.service[106909]: DEBUG nova.api.openstack.wsgi_app [None req-a66843aa-e09d-4cc1-a444-8cb55de7eee6 None None] oslo_limit.keyfile = None {{(pid=106909) log_opt_values /opt/stack/data/venv/lib/python3.12/site-packages/oslo_config/cfg.py:3545}}
Aug 10 07:13:13.867273 np0000188309 devstack@n-api-meta.service[106909]: DEBUG nova.api.openstack.wsgi_app [None req-a66843aa-e09d-4cc1-a444-8cb55de7eee6 None None] oslo_limit.max_version = None {{(pid=106909) log_opt_values /opt/stack/data/venv/lib/python3.12/site-packages/oslo_config/cfg.py:3545}}
Aug 10 07:13:13.867397 np0000188309 devstack@n-api-meta.service[106909]: DEBUG nova.api.openstack.wsgi_app [None req-a66843aa-e09d-4cc1-a444-8cb55de7eee6 None None] oslo_limit.min_version = None {{(pid=106909) log_opt_values /opt/stack/data/venv/lib/python3.12/site-packages/oslo_config/cfg.py:3545}}
Aug 10 07:13:13.867540 np0000188309 devstack@n-api-meta.service[106909]: DEBUG nova.api.openstack.wsgi_app [None req-a66843aa-e09d-4cc1-a444-8cb55de7eee6 None None] oslo_limit.region_name = None {{(pid=106909) log_opt_values /opt/stack/data/venv/lib/python3.12/site-packages/oslo_config/cfg.py:3545}}
Aug 10 07:13:13.867666 np0000188309 devstack@n-api-meta.service[106909]: DEBUG nova.api.openstack.wsgi_app [None req-a66843aa-e09d-4cc1-a444-8cb55de7eee6 None None] oslo_limit.retriable_status_codes = None {{(pid=106909) log_opt_values /opt/stack/data/venv/lib/python3.12/site-packages/oslo_config/cfg.py:3545}}
Aug 10 07:13:13.867791 np0000188309 devstack@n-api-meta.service[106909]: DEBUG nova.api.openstack.wsgi_app [None req-a66843aa-e09d-4cc1-a444-8cb55de7eee6 None None] oslo_limit.service_name = None {{(pid=106909) log_opt_values /opt/stack/data/venv/lib/python3.12/site-packages/oslo_config/cfg.py:3545}}
Aug 10 07:13:13.867927 np0000188309 devstack@n-api-meta.service[106909]: DEBUG nova.api.openstack.wsgi_app [None req-a66843aa-e09d-4cc1-a444-8cb55de7eee6 None None] oslo_limit.service_type = None {{(pid=106909) log_opt_values /opt/stack/data/venv/lib/python3.12/site-packages/oslo_config/cfg.py:3545}}
Aug 10 07:13:13.868056 np0000188309 devstack@n-api-meta.service[106909]: DEBUG nova.api.openstack.wsgi_app [None req-a66843aa-e09d-4cc1-a444-8cb55de7eee6 None None] oslo_limit.split_loggers = False {{(pid=106909) log_opt_values /opt/stack/data/venv/lib/python3.12/site-packages/oslo_config/cfg.py:3545}}
Aug 10 07:13:13.868183 np0000188309 devstack@n-api-meta.service[106909]: DEBUG nova.api.openstack.wsgi_app [None req-a66843aa-e09d-4cc1-a444-8cb55de7eee6 None None] oslo_limit.status_code_retries = None {{(pid=106909) log_opt_values /opt/stack/data/venv/lib/python3.12/site-packages/oslo_config/cfg.py:3545}}
Aug 10 07:13:13.868307 np0000188309 devstack@n-api-meta.service[106909]: DEBUG nova.api.openstack.wsgi_app [None req-a66843aa-e09d-4cc1-a444-8cb55de7eee6 None None] oslo_limit.status_code_retry_delay = None {{(pid=106909) log_opt_values /opt/stack/data/venv/lib/python3.12/site-packages/oslo_config/cfg.py:3545}}
Aug 10 07:13:13.868430 np0000188309 devstack@n-api-meta.service[106909]: DEBUG nova.api.openstack.wsgi_app [None req-a66843aa-e09d-4cc1-a444-8cb55de7eee6 None None] oslo_limit.timeout = None {{(pid=106909) log_opt_values /opt/stack/data/venv/lib/python3.12/site-packages/oslo_config/cfg.py:3545}}
Aug 10 07:13:13.868591 np0000188309 devstack@n-api-meta.service[106909]: DEBUG nova.api.openstack.wsgi_app [None req-a66843aa-e09d-4cc1-a444-8cb55de7eee6 None None] oslo_limit.valid_interfaces = None {{(pid=106909) log_opt_values /opt/stack/data/venv/lib/python3.12/site-packages/oslo_config/cfg.py:3545}}
Aug 10 07:13:13.868716 np0000188309 devstack@n-api-meta.service[106909]: DEBUG nova.api.openstack.wsgi_app [None req-a66843aa-e09d-4cc1-a444-8cb55de7eee6 None None] oslo_limit.version = None {{(pid=106909) log_opt_values /opt/stack/data/venv/lib/python3.12/site-packages/oslo_config/cfg.py:3545}}
Aug 10 07:13:13.868864 np0000188309 devstack@n-api-meta.service[106909]: DEBUG nova.api.openstack.wsgi_app [None req-a66843aa-e09d-4cc1-a444-8cb55de7eee6 None None] oslo_messaging_rabbit.amqp_auto_delete = False {{(pid=106909) log_opt_values /opt/stack/data/venv/lib/python3.12/site-packages/oslo_config/cfg.py:3545}}
Aug 10 07:13:13.868995 np0000188309 devstack@n-api-meta.service[106909]: DEBUG nova.api.openstack.wsgi_app [None req-a66843aa-e09d-4cc1-a444-8cb55de7eee6 None None] oslo_messaging_rabbit.amqp_durable_queues = False {{(pid=106909) log_opt_values /opt/stack/data/venv/lib/python3.12/site-packages/oslo_config/cfg.py:3545}}
Aug 10 07:13:13.869122 np0000188309 devstack@n-api-meta.service[106909]: DEBUG nova.api.openstack.wsgi_app [None req-a66843aa-e09d-4cc1-a444-8cb55de7eee6 None None] oslo_messaging_rabbit.conn_pool_min_size = 2 {{(pid=106909) log_opt_values /opt/stack/data/venv/lib/python3.12/site-packages/oslo_config/cfg.py:3545}}
Aug 10 07:13:13.869249 np0000188309 devstack@n-api-meta.service[106909]: DEBUG nova.api.openstack.wsgi_app [None req-a66843aa-e09d-4cc1-a444-8cb55de7eee6 None None] oslo_messaging_rabbit.conn_pool_ttl = 1200 {{(pid=106909) log_opt_values /opt/stack/data/venv/lib/python3.12/site-packages/oslo_config/cfg.py:3545}}
Aug 10 07:13:13.869375 np0000188309 devstack@n-api-meta.service[106909]: DEBUG nova.api.openstack.wsgi_app [None req-a66843aa-e09d-4cc1-a444-8cb55de7eee6 None None] oslo_messaging_rabbit.direct_mandatory_flag = True {{(pid=106909) log_opt_values /opt/stack/data/venv/lib/python3.12/site-packages/oslo_config/cfg.py:3545}}
Aug 10 07:13:13.869523 np0000188309 devstack@n-api-meta.service[106909]: DEBUG nova.api.openstack.wsgi_app [None req-a66843aa-e09d-4cc1-a444-8cb55de7eee6 None None] oslo_messaging_rabbit.enable_cancel_on_failover = False {{(pid=106909) log_opt_values /opt/stack/data/venv/lib/python3.12/site-packages/oslo_config/cfg.py:3545}}
Aug 10 07:13:13.869649 np0000188309 devstack@n-api-meta.service[106909]: DEBUG nova.api.openstack.wsgi_app [None req-a66843aa-e09d-4cc1-a444-8cb55de7eee6 None None] oslo_messaging_rabbit.heartbeat_rate = 3 {{(pid=106909) log_opt_values /opt/stack/data/venv/lib/python3.12/site-packages/oslo_config/cfg.py:3545}}
Aug 10 07:13:13.869780 np0000188309 devstack@n-api-meta.service[106909]: DEBUG nova.api.openstack.wsgi_app [None req-a66843aa-e09d-4cc1-a444-8cb55de7eee6 None None] oslo_messaging_rabbit.heartbeat_timeout_threshold = 60 {{(pid=106909) log_opt_values /opt/stack/data/venv/lib/python3.12/site-packages/oslo_config/cfg.py:3545}}
Aug 10 07:13:13.869914 np0000188309 devstack@n-api-meta.service[106909]: DEBUG nova.api.openstack.wsgi_app [None req-a66843aa-e09d-4cc1-a444-8cb55de7eee6 None None] oslo_messaging_rabbit.hostname = np0000188309 {{(pid=106909) log_opt_values /opt/stack/data/venv/lib/python3.12/site-packages/oslo_config/cfg.py:3545}}
Aug 10 07:13:13.870055 np0000188309 devstack@n-api-meta.service[106909]: DEBUG nova.api.openstack.wsgi_app [None req-a66843aa-e09d-4cc1-a444-8cb55de7eee6 None None] oslo_messaging_rabbit.kombu_compression = None {{(pid=106909) log_opt_values /opt/stack/data/venv/lib/python3.12/site-packages/oslo_config/cfg.py:3545}}
Aug 10 07:13:13.870188 np0000188309 devstack@n-api-meta.service[106909]: DEBUG nova.api.openstack.wsgi_app [None req-a66843aa-e09d-4cc1-a444-8cb55de7eee6 None None] oslo_messaging_rabbit.kombu_failover_strategy = round-robin {{(pid=106909) log_opt_values /opt/stack/data/venv/lib/python3.12/site-packages/oslo_config/cfg.py:3545}}
Aug 10 07:13:13.870319 np0000188309 devstack@n-api-meta.service[106909]: DEBUG nova.api.openstack.wsgi_app [None req-a66843aa-e09d-4cc1-a444-8cb55de7eee6 None None] oslo_messaging_rabbit.kombu_missing_consumer_retry_timeout = 60 {{(pid=106909) log_opt_values /opt/stack/data/venv/lib/python3.12/site-packages/oslo_config/cfg.py:3545}}
Aug 10 07:13:13.870448 np0000188309 devstack@n-api-meta.service[106909]: DEBUG nova.api.openstack.wsgi_app [None req-a66843aa-e09d-4cc1-a444-8cb55de7eee6 None None] oslo_messaging_rabbit.kombu_reconnect_delay = 1.0 {{(pid=106909) log_opt_values /opt/stack/data/venv/lib/python3.12/site-packages/oslo_config/cfg.py:3545}}
Aug 10 07:13:13.870593 np0000188309 devstack@n-api-meta.service[106909]: DEBUG nova.api.openstack.wsgi_app [None req-a66843aa-e09d-4cc1-a444-8cb55de7eee6 None None] oslo_messaging_rabbit.kombu_reconnect_splay = 0.0 {{(pid=106909) log_opt_values /opt/stack/data/venv/lib/python3.12/site-packages/oslo_config/cfg.py:3545}}
Aug 10 07:13:13.870732 np0000188309 devstack@n-api-meta.service[106909]: DEBUG nova.api.openstack.wsgi_app [None req-a66843aa-e09d-4cc1-a444-8cb55de7eee6 None None] oslo_messaging_rabbit.processname = uwsgi {{(pid=106909) log_opt_values /opt/stack/data/venv/lib/python3.12/site-packages/oslo_config/cfg.py:3545}}
Aug 10 07:13:13.870871 np0000188309 devstack@n-api-meta.service[106909]: DEBUG nova.api.openstack.wsgi_app [None req-a66843aa-e09d-4cc1-a444-8cb55de7eee6 None None] oslo_messaging_rabbit.rabbit_ha_queues = False {{(pid=106909) log_opt_values /opt/stack/data/venv/lib/python3.12/site-packages/oslo_config/cfg.py:3545}}
Aug 10 07:13:13.871001 np0000188309 devstack@n-api-meta.service[106909]: DEBUG nova.api.openstack.wsgi_app [None req-a66843aa-e09d-4cc1-a444-8cb55de7eee6 None None] oslo_messaging_rabbit.rabbit_interval_max = 30 {{(pid=106909) log_opt_values /opt/stack/data/venv/lib/python3.12/site-packages/oslo_config/cfg.py:3545}}
Aug 10 07:13:13.871133 np0000188309 devstack@n-api-meta.service[106909]: DEBUG nova.api.openstack.wsgi_app [None req-a66843aa-e09d-4cc1-a444-8cb55de7eee6 None None] oslo_messaging_rabbit.rabbit_login_method = AMQPLAIN {{(pid=106909) log_opt_values /opt/stack/data/venv/lib/python3.12/site-packages/oslo_config/cfg.py:3545}}
Aug 10 07:13:13.871262 np0000188309 devstack@n-api-meta.service[106909]: DEBUG nova.api.openstack.wsgi_app [None req-a66843aa-e09d-4cc1-a444-8cb55de7eee6 None None] oslo_messaging_rabbit.rabbit_qos_prefetch_count = 0 {{(pid=106909) log_opt_values /opt/stack/data/venv/lib/python3.12/site-packages/oslo_config/cfg.py:3545}}
Aug 10 07:13:13.871390 np0000188309 devstack@n-api-meta.service[106909]: DEBUG nova.api.openstack.wsgi_app [None req-a66843aa-e09d-4cc1-a444-8cb55de7eee6 None None] oslo_messaging_rabbit.rabbit_quorum_delivery_limit = 0 {{(pid=106909) log_opt_values /opt/stack/data/venv/lib/python3.12/site-packages/oslo_config/cfg.py:3545}}
Aug 10 07:13:13.871537 np0000188309 devstack@n-api-meta.service[106909]: DEBUG nova.api.openstack.wsgi_app [None req-a66843aa-e09d-4cc1-a444-8cb55de7eee6 None None] oslo_messaging_rabbit.rabbit_quorum_max_memory_bytes = 0 {{(pid=106909) log_opt_values /opt/stack/data/venv/lib/python3.12/site-packages/oslo_config/cfg.py:3545}}
Aug 10 07:13:13.871663 np0000188309 devstack@n-api-meta.service[106909]: DEBUG nova.api.openstack.wsgi_app [None req-a66843aa-e09d-4cc1-a444-8cb55de7eee6 None None] oslo_messaging_rabbit.rabbit_quorum_max_memory_length = 0 {{(pid=106909) log_opt_values /opt/stack/data/venv/lib/python3.12/site-packages/oslo_config/cfg.py:3545}}
Aug 10 07:13:13.871789 np0000188309 devstack@n-api-meta.service[106909]: DEBUG nova.api.openstack.wsgi_app [None req-a66843aa-e09d-4cc1-a444-8cb55de7eee6 None None] oslo_messaging_rabbit.rabbit_quorum_queue = False {{(pid=106909) log_opt_values /opt/stack/data/venv/lib/python3.12/site-packages/oslo_config/cfg.py:3545}}
Aug 10 07:13:13.871917 np0000188309 devstack@n-api-meta.service[106909]: DEBUG nova.api.openstack.wsgi_app [None req-a66843aa-e09d-4cc1-a444-8cb55de7eee6 None None] oslo_messaging_rabbit.rabbit_retry_backoff = 2 {{(pid=106909) log_opt_values /opt/stack/data/venv/lib/python3.12/site-packages/oslo_config/cfg.py:3545}}
Aug 10 07:13:13.872050 np0000188309 devstack@n-api-meta.service[106909]: DEBUG nova.api.openstack.wsgi_app [None req-a66843aa-e09d-4cc1-a444-8cb55de7eee6 None None] oslo_messaging_rabbit.rabbit_retry_interval = 1 {{(pid=106909) log_opt_values /opt/stack/data/venv/lib/python3.12/site-packages/oslo_config/cfg.py:3545}}
Aug 10 07:13:13.872197 np0000188309 devstack@n-api-meta.service[106909]: DEBUG nova.api.openstack.wsgi_app [None req-a66843aa-e09d-4cc1-a444-8cb55de7eee6 None None] oslo_messaging_rabbit.rabbit_stream_fanout = False {{(pid=106909) log_opt_values /opt/stack/data/venv/lib/python3.12/site-packages/oslo_config/cfg.py:3545}}
Aug 10 07:13:13.872329 np0000188309 devstack@n-api-meta.service[106909]: DEBUG nova.api.openstack.wsgi_app [None req-a66843aa-e09d-4cc1-a444-8cb55de7eee6 None None] oslo_messaging_rabbit.rabbit_transient_queues_ttl = 1800 {{(pid=106909) log_opt_values /opt/stack/data/venv/lib/python3.12/site-packages/oslo_config/cfg.py:3545}}
Aug 10 07:13:13.872479 np0000188309 devstack@n-api-meta.service[106909]: DEBUG nova.api.openstack.wsgi_app [None req-a66843aa-e09d-4cc1-a444-8cb55de7eee6 None None] oslo_messaging_rabbit.rabbit_transient_quorum_queue = False {{(pid=106909) log_opt_values /opt/stack/data/venv/lib/python3.12/site-packages/oslo_config/cfg.py:3545}}
Aug 10 07:13:13.872665 np0000188309 devstack@n-api-meta.service[106909]: DEBUG nova.api.openstack.wsgi_app [None req-a66843aa-e09d-4cc1-a444-8cb55de7eee6 None None] oslo_messaging_rabbit.rpc_conn_pool_size = 30 {{(pid=106909) log_opt_values /opt/stack/data/venv/lib/python3.12/site-packages/oslo_config/cfg.py:3545}}
Aug 10 07:13:13.872794 np0000188309 devstack@n-api-meta.service[106909]: DEBUG nova.api.openstack.wsgi_app [None req-a66843aa-e09d-4cc1-a444-8cb55de7eee6 None None] oslo_messaging_rabbit.ssl = False {{(pid=106909) log_opt_values /opt/stack/data/venv/lib/python3.12/site-packages/oslo_config/cfg.py:3545}}
Aug 10 07:13:13.872939 np0000188309 devstack@n-api-meta.service[106909]: DEBUG nova.api.openstack.wsgi_app [None req-a66843aa-e09d-4cc1-a444-8cb55de7eee6 None None] oslo_messaging_rabbit.ssl_ca_file = {{(pid=106909) log_opt_values /opt/stack/data/venv/lib/python3.12/site-packages/oslo_config/cfg.py:3545}}
Aug 10 07:13:13.873080 np0000188309 devstack@n-api-meta.service[106909]: DEBUG nova.api.openstack.wsgi_app [None req-a66843aa-e09d-4cc1-a444-8cb55de7eee6 None None] oslo_messaging_rabbit.ssl_cert_file = {{(pid=106909) log_opt_values /opt/stack/data/venv/lib/python3.12/site-packages/oslo_config/cfg.py:3545}}
Aug 10 07:13:13.873212 np0000188309 devstack@n-api-meta.service[106909]: DEBUG nova.api.openstack.wsgi_app [None req-a66843aa-e09d-4cc1-a444-8cb55de7eee6 None None] oslo_messaging_rabbit.ssl_enforce_fips_mode = False {{(pid=106909) log_opt_values /opt/stack/data/venv/lib/python3.12/site-packages/oslo_config/cfg.py:3545}}
Aug 10 07:13:13.873343 np0000188309 devstack@n-api-meta.service[106909]: DEBUG nova.api.openstack.wsgi_app [None req-a66843aa-e09d-4cc1-a444-8cb55de7eee6 None None] oslo_messaging_rabbit.ssl_enforce_hostname_verification = True {{(pid=106909) log_opt_values /opt/stack/data/venv/lib/python3.12/site-packages/oslo_config/cfg.py:3545}}
Aug 10 07:13:13.873498 np0000188309 devstack@n-api-meta.service[106909]: DEBUG nova.api.openstack.wsgi_app [None req-a66843aa-e09d-4cc1-a444-8cb55de7eee6 None None] oslo_messaging_rabbit.ssl_key_file = {{(pid=106909) log_opt_values /opt/stack/data/venv/lib/python3.12/site-packages/oslo_config/cfg.py:3545}}
Aug 10 07:13:13.873635 np0000188309 devstack@n-api-meta.service[106909]: DEBUG nova.api.openstack.wsgi_app [None req-a66843aa-e09d-4cc1-a444-8cb55de7eee6 None None] oslo_messaging_rabbit.ssl_version = {{(pid=106909) log_opt_values /opt/stack/data/venv/lib/python3.12/site-packages/oslo_config/cfg.py:3545}}
Aug 10 07:13:13.873767 np0000188309 devstack@n-api-meta.service[106909]: DEBUG nova.api.openstack.wsgi_app [None req-a66843aa-e09d-4cc1-a444-8cb55de7eee6 None None] oslo_messaging_rabbit.use_queue_manager = False {{(pid=106909) log_opt_values /opt/stack/data/venv/lib/python3.12/site-packages/oslo_config/cfg.py:3545}}
Aug 10 07:13:13.873913 np0000188309 devstack@n-api-meta.service[106909]: DEBUG nova.api.openstack.wsgi_app [None req-a66843aa-e09d-4cc1-a444-8cb55de7eee6 None None] oslo_messaging_notifications.driver = ['messagingv2'] {{(pid=106909) log_opt_values /opt/stack/data/venv/lib/python3.12/site-packages/oslo_config/cfg.py:3545}}
Aug 10 07:13:13.874046 np0000188309 devstack@n-api-meta.service[106909]: DEBUG nova.api.openstack.wsgi_app [None req-a66843aa-e09d-4cc1-a444-8cb55de7eee6 None None] oslo_messaging_notifications.retry = -1 {{(pid=106909) log_opt_values /opt/stack/data/venv/lib/python3.12/site-packages/oslo_config/cfg.py:3545}}
Aug 10 07:13:13.874196 np0000188309 devstack@n-api-meta.service[106909]: DEBUG nova.api.openstack.wsgi_app [None req-a66843aa-e09d-4cc1-a444-8cb55de7eee6 None None] oslo_messaging_notifications.topics = ['notifications'] {{(pid=106909) log_opt_values /opt/stack/data/venv/lib/python3.12/site-packages/oslo_config/cfg.py:3545}}
Aug 10 07:13:13.874334 np0000188309 devstack@n-api-meta.service[106909]: DEBUG nova.api.openstack.wsgi_app [None req-a66843aa-e09d-4cc1-a444-8cb55de7eee6 None None] oslo_messaging_notifications.transport_url = **** {{(pid=106909) log_opt_values /opt/stack/data/venv/lib/python3.12/site-packages/oslo_config/cfg.py:3545}}
Aug 10 07:13:13.874484 np0000188309 devstack@n-api-meta.service[106909]: DEBUG nova.api.openstack.wsgi_app [None req-a66843aa-e09d-4cc1-a444-8cb55de7eee6 None None] oslo_reports.file_event_handler = None {{(pid=106909) log_opt_values /opt/stack/data/venv/lib/python3.12/site-packages/oslo_config/cfg.py:3545}}
Aug 10 07:13:13.874619 np0000188309 devstack@n-api-meta.service[106909]: DEBUG nova.api.openstack.wsgi_app [None req-a66843aa-e09d-4cc1-a444-8cb55de7eee6 None None] oslo_reports.file_event_handler_interval = 1 {{(pid=106909) log_opt_values /opt/stack/data/venv/lib/python3.12/site-packages/oslo_config/cfg.py:3545}}
Aug 10 07:13:13.874749 np0000188309 devstack@n-api-meta.service[106909]: DEBUG nova.api.openstack.wsgi_app [None req-a66843aa-e09d-4cc1-a444-8cb55de7eee6 None None] oslo_reports.log_dir = None {{(pid=106909) log_opt_values /opt/stack/data/venv/lib/python3.12/site-packages/oslo_config/cfg.py:3545}}
Aug 10 07:13:13.874854 np0000188309 devstack@n-api-meta.service[106909]: DEBUG nova.api.openstack.wsgi_app [None req-a66843aa-e09d-4cc1-a444-8cb55de7eee6 None None] ******************************************************************************** {{(pid=106909) log_opt_values /opt/stack/data/venv/lib/python3.12/site-packages/oslo_config/cfg.py:3552}}
Aug 10 07:13:13.874950 np0000188309 devstack@n-api-meta.service[106909]: WSGI app 0 (mountpoint='') ready in 2 seconds on interpreter 0x7dd5878a4668 pid: 106909 (default app)
Aug 10 07:13:23.325556 np0000188309 devstack@n-api-meta.service[106907]: DEBUG dbcounter [-] [106907] Writing DB stats nova_api:SELECT=1 {{(pid=106907) stat_writer /opt/stack/data/venv/lib/python3.12/site-packages/dbcounter.py:115}}
Aug 10 07:13:23.333464 np0000188309 devstack@n-api-meta.service[106908]: DEBUG dbcounter [-] [106908] Writing DB stats nova_api:SELECT=1 {{(pid=106908) stat_writer /opt/stack/data/venv/lib/python3.12/site-packages/dbcounter.py:115}}
Aug 10 07:13:23.360817 np0000188309 devstack@n-api-meta.service[106906]: DEBUG dbcounter [-] [106906] Writing DB stats nova_api:SELECT=1 {{(pid=106906) stat_writer /opt/stack/data/venv/lib/python3.12/site-packages/dbcounter.py:115}}
Aug 10 07:13:23.460935 np0000188309 devstack@n-api-meta.service[106909]: DEBUG dbcounter [-] [106909] Writing DB stats nova_api:SELECT=1 {{(pid=106909) stat_writer /opt/stack/data/venv/lib/python3.12/site-packages/dbcounter.py:115}}
Aug 10 07:13:23.499500 np0000188309 devstack@n-api-meta.service[106908]: DEBUG dbcounter [-] [106908] Writing DB stats nova_cell1:SELECT=1 {{(pid=106908) stat_writer /opt/stack/data/venv/lib/python3.12/site-packages/dbcounter.py:115}}
Aug 10 07:13:23.505604 np0000188309 devstack@n-api-meta.service[106907]: DEBUG dbcounter [-] [106907] Writing DB stats nova_cell1:SELECT=1 {{(pid=106907) stat_writer /opt/stack/data/venv/lib/python3.12/site-packages/dbcounter.py:115}}
Aug 10 07:13:23.506191 np0000188309 devstack@n-api-meta.service[106908]: DEBUG dbcounter [-] [106908] Writing DB stats nova_cell0:SELECT=1 {{(pid=106908) stat_writer /opt/stack/data/venv/lib/python3.12/site-packages/dbcounter.py:115}}
Aug 10 07:13:23.513782 np0000188309 devstack@n-api-meta.service[106907]: DEBUG dbcounter [-] [106907] Writing DB stats nova_cell0:SELECT=1 {{(pid=106907) stat_writer /opt/stack/data/venv/lib/python3.12/site-packages/dbcounter.py:115}}
Aug 10 07:13:23.514122 np0000188309 devstack@n-api-meta.service[106906]: DEBUG dbcounter [-] [106906] Writing DB stats nova_cell1:SELECT=1 {{(pid=106906) stat_writer /opt/stack/data/venv/lib/python3.12/site-packages/dbcounter.py:115}}
Aug 10 07:13:23.522022 np0000188309 devstack@n-api-meta.service[106906]: DEBUG dbcounter [-] [106906] Writing DB stats nova_cell0:SELECT=1 {{(pid=106906) stat_writer /opt/stack/data/venv/lib/python3.12/site-packages/dbcounter.py:115}}
Aug 10 07:13:23.564907 np0000188309 devstack@n-api-meta.service[106908]: DEBUG dbcounter [-] [106908] Writing DB stats nova_cell0:SELECT=2,nova_cell0:INSERT=1 {{(pid=106908) stat_writer /opt/stack/data/venv/lib/python3.12/site-packages/dbcounter.py:115}}
Aug 10 07:13:23.574430 np0000188309 devstack@n-api-meta.service[106907]: DEBUG dbcounter [-] [106907] Writing DB stats nova_cell0:SELECT=2,nova_cell0:INSERT=1 {{(pid=106907) stat_writer /opt/stack/data/venv/lib/python3.12/site-packages/dbcounter.py:115}}
Aug 10 07:13:23.577173 np0000188309 devstack@n-api-meta.service[106906]: DEBUG dbcounter [-] [106906] Writing DB stats nova_cell0:SELECT=1 {{(pid=106906) stat_writer /opt/stack/data/venv/lib/python3.12/site-packages/dbcounter.py:115}}
Aug 10 07:13:23.645171 np0000188309 devstack@n-api-meta.service[106909]: DEBUG dbcounter [-] [106909] Writing DB stats nova_cell1:SELECT=1 {{(pid=106909) stat_writer /opt/stack/data/venv/lib/python3.12/site-packages/dbcounter.py:115}}
Aug 10 07:13:23.650936 np0000188309 devstack@n-api-meta.service[106909]: DEBUG dbcounter [-] [106909] Writing DB stats nova_cell0:SELECT=1 {{(pid=106909) stat_writer /opt/stack/data/venv/lib/python3.12/site-packages/dbcounter.py:115}}
Aug 10 07:13:23.715504 np0000188309 devstack@n-api-meta.service[106909]: DEBUG dbcounter [-] [106909] Writing DB stats nova_cell0:SELECT=1 {{(pid=106909) stat_writer /opt/stack/data/venv/lib/python3.12/site-packages/dbcounter.py:115}}
Aug 10 07:19:00.692493 np0000188309 devstack@n-api-meta.service[106908]: DEBUG nova.api.metadata.handler [None req-b58d00d9-da5a-4140-8192-0776e5af8c88 None None] Metadata request headers: {'Host': '199.204.45.22:8775', 'User-Agent': 'python-requests/2.34.2', 'Accept-Encoding': 'gzip, deflate', 'Accept': '*/*', 'Connection': 'keep-alive', 'X-Forwarded-For': '192.168.24.22', 'X-Instance-Id': '45e2732d-8f33-462d-adec-ba14d4210c14', 'X-Tenant-Id': 'd102127f1861409a9c2092f947a8fe99', 'X-Instance-Id-Signature': '9d69655084ebb459727c5f05d90f5ee4b785be60f97b06dffbd1fa432e68ace7'} {{(pid=106908) __call__ /opt/stack/nova/nova/api/metadata/handler.py:109}}
Aug 10 07:19:00.704636 np0000188309 devstack@n-api-meta.service[106908]: DEBUG oslo_concurrency.lockutils [None req-e45a1cc6-9f71-47a6-bcce-95a174fcad15 None None] Acquiring lock "ca214475-9b75-482a-b68c-b0cf97c6d450" by "nova.context.set_target_cell..get_or_set_cached_cell_and_set_connections" {{(pid=106908) inner /opt/stack/data/venv/lib/python3.12/site-packages/oslo_concurrency/lockutils.py:512}}
Aug 10 07:19:00.704949 np0000188309 devstack@n-api-meta.service[106908]: DEBUG oslo_concurrency.lockutils [None req-e45a1cc6-9f71-47a6-bcce-95a174fcad15 None None] Lock "ca214475-9b75-482a-b68c-b0cf97c6d450" acquired by "nova.context.set_target_cell..get_or_set_cached_cell_and_set_connections" :: waited 0.000s {{(pid=106908) inner /opt/stack/data/venv/lib/python3.12/site-packages/oslo_concurrency/lockutils.py:525}}
Aug 10 07:19:00.704949 np0000188309 devstack@n-api-meta.service[106908]: DEBUG oslo_concurrency.lockutils [None req-e45a1cc6-9f71-47a6-bcce-95a174fcad15 None None] Lock "ca214475-9b75-482a-b68c-b0cf97c6d450" "released" by "nova.context.set_target_cell..get_or_set_cached_cell_and_set_connections" :: held 0.000s {{(pid=106908) inner /opt/stack/data/venv/lib/python3.12/site-packages/oslo_concurrency/lockutils.py:544}}
Aug 10 07:19:00.757383 np0000188309 devstack@n-api-meta.service[106908]: WARNING neutronclient.v2_0.client [None req-e45a1cc6-9f71-47a6-bcce-95a174fcad15 None None] The python binding code in neutronclient is deprecated in favor of OpenstackSDK, please use that as this will be removed in a future release.
Aug 10 07:19:01.154114 np0000188309 devstack@n-api-meta.service[106908]: [pid: 106908|app: 0|req: 1/1] 199.204.45.22 () {40 vars in 640 bytes} [Mon Aug 10 07:19:00 2026] GET /openstack => generated 116 bytes in 463 msecs (HTTP/1.1 200) 3 headers in 100 bytes (1 switches on core 0)
Aug 10 07:19:01.168912 np0000188309 devstack@n-api-meta.service[106906]: DEBUG nova.api.metadata.handler [None req-1394b81e-4db5-4f7a-b537-a821d9af11c0 None None] Metadata request headers: {'Host': '199.204.45.22:8775', 'User-Agent': 'python-requests/2.34.2', 'Accept-Encoding': 'gzip, deflate', 'Accept': '*/*', 'Connection': 'keep-alive', 'X-Forwarded-For': '192.168.24.22', 'X-Instance-Id': '45e2732d-8f33-462d-adec-ba14d4210c14', 'X-Tenant-Id': 'd102127f1861409a9c2092f947a8fe99', 'X-Instance-Id-Signature': '9d69655084ebb459727c5f05d90f5ee4b785be60f97b06dffbd1fa432e68ace7'} {{(pid=106906) __call__ /opt/stack/nova/nova/api/metadata/handler.py:109}}
Aug 10 07:19:01.174335 np0000188309 devstack@n-api-meta.service[106906]: DEBUG nova.api.metadata.handler [None req-1394b81e-4db5-4f7a-b537-a821d9af11c0 None None] Using cached metadata for instance 45e2732d-8f33-462d-adec-ba14d4210c14 {{(pid=106906) get_metadata_by_instance_id /opt/stack/nova/nova/api/metadata/handler.py:84}}
Aug 10 07:19:01.175126 np0000188309 devstack@n-api-meta.service[106906]: [pid: 106906|app: 0|req: 1/2] 199.204.45.22 () {40 vars in 640 bytes} [Mon Aug 10 07:19:01 2026] GET /openstack => generated 116 bytes in 7 msecs (HTTP/1.1 200) 3 headers in 100 bytes (1 switches on core 0)
Aug 10 07:19:01.185917 np0000188309 devstack@n-api-meta.service[106907]: DEBUG nova.api.metadata.handler [None req-63bbe903-9469-4940-9113-948c52c6413f None None] Metadata request headers: {'Host': '199.204.45.22:8775', 'User-Agent': 'python-requests/2.34.2', 'Accept-Encoding': 'gzip, deflate', 'Accept': '*/*', 'Connection': 'keep-alive', 'X-Forwarded-For': '192.168.24.22', 'X-Instance-Id': '45e2732d-8f33-462d-adec-ba14d4210c14', 'X-Tenant-Id': 'd102127f1861409a9c2092f947a8fe99', 'X-Instance-Id-Signature': '9d69655084ebb459727c5f05d90f5ee4b785be60f97b06dffbd1fa432e68ace7'} {{(pid=106907) __call__ /opt/stack/nova/nova/api/metadata/handler.py:109}}
Aug 10 07:19:01.191765 np0000188309 devstack@n-api-meta.service[106907]: DEBUG nova.api.metadata.handler [None req-63bbe903-9469-4940-9113-948c52c6413f None None] Using cached metadata for instance 45e2732d-8f33-462d-adec-ba14d4210c14 {{(pid=106907) get_metadata_by_instance_id /opt/stack/nova/nova/api/metadata/handler.py:84}}
Aug 10 07:19:01.192828 np0000188309 devstack@n-api-meta.service[106907]: [pid: 106907|app: 0|req: 1/3] 199.204.45.22 () {40 vars in 692 bytes} [Mon Aug 10 07:19:01 2026] GET /openstack/2018-08-27/meta_data.json => generated 946 bytes in 8 msecs (HTTP/1.1 200) 3 headers in 91 bytes (1 switches on core 0)
Aug 10 07:19:01.202307 np0000188309 devstack@n-api-meta.service[106909]: DEBUG nova.api.metadata.handler [None req-a66843aa-e09d-4cc1-a444-8cb55de7eee6 None None] Metadata request headers: {'Host': '199.204.45.22:8775', 'User-Agent': 'python-requests/2.34.2', 'Accept-Encoding': 'gzip, deflate', 'Accept': '*/*', 'Connection': 'keep-alive', 'X-Forwarded-For': '192.168.24.22', 'X-Instance-Id': '45e2732d-8f33-462d-adec-ba14d4210c14', 'X-Tenant-Id': 'd102127f1861409a9c2092f947a8fe99', 'X-Instance-Id-Signature': '9d69655084ebb459727c5f05d90f5ee4b785be60f97b06dffbd1fa432e68ace7'} {{(pid=106909) __call__ /opt/stack/nova/nova/api/metadata/handler.py:109}}
Aug 10 07:19:01.207595 np0000188309 devstack@n-api-meta.service[106909]: DEBUG nova.api.metadata.handler [None req-a66843aa-e09d-4cc1-a444-8cb55de7eee6 None None] Using cached metadata for instance 45e2732d-8f33-462d-adec-ba14d4210c14 {{(pid=106909) get_metadata_by_instance_id /opt/stack/nova/nova/api/metadata/handler.py:84}}
Aug 10 07:19:01.208292 np0000188309 devstack@n-api-meta.service[106909]: [pid: 106909|app: 0|req: 1/4] 199.204.45.22 () {40 vars in 682 bytes} [Mon Aug 10 07:19:01 2026] GET /openstack/2018-08-27/user_data => generated 26370 bytes in 7 msecs (HTTP/1.1 200) 3 headers in 102 bytes (1 switches on core 0)
Aug 10 07:19:01.217381 np0000188309 devstack@n-api-meta.service[106908]: DEBUG nova.api.metadata.handler [None req-e45a1cc6-9f71-47a6-bcce-95a174fcad15 None None] Metadata request headers: {'Host': '199.204.45.22:8775', 'User-Agent': 'python-requests/2.34.2', 'Accept-Encoding': 'gzip, deflate', 'Accept': '*/*', 'Connection': 'keep-alive', 'X-Forwarded-For': '192.168.24.22', 'X-Instance-Id': '45e2732d-8f33-462d-adec-ba14d4210c14', 'X-Tenant-Id': 'd102127f1861409a9c2092f947a8fe99', 'X-Instance-Id-Signature': '9d69655084ebb459727c5f05d90f5ee4b785be60f97b06dffbd1fa432e68ace7'} {{(pid=106908) __call__ /opt/stack/nova/nova/api/metadata/handler.py:109}}
Aug 10 07:19:01.220300 np0000188309 devstack@n-api-meta.service[106908]: DEBUG nova.api.metadata.handler [None req-e45a1cc6-9f71-47a6-bcce-95a174fcad15 None None] Using cached metadata for instance 45e2732d-8f33-462d-adec-ba14d4210c14 {{(pid=106908) get_metadata_by_instance_id /opt/stack/nova/nova/api/metadata/handler.py:84}}
Aug 10 07:19:01.221034 np0000188309 devstack@n-api-meta.service[106908]: [pid: 106908|app: 0|req: 2/5] 199.204.45.22 () {40 vars in 696 bytes} [Mon Aug 10 07:19:01 2026] GET /openstack/2018-08-27/vendor_data.json => generated 2 bytes in 5 msecs (HTTP/1.1 200) 3 headers in 89 bytes (1 switches on core 0)
Aug 10 07:19:01.229777 np0000188309 devstack@n-api-meta.service[106906]: DEBUG nova.api.metadata.handler [None req-1394b81e-4db5-4f7a-b537-a821d9af11c0 None None] Metadata request headers: {'Host': '199.204.45.22:8775', 'User-Agent': 'python-requests/2.34.2', 'Accept-Encoding': 'gzip, deflate', 'Accept': '*/*', 'Connection': 'keep-alive', 'X-Forwarded-For': '192.168.24.22', 'X-Instance-Id': '45e2732d-8f33-462d-adec-ba14d4210c14', 'X-Tenant-Id': 'd102127f1861409a9c2092f947a8fe99', 'X-Instance-Id-Signature': '9d69655084ebb459727c5f05d90f5ee4b785be60f97b06dffbd1fa432e68ace7'} {{(pid=106906) __call__ /opt/stack/nova/nova/api/metadata/handler.py:109}}
Aug 10 07:19:01.232013 np0000188309 devstack@n-api-meta.service[106906]: DEBUG nova.api.metadata.handler [None req-1394b81e-4db5-4f7a-b537-a821d9af11c0 None None] Using cached metadata for instance 45e2732d-8f33-462d-adec-ba14d4210c14 {{(pid=106906) get_metadata_by_instance_id /opt/stack/nova/nova/api/metadata/handler.py:84}}
Aug 10 07:19:01.232570 np0000188309 devstack@n-api-meta.service[106906]: [pid: 106906|app: 0|req: 2/6] 199.204.45.22 () {40 vars in 698 bytes} [Mon Aug 10 07:19:01 2026] GET /openstack/2018-08-27/vendor_data2.json => generated 14 bytes in 3 msecs (HTTP/1.1 200) 3 headers in 90 bytes (1 switches on core 0)
Aug 10 07:19:01.239049 np0000188309 devstack@n-api-meta.service[106907]: DEBUG nova.api.metadata.handler [None req-63bbe903-9469-4940-9113-948c52c6413f None None] Metadata request headers: {'Host': '199.204.45.22:8775', 'User-Agent': 'python-requests/2.34.2', 'Accept-Encoding': 'gzip, deflate', 'Accept': '*/*', 'Connection': 'keep-alive', 'X-Forwarded-For': '192.168.24.22', 'X-Instance-Id': '45e2732d-8f33-462d-adec-ba14d4210c14', 'X-Tenant-Id': 'd102127f1861409a9c2092f947a8fe99', 'X-Instance-Id-Signature': '9d69655084ebb459727c5f05d90f5ee4b785be60f97b06dffbd1fa432e68ace7'} {{(pid=106907) __call__ /opt/stack/nova/nova/api/metadata/handler.py:109}}
Aug 10 07:19:01.242157 np0000188309 devstack@n-api-meta.service[106907]: DEBUG nova.api.metadata.handler [None req-63bbe903-9469-4940-9113-948c52c6413f None None] Using cached metadata for instance 45e2732d-8f33-462d-adec-ba14d4210c14 {{(pid=106907) get_metadata_by_instance_id /opt/stack/nova/nova/api/metadata/handler.py:84}}
Aug 10 07:19:01.242830 np0000188309 devstack@n-api-meta.service[106907]: [pid: 106907|app: 0|req: 2/7] 199.204.45.22 () {40 vars in 698 bytes} [Mon Aug 10 07:19:01 2026] GET /openstack/2018-08-27/network_data.json => generated 348 bytes in 4 msecs (HTTP/1.1 200) 3 headers in 100 bytes (1 switches on core 0)
Aug 10 07:19:01.252348 np0000188309 devstack@n-api-meta.service[106909]: DEBUG nova.api.metadata.handler [None req-a66843aa-e09d-4cc1-a444-8cb55de7eee6 None None] Metadata request headers: {'Host': '199.204.45.22:8775', 'User-Agent': 'python-requests/2.34.2', 'Accept-Encoding': 'gzip, deflate', 'Accept': '*/*', 'Connection': 'keep-alive', 'X-Forwarded-For': '192.168.24.22', 'X-Instance-Id': '45e2732d-8f33-462d-adec-ba14d4210c14', 'X-Tenant-Id': 'd102127f1861409a9c2092f947a8fe99', 'X-Instance-Id-Signature': '9d69655084ebb459727c5f05d90f5ee4b785be60f97b06dffbd1fa432e68ace7'} {{(pid=106909) __call__ /opt/stack/nova/nova/api/metadata/handler.py:109}}
Aug 10 07:19:01.255313 np0000188309 devstack@n-api-meta.service[106909]: DEBUG nova.api.metadata.handler [None req-a66843aa-e09d-4cc1-a444-8cb55de7eee6 None None] Using cached metadata for instance 45e2732d-8f33-462d-adec-ba14d4210c14 {{(pid=106909) get_metadata_by_instance_id /opt/stack/nova/nova/api/metadata/handler.py:84}}
Aug 10 07:19:01.256274 np0000188309 devstack@n-api-meta.service[106909]: [pid: 106909|app: 0|req: 2/8] 199.204.45.22 () {40 vars in 656 bytes} [Mon Aug 10 07:19:01 2026] GET /latest/meta-data/ => generated 210 bytes in 5 msecs (HTTP/1.1 200) 3 headers in 100 bytes (1 switches on core 0)
Aug 10 07:19:01.265122 np0000188309 devstack@n-api-meta.service[106908]: DEBUG nova.api.metadata.handler [None req-e45a1cc6-9f71-47a6-bcce-95a174fcad15 None None] Metadata request headers: {'Host': '199.204.45.22:8775', 'User-Agent': 'python-requests/2.34.2', 'Accept-Encoding': 'gzip, deflate', 'Accept': '*/*', 'Connection': 'keep-alive', 'X-Forwarded-For': '192.168.24.22', 'X-Instance-Id': '45e2732d-8f33-462d-adec-ba14d4210c14', 'X-Tenant-Id': 'd102127f1861409a9c2092f947a8fe99', 'X-Instance-Id-Signature': '9d69655084ebb459727c5f05d90f5ee4b785be60f97b06dffbd1fa432e68ace7'} {{(pid=106908) __call__ /opt/stack/nova/nova/api/metadata/handler.py:109}}
Aug 10 07:19:01.267689 np0000188309 devstack@n-api-meta.service[106908]: DEBUG nova.api.metadata.handler [None req-e45a1cc6-9f71-47a6-bcce-95a174fcad15 None None] Using cached metadata for instance 45e2732d-8f33-462d-adec-ba14d4210c14 {{(pid=106908) get_metadata_by_instance_id /opt/stack/nova/nova/api/metadata/handler.py:84}}
Aug 10 07:19:01.268419 np0000188309 devstack@n-api-meta.service[106908]: [pid: 106908|app: 0|req: 3/9] 199.204.45.22 () {40 vars in 698 bytes} [Mon Aug 10 07:19:01 2026] GET /latest/meta-data/block-device-mapping/ => generated 8 bytes in 4 msecs (HTTP/1.1 200) 3 headers in 98 bytes (1 switches on core 0)
Aug 10 07:19:01.275985 np0000188309 devstack@n-api-meta.service[106906]: DEBUG nova.api.metadata.handler [None req-1394b81e-4db5-4f7a-b537-a821d9af11c0 None None] Metadata request headers: {'Host': '199.204.45.22:8775', 'User-Agent': 'python-requests/2.34.2', 'Accept-Encoding': 'gzip, deflate', 'Accept': '*/*', 'Connection': 'keep-alive', 'X-Forwarded-For': '192.168.24.22', 'X-Instance-Id': '45e2732d-8f33-462d-adec-ba14d4210c14', 'X-Tenant-Id': 'd102127f1861409a9c2092f947a8fe99', 'X-Instance-Id-Signature': '9d69655084ebb459727c5f05d90f5ee4b785be60f97b06dffbd1fa432e68ace7'} {{(pid=106906) __call__ /opt/stack/nova/nova/api/metadata/handler.py:109}}
Aug 10 07:19:01.278845 np0000188309 devstack@n-api-meta.service[106906]: DEBUG nova.api.metadata.handler [None req-1394b81e-4db5-4f7a-b537-a821d9af11c0 None None] Using cached metadata for instance 45e2732d-8f33-462d-adec-ba14d4210c14 {{(pid=106906) get_metadata_by_instance_id /opt/stack/nova/nova/api/metadata/handler.py:84}}
Aug 10 07:19:01.279639 np0000188309 devstack@n-api-meta.service[106906]: [pid: 106906|app: 0|req: 3/10] 199.204.45.22 () {40 vars in 704 bytes} [Mon Aug 10 07:19:01 2026] GET /latest/meta-data/block-device-mapping/ami => generated 3 bytes in 4 msecs (HTTP/1.1 200) 3 headers in 98 bytes (1 switches on core 0)
Aug 10 07:19:01.287568 np0000188309 devstack@n-api-meta.service[106907]: DEBUG nova.api.metadata.handler [None req-63bbe903-9469-4940-9113-948c52c6413f None None] Metadata request headers: {'Host': '199.204.45.22:8775', 'User-Agent': 'python-requests/2.34.2', 'Accept-Encoding': 'gzip, deflate', 'Accept': '*/*', 'Connection': 'keep-alive', 'X-Forwarded-For': '192.168.24.22', 'X-Instance-Id': '45e2732d-8f33-462d-adec-ba14d4210c14', 'X-Tenant-Id': 'd102127f1861409a9c2092f947a8fe99', 'X-Instance-Id-Signature': '9d69655084ebb459727c5f05d90f5ee4b785be60f97b06dffbd1fa432e68ace7'} {{(pid=106907) __call__ /opt/stack/nova/nova/api/metadata/handler.py:109}}
Aug 10 07:19:01.289266 np0000188309 devstack@n-api-meta.service[106907]: DEBUG nova.api.metadata.handler [None req-63bbe903-9469-4940-9113-948c52c6413f None None] Using cached metadata for instance 45e2732d-8f33-462d-adec-ba14d4210c14 {{(pid=106907) get_metadata_by_instance_id /opt/stack/nova/nova/api/metadata/handler.py:84}}
Aug 10 07:19:01.289696 np0000188309 devstack@n-api-meta.service[106907]: [pid: 106907|app: 0|req: 3/11] 199.204.45.22 () {40 vars in 706 bytes} [Mon Aug 10 07:19:01 2026] GET /latest/meta-data/block-device-mapping/root => generated 8 bytes in 2 msecs (HTTP/1.1 200) 3 headers in 98 bytes (1 switches on core 0)
Aug 10 07:19:01.296300 np0000188309 devstack@n-api-meta.service[106909]: DEBUG nova.api.metadata.handler [None req-a66843aa-e09d-4cc1-a444-8cb55de7eee6 None None] Metadata request headers: {'Host': '199.204.45.22:8775', 'User-Agent': 'python-requests/2.34.2', 'Accept-Encoding': 'gzip, deflate', 'Accept': '*/*', 'Connection': 'keep-alive', 'X-Forwarded-For': '192.168.24.22', 'X-Instance-Id': '45e2732d-8f33-462d-adec-ba14d4210c14', 'X-Tenant-Id': 'd102127f1861409a9c2092f947a8fe99', 'X-Instance-Id-Signature': '9d69655084ebb459727c5f05d90f5ee4b785be60f97b06dffbd1fa432e68ace7'} {{(pid=106909) __call__ /opt/stack/nova/nova/api/metadata/handler.py:109}}
Aug 10 07:19:01.299066 np0000188309 devstack@n-api-meta.service[106909]: DEBUG nova.api.metadata.handler [None req-a66843aa-e09d-4cc1-a444-8cb55de7eee6 None None] Using cached metadata for instance 45e2732d-8f33-462d-adec-ba14d4210c14 {{(pid=106909) get_metadata_by_instance_id /opt/stack/nova/nova/api/metadata/handler.py:84}}
Aug 10 07:19:01.299474 np0000188309 devstack@n-api-meta.service[106909]: [pid: 106909|app: 0|req: 3/12] 199.204.45.22 () {40 vars in 676 bytes} [Mon Aug 10 07:19:01 2026] GET /latest/meta-data/placement/ => generated 17 bytes in 3 msecs (HTTP/1.1 200) 3 headers in 99 bytes (1 switches on core 0)
Aug 10 07:19:01.307551 np0000188309 devstack@n-api-meta.service[106908]: DEBUG nova.api.metadata.handler [None req-e45a1cc6-9f71-47a6-bcce-95a174fcad15 None None] Metadata request headers: {'Host': '199.204.45.22:8775', 'User-Agent': 'python-requests/2.34.2', 'Accept-Encoding': 'gzip, deflate', 'Accept': '*/*', 'Connection': 'keep-alive', 'X-Forwarded-For': '192.168.24.22', 'X-Instance-Id': '45e2732d-8f33-462d-adec-ba14d4210c14', 'X-Tenant-Id': 'd102127f1861409a9c2092f947a8fe99', 'X-Instance-Id-Signature': '9d69655084ebb459727c5f05d90f5ee4b785be60f97b06dffbd1fa432e68ace7'} {{(pid=106908) __call__ /opt/stack/nova/nova/api/metadata/handler.py:109}}
Aug 10 07:19:01.310191 np0000188309 devstack@n-api-meta.service[106908]: DEBUG nova.api.metadata.handler [None req-e45a1cc6-9f71-47a6-bcce-95a174fcad15 None None] Using cached metadata for instance 45e2732d-8f33-462d-adec-ba14d4210c14 {{(pid=106908) get_metadata_by_instance_id /opt/stack/nova/nova/api/metadata/handler.py:84}}
Aug 10 07:19:01.310806 np0000188309 devstack@n-api-meta.service[106908]: [pid: 106908|app: 0|req: 4/13] 199.204.45.22 () {40 vars in 710 bytes} [Mon Aug 10 07:19:01 2026] GET /latest/meta-data/placement/availability-zone => generated 4 bytes in 4 msecs (HTTP/1.1 200) 3 headers in 98 bytes (1 switches on core 0)
Aug 10 07:19:01.317234 np0000188309 devstack@n-api-meta.service[106906]: DEBUG nova.api.metadata.handler [None req-1394b81e-4db5-4f7a-b537-a821d9af11c0 None None] Metadata request headers: {'Host': '199.204.45.22:8775', 'User-Agent': 'python-requests/2.34.2', 'Accept-Encoding': 'gzip, deflate', 'Accept': '*/*', 'Connection': 'keep-alive', 'X-Forwarded-For': '192.168.24.22', 'X-Instance-Id': '45e2732d-8f33-462d-adec-ba14d4210c14', 'X-Tenant-Id': 'd102127f1861409a9c2092f947a8fe99', 'X-Instance-Id-Signature': '9d69655084ebb459727c5f05d90f5ee4b785be60f97b06dffbd1fa432e68ace7'} {{(pid=106906) __call__ /opt/stack/nova/nova/api/metadata/handler.py:109}}
Aug 10 07:19:01.319692 np0000188309 devstack@n-api-meta.service[106906]: DEBUG nova.api.metadata.handler [None req-1394b81e-4db5-4f7a-b537-a821d9af11c0 None None] Using cached metadata for instance 45e2732d-8f33-462d-adec-ba14d4210c14 {{(pid=106906) get_metadata_by_instance_id /opt/stack/nova/nova/api/metadata/handler.py:84}}
Aug 10 07:19:01.320268 np0000188309 devstack@n-api-meta.service[106906]: [pid: 106906|app: 0|req: 4/14] 199.204.45.22 () {40 vars in 668 bytes} [Mon Aug 10 07:19:01 2026] GET /latest/meta-data/ami-id => generated 12 bytes in 3 msecs (HTTP/1.1 200) 3 headers in 99 bytes (1 switches on core 0)
Aug 10 07:19:01.327625 np0000188309 devstack@n-api-meta.service[106907]: DEBUG nova.api.metadata.handler [None req-63bbe903-9469-4940-9113-948c52c6413f None None] Metadata request headers: {'Host': '199.204.45.22:8775', 'User-Agent': 'python-requests/2.34.2', 'Accept-Encoding': 'gzip, deflate', 'Accept': '*/*', 'Connection': 'keep-alive', 'X-Forwarded-For': '192.168.24.22', 'X-Instance-Id': '45e2732d-8f33-462d-adec-ba14d4210c14', 'X-Tenant-Id': 'd102127f1861409a9c2092f947a8fe99', 'X-Instance-Id-Signature': '9d69655084ebb459727c5f05d90f5ee4b785be60f97b06dffbd1fa432e68ace7'} {{(pid=106907) __call__ /opt/stack/nova/nova/api/metadata/handler.py:109}}
Aug 10 07:19:01.330199 np0000188309 devstack@n-api-meta.service[106907]: DEBUG nova.api.metadata.handler [None req-63bbe903-9469-4940-9113-948c52c6413f None None] Using cached metadata for instance 45e2732d-8f33-462d-adec-ba14d4210c14 {{(pid=106907) get_metadata_by_instance_id /opt/stack/nova/nova/api/metadata/handler.py:84}}
Aug 10 07:19:01.330828 np0000188309 devstack@n-api-meta.service[106907]: [pid: 106907|app: 0|req: 4/15] 199.204.45.22 () {40 vars in 688 bytes} [Mon Aug 10 07:19:01 2026] GET /latest/meta-data/ami-launch-index => generated 1 bytes in 4 msecs (HTTP/1.1 200) 3 headers in 98 bytes (1 switches on core 0)
Aug 10 07:19:01.339572 np0000188309 devstack@n-api-meta.service[106909]: DEBUG nova.api.metadata.handler [None req-a66843aa-e09d-4cc1-a444-8cb55de7eee6 None None] Metadata request headers: {'Host': '199.204.45.22:8775', 'User-Agent': 'python-requests/2.34.2', 'Accept-Encoding': 'gzip, deflate', 'Accept': '*/*', 'Connection': 'keep-alive', 'X-Forwarded-For': '192.168.24.22', 'X-Instance-Id': '45e2732d-8f33-462d-adec-ba14d4210c14', 'X-Tenant-Id': 'd102127f1861409a9c2092f947a8fe99', 'X-Instance-Id-Signature': '9d69655084ebb459727c5f05d90f5ee4b785be60f97b06dffbd1fa432e68ace7'} {{(pid=106909) __call__ /opt/stack/nova/nova/api/metadata/handler.py:109}}
Aug 10 07:19:01.342411 np0000188309 devstack@n-api-meta.service[106909]: DEBUG nova.api.metadata.handler [None req-a66843aa-e09d-4cc1-a444-8cb55de7eee6 None None] Using cached metadata for instance 45e2732d-8f33-462d-adec-ba14d4210c14 {{(pid=106909) get_metadata_by_instance_id /opt/stack/nova/nova/api/metadata/handler.py:84}}
Aug 10 07:19:01.343097 np0000188309 devstack@n-api-meta.service[106909]: [pid: 106909|app: 0|req: 4/16] 199.204.45.22 () {40 vars in 690 bytes} [Mon Aug 10 07:19:01 2026] GET /latest/meta-data/ami-manifest-path => generated 5 bytes in 4 msecs (HTTP/1.1 200) 3 headers in 98 bytes (1 switches on core 0)
Aug 10 07:19:01.350914 np0000188309 devstack@n-api-meta.service[106908]: DEBUG nova.api.metadata.handler [None req-e45a1cc6-9f71-47a6-bcce-95a174fcad15 None None] Metadata request headers: {'Host': '199.204.45.22:8775', 'User-Agent': 'python-requests/2.34.2', 'Accept-Encoding': 'gzip, deflate', 'Accept': '*/*', 'Connection': 'keep-alive', 'X-Forwarded-For': '192.168.24.22', 'X-Instance-Id': '45e2732d-8f33-462d-adec-ba14d4210c14', 'X-Tenant-Id': 'd102127f1861409a9c2092f947a8fe99', 'X-Instance-Id-Signature': '9d69655084ebb459727c5f05d90f5ee4b785be60f97b06dffbd1fa432e68ace7'} {{(pid=106908) __call__ /opt/stack/nova/nova/api/metadata/handler.py:109}}
Aug 10 07:19:01.353676 np0000188309 devstack@n-api-meta.service[106908]: DEBUG nova.api.metadata.handler [None req-e45a1cc6-9f71-47a6-bcce-95a174fcad15 None None] Using cached metadata for instance 45e2732d-8f33-462d-adec-ba14d4210c14 {{(pid=106908) get_metadata_by_instance_id /opt/stack/nova/nova/api/metadata/handler.py:84}}
Aug 10 07:19:01.354429 np0000188309 devstack@n-api-meta.service[106908]: [pid: 106908|app: 0|req: 5/17] 199.204.45.22 () {40 vars in 672 bytes} [Mon Aug 10 07:19:01 2026] GET /latest/meta-data/hostname => generated 32 bytes in 4 msecs (HTTP/1.1 200) 3 headers in 99 bytes (1 switches on core 0)
Aug 10 07:19:01.362192 np0000188309 devstack@n-api-meta.service[106906]: DEBUG nova.api.metadata.handler [None req-1394b81e-4db5-4f7a-b537-a821d9af11c0 None None] Metadata request headers: {'Host': '199.204.45.22:8775', 'User-Agent': 'python-requests/2.34.2', 'Accept-Encoding': 'gzip, deflate', 'Accept': '*/*', 'Connection': 'keep-alive', 'X-Forwarded-For': '192.168.24.22', 'X-Instance-Id': '45e2732d-8f33-462d-adec-ba14d4210c14', 'X-Tenant-Id': 'd102127f1861409a9c2092f947a8fe99', 'X-Instance-Id-Signature': '9d69655084ebb459727c5f05d90f5ee4b785be60f97b06dffbd1fa432e68ace7'} {{(pid=106906) __call__ /opt/stack/nova/nova/api/metadata/handler.py:109}}
Aug 10 07:19:01.365288 np0000188309 devstack@n-api-meta.service[106906]: DEBUG nova.api.metadata.handler [None req-1394b81e-4db5-4f7a-b537-a821d9af11c0 None None] Using cached metadata for instance 45e2732d-8f33-462d-adec-ba14d4210c14 {{(pid=106906) get_metadata_by_instance_id /opt/stack/nova/nova/api/metadata/handler.py:84}}
Aug 10 07:19:01.366568 np0000188309 devstack@n-api-meta.service[106906]: [pid: 106906|app: 0|req: 5/18] 199.204.45.22 () {40 vars in 686 bytes} [Mon Aug 10 07:19:01 2026] GET /latest/meta-data/instance-action => generated 4 bytes in 5 msecs (HTTP/1.1 200) 3 headers in 98 bytes (1 switches on core 0)
