2026-04-15 08:51:35.571 7 INFO neutron.plugins.ml2.drivers.ovn.mech_driver.mech_driver [None req-d6dbe736-92ed-47e2-8de1-e468a450b8d4 - - - - - -] OVN reports status down for port: e782cfac-5df2-462b-b332-1159aeda8840 [pid: 7|app: 0|req: 775/1705] 10.0.0.212 () {32 vars in 621 bytes} [Wed Apr 15 08:51:35 2026] GET / => generated 151 bytes in 4 msecs (HTTP/1.1 200) 3 headers in 91 bytes (1 switches on core 0) [pid: 8|app: 0|req: 931/1706] 10.0.0.212 () {32 vars in 631 bytes} [Wed Apr 15 08:51:35 2026] GET /v2.0/ => generated 632 bytes in 91 msecs (HTTP/1.1 200) 4 headers in 157 bytes (1 switches on core 0)
2026-04-15 08:51:36.322 8 INFO neutron.db.ovn_revision_numbers_db [None req-c96b8c15-33db-4b18-a082-c3b9f8c45823 6c2fca3a4b0b423cbf36429996255921 b6e1053b293d4a4aaf9d005d39ec35fa - - default default] Successfully bumped revision number for resource c6520448-2b56-4c0f-bff9-52112effc131 (type: security_groups) to 1
2026-04-15 08:51:36.335 8 INFO neutron.db.ovn_revision_numbers_db [None req-c96b8c15-33db-4b18-a082-c3b9f8c45823 6c2fca3a4b0b423cbf36429996255921 b6e1053b293d4a4aaf9d005d39ec35fa - - default default] Successfully bumped revision number for resource 0c5cfe91-d4ca-4aa2-a9fc-14868fa7a909 (type: security_group_rules) to 0
2026-04-15 08:51:36.339 7 INFO neutron.db.ovn_revision_numbers_db [None req-e5792d9f-1a1c-44bf-8795-f5a602e216b5 c4b5424715a74bd3961d96e7be3af1bc 7a8a6b507eee46bb8dea7413a9a205e6 - - default default] Successfully bumped revision number for resource 5f590826-48cf-442c-992e-e6c5560923c7 (type: security_groups) to 1
2026-04-15 08:51:36.346 8 INFO neutron.db.ovn_revision_numbers_db [None req-c96b8c15-33db-4b18-a082-c3b9f8c45823 6c2fca3a4b0b423cbf36429996255921 b6e1053b293d4a4aaf9d005d39ec35fa - - default default] Successfully bumped revision number for resource 19a163c5-c37b-4390-ac77-a3abb456e6c0 (type: security_group_rules) to 0
2026-04-15 08:51:36.354 7 INFO neutron.db.ovn_revision_numbers_db [None req-e5792d9f-1a1c-44bf-8795-f5a602e216b5 c4b5424715a74bd3961d96e7be3af1bc 7a8a6b507eee46bb8dea7413a9a205e6 - - default default] Successfully bumped revision number for resource 4b00bf6b-f8e5-4e28-8ba7-2532a05e0fab (type: security_group_rules) to 0
2026-04-15 08:51:36.357 8 INFO neutron.db.ovn_revision_numbers_db [None req-c96b8c15-33db-4b18-a082-c3b9f8c45823 6c2fca3a4b0b423cbf36429996255921 b6e1053b293d4a4aaf9d005d39ec35fa - - default default] Successfully bumped revision number for resource b6a5811f-f4cc-48a5-973a-6b2785937980 (type: security_group_rules) to 0
2026-04-15 08:51:36.367 7 INFO neutron.db.ovn_revision_numbers_db [None req-e5792d9f-1a1c-44bf-8795-f5a602e216b5 c4b5424715a74bd3961d96e7be3af1bc 7a8a6b507eee46bb8dea7413a9a205e6 - - default default] Successfully bumped revision number for resource 642501d1-c019-49e2-80c1-39511eae9462 (type: security_group_rules) to 0
2026-04-15 08:51:36.371 8 INFO neutron.db.ovn_revision_numbers_db [None req-c96b8c15-33db-4b18-a082-c3b9f8c45823 6c2fca3a4b0b423cbf36429996255921 b6e1053b293d4a4aaf9d005d39ec35fa - - default default] Successfully bumped revision number for resource c42fa4f4-98de-40c0-b9de-3ecfd982df41 (type: security_group_rules) to 0
2026-04-15 08:51:36.381 7 INFO neutron.db.ovn_revision_numbers_db [None req-e5792d9f-1a1c-44bf-8795-f5a602e216b5 c4b5424715a74bd3961d96e7be3af1bc 7a8a6b507eee46bb8dea7413a9a205e6 - - default default] Successfully bumped revision number for resource c8969fdc-76fd-4434-a989-47c1a93178f6 (type: security_group_rules) to 0
2026-04-15 08:51:36.404 7 INFO neutron.db.ovn_revision_numbers_db [None req-e5792d9f-1a1c-44bf-8795-f5a602e216b5 c4b5424715a74bd3961d96e7be3af1bc 7a8a6b507eee46bb8dea7413a9a205e6 - - default default] Successfully bumped revision number for resource d1b87a6c-86b5-402a-9af1-55cbb48bdc47 (type: security_group_rules) to 0 [pid: 8|app: 0|req: 932/1707] 10.0.0.212 () {32 vars in 772 bytes} [Wed Apr 15 08:51:36 2026] GET /v2.0/security-groups?tenant_id=85b162e53487480cb4ffda2c5b56663f&name=default => generated 2925 bytes in 337 msecs (HTTP/1.1 200) 4 headers in 158 bytes (1 switches on core 0)
2026-04-15 08:51:36.499 7 INFO neutron.db.segments_db [None req-e5792d9f-1a1c-44bf-8795-f5a602e216b5 c4b5424715a74bd3961d96e7be3af1bc 7a8a6b507eee46bb8dea7413a9a205e6 - - default default] Added segment f71620d0-0b05-4966-8ec3-4a2b02ba0b56 of type geneve for network 1e1ac1e3-9d6d-4de5-a224-1b0cc57730f5
2026-04-15 08:51:36.619 7 INFO neutron.db.ovn_revision_numbers_db [None req-e5792d9f-1a1c-44bf-8795-f5a602e216b5 c4b5424715a74bd3961d96e7be3af1bc 7a8a6b507eee46bb8dea7413a9a205e6 - - default default] Successfully bumped revision number for resource 1e1ac1e3-9d6d-4de5-a224-1b0cc57730f5 (type: networks) to 1 [pid: 8|app: 0|req: 933/1708] 10.0.0.212 () {32 vars in 738 bytes} [Wed Apr 15 08:51:36 2026] DELETE /v2.0/security-groups/c6520448-2b56-4c0f-bff9-52112effc131 => generated 0 bytes in 227 msecs (HTTP/1.1 204) 2 headers in 112 bytes (1 switches on core 0)
2026-04-15 08:51:36.807 7 WARNING neutron.scheduler.dhcp_agent_scheduler [None req-e5792d9f-1a1c-44bf-8795-f5a602e216b5 c4b5424715a74bd3961d96e7be3af1bc 7a8a6b507eee46bb8dea7413a9a205e6 - - default default] No more DHCP agents
2026-04-15 08:51:36.811 7 WARNING neutron.api.rpc.agentnotifiers.dhcp_rpc_agent_api [None req-e5792d9f-1a1c-44bf-8795-f5a602e216b5 c4b5424715a74bd3961d96e7be3af1bc 7a8a6b507eee46bb8dea7413a9a205e6 - - default default] Unable to schedule network 1e1ac1e3-9d6d-4de5-a224-1b0cc57730f5: no agents available; will retry on subsequent port and subnet creation events.
2026-04-15 08:51:36.851 7 INFO neutron.plugins.ml2.drivers.ovn.mech_driver.mech_driver [None req-d6dbe736-92ed-47e2-8de1-e468a450b8d4 - - - - - -] OVN reports status down for port: 1c960c0a-51f1-451a-a0ee-6ac2153db553
2026-04-15 08:51:36.923 7 INFO neutron.db.ovn_revision_numbers_db [None req-e5792d9f-1a1c-44bf-8795-f5a602e216b5 c4b5424715a74bd3961d96e7be3af1bc 7a8a6b507eee46bb8dea7413a9a205e6 - - default default] Successfully bumped revision number for resource 1c960c0a-51f1-451a-a0ee-6ac2153db553 (type: ports) to 1 [pid: 7|app: 0|req: 776/1709] 10.0.0.212 () {34 vars in 668 bytes} [Wed Apr 15 08:51:36 2026] POST /v2.0/networks => generated 651 bytes in 882 msecs (HTTP/1.1 201) 4 headers in 162 bytes (1 switches on core 0)
2026-04-15 08:51:37.033 8 INFO neutron.db.ovn_revision_numbers_db [None req-2dc7e758-a6af-44dd-b3bb-e4a5c0ebf021 f60cdf94904b42408b63c9e11b61b66b 82d55925dd0047e7a0b4505791ff4d10 - - default default] Successfully bumped revision number for resource 884b8cf7-b591-4f4e-87a0-93b83ddf44af (type: security_groups) to 1
2026-04-15 08:51:37.050 8 INFO neutron.db.ovn_revision_numbers_db [None req-2dc7e758-a6af-44dd-b3bb-e4a5c0ebf021 f60cdf94904b42408b63c9e11b61b66b 82d55925dd0047e7a0b4505791ff4d10 - - default default] Successfully bumped revision number for resource 349d914d-017f-43a3-a1ce-9204dc928667 (type: security_group_rules) to 0
2026-04-15 08:51:37.065 8 INFO neutron.db.ovn_revision_numbers_db [None req-2dc7e758-a6af-44dd-b3bb-e4a5c0ebf021 f60cdf94904b42408b63c9e11b61b66b 82d55925dd0047e7a0b4505791ff4d10 - - default default] Successfully bumped revision number for resource 3686f95f-d1b5-45ab-aaef-15769d1bc57b (type: security_group_rules) to 0
2026-04-15 08:51:37.082 8 INFO neutron.db.ovn_revision_numbers_db [None req-2dc7e758-a6af-44dd-b3bb-e4a5c0ebf021 f60cdf94904b42408b63c9e11b61b66b 82d55925dd0047e7a0b4505791ff4d10 - - default default] Successfully bumped revision number for resource 959c1793-4c07-49fb-8688-38a5acbcb8f3 (type: security_group_rules) to 0
2026-04-15 08:51:37.085 7 INFO neutron.db.segments_db [None req-2c0c696e-b128-40a0-b0be-94ae7daaf557 c4b5424715a74bd3961d96e7be3af1bc 7a8a6b507eee46bb8dea7413a9a205e6 - - default default] Added segment 50ee8730-280c-4eac-b343-a31e7fa3142a of type geneve for network 56cc8682-9653-47ea-9df0-3c90f1ace3b6
2026-04-15 08:51:37.095 8 INFO neutron.db.ovn_revision_numbers_db [None req-2dc7e758-a6af-44dd-b3bb-e4a5c0ebf021 f60cdf94904b42408b63c9e11b61b66b 82d55925dd0047e7a0b4505791ff4d10 - - default default] Successfully bumped revision number for resource e0da0c8f-6492-49b8-a56e-0797c219a79b (type: security_group_rules) to 0
2026-04-15 08:51:37.185 8 INFO neutron.db.segments_db [None req-2dc7e758-a6af-44dd-b3bb-e4a5c0ebf021 f60cdf94904b42408b63c9e11b61b66b 82d55925dd0047e7a0b4505791ff4d10 - - default default] Added segment c976fa62-f5ba-44c3-9efd-d4483b2ceb56 of type geneve for network c8fc80fa-9c96-437b-8c4f-7e8d167e2e2d
2026-04-15 08:51:37.213 7 INFO neutron.db.ovn_revision_numbers_db [None req-2c0c696e-b128-40a0-b0be-94ae7daaf557 c4b5424715a74bd3961d96e7be3af1bc 7a8a6b507eee46bb8dea7413a9a205e6 - - default default] Successfully bumped revision number for resource 56cc8682-9653-47ea-9df0-3c90f1ace3b6 (type: networks) to 1
2026-04-15 08:51:37.323 8 INFO neutron.db.ovn_revision_numbers_db [None req-2dc7e758-a6af-44dd-b3bb-e4a5c0ebf021 f60cdf94904b42408b63c9e11b61b66b 82d55925dd0047e7a0b4505791ff4d10 - - default default] Successfully bumped revision number for resource c8fc80fa-9c96-437b-8c4f-7e8d167e2e2d (type: networks) to 1
2026-04-15 08:51:37.394 7 WARNING neutron.scheduler.dhcp_agent_scheduler [None req-2c0c696e-b128-40a0-b0be-94ae7daaf557 c4b5424715a74bd3961d96e7be3af1bc 7a8a6b507eee46bb8dea7413a9a205e6 - - default default] No more DHCP agents
2026-04-15 08:51:37.395 7 WARNING neutron.api.rpc.agentnotifiers.dhcp_rpc_agent_api [None req-2c0c696e-b128-40a0-b0be-94ae7daaf557 c4b5424715a74bd3961d96e7be3af1bc 7a8a6b507eee46bb8dea7413a9a205e6 - - default default] Unable to schedule network 56cc8682-9653-47ea-9df0-3c90f1ace3b6: no agents available; will retry on subsequent port and subnet creation events.
2026-04-15 08:51:37.444 8 INFO neutron.plugins.ml2.drivers.ovn.mech_driver.mech_driver [None req-ded22dbd-f3e9-47f7-93b5-92ff3ba75c6f - - - - - -] OVN reports status down for port: c72a8500-f110-40f2-8fe1-35a3a9e11e1b
2026-04-15 08:51:37.481 7 INFO neutron.db.ovn_revision_numbers_db [None req-2c0c696e-b128-40a0-b0be-94ae7daaf557 c4b5424715a74bd3961d96e7be3af1bc 7a8a6b507eee46bb8dea7413a9a205e6 - - default default] Successfully bumped revision number for resource c72a8500-f110-40f2-8fe1-35a3a9e11e1b (type: ports) to 1 [pid: 7|app: 0|req: 777/1710] 10.0.0.212 () {34 vars in 668 bytes} [Wed Apr 15 08:51:36 2026] POST /v2.0/networks => generated 650 bytes in 550 msecs (HTTP/1.1 201) 4 headers in 162 bytes (1 switches on core 0)
2026-04-15 08:51:37.556 8 WARNING neutron.scheduler.dhcp_agent_scheduler [None req-2dc7e758-a6af-44dd-b3bb-e4a5c0ebf021 f60cdf94904b42408b63c9e11b61b66b 82d55925dd0047e7a0b4505791ff4d10 - - default default] No more DHCP agents
2026-04-15 08:51:37.558 8 WARNING neutron.api.rpc.agentnotifiers.dhcp_rpc_agent_api [None req-2dc7e758-a6af-44dd-b3bb-e4a5c0ebf021 f60cdf94904b42408b63c9e11b61b66b 82d55925dd0047e7a0b4505791ff4d10 - - default default] Unable to schedule network c8fc80fa-9c96-437b-8c4f-7e8d167e2e2d: no agents available; will retry on subsequent port and subnet creation events.
2026-04-15 08:51:37.605 7 INFO neutron.plugins.ml2.drivers.ovn.mech_driver.mech_driver [None req-d6dbe736-92ed-47e2-8de1-e468a450b8d4 - - - - - -] OVN reports status down for port: e0362076-afc9-4c42-acbe-4dfa46cbe49b
2026-04-15 08:51:37.639 8 INFO neutron.db.ovn_revision_numbers_db [None req-2dc7e758-a6af-44dd-b3bb-e4a5c0ebf021 f60cdf94904b42408b63c9e11b61b66b 82d55925dd0047e7a0b4505791ff4d10 - - default default] Successfully bumped revision number for resource e0362076-afc9-4c42-acbe-4dfa46cbe49b (type: ports) to 1 [pid: 8|app: 0|req: 934/1711] 10.0.0.212 () {34 vars in 668 bytes} [Wed Apr 15 08:51:36 2026] POST /v2.0/networks => generated 668 bytes in 1007 msecs (HTTP/1.1 201) 4 headers in 162 bytes (1 switches on core 0) [pid: 8|app: 0|req: 935/1712] 10.0.0.212 () {34 vars in 751 bytes} [Wed Apr 15 08:51:37 2026] PUT /v2.0/networks/1e1ac1e3-9d6d-4de5-a224-1b0cc57730f5/tags => generated 25 bytes in 61 msecs (HTTP/1.1 200) 4 headers in 156 bytes (1 switches on core 0)
2026-04-15 08:51:37.865 7 INFO neutron.db.ovn_revision_numbers_db [None req-ccf63d5a-33c1-4db5-89a7-cfea010ddb3f 47c9520610854cc89d72c04cbb053561 21b381174f774a3080eeaa5331c74d60 - - default default] Successfully bumped revision number for resource 348c5aee-3747-4f7e-b9b2-698057e8a75f (type: security_groups) to 1
2026-04-15 08:51:37.878 7 INFO neutron.db.ovn_revision_numbers_db [None req-ccf63d5a-33c1-4db5-89a7-cfea010ddb3f 47c9520610854cc89d72c04cbb053561 21b381174f774a3080eeaa5331c74d60 - - default default] Successfully bumped revision number for resource 2d042fe7-c8fe-4ac4-bd35-25db12a84158 (type: security_group_rules) to 0
2026-04-15 08:51:37.889 7 INFO neutron.db.ovn_revision_numbers_db [None req-ccf63d5a-33c1-4db5-89a7-cfea010ddb3f 47c9520610854cc89d72c04cbb053561 21b381174f774a3080eeaa5331c74d60 - - default default] Successfully bumped revision number for resource 3256e9c6-d98a-4f41-ae53-37e7bfdfb0fe (type: security_group_rules) to 0
2026-04-15 08:51:37.904 7 INFO neutron.db.ovn_revision_numbers_db [None req-ccf63d5a-33c1-4db5-89a7-cfea010ddb3f 47c9520610854cc89d72c04cbb053561 21b381174f774a3080eeaa5331c74d60 - - default default] Successfully bumped revision number for resource 67de7ebf-6baf-4ff0-b1b0-fa14f72b8817 (type: security_group_rules) to 0
2026-04-15 08:51:37.915 7 INFO neutron.db.ovn_revision_numbers_db [None req-ccf63d5a-33c1-4db5-89a7-cfea010ddb3f 47c9520610854cc89d72c04cbb053561 21b381174f774a3080eeaa5331c74d60 - - default default] Successfully bumped revision number for resource c07a4dc2-bf07-4398-961d-161c7aa298d7 (type: security_group_rules) to 0
2026-04-15 08:51:37.969 8 WARNING neutron.scheduler.dhcp_agent_scheduler [None req-18a90090-0d23-44c9-a3e8-2d9f816fb8b9 f60cdf94904b42408b63c9e11b61b66b 82d55925dd0047e7a0b4505791ff4d10 - - default default] No more DHCP agents
2026-04-15 08:51:37.970 8 WARNING neutron.api.rpc.agentnotifiers.dhcp_rpc_agent_api [None req-18a90090-0d23-44c9-a3e8-2d9f816fb8b9 f60cdf94904b42408b63c9e11b61b66b 82d55925dd0047e7a0b4505791ff4d10 - - default default] Unable to schedule network c8fc80fa-9c96-437b-8c4f-7e8d167e2e2d: no agents available; will retry on subsequent port and subnet creation events.
2026-04-15 08:51:37.989 7 INFO neutron.db.segments_db [None req-ccf63d5a-33c1-4db5-89a7-cfea010ddb3f 47c9520610854cc89d72c04cbb053561 21b381174f774a3080eeaa5331c74d60 - - default default] Added segment c7ab791e-18f8-4eeb-8c28-7e1be3b61a6c of type geneve for network 883b6267-b221-4c1f-8a08-85a2d57a66c7
2026-04-15 08:51:38.030 7 INFO neutron.plugins.ml2.drivers.ovn.mech_driver.mech_driver [None req-d6dbe736-92ed-47e2-8de1-e468a450b8d4 - - - - - -] OVN reports status down for port: dd65af1e-ef55-4a1a-af90-4e8761a2c0a5
2026-04-15 08:51:38.052 8 INFO neutron.db.ovn_revision_numbers_db [None req-18a90090-0d23-44c9-a3e8-2d9f816fb8b9 f60cdf94904b42408b63c9e11b61b66b 82d55925dd0047e7a0b4505791ff4d10 - - default default] Successfully bumped revision number for resource dd65af1e-ef55-4a1a-af90-4e8761a2c0a5 (type: ports) to 1 [pid: 8|app: 0|req: 936/1713] 10.0.0.212 () {34 vars in 663 bytes} [Wed Apr 15 08:51:37 2026] POST /v2.0/ports => generated 778 bytes in 393 msecs (HTTP/1.1 201) 4 headers in 162 bytes (1 switches on core 0) /var/lib/openstack/lib/python3.12/site-packages/pycadf/identifier.py:70: UserWarning: Invalid uuid: neutron. To ensure interoperability, identifiers should be a valid uuid. warnings.warn(('Invalid uuid: %s. To ensure interoperability, ' [pid: 8|app: 0|req: 937/1714] 10.0.0.212 () {32 vars in 731 bytes} [Wed Apr 15 08:51:38 2026] GET /v2.0/networks/1e1ac1e3-9d6d-4de5-a224-1b0cc57730f5/tags => generated 25 bytes in 46 msecs (HTTP/1.1 200) 4 headers in 156 bytes (1 switches on core 0)
2026-04-15 08:51:38.205 7 INFO neutron.db.ovn_revision_numbers_db [None req-ccf63d5a-33c1-4db5-89a7-cfea010ddb3f 47c9520610854cc89d72c04cbb053561 21b381174f774a3080eeaa5331c74d60 - - default default] Successfully bumped revision number for resource 883b6267-b221-4c1f-8a08-85a2d57a66c7 (type: networks) to 1
2026-04-15 08:51:38.257 8 INFO neutron.db.segments_db [None req-94bdd96e-140f-46db-a944-fddd142a1e19 f60cdf94904b42408b63c9e11b61b66b 82d55925dd0047e7a0b4505791ff4d10 - - default default] Added segment ce3cc720-9bb9-4b9b-8b88-37222d10b5db of type geneve for network 9d6e9a9b-db25-4cd7-bfa0-bc946d4afb4f
2026-04-15 08:51:38.364 8 INFO neutron.db.ovn_revision_numbers_db [None req-94bdd96e-140f-46db-a944-fddd142a1e19 f60cdf94904b42408b63c9e11b61b66b 82d55925dd0047e7a0b4505791ff4d10 - - default default] Successfully bumped revision number for resource 9d6e9a9b-db25-4cd7-bfa0-bc946d4afb4f (type: networks) to 1
2026-04-15 08:51:38.382 7 WARNING neutron.scheduler.dhcp_agent_scheduler [None req-ccf63d5a-33c1-4db5-89a7-cfea010ddb3f 47c9520610854cc89d72c04cbb053561 21b381174f774a3080eeaa5331c74d60 - - default default] No more DHCP agents
2026-04-15 08:51:38.384 7 WARNING neutron.api.rpc.agentnotifiers.dhcp_rpc_agent_api [None req-ccf63d5a-33c1-4db5-89a7-cfea010ddb3f 47c9520610854cc89d72c04cbb053561 21b381174f774a3080eeaa5331c74d60 - - default default] Unable to schedule network 883b6267-b221-4c1f-8a08-85a2d57a66c7: no agents available; will retry on subsequent port and subnet creation events.
2026-04-15 08:51:38.434 7 INFO neutron.plugins.ml2.drivers.ovn.mech_driver.mech_driver [None req-d6dbe736-92ed-47e2-8de1-e468a450b8d4 - - - - - -] OVN reports status down for port: ce7f1e53-4c02-4bb4-8dee-4dc6edc54c8a
2026-04-15 08:51:38.499 7 INFO neutron.db.ovn_revision_numbers_db [None req-ccf63d5a-33c1-4db5-89a7-cfea010ddb3f 47c9520610854cc89d72c04cbb053561 21b381174f774a3080eeaa5331c74d60 - - default default] Successfully bumped revision number for resource ce7f1e53-4c02-4bb4-8dee-4dc6edc54c8a (type: ports) to 1 [pid: 7|app: 0|req: 778/1715] 10.0.0.212 () {34 vars in 668 bytes} [Wed Apr 15 08:51:37 2026] POST /v2.0/networks => generated 661 bytes in 1038 msecs (HTTP/1.1 201) 4 headers in 162 bytes (1 switches on core 0)
2026-04-15 08:51:38.569 8 WARNING neutron.scheduler.dhcp_agent_scheduler [None req-94bdd96e-140f-46db-a944-fddd142a1e19 f60cdf94904b42408b63c9e11b61b66b 82d55925dd0047e7a0b4505791ff4d10 - - default default] No more DHCP agents
2026-04-15 08:51:38.571 8 WARNING neutron.api.rpc.agentnotifiers.dhcp_rpc_agent_api [None req-94bdd96e-140f-46db-a944-fddd142a1e19 f60cdf94904b42408b63c9e11b61b66b 82d55925dd0047e7a0b4505791ff4d10 - - default default] Unable to schedule network 9d6e9a9b-db25-4cd7-bfa0-bc946d4afb4f: no agents available; will retry on subsequent port and subnet creation events.
2026-04-15 08:51:38.624 7 INFO neutron.plugins.ml2.drivers.ovn.mech_driver.mech_driver [None req-d6dbe736-92ed-47e2-8de1-e468a450b8d4 - - - - - -] OVN reports status down for port: 575be87d-a078-4a87-8278-604f651cb504
2026-04-15 08:51:38.647 8 INFO neutron.db.ovn_revision_numbers_db [None req-94bdd96e-140f-46db-a944-fddd142a1e19 f60cdf94904b42408b63c9e11b61b66b 82d55925dd0047e7a0b4505791ff4d10 - - default default] Successfully bumped revision number for resource 575be87d-a078-4a87-8278-604f651cb504 (type: ports) to 1 [pid: 7|app: 0|req: 779/1716] 10.0.0.212 () {34 vars in 751 bytes} [Wed Apr 15 08:51:38 2026] PUT /v2.0/networks/56cc8682-9653-47ea-9df0-3c90f1ace3b6/tags => generated 17 bytes in 117 msecs (HTTP/1.1 200) 4 headers in 156 bytes (1 switches on core 0) [pid: 8|app: 0|req: 938/1717] 10.0.0.212 () {34 vars in 668 bytes} [Wed Apr 15 08:51:38 2026] POST /v2.0/networks => generated 655 bytes in 504 msecs (HTTP/1.1 201) 4 headers in 162 bytes (1 switches on core 0) [pid: 8|app: 0|req: 939/1718] 10.0.0.212 () {32 vars in 731 bytes} [Wed Apr 15 08:51:38 2026] GET /v2.0/networks/56cc8682-9653-47ea-9df0-3c90f1ace3b6/tags => generated 17 bytes in 40 msecs (HTTP/1.1 200) 4 headers in 156 bytes (1 switches on core 0)
2026-04-15 08:51:38.891 8 WARNING neutron.scheduler.dhcp_agent_scheduler [None req-eb438b4e-6d67-42b4-bce4-ab37b8c799d6 f60cdf94904b42408b63c9e11b61b66b 82d55925dd0047e7a0b4505791ff4d10 - - default default] No more DHCP agents
2026-04-15 08:51:38.892 8 WARNING neutron.api.rpc.agentnotifiers.dhcp_rpc_agent_api [None req-eb438b4e-6d67-42b4-bce4-ab37b8c799d6 f60cdf94904b42408b63c9e11b61b66b 82d55925dd0047e7a0b4505791ff4d10 - - default default] Unable to schedule network 9d6e9a9b-db25-4cd7-bfa0-bc946d4afb4f: no agents available; will retry on subsequent port and subnet creation events.
2026-04-15 08:51:38.894 7 WARNING neutron.scheduler.dhcp_agent_scheduler [None req-3839effb-1638-4693-a078-ad472ed1bdbe 47c9520610854cc89d72c04cbb053561 21b381174f774a3080eeaa5331c74d60 - - default default] No more DHCP agents
2026-04-15 08:51:38.897 7 WARNING neutron.api.rpc.agentnotifiers.dhcp_rpc_agent_api [None req-3839effb-1638-4693-a078-ad472ed1bdbe 47c9520610854cc89d72c04cbb053561 21b381174f774a3080eeaa5331c74d60 - - default default] Unable to schedule network 883b6267-b221-4c1f-8a08-85a2d57a66c7: no agents available; will retry on subsequent port and subnet creation events.
2026-04-15 08:51:38.921 8 INFO neutron.db.ovn_revision_numbers_db [None req-eb438b4e-6d67-42b4-bce4-ab37b8c799d6 f60cdf94904b42408b63c9e11b61b66b 82d55925dd0047e7a0b4505791ff4d10 - - default default] Successfully bumped revision number for resource be060cc6-7c13-4bd2-8f45-c7cb940da4ef (type: subnets) to 0 [pid: 8|app: 0|req: 940/1719] 10.0.0.212 () {34 vars in 667 bytes} [Wed Apr 15 08:51:38 2026] POST /v2.0/subnets => generated 646 bytes in 229 msecs (HTTP/1.1 201) 4 headers in 162 bytes (1 switches on core 0) [pid: 8|app: 0|req: 941/1720] 10.0.0.212 () {34 vars in 751 bytes} [Wed Apr 15 08:51:38 2026] PUT /v2.0/networks/56cc8682-9653-47ea-9df0-3c90f1ace3b6/tags => generated 12 bytes in 60 msecs (HTTP/1.1 200) 4 headers in 156 bytes (1 switches on core 0)
2026-04-15 08:51:39.354 8 WARNING neutron.scheduler.dhcp_agent_scheduler [None req-1d769fe6-e169-446f-95c6-7d13fea4f249 f60cdf94904b42408b63c9e11b61b66b 82d55925dd0047e7a0b4505791ff4d10 - - default default] No more DHCP agents
2026-04-15 08:51:39.356 8 WARNING neutron.api.rpc.agentnotifiers.dhcp_rpc_agent_api [None req-1d769fe6-e169-446f-95c6-7d13fea4f249 f60cdf94904b42408b63c9e11b61b66b 82d55925dd0047e7a0b4505791ff4d10 - - default default] Unable to schedule network 9d6e9a9b-db25-4cd7-bfa0-bc946d4afb4f: no agents available; will retry on subsequent port and subnet creation events.
2026-04-15 08:51:39.365 7 INFO neutron.db.ovn_revision_numbers_db [None req-68029f78-8444-44c4-8739-6fea82870abd - - - - - -] Successfully bumped revision number for resource ce7f1e53-4c02-4bb4-8dee-4dc6edc54c8a (type: ports) to 2
2026-04-15 08:51:39.417 7 INFO neutron.db.ovn_revision_numbers_db [None req-68029f78-8444-44c4-8739-6fea82870abd - - - - - -] Successfully bumped revision number for resource aad2b5ad-62fb-4352-82e8-f0ee41c29dfe (type: subnets) to 0
2026-04-15 08:51:39.432 8 INFO neutron.plugins.ml2.drivers.ovn.mech_driver.mech_driver [None req-ded22dbd-f3e9-47f7-93b5-92ff3ba75c6f - - - - - -] OVN reports status down for port: 2c7aa82d-6970-4262-a995-a8809b27996d [pid: 7|app: 0|req: 780/1721] 10.0.0.212 () {34 vars in 667 bytes} [Wed Apr 15 08:51:38 2026] POST /v2.0/subnets => generated 641 bytes in 806 msecs (HTTP/1.1 201) 4 headers in 162 bytes (1 switches on core 0)
2026-04-15 08:51:39.492 8 INFO neutron.db.ovn_revision_numbers_db [None req-1d769fe6-e169-446f-95c6-7d13fea4f249 f60cdf94904b42408b63c9e11b61b66b 82d55925dd0047e7a0b4505791ff4d10 - - default default] Successfully bumped revision number for resource 2c7aa82d-6970-4262-a995-a8809b27996d (type: ports) to 1 [pid: 7|app: 0|req: 781/1722] 10.0.0.212 () {32 vars in 731 bytes} [Wed Apr 15 08:51:39 2026] GET /v2.0/networks/56cc8682-9653-47ea-9df0-3c90f1ace3b6/tags => generated 12 bytes in 43 msecs (HTTP/1.1 200) 4 headers in 156 bytes (1 switches on core 0) [pid: 8|app: 0|req: 942/1723] 10.0.0.212 () {34 vars in 663 bytes} [Wed Apr 15 08:51:39 2026] POST /v2.0/ports => generated 966 bytes in 541 msecs (HTTP/1.1 201) 4 headers in 162 bytes (1 switches on core 0) /var/lib/openstack/lib/python3.12/site-packages/pycadf/identifier.py:70: UserWarning: Invalid uuid: neutron. To ensure interoperability, identifiers should be a valid uuid. warnings.warn(('Invalid uuid: %s. To ensure interoperability, '
2026-04-15 08:51:39.596 7 INFO neutron.db.segments_db [None req-c929f0c6-c451-4320-af20-7599b7d50977 47c9520610854cc89d72c04cbb053561 21b381174f774a3080eeaa5331c74d60 - - default default] Added segment 0af4ca6f-bf3d-4420-a242-72263cfbc4b1 of type geneve for network c3e5f6fb-9a38-4029-872a-b9dde9555deb [pid: 8|app: 0|req: 943/1724] 10.0.0.212 () {32 vars in 731 bytes} [Wed Apr 15 08:51:39 2026] GET /v2.0/networks/1e1ac1e3-9d6d-4de5-a224-1b0cc57730f5/tags => generated 25 bytes in 51 msecs (HTTP/1.1 200) 4 headers in 156 bytes (1 switches on core 0)
2026-04-15 08:51:39.707 7 INFO neutron.db.ovn_revision_numbers_db [None req-c929f0c6-c451-4320-af20-7599b7d50977 47c9520610854cc89d72c04cbb053561 21b381174f774a3080eeaa5331c74d60 - - default default] Successfully bumped revision number for resource c3e5f6fb-9a38-4029-872a-b9dde9555deb (type: networks) to 1
2026-04-15 08:51:39.733 8 INFO neutron_taas.services.taas.taas_plugin [None req-388e9e3c-e267-4732-bb10-c3f5df133edc f60cdf94904b42408b63c9e11b61b66b 82d55925dd0047e7a0b4505791ff4d10 - - default default] TaaS: Handle Delete Port: 2c7aa82d-6970-4262-a995-a8809b27996d
2026-04-15 08:51:39.739 8 INFO neutron_taas.services.taas.tap_mirror_plugin [None req-388e9e3c-e267-4732-bb10-c3f5df133edc f60cdf94904b42408b63c9e11b61b66b 82d55925dd0047e7a0b4505791ff4d10 - - default default] Tap Mirror: Handle Delete Port: 2c7aa82d-6970-4262-a995-a8809b27996d [pid: 8|app: 0|req: 944/1725] 10.0.0.212 () {32 vars in 718 bytes} [Wed Apr 15 08:51:39 2026] DELETE /v2.0/ports/2c7aa82d-6970-4262-a995-a8809b27996d => generated 0 bytes in 280 msecs (HTTP/1.1 204) 3 headers in 131 bytes (1 switches on core 0)
2026-04-15 08:51:39.913 7 WARNING neutron.scheduler.dhcp_agent_scheduler [None req-c929f0c6-c451-4320-af20-7599b7d50977 47c9520610854cc89d72c04cbb053561 21b381174f774a3080eeaa5331c74d60 - - default default] No more DHCP agents
2026-04-15 08:51:39.915 7 WARNING neutron.api.rpc.agentnotifiers.dhcp_rpc_agent_api [None req-c929f0c6-c451-4320-af20-7599b7d50977 47c9520610854cc89d72c04cbb053561 21b381174f774a3080eeaa5331c74d60 - - default default] Unable to schedule network c3e5f6fb-9a38-4029-872a-b9dde9555deb: no agents available; will retry on subsequent port and subnet creation events.
2026-04-15 08:51:39.959 7 INFO neutron.plugins.ml2.drivers.ovn.mech_driver.mech_driver [None req-d6dbe736-92ed-47e2-8de1-e468a450b8d4 - - - - - -] OVN reports status down for port: 56491b59-1f0f-4408-a4f8-75532b1d3701
2026-04-15 08:51:40.017 8 INFO neutron_taas.services.taas.taas_plugin [None req-2248a25e-a0e2-44ce-b9e0-74deffa69b49 c4b5424715a74bd3961d96e7be3af1bc 7a8a6b507eee46bb8dea7413a9a205e6 - - default default] TaaS: Handle Delete Port: 1c960c0a-51f1-451a-a0ee-6ac2153db553
2026-04-15 08:51:40.019 8 INFO neutron_taas.services.taas.tap_mirror_plugin [None req-2248a25e-a0e2-44ce-b9e0-74deffa69b49 c4b5424715a74bd3961d96e7be3af1bc 7a8a6b507eee46bb8dea7413a9a205e6 - - default default] Tap Mirror: Handle Delete Port: 1c960c0a-51f1-451a-a0ee-6ac2153db553
2026-04-15 08:51:40.019 7 INFO neutron.db.ovn_revision_numbers_db [None req-c929f0c6-c451-4320-af20-7599b7d50977 47c9520610854cc89d72c04cbb053561 21b381174f774a3080eeaa5331c74d60 - - default default] Successfully bumped revision number for resource 56491b59-1f0f-4408-a4f8-75532b1d3701 (type: ports) to 1 [pid: 7|app: 0|req: 782/1726] 10.0.0.212 () {34 vars in 668 bytes} [Wed Apr 15 08:51:39 2026] POST /v2.0/networks => generated 662 bytes in 560 msecs (HTTP/1.1 201) 4 headers in 162 bytes (1 switches on core 0)
2026-04-15 08:51:40.090 7 INFO neutron.pecan_wsgi.hooks.translation [None req-41bf7957-ee19-4f3c-9ebb-afaca581f941 f60cdf94904b42408b63c9e11b61b66b 82d55925dd0047e7a0b4505791ff4d10 - - default default] DELETE failed (client error): The resource could not be found. [pid: 7|app: 0|req: 783/1727] 10.0.0.212 () {32 vars in 718 bytes} [Wed Apr 15 08:51:40 2026] DELETE /v2.0/ports/2c7aa82d-6970-4262-a995-a8809b27996d => generated 132 bytes in 16 msecs (HTTP/1.1 404) 4 headers in 164 bytes (1 switches on core 0)
2026-04-15 08:51:40.221 7 INFO neutron.db.ovn_revision_numbers_db [None req-6e6f3573-e2db-4d2a-825c-5b802f4f3749 47c9520610854cc89d72c04cbb053561 21b381174f774a3080eeaa5331c74d60 - - default default] Successfully bumped revision number for resource c3e5f6fb-9a38-4029-872a-b9dde9555deb (type: networks) to 2 [pid: 7|app: 0|req: 784/1728] 10.0.0.212 () {34 vars in 741 bytes} [Wed Apr 15 08:51:40 2026] PUT /v2.0/networks/c3e5f6fb-9a38-4029-872a-b9dde9555deb => generated 636 bytes in 133 msecs (HTTP/1.1 200) 4 headers in 157 bytes (1 switches on core 0)
2026-04-15 08:51:40.239 7 INFO neutron.pecan_wsgi.hooks.translation [None req-a541906f-43de-45e3-bbc1-5b465553efae f60cdf94904b42408b63c9e11b61b66b 82d55925dd0047e7a0b4505791ff4d10 - - default default] GET failed (client error): The resource could not be found. [pid: 7|app: 0|req: 785/1729] 10.0.0.212 () {32 vars in 715 bytes} [Wed Apr 15 08:51:40 2026] GET /v2.0/ports/2c7aa82d-6970-4262-a995-a8809b27996d => generated 132 bytes in 14 msecs (HTTP/1.1 404) 4 headers in 164 bytes (1 switches on core 0)
2026-04-15 08:51:40.241 8 INFO neutron.services.segments.plugin [-] Segment f71620d0-0b05-4966-8ec3-4a2b02ba0b56 resource provider aggregate not found
2026-04-15 08:51:40.247 8 INFO neutron.services.segments.plugin [-] Segment f71620d0-0b05-4966-8ec3-4a2b02ba0b56 resource provider aggregate not found
2026-04-15 08:51:40.266 8 INFO neutron.services.segments.plugin [-] Segment f71620d0-0b05-4966-8ec3-4a2b02ba0b56 resource provider not found; error: Placement Client Error (4xx): {"errors": [{"status": 404, "title": "Not Found", "detail": "The resource could not be found.\n\n No resource provider with uuid f71620d0-0b05-4966-8ec3-4a2b02ba0b56 found for delete ", "request_id": "req-ae18d6ea-86e8-4869-9375-93a014b8e018"}]}
2026-04-15 08:51:40.271 8 INFO neutron.services.segments.plugin [-] Segment f71620d0-0b05-4966-8ec3-4a2b02ba0b56 resource provider not found; error: Placement Client Error (4xx): {"errors": [{"status": 404, "title": "Not Found", "detail": "The resource could not be found.\n\n No resource provider with uuid f71620d0-0b05-4966-8ec3-4a2b02ba0b56 found for delete ", "request_id": "req-a0196c30-ce86-4629-a617-45513cda32e2"}]} [pid: 8|app: 0|req: 945/1730] 10.0.0.212 () {32 vars in 724 bytes} [Wed Apr 15 08:51:39 2026] DELETE /v2.0/networks/1e1ac1e3-9d6d-4de5-a224-1b0cc57730f5 => generated 0 bytes in 423 msecs (HTTP/1.1 204) 3 headers in 131 bytes (1 switches on core 0)
2026-04-15 08:51:40.432 7 WARNING neutron.scheduler.dhcp_agent_scheduler [None req-9943ef93-7301-4f3e-8894-974953d8d92b 47c9520610854cc89d72c04cbb053561 21b381174f774a3080eeaa5331c74d60 - - default default] No more DHCP agents
2026-04-15 08:51:40.433 7 WARNING neutron.api.rpc.agentnotifiers.dhcp_rpc_agent_api [None req-9943ef93-7301-4f3e-8894-974953d8d92b 47c9520610854cc89d72c04cbb053561 21b381174f774a3080eeaa5331c74d60 - - default default] Unable to schedule network c3e5f6fb-9a38-4029-872a-b9dde9555deb: no agents available; will retry on subsequent port and subnet creation events. [pid: 8|app: 0|req: 946/1731] 10.0.0.212 () {32 vars in 722 bytes} [Wed Apr 15 08:51:40 2026] DELETE /v2.0/subnets/be060cc6-7c13-4bd2-8f45-c7cb940da4ef => generated 0 bytes in 148 msecs (HTTP/1.1 204) 3 headers in 131 bytes (1 switches on core 0)
2026-04-15 08:51:40.567 8 INFO neutron_taas.services.taas.taas_plugin [None req-334bde5d-5384-4042-9c55-4bf260ddfa36 c4b5424715a74bd3961d96e7be3af1bc 7a8a6b507eee46bb8dea7413a9a205e6 - - default default] TaaS: Handle Delete Port: c72a8500-f110-40f2-8fe1-35a3a9e11e1b
2026-04-15 08:51:40.570 8 INFO neutron_taas.services.taas.tap_mirror_plugin [None req-334bde5d-5384-4042-9c55-4bf260ddfa36 c4b5424715a74bd3961d96e7be3af1bc 7a8a6b507eee46bb8dea7413a9a205e6 - - default default] Tap Mirror: Handle Delete Port: c72a8500-f110-40f2-8fe1-35a3a9e11e1b [pid: 8|app: 0|req: 947/1732] 10.0.0.212 () {32 vars in 724 bytes} [Wed Apr 15 08:51:40 2026] DELETE /v2.0/networks/56cc8682-9653-47ea-9df0-3c90f1ace3b6 => generated 0 bytes in 350 msecs (HTTP/1.1 204) 3 headers in 131 bytes (1 switches on core 0)
2026-04-15 08:51:40.846 7 INFO neutron.db.ovn_revision_numbers_db [None req-686546e0-d8bc-46eb-b65c-766db72634da - - - - - -] Successfully bumped revision number for resource 56491b59-1f0f-4408-a4f8-75532b1d3701 (type: ports) to 2
2026-04-15 08:51:40.882 7 INFO neutron.db.ovn_revision_numbers_db [None req-686546e0-d8bc-46eb-b65c-766db72634da - - - - - -] Successfully bumped revision number for resource 0d55de6a-dce8-4928-aa80-9ce0e12fa898 (type: subnets) to 0 [pid: 7|app: 0|req: 786/1733] 10.0.0.212 () {34 vars in 667 bytes} [Wed Apr 15 08:51:40 2026] POST /v2.0/subnets => generated 626 bytes in 658 msecs (HTTP/1.1 201) 4 headers in 162 bytes (1 switches on core 0)
2026-04-15 08:51:40.996 7 INFO neutron_taas.services.taas.taas_plugin [None req-428be25f-fa75-4261-ad3b-9455b1f5e6ed f60cdf94904b42408b63c9e11b61b66b 82d55925dd0047e7a0b4505791ff4d10 - - default default] TaaS: Handle Delete Port: 575be87d-a078-4a87-8278-604f651cb504
2026-04-15 08:51:40.999 7 INFO neutron_taas.services.taas.tap_mirror_plugin [None req-428be25f-fa75-4261-ad3b-9455b1f5e6ed f60cdf94904b42408b63c9e11b61b66b 82d55925dd0047e7a0b4505791ff4d10 - - default default] Tap Mirror: Handle Delete Port: 575be87d-a078-4a87-8278-604f651cb504
2026-04-15 08:51:41.180 8 INFO neutron.db.ovn_revision_numbers_db [None req-9e1b9d30-32c4-4996-bd1b-867b2ab05ce2 6c2fca3a4b0b423cbf36429996255921 b6e1053b293d4a4aaf9d005d39ec35fa - - default default] Successfully bumped revision number for resource 89d50c2b-cb94-410b-9984-bbbad44111f0 (type: security_groups) to 1
2026-04-15 08:51:41.194 8 INFO neutron.db.ovn_revision_numbers_db [None req-9e1b9d30-32c4-4996-bd1b-867b2ab05ce2 6c2fca3a4b0b423cbf36429996255921 b6e1053b293d4a4aaf9d005d39ec35fa - - default default] Successfully bumped revision number for resource 51a22ab6-c868-4686-8bc9-cdd8ec97835b (type: security_group_rules) to 0
2026-04-15 08:51:41.202 7 INFO neutron.services.segments.plugin [-] Segment ce3cc720-9bb9-4b9b-8b88-37222d10b5db resource provider aggregate not found
2026-04-15 08:51:41.207 8 INFO neutron.db.ovn_revision_numbers_db [None req-9e1b9d30-32c4-4996-bd1b-867b2ab05ce2 6c2fca3a4b0b423cbf36429996255921 b6e1053b293d4a4aaf9d005d39ec35fa - - default default] Successfully bumped revision number for resource 96aaa32d-a2b0-49eb-aa17-0e0501752477 (type: security_group_rules) to 0
2026-04-15 08:51:41.210 7 INFO neutron.services.segments.plugin [-] Segment ce3cc720-9bb9-4b9b-8b88-37222d10b5db resource provider aggregate not found
2026-04-15 08:51:41.221 8 INFO neutron.db.ovn_revision_numbers_db [None req-9e1b9d30-32c4-4996-bd1b-867b2ab05ce2 6c2fca3a4b0b423cbf36429996255921 b6e1053b293d4a4aaf9d005d39ec35fa - - default default] Successfully bumped revision number for resource c0075d17-7977-4e05-9424-79f2fe025479 (type: security_group_rules) to 0
2026-04-15 08:51:41.239 7 INFO neutron.services.segments.plugin [-] Segment ce3cc720-9bb9-4b9b-8b88-37222d10b5db resource provider not found; error: Placement Client Error (4xx): {"errors": [{"status": 404, "title": "Not Found", "detail": "The resource could not be found.\n\n No resource provider with uuid ce3cc720-9bb9-4b9b-8b88-37222d10b5db found for delete ", "request_id": "req-a8f96e30-d783-4c3b-8f44-991866b895d1"}]}
2026-04-15 08:51:41.246 7 INFO neutron.services.segments.plugin [-] Segment ce3cc720-9bb9-4b9b-8b88-37222d10b5db resource provider not found; error: Placement Client Error (4xx): {"errors": [{"status": 404, "title": "Not Found", "detail": "The resource could not be found.\n\n No resource provider with uuid ce3cc720-9bb9-4b9b-8b88-37222d10b5db found for delete ", "request_id": "req-3ff5e795-e6f4-4bad-9a98-9e4e14a7bb91"}]}
2026-04-15 08:51:41.247 8 INFO neutron.db.ovn_revision_numbers_db [None req-9e1b9d30-32c4-4996-bd1b-867b2ab05ce2 6c2fca3a4b0b423cbf36429996255921 b6e1053b293d4a4aaf9d005d39ec35fa - - default default] Successfully bumped revision number for resource f6820a6a-4070-49c6-abb4-4d6c5ccf66e9 (type: security_group_rules) to 0 [pid: 7|app: 0|req: 787/1734] 10.0.0.212 () {32 vars in 724 bytes} [Wed Apr 15 08:51:40 2026] DELETE /v2.0/networks/9d6e9a9b-db25-4cd7-bfa0-bc946d4afb4f => generated 0 bytes in 373 msecs (HTTP/1.1 204) 3 headers in 131 bytes (1 switches on core 0) [pid: 8|app: 0|req: 948/1735] 10.0.0.212 () {32 vars in 772 bytes} [Wed Apr 15 08:51:40 2026] GET /v2.0/security-groups?tenant_id=4c1074f4990c4a2b8fc1f70adb840532&name=default => generated 2925 bytes in 494 msecs (HTTP/1.1 200) 4 headers in 158 bytes (1 switches on core 0)
2026-04-15 08:51:41.377 8 INFO neutron.db.segments_db [None req-8c502ad6-3ad5-48ad-bd7b-ea217f8d44df f60cdf94904b42408b63c9e11b61b66b 82d55925dd0047e7a0b4505791ff4d10 - - default default] Added segment ddacce3b-a9d5-4c8c-aa1d-818e20c1f337 of type geneve for network aed3c03c-d4a4-4bb0-87cf-e33de6eee87a
2026-04-15 08:51:41.502 8 INFO neutron.db.ovn_revision_numbers_db [None req-8c502ad6-3ad5-48ad-bd7b-ea217f8d44df f60cdf94904b42408b63c9e11b61b66b 82d55925dd0047e7a0b4505791ff4d10 - - default default] Successfully bumped revision number for resource aed3c03c-d4a4-4bb0-87cf-e33de6eee87a (type: networks) to 1
2026-04-15 08:51:41.530 7 INFO neutron.db.ovn_revision_numbers_db [None req-9caa4b8b-a4b6-44a1-9031-4bb0cca6ffe8 47c9520610854cc89d72c04cbb053561 21b381174f774a3080eeaa5331c74d60 - - default default] Successfully bumped revision number for resource 0d55de6a-dce8-4928-aa80-9ce0e12fa898 (type: subnets) to 1 [pid: 7|app: 0|req: 788/1736] 10.0.0.212 () {34 vars in 739 bytes} [Wed Apr 15 08:51:41 2026] PUT /v2.0/subnets/0d55de6a-dce8-4928-aa80-9ce0e12fa898 => generated 636 bytes in 262 msecs (HTTP/1.1 200) 4 headers in 157 bytes (1 switches on core 0)
2026-04-15 08:51:41.664 8 WARNING neutron.scheduler.dhcp_agent_scheduler [None req-8c502ad6-3ad5-48ad-bd7b-ea217f8d44df f60cdf94904b42408b63c9e11b61b66b 82d55925dd0047e7a0b4505791ff4d10 - - default default] No more DHCP agents
2026-04-15 08:51:41.665 8 WARNING neutron.api.rpc.agentnotifiers.dhcp_rpc_agent_api [None req-8c502ad6-3ad5-48ad-bd7b-ea217f8d44df f60cdf94904b42408b63c9e11b61b66b 82d55925dd0047e7a0b4505791ff4d10 - - default default] Unable to schedule network aed3c03c-d4a4-4bb0-87cf-e33de6eee87a: no agents available; will retry on subsequent port and subnet creation events.
2026-04-15 08:51:41.734 7 INFO neutron.plugins.ml2.drivers.ovn.mech_driver.mech_driver [None req-d6dbe736-92ed-47e2-8de1-e468a450b8d4 - - - - - -] OVN reports status down for port: ccdc79c6-b7f3-4968-990c-2412403b8d30
2026-04-15 08:51:41.757 8 INFO neutron.db.ovn_revision_numbers_db [None req-8c502ad6-3ad5-48ad-bd7b-ea217f8d44df f60cdf94904b42408b63c9e11b61b66b 82d55925dd0047e7a0b4505791ff4d10 - - default default] Successfully bumped revision number for resource ccdc79c6-b7f3-4968-990c-2412403b8d30 (type: ports) to 1 [pid: 8|app: 0|req: 949/1737] 10.0.0.212 () {34 vars in 668 bytes} [Wed Apr 15 08:51:41 2026] POST /v2.0/networks => generated 655 bytes in 486 msecs (HTTP/1.1 201) 4 headers in 162 bytes (1 switches on core 0) [pid: 7|app: 0|req: 789/1738] 10.0.0.212 () {32 vars in 738 bytes} [Wed Apr 15 08:51:41 2026] DELETE /v2.0/security-groups/89d50c2b-cb94-410b-9984-bbbad44111f0 => generated 0 bytes in 295 msecs (HTTP/1.1 204) 2 headers in 112 bytes (1 switches on core 0)
2026-04-15 08:51:41.940 7 INFO neutron_taas.services.taas.taas_plugin [None req-e71930ef-e4d7-460a-91e6-e6a7b305518d 47c9520610854cc89d72c04cbb053561 21b381174f774a3080eeaa5331c74d60 - - default default] TaaS: Handle Delete Port: 56491b59-1f0f-4408-a4f8-75532b1d3701
2026-04-15 08:51:41.942 7 INFO neutron_taas.services.taas.tap_mirror_plugin [None req-e71930ef-e4d7-460a-91e6-e6a7b305518d 47c9520610854cc89d72c04cbb053561 21b381174f774a3080eeaa5331c74d60 - - default default] Tap Mirror: Handle Delete Port: 56491b59-1f0f-4408-a4f8-75532b1d3701 [pid: 8|app: 0|req: 950/1739] 10.0.0.212 () {32 vars in 772 bytes} [Wed Apr 15 08:51:41 2026] GET /v2.0/security-groups?tenant_id=7a8a6b507eee46bb8dea7413a9a205e6&name=default => generated 2925 bytes in 200 msecs (HTTP/1.1 200) 4 headers in 158 bytes (1 switches on core 0)
2026-04-15 08:51:42.215 8 WARNING neutron.scheduler.dhcp_agent_scheduler [None req-00aa50e5-ba4c-4bb0-abeb-e47f17cdf437 f60cdf94904b42408b63c9e11b61b66b 82d55925dd0047e7a0b4505791ff4d10 - - default default] No more DHCP agents
2026-04-15 08:51:42.217 8 WARNING neutron.api.rpc.agentnotifiers.dhcp_rpc_agent_api [None req-00aa50e5-ba4c-4bb0-abeb-e47f17cdf437 f60cdf94904b42408b63c9e11b61b66b 82d55925dd0047e7a0b4505791ff4d10 - - default default] Unable to schedule network aed3c03c-d4a4-4bb0-87cf-e33de6eee87a: no agents available; will retry on subsequent port and subnet creation events.
2026-04-15 08:51:42.276 8 INFO neutron.db.ovn_revision_numbers_db [None req-00aa50e5-ba4c-4bb0-abeb-e47f17cdf437 f60cdf94904b42408b63c9e11b61b66b 82d55925dd0047e7a0b4505791ff4d10 - - default default] Successfully bumped revision number for resource ddd351c6-b7fc-4a14-b130-b1518da03098 (type: subnets) to 0
2026-04-15 08:51:42.290 8 INFO neutron.services.segments.plugin [-] Segment 50ee8730-280c-4eac-b343-a31e7fa3142a resource provider aggregate not found
2026-04-15 08:51:42.298 8 INFO neutron.services.segments.plugin [-] Segment 50ee8730-280c-4eac-b343-a31e7fa3142a resource provider aggregate not found
2026-04-15 08:51:42.317 8 INFO neutron.services.segments.plugin [-] Segment 50ee8730-280c-4eac-b343-a31e7fa3142a resource provider not found; error: Placement Client Error (4xx): {"errors": [{"status": 404, "title": "Not Found", "detail": "The resource could not be found.\n\n No resource provider with uuid 50ee8730-280c-4eac-b343-a31e7fa3142a found for delete ", "request_id": "req-c2ae81bf-6010-43ff-80fe-d0c12c705b16"}]}
2026-04-15 08:51:42.320 8 INFO neutron.services.segments.plugin [-] Segment 50ee8730-280c-4eac-b343-a31e7fa3142a resource provider not found; error: Placement Client Error (4xx): {"errors": [{"status": 404, "title": "Not Found", "detail": "The resource could not be found.\n\n No resource provider with uuid 50ee8730-280c-4eac-b343-a31e7fa3142a found for delete ", "request_id": "req-102cb97e-0c80-43f7-8953-993013ddc899"}]} [pid: 8|app: 0|req: 951/1740] 10.0.0.212 () {34 vars in 667 bytes} [Wed Apr 15 08:51:41 2026] POST /v2.0/subnets => generated 646 bytes in 344 msecs (HTTP/1.1 201) 4 headers in 162 bytes (1 switches on core 0) [pid: 7|app: 0|req: 790/1741] 10.0.0.212 () {32 vars in 724 bytes} [Wed Apr 15 08:51:41 2026] DELETE /v2.0/networks/c3e5f6fb-9a38-4029-872a-b9dde9555deb => generated 0 bytes in 558 msecs (HTTP/1.1 204) 3 headers in 131 bytes (1 switches on core 0) [pid: 8|app: 0|req: 952/1742] 10.0.0.212 () {32 vars in 738 bytes} [Wed Apr 15 08:51:42 2026] DELETE /v2.0/security-groups/5f590826-48cf-442c-992e-e6c5560923c7 => generated 0 bytes in 253 msecs (HTTP/1.1 204) 2 headers in 112 bytes (1 switches on core 0)
2026-04-15 08:51:42.591 8 INFO neutron.pecan_wsgi.hooks.translation [None req-44405e39-978f-4e41-bc74-d06b35fe099d 47c9520610854cc89d72c04cbb053561 21b381174f774a3080eeaa5331c74d60 - - default default] DELETE failed (client error): The resource could not be found. [pid: 8|app: 0|req: 953/1743] 10.0.0.212 () {32 vars in 724 bytes} [Wed Apr 15 08:51:42 2026] DELETE /v2.0/networks/c3e5f6fb-9a38-4029-872a-b9dde9555deb => generated 138 bytes in 13 msecs (HTTP/1.1 404) 4 headers in 164 bytes (1 switches on core 0) [pid: 8|app: 0|req: 954/1744] 10.0.0.212 () {32 vars in 692 bytes} [Wed Apr 15 08:51:42 2026] GET /v2.0/networks?router%3Aexternal=True => generated 689 bytes in 66 msecs (HTTP/1.1 200) 4 headers in 157 bytes (1 switches on core 0)
2026-04-15 08:51:42.666 7 WARNING neutron.scheduler.dhcp_agent_scheduler [None req-d7e7dfc5-5ea0-4e60-aa64-a237b42a0e98 f60cdf94904b42408b63c9e11b61b66b 82d55925dd0047e7a0b4505791ff4d10 - - default default] No more DHCP agents
2026-04-15 08:51:42.668 7 WARNING neutron.api.rpc.agentnotifiers.dhcp_rpc_agent_api [None req-d7e7dfc5-5ea0-4e60-aa64-a237b42a0e98 f60cdf94904b42408b63c9e11b61b66b 82d55925dd0047e7a0b4505791ff4d10 - - default default] Unable to schedule network aed3c03c-d4a4-4bb0-87cf-e33de6eee87a: no agents available; will retry on subsequent port and subnet creation events. [pid: 8|app: 0|req: 955/1745] 10.0.0.212 () {32 vars in 740 bytes} [Wed Apr 15 08:51:42 2026] GET /v2.0/subnets?network_id=b99deacb-63a9-4bb2-b18c-759ee2048ffa => generated 649 bytes in 41 msecs (HTTP/1.1 200) 4 headers in 157 bytes (1 switches on core 0)
2026-04-15 08:51:42.769 8 INFO neutron.plugins.ml2.drivers.ovn.mech_driver.mech_driver [None req-ded22dbd-f3e9-47f7-93b5-92ff3ba75c6f - - - - - -] OVN reports status down for port: 27c842ed-8d91-48ed-b3c6-f0e8da0c3178
2026-04-15 08:51:42.775 7 INFO neutron.db.ovn_revision_numbers_db [None req-d7e7dfc5-5ea0-4e60-aa64-a237b42a0e98 f60cdf94904b42408b63c9e11b61b66b 82d55925dd0047e7a0b4505791ff4d10 - - default default] Successfully bumped revision number for resource 27c842ed-8d91-48ed-b3c6-f0e8da0c3178 (type: ports) to 1 [pid: 7|app: 0|req: 791/1746] 10.0.0.212 () {34 vars in 663 bytes} [Wed Apr 15 08:51:42 2026] POST /v2.0/ports => generated 927 bytes in 443 msecs (HTTP/1.1 201) 4 headers in 162 bytes (1 switches on core 0) [pid: 7|app: 0|req: 792/1747] 10.0.0.212 () {32 vars in 651 bytes} [Wed Apr 15 08:51:42 2026] GET /v2.0/extensions => generated 20541 bytes in 6 msecs (HTTP/1.1 200) 4 headers in 159 bytes (1 switches on core 0)
2026-04-15 08:51:42.959 8 INFO neutron.db.ovn_revision_numbers_db [None req-acb5d9b5-7d7f-42bc-a0e5-00a2b9a83724 6c2fca3a4b0b423cbf36429996255921 b6e1053b293d4a4aaf9d005d39ec35fa - - default default] Successfully bumped revision number for resource e88af49c-953e-4b30-9a92-18f3dcc222e8 (type: security_groups) to 1
2026-04-15 08:51:42.972 8 INFO neutron.db.ovn_revision_numbers_db [None req-acb5d9b5-7d7f-42bc-a0e5-00a2b9a83724 6c2fca3a4b0b423cbf36429996255921 b6e1053b293d4a4aaf9d005d39ec35fa - - default default] Successfully bumped revision number for resource 4389e5c8-80e2-4a68-b1c5-c26522f0bb87 (type: security_group_rules) to 0
2026-04-15 08:51:42.987 8 INFO neutron.db.ovn_revision_numbers_db [None req-acb5d9b5-7d7f-42bc-a0e5-00a2b9a83724 6c2fca3a4b0b423cbf36429996255921 b6e1053b293d4a4aaf9d005d39ec35fa - - default default] Successfully bumped revision number for resource 67428fc0-4571-4260-b68a-1d348db3a101 (type: security_group_rules) to 0
2026-04-15 08:51:43.003 7 INFO neutron_taas.services.taas.taas_plugin [None req-73c9e1d6-589c-4ef7-9046-b4f7e9397ba5 f60cdf94904b42408b63c9e11b61b66b 82d55925dd0047e7a0b4505791ff4d10 - - default default] TaaS: Handle Delete Port: 27c842ed-8d91-48ed-b3c6-f0e8da0c3178
2026-04-15 08:51:43.003 8 INFO neutron.db.ovn_revision_numbers_db [None req-acb5d9b5-7d7f-42bc-a0e5-00a2b9a83724 6c2fca3a4b0b423cbf36429996255921 b6e1053b293d4a4aaf9d005d39ec35fa - - default default] Successfully bumped revision number for resource 7a713dec-986e-483a-97bb-497abfb49e9d (type: security_group_rules) to 0
2026-04-15 08:51:43.008 7 INFO neutron_taas.services.taas.tap_mirror_plugin [None req-73c9e1d6-589c-4ef7-9046-b4f7e9397ba5 f60cdf94904b42408b63c9e11b61b66b 82d55925dd0047e7a0b4505791ff4d10 - - default default] Tap Mirror: Handle Delete Port: 27c842ed-8d91-48ed-b3c6-f0e8da0c3178
2026-04-15 08:51:43.017 8 INFO neutron.db.ovn_revision_numbers_db [None req-acb5d9b5-7d7f-42bc-a0e5-00a2b9a83724 6c2fca3a4b0b423cbf36429996255921 b6e1053b293d4a4aaf9d005d39ec35fa - - default default] Successfully bumped revision number for resource d7c24eac-85f0-4efe-939d-6ea01813468f (type: security_group_rules) to 0 [pid: 8|app: 0|req: 956/1748] 10.0.0.212 () {32 vars in 772 bytes} [Wed Apr 15 08:51:42 2026] GET /v2.0/security-groups?tenant_id=ef49903d01304877b54905c9b466812b&name=default => generated 2925 bytes in 351 msecs (HTTP/1.1 200) 4 headers in 158 bytes (1 switches on core 0) [pid: 8|app: 0|req: 957/1749] 10.0.0.212 () {32 vars in 647 bytes} [Wed Apr 15 08:51:43 2026] GET /v2.0/networks => generated 1383 bytes in 68 msecs (HTTP/1.1 200) 4 headers in 158 bytes (1 switches on core 0) [pid: 7|app: 0|req: 793/1750] 10.0.0.212 () {32 vars in 718 bytes} [Wed Apr 15 08:51:42 2026] DELETE /v2.0/ports/27c842ed-8d91-48ed-b3c6-f0e8da0c3178 => generated 0 bytes in 353 msecs (HTTP/1.1 204) 3 headers in 131 bytes (1 switches on core 0) [pid: 7|app: 0|req: 794/1751] 10.0.0.212 () {32 vars in 645 bytes} [Wed Apr 15 08:51:43 2026] GET /v2.0/subnets => generated 1280 bytes in 33 msecs (HTTP/1.1 200) 4 headers in 158 bytes (1 switches on core 0)
2026-04-15 08:51:43.246 7 INFO neutron.pecan_wsgi.hooks.translation [None req-18d568fe-456d-4d44-adc9-4888c02839e7 f60cdf94904b42408b63c9e11b61b66b 82d55925dd0047e7a0b4505791ff4d10 - - default default] GET failed (client error): The resource could not be found. [pid: 7|app: 0|req: 795/1752] 10.0.0.212 () {32 vars in 715 bytes} [Wed Apr 15 08:51:43 2026] GET /v2.0/ports/27c842ed-8d91-48ed-b3c6-f0e8da0c3178 => generated 132 bytes in 19 msecs (HTTP/1.1 404) 4 headers in 164 bytes (1 switches on core 0)
2026-04-15 08:51:43.265 7 INFO neutron.services.segments.plugin [-] Segment 0af4ca6f-bf3d-4420-a242-72263cfbc4b1 resource provider aggregate not found
2026-04-15 08:51:43.268 7 INFO neutron.services.segments.plugin [-] Segment 0af4ca6f-bf3d-4420-a242-72263cfbc4b1 resource provider aggregate not found
2026-04-15 08:51:43.295 7 INFO neutron.services.segments.plugin [-] Segment 0af4ca6f-bf3d-4420-a242-72263cfbc4b1 resource provider not found; error: Placement Client Error (4xx): {"errors": [{"status": 404, "title": "Not Found", "detail": "The resource could not be found.\n\n No resource provider with uuid 0af4ca6f-bf3d-4420-a242-72263cfbc4b1 found for delete ", "request_id": "req-a2b61c07-000f-4958-92f0-698d8d12867e"}]}
