2026-04-15 08:51:43.299 7 INFO neutron.services.segments.plugin [-] Segment 0af4ca6f-bf3d-4420-a242-72263cfbc4b1 resource provider not found; error: Placement Client Error (4xx): {"errors": [{"status": 404, "title": "Not Found", "detail": "The resource could not be found.\n\n No resource provider with uuid 0af4ca6f-bf3d-4420-a242-72263cfbc4b1 found for delete ", "request_id": "req-472a96ea-de93-4e11-a9eb-be7a2f0aa44f"}]} [pid: 7|app: 0|req: 796/1753] 10.0.0.212 () {32 vars in 721 bytes} [Wed Apr 15 08:51:43 2026] GET /v2.0/networks/883b6267-b221-4c1f-8a08-85a2d57a66c7 => generated 705 bytes in 67 msecs (HTTP/1.1 200) 4 headers in 157 bytes (1 switches on core 0) [pid: 8|app: 0|req: 958/1754] 10.0.0.212 () {32 vars in 738 bytes} [Wed Apr 15 08:51:43 2026] DELETE /v2.0/security-groups/e88af49c-953e-4b30-9a92-18f3dcc222e8 => generated 0 bytes in 285 msecs (HTTP/1.1 204) 2 headers in 112 bytes (1 switches on core 0) [pid: 8|app: 0|req: 959/1755] 10.0.0.212 () {32 vars in 719 bytes} [Wed Apr 15 08:51:43 2026] GET /v2.0/subnets/aad2b5ad-62fb-4352-82e8-f0ee41c29dfe => generated 641 bytes in 29 msecs (HTTP/1.1 200) 4 headers in 157 bytes (1 switches on core 0)
2026-04-15 08:51:43.469 8 INFO neutron.pecan_wsgi.hooks.translation [None req-1cf10f62-8495-4681-aa0c-f4d4042f2829 47c9520610854cc89d72c04cbb053561 21b381174f774a3080eeaa5331c74d60 - - default default] DELETE failed (client error): The resource could not be found. [pid: 8|app: 0|req: 960/1756] 10.0.0.212 () {32 vars in 722 bytes} [Wed Apr 15 08:51:43 2026] DELETE /v2.0/subnets/0d55de6a-dce8-4928-aa80-9ce0e12fa898 => generated 136 bytes in 20 msecs (HTTP/1.1 404) 4 headers in 164 bytes (1 switches on core 0)
2026-04-15 08:51:43.488 8 INFO neutron.pecan_wsgi.hooks.translation [None req-efe588d2-63e5-4b3e-b3e3-57c46a89fc67 47c9520610854cc89d72c04cbb053561 21b381174f774a3080eeaa5331c74d60 - - default default] DELETE failed (client error): The resource could not be found. [pid: 7|app: 0|req: 797/1757] 10.0.0.212 () {32 vars in 722 bytes} [Wed Apr 15 08:51:43 2026] DELETE /v2.0/subnets/ddd351c6-b7fc-4a14-b130-b1518da03098 => generated 0 bytes in 173 msecs (HTTP/1.1 204) 3 headers in 131 bytes (1 switches on core 0) [pid: 8|app: 0|req: 961/1758] 10.0.0.212 () {32 vars in 724 bytes} [Wed Apr 15 08:51:43 2026] DELETE /v2.0/networks/c3e5f6fb-9a38-4029-872a-b9dde9555deb => generated 138 bytes in 14 msecs (HTTP/1.1 404) 4 headers in 164 bytes (1 switches on core 0)
2026-04-15 08:51:43.640 7 INFO neutron_taas.services.taas.taas_plugin [None req-ccd0cf77-ad35-4c50-ac9f-9a46d458fc11 f60cdf94904b42408b63c9e11b61b66b 82d55925dd0047e7a0b4505791ff4d10 - - default default] TaaS: Handle Delete Port: ccdc79c6-b7f3-4968-990c-2412403b8d30
2026-04-15 08:51:43.643 7 INFO neutron_taas.services.taas.tap_mirror_plugin [None req-ccd0cf77-ad35-4c50-ac9f-9a46d458fc11 f60cdf94904b42408b63c9e11b61b66b 82d55925dd0047e7a0b4505791ff4d10 - - default default] Tap Mirror: Handle Delete Port: ccdc79c6-b7f3-4968-990c-2412403b8d30 [pid: 8|app: 0|req: 962/1759] 10.0.0.212 () {32 vars in 722 bytes} [Wed Apr 15 08:51:43 2026] DELETE /v2.0/subnets/aad2b5ad-62fb-4352-82e8-f0ee41c29dfe => generated 0 bytes in 194 msecs (HTTP/1.1 204) 3 headers in 131 bytes (1 switches on core 0)
2026-04-15 08:51:43.874 8 INFO neutron_taas.services.taas.taas_plugin [None req-b0ee7077-774b-49b7-a0d0-8dda660adac3 47c9520610854cc89d72c04cbb053561 21b381174f774a3080eeaa5331c74d60 - - default default] TaaS: Handle Delete Port: ce7f1e53-4c02-4bb4-8dee-4dc6edc54c8a
2026-04-15 08:51:43.877 8 INFO neutron_taas.services.taas.tap_mirror_plugin [None req-b0ee7077-774b-49b7-a0d0-8dda660adac3 47c9520610854cc89d72c04cbb053561 21b381174f774a3080eeaa5331c74d60 - - default default] Tap Mirror: Handle Delete Port: ce7f1e53-4c02-4bb4-8dee-4dc6edc54c8a [pid: 7|app: 0|req: 798/1760] 10.0.0.212 () {32 vars in 724 bytes} [Wed Apr 15 08:51:43 2026] DELETE /v2.0/networks/aed3c03c-d4a4-4bb0-87cf-e33de6eee87a => generated 0 bytes in 436 msecs (HTTP/1.1 204) 3 headers in 131 bytes (1 switches on core 0) [pid: 8|app: 0|req: 963/1761] 10.0.0.212 () {32 vars in 724 bytes} [Wed Apr 15 08:51:43 2026] DELETE /v2.0/networks/883b6267-b221-4c1f-8a08-85a2d57a66c7 => generated 0 bytes in 412 msecs (HTTP/1.1 204) 3 headers in 131 bytes (1 switches on core 0)
2026-04-15 08:51:44.210 7 WARNING neutron.scheduler.dhcp_agent_scheduler [None req-257c1ae8-9b8c-455c-a6ab-c25ee2d2122e f60cdf94904b42408b63c9e11b61b66b 82d55925dd0047e7a0b4505791ff4d10 - - default default] No more DHCP agents
2026-04-15 08:51:44.211 7 WARNING neutron.api.rpc.agentnotifiers.dhcp_rpc_agent_api [None req-257c1ae8-9b8c-455c-a6ab-c25ee2d2122e f60cdf94904b42408b63c9e11b61b66b 82d55925dd0047e7a0b4505791ff4d10 - - default default] Unable to schedule network c8fc80fa-9c96-437b-8c4f-7e8d167e2e2d: no agents available; will retry on subsequent port and subnet creation events.
2026-04-15 08:51:44.276 7 INFO neutron.plugins.ml2.drivers.ovn.mech_driver.mech_driver [None req-d6dbe736-92ed-47e2-8de1-e468a450b8d4 - - - - - -] OVN reports status down for port: 610068bb-207f-4dce-871a-1914c13fcdbc
2026-04-15 08:51:44.339 8 INFO neutron.services.segments.plugin [-] Segment c7ab791e-18f8-4eeb-8c28-7e1be3b61a6c resource provider aggregate not found
2026-04-15 08:51:44.343 7 INFO neutron.db.ovn_revision_numbers_db [None req-257c1ae8-9b8c-455c-a6ab-c25ee2d2122e f60cdf94904b42408b63c9e11b61b66b 82d55925dd0047e7a0b4505791ff4d10 - - default default] Successfully bumped revision number for resource 610068bb-207f-4dce-871a-1914c13fcdbc (type: ports) to 1
2026-04-15 08:51:44.340 8 INFO neutron.services.segments.plugin [-] Segment c7ab791e-18f8-4eeb-8c28-7e1be3b61a6c resource provider aggregate not found
2026-04-15 08:51:44.358 8 INFO neutron.services.segments.plugin [-] Segment c7ab791e-18f8-4eeb-8c28-7e1be3b61a6c resource provider not found; error: Placement Client Error (4xx): {"errors": [{"status": 404, "title": "Not Found", "detail": "The resource could not be found.\n\n No resource provider with uuid c7ab791e-18f8-4eeb-8c28-7e1be3b61a6c found for delete ", "request_id": "req-407635a1-1d31-40a4-9d09-53187d3bc5d1"}]}
2026-04-15 08:51:44.361 8 INFO neutron.services.segments.plugin [-] Segment c7ab791e-18f8-4eeb-8c28-7e1be3b61a6c resource provider not found; error: Placement Client Error (4xx): {"errors": [{"status": 404, "title": "Not Found", "detail": "The resource could not be found.\n\n No resource provider with uuid c7ab791e-18f8-4eeb-8c28-7e1be3b61a6c found for delete ", "request_id": "req-25d48ae9-972a-4f52-95cf-393c760c1781"}]} [pid: 7|app: 0|req: 799/1762] 10.0.0.212 () {34 vars in 663 bytes} [Wed Apr 15 08:51:43 2026] POST /v2.0/ports => generated 779 bytes in 506 msecs (HTTP/1.1 201) 4 headers in 162 bytes (1 switches on core 0) /var/lib/openstack/lib/python3.12/site-packages/pycadf/identifier.py:70: UserWarning: Invalid uuid: neutron. To ensure interoperability, identifiers should be a valid uuid. warnings.warn(('Invalid uuid: %s. To ensure interoperability, ' [pid: 7|app: 0|req: 800/1763] 10.0.0.212 () {32 vars in 772 bytes} [Wed Apr 15 08:51:44 2026] GET /v2.0/security-groups?tenant_id=21b381174f774a3080eeaa5331c74d60&name=default => generated 2925 bytes in 155 msecs (HTTP/1.1 200) 4 headers in 158 bytes (1 switches on core 0)
2026-04-15 08:51:44.702 7 INFO neutron.plugins.ml2.drivers.ovn.mech_driver.mech_driver [None req-d6dbe736-92ed-47e2-8de1-e468a450b8d4 - - - - - -] OVN reports status down for port: 610068bb-207f-4dce-871a-1914c13fcdbc
2026-04-15 08:51:44.717 8 INFO neutron.db.ovn_revision_numbers_db [None req-1ddc1363-aba6-4511-b92b-1de6e2c6cfcd f60cdf94904b42408b63c9e11b61b66b 82d55925dd0047e7a0b4505791ff4d10 - - default default] Successfully bumped revision number for resource 610068bb-207f-4dce-871a-1914c13fcdbc (type: ports) to 2 [pid: 8|app: 0|req: 964/1764] 10.0.0.212 () {34 vars in 735 bytes} [Wed Apr 15 08:51:44 2026] PUT /v2.0/ports/610068bb-207f-4dce-871a-1914c13fcdbc => generated 752 bytes in 317 msecs (HTTP/1.1 200) 4 headers in 157 bytes (1 switches on core 0) /var/lib/openstack/lib/python3.12/site-packages/pycadf/identifier.py:70: UserWarning: Invalid uuid: neutron. To ensure interoperability, identifiers should be a valid uuid. warnings.warn(('Invalid uuid: %s. To ensure interoperability, '
2026-04-15 08:51:44.916 8 INFO neutron_taas.services.taas.taas_plugin [None req-4c68a651-e7e4-461b-bd74-3de11b3724ec f60cdf94904b42408b63c9e11b61b66b 82d55925dd0047e7a0b4505791ff4d10 - - default default] TaaS: Handle Delete Port: 610068bb-207f-4dce-871a-1914c13fcdbc
2026-04-15 08:51:44.919 8 INFO neutron_taas.services.taas.tap_mirror_plugin [None req-4c68a651-e7e4-461b-bd74-3de11b3724ec f60cdf94904b42408b63c9e11b61b66b 82d55925dd0047e7a0b4505791ff4d10 - - default default] Tap Mirror: Handle Delete Port: 610068bb-207f-4dce-871a-1914c13fcdbc [pid: 7|app: 0|req: 801/1765] 10.0.0.212 () {32 vars in 738 bytes} [Wed Apr 15 08:51:44 2026] DELETE /v2.0/security-groups/348c5aee-3747-4f7e-b9b2-698057e8a75f => generated 0 bytes in 274 msecs (HTTP/1.1 204) 2 headers in 112 bytes (1 switches on core 0) [pid: 8|app: 0|req: 965/1766] 10.0.0.212 () {32 vars in 718 bytes} [Wed Apr 15 08:51:44 2026] DELETE /v2.0/ports/610068bb-207f-4dce-871a-1914c13fcdbc => generated 0 bytes in 259 msecs (HTTP/1.1 204) 3 headers in 131 bytes (1 switches on core 0) [pid: 7|app: 0|req: 802/1767] 10.0.0.212 () {32 vars in 641 bytes} [Wed Apr 15 08:51:45 2026] GET /v2.0/ports => generated 1537 bytes in 49 msecs (HTTP/1.1 200) 4 headers in 158 bytes (1 switches on core 0)
2026-04-15 08:51:45.115 8 INFO neutron.pecan_wsgi.hooks.translation [None req-edd3905a-7731-4948-967e-c125904f8165 f60cdf94904b42408b63c9e11b61b66b 82d55925dd0047e7a0b4505791ff4d10 - - default default] GET failed (client error): The resource could not be found. [pid: 8|app: 0|req: 966/1768] 10.0.0.212 () {32 vars in 715 bytes} [Wed Apr 15 08:51:45 2026] GET /v2.0/ports/610068bb-207f-4dce-871a-1914c13fcdbc => generated 132 bytes in 21 msecs (HTTP/1.1 404) 4 headers in 164 bytes (1 switches on core 0) [pid: 7|app: 0|req: 803/1769] 10.0.0.212 () {32 vars in 641 bytes} [Wed Apr 15 08:51:45 2026] GET /v2.0/ports => generated 1537 bytes in 38 msecs (HTTP/1.1 200) 4 headers in 158 bytes (1 switches on core 0) [pid: 8|app: 0|req: 967/1770] 10.0.0.212 () {32 vars in 715 bytes} [Wed Apr 15 08:51:45 2026] GET /v2.0/ports/dd65af1e-ef55-4a1a-af90-4e8761a2c0a5 => generated 778 bytes in 36 msecs (HTTP/1.1 200) 4 headers in 157 bytes (1 switches on core 0)
2026-04-15 08:51:45.223 7 INFO neutron.pecan_wsgi.hooks.translation [None req-c7278b5f-2586-4a48-9408-74e0e8909e22 f60cdf94904b42408b63c9e11b61b66b 82d55925dd0047e7a0b4505791ff4d10 - - default default] DELETE failed (client error): The resource could not be found. [pid: 7|app: 0|req: 804/1771] 10.0.0.212 () {32 vars in 718 bytes} [Wed Apr 15 08:51:45 2026] DELETE /v2.0/ports/27c842ed-8d91-48ed-b3c6-f0e8da0c3178 => generated 132 bytes in 18 msecs (HTTP/1.1 404) 4 headers in 164 bytes (1 switches on core 0)
2026-04-15 08:51:45.248 8 INFO neutron.pecan_wsgi.hooks.translation [None req-6f76ac06-ff3b-496a-9c96-96af31928ae3 f60cdf94904b42408b63c9e11b61b66b 82d55925dd0047e7a0b4505791ff4d10 - - default default] DELETE failed (client error): The resource could not be found. [pid: 8|app: 0|req: 968/1772] 10.0.0.212 () {32 vars in 722 bytes} [Wed Apr 15 08:51:45 2026] DELETE /v2.0/subnets/ddd351c6-b7fc-4a14-b130-b1518da03098 => generated 136 bytes in 21 msecs (HTTP/1.1 404) 4 headers in 164 bytes (1 switches on core 0)
2026-04-15 08:51:45.269 7 INFO neutron.pecan_wsgi.hooks.translation [None req-fc9e6629-d9b5-4c94-9d1a-d522c4473194 f60cdf94904b42408b63c9e11b61b66b 82d55925dd0047e7a0b4505791ff4d10 - - default default] DELETE failed (client error): The resource could not be found. [pid: 7|app: 0|req: 805/1773] 10.0.0.212 () {32 vars in 722 bytes} [Wed Apr 15 08:51:45 2026] DELETE /v2.0/subnets/be060cc6-7c13-4bd2-8f45-c7cb940da4ef => generated 136 bytes in 17 msecs (HTTP/1.1 404) 4 headers in 164 bytes (1 switches on core 0)
2026-04-15 08:51:45.321 7 INFO neutron.services.segments.plugin [-] Segment ddacce3b-a9d5-4c8c-aa1d-818e20c1f337 resource provider aggregate not found
2026-04-15 08:51:45.328 7 INFO neutron.services.segments.plugin [-] Segment ddacce3b-a9d5-4c8c-aa1d-818e20c1f337 resource provider aggregate not found
2026-04-15 08:51:45.349 7 INFO neutron.services.segments.plugin [-] Segment ddacce3b-a9d5-4c8c-aa1d-818e20c1f337 resource provider not found; error: Placement Client Error (4xx): {"errors": [{"status": 404, "title": "Not Found", "detail": "The resource could not be found.\n\n No resource provider with uuid ddacce3b-a9d5-4c8c-aa1d-818e20c1f337 found for delete ", "request_id": "req-0aa6106d-60d3-4b59-9bcd-07d2c20e1623"}]}
2026-04-15 08:51:45.353 7 INFO neutron.services.segments.plugin [-] Segment ddacce3b-a9d5-4c8c-aa1d-818e20c1f337 resource provider not found; error: Placement Client Error (4xx): {"errors": [{"status": 404, "title": "Not Found", "detail": "The resource could not be found.\n\n No resource provider with uuid ddacce3b-a9d5-4c8c-aa1d-818e20c1f337 found for delete ", "request_id": "req-52855ec1-2309-4e4a-9c49-b93139e9b418"}]}
2026-04-15 08:51:45.425 8 INFO neutron_taas.services.taas.taas_plugin [None req-9615688c-a76b-44e5-9d10-2cecb6760344 f60cdf94904b42408b63c9e11b61b66b 82d55925dd0047e7a0b4505791ff4d10 - - default default] TaaS: Handle Delete Port: dd65af1e-ef55-4a1a-af90-4e8761a2c0a5
2026-04-15 08:51:45.427 8 INFO neutron_taas.services.taas.tap_mirror_plugin [None req-9615688c-a76b-44e5-9d10-2cecb6760344 f60cdf94904b42408b63c9e11b61b66b 82d55925dd0047e7a0b4505791ff4d10 - - default default] Tap Mirror: Handle Delete Port: dd65af1e-ef55-4a1a-af90-4e8761a2c0a5 [pid: 8|app: 0|req: 969/1774] 10.0.0.212 () {32 vars in 718 bytes} [Wed Apr 15 08:51:45 2026] DELETE /v2.0/ports/dd65af1e-ef55-4a1a-af90-4e8761a2c0a5 => generated 0 bytes in 260 msecs (HTTP/1.1 204) 3 headers in 131 bytes (1 switches on core 0) [pid: 7|app: 0|req: 806/1775] 10.0.0.233 () {32 vars in 800 bytes} [Wed Apr 15 08:51:45 2026] GET /v2.0/extensions => generated 20541 bytes in 192 msecs (HTTP/1.1 200) 4 headers in 159 bytes (1 switches on core 0)
2026-04-15 08:51:45.656 8 INFO neutron_taas.services.taas.taas_plugin [None req-451c645f-9559-4eaf-8bbe-0dde74fb86c2 f60cdf94904b42408b63c9e11b61b66b 82d55925dd0047e7a0b4505791ff4d10 - - default default] TaaS: Handle Delete Port: e0362076-afc9-4c42-acbe-4dfa46cbe49b
2026-04-15 08:51:45.659 8 INFO neutron_taas.services.taas.tap_mirror_plugin [None req-451c645f-9559-4eaf-8bbe-0dde74fb86c2 f60cdf94904b42408b63c9e11b61b66b 82d55925dd0047e7a0b4505791ff4d10 - - default default] Tap Mirror: Handle Delete Port: e0362076-afc9-4c42-acbe-4dfa46cbe49b [pid: 8|app: 0|req: 970/1776] 10.0.0.212 () {32 vars in 724 bytes} [Wed Apr 15 08:51:45 2026] DELETE /v2.0/networks/c8fc80fa-9c96-437b-8c4f-7e8d167e2e2d => generated 0 bytes in 339 msecs (HTTP/1.1 204) 3 headers in 131 bytes (1 switches on core 0) [pid: 7|app: 0|req: 807/1777] 10.0.0.233 () {30 vars in 722 bytes} [Wed Apr 15 08:51:45 2026] GET /v2.0/quotas/c9ca6d252d9b4984b433649a73d8aae8/details => generated 847 bytes in 115 msecs (HTTP/1.1 200) 4 headers in 157 bytes (1 switches on core 0)
2026-04-15 08:51:46.382 8 INFO neutron.services.segments.plugin [-] Segment c976fa62-f5ba-44c3-9efd-d4483b2ceb56 resource provider aggregate not found
2026-04-15 08:51:46.388 8 INFO neutron.services.segments.plugin [-] Segment c976fa62-f5ba-44c3-9efd-d4483b2ceb56 resource provider aggregate not found
2026-04-15 08:51:46.402 8 INFO neutron.services.segments.plugin [-] Segment c976fa62-f5ba-44c3-9efd-d4483b2ceb56 resource provider not found; error: Placement Client Error (4xx): {"errors": [{"status": 404, "title": "Not Found", "detail": "The resource could not be found.\n\n No resource provider with uuid c976fa62-f5ba-44c3-9efd-d4483b2ceb56 found for delete ", "request_id": "req-040f6e94-8df5-43d4-86ff-e96029cd255f"}]}
2026-04-15 08:51:46.406 8 INFO neutron.services.segments.plugin [-] Segment c976fa62-f5ba-44c3-9efd-d4483b2ceb56 resource provider not found; error: Placement Client Error (4xx): {"errors": [{"status": 404, "title": "Not Found", "detail": "The resource could not be found.\n\n No resource provider with uuid c976fa62-f5ba-44c3-9efd-d4483b2ceb56 found for delete ", "request_id": "req-19b884f9-972c-4055-aaed-0af9028d99ba"}]} [pid: 8|app: 0|req: 971/1778] 10.0.0.212 () {32 vars in 772 bytes} [Wed Apr 15 08:51:46 2026] GET /v2.0/security-groups?tenant_id=82d55925dd0047e7a0b4505791ff4d10&name=default => generated 2925 bytes in 222 msecs (HTTP/1.1 200) 4 headers in 158 bytes (1 switches on core 0) [pid: 7|app: 0|req: 808/1779] 10.0.0.212 () {32 vars in 738 bytes} [Wed Apr 15 08:51:46 2026] DELETE /v2.0/security-groups/884b8cf7-b591-4f4e-87a0-93b83ddf44af => generated 0 bytes in 266 msecs (HTTP/1.1 204) 2 headers in 112 bytes (1 switches on core 0) [pid: 7|app: 0|req: 809/1780] 10.0.0.233 () {32 vars in 800 bytes} [Wed Apr 15 08:51:49 2026] GET /v2.0/extensions => generated 20541 bytes in 11 msecs (HTTP/1.1 200) 4 headers in 159 bytes (1 switches on core 0)
2026-04-15 08:51:49.395 8 INFO neutron.db.ovn_revision_numbers_db [None req-638f4a7b-f61e-4f12-a603-2d8f71a4e852 878989741971457aab300b981d33bdc8 d04f5df0f28d48f2b31f29a8d5111548 - - default default] Successfully bumped revision number for resource a2f47891-e409-4e88-af83-7fed1f7d7286 (type: security_groups) to 1
2026-04-15 08:51:49.410 8 INFO neutron.db.ovn_revision_numbers_db [None req-638f4a7b-f61e-4f12-a603-2d8f71a4e852 878989741971457aab300b981d33bdc8 d04f5df0f28d48f2b31f29a8d5111548 - - default default] Successfully bumped revision number for resource 03c62167-4f0a-4946-8078-633655f01769 (type: security_group_rules) to 0
2026-04-15 08:51:49.426 8 INFO neutron.db.ovn_revision_numbers_db [None req-638f4a7b-f61e-4f12-a603-2d8f71a4e852 878989741971457aab300b981d33bdc8 d04f5df0f28d48f2b31f29a8d5111548 - - default default] Successfully bumped revision number for resource 073069a3-7124-41e2-b4b9-9a22648affc6 (type: security_group_rules) to 0
2026-04-15 08:51:49.438 8 INFO neutron.db.ovn_revision_numbers_db [None req-638f4a7b-f61e-4f12-a603-2d8f71a4e852 878989741971457aab300b981d33bdc8 d04f5df0f28d48f2b31f29a8d5111548 - - default default] Successfully bumped revision number for resource e5a30c9e-8ba3-46ea-a670-75fbdc2194e9 (type: security_group_rules) to 0
2026-04-15 08:51:49.450 8 INFO neutron.db.ovn_revision_numbers_db [None req-638f4a7b-f61e-4f12-a603-2d8f71a4e852 878989741971457aab300b981d33bdc8 d04f5df0f28d48f2b31f29a8d5111548 - - default default] Successfully bumped revision number for resource fddd933c-fa77-4d27-af4b-b258008ff7f1 (type: security_group_rules) to 0 [pid: 7|app: 0|req: 810/1781] 10.0.0.233 () {30 vars in 722 bytes} [Wed Apr 15 08:51:49 2026] GET /v2.0/quotas/c9ca6d252d9b4984b433649a73d8aae8/details => generated 847 bytes in 92 msecs (HTTP/1.1 200) 4 headers in 157 bytes (1 switches on core 0)
2026-04-15 08:51:49.524 8 INFO neutron.db.segments_db [None req-638f4a7b-f61e-4f12-a603-2d8f71a4e852 878989741971457aab300b981d33bdc8 d04f5df0f28d48f2b31f29a8d5111548 - - default default] Added segment eda99a4d-e0a5-4a3a-8a7b-431154ee87b8 of type geneve for network 58ba4aa3-9aca-4253-b2e2-e91e0950af57
2026-04-15 08:51:49.643 8 INFO neutron.db.ovn_revision_numbers_db [None req-638f4a7b-f61e-4f12-a603-2d8f71a4e852 878989741971457aab300b981d33bdc8 d04f5df0f28d48f2b31f29a8d5111548 - - default default] Successfully bumped revision number for resource 58ba4aa3-9aca-4253-b2e2-e91e0950af57 (type: networks) to 1
2026-04-15 08:51:49.814 8 WARNING neutron.scheduler.dhcp_agent_scheduler [None req-638f4a7b-f61e-4f12-a603-2d8f71a4e852 878989741971457aab300b981d33bdc8 d04f5df0f28d48f2b31f29a8d5111548 - - default default] No more DHCP agents
2026-04-15 08:51:49.818 8 WARNING neutron.api.rpc.agentnotifiers.dhcp_rpc_agent_api [None req-638f4a7b-f61e-4f12-a603-2d8f71a4e852 878989741971457aab300b981d33bdc8 d04f5df0f28d48f2b31f29a8d5111548 - - default default] Unable to schedule network 58ba4aa3-9aca-4253-b2e2-e91e0950af57: no agents available; will retry on subsequent port and subnet creation events.
2026-04-15 08:51:49.874 7 INFO neutron.plugins.ml2.drivers.ovn.mech_driver.mech_driver [None req-d6dbe736-92ed-47e2-8de1-e468a450b8d4 - - - - - -] OVN reports status down for port: f2c398f3-b520-4075-8663-a7568d0f954c
2026-04-15 08:51:49.901 8 INFO neutron.db.ovn_revision_numbers_db [None req-638f4a7b-f61e-4f12-a603-2d8f71a4e852 878989741971457aab300b981d33bdc8 d04f5df0f28d48f2b31f29a8d5111548 - - default default] Successfully bumped revision number for resource f2c398f3-b520-4075-8663-a7568d0f954c (type: ports) to 1 [pid: 8|app: 0|req: 972/1782] 10.0.0.212 () {34 vars in 668 bytes} [Wed Apr 15 08:51:48 2026] POST /v2.0/networks => generated 649 bytes in 954 msecs (HTTP/1.1 201) 4 headers in 162 bytes (1 switches on core 0)
2026-04-15 08:51:49.997 7 INFO neutron.db.ovn_revision_numbers_db [None req-002a9592-589d-4466-970a-39718d658cd6 6c2fca3a4b0b423cbf36429996255921 b6e1053b293d4a4aaf9d005d39ec35fa - - default default] Successfully bumped revision number for resource 80fd7ef4-5f99-4336-b0b4-0860390b475b (type: security_groups) to 1
2026-04-15 08:51:50.009 7 INFO neutron.db.ovn_revision_numbers_db [None req-002a9592-589d-4466-970a-39718d658cd6 6c2fca3a4b0b423cbf36429996255921 b6e1053b293d4a4aaf9d005d39ec35fa - - default default] Successfully bumped revision number for resource 3fad8a74-0e62-47e4-aec5-1a726dfac06a (type: security_group_rules) to 0
2026-04-15 08:51:50.021 7 INFO neutron.db.ovn_revision_numbers_db [None req-002a9592-589d-4466-970a-39718d658cd6 6c2fca3a4b0b423cbf36429996255921 b6e1053b293d4a4aaf9d005d39ec35fa - - default default] Successfully bumped revision number for resource 5ef328db-0412-4d6d-8723-04a3e281bc26 (type: security_group_rules) to 0
2026-04-15 08:51:50.034 8 INFO neutron.db.segments_db [None req-ca6c550a-23bc-4152-b6da-88c917e9986e 878989741971457aab300b981d33bdc8 d04f5df0f28d48f2b31f29a8d5111548 - - default default] Added segment 24776553-0426-479b-bacf-c89b05485f7a of type geneve for network 150a0bee-1028-4083-aed5-f47877156cf4
2026-04-15 08:51:50.036 7 INFO neutron.db.ovn_revision_numbers_db [None req-002a9592-589d-4466-970a-39718d658cd6 6c2fca3a4b0b423cbf36429996255921 b6e1053b293d4a4aaf9d005d39ec35fa - - default default] Successfully bumped revision number for resource 9a7876f5-54fb-481c-b245-1faa20d404b7 (type: security_group_rules) to 0
2026-04-15 08:51:50.048 7 INFO neutron.db.ovn_revision_numbers_db [None req-002a9592-589d-4466-970a-39718d658cd6 6c2fca3a4b0b423cbf36429996255921 b6e1053b293d4a4aaf9d005d39ec35fa - - default default] Successfully bumped revision number for resource a8c0b8ce-741e-4ade-8604-9f5fe7431b29 (type: security_group_rules) to 0 [pid: 7|app: 0|req: 811/1783] 10.0.0.212 () {32 vars in 772 bytes} [Wed Apr 15 08:51:49 2026] GET /v2.0/security-groups?tenant_id=a93b31e7996d42e7a840f41acfe9948c&name=default => generated 2925 bytes in 432 msecs (HTTP/1.1 200) 4 headers in 158 bytes (1 switches on core 0)
2026-04-15 08:51:50.148 8 INFO neutron.db.ovn_revision_numbers_db [None req-ca6c550a-23bc-4152-b6da-88c917e9986e 878989741971457aab300b981d33bdc8 d04f5df0f28d48f2b31f29a8d5111548 - - default default] Successfully bumped revision number for resource 150a0bee-1028-4083-aed5-f47877156cf4 (type: networks) to 1 [pid: 7|app: 0|req: 814/1786] 10.0.0.212 () {32 vars in 738 bytes} [Wed Apr 15 08:51:50 2026] DELETE /v2.0/security-groups/80fd7ef4-5f99-4336-b0b4-0860390b475b => generated 0 bytes in 239 msecs (HTTP/1.1 204) 2 headers in 112 bytes (1 switches on core 0)
2026-04-15 08:51:50.387 8 WARNING neutron.scheduler.dhcp_agent_scheduler [None req-ca6c550a-23bc-4152-b6da-88c917e9986e 878989741971457aab300b981d33bdc8 d04f5df0f28d48f2b31f29a8d5111548 - - default default] No more DHCP agents
2026-04-15 08:51:50.388 8 WARNING neutron.api.rpc.agentnotifiers.dhcp_rpc_agent_api [None req-ca6c550a-23bc-4152-b6da-88c917e9986e 878989741971457aab300b981d33bdc8 d04f5df0f28d48f2b31f29a8d5111548 - - default default] Unable to schedule network 150a0bee-1028-4083-aed5-f47877156cf4: no agents available; will retry on subsequent port and subnet creation events.
2026-04-15 08:51:50.453 7 INFO neutron.plugins.ml2.drivers.ovn.mech_driver.mech_driver [None req-d6dbe736-92ed-47e2-8de1-e468a450b8d4 - - - - - -] OVN reports status down for port: cfac48f8-d15e-43d1-9adc-4c3e577434fc
2026-04-15 08:51:50.474 8 INFO neutron.db.ovn_revision_numbers_db [None req-ca6c550a-23bc-4152-b6da-88c917e9986e 878989741971457aab300b981d33bdc8 d04f5df0f28d48f2b31f29a8d5111548 - - default default] Successfully bumped revision number for resource cfac48f8-d15e-43d1-9adc-4c3e577434fc (type: ports) to 1 [pid: 8|app: 0|req: 973/1787] 10.0.0.212 () {34 vars in 668 bytes} [Wed Apr 15 08:51:49 2026] POST /v2.0/networks => generated 649 bytes in 567 msecs (HTTP/1.1 201) 4 headers in 162 bytes (1 switches on core 0)
2026-04-15 08:51:50.708 8 INFO neutron.db.ovn_revision_numbers_db [None req-4ef14ad1-a509-4c99-b8c5-d243012738ef 6c2fca3a4b0b423cbf36429996255921 b6e1053b293d4a4aaf9d005d39ec35fa - - default default] Successfully bumped revision number for resource 5f6e50f1-d03e-4090-8e94-9a8a81b7b959 (type: security_groups) to 1
2026-04-15 08:51:50.718 8 INFO neutron.db.ovn_revision_numbers_db [None req-4ef14ad1-a509-4c99-b8c5-d243012738ef 6c2fca3a4b0b423cbf36429996255921 b6e1053b293d4a4aaf9d005d39ec35fa - - default default] Successfully bumped revision number for resource 809c0f90-7e5f-4e4a-ab11-41f2d7ca7792 (type: security_group_rules) to 0
2026-04-15 08:51:50.730 8 INFO neutron.db.ovn_revision_numbers_db [None req-4ef14ad1-a509-4c99-b8c5-d243012738ef 6c2fca3a4b0b423cbf36429996255921 b6e1053b293d4a4aaf9d005d39ec35fa - - default default] Successfully bumped revision number for resource a04a3629-5107-4fe2-acfe-b3c5eebf8f50 (type: security_group_rules) to 0
2026-04-15 08:51:50.743 8 INFO neutron.db.ovn_revision_numbers_db [None req-4ef14ad1-a509-4c99-b8c5-d243012738ef 6c2fca3a4b0b423cbf36429996255921 b6e1053b293d4a4aaf9d005d39ec35fa - - default default] Successfully bumped revision number for resource d6614df7-ebe5-4476-bed4-6e87cdcc92a2 (type: security_group_rules) to 0
2026-04-15 08:51:50.755 7 WARNING neutron.scheduler.dhcp_agent_scheduler [None req-f280d35a-52fc-4aa4-9ffb-841d82f0ff21 878989741971457aab300b981d33bdc8 d04f5df0f28d48f2b31f29a8d5111548 - - default default] No more DHCP agents
2026-04-15 08:51:50.756 8 INFO neutron.db.ovn_revision_numbers_db [None req-4ef14ad1-a509-4c99-b8c5-d243012738ef 6c2fca3a4b0b423cbf36429996255921 b6e1053b293d4a4aaf9d005d39ec35fa - - default default] Successfully bumped revision number for resource e839a150-fb5a-4188-bb85-9873c382caca (type: security_group_rules) to 0
2026-04-15 08:51:50.756 7 WARNING neutron.api.rpc.agentnotifiers.dhcp_rpc_agent_api [None req-f280d35a-52fc-4aa4-9ffb-841d82f0ff21 878989741971457aab300b981d33bdc8 d04f5df0f28d48f2b31f29a8d5111548 - - default default] Unable to schedule network 58ba4aa3-9aca-4253-b2e2-e91e0950af57: no agents available; will retry on subsequent port and subnet creation events. [pid: 8|app: 0|req: 974/1788] 10.0.0.212 () {32 vars in 772 bytes} [Wed Apr 15 08:51:50 2026] GET /v2.0/security-groups?tenant_id=f4e506b7d1ef475c87260eb1c6716b74&name=default => generated 2925 bytes in 273 msecs (HTTP/1.1 200) 4 headers in 158 bytes (1 switches on core 0) [pid: 8|app: 0|req: 975/1789] 10.0.0.212 () {32 vars in 738 bytes} [Wed Apr 15 08:51:50 2026] DELETE /v2.0/security-groups/5f6e50f1-d03e-4090-8e94-9a8a81b7b959 => generated 0 bytes in 252 msecs (HTTP/1.1 204) 2 headers in 112 bytes (1 switches on core 0)
2026-04-15 08:51:51.288 7 INFO neutron.db.ovn_revision_numbers_db [None req-f4cf5d1c-4923-4d9a-8246-4dcb8ede4033 - - - - - -] Successfully bumped revision number for resource f2c398f3-b520-4075-8663-a7568d0f954c (type: ports) to 2
2026-04-15 08:51:51.342 7 INFO neutron.db.ovn_revision_numbers_db [None req-f4cf5d1c-4923-4d9a-8246-4dcb8ede4033 - - - - - -] Successfully bumped revision number for resource 71495ac3-7f68-4e49-a2b6-09d59f34f678 (type: subnets) to 0 [pid: 7|app: 0|req: 815/1790] 10.0.0.212 () {34 vars in 667 bytes} [Wed Apr 15 08:51:50 2026] POST /v2.0/subnets => generated 626 bytes in 850 msecs (HTTP/1.1 201) 4 headers in 162 bytes (1 switches on core 0)
2026-04-15 08:51:51.537 8 WARNING neutron.scheduler.dhcp_agent_scheduler [None req-d820af2c-efd1-41ce-bb73-398144819c71 878989741971457aab300b981d33bdc8 d04f5df0f28d48f2b31f29a8d5111548 - - default default] No more DHCP agents
2026-04-15 08:51:51.538 8 WARNING neutron.api.rpc.agentnotifiers.dhcp_rpc_agent_api [None req-d820af2c-efd1-41ce-bb73-398144819c71 878989741971457aab300b981d33bdc8 d04f5df0f28d48f2b31f29a8d5111548 - - default default] Unable to schedule network 150a0bee-1028-4083-aed5-f47877156cf4: no agents available; will retry on subsequent port and subnet creation events.
2026-04-15 08:51:52.019 8 INFO neutron.db.ovn_revision_numbers_db [None req-fe645959-142f-46e0-b050-5e6b6677e564 - - - - - -] Successfully bumped revision number for resource cfac48f8-d15e-43d1-9adc-4c3e577434fc (type: ports) to 2
2026-04-15 08:51:52.056 8 INFO neutron.db.ovn_revision_numbers_db [None req-fe645959-142f-46e0-b050-5e6b6677e564 - - - - - -] Successfully bumped revision number for resource d32661b0-975a-4917-9672-6dd0532015d5 (type: subnets) to 0 [pid: 8|app: 0|req: 976/1791] 10.0.0.212 () {34 vars in 667 bytes} [Wed Apr 15 08:51:51 2026] POST /v2.0/subnets => generated 626 bytes in 712 msecs (HTTP/1.1 201) 4 headers in 162 bytes (1 switches on core 0)
2026-04-15 08:51:52.215 7 INFO neutron.db.ovn_revision_numbers_db [None req-4abfc016-7020-4448-90b5-305eb080fd93 878989741971457aab300b981d33bdc8 d04f5df0f28d48f2b31f29a8d5111548 - - default default] Successfully bumped revision number for resource 01a65981-154c-492e-a687-2517c6fffdcd (type: routers) to 1 [pid: 7|app: 0|req: 816/1792] 10.0.0.212 () {34 vars in 667 bytes} [Wed Apr 15 08:51:52 2026] POST /v2.0/routers => generated 602 bytes in 172 msecs (HTTP/1.1 201) 4 headers in 162 bytes (1 switches on core 0)
2026-04-15 08:51:52.736 8 WARNING neutron.scheduler.dhcp_agent_scheduler [None req-bac9c495-8311-4330-b3d1-3103d55b5a75 878989741971457aab300b981d33bdc8 d04f5df0f28d48f2b31f29a8d5111548 - - default default] No more DHCP agents
2026-04-15 08:51:52.738 8 WARNING neutron.api.rpc.agentnotifiers.dhcp_rpc_agent_api [None req-bac9c495-8311-4330-b3d1-3103d55b5a75 878989741971457aab300b981d33bdc8 d04f5df0f28d48f2b31f29a8d5111548 - - default default] Unable to schedule network 58ba4aa3-9aca-4253-b2e2-e91e0950af57: no agents available; will retry on subsequent port and subnet creation events.
2026-04-15 08:51:52.859 8 INFO neutron.plugins.ml2.drivers.ovn.mech_driver.mech_driver [None req-ded22dbd-f3e9-47f7-93b5-92ff3ba75c6f - - - - - -] OVN reports status down for port: 8f50908a-f255-4cad-89eb-ebf1f5ca67bf
2026-04-15 08:51:52.907 8 INFO neutron.db.ovn_revision_numbers_db [None req-bac9c495-8311-4330-b3d1-3103d55b5a75 878989741971457aab300b981d33bdc8 d04f5df0f28d48f2b31f29a8d5111548 - - default default] Successfully bumped revision number for resource 8f50908a-f255-4cad-89eb-ebf1f5ca67bf (type: ports) to 1
2026-04-15 08:51:53.203 7 INFO neutron.db.ovn_revision_numbers_db [None req-4a70ab0e-c27e-4565-a243-c4ab77da7da9 6c2fca3a4b0b423cbf36429996255921 b6e1053b293d4a4aaf9d005d39ec35fa - - default default] Successfully bumped revision number for resource b281ab0f-d4c8-426f-8ae7-f64e35ae401c (type: security_groups) to 1
2026-04-15 08:51:53.215 7 INFO neutron.db.ovn_revision_numbers_db [None req-4a70ab0e-c27e-4565-a243-c4ab77da7da9 6c2fca3a4b0b423cbf36429996255921 b6e1053b293d4a4aaf9d005d39ec35fa - - default default] Successfully bumped revision number for resource 23c2b8f7-30c6-42a9-a2fd-a1b3810bfa99 (type: security_group_rules) to 0
2026-04-15 08:51:53.228 7 INFO neutron.db.ovn_revision_numbers_db [None req-4a70ab0e-c27e-4565-a243-c4ab77da7da9 6c2fca3a4b0b423cbf36429996255921 b6e1053b293d4a4aaf9d005d39ec35fa - - default default] Successfully bumped revision number for resource 386c1413-098a-4c59-9eab-71641efe0793 (type: security_group_rules) to 0
2026-04-15 08:51:53.251 7 INFO neutron.db.ovn_revision_numbers_db [None req-4a70ab0e-c27e-4565-a243-c4ab77da7da9 6c2fca3a4b0b423cbf36429996255921 b6e1053b293d4a4aaf9d005d39ec35fa - - default default] Successfully bumped revision number for resource 3e40d57b-e8cd-4546-8321-2b121e0d372b (type: security_group_rules) to 0
2026-04-15 08:51:53.268 7 INFO neutron.db.ovn_revision_numbers_db [None req-4a70ab0e-c27e-4565-a243-c4ab77da7da9 6c2fca3a4b0b423cbf36429996255921 b6e1053b293d4a4aaf9d005d39ec35fa - - default default] Successfully bumped revision number for resource 412109d9-21bf-4692-adde-c8a50aafde6f (type: security_group_rules) to 0 [pid: 7|app: 0|req: 817/1793] 10.0.0.212 () {32 vars in 772 bytes} [Wed Apr 15 08:51:52 2026] GET /v2.0/security-groups?tenant_id=c9ca6d252d9b4984b433649a73d8aae8&name=default => generated 2925 bytes in 639 msecs (HTTP/1.1 200) 4 headers in 158 bytes (1 switches on core 0) [pid: 7|app: 0|req: 818/1794] 10.0.0.212 () {32 vars in 738 bytes} [Wed Apr 15 08:51:53 2026] DELETE /v2.0/security-groups/b281ab0f-d4c8-426f-8ae7-f64e35ae401c => generated 0 bytes in 271 msecs (HTTP/1.1 204) 2 headers in 112 bytes (1 switches on core 0)
2026-04-15 08:51:53.643 8 INFO neutron.plugins.ml2.drivers.ovn.mech_driver.mech_driver [None req-ded22dbd-f3e9-47f7-93b5-92ff3ba75c6f - - - - - -] OVN reports status up for port: 8f50908a-f255-4cad-89eb-ebf1f5ca67bf
2026-04-15 08:51:53.673 8 INFO neutron.plugins.ml2.plugin [None req-ded22dbd-f3e9-47f7-93b5-92ff3ba75c6f - - - - - -] Attempt 1 to provision port 8f50908a-f255-4cad-89eb-ebf1f5ca67bf
2026-04-15 08:51:53.797 8 WARNING neutron.scheduler.dhcp_agent_scheduler [None req-bac9c495-8311-4330-b3d1-3103d55b5a75 878989741971457aab300b981d33bdc8 d04f5df0f28d48f2b31f29a8d5111548 - - default default] No more DHCP agents
2026-04-15 08:51:53.799 8 WARNING neutron.api.rpc.agentnotifiers.dhcp_rpc_agent_api [None req-bac9c495-8311-4330-b3d1-3103d55b5a75 878989741971457aab300b981d33bdc8 d04f5df0f28d48f2b31f29a8d5111548 - - default default] Unable to schedule network 58ba4aa3-9aca-4253-b2e2-e91e0950af57: no agents available; will retry on subsequent port and subnet creation events.
2026-04-15 08:51:53.861 7 INFO neutron.db.ovn_revision_numbers_db [None req-941c0da1-1916-4fe4-a940-c91168b44b91 094ede2747374c2593a00f8040c20323 bdeb598ad5784eda86f1d9c738192219 - - default default] Successfully bumped revision number for resource 3cd6f727-29ac-4a93-b883-326ce727e1c9 (type: security_groups) to 1
2026-04-15 08:51:53.879 7 INFO neutron.db.ovn_revision_numbers_db [None req-941c0da1-1916-4fe4-a940-c91168b44b91 094ede2747374c2593a00f8040c20323 bdeb598ad5784eda86f1d9c738192219 - - default default] Successfully bumped revision number for resource 1818b32a-3858-4899-bcd2-8135f0f63e7c (type: security_group_rules) to 0
2026-04-15 08:51:53.898 7 INFO neutron.db.ovn_revision_numbers_db [None req-941c0da1-1916-4fe4-a940-c91168b44b91 094ede2747374c2593a00f8040c20323 bdeb598ad5784eda86f1d9c738192219 - - default default] Successfully bumped revision number for resource 3eeb6aeb-9321-4d53-ac80-2d4c090aaa28 (type: security_group_rules) to 0
2026-04-15 08:51:53.912 7 INFO neutron.db.ovn_revision_numbers_db [None req-941c0da1-1916-4fe4-a940-c91168b44b91 094ede2747374c2593a00f8040c20323 bdeb598ad5784eda86f1d9c738192219 - - default default] Successfully bumped revision number for resource 9aa89ccd-989d-457a-adb0-241e8cc2b98e (type: security_group_rules) to 0
2026-04-15 08:51:53.929 7 INFO neutron.db.ovn_revision_numbers_db [None req-941c0da1-1916-4fe4-a940-c91168b44b91 094ede2747374c2593a00f8040c20323 bdeb598ad5784eda86f1d9c738192219 - - default default] Successfully bumped revision number for resource cf8a805a-e192-4363-8be1-09ae888705cd (type: security_group_rules) to 0
2026-04-15 08:51:54.015 7 INFO neutron.db.segments_db [None req-941c0da1-1916-4fe4-a940-c91168b44b91 094ede2747374c2593a00f8040c20323 bdeb598ad5784eda86f1d9c738192219 - - default default] Added segment 3ab6c4ff-9aff-4a8e-96a1-af891ef5d112 of type geneve for network 13a120cf-fba4-43e2-944b-fd3076c6b382
2026-04-15 08:51:54.147 7 INFO neutron.db.ovn_revision_numbers_db [None req-941c0da1-1916-4fe4-a940-c91168b44b91 094ede2747374c2593a00f8040c20323 bdeb598ad5784eda86f1d9c738192219 - - default default] Successfully bumped revision number for resource 13a120cf-fba4-43e2-944b-fd3076c6b382 (type: networks) to 1
2026-04-15 08:51:54.331 7 WARNING neutron.scheduler.dhcp_agent_scheduler [None req-941c0da1-1916-4fe4-a940-c91168b44b91 094ede2747374c2593a00f8040c20323 bdeb598ad5784eda86f1d9c738192219 - - default default] No more DHCP agents
2026-04-15 08:51:54.332 7 WARNING neutron.api.rpc.agentnotifiers.dhcp_rpc_agent_api [None req-941c0da1-1916-4fe4-a940-c91168b44b91 094ede2747374c2593a00f8040c20323 bdeb598ad5784eda86f1d9c738192219 - - default default] Unable to schedule network 13a120cf-fba4-43e2-944b-fd3076c6b382: no agents available; will retry on subsequent port and subnet creation events.
2026-04-15 08:51:54.398 7 INFO neutron.plugins.ml2.drivers.ovn.mech_driver.mech_driver [None req-d6dbe736-92ed-47e2-8de1-e468a450b8d4 - - - - - -] OVN reports status down for port: fb3c697d-3292-45d4-bb34-76c7c3f00cf8
2026-04-15 08:51:54.496 7 INFO neutron.db.ovn_revision_numbers_db [None req-941c0da1-1916-4fe4-a940-c91168b44b91 094ede2747374c2593a00f8040c20323 bdeb598ad5784eda86f1d9c738192219 - - default default] Successfully bumped revision number for resource fb3c697d-3292-45d4-bb34-76c7c3f00cf8 (type: ports) to 1 [pid: 7|app: 0|req: 819/1795] 10.0.0.212 () {34 vars in 668 bytes} [Wed Apr 15 08:51:53 2026] POST /v2.0/networks => generated 659 bytes in 971 msecs (HTTP/1.1 201) 4 headers in 162 bytes (1 switches on core 0)
2026-04-15 08:51:54.745 7 WARNING neutron.scheduler.dhcp_agent_scheduler [None req-da82ec27-9c5f-4061-bbed-77895af8ea7e 094ede2747374c2593a00f8040c20323 bdeb598ad5784eda86f1d9c738192219 - - default default] No more DHCP agents
2026-04-15 08:51:54.746 7 WARNING neutron.api.rpc.agentnotifiers.dhcp_rpc_agent_api [None req-da82ec27-9c5f-4061-bbed-77895af8ea7e 094ede2747374c2593a00f8040c20323 bdeb598ad5784eda86f1d9c738192219 - - default default] Unable to schedule network 13a120cf-fba4-43e2-944b-fd3076c6b382: no agents available; will retry on subsequent port and subnet creation events.
2026-04-15 08:51:54.959 8 INFO neutron.db.ovn_revision_numbers_db [None req-bac9c495-8311-4330-b3d1-3103d55b5a75 878989741971457aab300b981d33bdc8 d04f5df0f28d48f2b31f29a8d5111548 - - default default] Successfully bumped revision number for resource 8f50908a-f255-4cad-89eb-ebf1f5ca67bf (type: router_ports) to 1 [pid: 8|app: 0|req: 977/1796] 10.0.0.212 () {34 vars in 781 bytes} [Wed Apr 15 08:51:52 2026] PUT /v2.0/routers/01a65981-154c-492e-a687-2517c6fffdcd/add_router_interface => generated 309 bytes in 2712 msecs (HTTP/1.1 200) 4 headers in 157 bytes (1 switches on core 0)
2026-04-15 08:51:55.097 8 INFO neutron.db.ovn_revision_numbers_db [None req-ded22dbd-f3e9-47f7-93b5-92ff3ba75c6f - - - - - -] Successfully bumped revision number for resource 8f50908a-f255-4cad-89eb-ebf1f5ca67bf (type: ports) to 2
2026-04-15 08:51:55.232 7 INFO neutron.db.ovn_revision_numbers_db [None req-87215a3e-2c28-4f1d-93b5-fde9a74b312d - - - - - -] Successfully bumped revision number for resource fb3c697d-3292-45d4-bb34-76c7c3f00cf8 (type: ports) to 2
2026-04-15 08:51:55.264 7 INFO neutron.db.ovn_revision_numbers_db [None req-87215a3e-2c28-4f1d-93b5-fde9a74b312d - - - - - -] Successfully bumped revision number for resource b9cd24b5-bbc7-4490-9f52-ae3e603b1f57 (type: subnets) to 0 [pid: 7|app: 0|req: 820/1797] 10.0.0.212 () {34 vars in 667 bytes} [Wed Apr 15 08:51:54 2026] POST /v2.0/subnets => generated 657 bytes in 723 msecs (HTTP/1.1 201) 4 headers in 162 bytes (1 switches on core 0) [pid: 7|app: 0|req: 821/1798] 10.0.0.212 () {32 vars in 715 bytes} [Wed Apr 15 08:51:55 2026] GET /v2.0/ports/8f50908a-f255-4cad-89eb-ebf1f5ca67bf => generated 943 bytes in 43 msecs (HTTP/1.1 200) 4 headers in 157 bytes (1 switches on core 0)
2026-04-15 08:51:55.343 8 INFO neutron.db.ovn_revision_numbers_db [None req-680370af-6b66-4949-a039-d99f4cd97e16 6c2fca3a4b0b423cbf36429996255921 b6e1053b293d4a4aaf9d005d39ec35fa - - default default] Successfully bumped revision number for resource 2695cbc5-c7e7-40a3-a6c7-35882f4a1809 (type: security_groups) to 1
2026-04-15 08:51:55.359 8 INFO neutron.db.ovn_revision_numbers_db [None req-680370af-6b66-4949-a039-d99f4cd97e16 6c2fca3a4b0b423cbf36429996255921 b6e1053b293d4a4aaf9d005d39ec35fa - - default default] Successfully bumped revision number for resource 715e9f4c-1e81-4e29-a760-8ecc99ce3cb0 (type: security_group_rules) to 0
2026-04-15 08:51:55.374 8 INFO neutron.db.ovn_revision_numbers_db [None req-680370af-6b66-4949-a039-d99f4cd97e16 6c2fca3a4b0b423cbf36429996255921 b6e1053b293d4a4aaf9d005d39ec35fa - - default default] Successfully bumped revision number for resource b6c3e036-3e8e-498e-bc28-dfa6a48ec907 (type: security_group_rules) to 0
2026-04-15 08:51:55.388 8 INFO neutron.db.ovn_revision_numbers_db [None req-680370af-6b66-4949-a039-d99f4cd97e16 6c2fca3a4b0b423cbf36429996255921 b6e1053b293d4a4aaf9d005d39ec35fa - - default default] Successfully bumped revision number for resource b9284f84-16b1-4d76-a776-b06819cb7d21 (type: security_group_rules) to 0
2026-04-15 08:51:55.401 8 INFO neutron.db.ovn_revision_numbers_db [None req-680370af-6b66-4949-a039-d99f4cd97e16 6c2fca3a4b0b423cbf36429996255921 b6e1053b293d4a4aaf9d005d39ec35fa - - default default] Successfully bumped revision number for resource daa57945-2561-4ddb-bd09-d5768d3f5dc7 (type: security_group_rules) to 0 [pid: 8|app: 0|req: 978/1799] 10.0.0.212 () {32 vars in 772 bytes} [Wed Apr 15 08:51:54 2026] GET /v2.0/security-groups?tenant_id=40ff828696914246937c4e052fd097a6&name=default => generated 2925 bytes in 484 msecs (HTTP/1.1 200) 4 headers in 158 bytes (1 switches on core 0) [pid: 7|app: 0|req: 822/1800] 10.0.0.212 () {32 vars in 720 bytes} [Wed Apr 15 08:51:55 2026] GET /v2.0/subnetpools?name=shared-default-subnetpool-v6 => generated 19 bytes in 198 msecs (HTTP/1.1 200) 4 headers in 156 bytes (1 switches on core 0) [pid: 7|app: 0|req: 823/1801] 10.0.0.212 () {32 vars in 738 bytes} [Wed Apr 15 08:51:55 2026] DELETE /v2.0/security-groups/2695cbc5-c7e7-40a3-a6c7-35882f4a1809 => generated 0 bytes in 295 msecs (HTTP/1.1 204) 2 headers in 112 bytes (1 switches on core 0)
2026-04-15 08:51:55.924 8 WARNING neutron.scheduler.dhcp_agent_scheduler [None req-8f33bb22-b7d0-478b-b852-9e49abfe10ea 878989741971457aab300b981d33bdc8 d04f5df0f28d48f2b31f29a8d5111548 - - default default] No more DHCP agents
2026-04-15 08:51:55.926 8 WARNING neutron.api.rpc.agentnotifiers.dhcp_rpc_agent_api [None req-8f33bb22-b7d0-478b-b852-9e49abfe10ea 878989741971457aab300b981d33bdc8 d04f5df0f28d48f2b31f29a8d5111548 - - default default] Unable to schedule network 150a0bee-1028-4083-aed5-f47877156cf4: no agents available; will retry on subsequent port and subnet creation events.
2026-04-15 08:51:56.095 8 INFO neutron.db.ovn_revision_numbers_db [None req-8f33bb22-b7d0-478b-b852-9e49abfe10ea 878989741971457aab300b981d33bdc8 d04f5df0f28d48f2b31f29a8d5111548 - - default default] Successfully bumped revision number for resource 8ad6f103-a6db-47b5-a30f-1148e86fc52d (type: ports) to 1
2026-04-15 08:51:56.116 7 WARNING neutron.scheduler.dhcp_agent_scheduler [None req-939f45f8-534c-425d-9bc2-468f6e707a63 094ede2747374c2593a00f8040c20323 bdeb598ad5784eda86f1d9c738192219 - - default default] No more DHCP agents
2026-04-15 08:51:56.117 7 WARNING neutron.api.rpc.agentnotifiers.dhcp_rpc_agent_api [None req-939f45f8-534c-425d-9bc2-468f6e707a63 094ede2747374c2593a00f8040c20323 bdeb598ad5784eda86f1d9c738192219 - - default default] Unable to schedule network 13a120cf-fba4-43e2-944b-fd3076c6b382: no agents available; will retry on subsequent port and subnet creation events.
2026-04-15 08:51:56.170 7 INFO neutron.db.ovn_revision_numbers_db [None req-939f45f8-534c-425d-9bc2-468f6e707a63 094ede2747374c2593a00f8040c20323 bdeb598ad5784eda86f1d9c738192219 - - default default] Successfully bumped revision number for resource 251ad196-f70c-4a9d-bc28-a2313b39068b (type: subnets) to 0 [pid: 7|app: 0|req: 824/1802] 10.0.0.212 () {34 vars in 667 bytes} [Wed Apr 15 08:51:55 2026] POST /v2.0/subnets => generated 732 bytes in 388 msecs (HTTP/1.1 201) 4 headers in 162 bytes (1 switches on core 0)
2026-04-15 08:51:56.302 7 INFO neutron.db.segments_db [None req-47e68335-35ce-4684-ab4f-ffea63495da5 094ede2747374c2593a00f8040c20323 bdeb598ad5784eda86f1d9c738192219 - - default default] Added segment 1cf88952-8695-4d59-8873-76e95f340c2f of type geneve for network b1f545fd-4442-4b48-b780-c49696db5e95
2026-04-15 08:51:56.422 7 INFO neutron.db.ovn_revision_numbers_db [None req-47e68335-35ce-4684-ab4f-ffea63495da5 094ede2747374c2593a00f8040c20323 bdeb598ad5784eda86f1d9c738192219 - - default default] Successfully bumped revision number for resource b1f545fd-4442-4b48-b780-c49696db5e95 (type: networks) to 1
2026-04-15 08:51:56.612 7 WARNING neutron.scheduler.dhcp_agent_scheduler [None req-47e68335-35ce-4684-ab4f-ffea63495da5 094ede2747374c2593a00f8040c20323 bdeb598ad5784eda86f1d9c738192219 - - default default] No more DHCP agents
2026-04-15 08:51:56.617 7 WARNING neutron.api.rpc.agentnotifiers.dhcp_rpc_agent_api [None req-47e68335-35ce-4684-ab4f-ffea63495da5 094ede2747374c2593a00f8040c20323 bdeb598ad5784eda86f1d9c738192219 - - default default] Unable to schedule network b1f545fd-4442-4b48-b780-c49696db5e95: no agents available; will retry on subsequent port and subnet creation events.
2026-04-15 08:51:56.670 7 INFO neutron.plugins.ml2.drivers.ovn.mech_driver.mech_driver [None req-d6dbe736-92ed-47e2-8de1-e468a450b8d4 - - - - - -] OVN reports status down for port: 2ab8a556-6691-4428-a277-61d3395c295a
2026-04-15 08:51:56.736 7 INFO neutron.db.ovn_revision_numbers_db [None req-47e68335-35ce-4684-ab4f-ffea63495da5 094ede2747374c2593a00f8040c20323 bdeb598ad5784eda86f1d9c738192219 - - default default] Successfully bumped revision number for resource 2ab8a556-6691-4428-a277-61d3395c295a (type: ports) to 1 [pid: 7|app: 0|req: 825/1803] 10.0.0.212 () {34 vars in 668 bytes} [Wed Apr 15 08:51:56 2026] POST /v2.0/networks => generated 657 bytes in 607 msecs (HTTP/1.1 201) 4 headers in 162 bytes (1 switches on core 0)
2026-04-15 08:51:56.864 8 WARNING neutron.scheduler.dhcp_agent_scheduler [None req-8f33bb22-b7d0-478b-b852-9e49abfe10ea 878989741971457aab300b981d33bdc8 d04f5df0f28d48f2b31f29a8d5111548 - - default default] No more DHCP agents
2026-04-15 08:51:56.865 8 WARNING neutron.api.rpc.agentnotifiers.dhcp_rpc_agent_api [None req-8f33bb22-b7d0-478b-b852-9e49abfe10ea 878989741971457aab300b981d33bdc8 d04f5df0f28d48f2b31f29a8d5111548 - - default default] Unable to schedule network 150a0bee-1028-4083-aed5-f47877156cf4: no agents available; will retry on subsequent port and subnet creation events.
2026-04-15 08:51:57.071 7 WARNING neutron.scheduler.dhcp_agent_scheduler [None req-c0fac670-9968-4cd0-b936-57ea9e9ea3a4 094ede2747374c2593a00f8040c20323 bdeb598ad5784eda86f1d9c738192219 - - default default] No more DHCP agents
2026-04-15 08:51:57.074 7 WARNING neutron.api.rpc.agentnotifiers.dhcp_rpc_agent_api [None req-c0fac670-9968-4cd0-b936-57ea9e9ea3a4 094ede2747374c2593a00f8040c20323 bdeb598ad5784eda86f1d9c738192219 - - default default] Unable to schedule network b1f545fd-4442-4b48-b780-c49696db5e95: no agents available; will retry on subsequent port and subnet creation events.
2026-04-15 08:51:57.132 8 INFO neutron.db.ovn_revision_numbers_db [None req-8f33bb22-b7d0-478b-b852-9e49abfe10ea 878989741971457aab300b981d33bdc8 d04f5df0f28d48f2b31f29a8d5111548 - - default default] Successfully bumped revision number for resource 8ad6f103-a6db-47b5-a30f-1148e86fc52d (type: router_ports) to 1 [pid: 8|app: 0|req: 979/1804] 10.0.0.212 () {34 vars in 781 bytes} [Wed Apr 15 08:51:55 2026] PUT /v2.0/routers/01a65981-154c-492e-a687-2517c6fffdcd/add_router_interface => generated 309 bytes in 1682 msecs (HTTP/1.1 200) 4 headers in 157 bytes (1 switches on core 0) [pid: 8|app: 0|req: 980/1805] 10.0.0.212 () {32 vars in 715 bytes} [Wed Apr 15 08:51:57 2026] GET /v2.0/ports/8ad6f103-a6db-47b5-a30f-1148e86fc52d => generated 941 bytes in 88 msecs (HTTP/1.1 200) 4 headers in 157 bytes (1 switches on core 0) [pid: 8|app: 0|req: 981/1806] 10.0.0.212 () {32 vars in 715 bytes} [Wed Apr 15 08:51:57 2026] GET /v2.0/ports/8ad6f103-a6db-47b5-a30f-1148e86fc52d => generated 941 bytes in 52 msecs (HTTP/1.1 200) 4 headers in 157 bytes (1 switches on core 0)
2026-04-15 08:51:57.650 7 INFO neutron.db.ovn_revision_numbers_db [None req-e94ce9b5-8078-44f1-80a0-05b06c910fe5 - - - - - -] Successfully bumped revision number for resource 2ab8a556-6691-4428-a277-61d3395c295a (type: ports) to 2
2026-04-15 08:51:57.705 7 INFO neutron.db.ovn_revision_numbers_db [None req-e94ce9b5-8078-44f1-80a0-05b06c910fe5 - - - - - -] Successfully bumped revision number for resource 6e523770-91b5-48c4-94fe-19342f0f0ca2 (type: subnets) to 0 [pid: 7|app: 0|req: 826/1807] 10.0.0.212 () {34 vars in 667 bytes} [Wed Apr 15 08:51:56 2026] POST /v2.0/subnets => generated 655 bytes in 897 msecs (HTTP/1.1 201) 4 headers in 162 bytes (1 switches on core 0)
2026-04-15 08:51:57.935 7 WARNING neutron.scheduler.dhcp_agent_scheduler [None req-18f904b7-399f-445a-a143-9d03e8104552 094ede2747374c2593a00f8040c20323 bdeb598ad5784eda86f1d9c738192219 - - default default] No more DHCP agents
2026-04-15 08:51:57.937 7 WARNING neutron.api.rpc.agentnotifiers.dhcp_rpc_agent_api [None req-18f904b7-399f-445a-a143-9d03e8104552 094ede2747374c2593a00f8040c20323 bdeb598ad5784eda86f1d9c738192219 - - default default] Unable to schedule network b1f545fd-4442-4b48-b780-c49696db5e95: no agents available; will retry on subsequent port and subnet creation events.
