2026-04-15 08:53:42.084 8 WARNING neutron.api.rpc.agentnotifiers.dhcp_rpc_agent_api [None req-593ea945-1080-421c-917b-50af2d0b058c 47ec4a5c2d0540ceb2c35881d586c116 fbef10b104ae4694bdab1fc09fefd69f - - default default] Unable to schedule network 30f6dcba-09f2-4799-9ee7-991eb6ab0759: no agents available; will retry on subsequent port and subnet creation events.
2026-04-15 08:53:42.140 7 INFO neutron.plugins.ml2.drivers.ovn.mech_driver.mech_driver [None req-df464218-c843-4493-8f10-9d10849605f2 - - - - - -] OVN reports status down for port: f671268e-0611-4bd8-995a-4449069ed9d7
2026-04-15 08:53:42.177 8 INFO neutron.db.ovn_revision_numbers_db [None req-593ea945-1080-421c-917b-50af2d0b058c 47ec4a5c2d0540ceb2c35881d586c116 fbef10b104ae4694bdab1fc09fefd69f - - default default] Successfully bumped revision number for resource f671268e-0611-4bd8-995a-4449069ed9d7 (type: ports) to 1 [pid: 8|app: 0|req: 1287/2517] 10.0.0.212 () {34 vars in 668 bytes} [Wed Apr 15 08:53:41 2026] POST /v2.0/networks => generated 650 bytes in 568 msecs (HTTP/1.1 201) 4 headers in 162 bytes (1 switches on core 0) /var/lib/openstack/lib/python3.12/site-packages/pycadf/identifier.py:70: UserWarning: Invalid uuid: neutron. To ensure interoperability, identifiers should be a valid uuid. warnings.warn(('Invalid uuid: %s. To ensure interoperability, '
2026-04-15 08:53:42.447 7 WARNING neutron.scheduler.dhcp_agent_scheduler [None req-5dc7d38e-36f2-470e-89e4-2f22408b802a 47ec4a5c2d0540ceb2c35881d586c116 fbef10b104ae4694bdab1fc09fefd69f - - default default] No more DHCP agents
2026-04-15 08:53:42.448 7 WARNING neutron.api.rpc.agentnotifiers.dhcp_rpc_agent_api [None req-5dc7d38e-36f2-470e-89e4-2f22408b802a 47ec4a5c2d0540ceb2c35881d586c116 fbef10b104ae4694bdab1fc09fefd69f - - default default] Unable to schedule network 30f6dcba-09f2-4799-9ee7-991eb6ab0759: no agents available; will retry on subsequent port and subnet creation events.
2026-04-15 08:53:42.502 7 INFO neutron.plugins.ml2.drivers.ovn.mech_driver.mech_driver [None req-df464218-c843-4493-8f10-9d10849605f2 - - - - - -] OVN reports status down for port: ef6b4df6-2a5c-4697-9387-2eda8712a3a1
2026-04-15 08:53:42.575 7 INFO neutron.db.ovn_revision_numbers_db [None req-5dc7d38e-36f2-470e-89e4-2f22408b802a 47ec4a5c2d0540ceb2c35881d586c116 fbef10b104ae4694bdab1fc09fefd69f - - default default] Successfully bumped revision number for resource ef6b4df6-2a5c-4697-9387-2eda8712a3a1 (type: ports) to 1 [pid: 7|app: 0|req: 1231/2518] 10.0.0.212 () {34 vars in 662 bytes} [Wed Apr 15 08:53:42 2026] POST /v2.0/ports => generated 743 bytes in 471 msecs (HTTP/1.1 201) 4 headers in 162 bytes (1 switches on core 0)
2026-04-15 08:53:42.785 8 INFO neutron.db.segments_db [None req-fa9f9abe-f699-4c89-b004-671297c4a8dd 47ec4a5c2d0540ceb2c35881d586c116 fbef10b104ae4694bdab1fc09fefd69f - - default default] Added segment b16e4bc3-2b87-4185-8e5c-e901365cba60 of type geneve for network 0f6cc8a9-141a-47b8-913b-5aa83c7b568d /var/lib/openstack/lib/python3.12/site-packages/pycadf/identifier.py:70: UserWarning: Invalid uuid: neutron. To ensure interoperability, identifiers should be a valid uuid. warnings.warn(('Invalid uuid: %s. To ensure interoperability, '
2026-04-15 08:53:42.924 8 INFO neutron.db.ovn_revision_numbers_db [None req-fa9f9abe-f699-4c89-b004-671297c4a8dd 47ec4a5c2d0540ceb2c35881d586c116 fbef10b104ae4694bdab1fc09fefd69f - - default default] Successfully bumped revision number for resource 0f6cc8a9-141a-47b8-913b-5aa83c7b568d (type: networks) to 1
2026-04-15 08:53:42.996 7 INFO neutron.db.ovn_revision_numbers_db [None req-08ec3755-bdc3-45d2-af4a-471822b1ffc0 6c2fca3a4b0b423cbf36429996255921 b6e1053b293d4a4aaf9d005d39ec35fa - - default default] Successfully bumped revision number for resource 51ed049e-e649-41a4-b686-dd718cd53d1c (type: security_groups) to 1
2026-04-15 08:53:43.015 7 INFO neutron.db.ovn_revision_numbers_db [None req-08ec3755-bdc3-45d2-af4a-471822b1ffc0 6c2fca3a4b0b423cbf36429996255921 b6e1053b293d4a4aaf9d005d39ec35fa - - default default] Successfully bumped revision number for resource 41aec853-6dc0-4c05-beb8-949dd32c356b (type: security_group_rules) to 0
2026-04-15 08:53:43.028 7 INFO neutron.db.ovn_revision_numbers_db [None req-08ec3755-bdc3-45d2-af4a-471822b1ffc0 6c2fca3a4b0b423cbf36429996255921 b6e1053b293d4a4aaf9d005d39ec35fa - - default default] Successfully bumped revision number for resource 9f52d199-157a-413b-835e-0534cdfa20f8 (type: security_group_rules) to 0
2026-04-15 08:53:43.040 7 INFO neutron.db.ovn_revision_numbers_db [None req-08ec3755-bdc3-45d2-af4a-471822b1ffc0 6c2fca3a4b0b423cbf36429996255921 b6e1053b293d4a4aaf9d005d39ec35fa - - default default] Successfully bumped revision number for resource f21279e8-eef3-4773-be4c-59ef94923e6c (type: security_group_rules) to 0
2026-04-15 08:53:43.053 7 INFO neutron.db.ovn_revision_numbers_db [None req-08ec3755-bdc3-45d2-af4a-471822b1ffc0 6c2fca3a4b0b423cbf36429996255921 b6e1053b293d4a4aaf9d005d39ec35fa - - default default] Successfully bumped revision number for resource f24d1431-93ce-47d8-9b56-c02cf3959f30 (type: security_group_rules) to 0
2026-04-15 08:53:43.148 8 WARNING neutron.scheduler.dhcp_agent_scheduler [None req-fa9f9abe-f699-4c89-b004-671297c4a8dd 47ec4a5c2d0540ceb2c35881d586c116 fbef10b104ae4694bdab1fc09fefd69f - - default default] No more DHCP agents [pid: 7|app: 0|req: 1232/2519] 10.0.0.212 () {32 vars in 772 bytes} [Wed Apr 15 08:53:42 2026] GET /v2.0/security-groups?tenant_id=412224dd71004252b2b19b7e3224015e&name=default => generated 2925 bytes in 414 msecs (HTTP/1.1 200) 4 headers in 158 bytes (1 switches on core 0)
2026-04-15 08:53:43.152 8 WARNING neutron.api.rpc.agentnotifiers.dhcp_rpc_agent_api [None req-fa9f9abe-f699-4c89-b004-671297c4a8dd 47ec4a5c2d0540ceb2c35881d586c116 fbef10b104ae4694bdab1fc09fefd69f - - default default] Unable to schedule network 0f6cc8a9-141a-47b8-913b-5aa83c7b568d: no agents available; will retry on subsequent port and subnet creation events.
2026-04-15 08:53:43.216 8 INFO neutron.plugins.ml2.drivers.ovn.mech_driver.mech_driver [None req-35a133f6-be95-4d5a-8c2a-5dd2f259232b - - - - - -] OVN reports status down for port: bb1dc271-614d-4dcb-9226-39467df94434
2026-04-15 08:53:43.292 8 INFO neutron.db.ovn_revision_numbers_db [None req-fa9f9abe-f699-4c89-b004-671297c4a8dd 47ec4a5c2d0540ceb2c35881d586c116 fbef10b104ae4694bdab1fc09fefd69f - - default default] Successfully bumped revision number for resource bb1dc271-614d-4dcb-9226-39467df94434 (type: ports) to 1 [pid: 8|app: 0|req: 1288/2520] 10.0.0.212 () {34 vars in 668 bytes} [Wed Apr 15 08:53:42 2026] POST /v2.0/networks => generated 650 bytes in 683 msecs (HTTP/1.1 201) 4 headers in 162 bytes (1 switches on core 0) [pid: 7|app: 0|req: 1233/2521] 10.0.0.212 () {32 vars in 738 bytes} [Wed Apr 15 08:53:43 2026] DELETE /v2.0/security-groups/51ed049e-e649-41a4-b686-dd718cd53d1c => generated 0 bytes in 317 msecs (HTTP/1.1 204) 2 headers in 112 bytes (1 switches on core 0)
2026-04-15 08:53:43.600 8 WARNING neutron.scheduler.dhcp_agent_scheduler [None req-b0b1a2ac-27e3-45c2-bdbe-40ef9118c40a 47ec4a5c2d0540ceb2c35881d586c116 fbef10b104ae4694bdab1fc09fefd69f - - default default] No more DHCP agents
2026-04-15 08:53:43.602 8 WARNING neutron.api.rpc.agentnotifiers.dhcp_rpc_agent_api [None req-b0b1a2ac-27e3-45c2-bdbe-40ef9118c40a 47ec4a5c2d0540ceb2c35881d586c116 fbef10b104ae4694bdab1fc09fefd69f - - default default] Unable to schedule network 0f6cc8a9-141a-47b8-913b-5aa83c7b568d: no agents available; will retry on subsequent port and subnet creation events.
2026-04-15 08:53:43.685 7 INFO neutron.plugins.ml2.drivers.ovn.mech_driver.mech_driver [None req-df464218-c843-4493-8f10-9d10849605f2 - - - - - -] OVN reports status down for port: 8d6c1a69-55f7-4ae9-b8ee-a8aa5ad5dc73
2026-04-15 08:53:43.705 8 INFO neutron.db.ovn_revision_numbers_db [None req-b0b1a2ac-27e3-45c2-bdbe-40ef9118c40a 47ec4a5c2d0540ceb2c35881d586c116 fbef10b104ae4694bdab1fc09fefd69f - - default default] Successfully bumped revision number for resource 8d6c1a69-55f7-4ae9-b8ee-a8aa5ad5dc73 (type: ports) to 1 [pid: 8|app: 0|req: 1289/2522] 10.0.0.212 () {34 vars in 662 bytes} [Wed Apr 15 08:53:43 2026] POST /v2.0/ports => generated 743 bytes in 396 msecs (HTTP/1.1 201) 4 headers in 162 bytes (1 switches on core 0)
2026-04-15 08:53:43.884 7 INFO neutron.db.segments_db [None req-ad18ba1a-dc3e-4962-80bf-677e53e9ac27 47ec4a5c2d0540ceb2c35881d586c116 fbef10b104ae4694bdab1fc09fefd69f - - default default] Added segment 33c7d573-4e67-4525-878c-c40b95dfba0d of type geneve for network 489f9112-92b5-47ff-af37-613ea38102bd
2026-04-15 08:53:44.001 7 INFO neutron.db.ovn_revision_numbers_db [None req-ad18ba1a-dc3e-4962-80bf-677e53e9ac27 47ec4a5c2d0540ceb2c35881d586c116 fbef10b104ae4694bdab1fc09fefd69f - - default default] Successfully bumped revision number for resource 489f9112-92b5-47ff-af37-613ea38102bd (type: networks) to 1
2026-04-15 08:53:44.170 7 WARNING neutron.scheduler.dhcp_agent_scheduler [None req-ad18ba1a-dc3e-4962-80bf-677e53e9ac27 47ec4a5c2d0540ceb2c35881d586c116 fbef10b104ae4694bdab1fc09fefd69f - - default default] No more DHCP agents
2026-04-15 08:53:44.172 7 WARNING neutron.api.rpc.agentnotifiers.dhcp_rpc_agent_api [None req-ad18ba1a-dc3e-4962-80bf-677e53e9ac27 47ec4a5c2d0540ceb2c35881d586c116 fbef10b104ae4694bdab1fc09fefd69f - - default default] Unable to schedule network 489f9112-92b5-47ff-af37-613ea38102bd: no agents available; will retry on subsequent port and subnet creation events.
2026-04-15 08:53:44.229 7 INFO neutron.plugins.ml2.drivers.ovn.mech_driver.mech_driver [None req-df464218-c843-4493-8f10-9d10849605f2 - - - - - -] OVN reports status down for port: e307fc50-1ef0-40b2-b250-15fa392ae67c
2026-04-15 08:53:44.285 7 INFO neutron.db.ovn_revision_numbers_db [None req-ad18ba1a-dc3e-4962-80bf-677e53e9ac27 47ec4a5c2d0540ceb2c35881d586c116 fbef10b104ae4694bdab1fc09fefd69f - - default default] Successfully bumped revision number for resource e307fc50-1ef0-40b2-b250-15fa392ae67c (type: ports) to 1 [pid: 7|app: 0|req: 1234/2523] 10.0.0.212 () {34 vars in 668 bytes} [Wed Apr 15 08:53:43 2026] POST /v2.0/networks => generated 651 bytes in 584 msecs (HTTP/1.1 201) 4 headers in 162 bytes (1 switches on core 0) /var/lib/openstack/lib/python3.12/site-packages/pycadf/identifier.py:70: UserWarning: Invalid uuid: neutron. To ensure interoperability, identifiers should be a valid uuid. warnings.warn(('Invalid uuid: %s. To ensure interoperability, '
2026-04-15 08:53:44.572 8 WARNING neutron.scheduler.dhcp_agent_scheduler [None req-a759444d-8f39-4298-82a0-b6f26a7fa19e 47ec4a5c2d0540ceb2c35881d586c116 fbef10b104ae4694bdab1fc09fefd69f - - default default] No more DHCP agents
2026-04-15 08:53:44.574 8 WARNING neutron.api.rpc.agentnotifiers.dhcp_rpc_agent_api [None req-a759444d-8f39-4298-82a0-b6f26a7fa19e 47ec4a5c2d0540ceb2c35881d586c116 fbef10b104ae4694bdab1fc09fefd69f - - default default] Unable to schedule network 489f9112-92b5-47ff-af37-613ea38102bd: no agents available; will retry on subsequent port and subnet creation events.
2026-04-15 08:53:44.643 8 INFO neutron.plugins.ml2.drivers.ovn.mech_driver.mech_driver [None req-35a133f6-be95-4d5a-8c2a-5dd2f259232b - - - - - -] OVN reports status down for port: 2244db34-d9ae-4e68-bc38-a4783e20b9e5
2026-04-15 08:53:44.701 8 INFO neutron.db.ovn_revision_numbers_db [None req-a759444d-8f39-4298-82a0-b6f26a7fa19e 47ec4a5c2d0540ceb2c35881d586c116 fbef10b104ae4694bdab1fc09fefd69f - - default default] Successfully bumped revision number for resource 2244db34-d9ae-4e68-bc38-a4783e20b9e5 (type: ports) to 1 [pid: 8|app: 0|req: 1290/2524] 10.0.0.212 () {34 vars in 662 bytes} [Wed Apr 15 08:53:44 2026] POST /v2.0/ports => generated 743 bytes in 421 msecs (HTTP/1.1 201) 4 headers in 162 bytes (1 switches on core 0) [pid: 7|app: 0|req: 1235/2525] 10.0.0.212 () {34 vars in 745 bytes} [Wed Apr 15 08:53:44 2026] PUT /v2.0/ports/1f600306-797c-4b1f-8910-0ac7ac894c5e/tags => generated 17 bytes in 84 msecs (HTTP/1.1 200) 4 headers in 156 bytes (1 switches on core 0) /var/lib/openstack/lib/python3.12/site-packages/pycadf/identifier.py:70: UserWarning: Invalid uuid: neutron. To ensure interoperability, identifiers should be a valid uuid. warnings.warn(('Invalid uuid: %s. To ensure interoperability, ' [pid: 8|app: 0|req: 1291/2526] 10.0.0.212 () {34 vars in 745 bytes} [Wed Apr 15 08:53:44 2026] PUT /v2.0/ports/e1727b14-2079-4baf-b206-ee7c315303dc/tags => generated 25 bytes in 85 msecs (HTTP/1.1 200) 4 headers in 156 bytes (1 switches on core 0) /var/lib/openstack/lib/python3.12/site-packages/pycadf/identifier.py:70: UserWarning: Invalid uuid: neutron. To ensure interoperability, identifiers should be a valid uuid. warnings.warn(('Invalid uuid: %s. To ensure interoperability, ' [pid: 7|app: 0|req: 1236/2527] 10.0.0.212 () {34 vars in 745 bytes} [Wed Apr 15 08:53:44 2026] PUT /v2.0/ports/ef6b4df6-2a5c-4697-9387-2eda8712a3a1/tags => generated 34 bytes in 103 msecs (HTTP/1.1 200) 4 headers in 156 bytes (1 switches on core 0) /var/lib/openstack/lib/python3.12/site-packages/pycadf/identifier.py:70: UserWarning: Invalid uuid: neutron. To ensure interoperability, identifiers should be a valid uuid. warnings.warn(('Invalid uuid: %s. To ensure interoperability, ' [pid: 8|app: 0|req: 1292/2528] 10.0.0.212 () {34 vars in 745 bytes} [Wed Apr 15 08:53:45 2026] PUT /v2.0/ports/8d6c1a69-55f7-4ae9-b8ee-a8aa5ad5dc73/tags => generated 19 bytes in 83 msecs (HTTP/1.1 200) 4 headers in 156 bytes (1 switches on core 0) /var/lib/openstack/lib/python3.12/site-packages/pycadf/identifier.py:70: UserWarning: Invalid uuid: neutron. To ensure interoperability, identifiers should be a valid uuid. warnings.warn(('Invalid uuid: %s. To ensure interoperability, ' [pid: 7|app: 0|req: 1237/2529] 10.0.0.212 () {32 vars in 658 bytes} [Wed Apr 15 08:53:45 2026] GET /v2.0/ports?tags=red => generated 2253 bytes in 103 msecs (HTTP/1.1 200) 4 headers in 158 bytes (1 switches on core 0) /var/lib/openstack/lib/python3.12/site-packages/pycadf/identifier.py:70: UserWarning: Invalid uuid: neutron. To ensure interoperability, identifiers should be a valid uuid. warnings.warn(('Invalid uuid: %s. To ensure interoperability, ' [pid: 8|app: 0|req: 1293/2530] 10.0.0.212 () {32 vars in 672 bytes} [Wed Apr 15 08:53:45 2026] GET /v2.0/ports?tags=red%2Cblue => generated 1513 bytes in 163 msecs (HTTP/1.1 200) 4 headers in 158 bytes (1 switches on core 0) [pid: 7|app: 0|req: 1238/2531] 10.0.0.212 () {32 vars in 668 bytes} [Wed Apr 15 08:53:45 2026] GET /v2.0/ports?tags-any=blue => generated 1513 bytes in 104 msecs (HTTP/1.1 200) 4 headers in 158 bytes (1 switches on core 0) [pid: 8|app: 0|req: 1294/2532] 10.0.0.212 () {32 vars in 680 bytes} [Wed Apr 15 08:53:45 2026] GET /v2.0/ports?tags-any=red%2Cblue => generated 2253 bytes in 146 msecs (HTTP/1.1 200) 4 headers in 158 bytes (1 switches on core 0) [pid: 7|app: 0|req: 1239/2533] 10.0.0.212 () {32 vars in 666 bytes} [Wed Apr 15 08:53:45 2026] GET /v2.0/ports?not-tags=red => generated 5268 bytes in 185 msecs (HTTP/1.1 200) 4 headers in 158 bytes (1 switches on core 0) [pid: 8|app: 0|req: 1295/2534] 10.0.0.212 () {32 vars in 680 bytes} [Wed Apr 15 08:53:45 2026] GET /v2.0/ports?not-tags=red%2Cblue => generated 6008 bytes in 106 msecs (HTTP/1.1 200) 4 headers in 158 bytes (1 switches on core 0) [pid: 7|app: 0|req: 1240/2535] 10.0.0.212 () {32 vars in 676 bytes} [Wed Apr 15 08:53:46 2026] GET /v2.0/ports?not-tags-any=blue => generated 6008 bytes in 113 msecs (HTTP/1.1 200) 4 headers in 158 bytes (1 switches on core 0) [pid: 8|app: 0|req: 1296/2536] 10.0.0.212 () {32 vars in 688 bytes} [Wed Apr 15 08:53:46 2026] GET /v2.0/ports?not-tags-any=red%2Cblue => generated 5268 bytes in 89 msecs (HTTP/1.1 200) 4 headers in 158 bytes (1 switches on core 0)
2026-04-15 08:53:46.337 7 INFO neutron_taas.services.taas.taas_plugin [None req-247172de-2575-45f6-b364-7714010fa7b2 47ec4a5c2d0540ceb2c35881d586c116 fbef10b104ae4694bdab1fc09fefd69f - - default default] TaaS: Handle Delete Port: 1f600306-797c-4b1f-8910-0ac7ac894c5e
2026-04-15 08:53:46.341 7 INFO neutron_taas.services.taas.tap_mirror_plugin [None req-247172de-2575-45f6-b364-7714010fa7b2 47ec4a5c2d0540ceb2c35881d586c116 fbef10b104ae4694bdab1fc09fefd69f - - default default] Tap Mirror: Handle Delete Port: 1f600306-797c-4b1f-8910-0ac7ac894c5e [pid: 7|app: 0|req: 1241/2537] 10.0.0.212 () {32 vars in 718 bytes} [Wed Apr 15 08:53:46 2026] DELETE /v2.0/ports/1f600306-797c-4b1f-8910-0ac7ac894c5e => generated 0 bytes in 260 msecs (HTTP/1.1 204) 3 headers in 131 bytes (1 switches on core 0)
2026-04-15 08:53:46.625 8 INFO neutron_taas.services.taas.taas_plugin [None req-cbf86a6b-c699-4b9a-92ec-de2ffb07f48e 47ec4a5c2d0540ceb2c35881d586c116 fbef10b104ae4694bdab1fc09fefd69f - - default default] TaaS: Handle Delete Port: e1727b14-2079-4baf-b206-ee7c315303dc
2026-04-15 08:53:46.628 8 INFO neutron_taas.services.taas.tap_mirror_plugin [None req-cbf86a6b-c699-4b9a-92ec-de2ffb07f48e 47ec4a5c2d0540ceb2c35881d586c116 fbef10b104ae4694bdab1fc09fefd69f - - default default] Tap Mirror: Handle Delete Port: e1727b14-2079-4baf-b206-ee7c315303dc [pid: 8|app: 0|req: 1297/2538] 10.0.0.212 () {32 vars in 718 bytes} [Wed Apr 15 08:53:46 2026] DELETE /v2.0/ports/e1727b14-2079-4baf-b206-ee7c315303dc => generated 0 bytes in 272 msecs (HTTP/1.1 204) 3 headers in 131 bytes (1 switches on core 0)
2026-04-15 08:53:46.890 8 INFO neutron_taas.services.taas.taas_plugin [None req-c1302b39-50e5-420b-b615-f302dc3d250b 47ec4a5c2d0540ceb2c35881d586c116 fbef10b104ae4694bdab1fc09fefd69f - - default default] TaaS: Handle Delete Port: ef6b4df6-2a5c-4697-9387-2eda8712a3a1
2026-04-15 08:53:46.894 8 INFO neutron_taas.services.taas.tap_mirror_plugin [None req-c1302b39-50e5-420b-b615-f302dc3d250b 47ec4a5c2d0540ceb2c35881d586c116 fbef10b104ae4694bdab1fc09fefd69f - - default default] Tap Mirror: Handle Delete Port: ef6b4df6-2a5c-4697-9387-2eda8712a3a1
2026-04-15 08:53:46.923 7 INFO neutron.db.ovn_revision_numbers_db [None req-444512bc-49a8-4519-be82-5cc2a9837230 089472ad06e046c8b34bebf3c5da5506 1cad85b0a47243b18963b7840e8c2182 - - default default] Successfully bumped revision number for resource 35ab507c-8d31-4538-9876-9c5e47320c2d (type: security_groups) to 1
2026-04-15 08:53:46.934 7 INFO neutron.db.ovn_revision_numbers_db [None req-444512bc-49a8-4519-be82-5cc2a9837230 089472ad06e046c8b34bebf3c5da5506 1cad85b0a47243b18963b7840e8c2182 - - default default] Successfully bumped revision number for resource 31c65ec8-82f6-4c48-a3c7-b2f6c128a9c9 (type: security_group_rules) to 0
2026-04-15 08:53:46.943 7 INFO neutron.db.ovn_revision_numbers_db [None req-444512bc-49a8-4519-be82-5cc2a9837230 089472ad06e046c8b34bebf3c5da5506 1cad85b0a47243b18963b7840e8c2182 - - default default] Successfully bumped revision number for resource 3af116a7-bf7a-4f75-8506-e1f88a69f721 (type: security_group_rules) to 0
2026-04-15 08:53:46.954 7 INFO neutron.db.ovn_revision_numbers_db [None req-444512bc-49a8-4519-be82-5cc2a9837230 089472ad06e046c8b34bebf3c5da5506 1cad85b0a47243b18963b7840e8c2182 - - default default] Successfully bumped revision number for resource 81b592d3-300a-4f44-931b-6101153baf0e (type: security_group_rules) to 0
2026-04-15 08:53:46.964 7 INFO neutron.db.ovn_revision_numbers_db [None req-444512bc-49a8-4519-be82-5cc2a9837230 089472ad06e046c8b34bebf3c5da5506 1cad85b0a47243b18963b7840e8c2182 - - default default] Successfully bumped revision number for resource de9f744d-e8e0-4125-8caf-9227108a5aa7 (type: security_group_rules) to 0 [pid: 8|app: 0|req: 1298/2539] 10.0.0.212 () {32 vars in 718 bytes} [Wed Apr 15 08:53:46 2026] DELETE /v2.0/ports/ef6b4df6-2a5c-4697-9387-2eda8712a3a1 => generated 0 bytes in 252 msecs (HTTP/1.1 204) 3 headers in 131 bytes (1 switches on core 0)
2026-04-15 08:53:47.057 7 INFO neutron.db.segments_db [None req-444512bc-49a8-4519-be82-5cc2a9837230 089472ad06e046c8b34bebf3c5da5506 1cad85b0a47243b18963b7840e8c2182 - - default default] Added segment bc4d0480-e760-43fb-8417-b94b9f52743a of type geneve for network 02914ff4-dcd0-4b3f-9c8c-411d0ab82420
2026-04-15 08:53:47.137 8 INFO neutron_taas.services.taas.taas_plugin [None req-9ca3118f-3648-4fe5-a6a0-bde8d63236e3 47ec4a5c2d0540ceb2c35881d586c116 fbef10b104ae4694bdab1fc09fefd69f - - default default] TaaS: Handle Delete Port: 8d6c1a69-55f7-4ae9-b8ee-a8aa5ad5dc73
2026-04-15 08:53:47.142 8 INFO neutron_taas.services.taas.tap_mirror_plugin [None req-9ca3118f-3648-4fe5-a6a0-bde8d63236e3 47ec4a5c2d0540ceb2c35881d586c116 fbef10b104ae4694bdab1fc09fefd69f - - default default] Tap Mirror: Handle Delete Port: 8d6c1a69-55f7-4ae9-b8ee-a8aa5ad5dc73
2026-04-15 08:53:47.172 7 INFO neutron.db.ovn_revision_numbers_db [None req-444512bc-49a8-4519-be82-5cc2a9837230 089472ad06e046c8b34bebf3c5da5506 1cad85b0a47243b18963b7840e8c2182 - - default default] Successfully bumped revision number for resource 02914ff4-dcd0-4b3f-9c8c-411d0ab82420 (type: networks) to 1 [pid: 8|app: 0|req: 1299/2540] 10.0.0.212 () {32 vars in 718 bytes} [Wed Apr 15 08:53:47 2026] DELETE /v2.0/ports/8d6c1a69-55f7-4ae9-b8ee-a8aa5ad5dc73 => generated 0 bytes in 242 msecs (HTTP/1.1 204) 3 headers in 131 bytes (1 switches on core 0)
2026-04-15 08:53:47.367 7 WARNING neutron.scheduler.dhcp_agent_scheduler [None req-444512bc-49a8-4519-be82-5cc2a9837230 089472ad06e046c8b34bebf3c5da5506 1cad85b0a47243b18963b7840e8c2182 - - default default] No more DHCP agents
2026-04-15 08:53:47.368 7 WARNING neutron.api.rpc.agentnotifiers.dhcp_rpc_agent_api [None req-444512bc-49a8-4519-be82-5cc2a9837230 089472ad06e046c8b34bebf3c5da5506 1cad85b0a47243b18963b7840e8c2182 - - default default] Unable to schedule network 02914ff4-dcd0-4b3f-9c8c-411d0ab82420: no agents available; will retry on subsequent port and subnet creation events.
2026-04-15 08:53:47.391 8 INFO neutron_taas.services.taas.taas_plugin [None req-c2671da0-57c4-4400-942d-1178e12b2a17 47ec4a5c2d0540ceb2c35881d586c116 fbef10b104ae4694bdab1fc09fefd69f - - default default] TaaS: Handle Delete Port: 2244db34-d9ae-4e68-bc38-a4783e20b9e5
2026-04-15 08:53:47.394 8 INFO neutron_taas.services.taas.tap_mirror_plugin [None req-c2671da0-57c4-4400-942d-1178e12b2a17 47ec4a5c2d0540ceb2c35881d586c116 fbef10b104ae4694bdab1fc09fefd69f - - default default] Tap Mirror: Handle Delete Port: 2244db34-d9ae-4e68-bc38-a4783e20b9e5
2026-04-15 08:53:47.428 7 INFO neutron.plugins.ml2.drivers.ovn.mech_driver.mech_driver [None req-df464218-c843-4493-8f10-9d10849605f2 - - - - - -] OVN reports status down for port: 9f91473e-2da2-418c-abb4-59b6937cbe23
2026-04-15 08:53:47.491 7 INFO neutron.db.ovn_revision_numbers_db [None req-444512bc-49a8-4519-be82-5cc2a9837230 089472ad06e046c8b34bebf3c5da5506 1cad85b0a47243b18963b7840e8c2182 - - default default] Successfully bumped revision number for resource 9f91473e-2da2-418c-abb4-59b6937cbe23 (type: ports) to 1 [pid: 8|app: 0|req: 1300/2541] 10.0.0.212 () {32 vars in 718 bytes} [Wed Apr 15 08:53:47 2026] DELETE /v2.0/ports/2244db34-d9ae-4e68-bc38-a4783e20b9e5 => generated 0 bytes in 262 msecs (HTTP/1.1 204) 3 headers in 131 bytes (1 switches on core 0) [pid: 7|app: 0|req: 1242/2542] 10.0.0.212 () {34 vars in 669 bytes} [Wed Apr 15 08:53:46 2026] POST /v2.0/networks => generated 650 bytes in 1036 msecs (HTTP/1.1 201) 4 headers in 162 bytes (1 switches on core 0)
2026-04-15 08:53:47.691 8 INFO neutron_taas.services.taas.taas_plugin [None req-4c653475-bd1f-4b99-bb22-2e773d6d15f6 47ec4a5c2d0540ceb2c35881d586c116 fbef10b104ae4694bdab1fc09fefd69f - - default default] TaaS: Handle Delete Port: a1b02fac-077c-4a4d-b8c8-f9bf05862f22
2026-04-15 08:53:47.700 8 INFO neutron_taas.services.taas.tap_mirror_plugin [None req-4c653475-bd1f-4b99-bb22-2e773d6d15f6 47ec4a5c2d0540ceb2c35881d586c116 fbef10b104ae4694bdab1fc09fefd69f - - default default] Tap Mirror: Handle Delete Port: a1b02fac-077c-4a4d-b8c8-f9bf05862f22
2026-04-15 08:53:47.922 8 INFO neutron.services.segments.plugin [-] Segment 43dfabfc-93c2-40ed-ba87-a6c19d6ffdd8 resource provider aggregate not found
2026-04-15 08:53:47.941 8 INFO neutron.services.segments.plugin [-] Segment 43dfabfc-93c2-40ed-ba87-a6c19d6ffdd8 resource provider aggregate not found
2026-04-15 08:53:47.948 8 INFO neutron.services.segments.plugin [-] Segment 43dfabfc-93c2-40ed-ba87-a6c19d6ffdd8 resource provider not found; error: Placement Client Error (4xx): {"errors": [{"status": 404, "title": "Not Found", "detail": "The resource could not be found.\n\n No resource provider with uuid 43dfabfc-93c2-40ed-ba87-a6c19d6ffdd8 found for delete ", "request_id": "req-c6cf8426-eedb-4022-8592-1b0fa627e5cb"}]}
2026-04-15 08:53:47.968 8 INFO neutron.services.segments.plugin [-] Segment 43dfabfc-93c2-40ed-ba87-a6c19d6ffdd8 resource provider not found; error: Placement Client Error (4xx): {"errors": [{"status": 404, "title": "Not Found", "detail": "The resource could not be found.\n\n No resource provider with uuid 43dfabfc-93c2-40ed-ba87-a6c19d6ffdd8 found for delete ", "request_id": "req-a7211d33-3aaf-407a-a940-e9de1184b4e8"}]} [pid: 8|app: 0|req: 1301/2543] 10.0.0.212 () {32 vars in 724 bytes} [Wed Apr 15 08:53:47 2026] DELETE /v2.0/networks/045a2b51-393d-4aa9-a1d7-4fce0e7fb5d3 => generated 0 bytes in 461 msecs (HTTP/1.1 204) 3 headers in 131 bytes (1 switches on core 0)
2026-04-15 08:53:48.072 7 WARNING neutron.scheduler.dhcp_agent_scheduler [None req-62941e93-4462-4600-9f01-f592e188b4db 089472ad06e046c8b34bebf3c5da5506 1cad85b0a47243b18963b7840e8c2182 - - default default] No more DHCP agents
2026-04-15 08:53:48.074 7 WARNING neutron.api.rpc.agentnotifiers.dhcp_rpc_agent_api [None req-62941e93-4462-4600-9f01-f592e188b4db 089472ad06e046c8b34bebf3c5da5506 1cad85b0a47243b18963b7840e8c2182 - - default default] Unable to schedule network b99deacb-63a9-4bb2-b18c-759ee2048ffa: no agents available; will retry on subsequent port and subnet creation events.
2026-04-15 08:53:48.120 8 INFO neutron_taas.services.taas.taas_plugin [None req-957f076f-bac3-4ab2-82e3-fcd6053dd46a 47ec4a5c2d0540ceb2c35881d586c116 fbef10b104ae4694bdab1fc09fefd69f - - default default] TaaS: Handle Delete Port: ba66de39-5d44-4375-ae58-086a29efa678
2026-04-15 08:53:48.123 8 INFO neutron_taas.services.taas.tap_mirror_plugin [None req-957f076f-bac3-4ab2-82e3-fcd6053dd46a 47ec4a5c2d0540ceb2c35881d586c116 fbef10b104ae4694bdab1fc09fefd69f - - default default] Tap Mirror: Handle Delete Port: ba66de39-5d44-4375-ae58-086a29efa678
2026-04-15 08:53:48.196 7 INFO neutron.plugins.ml2.drivers.ovn.mech_driver.mech_driver [None req-df464218-c843-4493-8f10-9d10849605f2 - - - - - -] OVN reports status down for port: 377dca98-a174-4a42-a3a4-b5293a8db458
2026-04-15 08:53:48.276 7 INFO neutron.db.ovn_revision_numbers_db [None req-62941e93-4462-4600-9f01-f592e188b4db 089472ad06e046c8b34bebf3c5da5506 1cad85b0a47243b18963b7840e8c2182 - - default default] Successfully bumped revision number for resource 377dca98-a174-4a42-a3a4-b5293a8db458 (type: ports) to 1 [pid: 8|app: 0|req: 1302/2544] 10.0.0.212 () {32 vars in 724 bytes} [Wed Apr 15 08:53:48 2026] DELETE /v2.0/networks/69ddafc3-d384-4d1b-b8f8-d9d8935f66c8 => generated 0 bytes in 348 msecs (HTTP/1.1 204) 3 headers in 131 bytes (1 switches on core 0)
2026-04-15 08:53:48.468 8 INFO neutron_taas.services.taas.taas_plugin [None req-4ef8ac09-a5f2-49ee-836b-1b5994f15817 47ec4a5c2d0540ceb2c35881d586c116 fbef10b104ae4694bdab1fc09fefd69f - - default default] TaaS: Handle Delete Port: f671268e-0611-4bd8-995a-4449069ed9d7
2026-04-15 08:53:48.470 8 INFO neutron_taas.services.taas.tap_mirror_plugin [None req-4ef8ac09-a5f2-49ee-836b-1b5994f15817 47ec4a5c2d0540ceb2c35881d586c116 fbef10b104ae4694bdab1fc09fefd69f - - default default] Tap Mirror: Handle Delete Port: f671268e-0611-4bd8-995a-4449069ed9d7 [pid: 8|app: 0|req: 1303/2545] 10.0.0.212 () {32 vars in 724 bytes} [Wed Apr 15 08:53:48 2026] DELETE /v2.0/networks/30f6dcba-09f2-4799-9ee7-991eb6ab0759 => generated 0 bytes in 378 msecs (HTTP/1.1 204) 3 headers in 131 bytes (1 switches on core 0)
2026-04-15 08:53:48.853 8 INFO neutron_taas.services.taas.taas_plugin [None req-ab80e2c8-8b18-484b-ad89-a156dcc078a5 47ec4a5c2d0540ceb2c35881d586c116 fbef10b104ae4694bdab1fc09fefd69f - - default default] TaaS: Handle Delete Port: bb1dc271-614d-4dcb-9226-39467df94434
2026-04-15 08:53:48.857 8 INFO neutron_taas.services.taas.tap_mirror_plugin [None req-ab80e2c8-8b18-484b-ad89-a156dcc078a5 47ec4a5c2d0540ceb2c35881d586c116 fbef10b104ae4694bdab1fc09fefd69f - - default default] Tap Mirror: Handle Delete Port: bb1dc271-614d-4dcb-9226-39467df94434
2026-04-15 08:53:48.972 7 INFO neutron.plugins.ml2.drivers.ovn.mech_driver.ovsdb.commands [None req-3b3f54ae-4ea5-4147-b633-a5f5d1447ac9 - - - - - -] Schedule LRP lrp-377dca98-a174-4a42-a3a4-b5293a8db458 on gateway fa12846d-bcbe-4d06-8dba-dcbe66d689fa with priority 1
2026-04-15 08:53:49.039 7 INFO neutron.plugins.ml2.drivers.ovn.mech_driver.mech_driver [None req-df464218-c843-4493-8f10-9d10849605f2 - - - - - -] OVN reports status up for port: 377dca98-a174-4a42-a3a4-b5293a8db458
2026-04-15 08:53:49.052 8 INFO neutron.plugins.ml2.drivers.ovn.mech_driver.ovsdb.ovsdb_monitor [None req-50e036c4-50f5-456a-bf9b-821fd0210f1f - - - - - -] Router 3d417bca-def6-415a-bc95-3574a3e9d70c is bound to host instance
2026-04-15 08:53:49.081 7 INFO neutron.plugins.ml2.plugin [None req-df464218-c843-4493-8f10-9d10849605f2 - - - - - -] Attempt 1 to provision port 377dca98-a174-4a42-a3a4-b5293a8db458
2026-04-15 08:53:49.102 7 INFO neutron.db.ovn_revision_numbers_db [None req-62941e93-4462-4600-9f01-f592e188b4db 089472ad06e046c8b34bebf3c5da5506 1cad85b0a47243b18963b7840e8c2182 - - default default] Successfully bumped revision number for resource 377dca98-a174-4a42-a3a4-b5293a8db458 (type: router_ports) to 1 [pid: 8|app: 0|req: 1304/2546] 10.0.0.212 () {32 vars in 724 bytes} [Wed Apr 15 08:53:48 2026] DELETE /v2.0/networks/0f6cc8a9-141a-47b8-913b-5aa83c7b568d => generated 0 bytes in 464 msecs (HTTP/1.1 204) 3 headers in 131 bytes (1 switches on core 0)
2026-04-15 08:53:49.248 7 INFO neutron.db.ovn_revision_numbers_db [None req-62941e93-4462-4600-9f01-f592e188b4db 089472ad06e046c8b34bebf3c5da5506 1cad85b0a47243b18963b7840e8c2182 - - default default] Successfully bumped revision number for resource 3d417bca-def6-415a-bc95-3574a3e9d70c (type: routers) to 2 [pid: 7|app: 0|req: 1243/2547] 10.0.0.212 () {34 vars in 667 bytes} [Wed Apr 15 08:53:47 2026] POST /v2.0/routers => generated 955 bytes in 1693 msecs (HTTP/1.1 201) 4 headers in 162 bytes (1 switches on core 0) [pid: 7|app: 0|req: 1244/2548] 10.0.0.212 () {32 vars in 774 bytes} [Wed Apr 15 08:53:49 2026] GET /v2.0/subnets?project_id=1cad85b0a47243b18963b7840e8c2182&cidr=10.100.0.0%2F28 => generated 14 bytes in 48 msecs (HTTP/1.1 200) 4 headers in 156 bytes (1 switches on core 0) [pid: 7|app: 0|req: 1245/2549] 10.0.0.212 () {32 vars in 692 bytes} [Wed Apr 15 08:53:49 2026] GET /v2.0/networks?router%3Aexternal=True => generated 791 bytes in 48 msecs (HTTP/1.1 200) 4 headers in 157 bytes (1 switches on core 0) [pid: 7|app: 0|req: 1246/2550] 10.0.0.212 () {32 vars in 782 bytes} [Wed Apr 15 08:53:49 2026] GET /v2.0/subnets?network_id=b99deacb-63a9-4bb2-b18c-759ee2048ffa&cidr=10.100.0.0%2F28 => generated 14 bytes in 23 msecs (HTTP/1.1 200) 4 headers in 156 bytes (1 switches on core 0)
2026-04-15 08:53:49.480 8 INFO neutron_taas.services.taas.taas_plugin [None req-0c29faa4-2f51-427d-9f79-901cdb226ee5 47ec4a5c2d0540ceb2c35881d586c116 fbef10b104ae4694bdab1fc09fefd69f - - default default] TaaS: Handle Delete Port: e307fc50-1ef0-40b2-b250-15fa392ae67c
2026-04-15 08:53:49.486 8 INFO neutron_taas.services.taas.tap_mirror_plugin [None req-0c29faa4-2f51-427d-9f79-901cdb226ee5 47ec4a5c2d0540ceb2c35881d586c116 fbef10b104ae4694bdab1fc09fefd69f - - default default] Tap Mirror: Handle Delete Port: e307fc50-1ef0-40b2-b250-15fa392ae67c [pid: 8|app: 0|req: 1305/2551] 10.0.0.212 () {32 vars in 724 bytes} [Wed Apr 15 08:53:49 2026] DELETE /v2.0/networks/489f9112-92b5-47ff-af37-613ea38102bd => generated 0 bytes in 681 msecs (HTTP/1.1 204) 3 headers in 131 bytes (1 switches on core 0)
2026-04-15 08:53:49.967 8 INFO neutron.services.segments.plugin [-] Segment 2c750960-7d2a-4a0e-a786-23dce99884d3 resource provider aggregate not found
2026-04-15 08:53:50.005 8 INFO neutron.services.segments.plugin [-] Segment 2c750960-7d2a-4a0e-a786-23dce99884d3 resource provider aggregate not found
2026-04-15 08:53:50.008 8 INFO neutron.services.segments.plugin [-] Segment 2c750960-7d2a-4a0e-a786-23dce99884d3 resource provider not found; error: Placement Client Error (4xx): {"errors": [{"status": 404, "title": "Not Found", "detail": "The resource could not be found.\n\n No resource provider with uuid 2c750960-7d2a-4a0e-a786-23dce99884d3 found for delete ", "request_id": "req-dca7604c-c678-432f-83e5-3512d437eacb"}]}
2026-04-15 08:53:50.028 8 INFO neutron.services.segments.plugin [-] Segment 2c750960-7d2a-4a0e-a786-23dce99884d3 resource provider not found; error: Placement Client Error (4xx): {"errors": [{"status": 404, "title": "Not Found", "detail": "The resource could not be found.\n\n No resource provider with uuid 2c750960-7d2a-4a0e-a786-23dce99884d3 found for delete ", "request_id": "req-0833e3a2-def8-4caa-b373-801419d50295"}]}
2026-04-15 08:53:50.035 8 INFO neutron.services.segments.plugin [-] Segment 2eaef3fd-8375-40df-b2e3-abd4d43a1906 resource provider aggregate not found
2026-04-15 08:53:50.044 8 INFO neutron.services.segments.plugin [-] Segment 2eaef3fd-8375-40df-b2e3-abd4d43a1906 resource provider aggregate not found
2026-04-15 08:53:50.060 8 INFO neutron.services.segments.plugin [-] Segment 2eaef3fd-8375-40df-b2e3-abd4d43a1906 resource provider not found; error: Placement Client Error (4xx): {"errors": [{"status": 404, "title": "Not Found", "detail": "The resource could not be found.\n\n No resource provider with uuid 2eaef3fd-8375-40df-b2e3-abd4d43a1906 found for delete ", "request_id": "req-30845503-f76e-43ea-9e60-1d939db9e8e5"}]}
2026-04-15 08:53:50.067 8 INFO neutron.services.segments.plugin [-] Segment 2eaef3fd-8375-40df-b2e3-abd4d43a1906 resource provider not found; error: Placement Client Error (4xx): {"errors": [{"status": 404, "title": "Not Found", "detail": "The resource could not be found.\n\n No resource provider with uuid 2eaef3fd-8375-40df-b2e3-abd4d43a1906 found for delete ", "request_id": "req-a080d4a4-ee26-4cfa-812e-a0ccc0ae9263"}]}
2026-04-15 08:53:50.087 8 INFO neutron.services.segments.plugin [-] Segment b16e4bc3-2b87-4185-8e5c-e901365cba60 resource provider aggregate not found
2026-04-15 08:53:50.102 8 INFO neutron.services.segments.plugin [-] Segment b16e4bc3-2b87-4185-8e5c-e901365cba60 resource provider aggregate not found
2026-04-15 08:53:50.107 8 INFO neutron.services.segments.plugin [-] Segment b16e4bc3-2b87-4185-8e5c-e901365cba60 resource provider not found; error: Placement Client Error (4xx): {"errors": [{"status": 404, "title": "Not Found", "detail": "The resource could not be found.\n\n No resource provider with uuid b16e4bc3-2b87-4185-8e5c-e901365cba60 found for delete ", "request_id": "req-de3aca67-dec0-4917-aac9-e65100043dc7"}]}
2026-04-15 08:53:50.127 8 INFO neutron.services.segments.plugin [-] Segment 33c7d573-4e67-4525-878c-c40b95dfba0d resource provider aggregate not found
2026-04-15 08:53:50.129 8 INFO neutron.services.segments.plugin [-] Segment b16e4bc3-2b87-4185-8e5c-e901365cba60 resource provider not found; error: Placement Client Error (4xx): {"errors": [{"status": 404, "title": "Not Found", "detail": "The resource could not be found.\n\n No resource provider with uuid b16e4bc3-2b87-4185-8e5c-e901365cba60 found for delete ", "request_id": "req-5f2a345d-442e-4340-9689-fcd24affb97b"}]}
2026-04-15 08:53:50.157 8 INFO neutron.services.segments.plugin [-] Segment 33c7d573-4e67-4525-878c-c40b95dfba0d resource provider aggregate not found
2026-04-15 08:53:50.165 8 INFO neutron.services.segments.plugin [-] Segment 33c7d573-4e67-4525-878c-c40b95dfba0d resource provider not found; error: Placement Client Error (4xx): {"errors": [{"status": 404, "title": "Not Found", "detail": "The resource could not be found.\n\n No resource provider with uuid 33c7d573-4e67-4525-878c-c40b95dfba0d found for delete ", "request_id": "req-24836d83-2b5d-4e1a-bfac-2c3b9bec8af2"}]}
2026-04-15 08:53:50.178 8 INFO neutron.services.segments.plugin [-] Segment 33c7d573-4e67-4525-878c-c40b95dfba0d resource provider not found; error: Placement Client Error (4xx): {"errors": [{"status": 404, "title": "Not Found", "detail": "The resource could not be found.\n\n No resource provider with uuid 33c7d573-4e67-4525-878c-c40b95dfba0d found for delete ", "request_id": "req-e35fd22a-d77c-45d8-a507-8c2edf3e756f"}]}
2026-04-15 08:53:50.321 7 WARNING neutron.scheduler.dhcp_agent_scheduler [None req-ec19fd7b-ec9e-4b50-b97b-3d7798f8389c 089472ad06e046c8b34bebf3c5da5506 1cad85b0a47243b18963b7840e8c2182 - - default default] No more DHCP agents
2026-04-15 08:53:50.323 7 WARNING neutron.api.rpc.agentnotifiers.dhcp_rpc_agent_api [None req-ec19fd7b-ec9e-4b50-b97b-3d7798f8389c 089472ad06e046c8b34bebf3c5da5506 1cad85b0a47243b18963b7840e8c2182 - - default default] Unable to schedule network 02914ff4-dcd0-4b3f-9c8c-411d0ab82420: no agents available; will retry on subsequent port and subnet creation events.
2026-04-15 08:53:50.390 8 INFO neutron.db.ovn_revision_numbers_db [None req-a6168c3e-7735-4cdc-b334-d69b7676c4ca - - - - - -] Successfully bumped revision number for resource 377dca98-a174-4a42-a3a4-b5293a8db458 (type: ports) to 4
2026-04-15 08:53:50.691 8 INFO neutron.db.ovn_revision_numbers_db [None req-a6168c3e-7735-4cdc-b334-d69b7676c4ca - - - - - -] Successfully bumped revision number for resource 377dca98-a174-4a42-a3a4-b5293a8db458 (type: ports) to 5
2026-04-15 08:53:50.843 7 INFO neutron.db.ovn_revision_numbers_db [None req-89d5d82a-f9a8-4e5d-8b31-42391fe62725 - - - - - -] Successfully bumped revision number for resource 9f91473e-2da2-418c-abb4-59b6937cbe23 (type: ports) to 2
2026-04-15 08:53:50.879 7 INFO neutron.db.ovn_revision_numbers_db [None req-89d5d82a-f9a8-4e5d-8b31-42391fe62725 - - - - - -] Successfully bumped revision number for resource 7e7def67-9cc0-4a15-97ab-325305509b03 (type: subnets) to 0 [pid: 7|app: 0|req: 1247/2554] 10.0.0.212 () {34 vars in 667 bytes} [Wed Apr 15 08:53:49 2026] POST /v2.0/subnets => generated 657 bytes in 1489 msecs (HTTP/1.1 201) 4 headers in 162 bytes (1 switches on core 0)
2026-04-15 08:53:51.197 8 INFO neutron.db.ovn_revision_numbers_db [None req-54b5f697-c744-4ccb-8252-3e508c5f7448 6c2fca3a4b0b423cbf36429996255921 b6e1053b293d4a4aaf9d005d39ec35fa - - default default] Successfully bumped revision number for resource ba67ec69-c751-4b19-b386-9a7c8a22beac (type: security_groups) to 1
2026-04-15 08:53:51.211 8 INFO neutron.db.ovn_revision_numbers_db [None req-54b5f697-c744-4ccb-8252-3e508c5f7448 6c2fca3a4b0b423cbf36429996255921 b6e1053b293d4a4aaf9d005d39ec35fa - - default default] Successfully bumped revision number for resource 55145637-f142-4a09-8605-a922b6c48dd1 (type: security_group_rules) to 0
2026-04-15 08:53:51.224 8 INFO neutron.db.ovn_revision_numbers_db [None req-54b5f697-c744-4ccb-8252-3e508c5f7448 6c2fca3a4b0b423cbf36429996255921 b6e1053b293d4a4aaf9d005d39ec35fa - - default default] Successfully bumped revision number for resource 88150238-2f03-4990-ada8-02e89811a8d4 (type: security_group_rules) to 0
2026-04-15 08:53:51.235 8 INFO neutron.db.ovn_revision_numbers_db [None req-54b5f697-c744-4ccb-8252-3e508c5f7448 6c2fca3a4b0b423cbf36429996255921 b6e1053b293d4a4aaf9d005d39ec35fa - - default default] Successfully bumped revision number for resource c5791236-e17b-453a-be38-1c21e402983a (type: security_group_rules) to 0
2026-04-15 08:53:51.249 8 INFO neutron.db.ovn_revision_numbers_db [None req-54b5f697-c744-4ccb-8252-3e508c5f7448 6c2fca3a4b0b423cbf36429996255921 b6e1053b293d4a4aaf9d005d39ec35fa - - default default] Successfully bumped revision number for resource faedb6b9-58c6-454a-ae40-1f30edbfb689 (type: security_group_rules) to 0 [pid: 8|app: 0|req: 1308/2555] 10.0.0.212 () {32 vars in 772 bytes} [Wed Apr 15 08:53:50 2026] GET /v2.0/security-groups?tenant_id=88285dbb37ee4bd1be3a972c3b71384f&name=default => generated 2925 bytes in 417 msecs (HTTP/1.1 200) 4 headers in 158 bytes (1 switches on core 0)
2026-04-15 08:53:51.425 7 WARNING neutron.scheduler.dhcp_agent_scheduler [None req-aeeac1d5-5347-498c-a2af-5ceabbe6f064 089472ad06e046c8b34bebf3c5da5506 1cad85b0a47243b18963b7840e8c2182 - - default default] No more DHCP agents
2026-04-15 08:53:51.426 7 WARNING neutron.api.rpc.agentnotifiers.dhcp_rpc_agent_api [None req-aeeac1d5-5347-498c-a2af-5ceabbe6f064 089472ad06e046c8b34bebf3c5da5506 1cad85b0a47243b18963b7840e8c2182 - - default default] Unable to schedule network 02914ff4-dcd0-4b3f-9c8c-411d0ab82420: no agents available; will retry on subsequent port and subnet creation events. [pid: 8|app: 0|req: 1309/2556] 10.0.0.212 () {32 vars in 738 bytes} [Wed Apr 15 08:53:51 2026] DELETE /v2.0/security-groups/ba67ec69-c751-4b19-b386-9a7c8a22beac => generated 0 bytes in 287 msecs (HTTP/1.1 204) 2 headers in 112 bytes (1 switches on core 0)
2026-04-15 08:53:51.608 7 INFO neutron.db.ovn_revision_numbers_db [None req-aeeac1d5-5347-498c-a2af-5ceabbe6f064 089472ad06e046c8b34bebf3c5da5506 1cad85b0a47243b18963b7840e8c2182 - - default default] Successfully bumped revision number for resource a540c03b-6e4f-4cfa-ad6f-f4a3b7809e4e (type: ports) to 1
2026-04-15 08:53:51.673 7 INFO neutron.plugins.ml2.drivers.ovn.mech_driver.mech_driver [None req-df464218-c843-4493-8f10-9d10849605f2 - - - - - -] OVN reports status down for port: a540c03b-6e4f-4cfa-ad6f-f4a3b7809e4e [pid: 8|app: 0|req: 1310/2557] 10.0.0.212 () {32 vars in 772 bytes} [Wed Apr 15 08:53:51 2026] GET /v2.0/security-groups?tenant_id=fbef10b104ae4694bdab1fc09fefd69f&name=default => generated 2925 bytes in 32 msecs (HTTP/1.1 200) 4 headers in 158 bytes (1 switches on core 0) [pid: 8|app: 0|req: 1311/2558] 10.0.0.212 () {32 vars in 738 bytes} [Wed Apr 15 08:53:51 2026] DELETE /v2.0/security-groups/45ebcd24-3437-49a8-b3f3-a7db13a60aa4 => generated 0 bytes in 257 msecs (HTTP/1.1 204) 2 headers in 112 bytes (1 switches on core 0)
2026-04-15 08:53:52.305 8 INFO neutron.db.ovn_revision_numbers_db [None req-5a9cad53-3e55-4104-8bf8-db61d5f12e2b 6c2fca3a4b0b423cbf36429996255921 b6e1053b293d4a4aaf9d005d39ec35fa - - default default] Successfully bumped revision number for resource efc5ea3c-a1ab-40ad-86b1-c326a0332bfd (type: security_groups) to 1
2026-04-15 08:53:52.317 8 INFO neutron.db.ovn_revision_numbers_db [None req-5a9cad53-3e55-4104-8bf8-db61d5f12e2b 6c2fca3a4b0b423cbf36429996255921 b6e1053b293d4a4aaf9d005d39ec35fa - - default default] Successfully bumped revision number for resource 1f18a863-9693-498f-825d-72b8bf756cb2 (type: security_group_rules) to 0
2026-04-15 08:53:52.330 8 INFO neutron.db.ovn_revision_numbers_db [None req-5a9cad53-3e55-4104-8bf8-db61d5f12e2b 6c2fca3a4b0b423cbf36429996255921 b6e1053b293d4a4aaf9d005d39ec35fa - - default default] Successfully bumped revision number for resource 6397199d-c615-4b91-934c-a677e6a2ea26 (type: security_group_rules) to 0
2026-04-15 08:53:52.342 8 INFO neutron.db.ovn_revision_numbers_db [None req-5a9cad53-3e55-4104-8bf8-db61d5f12e2b 6c2fca3a4b0b423cbf36429996255921 b6e1053b293d4a4aaf9d005d39ec35fa - - default default] Successfully bumped revision number for resource f47da1fa-493a-45e3-88f7-804d5ab4f68a (type: security_group_rules) to 0
2026-04-15 08:53:52.356 8 INFO neutron.db.ovn_revision_numbers_db [None req-5a9cad53-3e55-4104-8bf8-db61d5f12e2b 6c2fca3a4b0b423cbf36429996255921 b6e1053b293d4a4aaf9d005d39ec35fa - - default default] Successfully bumped revision number for resource fc85103a-0150-4d4c-80e8-c7f64bf3e932 (type: security_group_rules) to 0 [pid: 8|app: 0|req: 1312/2559] 10.0.0.212 () {32 vars in 772 bytes} [Wed Apr 15 08:53:52 2026] GET /v2.0/security-groups?tenant_id=66ad583a76b3412e8a699fe40b36b5bb&name=default => generated 2925 bytes in 256 msecs (HTTP/1.1 200) 4 headers in 158 bytes (1 switches on core 0)
2026-04-15 08:53:52.447 7 INFO neutron.plugins.ml2.drivers.ovn.mech_driver.mech_driver [None req-df464218-c843-4493-8f10-9d10849605f2 - - - - - -] OVN reports status up for port: a540c03b-6e4f-4cfa-ad6f-f4a3b7809e4e
2026-04-15 08:53:52.485 7 INFO neutron.plugins.ml2.plugin [None req-df464218-c843-4493-8f10-9d10849605f2 - - - - - -] Attempt 1 to provision port a540c03b-6e4f-4cfa-ad6f-f4a3b7809e4e
2026-04-15 08:53:52.611 7 WARNING neutron.scheduler.dhcp_agent_scheduler [None req-aeeac1d5-5347-498c-a2af-5ceabbe6f064 089472ad06e046c8b34bebf3c5da5506 1cad85b0a47243b18963b7840e8c2182 - - default default] No more DHCP agents
2026-04-15 08:53:52.618 7 WARNING neutron.api.rpc.agentnotifiers.dhcp_rpc_agent_api [None req-aeeac1d5-5347-498c-a2af-5ceabbe6f064 089472ad06e046c8b34bebf3c5da5506 1cad85b0a47243b18963b7840e8c2182 - - default default] Unable to schedule network 02914ff4-dcd0-4b3f-9c8c-411d0ab82420: no agents available; will retry on subsequent port and subnet creation events. [pid: 8|app: 0|req: 1313/2560] 10.0.0.212 () {32 vars in 738 bytes} [Wed Apr 15 08:53:52 2026] DELETE /v2.0/security-groups/efc5ea3c-a1ab-40ad-86b1-c326a0332bfd => generated 0 bytes in 311 msecs (HTTP/1.1 204) 2 headers in 112 bytes (1 switches on core 0)
2026-04-15 08:53:53.321 7 INFO neutron.db.ovn_revision_numbers_db [None req-df464218-c843-4493-8f10-9d10849605f2 - - - - - -] Successfully bumped revision number for resource a540c03b-6e4f-4cfa-ad6f-f4a3b7809e4e (type: ports) to 2
2026-04-15 08:53:53.484 7 INFO neutron.db.ovn_revision_numbers_db [None req-aeeac1d5-5347-498c-a2af-5ceabbe6f064 089472ad06e046c8b34bebf3c5da5506 1cad85b0a47243b18963b7840e8c2182 - - default default] Successfully bumped revision number for resource a540c03b-6e4f-4cfa-ad6f-f4a3b7809e4e (type: router_ports) to 1 [pid: 7|app: 0|req: 1248/2561] 10.0.0.212 () {34 vars in 781 bytes} [Wed Apr 15 08:53:50 2026] PUT /v2.0/routers/3d417bca-def6-415a-bc95-3574a3e9d70c/add_router_interface => generated 309 bytes in 2601 msecs (HTTP/1.1 200) 4 headers in 157 bytes (1 switches on core 0) [pid: 8|app: 0|req: 1314/2562] 10.0.0.212 () {32 vars in 647 bytes} [Wed Apr 15 08:53:53 2026] GET /v2.0/networks => generated 5554 bytes in 66 msecs (HTTP/1.1 200) 4 headers in 158 bytes (1 switches on core 0) [pid: 7|app: 0|req: 1249/2563] 10.0.0.212 () {32 vars in 645 bytes} [Wed Apr 15 08:53:53 2026] GET /v2.0/subnets => generated 6175 bytes in 60 msecs (HTTP/1.1 200) 4 headers in 158 bytes (1 switches on core 0) [pid: 8|app: 0|req: 1315/2564] 10.0.0.212 () {32 vars in 645 bytes} [Wed Apr 15 08:53:53 2026] GET /v2.0/routers => generated 1928 bytes in 74 msecs (HTTP/1.1 200) 4 headers in 158 bytes (1 switches on core 0)
2026-04-15 08:53:53.952 7 INFO neutron.db.ovn_revision_numbers_db [None req-3ba7b9a1-51f4-4037-850b-eb9849259507 089472ad06e046c8b34bebf3c5da5506 1cad85b0a47243b18963b7840e8c2182 - - default default] Successfully bumped revision number for resource 7a865eed-d3ef-4908-afaa-66a175ec5e6e (type: security_groups) to 1
2026-04-15 08:53:53.967 7 INFO neutron.db.ovn_revision_numbers_db [None req-3ba7b9a1-51f4-4037-850b-eb9849259507 089472ad06e046c8b34bebf3c5da5506 1cad85b0a47243b18963b7840e8c2182 - - default default] Successfully bumped revision number for resource c83eaee0-c87e-4ba2-9acc-b9dbdef798eb (type: security_group_rules) to 0
2026-04-15 08:53:54.009 7 INFO neutron.db.ovn_revision_numbers_db [None req-3ba7b9a1-51f4-4037-850b-eb9849259507 089472ad06e046c8b34bebf3c5da5506 1cad85b0a47243b18963b7840e8c2182 - - default default] Successfully bumped revision number for resource fa4c3bf4-16b6-41d3-a8eb-9ffd6045d97d (type: security_group_rules) to 0 [pid: 7|app: 0|req: 1250/2565] 10.0.0.212 () {34 vars in 683 bytes} [Wed Apr 15 08:53:53 2026] POST /v2.0/security-groups => generated 1675 bytes in 260 msecs (HTTP/1.1 201) 4 headers in 163 bytes (1 switches on core 0)
2026-04-15 08:53:54.222 8 INFO neutron.db.ovn_revision_numbers_db [None req-bed7c4f2-ba6e-478b-b8f1-b705f258f702 089472ad06e046c8b34bebf3c5da5506 1cad85b0a47243b18963b7840e8c2182 - - default default] Successfully bumped revision number for resource 2852b785-86b5-4db2-8e93-22993528e7a1 (type: security_group_rules) to 0 [pid: 8|app: 0|req: 1316/2566] 10.0.0.212 () {34 vars in 693 bytes} [Wed Apr 15 08:53:54 2026] POST /v2.0/security-group-rules => generated 597 bytes in 219 msecs (HTTP/1.1 201) 4 headers in 162 bytes (1 switches on core 0)
2026-04-15 08:53:54.455 7 INFO neutron.db.ovn_revision_numbers_db [None req-1dc1a263-9d69-40db-a33c-4fe29b223e36 089472ad06e046c8b34bebf3c5da5506 1cad85b0a47243b18963b7840e8c2182 - - default default] Successfully bumped revision number for resource 3a5ac76c-44cb-4fcb-b9e3-1a38ee7acbd4 (type: security_group_rules) to 0 [pid: 7|app: 0|req: 1251/2567] 10.0.0.212 () {34 vars in 693 bytes} [Wed Apr 15 08:53:54 2026] POST /v2.0/security-group-rules => generated 596 bytes in 213 msecs (HTTP/1.1 201) 4 headers in 162 bytes (1 switches on core 0)
2026-04-15 08:53:54.656 8 INFO neutron.db.ovn_revision_numbers_db [None req-1b78d17e-2049-4344-85c4-d4b4319bea62 089472ad06e046c8b34bebf3c5da5506 1cad85b0a47243b18963b7840e8c2182 - - default default] Successfully bumped revision number for resource d3078a2c-3e84-482b-9b73-3530cd4c9894 (type: security_group_rules) to 0 [pid: 8|app: 0|req: 1317/2568] 10.0.0.212 () {34 vars in 693 bytes} [Wed Apr 15 08:53:54 2026] POST /v2.0/security-group-rules => generated 602 bytes in 214 msecs (HTTP/1.1 201) 4 headers in 162 bytes (1 switches on core 0)
2026-04-15 08:53:54.905 7 INFO neutron.db.ovn_revision_numbers_db [None req-e7900d20-fba4-4f40-819d-c8d5b9f7eaa3 089472ad06e046c8b34bebf3c5da5506 1cad85b0a47243b18963b7840e8c2182 - - default default] Successfully bumped revision number for resource 2786648e-6c28-4ba3-acc7-62ef32072c9c (type: security_group_rules) to 0 [pid: 7|app: 0|req: 1252/2569] 10.0.0.212 () {34 vars in 693 bytes} [Wed Apr 15 08:53:54 2026] POST /v2.0/security-group-rules => generated 601 bytes in 227 msecs (HTTP/1.1 201) 4 headers in 162 bytes (1 switches on core 0)
