2026-04-15 08:50:09.626 7 INFO neutron_taas.services.taas.tap_mirror_plugin [None req-aa13c3ed-7be7-4e84-ba00-dac761287fab 745971321ccd44dbac1c72e1880fdd8a 035a860b9f8347c1a56493e20baddb4f - - default default] Tap Mirror: Handle Delete Port: 061c3ad8-ccd7-4251-9f74-492d5144effb [pid: 7|app: 0|req: 503/1078] 10.0.0.212 () {32 vars in 724 bytes} [Wed Apr 15 08:50:09 2026] DELETE /v2.0/networks/f6711c9b-5de3-4460-a5c3-bb9ba89caea7 => generated 0 bytes in 419 msecs (HTTP/1.1 204) 3 headers in 131 bytes (1 switches on core 0) [pid: 7|app: 0|req: 504/1079] 10.0.0.152 () {34 vars in 988 bytes} [Wed Apr 15 08:50:09 2026] GET /v2.0/ports?device_id=364b079c-3ad7-4b7b-92f5-f894423e026d => generated 975 bytes in 39 msecs (HTTP/1.1 200) 4 headers in 157 bytes (1 switches on core 0) [pid: 7|app: 0|req: 505/1080] 10.0.0.212 () {32 vars in 647 bytes} [Wed Apr 15 08:50:09 2026] GET /v2.0/networks => generated 689 bytes in 101 msecs (HTTP/1.1 200) 4 headers in 157 bytes (1 switches on core 0)
2026-04-15 08:50:10.048 8 INFO neutron.plugins.ml2.drivers.ovn.mech_driver.mech_driver [None req-3fa9248f-c963-49ab-8b12-7fa9b9e40a7e - - - - - -] OVN reports status up for port: 4d60208c-2299-4688-a770-3e405aa5bd15 [pid: 7|app: 0|req: 506/1081] 10.0.0.152 () {34 vars in 1038 bytes} [Wed Apr 15 08:50:10 2026] GET /v2.0/security-groups?id=d4d1330b-9bd2-4d8b-a4d1-48731fa4c236&fields=id&fields=name => generated 113 bytes in 30 msecs (HTTP/1.1 200) 4 headers in 157 bytes (1 switches on core 0)
2026-04-15 08:50:10.077 8 INFO neutron_taas.services.taas.taas_plugin [None req-e0f969ed-7462-4ff5-b7b9-8e37b7ed81a2 6c2fca3a4b0b423cbf36429996255921 b6e1053b293d4a4aaf9d005d39ec35fa - - default default] TaaS: Handle Delete Port: 86e54f49-95a6-4d06-8f38-5fc98e116bd4
2026-04-15 08:50:10.082 8 INFO neutron.plugins.ml2.plugin [None req-3fa9248f-c963-49ab-8b12-7fa9b9e40a7e - - - - - -] Attempt 1 to provision port 4d60208c-2299-4688-a770-3e405aa5bd15
2026-04-15 08:50:10.089 8 INFO neutron_taas.services.taas.tap_mirror_plugin [None req-e0f969ed-7462-4ff5-b7b9-8e37b7ed81a2 6c2fca3a4b0b423cbf36429996255921 b6e1053b293d4a4aaf9d005d39ec35fa - - default default] Tap Mirror: Handle Delete Port: 86e54f49-95a6-4d06-8f38-5fc98e116bd4 [pid: 7|app: 0|req: 507/1082] 199.19.213.96 () {34 vars in 1077 bytes} [Wed Apr 15 08:50:10 2026] GET /v2.0/ports?tenant_id=ebef3d302a0c483fb2678c0ef2c429c6&device_id=364b079c-3ad7-4b7b-92f5-f894423e026d => generated 1213 bytes in 50 msecs (HTTP/1.1 200) 4 headers in 158 bytes (1 switches on core 0)
2026-04-15 08:50:10.540 8 INFO neutron.db.ovn_revision_numbers_db [None req-3fa9248f-c963-49ab-8b12-7fa9b9e40a7e - - - - - -] Successfully bumped revision number for resource 4d60208c-2299-4688-a770-3e405aa5bd15 (type: ports) to 7
2026-04-15 08:50:10.894 7 INFO neutron.db.segments_db [None req-2a47d542-245f-4747-a44c-fad9258fe676 745971321ccd44dbac1c72e1880fdd8a 035a860b9f8347c1a56493e20baddb4f - - default default] Added segment 48d3e448-039a-4c2b-b728-6c775c6d6927 of type geneve for network 4182becd-da75-46df-ae16-35b13213fee8
2026-04-15 08:50:10.928 7 INFO neutron.plugins.ml2.drivers.ovn.mech_driver.mech_driver [None req-11c30e81-5f71-4cf9-b98c-6aa4ebd2d632 - - - - - -] OVN reports status down for port: ad146199-0056-4f81-b2e4-b2425bd5e4a7 [pid: 8|app: 0|req: 576/1083] 10.0.0.212 () {34 vars in 787 bytes} [Wed Apr 15 08:50:09 2026] PUT /v2.0/routers/5ef9cc6f-4492-4979-a890-d8366f135f7c/remove_router_interface => generated 309 bytes in 1453 msecs (HTTP/1.1 200) 4 headers in 157 bytes (1 switches on core 0) /var/lib/openstack/lib/python3.12/site-packages/pycadf/identifier.py:70: UserWarning: Invalid uuid: neutron. To ensure interoperability, identifiers should be a valid uuid. warnings.warn(('Invalid uuid: %s. To ensure interoperability, ' [pid: 8|app: 0|req: 577/1084] 199.19.213.96 () {34 vars in 983 bytes} [Wed Apr 15 08:50:11 2026] GET /v2.0/networks?id=9c0082fc-a1c4-4d6a-8873-d85def0d746a => generated 812 bytes in 57 msecs (HTTP/1.1 200) 4 headers in 157 bytes (1 switches on core 0)
2026-04-15 08:50:11.176 7 INFO neutron.db.ovn_revision_numbers_db [None req-2a47d542-245f-4747-a44c-fad9258fe676 745971321ccd44dbac1c72e1880fdd8a 035a860b9f8347c1a56493e20baddb4f - - default default] Successfully bumped revision number for resource 4182becd-da75-46df-ae16-35b13213fee8 (type: networks) to 1 [pid: 8|app: 0|req: 578/1085] 10.0.0.152 () {34 vars in 988 bytes} [Wed Apr 15 08:50:11 2026] GET /v2.0/ports?device_id=ce3bc0c2-06f2-4772-b845-fbbf8df3a197 => generated 971 bytes in 44 msecs (HTTP/1.1 200) 4 headers in 157 bytes (1 switches on core 0)
2026-04-15 08:50:11.438 7 INFO neutron.services.segments.plugin [-] Segment 70d01ea4-138c-45eb-bc9b-250161c78036 resource provider aggregate not found
2026-04-15 08:50:11.462 7 INFO neutron.services.segments.plugin [-] Segment 70d01ea4-138c-45eb-bc9b-250161c78036 resource provider aggregate not found
2026-04-15 08:50:11.476 7 INFO neutron.services.segments.plugin [-] Segment 70d01ea4-138c-45eb-bc9b-250161c78036 resource provider not found; error: Placement Client Error (4xx): {"errors": [{"status": 404, "title": "Not Found", "detail": "The resource could not be found.\n\n No resource provider with uuid 70d01ea4-138c-45eb-bc9b-250161c78036 found for delete ", "request_id": "req-8e346c2e-53ed-4db7-b5be-62e5826a6c36"}]}
2026-04-15 08:50:11.480 7 INFO neutron.db.ovn_revision_numbers_db [None req-11c30e81-5f71-4cf9-b98c-6aa4ebd2d632 - - - - - -] Successfully bumped revision number for resource ad146199-0056-4f81-b2e4-b2425bd5e4a7 (type: ports) to 6
2026-04-15 08:50:11.498 7 INFO neutron.services.segments.plugin [-] Segment 70d01ea4-138c-45eb-bc9b-250161c78036 resource provider not found; error: Placement Client Error (4xx): {"errors": [{"status": 404, "title": "Not Found", "detail": "The resource could not be found.\n\n No resource provider with uuid 70d01ea4-138c-45eb-bc9b-250161c78036 found for delete ", "request_id": "req-8428c9d8-7398-4eac-a682-31a2fbb9d460"}]}
2026-04-15 08:50:11.531 7 WARNING neutron.scheduler.dhcp_agent_scheduler [None req-2a47d542-245f-4747-a44c-fad9258fe676 745971321ccd44dbac1c72e1880fdd8a 035a860b9f8347c1a56493e20baddb4f - - default default] No more DHCP agents
2026-04-15 08:50:11.537 7 WARNING neutron.api.rpc.agentnotifiers.dhcp_rpc_agent_api [None req-2a47d542-245f-4747-a44c-fad9258fe676 745971321ccd44dbac1c72e1880fdd8a 035a860b9f8347c1a56493e20baddb4f - - default default] Unable to schedule network 4182becd-da75-46df-ae16-35b13213fee8: no agents available; will retry on subsequent port and subnet creation events.
2026-04-15 08:50:11.574 8 INFO neutron_taas.services.taas.taas_plugin [None req-25b3b577-9ea1-4145-90e7-ff56e09036d3 6c2fca3a4b0b423cbf36429996255921 b6e1053b293d4a4aaf9d005d39ec35fa - - default default] TaaS: Handle Delete Port: e709afc0-3d7a-4ff4-9142-5c2432b4a9e1
2026-04-15 08:50:11.592 8 INFO neutron_taas.services.taas.tap_mirror_plugin [None req-25b3b577-9ea1-4145-90e7-ff56e09036d3 6c2fca3a4b0b423cbf36429996255921 b6e1053b293d4a4aaf9d005d39ec35fa - - default default] Tap Mirror: Handle Delete Port: e709afc0-3d7a-4ff4-9142-5c2432b4a9e1
2026-04-15 08:50:11.674 8 INFO neutron.plugins.ml2.drivers.ovn.mech_driver.mech_driver [None req-88a09019-9fe3-4022-8ccc-09bbbe56b3ac - - - - - -] OVN reports status down for port: 1248d0dc-d2a2-49f4-af54-6f6cbde60c84
2026-04-15 08:50:11.693 7 INFO neutron.db.ovn_revision_numbers_db [None req-2a47d542-245f-4747-a44c-fad9258fe676 745971321ccd44dbac1c72e1880fdd8a 035a860b9f8347c1a56493e20baddb4f - - default default] Successfully bumped revision number for resource 1248d0dc-d2a2-49f4-af54-6f6cbde60c84 (type: ports) to 1 [pid: 7|app: 0|req: 508/1086] 10.0.0.212 () {34 vars in 668 bytes} [Wed Apr 15 08:50:10 2026] POST /v2.0/networks => generated 673 bytes in 1606 msecs (HTTP/1.1 201) 4 headers in 162 bytes (1 switches on core 0) /var/lib/openstack/lib/python3.12/site-packages/pycadf/identifier.py:70: UserWarning: Invalid uuid: neutron. To ensure interoperability, identifiers should be a valid uuid. warnings.warn(('Invalid uuid: %s. To ensure interoperability, ' [pid: 7|app: 0|req: 509/1087] 10.0.0.152 () {34 vars in 988 bytes} [Wed Apr 15 08:50:11 2026] GET /v2.0/ports?device_id=364b079c-3ad7-4b7b-92f5-f894423e026d => generated 973 bytes in 69 msecs (HTTP/1.1 200) 4 headers in 157 bytes (1 switches on core 0) [pid: 7|app: 0|req: 510/1088] 199.19.213.96 () {34 vars in 1057 bytes} [Wed Apr 15 08:50:11 2026] GET /v2.0/floatingips?fixed_ip_address=10.100.0.11&port_id=ad146199-0056-4f81-b2e4-b2425bd5e4a7 => generated 859 bytes in 42 msecs (HTTP/1.1 200) 4 headers in 157 bytes (1 switches on core 0) [pid: 7|app: 0|req: 511/1089] 10.0.0.152 () {34 vars in 1038 bytes} [Wed Apr 15 08:50:11 2026] GET /v2.0/security-groups?id=88f7e9ed-e7dd-44ae-a077-bc9b9b3f8fe4&fields=id&fields=name => generated 114 bytes in 29 msecs (HTTP/1.1 200) 4 headers in 157 bytes (1 switches on core 0)
2026-04-15 08:50:11.917 7 INFO neutron.notifiers.nova [-] Nova event matching ['req-db926cf3-ee06-4211-8d1c-509cd3140d09'] response: {'server_uuid': '364b079c-3ad7-4b7b-92f5-f894423e026d', 'name': 'network-vif-unplugged', 'status': 'completed', 'tag': 'ad146199-0056-4f81-b2e4-b2425bd5e4a7', 'code': 200}
2026-04-15 08:50:11.959 8 INFO neutron.notifiers.nova [-] Nova event matching ['req-1e905e58-0138-47ac-acae-33e4d21f77a8'] response: {'server_uuid': 'ce3bc0c2-06f2-4772-b845-fbbf8df3a197', 'name': 'network-vif-plugged', 'status': 'completed', 'tag': '4d60208c-2299-4688-a770-3e405aa5bd15', 'code': 200}
2026-04-15 08:50:11.959 8 INFO neutron.notifiers.nova [-] Nova event matching ['req-1e905e58-0138-47ac-acae-33e4d21f77a8'] response: {'server_uuid': 'ce3bc0c2-06f2-4772-b845-fbbf8df3a197', 'name': 'network-vif-plugged', 'status': 'completed', 'tag': '4d60208c-2299-4688-a770-3e405aa5bd15', 'code': 200}
2026-04-15 08:50:11.976 7 INFO neutron.db.segments_db [None req-021facb4-8b9b-4f76-8aa6-ae2268892f20 745971321ccd44dbac1c72e1880fdd8a 035a860b9f8347c1a56493e20baddb4f - - default default] Added segment 047360b7-8eb3-4f29-bac9-3adf2c438850 of type geneve for network e1793950-1cea-4950-965a-436fcb2e9237 [pid: 8|app: 0|req: 579/1090] 10.0.0.212 () {32 vars in 722 bytes} [Wed Apr 15 08:50:11 2026] DELETE /v2.0/routers/5ef9cc6f-4492-4979-a890-d8366f135f7c => generated 0 bytes in 949 msecs (HTTP/1.1 204) 2 headers in 112 bytes (1 switches on core 0)
2026-04-15 08:50:12.147 7 INFO neutron.db.ovn_revision_numbers_db [None req-021facb4-8b9b-4f76-8aa6-ae2268892f20 745971321ccd44dbac1c72e1880fdd8a 035a860b9f8347c1a56493e20baddb4f - - default default] Successfully bumped revision number for resource e1793950-1cea-4950-965a-436fcb2e9237 (type: networks) to 1 [pid: 8|app: 0|req: 580/1091] 10.0.0.152 () {34 vars in 1038 bytes} [Wed Apr 15 08:50:12 2026] GET /v2.0/security-groups?id=d4d1330b-9bd2-4d8b-a4d1-48731fa4c236&fields=id&fields=name => generated 113 bytes in 29 msecs (HTTP/1.1 200) 4 headers in 157 bytes (1 switches on core 0) [pid: 8|app: 0|req: 581/1092] 199.19.213.96 () {34 vars in 981 bytes} [Wed Apr 15 08:50:12 2026] GET /v2.0/subnets?id=f9bb3523-59b5-44c4-b031-8f53a5217b9d => generated 694 bytes in 23 msecs (HTTP/1.1 200) 4 headers in 157 bytes (1 switches on core 0) [pid: 8|app: 0|req: 582/1093] 199.19.213.96 () {34 vars in 991 bytes} [Wed Apr 15 08:50:12 2026] GET /v2.0/ports?device_id=364b079c-3ad7-4b7b-92f5-f894423e026d => generated 973 bytes in 33 msecs (HTTP/1.1 200) 4 headers in 157 bytes (1 switches on core 0)
2026-04-15 08:50:12.332 7 WARNING neutron.scheduler.dhcp_agent_scheduler [None req-021facb4-8b9b-4f76-8aa6-ae2268892f20 745971321ccd44dbac1c72e1880fdd8a 035a860b9f8347c1a56493e20baddb4f - - default default] No more DHCP agents
2026-04-15 08:50:12.333 7 WARNING neutron.api.rpc.agentnotifiers.dhcp_rpc_agent_api [None req-021facb4-8b9b-4f76-8aa6-ae2268892f20 745971321ccd44dbac1c72e1880fdd8a 035a860b9f8347c1a56493e20baddb4f - - default default] Unable to schedule network e1793950-1cea-4950-965a-436fcb2e9237: no agents available; will retry on subsequent port and subnet creation events.
2026-04-15 08:50:12.412 8 INFO neutron.plugins.ml2.drivers.ovn.mech_driver.mech_driver [None req-88a09019-9fe3-4022-8ccc-09bbbe56b3ac - - - - - -] OVN reports status down for port: b6e3241c-13b9-4a10-860f-4622dbf916c5
2026-04-15 08:50:12.454 7 INFO neutron.db.ovn_revision_numbers_db [None req-021facb4-8b9b-4f76-8aa6-ae2268892f20 745971321ccd44dbac1c72e1880fdd8a 035a860b9f8347c1a56493e20baddb4f - - default default] Successfully bumped revision number for resource b6e3241c-13b9-4a10-860f-4622dbf916c5 (type: ports) to 1 [pid: 8|app: 0|req: 583/1094] 10.0.0.212 () {32 vars in 722 bytes} [Wed Apr 15 08:50:12 2026] DELETE /v2.0/subnets/83a41c27-9d6c-4201-a61e-0f0b036e211f => generated 0 bytes in 240 msecs (HTTP/1.1 204) 3 headers in 131 bytes (1 switches on core 0) [pid: 7|app: 0|req: 512/1095] 10.0.0.212 () {34 vars in 668 bytes} [Wed Apr 15 08:50:11 2026] POST /v2.0/networks => generated 672 bytes in 615 msecs (HTTP/1.1 201) 4 headers in 162 bytes (1 switches on core 0) [pid: 8|app: 0|req: 584/1096] 199.19.213.96 () {34 vars in 1049 bytes} [Wed Apr 15 08:50:12 2026] GET /v2.0/ports?network_id=9c0082fc-a1c4-4d6a-8873-d85def0d746a&device_owner=network%3Adhcp => generated 12 bytes in 29 msecs (HTTP/1.1 200) 4 headers in 156 bytes (1 switches on core 0)
2026-04-15 08:50:12.619 7 INFO neutron_taas.services.taas.taas_plugin [req-34831111-0e9a-4750-ba6a-07f152d663e9 req-4086fc68-9af1-4f9d-83d0-e3f646b00dba ad7b02787b0547b5b341a788dcebcb93 ebef3d302a0c483fb2678c0ef2c429c6 - - default default] TaaS: Handle Delete Port: ad146199-0056-4f81-b2e4-b2425bd5e4a7
2026-04-15 08:50:12.622 7 INFO neutron_taas.services.taas.tap_mirror_plugin [req-34831111-0e9a-4750-ba6a-07f152d663e9 req-4086fc68-9af1-4f9d-83d0-e3f646b00dba ad7b02787b0547b5b341a788dcebcb93 ebef3d302a0c483fb2678c0ef2c429c6 - - default default] Tap Mirror: Handle Delete Port: ad146199-0056-4f81-b2e4-b2425bd5e4a7
2026-04-15 08:50:12.708 8 INFO neutron_taas.services.taas.taas_plugin [None req-5ba028e5-8f66-4466-a473-4e27c2526e90 6c2fca3a4b0b423cbf36429996255921 b6e1053b293d4a4aaf9d005d39ec35fa - - default default] TaaS: Handle Delete Port: 640d41ab-e36c-4827-9ba7-b94352bf24eb
2026-04-15 08:50:12.711 8 INFO neutron_taas.services.taas.tap_mirror_plugin [None req-5ba028e5-8f66-4466-a473-4e27c2526e90 6c2fca3a4b0b423cbf36429996255921 b6e1053b293d4a4aaf9d005d39ec35fa - - default default] Tap Mirror: Handle Delete Port: 640d41ab-e36c-4827-9ba7-b94352bf24eb
2026-04-15 08:50:12.858 7 INFO neutron.db.l3_db [req-34831111-0e9a-4750-ba6a-07f152d663e9 req-4086fc68-9af1-4f9d-83d0-e3f646b00dba ad7b02787b0547b5b341a788dcebcb93 ebef3d302a0c483fb2678c0ef2c429c6 - - default default] Floating IP 9c7aec05-9583-4d81-8a32-34b63217bc3c disassociated. External IP: 10.96.250.206, port: ad146199-0056-4f81-b2e4-b2425bd5e4a7.
2026-04-15 08:50:12.892 8 INFO neutron.services.segments.plugin [-] Segment ae1167b5-b884-43b1-82a3-3978ecf0dd39 resource provider aggregate not found
2026-04-15 08:50:12.898 8 INFO neutron.services.segments.plugin [-] Segment ae1167b5-b884-43b1-82a3-3978ecf0dd39 resource provider aggregate not found
2026-04-15 08:50:12.920 8 INFO neutron.services.segments.plugin [-] Segment ae1167b5-b884-43b1-82a3-3978ecf0dd39 resource provider not found; error: Placement Client Error (4xx): {"errors": [{"status": 404, "title": "Not Found", "detail": "The resource could not be found.\n\n No resource provider with uuid ae1167b5-b884-43b1-82a3-3978ecf0dd39 found for delete ", "request_id": "req-ea257ffd-ad86-4c5c-a9f7-915f513ae92a"}]}
2026-04-15 08:50:12.933 8 INFO neutron.services.segments.plugin [-] Segment ae1167b5-b884-43b1-82a3-3978ecf0dd39 resource provider not found; error: Placement Client Error (4xx): {"errors": [{"status": 404, "title": "Not Found", "detail": "The resource could not be found.\n\n No resource provider with uuid ae1167b5-b884-43b1-82a3-3978ecf0dd39 found for delete ", "request_id": "req-c5d31847-d0c5-4864-9d95-1ba380d06f2a"}]} [pid: 8|app: 0|req: 585/1097] 10.0.0.212 () {32 vars in 724 bytes} [Wed Apr 15 08:50:12 2026] DELETE /v2.0/networks/5d29d794-7a59-4db4-a4a3-99d17629d2bf => generated 0 bytes in 446 msecs (HTTP/1.1 204) 3 headers in 131 bytes (1 switches on core 0) [pid: 7|app: 0|req: 513/1098] 199.19.213.96 () {36 vars in 994 bytes} [Wed Apr 15 08:50:12 2026] DELETE /v2.0/ports/ad146199-0056-4f81-b2e4-b2425bd5e4a7 => generated 0 bytes in 558 msecs (HTTP/1.1 204) 3 headers in 131 bytes (1 switches on core 0) /var/lib/openstack/lib/python3.12/site-packages/pycadf/identifier.py:70: UserWarning: Invalid uuid: neutron. To ensure interoperability, identifiers should be a valid uuid. warnings.warn(('Invalid uuid: %s. To ensure interoperability, ' [pid: 7|app: 0|req: 514/1099] 199.19.213.96 () {34 vars in 1009 bytes} [Wed Apr 15 08:50:13 2026] GET /v2.0/networks/9c0082fc-a1c4-4d6a-8873-d85def0d746a?fields=segments => generated 14 bytes in 46 msecs (HTTP/1.1 200) 4 headers in 156 bytes (1 switches on core 0) [pid: 7|app: 0|req: 515/1100] 10.0.0.152 () {34 vars in 988 bytes} [Wed Apr 15 08:50:13 2026] GET /v2.0/ports?device_id=ce3bc0c2-06f2-4772-b845-fbbf8df3a197 => generated 971 bytes in 94 msecs (HTTP/1.1 200) 4 headers in 157 bytes (1 switches on core 0) [pid: 7|app: 0|req: 516/1101] 199.19.213.96 () {34 vars in 1109 bytes} [Wed Apr 15 08:50:13 2026] GET /v2.0/networks/9c0082fc-a1c4-4d6a-8873-d85def0d746a?fields=provider%3Aphysical_network&fields=provider%3Anetwork_type => generated 79 bytes in 35 msecs (HTTP/1.1 200) 4 headers in 156 bytes (1 switches on core 0) [pid: 7|app: 0|req: 517/1102] 10.0.0.152 () {34 vars in 1038 bytes} [Wed Apr 15 08:50:13 2026] GET /v2.0/security-groups?id=88f7e9ed-e7dd-44ae-a077-bc9b9b3f8fe4&fields=id&fields=name => generated 114 bytes in 36 msecs (HTTP/1.1 200) 4 headers in 157 bytes (1 switches on core 0) [pid: 7|app: 0|req: 518/1103] 10.0.0.212 () {32 vars in 772 bytes} [Wed Apr 15 08:50:13 2026] GET /v2.0/security-groups?tenant_id=ffc652527ad6486d836149200ff0a834&name=default => generated 2921 bytes in 26 msecs (HTTP/1.1 200) 4 headers in 158 bytes (1 switches on core 0) [pid: 7|app: 0|req: 519/1104] 10.0.0.152 () {34 vars in 988 bytes} [Wed Apr 15 08:50:13 2026] GET /v2.0/ports?device_id=364b079c-3ad7-4b7b-92f5-f894423e026d => generated 12 bytes in 17 msecs (HTTP/1.1 200) 4 headers in 156 bytes (1 switches on core 0)
2026-04-15 08:50:13.475 8 WARNING neutron.scheduler.dhcp_agent_scheduler [None req-62e82586-4af5-4dd1-967e-d992513c99e5 745971321ccd44dbac1c72e1880fdd8a 035a860b9f8347c1a56493e20baddb4f - - default default] No more DHCP agents
2026-04-15 08:50:13.476 8 WARNING neutron.api.rpc.agentnotifiers.dhcp_rpc_agent_api [None req-62e82586-4af5-4dd1-967e-d992513c99e5 745971321ccd44dbac1c72e1880fdd8a 035a860b9f8347c1a56493e20baddb4f - - default default] Unable to schedule network 4182becd-da75-46df-ae16-35b13213fee8: no agents available; will retry on subsequent port and subnet creation events.
2026-04-15 08:50:13.557 7 INFO neutron.plugins.ml2.drivers.ovn.mech_driver.mech_driver [None req-61d22ab8-1725-412e-90e9-cc2a2e7d8ba2 - - - - - -] OVN reports status down for port: 2ef078f7-e4c9-4f9b-b62c-3341140814f0 [pid: 7|app: 0|req: 520/1105] 10.0.0.212 () {32 vars in 738 bytes} [Wed Apr 15 08:50:13 2026] DELETE /v2.0/security-groups/3c75d722-48b8-45f7-aeaf-a5412da213c6 => generated 0 bytes in 270 msecs (HTTP/1.1 204) 2 headers in 112 bytes (1 switches on core 0)
2026-04-15 08:50:13.575 8 INFO neutron.db.ovn_revision_numbers_db [None req-62e82586-4af5-4dd1-967e-d992513c99e5 745971321ccd44dbac1c72e1880fdd8a 035a860b9f8347c1a56493e20baddb4f - - default default] Successfully bumped revision number for resource 2ef078f7-e4c9-4f9b-b62c-3341140814f0 (type: ports) to 1
2026-04-15 08:50:13.625 8 WARNING neutron.scheduler.dhcp_agent_scheduler [None req-62e82586-4af5-4dd1-967e-d992513c99e5 745971321ccd44dbac1c72e1880fdd8a 035a860b9f8347c1a56493e20baddb4f - - default default] No more DHCP agents
2026-04-15 08:50:13.631 8 WARNING neutron.api.rpc.agentnotifiers.dhcp_rpc_agent_api [None req-62e82586-4af5-4dd1-967e-d992513c99e5 745971321ccd44dbac1c72e1880fdd8a 035a860b9f8347c1a56493e20baddb4f - - default default] Unable to schedule network e1793950-1cea-4950-965a-436fcb2e9237: no agents available; will retry on subsequent port and subnet creation events.
2026-04-15 08:50:13.703 7 INFO neutron.plugins.ml2.drivers.ovn.mech_driver.mech_driver [None req-61d22ab8-1725-412e-90e9-cc2a2e7d8ba2 - - - - - -] OVN reports status down for port: 1ace89a4-590a-440e-bb75-be754172bfa3
2026-04-15 08:50:13.733 8 INFO neutron.db.ovn_revision_numbers_db [None req-62e82586-4af5-4dd1-967e-d992513c99e5 745971321ccd44dbac1c72e1880fdd8a 035a860b9f8347c1a56493e20baddb4f - - default default] Successfully bumped revision number for resource 1ace89a4-590a-440e-bb75-be754172bfa3 (type: ports) to 1 [pid: 8|app: 0|req: 586/1106] 10.0.0.212 () {34 vars in 663 bytes} [Wed Apr 15 08:50:12 2026] POST /v2.0/ports => generated 1506 bytes in 874 msecs (HTTP/1.1 201) 4 headers in 163 bytes (1 switches on core 0)
2026-04-15 08:50:13.965 7 INFO neutron.notifiers.nova [-] Nova event matching ['req-3d490b85-b179-43e6-a8f8-f2c1f3608bcb'] response: {'server_uuid': '364b079c-3ad7-4b7b-92f5-f894423e026d', 'name': 'network-vif-unplugged', 'status': 'completed', 'tag': 'ad146199-0056-4f81-b2e4-b2425bd5e4a7', 'code': 200}
2026-04-15 08:50:13.968 7 INFO neutron.notifiers.nova [-] Nova event matching ['req-3d490b85-b179-43e6-a8f8-f2c1f3608bcb'] response: {'server_uuid': '364b079c-3ad7-4b7b-92f5-f894423e026d', 'name': 'network-vif-deleted', 'tag': 'ad146199-0056-4f81-b2e4-b2425bd5e4a7', 'status': 'completed', 'code': 200} [pid: 7|app: 0|req: 521/1107] 10.0.0.212 () {32 vars in 641 bytes} [Wed Apr 15 08:50:13 2026] GET /v2.0/ports => generated 3018 bytes in 167 msecs (HTTP/1.1 200) 4 headers in 158 bytes (1 switches on core 0) /var/lib/openstack/lib/python3.12/site-packages/pycadf/identifier.py:70: UserWarning: Invalid uuid: neutron. To ensure interoperability, identifiers should be a valid uuid. warnings.warn(('Invalid uuid: %s. To ensure interoperability, '
2026-04-15 08:50:14.153 8 INFO neutron_taas.services.taas.taas_plugin [None req-34b5a24d-4519-4961-9a23-acd2bd92b162 745971321ccd44dbac1c72e1880fdd8a 035a860b9f8347c1a56493e20baddb4f - - default default] TaaS: Handle Delete Port: 2ef078f7-e4c9-4f9b-b62c-3341140814f0
2026-04-15 08:50:14.155 8 INFO neutron_taas.services.taas.tap_mirror_plugin [None req-34b5a24d-4519-4961-9a23-acd2bd92b162 745971321ccd44dbac1c72e1880fdd8a 035a860b9f8347c1a56493e20baddb4f - - default default] Tap Mirror: Handle Delete Port: 2ef078f7-e4c9-4f9b-b62c-3341140814f0 [pid: 8|app: 0|req: 587/1108] 10.0.0.212 () {32 vars in 718 bytes} [Wed Apr 15 08:50:13 2026] DELETE /v2.0/ports/2ef078f7-e4c9-4f9b-b62c-3341140814f0 => generated 0 bytes in 275 msecs (HTTP/1.1 204) 3 headers in 131 bytes (1 switches on core 0) [pid: 8|app: 0|req: 588/1109] 10.0.0.152 () {34 vars in 988 bytes} [Wed Apr 15 08:50:14 2026] GET /v2.0/ports?device_id=364b079c-3ad7-4b7b-92f5-f894423e026d => generated 12 bytes in 19 msecs (HTTP/1.1 200) 4 headers in 156 bytes (1 switches on core 0)
2026-04-15 08:50:14.415 7 INFO neutron_taas.services.taas.taas_plugin [None req-ed2581bf-ab60-41ac-b4d1-3ecd10ad8b0a 745971321ccd44dbac1c72e1880fdd8a 035a860b9f8347c1a56493e20baddb4f - - default default] TaaS: Handle Delete Port: 1ace89a4-590a-440e-bb75-be754172bfa3
2026-04-15 08:50:14.417 7 INFO neutron_taas.services.taas.tap_mirror_plugin [None req-ed2581bf-ab60-41ac-b4d1-3ecd10ad8b0a 745971321ccd44dbac1c72e1880fdd8a 035a860b9f8347c1a56493e20baddb4f - - default default] Tap Mirror: Handle Delete Port: 1ace89a4-590a-440e-bb75-be754172bfa3 [pid: 7|app: 0|req: 522/1110] 10.0.0.212 () {32 vars in 718 bytes} [Wed Apr 15 08:50:14 2026] DELETE /v2.0/ports/1ace89a4-590a-440e-bb75-be754172bfa3 => generated 0 bytes in 231 msecs (HTTP/1.1 204) 3 headers in 131 bytes (1 switches on core 0) [pid: 8|app: 0|req: 589/1111] 10.0.0.212 () {32 vars in 641 bytes} [Wed Apr 15 08:50:14 2026] GET /v2.0/ports => generated 1523 bytes in 59 msecs (HTTP/1.1 200) 4 headers in 158 bytes (1 switches on core 0)
2026-04-15 08:50:14.707 7 INFO neutron.db.segments_db [None req-44c329cb-274f-483b-a8a4-336481a58287 745971321ccd44dbac1c72e1880fdd8a 035a860b9f8347c1a56493e20baddb4f - - default default] Added segment 78241e0a-a81a-42fa-8126-b4304f433c9c of type geneve for network 1a834153-acc9-41a7-9e54-aee4438c851c
2026-04-15 08:50:14.834 7 INFO neutron.db.ovn_revision_numbers_db [None req-44c329cb-274f-483b-a8a4-336481a58287 745971321ccd44dbac1c72e1880fdd8a 035a860b9f8347c1a56493e20baddb4f - - default default] Successfully bumped revision number for resource 1a834153-acc9-41a7-9e54-aee4438c851c (type: networks) to 1
2026-04-15 08:50:15.012 7 WARNING neutron.scheduler.dhcp_agent_scheduler [None req-44c329cb-274f-483b-a8a4-336481a58287 745971321ccd44dbac1c72e1880fdd8a 035a860b9f8347c1a56493e20baddb4f - - default default] No more DHCP agents
2026-04-15 08:50:15.014 7 WARNING neutron.api.rpc.agentnotifiers.dhcp_rpc_agent_api [None req-44c329cb-274f-483b-a8a4-336481a58287 745971321ccd44dbac1c72e1880fdd8a 035a860b9f8347c1a56493e20baddb4f - - default default] Unable to schedule network 1a834153-acc9-41a7-9e54-aee4438c851c: no agents available; will retry on subsequent port and subnet creation events.
2026-04-15 08:50:15.069 7 INFO neutron.plugins.ml2.drivers.ovn.mech_driver.mech_driver [None req-61d22ab8-1725-412e-90e9-cc2a2e7d8ba2 - - - - - -] OVN reports status down for port: 493edb3d-112a-4a21-a6fd-d116ea7c9a31
2026-04-15 08:50:15.125 7 INFO neutron.db.ovn_revision_numbers_db [None req-44c329cb-274f-483b-a8a4-336481a58287 745971321ccd44dbac1c72e1880fdd8a 035a860b9f8347c1a56493e20baddb4f - - default default] Successfully bumped revision number for resource 493edb3d-112a-4a21-a6fd-d116ea7c9a31 (type: ports) to 1 [pid: 7|app: 0|req: 523/1112] 10.0.0.212 () {34 vars in 668 bytes} [Wed Apr 15 08:50:14 2026] POST /v2.0/networks => generated 673 bytes in 582 msecs (HTTP/1.1 201) 4 headers in 162 bytes (1 switches on core 0)
2026-04-15 08:50:15.281 8 INFO neutron.db.segments_db [None req-14cb5116-9c59-4986-a6fe-2719de25b070 745971321ccd44dbac1c72e1880fdd8a 035a860b9f8347c1a56493e20baddb4f - - default default] Added segment 8bddd6d8-cf75-4597-9008-a3f0d3b124b7 of type geneve for network 253bae50-ada6-4d18-9d4c-e436cca9fd19
2026-04-15 08:50:15.400 8 INFO neutron.db.ovn_revision_numbers_db [None req-14cb5116-9c59-4986-a6fe-2719de25b070 745971321ccd44dbac1c72e1880fdd8a 035a860b9f8347c1a56493e20baddb4f - - default default] Successfully bumped revision number for resource 253bae50-ada6-4d18-9d4c-e436cca9fd19 (type: networks) to 1
2026-04-15 08:50:15.566 8 WARNING neutron.scheduler.dhcp_agent_scheduler [None req-14cb5116-9c59-4986-a6fe-2719de25b070 745971321ccd44dbac1c72e1880fdd8a 035a860b9f8347c1a56493e20baddb4f - - default default] No more DHCP agents
2026-04-15 08:50:15.567 8 WARNING neutron.api.rpc.agentnotifiers.dhcp_rpc_agent_api [None req-14cb5116-9c59-4986-a6fe-2719de25b070 745971321ccd44dbac1c72e1880fdd8a 035a860b9f8347c1a56493e20baddb4f - - default default] Unable to schedule network 253bae50-ada6-4d18-9d4c-e436cca9fd19: no agents available; will retry on subsequent port and subnet creation events.
2026-04-15 08:50:15.635 7 INFO neutron.plugins.ml2.drivers.ovn.mech_driver.mech_driver [None req-61d22ab8-1725-412e-90e9-cc2a2e7d8ba2 - - - - - -] OVN reports status down for port: 04ba7f13-83f4-4394-9510-4883dfd0b1c7
2026-04-15 08:50:15.683 7 INFO neutron.db.ovn_revision_numbers_db [None req-690d34fc-dff5-4c07-977e-dd17e204add2 6c2fca3a4b0b423cbf36429996255921 b6e1053b293d4a4aaf9d005d39ec35fa - - default default] Successfully bumped revision number for resource ff4a5c26-0ba3-491c-be0d-e0391690d4d9 (type: security_groups) to 1
2026-04-15 08:50:15.700 7 INFO neutron.db.ovn_revision_numbers_db [None req-690d34fc-dff5-4c07-977e-dd17e204add2 6c2fca3a4b0b423cbf36429996255921 b6e1053b293d4a4aaf9d005d39ec35fa - - default default] Successfully bumped revision number for resource 227cfecc-4917-45cc-b867-51f487990327 (type: security_group_rules) to 0
2026-04-15 08:50:15.723 7 INFO neutron.db.ovn_revision_numbers_db [None req-690d34fc-dff5-4c07-977e-dd17e204add2 6c2fca3a4b0b423cbf36429996255921 b6e1053b293d4a4aaf9d005d39ec35fa - - default default] Successfully bumped revision number for resource 4134624c-6ba8-4767-87b9-78a2f987e902 (type: security_group_rules) to 0
2026-04-15 08:50:15.739 7 INFO neutron.db.ovn_revision_numbers_db [None req-690d34fc-dff5-4c07-977e-dd17e204add2 6c2fca3a4b0b423cbf36429996255921 b6e1053b293d4a4aaf9d005d39ec35fa - - default default] Successfully bumped revision number for resource 88a04e17-6817-42ce-98b8-6702317c28ea (type: security_group_rules) to 0
2026-04-15 08:50:15.751 7 INFO neutron.db.ovn_revision_numbers_db [None req-690d34fc-dff5-4c07-977e-dd17e204add2 6c2fca3a4b0b423cbf36429996255921 b6e1053b293d4a4aaf9d005d39ec35fa - - default default] Successfully bumped revision number for resource 95f0d3eb-bae6-4eea-9eb3-a4ab0dc641f5 (type: security_group_rules) to 0
2026-04-15 08:50:15.824 7 INFO neutron.db.segments_db [None req-690d34fc-dff5-4c07-977e-dd17e204add2 6c2fca3a4b0b423cbf36429996255921 b6e1053b293d4a4aaf9d005d39ec35fa - - default default] Added segment 392e976b-d28c-4ec7-b722-323e819cecea of type geneve for network abbe404b-ac17-40a6-b7d2-e726e48901ae
2026-04-15 08:50:15.926 7 INFO neutron.db.ovn_revision_numbers_db [None req-690d34fc-dff5-4c07-977e-dd17e204add2 6c2fca3a4b0b423cbf36429996255921 b6e1053b293d4a4aaf9d005d39ec35fa - - default default] Successfully bumped revision number for resource abbe404b-ac17-40a6-b7d2-e726e48901ae (type: networks) to 1
2026-04-15 08:50:16.089 7 WARNING neutron.scheduler.dhcp_agent_scheduler [None req-690d34fc-dff5-4c07-977e-dd17e204add2 6c2fca3a4b0b423cbf36429996255921 b6e1053b293d4a4aaf9d005d39ec35fa - - default default] No more DHCP agents
2026-04-15 08:50:16.091 7 WARNING neutron.api.rpc.agentnotifiers.dhcp_rpc_agent_api [None req-690d34fc-dff5-4c07-977e-dd17e204add2 6c2fca3a4b0b423cbf36429996255921 b6e1053b293d4a4aaf9d005d39ec35fa - - default default] Unable to schedule network abbe404b-ac17-40a6-b7d2-e726e48901ae: no agents available; will retry on subsequent port and subnet creation events.
2026-04-15 08:50:16.185 7 INFO neutron.db.ovn_revision_numbers_db [None req-690d34fc-dff5-4c07-977e-dd17e204add2 6c2fca3a4b0b423cbf36429996255921 b6e1053b293d4a4aaf9d005d39ec35fa - - default default] Successfully bumped revision number for resource fafb9cbe-673b-4e71-a67d-2a5d1e868678 (type: ports) to 1 [pid: 7|app: 0|req: 524/1113] 10.0.0.212 () {34 vars in 669 bytes} [Wed Apr 15 08:50:15 2026] POST /v2.0/networks => generated 769 bytes in 831 msecs (HTTP/1.1 201) 4 headers in 162 bytes (1 switches on core 0)
2026-04-15 08:50:16.230 8 INFO neutron.db.ovn_revision_numbers_db [None req-14cb5116-9c59-4986-a6fe-2719de25b070 745971321ccd44dbac1c72e1880fdd8a 035a860b9f8347c1a56493e20baddb4f - - default default] Successfully bumped revision number for resource 04ba7f13-83f4-4394-9510-4883dfd0b1c7 (type: ports) to 1 [pid: 7|app: 0|req: 525/1114] 10.0.0.152 () {34 vars in 988 bytes} [Wed Apr 15 08:50:16 2026] GET /v2.0/ports?device_id=364b079c-3ad7-4b7b-92f5-f894423e026d => generated 12 bytes in 23 msecs (HTTP/1.1 200) 4 headers in 156 bytes (1 switches on core 0)
2026-04-15 08:50:16.266 8 INFO neutron.plugins.ml2.drivers.ovn.mech_driver.mech_driver [None req-88a09019-9fe3-4022-8ccc-09bbbe56b3ac - - - - - -] OVN reports status down for port: fafb9cbe-673b-4e71-a67d-2a5d1e868678 [pid: 8|app: 0|req: 590/1115] 10.0.0.212 () {34 vars in 668 bytes} [Wed Apr 15 08:50:15 2026] POST /v2.0/networks => generated 673 bytes in 1102 msecs (HTTP/1.1 201) 4 headers in 162 bytes (1 switches on core 0)
2026-04-15 08:50:16.376 7 WARNING neutron.scheduler.dhcp_agent_scheduler [None req-83038237-abd1-477f-9e91-4874c689363d 6c2fca3a4b0b423cbf36429996255921 b6e1053b293d4a4aaf9d005d39ec35fa - - default default] No more DHCP agents
2026-04-15 08:50:16.377 7 WARNING neutron.api.rpc.agentnotifiers.dhcp_rpc_agent_api [None req-83038237-abd1-477f-9e91-4874c689363d 6c2fca3a4b0b423cbf36429996255921 b6e1053b293d4a4aaf9d005d39ec35fa - - default default] Unable to schedule network abbe404b-ac17-40a6-b7d2-e726e48901ae: no agents available; will retry on subsequent port and subnet creation events.
2026-04-15 08:50:16.863 7 INFO neutron.db.ovn_revision_numbers_db [None req-f47a0915-fa30-4d7d-8771-166ac10c98e2 - - - - - -] Successfully bumped revision number for resource fafb9cbe-673b-4e71-a67d-2a5d1e868678 (type: ports) to 2
2026-04-15 08:50:16.900 7 INFO neutron.db.ovn_revision_numbers_db [None req-f47a0915-fa30-4d7d-8771-166ac10c98e2 - - - - - -] Successfully bumped revision number for resource aeaf4203-445e-42b7-9e6c-09c7bde5b86e (type: subnets) to 0 [pid: 7|app: 0|req: 526/1116] 10.0.0.212 () {34 vars in 667 bytes} [Wed Apr 15 08:50:16 2026] POST /v2.0/subnets => generated 695 bytes in 683 msecs (HTTP/1.1 201) 4 headers in 162 bytes (1 switches on core 0)
2026-04-15 08:50:17.112 8 WARNING neutron.scheduler.dhcp_agent_scheduler [None req-483d5adf-b908-47c8-a3fa-fd51f0993275 745971321ccd44dbac1c72e1880fdd8a 035a860b9f8347c1a56493e20baddb4f - - default default] No more DHCP agents
2026-04-15 08:50:17.113 8 WARNING neutron.api.rpc.agentnotifiers.dhcp_rpc_agent_api [None req-483d5adf-b908-47c8-a3fa-fd51f0993275 745971321ccd44dbac1c72e1880fdd8a 035a860b9f8347c1a56493e20baddb4f - - default default] Unable to schedule network 1a834153-acc9-41a7-9e54-aee4438c851c: no agents available; will retry on subsequent port and subnet creation events.
2026-04-15 08:50:17.145 8 INFO neutron.db.ovn_revision_numbers_db [None req-483d5adf-b908-47c8-a3fa-fd51f0993275 745971321ccd44dbac1c72e1880fdd8a 035a860b9f8347c1a56493e20baddb4f - - default default] Successfully bumped revision number for resource ff28faf8-85c3-4757-bcf8-f62e96c1c95a (type: subnets) to 0
2026-04-15 08:50:17.178 8 WARNING neutron.scheduler.dhcp_agent_scheduler [None req-483d5adf-b908-47c8-a3fa-fd51f0993275 745971321ccd44dbac1c72e1880fdd8a 035a860b9f8347c1a56493e20baddb4f - - default default] No more DHCP agents
2026-04-15 08:50:17.180 8 WARNING neutron.api.rpc.agentnotifiers.dhcp_rpc_agent_api [None req-483d5adf-b908-47c8-a3fa-fd51f0993275 745971321ccd44dbac1c72e1880fdd8a 035a860b9f8347c1a56493e20baddb4f - - default default] Unable to schedule network 253bae50-ada6-4d18-9d4c-e436cca9fd19: no agents available; will retry on subsequent port and subnet creation events.
2026-04-15 08:50:17.213 8 INFO neutron.db.ovn_revision_numbers_db [None req-483d5adf-b908-47c8-a3fa-fd51f0993275 745971321ccd44dbac1c72e1880fdd8a 035a860b9f8347c1a56493e20baddb4f - - default default] Successfully bumped revision number for resource 6c0189dd-750d-4f2f-9ed4-7aeac1f96f39 (type: subnets) to 0 [pid: 8|app: 0|req: 591/1117] 10.0.0.212 () {34 vars in 667 bytes} [Wed Apr 15 08:50:16 2026] POST /v2.0/subnets => generated 1324 bytes in 458 msecs (HTTP/1.1 201) 4 headers in 163 bytes (1 switches on core 0) [pid: 8|app: 0|req: 592/1118] 10.0.0.212 () {32 vars in 645 bytes} [Wed Apr 15 08:50:17 2026] GET /v2.0/subnets => generated 1960 bytes in 52 msecs (HTTP/1.1 200) 4 headers in 158 bytes (1 switches on core 0)
2026-04-15 08:50:17.353 7 WARNING neutron.scheduler.dhcp_agent_scheduler [None req-c11b17f9-e1b5-4c47-bb6f-e882b171c748 6c2fca3a4b0b423cbf36429996255921 b6e1053b293d4a4aaf9d005d39ec35fa - - default default] No more DHCP agents
2026-04-15 08:50:17.354 7 WARNING neutron.api.rpc.agentnotifiers.dhcp_rpc_agent_api [None req-c11b17f9-e1b5-4c47-bb6f-e882b171c748 6c2fca3a4b0b423cbf36429996255921 b6e1053b293d4a4aaf9d005d39ec35fa - - default default] Unable to schedule network b99deacb-63a9-4bb2-b18c-759ee2048ffa: no agents available; will retry on subsequent port and subnet creation events. [pid: 8|app: 0|req: 593/1119] 10.0.0.212 () {32 vars in 722 bytes} [Wed Apr 15 08:50:17 2026] DELETE /v2.0/subnets/ff28faf8-85c3-4757-bcf8-f62e96c1c95a => generated 0 bytes in 133 msecs (HTTP/1.1 204) 3 headers in 131 bytes (1 switches on core 0)
2026-04-15 08:50:17.500 8 INFO neutron.plugins.ml2.drivers.ovn.mech_driver.mech_driver [None req-88a09019-9fe3-4022-8ccc-09bbbe56b3ac - - - - - -] OVN reports status down for port: 42839747-96f0-4974-8d03-ba503a1d119d
2026-04-15 08:50:17.512 7 INFO neutron.db.ovn_revision_numbers_db [None req-c11b17f9-e1b5-4c47-bb6f-e882b171c748 6c2fca3a4b0b423cbf36429996255921 b6e1053b293d4a4aaf9d005d39ec35fa - - default default] Successfully bumped revision number for resource 42839747-96f0-4974-8d03-ba503a1d119d (type: ports) to 1 [pid: 8|app: 0|req: 594/1120] 10.0.0.212 () {32 vars in 738 bytes} [Wed Apr 15 08:50:17 2026] DELETE /v2.0/security-groups/d4d1330b-9bd2-4d8b-a4d1-48731fa4c236 => generated 0 bytes in 204 msecs (HTTP/1.1 204) 2 headers in 112 bytes (1 switches on core 0) [pid: 8|app: 0|req: 595/1121] 10.0.0.212 () {32 vars in 722 bytes} [Wed Apr 15 08:50:17 2026] DELETE /v2.0/subnets/6c0189dd-750d-4f2f-9ed4-7aeac1f96f39 => generated 0 bytes in 155 msecs (HTTP/1.1 204) 3 headers in 131 bytes (1 switches on core 0)
2026-04-15 08:50:17.803 8 INFO neutron.api.v2.resource [None req-b0e8e060-b23b-4088-b4e1-db7cd7cec8b0 ad7b02787b0547b5b341a788dcebcb93 ebef3d302a0c483fb2678c0ef2c429c6 - - default default] show failed (client error): The resource could not be found. [pid: 8|app: 0|req: 596/1122] 10.0.0.212 () {32 vars in 735 bytes} [Wed Apr 15 08:50:17 2026] GET /v2.0/security-groups/d4d1330b-9bd2-4d8b-a4d1-48731fa4c236 => generated 146 bytes in 10 msecs (HTTP/1.1 404) 4 headers in 164 bytes (1 switches on core 0) [pid: 8|app: 0|req: 597/1123] 10.0.0.212 () {32 vars in 645 bytes} [Wed Apr 15 08:50:17 2026] GET /v2.0/subnets => generated 649 bytes in 21 msecs (HTTP/1.1 200) 4 headers in 157 bytes (1 switches on core 0)
2026-04-15 08:50:17.953 8 INFO neutron_taas.services.taas.taas_plugin [None req-32dcd473-7a6c-431e-ba05-a7bd8dc81985 ad7b02787b0547b5b341a788dcebcb93 ebef3d302a0c483fb2678c0ef2c429c6 - - default default] TaaS: Handle Delete Port: dc52eae9-145d-4223-b9d0-817f9fc46d01
2026-04-15 08:50:17.957 8 INFO neutron_taas.services.taas.tap_mirror_plugin [None req-32dcd473-7a6c-431e-ba05-a7bd8dc81985 ad7b02787b0547b5b341a788dcebcb93 ebef3d302a0c483fb2678c0ef2c429c6 - - default default] Tap Mirror: Handle Delete Port: dc52eae9-145d-4223-b9d0-817f9fc46d01
2026-04-15 08:50:18.096 7 INFO neutron.plugins.ml2.drivers.ovn.mech_driver.ovsdb.commands [None req-3b3f54ae-4ea5-4147-b633-a5f5d1447ac9 - - - - - -] Schedule LRP lrp-42839747-96f0-4974-8d03-ba503a1d119d on gateway fa12846d-bcbe-4d06-8dba-dcbe66d689fa with priority 1
2026-04-15 08:50:18.137 8 INFO neutron.plugins.ml2.drivers.ovn.mech_driver.mech_driver [None req-88a09019-9fe3-4022-8ccc-09bbbe56b3ac - - - - - -] OVN reports status up for port: 42839747-96f0-4974-8d03-ba503a1d119d
2026-04-15 08:50:18.154 8 INFO neutron.plugins.ml2.plugin [None req-88a09019-9fe3-4022-8ccc-09bbbe56b3ac - - - - - -] Attempt 1 to provision port 42839747-96f0-4974-8d03-ba503a1d119d
2026-04-15 08:50:18.156 7 INFO neutron.plugins.ml2.drivers.ovn.mech_driver.ovsdb.ovsdb_monitor [None req-cf222afe-22c5-44ce-a877-43053a322541 - - - - - -] Router a4f5b07c-2c9f-450e-a8e8-6eab383086bd is bound to host instance [pid: 8|app: 0|req: 598/1124] 10.0.0.212 () {32 vars in 730 bytes} [Wed Apr 15 08:50:17 2026] DELETE /v2.0/floatingips/9c7aec05-9583-4d81-8a32-34b63217bc3c => generated 0 bytes in 351 msecs (HTTP/1.1 204) 2 headers in 112 bytes (1 switches on core 0)
2026-04-15 08:50:18.221 7 INFO neutron.db.ovn_revision_numbers_db [None req-c11b17f9-e1b5-4c47-bb6f-e882b171c748 6c2fca3a4b0b423cbf36429996255921 b6e1053b293d4a4aaf9d005d39ec35fa - - default default] Successfully bumped revision number for resource 42839747-96f0-4974-8d03-ba503a1d119d (type: router_ports) to 1
2026-04-15 08:50:18.344 8 INFO neutron_taas.services.taas.taas_plugin [None req-fb538945-913c-42e5-99cc-d9f10b4de768 745971321ccd44dbac1c72e1880fdd8a 035a860b9f8347c1a56493e20baddb4f - - default default] TaaS: Handle Delete Port: 04ba7f13-83f4-4394-9510-4883dfd0b1c7
2026-04-15 08:50:18.348 8 INFO neutron_taas.services.taas.tap_mirror_plugin [None req-fb538945-913c-42e5-99cc-d9f10b4de768 745971321ccd44dbac1c72e1880fdd8a 035a860b9f8347c1a56493e20baddb4f - - default default] Tap Mirror: Handle Delete Port: 04ba7f13-83f4-4394-9510-4883dfd0b1c7
2026-04-15 08:50:18.359 7 INFO neutron.db.ovn_revision_numbers_db [None req-c11b17f9-e1b5-4c47-bb6f-e882b171c748 6c2fca3a4b0b423cbf36429996255921 b6e1053b293d4a4aaf9d005d39ec35fa - - default default] Successfully bumped revision number for resource a4f5b07c-2c9f-450e-a8e8-6eab383086bd (type: routers) to 2 [pid: 7|app: 0|req: 527/1125] 10.0.0.212 () {34 vars in 667 bytes} [Wed Apr 15 08:50:16 2026] POST /v2.0/routers => generated 973 bytes in 1466 msecs (HTTP/1.1 201) 4 headers in 162 bytes (1 switches on core 0)
2026-04-15 08:50:18.520 8 INFO neutron.services.segments.plugin [-] Segment 8bddd6d8-cf75-4597-9008-a3f0d3b124b7 resource provider aggregate not found
2026-04-15 08:50:18.525 8 INFO neutron.services.segments.plugin [-] Segment 8bddd6d8-cf75-4597-9008-a3f0d3b124b7 resource provider aggregate not found
2026-04-15 08:50:18.543 8 INFO neutron.services.segments.plugin [-] Segment 8bddd6d8-cf75-4597-9008-a3f0d3b124b7 resource provider not found; error: Placement Client Error (4xx): {"errors": [{"status": 404, "title": "Not Found", "detail": "The resource could not be found.\n\n No resource provider with uuid 8bddd6d8-cf75-4597-9008-a3f0d3b124b7 found for delete ", "request_id": "req-94db2863-0fdd-4e18-809e-c8778abbab5f"}]}
2026-04-15 08:50:18.549 8 INFO neutron.services.segments.plugin [-] Segment 8bddd6d8-cf75-4597-9008-a3f0d3b124b7 resource provider not found; error: Placement Client Error (4xx): {"errors": [{"status": 404, "title": "Not Found", "detail": "The resource could not be found.\n\n No resource provider with uuid 8bddd6d8-cf75-4597-9008-a3f0d3b124b7 found for delete ", "request_id": "req-eb6aebac-6533-4d0a-980d-35ce523a73c1"}]} [pid: 8|app: 0|req: 599/1126] 10.0.0.212 () {32 vars in 724 bytes} [Wed Apr 15 08:50:18 2026] DELETE /v2.0/networks/253bae50-ada6-4d18-9d4c-e436cca9fd19 => generated 0 bytes in 409 msecs (HTTP/1.1 204) 3 headers in 131 bytes (1 switches on core 0)
2026-04-15 08:50:19.047 7 INFO neutron_taas.services.taas.taas_plugin [None req-2d6c1f4b-b630-4784-a53c-0339e6d2a459 6c2fca3a4b0b423cbf36429996255921 b6e1053b293d4a4aaf9d005d39ec35fa - - default default] TaaS: Handle Delete Port: 97ff4ff2-662e-4f29-be93-9077fd859cd2
2026-04-15 08:50:19.053 7 INFO neutron_taas.services.taas.tap_mirror_plugin [None req-2d6c1f4b-b630-4784-a53c-0339e6d2a459 6c2fca3a4b0b423cbf36429996255921 b6e1053b293d4a4aaf9d005d39ec35fa - - default default] Tap Mirror: Handle Delete Port: 97ff4ff2-662e-4f29-be93-9077fd859cd2
2026-04-15 08:50:19.085 8 WARNING neutron.scheduler.dhcp_agent_scheduler [None req-584fa4f2-5be4-447b-a080-5d7becc8c829 6c2fca3a4b0b423cbf36429996255921 b6e1053b293d4a4aaf9d005d39ec35fa - - default default] No more DHCP agents
2026-04-15 08:50:19.087 8 WARNING neutron.api.rpc.agentnotifiers.dhcp_rpc_agent_api [None req-584fa4f2-5be4-447b-a080-5d7becc8c829 6c2fca3a4b0b423cbf36429996255921 b6e1053b293d4a4aaf9d005d39ec35fa - - default default] Unable to schedule network abbe404b-ac17-40a6-b7d2-e726e48901ae: no agents available; will retry on subsequent port and subnet creation events.
2026-04-15 08:50:19.231 8 INFO neutron.db.ovn_revision_numbers_db [None req-584fa4f2-5be4-447b-a080-5d7becc8c829 6c2fca3a4b0b423cbf36429996255921 b6e1053b293d4a4aaf9d005d39ec35fa - - default default] Successfully bumped revision number for resource 37d87d74-e6de-4adf-8f2f-23216fc1e296 (type: ports) to 1
2026-04-15 08:50:19.270 7 INFO neutron.plugins.ml2.drivers.ovn.mech_driver.mech_driver [None req-61d22ab8-1725-412e-90e9-cc2a2e7d8ba2 - - - - - -] OVN reports status down for port: 37d87d74-e6de-4adf-8f2f-23216fc1e296
2026-04-15 08:50:19.897 7 INFO neutron.plugins.ml2.drivers.ovn.mech_driver.mech_driver [None req-61d22ab8-1725-412e-90e9-cc2a2e7d8ba2 - - - - - -] OVN reports status up for port: 37d87d74-e6de-4adf-8f2f-23216fc1e296
2026-04-15 08:50:19.921 8 WARNING neutron.scheduler.dhcp_agent_scheduler [None req-584fa4f2-5be4-447b-a080-5d7becc8c829 6c2fca3a4b0b423cbf36429996255921 b6e1053b293d4a4aaf9d005d39ec35fa - - default default] No more DHCP agents
2026-04-15 08:50:19.922 8 WARNING neutron.api.rpc.agentnotifiers.dhcp_rpc_agent_api [None req-584fa4f2-5be4-447b-a080-5d7becc8c829 6c2fca3a4b0b423cbf36429996255921 b6e1053b293d4a4aaf9d005d39ec35fa - - default default] Unable to schedule network abbe404b-ac17-40a6-b7d2-e726e48901ae: no agents available; will retry on subsequent port and subnet creation events.
2026-04-15 08:50:19.947 7 INFO neutron.db.ovn_revision_numbers_db [None req-84c57e81-18a7-4943-88d5-daf7a3515389 - - - - - -] Successfully bumped revision number for resource 42839747-96f0-4974-8d03-ba503a1d119d (type: ports) to 4
2026-04-15 08:50:19.964 7 INFO neutron.plugins.ml2.plugin [None req-61d22ab8-1725-412e-90e9-cc2a2e7d8ba2 - - - - - -] Attempt 1 to provision port 37d87d74-e6de-4adf-8f2f-23216fc1e296
2026-04-15 08:50:20.436 8 INFO neutron.db.ovn_revision_numbers_db [None req-584fa4f2-5be4-447b-a080-5d7becc8c829 6c2fca3a4b0b423cbf36429996255921 b6e1053b293d4a4aaf9d005d39ec35fa - - default default] Successfully bumped revision number for resource 37d87d74-e6de-4adf-8f2f-23216fc1e296 (type: router_ports) to 1 [pid: 8|app: 0|req: 600/1127] 10.0.0.212 () {34 vars in 781 bytes} [Wed Apr 15 08:50:18 2026] PUT /v2.0/routers/a4f5b07c-2c9f-450e-a8e8-6eab383086bd/add_router_interface => generated 309 bytes in 1856 msecs (HTTP/1.1 200) 4 headers in 157 bytes (1 switches on core 0)
2026-04-15 08:50:20.582 8 INFO neutron_taas.services.taas.taas_plugin [None req-a2f76c2f-848b-4b48-9a23-0d6820d255c2 745971321ccd44dbac1c72e1880fdd8a 035a860b9f8347c1a56493e20baddb4f - - default default] TaaS: Handle Delete Port: 493edb3d-112a-4a21-a6fd-d116ea7c9a31
2026-04-15 08:50:20.585 8 INFO neutron_taas.services.taas.tap_mirror_plugin [None req-a2f76c2f-848b-4b48-9a23-0d6820d255c2 745971321ccd44dbac1c72e1880fdd8a 035a860b9f8347c1a56493e20baddb4f - - default default] Tap Mirror: Handle Delete Port: 493edb3d-112a-4a21-a6fd-d116ea7c9a31
2026-04-15 08:50:20.804 8 INFO neutron.services.segments.plugin [-] Segment 78241e0a-a81a-42fa-8126-b4304f433c9c resource provider aggregate not found
2026-04-15 08:50:20.805 8 INFO neutron.services.segments.plugin [-] Segment 78241e0a-a81a-42fa-8126-b4304f433c9c resource provider aggregate not found
2026-04-15 08:50:20.829 8 INFO neutron.services.segments.plugin [-] Segment 78241e0a-a81a-42fa-8126-b4304f433c9c resource provider not found; error: Placement Client Error (4xx): {"errors": [{"status": 404, "title": "Not Found", "detail": "The resource could not be found.\n\n No resource provider with uuid 78241e0a-a81a-42fa-8126-b4304f433c9c found for delete ", "request_id": "req-5dd37acf-8487-4b83-a843-6615c58f554e"}]}
2026-04-15 08:50:20.831 8 INFO neutron.services.segments.plugin [-] Segment 78241e0a-a81a-42fa-8126-b4304f433c9c resource provider not found; error: Placement Client Error (4xx): {"errors": [{"status": 404, "title": "Not Found", "detail": "The resource could not be found.\n\n No resource provider with uuid 78241e0a-a81a-42fa-8126-b4304f433c9c found for delete ", "request_id": "req-d12e1f07-ee91-4f02-bce5-2ded0abc1f64"}]} [pid: 8|app: 0|req: 601/1128] 10.0.0.212 () {32 vars in 724 bytes} [Wed Apr 15 08:50:20 2026] DELETE /v2.0/networks/1a834153-acc9-41a7-9e54-aee4438c851c => generated 0 bytes in 405 msecs (HTTP/1.1 204) 3 headers in 131 bytes (1 switches on core 0)
2026-04-15 08:50:20.999 8 INFO neutron_taas.services.taas.taas_plugin [None req-1ac0b432-d2be-4340-ad5f-dff59ef044b9 745971321ccd44dbac1c72e1880fdd8a 035a860b9f8347c1a56493e20baddb4f - - default default] TaaS: Handle Delete Port: b6e3241c-13b9-4a10-860f-4622dbf916c5
2026-04-15 08:50:21.002 8 INFO neutron_taas.services.taas.tap_mirror_plugin [None req-1ac0b432-d2be-4340-ad5f-dff59ef044b9 745971321ccd44dbac1c72e1880fdd8a 035a860b9f8347c1a56493e20baddb4f - - default default] Tap Mirror: Handle Delete Port: b6e3241c-13b9-4a10-860f-4622dbf916c5 [pid: 8|app: 0|req: 604/1131] 10.0.0.212 () {32 vars in 724 bytes} [Wed Apr 15 08:50:20 2026] DELETE /v2.0/networks/e1793950-1cea-4950-965a-436fcb2e9237 => generated 0 bytes in 375 msecs (HTTP/1.1 204) 3 headers in 131 bytes (1 switches on core 0) [pid: 7|app: 0|req: 528/1132] 10.0.0.212 () {34 vars in 787 bytes} [Wed Apr 15 08:50:18 2026] PUT /v2.0/routers/3dd510b0-e592-4ff9-a4c8-15a89848fd78/remove_router_interface => generated 309 bytes in 2849 msecs (HTTP/1.1 200) 4 headers in 157 bytes (1 switches on core 0) /var/lib/openstack/lib/python3.12/site-packages/pycadf/identifier.py:70: UserWarning: Invalid uuid: neutron. To ensure interoperability, identifiers should be a valid uuid. warnings.warn(('Invalid uuid: %s. To ensure interoperability, '
2026-04-15 08:50:21.372 8 INFO neutron.db.ovn_revision_numbers_db [None req-e070d132-4507-4b34-8ad5-8816bbc2e5ec d379b72937554af19ae49f0faa4aba3e 20ca6f54f3a6465699e68db9d47fb801 - - default default] Successfully bumped revision number for resource 6f573d63-2959-4002-9fe9-e4ec3f9f9413 (type: security_groups) to 1
2026-04-15 08:50:21.383 8 INFO neutron.db.ovn_revision_numbers_db [None req-e070d132-4507-4b34-8ad5-8816bbc2e5ec d379b72937554af19ae49f0faa4aba3e 20ca6f54f3a6465699e68db9d47fb801 - - default default] Successfully bumped revision number for resource 189d5c25-a5ac-4cdf-b045-93568bb0982f (type: security_group_rules) to 0
2026-04-15 08:50:21.386 7 INFO neutron.db.ovn_revision_numbers_db [None req-84c57e81-18a7-4943-88d5-daf7a3515389 - - - - - -] Successfully bumped revision number for resource 42839747-96f0-4974-8d03-ba503a1d119d (type: ports) to 5
