Jun 04 10:12:52.114262 np0000178534 devstack@neutron-api.service[103254]: DEBUG neutron_lib.callbacks.manager [None req-cd8792a9-8bae-48a0-9bcb-0bc88a33fd70 None None] Subscribe: port after_update 55550000, False {{(pid=103254) subscribe /opt/stack/data/venv/lib/python3.12/site-packages/neutron_lib/callbacks/manager.py:52}}
Jun 04 10:12:52.114303 np0000178534 devstack@neutron-api.service[103252]: DEBUG neutron_lib.callbacks.manager [None req-55c99132-7779-455c-b0a1-bc24ef54d7e9 None None] Subscribe: > address_group after_create 55550000, False {{(pid=103252) subscribe /opt/stack/data/venv/lib/python3.12/site-packages/neutron_lib/callbacks/manager.py:52}}
Jun 04 10:12:52.114409 np0000178534 devstack@neutron-api.service[103254]: DEBUG neutron_lib.callbacks.manager [None req-cd8792a9-8bae-48a0-9bcb-0bc88a33fd70 None None] Subscribe: > port precommit_delete 55550000, False {{(pid=103254) subscribe /opt/stack/data/venv/lib/python3.12/site-packages/neutron_lib/callbacks/manager.py:52}}
Jun 04 10:12:52.114452 np0000178534 devstack@neutron-api.service[103252]: DEBUG neutron_lib.callbacks.manager [None req-55c99132-7779-455c-b0a1-bc24ef54d7e9 None None] Subscribe: > address_group after_update 55550000, False {{(pid=103252) subscribe /opt/stack/data/venv/lib/python3.12/site-packages/neutron_lib/callbacks/manager.py:52}}
Jun 04 10:12:52.114530 np0000178534 devstack@neutron-api.service[103254]: DEBUG neutron_lib.callbacks.manager [None req-cd8792a9-8bae-48a0-9bcb-0bc88a33fd70 None None] Subscribe: port before_update 55550000, False {{(pid=103254) subscribe /opt/stack/data/venv/lib/python3.12/site-packages/neutron_lib/callbacks/manager.py:52}}
Jun 04 10:12:52.114583 np0000178534 devstack@neutron-api.service[103252]: DEBUG neutron_lib.callbacks.manager [None req-55c99132-7779-455c-b0a1-bc24ef54d7e9 None None] Subscribe: > address_group after_delete 55550000, False {{(pid=103252) subscribe /opt/stack/data/venv/lib/python3.12/site-packages/neutron_lib/callbacks/manager.py:52}}
Jun 04 10:12:52.114634 np0000178534 devstack@neutron-api.service[103254]: DEBUG neutron_lib.callbacks.manager [None req-cd8792a9-8bae-48a0-9bcb-0bc88a33fd70 None None] Subscribe: port before_delete 55550000, False {{(pid=103254) subscribe /opt/stack/data/venv/lib/python3.12/site-packages/neutron_lib/callbacks/manager.py:52}}
Jun 04 10:12:52.114705 np0000178534 devstack@neutron-api.service[103252]: DEBUG neutron.plugins.ml2.ovo_rpc [None req-55c99132-7779-455c-b0a1-bc24ef54d7e9 None None] ML2 OVO RPC backend initialized. {{(pid=103252) __init__ /opt/stack/neutron/neutron/plugins/ml2/ovo_rpc.py:117}}
Jun 04 10:12:52.114741 np0000178534 devstack@neutron-api.service[103254]: DEBUG neutron_lib.callbacks.manager [None req-cd8792a9-8bae-48a0-9bcb-0bc88a33fd70 None None] Subscribe: > router precommit_create 55550000, False {{(pid=103254) subscribe /opt/stack/data/venv/lib/python3.12/site-packages/neutron_lib/callbacks/manager.py:52}}
Jun 04 10:12:52.114840 np0000178534 devstack@neutron-api.service[103254]: DEBUG neutron_lib.callbacks.manager [None req-cd8792a9-8bae-48a0-9bcb-0bc88a33fd70 None None] Subscribe: > router precommit_create 55550000, False {{(pid=103254) subscribe /opt/stack/data/venv/lib/python3.12/site-packages/neutron_lib/callbacks/manager.py:52}}
Jun 04 10:12:52.114984 np0000178534 devstack@neutron-api.service[103254]: DEBUG neutron_lib.callbacks.manager [None req-cd8792a9-8bae-48a0-9bcb-0bc88a33fd70 None None] Subscribe: > router precommit_update 55550000, False {{(pid=103254) subscribe /opt/stack/data/venv/lib/python3.12/site-packages/neutron_lib/callbacks/manager.py:52}}
Jun 04 10:12:52.115121 np0000178534 devstack@neutron-api.service[103254]: DEBUG neutron_lib.callbacks.manager [None req-cd8792a9-8bae-48a0-9bcb-0bc88a33fd70 None None] Subscribe: subnet after_update 55550000, False {{(pid=103254) subscribe /opt/stack/data/venv/lib/python3.12/site-packages/neutron_lib/callbacks/manager.py:52}}
Jun 04 10:12:52.115297 np0000178534 devstack@neutron-api.service[103254]: DEBUG neutron.quota.resource_registry [None req-cd8792a9-8bae-48a0-9bcb-0bc88a33fd70 None None] Tracking information for resource: router configured {{(pid=103254) set_tracked_resource /opt/stack/neutron/neutron/quota/resource_registry.py:203}}
Jun 04 10:12:52.115420 np0000178534 devstack@neutron-api.service[103254]: DEBUG neutron.quota.resource_registry [None req-cd8792a9-8bae-48a0-9bcb-0bc88a33fd70 None None] Tracking information for resource: floatingip configured {{(pid=103254) set_tracked_resource /opt/stack/neutron/neutron/quota/resource_registry.py:203}}
Jun 04 10:12:52.115513 np0000178534 devstack@neutron-api.service[103254]: INFO neutron.services.ovn_l3.plugin [None req-cd8792a9-8bae-48a0-9bcb-0bc88a33fd70 None None] Starting OVNL3RouterPlugin
Jun 04 10:12:52.115738 np0000178534 devstack@neutron-api.service[103254]: DEBUG neutron_lib.callbacks.manager [None req-cd8792a9-8bae-48a0-9bcb-0bc88a33fd70 None None] Subscribe: > port_forwarding_plugin after_init 55550000, False {{(pid=103254) subscribe /opt/stack/data/venv/lib/python3.12/site-packages/neutron_lib/callbacks/manager.py:52}}
Jun 04 10:12:52.115897 np0000178534 devstack@neutron-api.service[103252]: INFO neutron.quota [None req-55c99132-7779-455c-b0a1-bc24ef54d7e9 None None] Loaded quota_driver: .
Jun 04 10:12:52.115949 np0000178534 devstack@neutron-api.service[103254]: DEBUG neutron_lib.callbacks.manager [None req-cd8792a9-8bae-48a0-9bcb-0bc88a33fd70 None None] Subscribe: > router before_create 55550100, False {{(pid=103254) subscribe /opt/stack/data/venv/lib/python3.12/site-packages/neutron_lib/callbacks/manager.py:52}}
Jun 04 10:12:52.116078 np0000178534 devstack@neutron-api.service[103252]: INFO neutron.plugins.ml2.plugin [None req-55c99132-7779-455c-b0a1-bc24ef54d7e9 None None] Modular L2 Plugin initialization complete
Jun 04 10:12:52.116115 np0000178534 devstack@neutron-api.service[103254]: DEBUG neutron_lib.callbacks.manager [None req-cd8792a9-8bae-48a0-9bcb-0bc88a33fd70 None None] Subscribe: > router precommit_delete 55550100, False {{(pid=103254) subscribe /opt/stack/data/venv/lib/python3.12/site-packages/neutron_lib/callbacks/manager.py:52}}
Jun 04 10:12:52.116160 np0000178534 devstack@neutron-api.service[103254]: DEBUG neutron_lib.callbacks.manager [None req-cd8792a9-8bae-48a0-9bcb-0bc88a33fd70 None None] Subscribe: > router precommit_create 55550100, False {{(pid=103254) subscribe /opt/stack/data/venv/lib/python3.12/site-packages/neutron_lib/callbacks/manager.py:52}}
Jun 04 10:12:52.116238 np0000178534 devstack@neutron-api.service[103252]: DEBUG neutron.manager [None req-55c99132-7779-455c-b0a1-bc24ef54d7e9 None None] Loading services supported by the core plugin {{(pid=103252) _load_services_from_core_plugin /opt/stack/neutron/neutron/manager.py:170}}
Jun 04 10:12:52.116273 np0000178534 devstack@neutron-api.service[103254]: DEBUG neutron_lib.callbacks.manager [None req-cd8792a9-8bae-48a0-9bcb-0bc88a33fd70 None None] Subscribe: > router precommit_update 55550100, False {{(pid=103254) subscribe /opt/stack/data/venv/lib/python3.12/site-packages/neutron_lib/callbacks/manager.py:52}}
Jun 04 10:12:52.116453 np0000178534 devstack@neutron-api.service[103252]: INFO neutron.plugins.ml2.managers [None req-55c99132-7779-455c-b0a1-bc24ef54d7e9 None None] Got port-security extension from driver 'port_security'
Jun 04 10:12:52.116788 np0000178534 devstack@neutron-api.service[103252]: DEBUG neutron.manager [None req-55c99132-7779-455c-b0a1-bc24ef54d7e9 None None] Loading service plugins: ['ovn-router', 'auto_allocate', 'tag', 'timestamp', 'network_ip_availability', 'flavors', 'revisions'] {{(pid=103252) _load_service_plugins /opt/stack/neutron/neutron/manager.py:195}}
Jun 04 10:12:52.116930 np0000178534 devstack@neutron-api.service[103252]: INFO neutron.manager [None req-55c99132-7779-455c-b0a1-bc24ef54d7e9 None None] Loading Plugin: ovn-router
Jun 04 10:12:52.119898 np0000178534 devstack@neutron-api.service[103254]: DEBUG neutron.services.provider_configuration [None req-cd8792a9-8bae-48a0-9bcb-0bc88a33fd70 None None] Service providers = [] {{(pid=103254) parse_service_provider_opt /opt/stack/neutron/neutron/services/provider_configuration.py:170}}
Jun 04 10:12:52.120044 np0000178534 devstack@neutron-api.service[103254]: DEBUG neutron.db.servicetype_db [None req-cd8792a9-8bae-48a0-9bcb-0bc88a33fd70 None None] Adding provider configuration for service L3_ROUTER_NAT {{(pid=103254) add_provider_configuration /opt/stack/neutron/neutron/db/servicetype_db.py:45}}
Jun 04 10:12:52.121141 np0000178534 devstack@neutron-api.service[103254]: DEBUG neutron_lib.callbacks.manager [None req-cd8792a9-8bae-48a0-9bcb-0bc88a33fd70 None None] Subscribe: > router precommit_create 55549900, False {{(pid=103254) subscribe /opt/stack/data/venv/lib/python3.12/site-packages/neutron_lib/callbacks/manager.py:52}}
Jun 04 10:12:52.121279 np0000178534 devstack@neutron-api.service[103254]: DEBUG neutron_lib.callbacks.manager [None req-cd8792a9-8bae-48a0-9bcb-0bc88a33fd70 None None] Subscribe: > router_interface after_create 55550000, False {{(pid=103254) subscribe /opt/stack/data/venv/lib/python3.12/site-packages/neutron_lib/callbacks/manager.py:52}}
Jun 04 10:12:52.121408 np0000178534 devstack@neutron-api.service[103254]: DEBUG neutron_lib.callbacks.manager [None req-cd8792a9-8bae-48a0-9bcb-0bc88a33fd70 None None] Subscribe: > floatingip after_create 55550000, False {{(pid=103254) subscribe /opt/stack/data/venv/lib/python3.12/site-packages/neutron_lib/callbacks/manager.py:52}}
Jun 04 10:12:52.121505 np0000178534 devstack@neutron-api.service[103254]: DEBUG neutron_lib.callbacks.manager [None req-cd8792a9-8bae-48a0-9bcb-0bc88a33fd70 None None] Subscribe: > floatingip precommit_create 55550000, False {{(pid=103254) subscribe /opt/stack/data/venv/lib/python3.12/site-packages/neutron_lib/callbacks/manager.py:52}}
Jun 04 10:12:52.121620 np0000178534 devstack@neutron-api.service[103254]: DEBUG neutron_lib.callbacks.manager [None req-cd8792a9-8bae-48a0-9bcb-0bc88a33fd70 None None] Subscribe: > floatingip precommit_update 55550000, False {{(pid=103254) subscribe /opt/stack/data/venv/lib/python3.12/site-packages/neutron_lib/callbacks/manager.py:52}}
Jun 04 10:12:52.121731 np0000178534 devstack@neutron-api.service[103254]: DEBUG neutron_lib.callbacks.manager [None req-cd8792a9-8bae-48a0-9bcb-0bc88a33fd70 None None] Subscribe: > floatingip after_delete 55550000, False {{(pid=103254) subscribe /opt/stack/data/venv/lib/python3.12/site-packages/neutron_lib/callbacks/manager.py:52}}
Jun 04 10:12:52.121829 np0000178534 devstack@neutron-api.service[103254]: DEBUG neutron_lib.callbacks.manager [None req-cd8792a9-8bae-48a0-9bcb-0bc88a33fd70 None None] Subscribe: > floatingip after_status_update 55550000, False {{(pid=103254) subscribe /opt/stack/data/venv/lib/python3.12/site-packages/neutron_lib/callbacks/manager.py:52}}
Jun 04 10:12:52.121928 np0000178534 devstack@neutron-api.service[103254]: DEBUG neutron_lib.callbacks.manager [None req-cd8792a9-8bae-48a0-9bcb-0bc88a33fd70 None None] Subscribe: > floatingip after_update 55550000, False {{(pid=103254) subscribe /opt/stack/data/venv/lib/python3.12/site-packages/neutron_lib/callbacks/manager.py:52}}
Jun 04 10:12:52.122031 np0000178534 devstack@neutron-api.service[103254]: DEBUG neutron_lib.callbacks.manager [None req-cd8792a9-8bae-48a0-9bcb-0bc88a33fd70 None None] Subscribe: > port_forwarding after_create 55550000, False {{(pid=103254) subscribe /opt/stack/data/venv/lib/python3.12/site-packages/neutron_lib/callbacks/manager.py:52}}
Jun 04 10:12:52.122124 np0000178534 devstack@neutron-api.service[103254]: DEBUG neutron_lib.callbacks.manager [None req-cd8792a9-8bae-48a0-9bcb-0bc88a33fd70 None None] Subscribe: > router_interface after_delete 55550000, False {{(pid=103254) subscribe /opt/stack/data/venv/lib/python3.12/site-packages/neutron_lib/callbacks/manager.py:52}}
Jun 04 10:12:52.122236 np0000178534 devstack@neutron-api.service[103254]: DEBUG neutron_lib.callbacks.manager [None req-cd8792a9-8bae-48a0-9bcb-0bc88a33fd70 None None] Subscribe: > router after_create 55550000, False {{(pid=103254) subscribe /opt/stack/data/venv/lib/python3.12/site-packages/neutron_lib/callbacks/manager.py:52}}
Jun 04 10:12:52.122353 np0000178534 devstack@neutron-api.service[103254]: DEBUG neutron_lib.callbacks.manager [None req-cd8792a9-8bae-48a0-9bcb-0bc88a33fd70 None None] Subscribe: > router precommit_create 55550000, False {{(pid=103254) subscribe /opt/stack/data/venv/lib/python3.12/site-packages/neutron_lib/callbacks/manager.py:52}}
Jun 04 10:12:52.122457 np0000178534 devstack@neutron-api.service[103254]: DEBUG neutron_lib.callbacks.manager [None req-cd8792a9-8bae-48a0-9bcb-0bc88a33fd70 None None] Subscribe: > router after_delete 55550000, False {{(pid=103254) subscribe /opt/stack/data/venv/lib/python3.12/site-packages/neutron_lib/callbacks/manager.py:52}}
Jun 04 10:12:52.122552 np0000178534 devstack@neutron-api.service[103254]: DEBUG neutron_lib.callbacks.manager [None req-cd8792a9-8bae-48a0-9bcb-0bc88a33fd70 None None] Subscribe: > router after_update 55550000, False {{(pid=103254) subscribe /opt/stack/data/venv/lib/python3.12/site-packages/neutron_lib/callbacks/manager.py:52}}
Jun 04 10:12:52.122669 np0000178534 devstack@neutron-api.service[103254]: DEBUG neutron.services.service_base [None req-cd8792a9-8bae-48a0-9bcb-0bc88a33fd70 None None] Loaded 'neutron.services.ovn_l3.service_providers.ovn.OvnDriver' provider for service L3_ROUTER_NAT {{(pid=103254) load_drivers /opt/stack/neutron/neutron/services/service_base.py:49}}
Jun 04 10:12:52.122815 np0000178534 devstack@neutron-api.service[103254]: DEBUG neutron_lib.callbacks.manager [None req-cd8792a9-8bae-48a0-9bcb-0bc88a33fd70 None None] Subscribe: > process after_init 55550001, True {{(pid=103254) subscribe /opt/stack/data/venv/lib/python3.12/site-packages/neutron_lib/callbacks/manager.py:52}}
Jun 04 10:12:52.123002 np0000178534 devstack@neutron-api.service[103254]: DEBUG neutron.manager [None req-cd8792a9-8bae-48a0-9bcb-0bc88a33fd70 None None] Successfully loaded L3_ROUTER_NAT plugin. Description: L3 Router Service Plugin for basic L3 forwarding using OVN {{(pid=103254) _create_and_add_service_plugin /opt/stack/neutron/neutron/manager.py:239}}
Jun 04 10:12:52.123096 np0000178534 devstack@neutron-api.service[103254]: INFO neutron.manager [None req-cd8792a9-8bae-48a0-9bcb-0bc88a33fd70 None None] Loading Plugin: auto_allocate
Jun 04 10:12:52.123999 np0000178534 devstack@neutron-api.service[103254]: DEBUG neutron_lib.callbacks.manager [None req-cd8792a9-8bae-48a0-9bcb-0bc88a33fd70 None None] Subscribe: network precommit_update 55550000, False {{(pid=103254) subscribe /opt/stack/data/venv/lib/python3.12/site-packages/neutron_lib/callbacks/manager.py:52}}
Jun 04 10:12:52.124115 np0000178534 devstack@neutron-api.service[103254]: DEBUG neutron_lib.callbacks.manager [None req-cd8792a9-8bae-48a0-9bcb-0bc88a33fd70 None None] Subscribe: network precommit_create 55550000, False {{(pid=103254) subscribe /opt/stack/data/venv/lib/python3.12/site-packages/neutron_lib/callbacks/manager.py:52}}
Jun 04 10:12:52.124372 np0000178534 devstack@neutron-api.service[103254]: DEBUG neutron.manager [None req-cd8792a9-8bae-48a0-9bcb-0bc88a33fd70 None None] Successfully loaded auto-allocated-topology plugin. Description: Auto Allocated Topology - aka get me a network. {{(pid=103254) _create_and_add_service_plugin /opt/stack/neutron/neutron/manager.py:239}}
Jun 04 10:12:52.124416 np0000178534 devstack@neutron-api.service[103254]: INFO neutron.manager [None req-cd8792a9-8bae-48a0-9bcb-0bc88a33fd70 None None] Loading Plugin: tag
Jun 04 10:12:52.127116 np0000178534 devstack@neutron-api.service[103254]: DEBUG neutron.manager [None req-cd8792a9-8bae-48a0-9bcb-0bc88a33fd70 None None] Successfully loaded TAG plugin. Description: Tag support {{(pid=103254) _create_and_add_service_plugin /opt/stack/neutron/neutron/manager.py:239}}
Jun 04 10:12:52.127220 np0000178534 devstack@neutron-api.service[103254]: INFO neutron.manager [None req-cd8792a9-8bae-48a0-9bcb-0bc88a33fd70 None None] Loading Plugin: timestamp
Jun 04 10:12:52.128490 np0000178534 devstack@neutron-api.service[103254]: DEBUG neutron.manager [None req-cd8792a9-8bae-48a0-9bcb-0bc88a33fd70 None None] Successfully loaded timestamp plugin. Description: Adds timestamps to Neutron resources with standard attributes {{(pid=103254) _create_and_add_service_plugin /opt/stack/neutron/neutron/manager.py:239}}
Jun 04 10:12:52.128636 np0000178534 devstack@neutron-api.service[103254]: INFO neutron.manager [None req-cd8792a9-8bae-48a0-9bcb-0bc88a33fd70 None None] Loading Plugin: network_ip_availability
Jun 04 10:12:52.130220 np0000178534 devstack@neutron-api.service[103254]: DEBUG neutron.manager [None req-cd8792a9-8bae-48a0-9bcb-0bc88a33fd70 None None] Successfully loaded network-ip-availability plugin. Description: Provides IP availability data for each network and subnet. {{(pid=103254) _create_and_add_service_plugin /opt/stack/neutron/neutron/manager.py:239}}
Jun 04 10:12:52.130290 np0000178534 devstack@neutron-api.service[103254]: INFO neutron.manager [None req-cd8792a9-8bae-48a0-9bcb-0bc88a33fd70 None None] Loading Plugin: flavors
Jun 04 10:12:52.130739 np0000178534 devstack@neutron-api.service[103252]: DEBUG neutron_lib.callbacks.manager [None req-55c99132-7779-455c-b0a1-bc24ef54d7e9 None None] Subscribe: > router before_delete 55550000, False {{(pid=103252) subscribe /opt/stack/data/venv/lib/python3.12/site-packages/neutron_lib/callbacks/manager.py:52}}
Jun 04 10:12:52.131032 np0000178534 devstack@neutron-api.service[103252]: DEBUG neutron_lib.callbacks.manager [None req-55c99132-7779-455c-b0a1-bc24ef54d7e9 None None] Subscribe: port before_update 55550000, False {{(pid=103252) subscribe /opt/stack/data/venv/lib/python3.12/site-packages/neutron_lib/callbacks/manager.py:52}}
Jun 04 10:12:52.131192 np0000178534 devstack@neutron-api.service[103252]: DEBUG neutron_lib.callbacks.manager [None req-55c99132-7779-455c-b0a1-bc24ef54d7e9 None None] Subscribe: port after_update 55550000, False {{(pid=103252) subscribe /opt/stack/data/venv/lib/python3.12/site-packages/neutron_lib/callbacks/manager.py:52}}
Jun 04 10:12:52.131284 np0000178534 devstack@neutron-api.service[103254]: DEBUG neutron.manager [None req-cd8792a9-8bae-48a0-9bcb-0bc88a33fd70 None None] Successfully loaded FLAVORS plugin. Description: Neutron Flavors and Service Profiles manager plugin {{(pid=103254) _create_and_add_service_plugin /opt/stack/neutron/neutron/manager.py:239}}
Jun 04 10:12:52.131335 np0000178534 devstack@neutron-api.service[103252]: DEBUG neutron_lib.callbacks.manager [None req-55c99132-7779-455c-b0a1-bc24ef54d7e9 None None] Subscribe: > port precommit_delete 55550000, False {{(pid=103252) subscribe /opt/stack/data/venv/lib/python3.12/site-packages/neutron_lib/callbacks/manager.py:52}}
Jun 04 10:12:52.131403 np0000178534 devstack@neutron-api.service[103254]: INFO neutron.manager [None req-cd8792a9-8bae-48a0-9bcb-0bc88a33fd70 None None] Loading Plugin: revisions
Jun 04 10:12:52.131512 np0000178534 devstack@neutron-api.service[103252]: DEBUG neutron_lib.callbacks.manager [None req-55c99132-7779-455c-b0a1-bc24ef54d7e9 None None] Subscribe: port before_update 55550000, False {{(pid=103252) subscribe /opt/stack/data/venv/lib/python3.12/site-packages/neutron_lib/callbacks/manager.py:52}}
Jun 04 10:12:52.131615 np0000178534 devstack@neutron-api.service[103252]: DEBUG neutron_lib.callbacks.manager [None req-55c99132-7779-455c-b0a1-bc24ef54d7e9 None None] Subscribe: port before_delete 55550000, False {{(pid=103252) subscribe /opt/stack/data/venv/lib/python3.12/site-packages/neutron_lib/callbacks/manager.py:52}}
Jun 04 10:12:52.131738 np0000178534 devstack@neutron-api.service[103252]: DEBUG neutron_lib.callbacks.manager [None req-55c99132-7779-455c-b0a1-bc24ef54d7e9 None None] Subscribe: > router precommit_create 55550000, False {{(pid=103252) subscribe /opt/stack/data/venv/lib/python3.12/site-packages/neutron_lib/callbacks/manager.py:52}}
Jun 04 10:12:52.131831 np0000178534 devstack@neutron-api.service[103252]: DEBUG neutron_lib.callbacks.manager [None req-55c99132-7779-455c-b0a1-bc24ef54d7e9 None None] Subscribe: > router precommit_create 55550000, False {{(pid=103252) subscribe /opt/stack/data/venv/lib/python3.12/site-packages/neutron_lib/callbacks/manager.py:52}}
Jun 04 10:12:52.131905 np0000178534 devstack@neutron-api.service[103252]: DEBUG neutron_lib.callbacks.manager [None req-55c99132-7779-455c-b0a1-bc24ef54d7e9 None None] Subscribe: > router precommit_update 55550000, False {{(pid=103252) subscribe /opt/stack/data/venv/lib/python3.12/site-packages/neutron_lib/callbacks/manager.py:52}}
Jun 04 10:12:52.132011 np0000178534 devstack@neutron-api.service[103252]: DEBUG neutron_lib.callbacks.manager [None req-55c99132-7779-455c-b0a1-bc24ef54d7e9 None None] Subscribe: subnet after_update 55550000, False {{(pid=103252) subscribe /opt/stack/data/venv/lib/python3.12/site-packages/neutron_lib/callbacks/manager.py:52}}
Jun 04 10:12:52.132198 np0000178534 devstack@neutron-api.service[103252]: DEBUG neutron.quota.resource_registry [None req-55c99132-7779-455c-b0a1-bc24ef54d7e9 None None] Tracking information for resource: router configured {{(pid=103252) set_tracked_resource /opt/stack/neutron/neutron/quota/resource_registry.py:203}}
Jun 04 10:12:52.132292 np0000178534 devstack@neutron-api.service[103252]: DEBUG neutron.quota.resource_registry [None req-55c99132-7779-455c-b0a1-bc24ef54d7e9 None None] Tracking information for resource: floatingip configured {{(pid=103252) set_tracked_resource /opt/stack/neutron/neutron/quota/resource_registry.py:203}}
Jun 04 10:12:52.132402 np0000178534 devstack@neutron-api.service[103252]: INFO neutron.services.ovn_l3.plugin [None req-55c99132-7779-455c-b0a1-bc24ef54d7e9 None None] Starting OVNL3RouterPlugin
Jun 04 10:12:52.132524 np0000178534 devstack@neutron-api.service[103254]: DEBUG neutron.manager [None req-cd8792a9-8bae-48a0-9bcb-0bc88a33fd70 None None] Successfully loaded revision_plugin plugin. Description: Adds revision numbers to resources. {{(pid=103254) _create_and_add_service_plugin /opt/stack/neutron/neutron/manager.py:239}}
Jun 04 10:12:52.132605 np0000178534 devstack@neutron-api.service[103252]: DEBUG neutron_lib.callbacks.manager [None req-55c99132-7779-455c-b0a1-bc24ef54d7e9 None None] Subscribe: > port_forwarding_plugin after_init 55550000, False {{(pid=103252) subscribe /opt/stack/data/venv/lib/python3.12/site-packages/neutron_lib/callbacks/manager.py:52}}
Jun 04 10:12:52.132668 np0000178534 devstack@neutron-api.service[103254]: DEBUG oslo_concurrency.lockutils [None req-cd8792a9-8bae-48a0-9bcb-0bc88a33fd70 None None] Lock "manager" "released" by "neutron.manager.NeutronManager._create_instance" :: held 4.687s {{(pid=103254) inner /opt/stack/data/venv/lib/python3.12/site-packages/oslo_concurrency/lockutils.py:543}}
Jun 04 10:12:52.132836 np0000178534 devstack@neutron-api.service[103252]: DEBUG neutron_lib.callbacks.manager [None req-55c99132-7779-455c-b0a1-bc24ef54d7e9 None None] Subscribe: > router before_create 55550100, False {{(pid=103252) subscribe /opt/stack/data/venv/lib/python3.12/site-packages/neutron_lib/callbacks/manager.py:52}}
Jun 04 10:12:52.132883 np0000178534 devstack@neutron-api.service[103254]: DEBUG neutron.api.extensions [None req-cd8792a9-8bae-48a0-9bcb-0bc88a33fd70 None None] get_extension_paths = OrderedDict({'/opt/stack/neutron/neutron/extensions': 1}) {{(pid=103254) get_extensions_path /opt/stack/neutron/neutron/api/extensions.py:640}}
Jun 04 10:12:52.132921 np0000178534 devstack@neutron-api.service[103252]: DEBUG neutron_lib.callbacks.manager [None req-55c99132-7779-455c-b0a1-bc24ef54d7e9 None None] Subscribe: > router precommit_delete 55550100, False {{(pid=103252) subscribe /opt/stack/data/venv/lib/python3.12/site-packages/neutron_lib/callbacks/manager.py:52}}
Jun 04 10:12:52.132985 np0000178534 devstack@neutron-api.service[103254]: INFO neutron.api.extensions [None req-cd8792a9-8bae-48a0-9bcb-0bc88a33fd70 None None] Initializing extension manager.
Jun 04 10:12:52.133025 np0000178534 devstack@neutron-api.service[103252]: DEBUG neutron_lib.callbacks.manager [None req-55c99132-7779-455c-b0a1-bc24ef54d7e9 None None] Subscribe: > router precommit_create 55550100, False {{(pid=103252) subscribe /opt/stack/data/venv/lib/python3.12/site-packages/neutron_lib/callbacks/manager.py:52}}
Jun 04 10:12:52.133099 np0000178534 devstack@neutron-api.service[103252]: DEBUG neutron_lib.callbacks.manager [None req-55c99132-7779-455c-b0a1-bc24ef54d7e9 None None] Subscribe: > router precommit_update 55550100, False {{(pid=103252) subscribe /opt/stack/data/venv/lib/python3.12/site-packages/neutron_lib/callbacks/manager.py:52}}
Jun 04 10:12:52.133246 np0000178534 devstack@neutron-api.service[103254]: DEBUG neutron.api.extensions [None req-cd8792a9-8bae-48a0-9bcb-0bc88a33fd70 None None] Loading extension file: __init__.py {{(pid=103254) _load_all_extensions_from_path /opt/stack/neutron/neutron/api/extensions.py:449}}
Jun 04 10:12:52.133360 np0000178534 devstack@neutron-api.service[103254]: DEBUG neutron.api.extensions [None req-cd8792a9-8bae-48a0-9bcb-0bc88a33fd70 None None] Loading extension file: __pycache__ {{(pid=103254) _load_all_extensions_from_path /opt/stack/neutron/neutron/api/extensions.py:449}}
Jun 04 10:12:52.133461 np0000178534 devstack@neutron-api.service[103254]: DEBUG neutron.api.extensions [None req-cd8792a9-8bae-48a0-9bcb-0bc88a33fd70 None None] Loading extension file: aap_reject_multicast.py {{(pid=103254) _load_all_extensions_from_path /opt/stack/neutron/neutron/api/extensions.py:449}}
Jun 04 10:12:52.133719 np0000178534 devstack@neutron-api.service[103254]: DEBUG neutron.api.extensions [None req-cd8792a9-8bae-48a0-9bcb-0bc88a33fd70 None None] Ext name="Allowed address pairs reject multicast extension" alias="aap-reject-multicast" description="Reject multicast addresses in Allowed Address Pairs" updated="2026-04-01T00:00:00-00:00" {{(pid=103254) _check_extension /opt/stack/neutron/neutron/api/extensions.py:415}}
Jun 04 10:12:52.133962 np0000178534 devstack@neutron-api.service[103254]: INFO neutron.api.extensions [None req-cd8792a9-8bae-48a0-9bcb-0bc88a33fd70 None None] Extension aap-reject-multicast not supported by any of loaded plugins
Jun 04 10:12:52.134057 np0000178534 devstack@neutron-api.service[103254]: DEBUG neutron.api.extensions [None req-cd8792a9-8bae-48a0-9bcb-0bc88a33fd70 None None] Loading extension file: address_group.py {{(pid=103254) _load_all_extensions_from_path /opt/stack/neutron/neutron/api/extensions.py:449}}
Jun 04 10:12:52.134408 np0000178534 devstack@neutron-api.service[103254]: DEBUG neutron.api.extensions [None req-cd8792a9-8bae-48a0-9bcb-0bc88a33fd70 None None] Ext name="Address group" alias="address-group" description="Support address group" updated="2020-07-15T10:00:00-00:00" {{(pid=103254) _check_extension /opt/stack/neutron/neutron/api/extensions.py:415}}
Jun 04 10:12:52.134580 np0000178534 devstack@neutron-api.service[103254]: INFO neutron.api.extensions [None req-cd8792a9-8bae-48a0-9bcb-0bc88a33fd70 None None] Loaded extension: address-group
Jun 04 10:12:52.134689 np0000178534 devstack@neutron-api.service[103254]: DEBUG neutron.api.extensions [None req-cd8792a9-8bae-48a0-9bcb-0bc88a33fd70 None None] Loading extension file: address_scope.py {{(pid=103254) _load_all_extensions_from_path /opt/stack/neutron/neutron/api/extensions.py:449}}
Jun 04 10:12:52.135021 np0000178534 devstack@neutron-api.service[103254]: DEBUG neutron.api.extensions [None req-cd8792a9-8bae-48a0-9bcb-0bc88a33fd70 None None] Ext name="Address scope" alias="address-scope" description="Address scopes extension." updated="2015-07-26T10:00:00-00:00" {{(pid=103254) _check_extension /opt/stack/neutron/neutron/api/extensions.py:415}}
Jun 04 10:12:52.135209 np0000178534 devstack@neutron-api.service[103254]: INFO neutron.api.extensions [None req-cd8792a9-8bae-48a0-9bcb-0bc88a33fd70 None None] Loaded extension: address-scope
Jun 04 10:12:52.135294 np0000178534 devstack@neutron-api.service[103254]: DEBUG neutron.api.extensions [None req-cd8792a9-8bae-48a0-9bcb-0bc88a33fd70 None None] Loading extension file: admin_state_down_before_update.py {{(pid=103254) _load_all_extensions_from_path /opt/stack/neutron/neutron/api/extensions.py:449}}
Jun 04 10:12:52.135548 np0000178534 devstack@neutron-api.service[103254]: DEBUG neutron.api.extensions [None req-cd8792a9-8bae-48a0-9bcb-0bc88a33fd70 None None] Ext name="Enforce Router's Admin State Down Before Update Extension" alias="router-admin-state-down-before-update" description="Ensure that the admin state of a router is DOWN (admin_state_up=False) before updating the distributed attribute" updated="2019-07-02T15:56:00" {{(pid=103254) _check_extension /opt/stack/neutron/neutron/api/extensions.py:415}}
Jun 04 10:12:52.135739 np0000178534 devstack@neutron-api.service[103254]: INFO neutron.api.extensions [None req-cd8792a9-8bae-48a0-9bcb-0bc88a33fd70 None None] Extension router-admin-state-down-before-update not supported by any of loaded plugins
Jun 04 10:12:52.135825 np0000178534 devstack@neutron-api.service[103254]: DEBUG neutron.api.extensions [None req-cd8792a9-8bae-48a0-9bcb-0bc88a33fd70 None None] Loading extension file: agent.py {{(pid=103254) _load_all_extensions_from_path /opt/stack/neutron/neutron/api/extensions.py:449}}
Jun 04 10:12:52.136134 np0000178534 devstack@neutron-api.service[103254]: DEBUG neutron.api.extensions [None req-cd8792a9-8bae-48a0-9bcb-0bc88a33fd70 None None] Ext name="agent" alias="agent" description="The agent management extension." updated="2013-02-03T10:00:00-00:00" {{(pid=103254) _check_extension /opt/stack/neutron/neutron/api/extensions.py:415}}
Jun 04 10:12:52.136310 np0000178534 devstack@neutron-api.service[103254]: INFO neutron.api.extensions [None req-cd8792a9-8bae-48a0-9bcb-0bc88a33fd70 None None] Loaded extension: agent
Jun 04 10:12:52.136361 np0000178534 devstack@neutron-api.service[103254]: DEBUG neutron.api.extensions [None req-cd8792a9-8bae-48a0-9bcb-0bc88a33fd70 None None] Loading extension file: agent_resources_synced.py {{(pid=103254) _load_all_extensions_from_path /opt/stack/neutron/neutron/api/extensions.py:449}}
Jun 04 10:12:52.136588 np0000178534 devstack@neutron-api.service[103252]: DEBUG neutron.services.provider_configuration [None req-55c99132-7779-455c-b0a1-bc24ef54d7e9 None None] Service providers = [] {{(pid=103252) parse_service_provider_opt /opt/stack/neutron/neutron/services/provider_configuration.py:170}}
Jun 04 10:12:52.136625 np0000178534 devstack@neutron-api.service[103254]: DEBUG neutron.api.extensions [None req-cd8792a9-8bae-48a0-9bcb-0bc88a33fd70 None None] Ext name="Agent's Resource View Synced to Placement" alias="agent-resources-synced" description="Stores success/failure of last sync to Placement" updated="2018-12-19T00:00:00-00:00" {{(pid=103254) _check_extension /opt/stack/neutron/neutron/api/extensions.py:415}}
Jun 04 10:12:52.136709 np0000178534 devstack@neutron-api.service[103252]: DEBUG neutron.db.servicetype_db [None req-55c99132-7779-455c-b0a1-bc24ef54d7e9 None None] Adding provider configuration for service L3_ROUTER_NAT {{(pid=103252) add_provider_configuration /opt/stack/neutron/neutron/db/servicetype_db.py:45}}
Jun 04 10:12:52.136774 np0000178534 devstack@neutron-api.service[103254]: INFO neutron.api.extensions [None req-cd8792a9-8bae-48a0-9bcb-0bc88a33fd70 None None] Extension agent-resources-synced not supported by any of loaded plugins
Jun 04 10:12:52.136849 np0000178534 devstack@neutron-api.service[103254]: DEBUG neutron.api.extensions [None req-cd8792a9-8bae-48a0-9bcb-0bc88a33fd70 None None] Loading extension file: agent_sort_key.py {{(pid=103254) _load_all_extensions_from_path /opt/stack/neutron/neutron/api/extensions.py:449}}
Jun 04 10:12:52.137101 np0000178534 devstack@neutron-api.service[103254]: DEBUG neutron.api.extensions [None req-cd8792a9-8bae-48a0-9bcb-0bc88a33fd70 None None] Ext name="Agents Sort Key" alias="agent_sort_key" description="Enabling the keyword sort_key for sorting in agents." updated="2013-02-03T10:00:00-00:00" {{(pid=103254) _check_extension /opt/stack/neutron/neutron/api/extensions.py:415}}
Jun 04 10:12:52.137284 np0000178534 devstack@neutron-api.service[103254]: INFO neutron.api.extensions [None req-cd8792a9-8bae-48a0-9bcb-0bc88a33fd70 None None] Extension agent_sort_key not supported by any of loaded plugins
Jun 04 10:12:52.137396 np0000178534 devstack@neutron-api.service[103254]: DEBUG neutron.api.extensions [None req-cd8792a9-8bae-48a0-9bcb-0bc88a33fd70 None None] Loading extension file: allowedaddresspairs.py {{(pid=103254) _load_all_extensions_from_path /opt/stack/neutron/neutron/api/extensions.py:449}}
Jun 04 10:12:52.137786 np0000178534 devstack@neutron-api.service[103252]: DEBUG neutron_lib.callbacks.manager [None req-55c99132-7779-455c-b0a1-bc24ef54d7e9 None None] Subscribe: > router precommit_create 55549900, False {{(pid=103252) subscribe /opt/stack/data/venv/lib/python3.12/site-packages/neutron_lib/callbacks/manager.py:52}}
Jun 04 10:12:52.137895 np0000178534 devstack@neutron-api.service[103252]: DEBUG neutron_lib.callbacks.manager [None req-55c99132-7779-455c-b0a1-bc24ef54d7e9 None None] Subscribe: > router_interface after_create 55550000, False {{(pid=103252) subscribe /opt/stack/data/venv/lib/python3.12/site-packages/neutron_lib/callbacks/manager.py:52}}
Jun 04 10:12:52.137999 np0000178534 devstack@neutron-api.service[103252]: DEBUG neutron_lib.callbacks.manager [None req-55c99132-7779-455c-b0a1-bc24ef54d7e9 None None] Subscribe: > floatingip after_create 55550000, False {{(pid=103252) subscribe /opt/stack/data/venv/lib/python3.12/site-packages/neutron_lib/callbacks/manager.py:52}}
Jun 04 10:12:52.138101 np0000178534 devstack@neutron-api.service[103252]: DEBUG neutron_lib.callbacks.manager [None req-55c99132-7779-455c-b0a1-bc24ef54d7e9 None None] Subscribe: > floatingip precommit_create 55550000, False {{(pid=103252) subscribe /opt/stack/data/venv/lib/python3.12/site-packages/neutron_lib/callbacks/manager.py:52}}
Jun 04 10:12:52.138145 np0000178534 devstack@neutron-api.service[103254]: DEBUG neutron.api.extensions [None req-cd8792a9-8bae-48a0-9bcb-0bc88a33fd70 None None] Ext name="Allowed Address Pairs" alias="allowed-address-pairs" description="Provides allowed address pairs" updated="2013-07-23T10:00:00-00:00" {{(pid=103254) _check_extension /opt/stack/neutron/neutron/api/extensions.py:415}}
Jun 04 10:12:52.138184 np0000178534 devstack@neutron-api.service[103252]: DEBUG neutron_lib.callbacks.manager [None req-55c99132-7779-455c-b0a1-bc24ef54d7e9 None None] Subscribe: > floatingip precommit_update 55550000, False {{(pid=103252) subscribe /opt/stack/data/venv/lib/python3.12/site-packages/neutron_lib/callbacks/manager.py:52}}
Jun 04 10:12:52.138295 np0000178534 devstack@neutron-api.service[103252]: DEBUG neutron_lib.callbacks.manager [None req-55c99132-7779-455c-b0a1-bc24ef54d7e9 None None] Subscribe: > floatingip after_delete 55550000, False {{(pid=103252) subscribe /opt/stack/data/venv/lib/python3.12/site-packages/neutron_lib/callbacks/manager.py:52}}
Jun 04 10:12:52.138331 np0000178534 devstack@neutron-api.service[103254]: INFO neutron.api.extensions [None req-cd8792a9-8bae-48a0-9bcb-0bc88a33fd70 None None] Loaded extension: allowed-address-pairs
Jun 04 10:12:52.138402 np0000178534 devstack@neutron-api.service[103252]: DEBUG neutron_lib.callbacks.manager [None req-55c99132-7779-455c-b0a1-bc24ef54d7e9 None None] Subscribe: > floatingip after_status_update 55550000, False {{(pid=103252) subscribe /opt/stack/data/venv/lib/python3.12/site-packages/neutron_lib/callbacks/manager.py:52}}
Jun 04 10:12:52.138443 np0000178534 devstack@neutron-api.service[103254]: DEBUG neutron.api.extensions [None req-cd8792a9-8bae-48a0-9bcb-0bc88a33fd70 None None] Loading extension file: auto_allocated_topology.py {{(pid=103254) _load_all_extensions_from_path /opt/stack/neutron/neutron/api/extensions.py:449}}
Jun 04 10:12:52.138505 np0000178534 devstack@neutron-api.service[103252]: DEBUG neutron_lib.callbacks.manager [None req-55c99132-7779-455c-b0a1-bc24ef54d7e9 None None] Subscribe: > floatingip after_update 55550000, False {{(pid=103252) subscribe /opt/stack/data/venv/lib/python3.12/site-packages/neutron_lib/callbacks/manager.py:52}}
Jun 04 10:12:52.138593 np0000178534 devstack@neutron-api.service[103252]: DEBUG neutron_lib.callbacks.manager [None req-55c99132-7779-455c-b0a1-bc24ef54d7e9 None None] Subscribe: > port_forwarding after_create 55550000, False {{(pid=103252) subscribe /opt/stack/data/venv/lib/python3.12/site-packages/neutron_lib/callbacks/manager.py:52}}
Jun 04 10:12:52.138664 np0000178534 devstack@neutron-api.service[103254]: DEBUG neutron.api.extensions [None req-cd8792a9-8bae-48a0-9bcb-0bc88a33fd70 None None] Ext name="Auto Allocated Topology Services" alias="auto-allocated-topology" description="Auto Allocated Topology Services." updated="2016-01-01T00:00:00-00:00" {{(pid=103254) _check_extension /opt/stack/neutron/neutron/api/extensions.py:415}}
Jun 04 10:12:52.138712 np0000178534 devstack@neutron-api.service[103252]: DEBUG neutron_lib.callbacks.manager [None req-55c99132-7779-455c-b0a1-bc24ef54d7e9 None None] Subscribe: > router_interface after_delete 55550000, False {{(pid=103252) subscribe /opt/stack/data/venv/lib/python3.12/site-packages/neutron_lib/callbacks/manager.py:52}}
Jun 04 10:12:52.138788 np0000178534 devstack@neutron-api.service[103252]: DEBUG neutron_lib.callbacks.manager [None req-55c99132-7779-455c-b0a1-bc24ef54d7e9 None None] Subscribe: > router after_create 55550000, False {{(pid=103252) subscribe /opt/stack/data/venv/lib/python3.12/site-packages/neutron_lib/callbacks/manager.py:52}}
Jun 04 10:12:52.138868 np0000178534 devstack@neutron-api.service[103254]: INFO neutron.api.extensions [None req-cd8792a9-8bae-48a0-9bcb-0bc88a33fd70 None None] Loaded extension: auto-allocated-topology
Jun 04 10:12:52.138939 np0000178534 devstack@neutron-api.service[103252]: DEBUG neutron_lib.callbacks.manager [None req-55c99132-7779-455c-b0a1-bc24ef54d7e9 None None] Subscribe: > router precommit_create 55550000, False {{(pid=103252) subscribe /opt/stack/data/venv/lib/python3.12/site-packages/neutron_lib/callbacks/manager.py:52}}
Jun 04 10:12:52.138984 np0000178534 devstack@neutron-api.service[103254]: DEBUG neutron.api.extensions [None req-cd8792a9-8bae-48a0-9bcb-0bc88a33fd70 None None] Loading extension file: availability_zone.py {{(pid=103254) _load_all_extensions_from_path /opt/stack/neutron/neutron/api/extensions.py:449}}
Jun 04 10:12:52.139026 np0000178534 devstack@neutron-api.service[103252]: DEBUG neutron_lib.callbacks.manager [None req-55c99132-7779-455c-b0a1-bc24ef54d7e9 None None] Subscribe: > router after_delete 55550000, False {{(pid=103252) subscribe /opt/stack/data/venv/lib/python3.12/site-packages/neutron_lib/callbacks/manager.py:52}}
Jun 04 10:12:52.139102 np0000178534 devstack@neutron-api.service[103252]: DEBUG neutron_lib.callbacks.manager [None req-55c99132-7779-455c-b0a1-bc24ef54d7e9 None None] Subscribe: > router after_update 55550000, False {{(pid=103252) subscribe /opt/stack/data/venv/lib/python3.12/site-packages/neutron_lib/callbacks/manager.py:52}}
Jun 04 10:12:52.139210 np0000178534 devstack@neutron-api.service[103252]: DEBUG neutron.services.service_base [None req-55c99132-7779-455c-b0a1-bc24ef54d7e9 None None] Loaded 'neutron.services.ovn_l3.service_providers.ovn.OvnDriver' provider for service L3_ROUTER_NAT {{(pid=103252) load_drivers /opt/stack/neutron/neutron/services/service_base.py:49}}
Jun 04 10:12:52.139354 np0000178534 devstack@neutron-api.service[103252]: DEBUG neutron_lib.callbacks.manager [None req-55c99132-7779-455c-b0a1-bc24ef54d7e9 None None] Subscribe: > process after_init 55550001, True {{(pid=103252) subscribe /opt/stack/data/venv/lib/python3.12/site-packages/neutron_lib/callbacks/manager.py:52}}
Jun 04 10:12:52.139469 np0000178534 devstack@neutron-api.service[103252]: DEBUG neutron.manager [None req-55c99132-7779-455c-b0a1-bc24ef54d7e9 None None] Successfully loaded L3_ROUTER_NAT plugin. Description: L3 Router Service Plugin for basic L3 forwarding using OVN {{(pid=103252) _create_and_add_service_plugin /opt/stack/neutron/neutron/manager.py:239}}
Jun 04 10:12:52.139505 np0000178534 devstack@neutron-api.service[103254]: DEBUG neutron.api.extensions [None req-cd8792a9-8bae-48a0-9bcb-0bc88a33fd70 None None] Ext name="Availability Zone" alias="availability_zone" description="The availability zone extension." updated="2015-01-01T10:00:00-00:00" {{(pid=103254) _check_extension /opt/stack/neutron/neutron/api/extensions.py:415}}
Jun 04 10:12:52.139542 np0000178534 devstack@neutron-api.service[103252]: INFO neutron.manager [None req-55c99132-7779-455c-b0a1-bc24ef54d7e9 None None] Loading Plugin: auto_allocate
Jun 04 10:12:52.139654 np0000178534 devstack@neutron-api.service[103254]: INFO neutron.api.extensions [None req-cd8792a9-8bae-48a0-9bcb-0bc88a33fd70 None None] Loaded extension: availability_zone
Jun 04 10:12:52.139738 np0000178534 devstack@neutron-api.service[103254]: DEBUG neutron.api.extensions [None req-cd8792a9-8bae-48a0-9bcb-0bc88a33fd70 None None] Loading extension file: availability_zone_filter.py {{(pid=103254) _load_all_extensions_from_path /opt/stack/neutron/neutron/api/extensions.py:449}}
Jun 04 10:12:52.139969 np0000178534 devstack@neutron-api.service[103254]: DEBUG neutron.api.extensions [None req-cd8792a9-8bae-48a0-9bcb-0bc88a33fd70 None None] Ext name="Availability Zone Filter Extension" alias="availability_zone_filter" description="Add filter parameters to AvailabilityZone resource" updated="2018-06-22T10:00:00-00:00" {{(pid=103254) _check_extension /opt/stack/neutron/neutron/api/extensions.py:415}}
Jun 04 10:12:52.140155 np0000178534 devstack@neutron-api.service[103254]: INFO neutron.api.extensions [None req-cd8792a9-8bae-48a0-9bcb-0bc88a33fd70 None None] Extension availability_zone_filter not supported by any of loaded plugins
Jun 04 10:12:52.140234 np0000178534 devstack@neutron-api.service[103254]: DEBUG neutron.api.extensions [None req-cd8792a9-8bae-48a0-9bcb-0bc88a33fd70 None None] Loading extension file: data_plane_status.py {{(pid=103254) _load_all_extensions_from_path /opt/stack/neutron/neutron/api/extensions.py:449}}
Jun 04 10:12:52.140396 np0000178534 devstack@neutron-api.service[103252]: DEBUG neutron_lib.callbacks.manager [None req-55c99132-7779-455c-b0a1-bc24ef54d7e9 None None] Subscribe: network precommit_update 55550000, False {{(pid=103252) subscribe /opt/stack/data/venv/lib/python3.12/site-packages/neutron_lib/callbacks/manager.py:52}}
Jun 04 10:12:52.140472 np0000178534 devstack@neutron-api.service[103254]: DEBUG neutron.api.extensions [None req-cd8792a9-8bae-48a0-9bcb-0bc88a33fd70 None None] Ext name="Port data plane status extension" alias="data-plane-status" description="Expose status of underlying data plane" updated="2017-01-24T10:00:00-00:00" {{(pid=103254) _check_extension /opt/stack/neutron/neutron/api/extensions.py:415}}
Jun 04 10:12:52.140510 np0000178534 devstack@neutron-api.service[103252]: DEBUG neutron_lib.callbacks.manager [None req-55c99132-7779-455c-b0a1-bc24ef54d7e9 None None] Subscribe: network precommit_create 55550000, False {{(pid=103252) subscribe /opt/stack/data/venv/lib/python3.12/site-packages/neutron_lib/callbacks/manager.py:52}}
Jun 04 10:12:52.140654 np0000178534 devstack@neutron-api.service[103254]: INFO neutron.api.extensions [None req-cd8792a9-8bae-48a0-9bcb-0bc88a33fd70 None None] Extension data-plane-status not supported by any of loaded plugins
Jun 04 10:12:52.140735 np0000178534 devstack@neutron-api.service[103252]: DEBUG neutron.manager [None req-55c99132-7779-455c-b0a1-bc24ef54d7e9 None None] Successfully loaded auto-allocated-topology plugin. Description: Auto Allocated Topology - aka get me a network. {{(pid=103252) _create_and_add_service_plugin /opt/stack/neutron/neutron/manager.py:239}}
Jun 04 10:12:52.140778 np0000178534 devstack@neutron-api.service[103254]: DEBUG neutron.api.extensions [None req-cd8792a9-8bae-48a0-9bcb-0bc88a33fd70 None None] Loading extension file: default_subnetpools.py {{(pid=103254) _load_all_extensions_from_path /opt/stack/neutron/neutron/api/extensions.py:449}}
Jun 04 10:12:52.140815 np0000178534 devstack@neutron-api.service[103252]: INFO neutron.manager [None req-55c99132-7779-455c-b0a1-bc24ef54d7e9 None None] Loading Plugin: tag
Jun 04 10:12:52.140960 np0000178534 devstack@neutron-api.service[103254]: DEBUG neutron.api.extensions [None req-cd8792a9-8bae-48a0-9bcb-0bc88a33fd70 None None] Ext name="Default Subnetpools" alias="default-subnetpools" description="Provides ability to mark and use a subnetpool as the default." updated="2016-02-18T18:00:00-00:00" {{(pid=103254) _check_extension /opt/stack/neutron/neutron/api/extensions.py:415}}
Jun 04 10:12:52.141135 np0000178534 devstack@neutron-api.service[103254]: INFO neutron.api.extensions [None req-cd8792a9-8bae-48a0-9bcb-0bc88a33fd70 None None] Loaded extension: default-subnetpools
Jun 04 10:12:52.141229 np0000178534 devstack@neutron-api.service[103254]: DEBUG neutron.api.extensions [None req-cd8792a9-8bae-48a0-9bcb-0bc88a33fd70 None None] Loading extension file: dhcpagentscheduler.py {{(pid=103254) _load_all_extensions_from_path /opt/stack/neutron/neutron/api/extensions.py:449}}
Jun 04 10:12:52.141637 np0000178534 devstack@neutron-api.service[103254]: DEBUG neutron.api.extensions [None req-cd8792a9-8bae-48a0-9bcb-0bc88a33fd70 None None] Ext name="DHCP Agent Scheduler" alias="dhcp_agent_scheduler" description="Schedule networks among dhcp agents" updated="2013-02-07T10:00:00-00:00" {{(pid=103254) _check_extension /opt/stack/neutron/neutron/api/extensions.py:415}}
Jun 04 10:12:52.141815 np0000178534 devstack@neutron-api.service[103254]: INFO neutron.api.extensions [None req-cd8792a9-8bae-48a0-9bcb-0bc88a33fd70 None None] Loaded extension: dhcp_agent_scheduler
Jun 04 10:12:52.141928 np0000178534 devstack@neutron-api.service[103254]: DEBUG neutron.api.extensions [None req-cd8792a9-8bae-48a0-9bcb-0bc88a33fd70 None None] Loading extension file: dns.py {{(pid=103254) _load_all_extensions_from_path /opt/stack/neutron/neutron/api/extensions.py:449}}
Jun 04 10:12:52.142181 np0000178534 devstack@neutron-api.service[103254]: DEBUG neutron.api.extensions [None req-cd8792a9-8bae-48a0-9bcb-0bc88a33fd70 None None] Ext name="DNS Integration" alias="dns-integration" description="Provides integration with DNS." updated="2015-08-15T18:00:00-00:00" {{(pid=103254) _check_extension /opt/stack/neutron/neutron/api/extensions.py:415}}
Jun 04 10:12:52.142355 np0000178534 devstack@neutron-api.service[103254]: INFO neutron.api.extensions [None req-cd8792a9-8bae-48a0-9bcb-0bc88a33fd70 None None] Loaded extension: dns-integration
Jun 04 10:12:52.142394 np0000178534 devstack@neutron-api.service[103254]: DEBUG neutron.api.extensions [None req-cd8792a9-8bae-48a0-9bcb-0bc88a33fd70 None None] Loading extension file: dns_domain_ports.py {{(pid=103254) _load_all_extensions_from_path /opt/stack/neutron/neutron/api/extensions.py:449}}
Jun 04 10:12:52.142635 np0000178534 devstack@neutron-api.service[103254]: DEBUG neutron.api.extensions [None req-cd8792a9-8bae-48a0-9bcb-0bc88a33fd70 None None] Ext name="dns_domain for ports" alias="dns-domain-ports" description="Allows the DNS domain to be specified for a network port." updated="2017-04-24T10:00:00-00:00" {{(pid=103254) _check_extension /opt/stack/neutron/neutron/api/extensions.py:415}}
Jun 04 10:12:52.142807 np0000178534 devstack@neutron-api.service[103254]: INFO neutron.api.extensions [None req-cd8792a9-8bae-48a0-9bcb-0bc88a33fd70 None None] Loaded extension: dns-domain-ports
Jun 04 10:12:52.143033 np0000178534 devstack@neutron-api.service[103254]: DEBUG neutron.api.extensions [None req-cd8792a9-8bae-48a0-9bcb-0bc88a33fd70 None None] Loading extension file: dns_integration_domain_keywords.py {{(pid=103254) _load_all_extensions_from_path /opt/stack/neutron/neutron/api/extensions.py:449}}
Jun 04 10:12:52.143152 np0000178534 devstack@neutron-api.service[103254]: DEBUG neutron.api.extensions [None req-cd8792a9-8bae-48a0-9bcb-0bc88a33fd70 None None] Ext name="DNS domain names with keywords allowed" alias="dns-integration-domain-keywords" description="Allows to use keywords like , , and as DNS domain name" updated="2020-06-15T18:00:00-00:00" {{(pid=103254) _check_extension /opt/stack/neutron/neutron/api/extensions.py:415}}
Jun 04 10:12:52.143322 np0000178534 devstack@neutron-api.service[103254]: INFO neutron.api.extensions [None req-cd8792a9-8bae-48a0-9bcb-0bc88a33fd70 None None] Loaded extension: dns-integration-domain-keywords
Jun 04 10:12:52.143416 np0000178534 devstack@neutron-api.service[103252]: DEBUG neutron.manager [None req-55c99132-7779-455c-b0a1-bc24ef54d7e9 None None] Successfully loaded TAG plugin. Description: Tag support {{(pid=103252) _create_and_add_service_plugin /opt/stack/neutron/neutron/manager.py:239}}
Jun 04 10:12:52.143466 np0000178534 devstack@neutron-api.service[103254]: DEBUG neutron.api.extensions [None req-cd8792a9-8bae-48a0-9bcb-0bc88a33fd70 None None] Loading extension file: dvr.py {{(pid=103254) _load_all_extensions_from_path /opt/stack/neutron/neutron/api/extensions.py:449}}
Jun 04 10:12:52.143540 np0000178534 devstack@neutron-api.service[103252]: INFO neutron.manager [None req-55c99132-7779-455c-b0a1-bc24ef54d7e9 None None] Loading Plugin: timestamp
Jun 04 10:12:52.143684 np0000178534 devstack@neutron-api.service[103254]: DEBUG neutron.api.extensions [None req-cd8792a9-8bae-48a0-9bcb-0bc88a33fd70 None None] Ext name="Distributed Virtual Router" alias="dvr" description="Enables configuration of Distributed Virtual Routers." updated="2014-06-1T10:00:00-00:00" {{(pid=103254) _check_extension /opt/stack/neutron/neutron/api/extensions.py:415}}
