May 09 03:17:12.404812 np0000172882 nova-conductor[110517]: DEBUG cotyledon.oslo_config_glue [-] vmware.vnc_keymap = en-us {{(pid=110517) log_opt_values /opt/stack/data/venv/lib/python3.12/site-packages/oslo_config/cfg.py:3006}}
May 09 03:17:12.404812 np0000172882 nova-conductor[110517]: DEBUG cotyledon.oslo_config_glue [-] vmware.vnc_port = 5900 {{(pid=110517) log_opt_values /opt/stack/data/venv/lib/python3.12/site-packages/oslo_config/cfg.py:3006}}
May 09 03:17:12.404812 np0000172882 nova-conductor[110517]: DEBUG cotyledon.oslo_config_glue [-] vmware.vnc_port_total = 10000 {{(pid=110517) log_opt_values /opt/stack/data/venv/lib/python3.12/site-packages/oslo_config/cfg.py:3006}}
May 09 03:17:12.404812 np0000172882 nova-conductor[110517]: DEBUG cotyledon.oslo_config_glue [-] vnc.auth_schemes = ['none'] {{(pid=110517) log_opt_values /opt/stack/data/venv/lib/python3.12/site-packages/oslo_config/cfg.py:3006}}
May 09 03:17:12.404992 np0000172882 nova-conductor[110499]: INFO dbcounter [None req-9592f143-3caf-475d-8252-37117d5c4b67 None None] Registered counter for database nova_cell0
May 09 03:17:12.405028 np0000172882 nova-conductor[110517]: DEBUG cotyledon.oslo_config_glue [-] vnc.enabled = True {{(pid=110517) log_opt_values /opt/stack/data/venv/lib/python3.12/site-packages/oslo_config/cfg.py:3006}}
May 09 03:17:12.405028 np0000172882 nova-conductor[110517]: DEBUG cotyledon.oslo_config_glue [-] vnc.novncproxy_base_url = http://127.0.0.1:6080/vnc_auto.html {{(pid=110517) log_opt_values /opt/stack/data/venv/lib/python3.12/site-packages/oslo_config/cfg.py:3006}}
May 09 03:17:12.405028 np0000172882 nova-conductor[110517]: DEBUG cotyledon.oslo_config_glue [-] vnc.novncproxy_host = 0.0.0.0 {{(pid=110517) log_opt_values /opt/stack/data/venv/lib/python3.12/site-packages/oslo_config/cfg.py:3006}}
May 09 03:17:12.405028 np0000172882 nova-conductor[110517]: DEBUG cotyledon.oslo_config_glue [-] vnc.novncproxy_port = 6080 {{(pid=110517) log_opt_values /opt/stack/data/venv/lib/python3.12/site-packages/oslo_config/cfg.py:3006}}
May 09 03:17:12.405028 np0000172882 nova-conductor[110517]: DEBUG cotyledon.oslo_config_glue [-] vnc.server_listen = 127.0.0.1 {{(pid=110517) log_opt_values /opt/stack/data/venv/lib/python3.12/site-packages/oslo_config/cfg.py:3006}}
May 09 03:17:12.405028 np0000172882 nova-conductor[110517]: DEBUG cotyledon.oslo_config_glue [-] vnc.server_proxyclient_address = 127.0.0.1 {{(pid=110517) log_opt_values /opt/stack/data/venv/lib/python3.12/site-packages/oslo_config/cfg.py:3006}}
May 09 03:17:12.405028 np0000172882 nova-conductor[110517]: DEBUG cotyledon.oslo_config_glue [-] vnc.vencrypt_ca_certs = None {{(pid=110517) log_opt_values /opt/stack/data/venv/lib/python3.12/site-packages/oslo_config/cfg.py:3006}}
May 09 03:17:12.405028 np0000172882 nova-conductor[110517]: DEBUG cotyledon.oslo_config_glue [-] vnc.vencrypt_client_cert = None {{(pid=110517) log_opt_values /opt/stack/data/venv/lib/python3.12/site-packages/oslo_config/cfg.py:3006}}
May 09 03:17:12.405028 np0000172882 nova-conductor[110517]: DEBUG cotyledon.oslo_config_glue [-] vnc.vencrypt_client_key = None {{(pid=110517) log_opt_values /opt/stack/data/venv/lib/python3.12/site-packages/oslo_config/cfg.py:3006}}
May 09 03:17:12.405238 np0000172882 nova-conductor[110517]: DEBUG cotyledon.oslo_config_glue [-] workarounds.disable_compute_service_check_for_ffu = False {{(pid=110517) log_opt_values /opt/stack/data/venv/lib/python3.12/site-packages/oslo_config/cfg.py:3006}}
May 09 03:17:12.405238 np0000172882 nova-conductor[110517]: DEBUG cotyledon.oslo_config_glue [-] workarounds.disable_deep_image_inspection = False {{(pid=110517) log_opt_values /opt/stack/data/venv/lib/python3.12/site-packages/oslo_config/cfg.py:3006}}
May 09 03:17:12.405238 np0000172882 nova-conductor[110517]: DEBUG cotyledon.oslo_config_glue [-] workarounds.disable_fallback_pcpu_query = False {{(pid=110517) log_opt_values /opt/stack/data/venv/lib/python3.12/site-packages/oslo_config/cfg.py:3006}}
May 09 03:17:12.405238 np0000172882 nova-conductor[110517]: DEBUG cotyledon.oslo_config_glue [-] workarounds.disable_group_policy_check_upcall = False {{(pid=110517) log_opt_values /opt/stack/data/venv/lib/python3.12/site-packages/oslo_config/cfg.py:3006}}
May 09 03:17:12.405238 np0000172882 nova-conductor[110517]: DEBUG cotyledon.oslo_config_glue [-] workarounds.disable_libvirt_livesnapshot = False {{(pid=110517) log_opt_values /opt/stack/data/venv/lib/python3.12/site-packages/oslo_config/cfg.py:3006}}
May 09 03:17:12.405238 np0000172882 nova-conductor[110517]: DEBUG cotyledon.oslo_config_glue [-] workarounds.disable_rootwrap = False {{(pid=110517) log_opt_values /opt/stack/data/venv/lib/python3.12/site-packages/oslo_config/cfg.py:3006}}
May 09 03:17:12.405238 np0000172882 nova-conductor[110517]: DEBUG cotyledon.oslo_config_glue [-] workarounds.enable_numa_live_migration = False {{(pid=110517) log_opt_values /opt/stack/data/venv/lib/python3.12/site-packages/oslo_config/cfg.py:3006}}
May 09 03:17:12.405238 np0000172882 nova-conductor[110517]: DEBUG cotyledon.oslo_config_glue [-] workarounds.enable_qemu_monitor_announce_self = False {{(pid=110517) log_opt_values /opt/stack/data/venv/lib/python3.12/site-packages/oslo_config/cfg.py:3006}}
May 09 03:17:12.405238 np0000172882 nova-conductor[110517]: DEBUG cotyledon.oslo_config_glue [-] workarounds.ensure_libvirt_rbd_instance_dir_cleanup = False {{(pid=110517) log_opt_values /opt/stack/data/venv/lib/python3.12/site-packages/oslo_config/cfg.py:3006}}
May 09 03:17:12.405446 np0000172882 nova-conductor[110517]: DEBUG cotyledon.oslo_config_glue [-] workarounds.handle_virt_lifecycle_events = True {{(pid=110517) log_opt_values /opt/stack/data/venv/lib/python3.12/site-packages/oslo_config/cfg.py:3006}}
May 09 03:17:12.405446 np0000172882 nova-conductor[110517]: DEBUG cotyledon.oslo_config_glue [-] workarounds.libvirt_disable_apic = False {{(pid=110517) log_opt_values /opt/stack/data/venv/lib/python3.12/site-packages/oslo_config/cfg.py:3006}}
May 09 03:17:12.405446 np0000172882 nova-conductor[110517]: DEBUG cotyledon.oslo_config_glue [-] workarounds.never_download_image_if_on_rbd = False {{(pid=110517) log_opt_values /opt/stack/data/venv/lib/python3.12/site-packages/oslo_config/cfg.py:3006}}
May 09 03:17:12.405446 np0000172882 nova-conductor[110517]: DEBUG cotyledon.oslo_config_glue [-] workarounds.qemu_monitor_announce_self_count = 3 {{(pid=110517) log_opt_values /opt/stack/data/venv/lib/python3.12/site-packages/oslo_config/cfg.py:3006}}
May 09 03:17:12.405446 np0000172882 nova-conductor[110517]: DEBUG cotyledon.oslo_config_glue [-] workarounds.qemu_monitor_announce_self_interval = 1 {{(pid=110517) log_opt_values /opt/stack/data/venv/lib/python3.12/site-packages/oslo_config/cfg.py:3006}}
May 09 03:17:12.405446 np0000172882 nova-conductor[110517]: DEBUG cotyledon.oslo_config_glue [-] workarounds.reserve_disk_resource_for_image_cache = False {{(pid=110517) log_opt_values /opt/stack/data/venv/lib/python3.12/site-packages/oslo_config/cfg.py:3006}}
May 09 03:17:12.405446 np0000172882 nova-conductor[110517]: DEBUG cotyledon.oslo_config_glue [-] workarounds.skip_cpu_compare_at_startup = False {{(pid=110517) log_opt_values /opt/stack/data/venv/lib/python3.12/site-packages/oslo_config/cfg.py:3006}}
May 09 03:17:12.405446 np0000172882 nova-conductor[110517]: DEBUG cotyledon.oslo_config_glue [-] workarounds.skip_cpu_compare_on_dest = False {{(pid=110517) log_opt_values /opt/stack/data/venv/lib/python3.12/site-packages/oslo_config/cfg.py:3006}}
May 09 03:17:12.405446 np0000172882 nova-conductor[110517]: DEBUG cotyledon.oslo_config_glue [-] workarounds.skip_hypervisor_version_check_on_lm = False {{(pid=110517) log_opt_values /opt/stack/data/venv/lib/python3.12/site-packages/oslo_config/cfg.py:3006}}
May 09 03:17:12.405646 np0000172882 nova-conductor[110517]: DEBUG cotyledon.oslo_config_glue [-] workarounds.skip_reserve_in_use_ironic_nodes = False {{(pid=110517) log_opt_values /opt/stack/data/venv/lib/python3.12/site-packages/oslo_config/cfg.py:3006}}
May 09 03:17:12.405646 np0000172882 nova-conductor[110517]: DEBUG cotyledon.oslo_config_glue [-] workarounds.unified_limits_count_pcpu_as_vcpu = False {{(pid=110517) log_opt_values /opt/stack/data/venv/lib/python3.12/site-packages/oslo_config/cfg.py:3006}}
May 09 03:17:12.405646 np0000172882 nova-conductor[110517]: DEBUG cotyledon.oslo_config_glue [-] workarounds.wait_for_vif_plugged_event_during_hard_reboot = [] {{(pid=110517) log_opt_values /opt/stack/data/venv/lib/python3.12/site-packages/oslo_config/cfg.py:3006}}
May 09 03:17:12.405646 np0000172882 nova-conductor[110517]: DEBUG cotyledon.oslo_config_glue [-] wsgi.api_paste_config = /etc/nova/api-paste.ini {{(pid=110517) log_opt_values /opt/stack/data/venv/lib/python3.12/site-packages/oslo_config/cfg.py:3006}}
May 09 03:17:12.405646 np0000172882 nova-conductor[110517]: DEBUG cotyledon.oslo_config_glue [-] wsgi.secure_proxy_ssl_header = None {{(pid=110517) log_opt_values /opt/stack/data/venv/lib/python3.12/site-packages/oslo_config/cfg.py:3006}}
May 09 03:17:12.405646 np0000172882 nova-conductor[110517]: DEBUG cotyledon.oslo_config_glue [-] zvm.ca_file = None {{(pid=110517) log_opt_values /opt/stack/data/venv/lib/python3.12/site-packages/oslo_config/cfg.py:3006}}
May 09 03:17:12.405646 np0000172882 nova-conductor[110517]: DEBUG cotyledon.oslo_config_glue [-] zvm.cloud_connector_url = None {{(pid=110517) log_opt_values /opt/stack/data/venv/lib/python3.12/site-packages/oslo_config/cfg.py:3006}}
May 09 03:17:12.405646 np0000172882 nova-conductor[110517]: DEBUG cotyledon.oslo_config_glue [-] zvm.image_tmp_path = /opt/stack/data/nova/images {{(pid=110517) log_opt_values /opt/stack/data/venv/lib/python3.12/site-packages/oslo_config/cfg.py:3006}}
May 09 03:17:12.405646 np0000172882 nova-conductor[110517]: DEBUG cotyledon.oslo_config_glue [-] zvm.reachable_timeout = 300 {{(pid=110517) log_opt_values /opt/stack/data/venv/lib/python3.12/site-packages/oslo_config/cfg.py:3006}}
May 09 03:17:12.405865 np0000172882 nova-conductor[110517]: DEBUG cotyledon.oslo_config_glue [-] oslo_versionedobjects.fatal_exception_format_errors = False {{(pid=110517) log_opt_values /opt/stack/data/venv/lib/python3.12/site-packages/oslo_config/cfg.py:3006}}
May 09 03:17:12.405865 np0000172882 nova-conductor[110517]: DEBUG cotyledon.oslo_config_glue [-] oslo_middleware.http_basic_auth_user_file = /etc/htpasswd {{(pid=110517) log_opt_values /opt/stack/data/venv/lib/python3.12/site-packages/oslo_config/cfg.py:3006}}
May 09 03:17:12.405865 np0000172882 nova-conductor[110517]: DEBUG cotyledon.oslo_config_glue [-] profiler.connection_string = messaging:// {{(pid=110517) log_opt_values /opt/stack/data/venv/lib/python3.12/site-packages/oslo_config/cfg.py:3006}}
May 09 03:17:12.405865 np0000172882 nova-conductor[110517]: DEBUG cotyledon.oslo_config_glue [-] profiler.enabled = False {{(pid=110517) log_opt_values /opt/stack/data/venv/lib/python3.12/site-packages/oslo_config/cfg.py:3006}}
May 09 03:17:12.405865 np0000172882 nova-conductor[110517]: DEBUG cotyledon.oslo_config_glue [-] profiler.es_doc_type = notification {{(pid=110517) log_opt_values /opt/stack/data/venv/lib/python3.12/site-packages/oslo_config/cfg.py:3006}}
May 09 03:17:12.405865 np0000172882 nova-conductor[110517]: DEBUG cotyledon.oslo_config_glue [-] profiler.es_scroll_size = 10000 {{(pid=110517) log_opt_values /opt/stack/data/venv/lib/python3.12/site-packages/oslo_config/cfg.py:3006}}
May 09 03:17:12.405865 np0000172882 nova-conductor[110517]: DEBUG cotyledon.oslo_config_glue [-] profiler.es_scroll_time = 2m {{(pid=110517) log_opt_values /opt/stack/data/venv/lib/python3.12/site-packages/oslo_config/cfg.py:3006}}
May 09 03:17:12.405865 np0000172882 nova-conductor[110517]: DEBUG cotyledon.oslo_config_glue [-] profiler.filter_error_trace = False {{(pid=110517) log_opt_values /opt/stack/data/venv/lib/python3.12/site-packages/oslo_config/cfg.py:3006}}
May 09 03:17:12.405865 np0000172882 nova-conductor[110517]: DEBUG cotyledon.oslo_config_glue [-] profiler.hmac_keys = **** {{(pid=110517) log_opt_values /opt/stack/data/venv/lib/python3.12/site-packages/oslo_config/cfg.py:3006}}
May 09 03:17:12.406066 np0000172882 nova-conductor[110517]: DEBUG cotyledon.oslo_config_glue [-] profiler.sentinel_service_name = mymaster {{(pid=110517) log_opt_values /opt/stack/data/venv/lib/python3.12/site-packages/oslo_config/cfg.py:3006}}
May 09 03:17:12.406066 np0000172882 nova-conductor[110517]: DEBUG cotyledon.oslo_config_glue [-] profiler.socket_timeout = 0.1 {{(pid=110517) log_opt_values /opt/stack/data/venv/lib/python3.12/site-packages/oslo_config/cfg.py:3006}}
May 09 03:17:12.406066 np0000172882 nova-conductor[110517]: DEBUG cotyledon.oslo_config_glue [-] profiler.trace_requests = False {{(pid=110517) log_opt_values /opt/stack/data/venv/lib/python3.12/site-packages/oslo_config/cfg.py:3006}}
May 09 03:17:12.406066 np0000172882 nova-conductor[110517]: DEBUG cotyledon.oslo_config_glue [-] profiler.trace_sqlalchemy = False {{(pid=110517) log_opt_values /opt/stack/data/venv/lib/python3.12/site-packages/oslo_config/cfg.py:3006}}
May 09 03:17:12.406066 np0000172882 nova-conductor[110517]: DEBUG cotyledon.oslo_config_glue [-] profiler_jaeger.process_tags = {} {{(pid=110517) log_opt_values /opt/stack/data/venv/lib/python3.12/site-packages/oslo_config/cfg.py:3006}}
May 09 03:17:12.406066 np0000172882 nova-conductor[110517]: DEBUG cotyledon.oslo_config_glue [-] profiler_jaeger.service_name_prefix = None {{(pid=110517) log_opt_values /opt/stack/data/venv/lib/python3.12/site-packages/oslo_config/cfg.py:3006}}
May 09 03:17:12.406066 np0000172882 nova-conductor[110517]: DEBUG cotyledon.oslo_config_glue [-] profiler_otlp.service_name_prefix = None {{(pid=110517) log_opt_values /opt/stack/data/venv/lib/python3.12/site-packages/oslo_config/cfg.py:3006}}
May 09 03:17:12.406066 np0000172882 nova-conductor[110517]: DEBUG cotyledon.oslo_config_glue [-] oslo_messaging_rabbit.amqp_auto_delete = False {{(pid=110517) log_opt_values /opt/stack/data/venv/lib/python3.12/site-packages/oslo_config/cfg.py:3006}}
May 09 03:17:12.406066 np0000172882 nova-conductor[110517]: DEBUG cotyledon.oslo_config_glue [-] oslo_messaging_rabbit.amqp_durable_queues = False {{(pid=110517) log_opt_values /opt/stack/data/venv/lib/python3.12/site-packages/oslo_config/cfg.py:3006}}
May 09 03:17:12.406263 np0000172882 nova-conductor[110517]: DEBUG cotyledon.oslo_config_glue [-] oslo_messaging_rabbit.conn_pool_min_size = 2 {{(pid=110517) log_opt_values /opt/stack/data/venv/lib/python3.12/site-packages/oslo_config/cfg.py:3006}}
May 09 03:17:12.406263 np0000172882 nova-conductor[110517]: DEBUG cotyledon.oslo_config_glue [-] oslo_messaging_rabbit.conn_pool_ttl = 1200 {{(pid=110517) log_opt_values /opt/stack/data/venv/lib/python3.12/site-packages/oslo_config/cfg.py:3006}}
May 09 03:17:12.406263 np0000172882 nova-conductor[110517]: DEBUG cotyledon.oslo_config_glue [-] oslo_messaging_rabbit.direct_mandatory_flag = True {{(pid=110517) log_opt_values /opt/stack/data/venv/lib/python3.12/site-packages/oslo_config/cfg.py:3006}}
May 09 03:17:12.406263 np0000172882 nova-conductor[110517]: DEBUG cotyledon.oslo_config_glue [-] oslo_messaging_rabbit.enable_cancel_on_failover = False {{(pid=110517) log_opt_values /opt/stack/data/venv/lib/python3.12/site-packages/oslo_config/cfg.py:3006}}
May 09 03:17:12.406263 np0000172882 nova-conductor[110517]: DEBUG cotyledon.oslo_config_glue [-] oslo_messaging_rabbit.heartbeat_in_pthread = False {{(pid=110517) log_opt_values /opt/stack/data/venv/lib/python3.12/site-packages/oslo_config/cfg.py:3006}}
May 09 03:17:12.406263 np0000172882 nova-conductor[110517]: DEBUG cotyledon.oslo_config_glue [-] oslo_messaging_rabbit.heartbeat_rate = 3 {{(pid=110517) log_opt_values /opt/stack/data/venv/lib/python3.12/site-packages/oslo_config/cfg.py:3006}}
May 09 03:17:12.406263 np0000172882 nova-conductor[110517]: DEBUG cotyledon.oslo_config_glue [-] oslo_messaging_rabbit.heartbeat_timeout_threshold = 60 {{(pid=110517) log_opt_values /opt/stack/data/venv/lib/python3.12/site-packages/oslo_config/cfg.py:3006}}
May 09 03:17:12.406263 np0000172882 nova-conductor[110517]: DEBUG cotyledon.oslo_config_glue [-] oslo_messaging_rabbit.hostname = np0000172882 {{(pid=110517) log_opt_values /opt/stack/data/venv/lib/python3.12/site-packages/oslo_config/cfg.py:3006}}
May 09 03:17:12.406263 np0000172882 nova-conductor[110517]: DEBUG cotyledon.oslo_config_glue [-] oslo_messaging_rabbit.kombu_compression = None {{(pid=110517) log_opt_values /opt/stack/data/venv/lib/python3.12/site-packages/oslo_config/cfg.py:3006}}
May 09 03:17:12.406491 np0000172882 nova-conductor[110517]: DEBUG cotyledon.oslo_config_glue [-] oslo_messaging_rabbit.kombu_failover_strategy = round-robin {{(pid=110517) log_opt_values /opt/stack/data/venv/lib/python3.12/site-packages/oslo_config/cfg.py:3006}}
May 09 03:17:12.406491 np0000172882 nova-conductor[110517]: DEBUG cotyledon.oslo_config_glue [-] oslo_messaging_rabbit.kombu_missing_consumer_retry_timeout = 60 {{(pid=110517) log_opt_values /opt/stack/data/venv/lib/python3.12/site-packages/oslo_config/cfg.py:3006}}
May 09 03:17:12.406491 np0000172882 nova-conductor[110517]: DEBUG cotyledon.oslo_config_glue [-] oslo_messaging_rabbit.kombu_reconnect_delay = 1.0 {{(pid=110517) log_opt_values /opt/stack/data/venv/lib/python3.12/site-packages/oslo_config/cfg.py:3006}}
May 09 03:17:12.406491 np0000172882 nova-conductor[110517]: DEBUG cotyledon.oslo_config_glue [-] oslo_messaging_rabbit.kombu_reconnect_splay = 0.0 {{(pid=110517) log_opt_values /opt/stack/data/venv/lib/python3.12/site-packages/oslo_config/cfg.py:3006}}
May 09 03:17:12.406491 np0000172882 nova-conductor[110517]: DEBUG cotyledon.oslo_config_glue [-] oslo_messaging_rabbit.processname = nova-conductor {{(pid=110517) log_opt_values /opt/stack/data/venv/lib/python3.12/site-packages/oslo_config/cfg.py:3006}}
May 09 03:17:12.406491 np0000172882 nova-conductor[110517]: DEBUG cotyledon.oslo_config_glue [-] oslo_messaging_rabbit.rabbit_ha_queues = False {{(pid=110517) log_opt_values /opt/stack/data/venv/lib/python3.12/site-packages/oslo_config/cfg.py:3006}}
May 09 03:17:12.406491 np0000172882 nova-conductor[110517]: DEBUG cotyledon.oslo_config_glue [-] oslo_messaging_rabbit.rabbit_interval_max = 30 {{(pid=110517) log_opt_values /opt/stack/data/venv/lib/python3.12/site-packages/oslo_config/cfg.py:3006}}
May 09 03:17:12.406491 np0000172882 nova-conductor[110517]: DEBUG cotyledon.oslo_config_glue [-] oslo_messaging_rabbit.rabbit_login_method = AMQPLAIN {{(pid=110517) log_opt_values /opt/stack/data/venv/lib/python3.12/site-packages/oslo_config/cfg.py:3006}}
May 09 03:17:12.406664 np0000172882 nova-conductor[110517]: DEBUG cotyledon.oslo_config_glue [-] oslo_messaging_rabbit.rabbit_qos_prefetch_count = 0 {{(pid=110517) log_opt_values /opt/stack/data/venv/lib/python3.12/site-packages/oslo_config/cfg.py:3006}}
May 09 03:17:12.406664 np0000172882 nova-conductor[110517]: DEBUG cotyledon.oslo_config_glue [-] oslo_messaging_rabbit.rabbit_quorum_delivery_limit = 0 {{(pid=110517) log_opt_values /opt/stack/data/venv/lib/python3.12/site-packages/oslo_config/cfg.py:3006}}
May 09 03:17:12.406664 np0000172882 nova-conductor[110517]: DEBUG cotyledon.oslo_config_glue [-] oslo_messaging_rabbit.rabbit_quorum_max_memory_bytes = 0 {{(pid=110517) log_opt_values /opt/stack/data/venv/lib/python3.12/site-packages/oslo_config/cfg.py:3006}}
May 09 03:17:12.406664 np0000172882 nova-conductor[110517]: DEBUG cotyledon.oslo_config_glue [-] oslo_messaging_rabbit.rabbit_quorum_max_memory_length = 0 {{(pid=110517) log_opt_values /opt/stack/data/venv/lib/python3.12/site-packages/oslo_config/cfg.py:3006}}
May 09 03:17:12.406664 np0000172882 nova-conductor[110517]: DEBUG cotyledon.oslo_config_glue [-] oslo_messaging_rabbit.rabbit_quorum_queue = False {{(pid=110517) log_opt_values /opt/stack/data/venv/lib/python3.12/site-packages/oslo_config/cfg.py:3006}}
May 09 03:17:12.406664 np0000172882 nova-conductor[110517]: DEBUG cotyledon.oslo_config_glue [-] oslo_messaging_rabbit.rabbit_retry_backoff = 2 {{(pid=110517) log_opt_values /opt/stack/data/venv/lib/python3.12/site-packages/oslo_config/cfg.py:3006}}
May 09 03:17:12.406664 np0000172882 nova-conductor[110517]: DEBUG cotyledon.oslo_config_glue [-] oslo_messaging_rabbit.rabbit_retry_interval = 1 {{(pid=110517) log_opt_values /opt/stack/data/venv/lib/python3.12/site-packages/oslo_config/cfg.py:3006}}
May 09 03:17:12.406664 np0000172882 nova-conductor[110517]: DEBUG cotyledon.oslo_config_glue [-] oslo_messaging_rabbit.rabbit_stream_fanout = False {{(pid=110517) log_opt_values /opt/stack/data/venv/lib/python3.12/site-packages/oslo_config/cfg.py:3006}}
May 09 03:17:12.406848 np0000172882 nova-conductor[110517]: DEBUG cotyledon.oslo_config_glue [-] oslo_messaging_rabbit.rabbit_transient_queues_ttl = 1800 {{(pid=110517) log_opt_values /opt/stack/data/venv/lib/python3.12/site-packages/oslo_config/cfg.py:3006}}
May 09 03:17:12.406848 np0000172882 nova-conductor[110517]: DEBUG cotyledon.oslo_config_glue [-] oslo_messaging_rabbit.rabbit_transient_quorum_queue = False {{(pid=110517) log_opt_values /opt/stack/data/venv/lib/python3.12/site-packages/oslo_config/cfg.py:3006}}
May 09 03:17:12.406848 np0000172882 nova-conductor[110517]: DEBUG cotyledon.oslo_config_glue [-] oslo_messaging_rabbit.rpc_conn_pool_size = 30 {{(pid=110517) log_opt_values /opt/stack/data/venv/lib/python3.12/site-packages/oslo_config/cfg.py:3006}}
May 09 03:17:12.406848 np0000172882 nova-conductor[110517]: DEBUG cotyledon.oslo_config_glue [-] oslo_messaging_rabbit.ssl = False {{(pid=110517) log_opt_values /opt/stack/data/venv/lib/python3.12/site-packages/oslo_config/cfg.py:3006}}
May 09 03:17:12.406848 np0000172882 nova-conductor[110517]: DEBUG cotyledon.oslo_config_glue [-] oslo_messaging_rabbit.ssl_ca_file = {{(pid=110517) log_opt_values /opt/stack/data/venv/lib/python3.12/site-packages/oslo_config/cfg.py:3006}}
May 09 03:17:12.406848 np0000172882 nova-conductor[110517]: DEBUG cotyledon.oslo_config_glue [-] oslo_messaging_rabbit.ssl_cert_file = {{(pid=110517) log_opt_values /opt/stack/data/venv/lib/python3.12/site-packages/oslo_config/cfg.py:3006}}
May 09 03:17:12.406848 np0000172882 nova-conductor[110517]: DEBUG cotyledon.oslo_config_glue [-] oslo_messaging_rabbit.ssl_enforce_fips_mode = False {{(pid=110517) log_opt_values /opt/stack/data/venv/lib/python3.12/site-packages/oslo_config/cfg.py:3006}}
May 09 03:17:12.406848 np0000172882 nova-conductor[110517]: DEBUG cotyledon.oslo_config_glue [-] oslo_messaging_rabbit.ssl_key_file = {{(pid=110517) log_opt_values /opt/stack/data/venv/lib/python3.12/site-packages/oslo_config/cfg.py:3006}}
May 09 03:17:12.406848 np0000172882 nova-conductor[110517]: DEBUG cotyledon.oslo_config_glue [-] oslo_messaging_rabbit.ssl_version = {{(pid=110517) log_opt_values /opt/stack/data/venv/lib/python3.12/site-packages/oslo_config/cfg.py:3006}}
May 09 03:17:12.407049 np0000172882 nova-conductor[110517]: DEBUG cotyledon.oslo_config_glue [-] oslo_messaging_rabbit.use_queue_manager = False {{(pid=110517) log_opt_values /opt/stack/data/venv/lib/python3.12/site-packages/oslo_config/cfg.py:3006}}
May 09 03:17:12.407049 np0000172882 nova-conductor[110517]: DEBUG cotyledon.oslo_config_glue [-] oslo_messaging_notifications.driver = ['messagingv2'] {{(pid=110517) log_opt_values /opt/stack/data/venv/lib/python3.12/site-packages/oslo_config/cfg.py:3006}}
May 09 03:17:12.407049 np0000172882 nova-conductor[110517]: DEBUG cotyledon.oslo_config_glue [-] oslo_messaging_notifications.retry = -1 {{(pid=110517) log_opt_values /opt/stack/data/venv/lib/python3.12/site-packages/oslo_config/cfg.py:3006}}
May 09 03:17:12.407049 np0000172882 nova-conductor[110517]: DEBUG cotyledon.oslo_config_glue [-] oslo_messaging_notifications.topics = ['notifications'] {{(pid=110517) log_opt_values /opt/stack/data/venv/lib/python3.12/site-packages/oslo_config/cfg.py:3006}}
May 09 03:17:12.407049 np0000172882 nova-conductor[110517]: DEBUG cotyledon.oslo_config_glue [-] oslo_messaging_notifications.transport_url = **** {{(pid=110517) log_opt_values /opt/stack/data/venv/lib/python3.12/site-packages/oslo_config/cfg.py:3006}}
May 09 03:17:12.407049 np0000172882 nova-conductor[110517]: DEBUG cotyledon.oslo_config_glue [-] oslo_limit.auth_section = None {{(pid=110517) log_opt_values /opt/stack/data/venv/lib/python3.12/site-packages/oslo_config/cfg.py:3006}}
May 09 03:17:12.407049 np0000172882 nova-conductor[110517]: DEBUG cotyledon.oslo_config_glue [-] oslo_limit.auth_type = None {{(pid=110517) log_opt_values /opt/stack/data/venv/lib/python3.12/site-packages/oslo_config/cfg.py:3006}}
May 09 03:17:12.407049 np0000172882 nova-conductor[110517]: DEBUG cotyledon.oslo_config_glue [-] oslo_limit.cafile = None {{(pid=110517) log_opt_values /opt/stack/data/venv/lib/python3.12/site-packages/oslo_config/cfg.py:3006}}
May 09 03:17:12.407049 np0000172882 nova-conductor[110517]: DEBUG cotyledon.oslo_config_glue [-] oslo_limit.certfile = None {{(pid=110517) log_opt_values /opt/stack/data/venv/lib/python3.12/site-packages/oslo_config/cfg.py:3006}}
May 09 03:17:12.407232 np0000172882 nova-conductor[110517]: DEBUG cotyledon.oslo_config_glue [-] oslo_limit.collect_timing = False {{(pid=110517) log_opt_values /opt/stack/data/venv/lib/python3.12/site-packages/oslo_config/cfg.py:3006}}
May 09 03:17:12.407232 np0000172882 nova-conductor[110517]: DEBUG cotyledon.oslo_config_glue [-] oslo_limit.connect_retries = None {{(pid=110517) log_opt_values /opt/stack/data/venv/lib/python3.12/site-packages/oslo_config/cfg.py:3006}}
May 09 03:17:12.407232 np0000172882 nova-conductor[110517]: DEBUG cotyledon.oslo_config_glue [-] oslo_limit.connect_retry_delay = None {{(pid=110517) log_opt_values /opt/stack/data/venv/lib/python3.12/site-packages/oslo_config/cfg.py:3006}}
May 09 03:17:12.407232 np0000172882 nova-conductor[110517]: DEBUG cotyledon.oslo_config_glue [-] oslo_limit.endpoint_id = None {{(pid=110517) log_opt_values /opt/stack/data/venv/lib/python3.12/site-packages/oslo_config/cfg.py:3006}}
May 09 03:17:12.407232 np0000172882 nova-conductor[110517]: DEBUG cotyledon.oslo_config_glue [-] oslo_limit.endpoint_interface = public {{(pid=110517) log_opt_values /opt/stack/data/venv/lib/python3.12/site-packages/oslo_config/cfg.py:3006}}
May 09 03:17:12.407232 np0000172882 nova-conductor[110517]: DEBUG cotyledon.oslo_config_glue [-] oslo_limit.endpoint_override = None {{(pid=110517) log_opt_values /opt/stack/data/venv/lib/python3.12/site-packages/oslo_config/cfg.py:3006}}
May 09 03:17:12.407232 np0000172882 nova-conductor[110517]: DEBUG cotyledon.oslo_config_glue [-] oslo_limit.endpoint_region_name = None {{(pid=110517) log_opt_values /opt/stack/data/venv/lib/python3.12/site-packages/oslo_config/cfg.py:3006}}
May 09 03:17:12.407232 np0000172882 nova-conductor[110517]: DEBUG cotyledon.oslo_config_glue [-] oslo_limit.endpoint_service_name = None {{(pid=110517) log_opt_values /opt/stack/data/venv/lib/python3.12/site-packages/oslo_config/cfg.py:3006}}
May 09 03:17:12.407232 np0000172882 nova-conductor[110517]: DEBUG cotyledon.oslo_config_glue [-] oslo_limit.endpoint_service_type = None {{(pid=110517) log_opt_values /opt/stack/data/venv/lib/python3.12/site-packages/oslo_config/cfg.py:3006}}
May 09 03:17:12.407433 np0000172882 nova-conductor[110517]: DEBUG cotyledon.oslo_config_glue [-] oslo_limit.insecure = False {{(pid=110517) log_opt_values /opt/stack/data/venv/lib/python3.12/site-packages/oslo_config/cfg.py:3006}}
May 09 03:17:12.407433 np0000172882 nova-conductor[110517]: DEBUG cotyledon.oslo_config_glue [-] oslo_limit.keyfile = None {{(pid=110517) log_opt_values /opt/stack/data/venv/lib/python3.12/site-packages/oslo_config/cfg.py:3006}}
May 09 03:17:12.407433 np0000172882 nova-conductor[110517]: DEBUG cotyledon.oslo_config_glue [-] oslo_limit.max_version = None {{(pid=110517) log_opt_values /opt/stack/data/venv/lib/python3.12/site-packages/oslo_config/cfg.py:3006}}
May 09 03:17:12.407433 np0000172882 nova-conductor[110517]: DEBUG cotyledon.oslo_config_glue [-] oslo_limit.min_version = None {{(pid=110517) log_opt_values /opt/stack/data/venv/lib/python3.12/site-packages/oslo_config/cfg.py:3006}}
May 09 03:17:12.407433 np0000172882 nova-conductor[110517]: DEBUG cotyledon.oslo_config_glue [-] oslo_limit.region_name = None {{(pid=110517) log_opt_values /opt/stack/data/venv/lib/python3.12/site-packages/oslo_config/cfg.py:3006}}
May 09 03:17:12.407433 np0000172882 nova-conductor[110517]: DEBUG cotyledon.oslo_config_glue [-] oslo_limit.retriable_status_codes = None {{(pid=110517) log_opt_values /opt/stack/data/venv/lib/python3.12/site-packages/oslo_config/cfg.py:3006}}
May 09 03:17:12.407433 np0000172882 nova-conductor[110517]: DEBUG cotyledon.oslo_config_glue [-] oslo_limit.service_name = None {{(pid=110517) log_opt_values /opt/stack/data/venv/lib/python3.12/site-packages/oslo_config/cfg.py:3006}}
May 09 03:17:12.407433 np0000172882 nova-conductor[110517]: DEBUG cotyledon.oslo_config_glue [-] oslo_limit.service_type = None {{(pid=110517) log_opt_values /opt/stack/data/venv/lib/python3.12/site-packages/oslo_config/cfg.py:3006}}
May 09 03:17:12.407433 np0000172882 nova-conductor[110517]: DEBUG cotyledon.oslo_config_glue [-] oslo_limit.split_loggers = False {{(pid=110517) log_opt_values /opt/stack/data/venv/lib/python3.12/site-packages/oslo_config/cfg.py:3006}}
May 09 03:17:12.407854 np0000172882 nova-conductor[110517]: DEBUG cotyledon.oslo_config_glue [-] oslo_limit.status_code_retries = None {{(pid=110517) log_opt_values /opt/stack/data/venv/lib/python3.12/site-packages/oslo_config/cfg.py:3006}}
May 09 03:17:12.407854 np0000172882 nova-conductor[110517]: DEBUG cotyledon.oslo_config_glue [-] oslo_limit.status_code_retry_delay = None {{(pid=110517) log_opt_values /opt/stack/data/venv/lib/python3.12/site-packages/oslo_config/cfg.py:3006}}
May 09 03:17:12.407854 np0000172882 nova-conductor[110517]: DEBUG cotyledon.oslo_config_glue [-] oslo_limit.timeout = None {{(pid=110517) log_opt_values /opt/stack/data/venv/lib/python3.12/site-packages/oslo_config/cfg.py:3006}}
May 09 03:17:12.407854 np0000172882 nova-conductor[110517]: DEBUG cotyledon.oslo_config_glue [-] oslo_limit.valid_interfaces = None {{(pid=110517) log_opt_values /opt/stack/data/venv/lib/python3.12/site-packages/oslo_config/cfg.py:3006}}
May 09 03:17:12.407854 np0000172882 nova-conductor[110517]: DEBUG cotyledon.oslo_config_glue [-] oslo_limit.version = None {{(pid=110517) log_opt_values /opt/stack/data/venv/lib/python3.12/site-packages/oslo_config/cfg.py:3006}}
May 09 03:17:12.407854 np0000172882 nova-conductor[110517]: DEBUG cotyledon.oslo_config_glue [-] oslo_reports.file_event_handler = None {{(pid=110517) log_opt_values /opt/stack/data/venv/lib/python3.12/site-packages/oslo_config/cfg.py:3006}}
May 09 03:17:12.407854 np0000172882 nova-conductor[110517]: DEBUG cotyledon.oslo_config_glue [-] oslo_reports.file_event_handler_interval = 1 {{(pid=110517) log_opt_values /opt/stack/data/venv/lib/python3.12/site-packages/oslo_config/cfg.py:3006}}
May 09 03:17:12.407854 np0000172882 nova-conductor[110517]: DEBUG cotyledon.oslo_config_glue [-] oslo_reports.log_dir = None {{(pid=110517) log_opt_values /opt/stack/data/venv/lib/python3.12/site-packages/oslo_config/cfg.py:3006}}
May 09 03:17:12.407854 np0000172882 nova-conductor[110517]: DEBUG cotyledon.oslo_config_glue [-] ******************************************************************************** {{(pid=110517) log_opt_values /opt/stack/data/venv/lib/python3.12/site-packages/oslo_config/cfg.py:3013}}
May 09 03:17:12.408057 np0000172882 nova-conductor[110517]: DEBUG cotyledon._service_worker [-] Run service ServiceWrapper(3) [110517] {{(pid=110517) wait_forever /opt/stack/data/venv/lib/python3.12/site-packages/cotyledon/_service_worker.py:218}}
May 09 03:17:12.408057 np0000172882 nova-conductor[110517]: INFO nova.service [-] Starting conductor node (version 33.1.0)
May 09 03:17:12.408108 np0000172882 nova-conductor[110506]: DEBUG oslo_db.sqlalchemy.engines [None req-8b0b4bb4-b1de-4026-889d-ddbec455c0ae None None] MySQL server mode set to STRICT_TRANS_TABLES,STRICT_ALL_TABLES,NO_ZERO_IN_DATE,NO_ZERO_DATE,ERROR_FOR_DIVISION_BY_ZERO,TRADITIONAL,NO_ENGINE_SUBSTITUTION {{(pid=110506) _check_effective_sql_mode /opt/stack/data/venv/lib/python3.12/site-packages/oslo_db/sqlalchemy/engines.py:325}}
May 09 03:17:12.408136 np0000172882 nova-conductor[110517]: INFO dbcounter [None req-3f204b20-d49b-4fc6-9ee3-abc05f9101ef None None] Registered counter for database nova_cell0
May 09 03:17:12.408159 np0000172882 nova-conductor[110499]: DEBUG oslo_db.sqlalchemy.engines [None req-9592f143-3caf-475d-8252-37117d5c4b67 None None] MySQL server mode set to STRICT_TRANS_TABLES,STRICT_ALL_TABLES,NO_ZERO_IN_DATE,NO_ZERO_DATE,ERROR_FOR_DIVISION_BY_ZERO,TRADITIONAL,NO_ENGINE_SUBSTITUTION {{(pid=110499) _check_effective_sql_mode /opt/stack/data/venv/lib/python3.12/site-packages/oslo_db/sqlalchemy/engines.py:325}}
May 09 03:17:12.408188 np0000172882 nova-conductor[110493]: DEBUG nova.service [None req-b609d94b-72f4-4b7a-9f9f-46993e2d8f18 None None] Join ServiceGroup membership for this service conductor {{(pid=110493) start /opt/stack/nova/nova/service.py:221}}
May 09 03:17:12.408188 np0000172882 nova-conductor[110493]: DEBUG nova.servicegroup.drivers.db [None req-b609d94b-72f4-4b7a-9f9f-46993e2d8f18 None None] DB_Driver: join new ServiceGroup member np0000172882 to the conductor group, service = {{(pid=110493) join /opt/stack/nova/nova/servicegroup/drivers/db.py:44}}
May 09 03:17:12.408234 np0000172882 nova-conductor[110517]: DEBUG oslo_db.sqlalchemy.engines [None req-3f204b20-d49b-4fc6-9ee3-abc05f9101ef None None] MySQL server mode set to STRICT_TRANS_TABLES,STRICT_ALL_TABLES,NO_ZERO_IN_DATE,NO_ZERO_DATE,ERROR_FOR_DIVISION_BY_ZERO,TRADITIONAL,NO_ENGINE_SUBSTITUTION {{(pid=110517) _check_effective_sql_mode /opt/stack/data/venv/lib/python3.12/site-packages/oslo_db/sqlalchemy/engines.py:325}}
May 09 03:17:12.408260 np0000172882 nova-conductor[110506]: DEBUG dbcounter [-] [110506] Writer thread running {{(pid=110506) stat_writer /opt/stack/data/venv/lib/python3.12/site-packages/dbcounter.py:102}}
May 09 03:17:12.408289 np0000172882 nova-conductor[110499]: DEBUG dbcounter [-] [110499] Writer thread running {{(pid=110499) stat_writer /opt/stack/data/venv/lib/python3.12/site-packages/dbcounter.py:102}}
May 09 03:17:12.408322 np0000172882 nova-conductor[110506]: DEBUG nova.service [None req-8b0b4bb4-b1de-4026-889d-ddbec455c0ae None None] Creating RPC server for service: nova-conductor on topic: conductor {{(pid=110506) start /opt/stack/nova/nova/service.py:195}}
May 09 03:17:12.408348 np0000172882 nova-conductor[110499]: DEBUG nova.service [None req-9592f143-3caf-475d-8252-37117d5c4b67 None None] Creating RPC server for service: nova-conductor on topic: conductor {{(pid=110499) start /opt/stack/nova/nova/service.py:195}}
May 09 03:17:12.408372 np0000172882 nova-conductor[110517]: DEBUG dbcounter [-] [110517] Writer thread running {{(pid=110517) stat_writer /opt/stack/data/venv/lib/python3.12/site-packages/dbcounter.py:102}}
May 09 03:17:12.408372 np0000172882 nova-conductor[110517]: DEBUG nova.service [None req-3f204b20-d49b-4fc6-9ee3-abc05f9101ef None None] Creating RPC server for service: nova-conductor on topic: conductor {{(pid=110517) start /opt/stack/nova/nova/service.py:195}}
May 09 03:17:12.408434 np0000172882 nova-conductor[110506]: DEBUG nova.service [None req-8b0b4bb4-b1de-4026-889d-ddbec455c0ae None None] Join ServiceGroup membership for this service conductor {{(pid=110506) start /opt/stack/nova/nova/service.py:221}}
May 09 03:17:12.408434 np0000172882 nova-conductor[110506]: DEBUG nova.servicegroup.drivers.db [None req-8b0b4bb4-b1de-4026-889d-ddbec455c0ae None None] DB_Driver: join new ServiceGroup member np0000172882 to the conductor group, service = {{(pid=110506) join /opt/stack/nova/nova/servicegroup/drivers/db.py:44}}
May 09 03:17:12.410122 np0000172882 nova-conductor[110499]: DEBUG nova.service [None req-9592f143-3caf-475d-8252-37117d5c4b67 None None] Join ServiceGroup membership for this service conductor {{(pid=110499) start /opt/stack/nova/nova/service.py:221}}
May 09 03:17:12.410537 np0000172882 nova-conductor[110499]: DEBUG nova.servicegroup.drivers.db [None req-9592f143-3caf-475d-8252-37117d5c4b67 None None] DB_Driver: join new ServiceGroup member np0000172882 to the conductor group, service = {{(pid=110499) join /opt/stack/nova/nova/servicegroup/drivers/db.py:44}}
May 09 03:17:12.415013 np0000172882 nova-conductor[110517]: DEBUG nova.service [None req-3f204b20-d49b-4fc6-9ee3-abc05f9101ef None None] Join ServiceGroup membership for this service conductor {{(pid=110517) start /opt/stack/nova/nova/service.py:221}}
May 09 03:17:12.415365 np0000172882 nova-conductor[110517]: DEBUG nova.servicegroup.drivers.db [None req-3f204b20-d49b-4fc6-9ee3-abc05f9101ef None None] DB_Driver: join new ServiceGroup member np0000172882 to the conductor group, service = {{(pid=110517) join /opt/stack/nova/nova/servicegroup/drivers/db.py:44}}
May 09 03:17:17.395913 np0000172882 nova-conductor[110493]: DEBUG oslo.service.backend._threading.loopingcall [-] Fixed interval looping call 'nova.servicegroup.drivers.db.DbDriver._report_state' sleeping for 119.98 seconds {{(pid=110493) _run_loop /opt/stack/data/venv/lib/python3.12/site-packages/oslo_service/backend/_threading/loopingcall.py:125}}
May 09 03:17:17.422186 np0000172882 nova-conductor[110506]: DEBUG oslo.service.backend._threading.loopingcall [-] Fixed interval looping call 'nova.servicegroup.drivers.db.DbDriver._report_state' sleeping for 119.99 seconds {{(pid=110506) _run_loop /opt/stack/data/venv/lib/python3.12/site-packages/oslo_service/backend/_threading/loopingcall.py:125}}
May 09 03:17:17.424716 np0000172882 nova-conductor[110499]: DEBUG oslo.service.backend._threading.loopingcall [-] Fixed interval looping call 'nova.servicegroup.drivers.db.DbDriver._report_state' sleeping for 119.99 seconds {{(pid=110499) _run_loop /opt/stack/data/venv/lib/python3.12/site-packages/oslo_service/backend/_threading/loopingcall.py:125}}
May 09 03:17:17.427510 np0000172882 nova-conductor[110517]: DEBUG oslo.service.backend._threading.loopingcall [-] Fixed interval looping call 'nova.servicegroup.drivers.db.DbDriver._report_state' sleeping for 119.99 seconds {{(pid=110517) _run_loop /opt/stack/data/venv/lib/python3.12/site-packages/oslo_service/backend/_threading/loopingcall.py:125}}
May 09 03:17:21.017585 np0000172882 nova-conductor[109714]: DEBUG dbcounter [-] [109714] Writing DB stats nova_api:SELECT=1 {{(pid=109714) stat_writer /opt/stack/data/venv/lib/python3.12/site-packages/dbcounter.py:115}}
May 09 03:17:21.109542 np0000172882 nova-conductor[109714]: DEBUG dbcounter [-] [109714] Writing DB stats nova_cell0:SELECT=1 {{(pid=109714) stat_writer /opt/stack/data/venv/lib/python3.12/site-packages/dbcounter.py:115}}
May 09 03:17:21.115519 np0000172882 nova-conductor[109714]: DEBUG dbcounter [-] [109714] Writing DB stats nova_cell1:SELECT=1 {{(pid=109714) stat_writer /opt/stack/data/venv/lib/python3.12/site-packages/dbcounter.py:115}}
May 09 03:17:27.391347 np0000172882 nova-conductor[110493]: DEBUG dbcounter [-] [110493] Writing DB stats nova_cell0:SELECT=4,nova_cell0:INSERT=1,nova_cell0:UPDATE=1 {{(pid=110493) stat_writer /opt/stack/data/venv/lib/python3.12/site-packages/dbcounter.py:115}}
May 09 03:17:27.419189 np0000172882 nova-conductor[110506]: DEBUG dbcounter [-] [110506] Writing DB stats nova_cell0:SELECT=3 {{(pid=110506) stat_writer /opt/stack/data/venv/lib/python3.12/site-packages/dbcounter.py:115}}
May 09 03:17:27.421701 np0000172882 nova-conductor[110499]: DEBUG dbcounter [-] [110499] Writing DB stats nova_cell0:SELECT=3 {{(pid=110499) stat_writer /opt/stack/data/venv/lib/python3.12/site-packages/dbcounter.py:115}}
May 09 03:17:27.425058 np0000172882 nova-conductor[110517]: DEBUG dbcounter [-] [110517] Writing DB stats nova_cell0:SELECT=3 {{(pid=110517) stat_writer /opt/stack/data/venv/lib/python3.12/site-packages/dbcounter.py:115}}
May 09 03:17:32.417608 np0000172882 nova-conductor[110517]: DEBUG oslo.service.backend._threading.loopingcall [None req-5310c542-7b7e-40ce-95eb-cc720ba7c3a5 None None] Dynamic interval looping call 'nova.service.Service.periodic_tasks' sleeping for 60.00 seconds {{(pid=110517) _run_loop /opt/stack/data/venv/lib/python3.12/site-packages/oslo_service/backend/_threading/loopingcall.py:125}}
May 09 03:17:43.408967 np0000172882 nova-conductor[110506]: DEBUG oslo.service.backend._threading.loopingcall [None req-883e6ba3-ab78-440b-81f7-acb3fe66108f None None] Dynamic interval looping call 'nova.service.Service.periodic_tasks' sleeping for 60.00 seconds {{(pid=110506) _run_loop /opt/stack/data/venv/lib/python3.12/site-packages/oslo_service/backend/_threading/loopingcall.py:125}}
May 09 03:17:45.381409 np0000172882 nova-conductor[110493]: DEBUG oslo.service.backend._threading.loopingcall [None req-825434c5-0ce4-4015-8d9a-a35ba27756c0 None None] Dynamic interval looping call 'nova.service.Service.periodic_tasks' sleeping for 60.00 seconds {{(pid=110493) _run_loop /opt/stack/data/venv/lib/python3.12/site-packages/oslo_service/backend/_threading/loopingcall.py:125}}
May 09 03:17:45.412925 np0000172882 nova-conductor[110499]: DEBUG oslo.service.backend._threading.loopingcall [None req-51a698bd-c594-476a-a9a6-84d8b6064f35 None None] Dynamic interval looping call 'nova.service.Service.periodic_tasks' sleeping for 60.00 seconds {{(pid=110499) _run_loop /opt/stack/data/venv/lib/python3.12/site-packages/oslo_service/backend/_threading/loopingcall.py:125}}
May 09 03:18:32.418455 np0000172882 nova-conductor[110517]: DEBUG oslo.service.backend._threading.loopingcall [None req-5310c542-7b7e-40ce-95eb-cc720ba7c3a5 None None] Dynamic interval looping call 'nova.service.Service.periodic_tasks' sleeping for 60.00 seconds {{(pid=110517) _run_loop /opt/stack/data/venv/lib/python3.12/site-packages/oslo_service/backend/_threading/loopingcall.py:125}}
May 09 03:18:43.409836 np0000172882 nova-conductor[110506]: DEBUG oslo.service.backend._threading.loopingcall [None req-883e6ba3-ab78-440b-81f7-acb3fe66108f None None] Dynamic interval looping call 'nova.service.Service.periodic_tasks' sleeping for 60.00 seconds {{(pid=110506) _run_loop /opt/stack/data/venv/lib/python3.12/site-packages/oslo_service/backend/_threading/loopingcall.py:125}}
May 09 03:18:45.382197 np0000172882 nova-conductor[110493]: DEBUG oslo.service.backend._threading.loopingcall [None req-825434c5-0ce4-4015-8d9a-a35ba27756c0 None None] Dynamic interval looping call 'nova.service.Service.periodic_tasks' sleeping for 60.00 seconds {{(pid=110493) _run_loop /opt/stack/data/venv/lib/python3.12/site-packages/oslo_service/backend/_threading/loopingcall.py:125}}
May 09 03:18:45.413889 np0000172882 nova-conductor[110499]: DEBUG oslo.service.backend._threading.loopingcall [None req-51a698bd-c594-476a-a9a6-84d8b6064f35 None None] Dynamic interval looping call 'nova.service.Service.periodic_tasks' sleeping for 60.00 seconds {{(pid=110499) _run_loop /opt/stack/data/venv/lib/python3.12/site-packages/oslo_service/backend/_threading/loopingcall.py:125}}
May 09 03:19:17.494839 np0000172882 nova-conductor[110493]: DEBUG oslo.service.backend._threading.loopingcall [-] Fixed interval looping call 'nova.servicegroup.drivers.db.DbDriver._report_state' sleeping for 119.88 seconds {{(pid=110493) _run_loop /opt/stack/data/venv/lib/python3.12/site-packages/oslo_service/backend/_threading/loopingcall.py:125}}
May 09 03:19:17.495925 np0000172882 nova-conductor[110506]: DEBUG oslo.service.backend._threading.loopingcall [-] Fixed interval looping call 'nova.servicegroup.drivers.db.DbDriver._report_state' sleeping for 119.92 seconds {{(pid=110506) _run_loop /opt/stack/data/venv/lib/python3.12/site-packages/oslo_service/backend/_threading/loopingcall.py:125}}
May 09 03:19:17.496839 np0000172882 nova-conductor[110499]: DEBUG oslo.service.backend._threading.loopingcall [-] Fixed interval looping call 'nova.servicegroup.drivers.db.DbDriver._report_state' sleeping for 119.92 seconds {{(pid=110499) _run_loop /opt/stack/data/venv/lib/python3.12/site-packages/oslo_service/backend/_threading/loopingcall.py:125}}
May 09 03:19:17.497826 np0000172882 nova-conductor[110517]: DEBUG oslo.service.backend._threading.loopingcall [-] Fixed interval looping call 'nova.servicegroup.drivers.db.DbDriver._report_state' sleeping for 119.92 seconds {{(pid=110517) _run_loop /opt/stack/data/venv/lib/python3.12/site-packages/oslo_service/backend/_threading/loopingcall.py:125}}
May 09 03:19:27.381507 np0000172882 nova-conductor[110493]: DEBUG dbcounter [-] [110493] Writing DB stats nova_cell0:SELECT=1,nova_cell0:UPDATE=1 {{(pid=110493) stat_writer /opt/stack/data/venv/lib/python3.12/site-packages/dbcounter.py:115}}
May 09 03:19:27.420446 np0000172882 nova-conductor[110506]: DEBUG dbcounter [-] [110506] Writing DB stats nova_cell0:SELECT=1,nova_cell0:UPDATE=1 {{(pid=110506) stat_writer /opt/stack/data/venv/lib/python3.12/site-packages/dbcounter.py:115}}
May 09 03:19:27.423198 np0000172882 nova-conductor[110499]: DEBUG dbcounter [-] [110499] Writing DB stats nova_cell0:SELECT=1,nova_cell0:UPDATE=1 {{(pid=110499) stat_writer /opt/stack/data/venv/lib/python3.12/site-packages/dbcounter.py:115}}
May 09 03:19:27.427624 np0000172882 nova-conductor[110517]: DEBUG dbcounter [-] [110517] Writing DB stats nova_cell0:SELECT=1,nova_cell0:UPDATE=1 {{(pid=110517) stat_writer /opt/stack/data/venv/lib/python3.12/site-packages/dbcounter.py:115}}
May 09 03:19:32.420917 np0000172882 nova-conductor[110517]: DEBUG oslo.service.backend._threading.loopingcall [None req-5310c542-7b7e-40ce-95eb-cc720ba7c3a5 None None] Dynamic interval looping call 'nova.service.Service.periodic_tasks' sleeping for 60.00 seconds {{(pid=110517) _run_loop /opt/stack/data/venv/lib/python3.12/site-packages/oslo_service/backend/_threading/loopingcall.py:125}}
May 09 03:19:43.410607 np0000172882 nova-conductor[110506]: DEBUG oslo.service.backend._threading.loopingcall [None req-883e6ba3-ab78-440b-81f7-acb3fe66108f None None] Dynamic interval looping call 'nova.service.Service.periodic_tasks' sleeping for 60.00 seconds {{(pid=110506) _run_loop /opt/stack/data/venv/lib/python3.12/site-packages/oslo_service/backend/_threading/loopingcall.py:125}}
May 09 03:19:45.382951 np0000172882 nova-conductor[110493]: DEBUG oslo.service.backend._threading.loopingcall [None req-825434c5-0ce4-4015-8d9a-a35ba27756c0 None None] Dynamic interval looping call 'nova.service.Service.periodic_tasks' sleeping for 60.00 seconds {{(pid=110493) _run_loop /opt/stack/data/venv/lib/python3.12/site-packages/oslo_service/backend/_threading/loopingcall.py:125}}
May 09 03:19:45.414621 np0000172882 nova-conductor[110499]: DEBUG oslo.service.backend._threading.loopingcall [None req-51a698bd-c594-476a-a9a6-84d8b6064f35 None None] Dynamic interval looping call 'nova.service.Service.periodic_tasks' sleeping for 60.00 seconds {{(pid=110499) _run_loop /opt/stack/data/venv/lib/python3.12/site-packages/oslo_service/backend/_threading/loopingcall.py:125}}
May 09 03:20:32.420165 np0000172882 nova-conductor[110517]: DEBUG oslo.service.backend._threading.loopingcall [None req-5310c542-7b7e-40ce-95eb-cc720ba7c3a5 None None] Dynamic interval looping call 'nova.service.Service.periodic_tasks' sleeping for 60.00 seconds {{(pid=110517) _run_loop /opt/stack/data/venv/lib/python3.12/site-packages/oslo_service/backend/_threading/loopingcall.py:125}}
May 09 03:20:43.411374 np0000172882 nova-conductor[110506]: DEBUG oslo.service.backend._threading.loopingcall [None req-883e6ba3-ab78-440b-81f7-acb3fe66108f None None] Dynamic interval looping call 'nova.service.Service.periodic_tasks' sleeping for 60.00 seconds {{(pid=110506) _run_loop /opt/stack/data/venv/lib/python3.12/site-packages/oslo_service/backend/_threading/loopingcall.py:125}}
May 09 03:20:45.383732 np0000172882 nova-conductor[110493]: DEBUG oslo.service.backend._threading.loopingcall [None req-825434c5-0ce4-4015-8d9a-a35ba27756c0 None None] Dynamic interval looping call 'nova.service.Service.periodic_tasks' sleeping for 60.00 seconds {{(pid=110493) _run_loop /opt/stack/data/venv/lib/python3.12/site-packages/oslo_service/backend/_threading/loopingcall.py:125}}
May 09 03:20:45.415511 np0000172882 nova-conductor[110499]: DEBUG oslo.service.backend._threading.loopingcall [None req-51a698bd-c594-476a-a9a6-84d8b6064f35 None None] Dynamic interval looping call 'nova.service.Service.periodic_tasks' sleeping for 60.00 seconds {{(pid=110499) _run_loop /opt/stack/data/venv/lib/python3.12/site-packages/oslo_service/backend/_threading/loopingcall.py:125}}
May 09 03:21:10.097600 np0000172882 nova-conductor[110493]: INFO nova.utils [None req-c8e5b047-f7d6-44d6-aed1-f9b65a362c09 demo demo] The cell worker thread pool ForkProcess-1.cell_worker is initialized
May 09 03:21:10.098307 np0000172882 nova-conductor[110493]: DEBUG oslo_concurrency.lockutils [None req-c8e5b047-f7d6-44d6-aed1-f9b65a362c09 demo demo] Acquiring lock "fe423e79-5b15-472a-afd5-1dc185c5ba47" by "nova.context.set_target_cell..get_or_set_cached_cell_and_set_connections" {{(pid=110493) inner /opt/stack/data/venv/lib/python3.12/site-packages/oslo_concurrency/lockutils.py:506}}
May 09 03:21:10.098307 np0000172882 nova-conductor[110493]: DEBUG oslo_concurrency.lockutils [None req-c8e5b047-f7d6-44d6-aed1-f9b65a362c09 demo demo] Lock "fe423e79-5b15-472a-afd5-1dc185c5ba47" acquired by "nova.context.set_target_cell..get_or_set_cached_cell_and_set_connections" :: waited 0.000s {{(pid=110493) inner /opt/stack/data/venv/lib/python3.12/site-packages/oslo_concurrency/lockutils.py:519}}
