2026-05-25 14:34:26.825 8 INFO neutron.api.extensions [None req-d1a9232f-b154-48d9-af76-c0cd77facd2a - - - - - -] Loaded extension: vlan-transparent
2026-05-25 14:34:26.825 7 INFO neutron.api.extensions [None req-0d4aa96c-4332-4096-8421-7ac5298e3d0b - - - - - -] Extension network-segment-range not supported by any of loaded plugins
2026-05-25 14:34:26.826 7 INFO neutron.api.extensions [None req-0d4aa96c-4332-4096-8421-7ac5298e3d0b - - - - - -] Loaded extension: pagination
2026-05-25 14:34:26.826 8 INFO neutron.api.extensions [None req-d1a9232f-b154-48d9-af76-c0cd77facd2a - - - - - -] Loaded extension: vpn-aes-ctr
2026-05-25 14:34:26.826 7 INFO neutron.api.extensions [None req-0d4aa96c-4332-4096-8421-7ac5298e3d0b - - - - - -] Loaded extension: port-device-profile
2026-05-25 14:34:26.827 7 INFO neutron.api.extensions [None req-0d4aa96c-4332-4096-8421-7ac5298e3d0b - - - - - -] Extension port-hardware-offload-type not supported by any of loaded plugins
2026-05-25 14:34:26.827 7 INFO neutron.api.extensions [None req-0d4aa96c-4332-4096-8421-7ac5298e3d0b - - - - - -] Extension port-hint-ovs-tx-steering not supported by any of loaded plugins
2026-05-25 14:34:26.827 8 INFO neutron.api.extensions [None req-d1a9232f-b154-48d9-af76-c0cd77facd2a - - - - - -] Loaded extension: vpn-agent-scheduler
2026-05-25 14:34:26.828 8 INFO neutron.api.extensions [None req-d1a9232f-b154-48d9-af76-c0cd77facd2a - - - - - -] Loaded extension: vpn-endpoint-groups
2026-05-25 14:34:26.829 8 INFO neutron.api.extensions [None req-d1a9232f-b154-48d9-af76-c0cd77facd2a - - - - - -] Loaded extension: vpn-flavors
2026-05-25 14:34:26.830 8 INFO neutron.api.extensions [None req-d1a9232f-b154-48d9-af76-c0cd77facd2a - - - - - -] Loaded extension: vpnaas
2026-05-25 14:34:26.832 8 INFO neutron.api.extensions [None req-d1a9232f-b154-48d9-af76-c0cd77facd2a - - - - - -] Loaded extension: taas
2026-05-25 14:34:26.833 8 INFO neutron.api.extensions [None req-d1a9232f-b154-48d9-af76-c0cd77facd2a - - - - - -] Loaded extension: tap-mirror
2026-05-25 14:34:26.833 8 INFO neutron.api.extensions [None req-d1a9232f-b154-48d9-af76-c0cd77facd2a - - - - - -] Loaded extension: taas-vlan-filter
2026-05-25 14:34:26.828 7 INFO neutron.api.extensions [None req-0d4aa96c-4332-4096-8421-7ac5298e3d0b - - - - - -] Extension port-hints not supported by any of loaded plugins
2026-05-25 14:34:26.837 8 INFO neutron.quota.resource_registry [None req-d1a9232f-b154-48d9-af76-c0cd77facd2a - - - - - -] Creating instance of TrackedResource for resource:network
2026-05-25 14:34:26.837 8 INFO neutron.quota.resource_registry [None req-d1a9232f-b154-48d9-af76-c0cd77facd2a - - - - - -] Creating instance of TrackedResource for resource:subnet
2026-05-25 14:34:26.837 8 INFO neutron.quota.resource_registry [None req-d1a9232f-b154-48d9-af76-c0cd77facd2a - - - - - -] Creating instance of TrackedResource for resource:subnetpool
2026-05-25 14:34:26.837 8 INFO neutron.quota.resource_registry [None req-d1a9232f-b154-48d9-af76-c0cd77facd2a - - - - - -] Creating instance of TrackedResource for resource:port
2026-05-25 14:34:26.838 7 INFO neutron.api.extensions [None req-0d4aa96c-4332-4096-8421-7ac5298e3d0b - - - - - -] Extension port-mac-override not supported by any of loaded plugins
2026-05-25 14:34:26.840 7 INFO neutron.api.extensions [None req-0d4aa96c-4332-4096-8421-7ac5298e3d0b - - - - - -] Loaded extension: port-mac-address-regenerate
2026-05-25 14:34:26.840 8 INFO neutron.quota.resource_registry [None req-d1a9232f-b154-48d9-af76-c0cd77facd2a - - - - - -] Creating instance of TrackedResource for resource:router
2026-05-25 14:34:26.841 8 INFO neutron.quota.resource_registry [None req-d1a9232f-b154-48d9-af76-c0cd77facd2a - - - - - -] Creating instance of TrackedResource for resource:floatingip
2026-05-25 14:34:26.841 7 INFO neutron.api.extensions [None req-0d4aa96c-4332-4096-8421-7ac5298e3d0b - - - - - -] Loaded extension: port-numa-affinity-policy
2026-05-25 14:34:26.842 7 INFO neutron.api.extensions [None req-0d4aa96c-4332-4096-8421-7ac5298e3d0b - - - - - -] Loaded extension: port-numa-affinity-policy-socket
2026-05-25 14:34:26.843 7 INFO neutron.api.extensions [None req-0d4aa96c-4332-4096-8421-7ac5298e3d0b - - - - - -] Loaded extension: port-resource-request
2026-05-25 14:34:26.844 7 INFO neutron.api.extensions [None req-0d4aa96c-4332-4096-8421-7ac5298e3d0b - - - - - -] Loaded extension: port-resource-request-groups
2026-05-25 14:34:26.845 7 INFO neutron.api.extensions [None req-0d4aa96c-4332-4096-8421-7ac5298e3d0b - - - - - -] Extension port-trusted-vif not supported by any of loaded plugins
2026-05-25 14:34:26.846 8 INFO neutron.quota.resource_registry [None req-d1a9232f-b154-48d9-af76-c0cd77facd2a - - - - - -] Creating instance of CountableResource for resource:rbac_policy
2026-05-25 14:34:26.846 7 INFO neutron.api.extensions [None req-0d4aa96c-4332-4096-8421-7ac5298e3d0b - - - - - -] Loaded extension: binding
2026-05-25 14:34:26.846 8 INFO neutron.quota.resource_registry [None req-d1a9232f-b154-48d9-af76-c0cd77facd2a - - - - - -] Creating instance of TrackedResource for resource:security_group
2026-05-25 14:34:26.847 8 INFO neutron.quota.resource_registry [None req-d1a9232f-b154-48d9-af76-c0cd77facd2a - - - - - -] Creating instance of TrackedResource for resource:security_group_rule
2026-05-25 14:34:26.847 7 INFO neutron.api.extensions [None req-0d4aa96c-4332-4096-8421-7ac5298e3d0b - - - - - -] Loaded extension: binding-extended
2026-05-25 14:34:26.847 8 INFO neutron.quota.resource_registry [None req-d1a9232f-b154-48d9-af76-c0cd77facd2a - - - - - -] Creating instance of TrackedResource for resource:subnetpool
2026-05-25 14:34:26.848 7 INFO neutron.api.extensions [None req-0d4aa96c-4332-4096-8421-7ac5298e3d0b - - - - - -] Loaded extension: port-security
2026-05-25 14:34:26.848 8 WARNING neutron.quota.resource_registry [None req-d1a9232f-b154-48d9-af76-c0cd77facd2a - - - - - -] subnetpool is already registered
2026-05-25 14:34:26.848 8 INFO neutron.quota.resource_registry [None req-d1a9232f-b154-48d9-af76-c0cd77facd2a - - - - - -] Creating instance of CountableResource for resource:trunk
2026-05-25 14:34:26.848 7 INFO neutron.api.extensions [None req-0d4aa96c-4332-4096-8421-7ac5298e3d0b - - - - - -] Loaded extension: project-id
2026-05-25 14:34:26.849 8 INFO neutron.quota.resource_registry [None req-d1a9232f-b154-48d9-af76-c0cd77facd2a - - - - - -] Creating instance of CountableResource for resource:ikepolicy
2026-05-25 14:34:26.849 7 INFO neutron.api.extensions [None req-0d4aa96c-4332-4096-8421-7ac5298e3d0b - - - - - -] Loaded extension: provider
2026-05-25 14:34:26.849 8 INFO neutron.quota.resource_registry [None req-d1a9232f-b154-48d9-af76-c0cd77facd2a - - - - - -] Creating instance of CountableResource for resource:ipsecpolicy
2026-05-25 14:34:26.849 8 INFO neutron.quota.resource_registry [None req-d1a9232f-b154-48d9-af76-c0cd77facd2a - - - - - -] Creating instance of CountableResource for resource:endpoint_group
2026-05-25 14:34:26.850 8 INFO neutron.quota.resource_registry [None req-d1a9232f-b154-48d9-af76-c0cd77facd2a - - - - - -] Creating instance of CountableResource for resource:vpnservice
2026-05-25 14:34:26.850 7 INFO neutron.api.extensions [None req-0d4aa96c-4332-4096-8421-7ac5298e3d0b - - - - - -] Loaded extension: qinq
2026-05-25 14:34:26.850 8 INFO neutron.quota.resource_registry [None req-d1a9232f-b154-48d9-af76-c0cd77facd2a - - - - - -] Creating instance of CountableResource for resource:ipsec_site_connection
2026-05-25 14:34:26.850 8 INFO neutron.quota.resource_registry [None req-d1a9232f-b154-48d9-af76-c0cd77facd2a - - - - - -] Creating instance of CountableResource for resource:ipsecpolicy
2026-05-25 14:34:26.851 8 WARNING neutron.quota.resource_registry [None req-d1a9232f-b154-48d9-af76-c0cd77facd2a - - - - - -] ipsecpolicy is already registered
2026-05-25 14:34:26.851 8 INFO neutron.quota.resource_registry [None req-d1a9232f-b154-48d9-af76-c0cd77facd2a - - - - - -] Creating instance of CountableResource for resource:ikepolicy
2026-05-25 14:34:26.851 8 WARNING neutron.quota.resource_registry [None req-d1a9232f-b154-48d9-af76-c0cd77facd2a - - - - - -] ikepolicy is already registered
2026-05-25 14:34:26.853 7 INFO neutron.api.extensions [None req-0d4aa96c-4332-4096-8421-7ac5298e3d0b - - - - - -] Loaded extension: qos
2026-05-25 14:34:26.854 7 INFO neutron.api.extensions [None req-0d4aa96c-4332-4096-8421-7ac5298e3d0b - - - - - -] Loaded extension: qos-bw-limit-direction
2026-05-25 14:34:26.854 7 INFO neutron.api.extensions [None req-0d4aa96c-4332-4096-8421-7ac5298e3d0b - - - - - -] Loaded extension: qos-bw-minimum-ingress
2026-05-25 14:34:26.855 7 INFO neutron.api.extensions [None req-0d4aa96c-4332-4096-8421-7ac5298e3d0b - - - - - -] Loaded extension: qos-default
2026-05-25 14:34:26.855 7 INFO neutron.api.extensions [None req-0d4aa96c-4332-4096-8421-7ac5298e3d0b - - - - - -] Loaded extension: qos-fip
2026-05-25 14:34:26.855 8 INFO neutron.quota.resource_registry [None req-d1a9232f-b154-48d9-af76-c0cd77facd2a - - - - - -] Creating instance of TrackedResource for resource:router
2026-05-25 14:34:26.855 8 WARNING neutron.quota.resource_registry [None req-d1a9232f-b154-48d9-af76-c0cd77facd2a - - - - - -] router is already registered
2026-05-25 14:34:26.856 7 INFO neutron.api.extensions [None req-0d4aa96c-4332-4096-8421-7ac5298e3d0b - - - - - -] Extension qos-fip-network-policy not supported by any of loaded plugins
2026-05-25 14:34:26.856 8 INFO neutron.quota.resource_registry [None req-d1a9232f-b154-48d9-af76-c0cd77facd2a - - - - - -] Creating instance of TrackedResource for resource:floatingip
2026-05-25 14:34:26.856 8 WARNING neutron.quota.resource_registry [None req-d1a9232f-b154-48d9-af76-c0cd77facd2a - - - - - -] floatingip is already registered
2026-05-25 14:34:26.856 7 INFO neutron.api.extensions [None req-0d4aa96c-4332-4096-8421-7ac5298e3d0b - - - - - -] Loaded extension: qos-gateway-ip
2026-05-25 14:34:26.857 7 INFO neutron.api.extensions [None req-0d4aa96c-4332-4096-8421-7ac5298e3d0b - - - - - -] Loaded extension: qos-port-network-policy
2026-05-25 14:34:26.858 7 INFO neutron.api.extensions [None req-0d4aa96c-4332-4096-8421-7ac5298e3d0b - - - - - -] Loaded extension: qos-pps-minimum
2026-05-25 14:34:26.858 7 INFO neutron.api.extensions [None req-0d4aa96c-4332-4096-8421-7ac5298e3d0b - - - - - -] Loaded extension: qos-pps-minimum-rule-alias
2026-05-25 14:34:26.859 7 INFO neutron.api.extensions [None req-0d4aa96c-4332-4096-8421-7ac5298e3d0b - - - - - -] Loaded extension: qos-pps
2026-05-25 14:34:26.859 7 INFO neutron.api.extensions [None req-0d4aa96c-4332-4096-8421-7ac5298e3d0b - - - - - -] Loaded extension: qos-rule-type-details
2026-05-25 14:34:26.860 7 INFO neutron.api.extensions [None req-0d4aa96c-4332-4096-8421-7ac5298e3d0b - - - - - -] Loaded extension: qos-rule-type-filter
2026-05-25 14:34:26.860 8 INFO neutron.quota.resource_registry [None req-d1a9232f-b154-48d9-af76-c0cd77facd2a - - - - - -] Creating instance of CountableResource for resource:rbac_policy
2026-05-25 14:34:26.860 8 WARNING neutron.quota.resource_registry [None req-d1a9232f-b154-48d9-af76-c0cd77facd2a - - - - - -] rbac_policy is already registered
2026-05-25 14:34:26.860 7 INFO neutron.api.extensions [None req-0d4aa96c-4332-4096-8421-7ac5298e3d0b - - - - - -] Loaded extension: qos-rules-alias
2026-05-25 14:34:26.861 8 INFO neutron.quota.resource_registry [None req-d1a9232f-b154-48d9-af76-c0cd77facd2a - - - - - -] Creating instance of TrackedResource for resource:security_group
2026-05-25 14:34:26.861 8 WARNING neutron.quota.resource_registry [None req-d1a9232f-b154-48d9-af76-c0cd77facd2a - - - - - -] security_group is already registered
2026-05-25 14:34:26.861 7 INFO neutron.api.extensions [None req-0d4aa96c-4332-4096-8421-7ac5298e3d0b - - - - - -] Loaded extension: quota-check-limit
2026-05-25 14:34:26.861 8 INFO neutron.quota.resource_registry [None req-d1a9232f-b154-48d9-af76-c0cd77facd2a - - - - - -] Creating instance of TrackedResource for resource:security_group_rule
2026-05-25 14:34:26.861 8 WARNING neutron.quota.resource_registry [None req-d1a9232f-b154-48d9-af76-c0cd77facd2a - - - - - -] security_group_rule is already registered
2026-05-25 14:34:26.862 7 INFO neutron.api.extensions [None req-0d4aa96c-4332-4096-8421-7ac5298e3d0b - - - - - -] Loaded extension: quota-check-limit-default
2026-05-25 14:34:26.862 8 INFO neutron.quota.resource_registry [None req-d1a9232f-b154-48d9-af76-c0cd77facd2a - - - - - -] Creating instance of TrackedResource for resource:subnetpool
2026-05-25 14:34:26.862 8 WARNING neutron.quota.resource_registry [None req-d1a9232f-b154-48d9-af76-c0cd77facd2a - - - - - -] subnetpool is already registered
2026-05-25 14:34:26.863 8 INFO neutron.quota.resource_registry [None req-d1a9232f-b154-48d9-af76-c0cd77facd2a - - - - - -] Creating instance of CountableResource for resource:trunk
2026-05-25 14:34:26.863 8 WARNING neutron.quota.resource_registry [None req-d1a9232f-b154-48d9-af76-c0cd77facd2a - - - - - -] trunk is already registered
2026-05-25 14:34:26.863 8 INFO neutron.quota.resource_registry [None req-d1a9232f-b154-48d9-af76-c0cd77facd2a - - - - - -] Creating instance of CountableResource for resource:ikepolicy
2026-05-25 14:34:26.863 8 WARNING neutron.quota.resource_registry [None req-d1a9232f-b154-48d9-af76-c0cd77facd2a - - - - - -] ikepolicy is already registered
2026-05-25 14:34:26.864 8 INFO neutron.quota.resource_registry [None req-d1a9232f-b154-48d9-af76-c0cd77facd2a - - - - - -] Creating instance of CountableResource for resource:ipsecpolicy
2026-05-25 14:34:26.864 7 INFO neutron.api.extensions [None req-0d4aa96c-4332-4096-8421-7ac5298e3d0b - - - - - -] Loaded extension: quotas
2026-05-25 14:34:26.864 8 WARNING neutron.quota.resource_registry [None req-d1a9232f-b154-48d9-af76-c0cd77facd2a - - - - - -] ipsecpolicy is already registered
2026-05-25 14:34:26.864 8 INFO neutron.quota.resource_registry [None req-d1a9232f-b154-48d9-af76-c0cd77facd2a - - - - - -] Creating instance of CountableResource for resource:endpoint_group
2026-05-25 14:34:26.864 8 WARNING neutron.quota.resource_registry [None req-d1a9232f-b154-48d9-af76-c0cd77facd2a - - - - - -] endpoint_group is already registered
2026-05-25 14:34:26.865 8 INFO neutron.quota.resource_registry [None req-d1a9232f-b154-48d9-af76-c0cd77facd2a - - - - - -] Creating instance of CountableResource for resource:vpnservice
2026-05-25 14:34:26.865 7 INFO neutron.api.extensions [None req-0d4aa96c-4332-4096-8421-7ac5298e3d0b - - - - - -] Loaded extension: quota_details
2026-05-25 14:34:26.865 8 WARNING neutron.quota.resource_registry [None req-d1a9232f-b154-48d9-af76-c0cd77facd2a - - - - - -] vpnservice is already registered
2026-05-25 14:34:26.865 8 INFO neutron.quota.resource_registry [None req-d1a9232f-b154-48d9-af76-c0cd77facd2a - - - - - -] Creating instance of CountableResource for resource:ipsec_site_connection
2026-05-25 14:34:26.865 8 WARNING neutron.quota.resource_registry [None req-d1a9232f-b154-48d9-af76-c0cd77facd2a - - - - - -] ipsec_site_connection is already registered
2026-05-25 14:34:26.866 8 INFO neutron.quota.resource_registry [None req-d1a9232f-b154-48d9-af76-c0cd77facd2a - - - - - -] Creating instance of CountableResource for resource:ipsecpolicy
2026-05-25 14:34:26.866 8 WARNING neutron.quota.resource_registry [None req-d1a9232f-b154-48d9-af76-c0cd77facd2a - - - - - -] ipsecpolicy is already registered
2026-05-25 14:34:26.866 8 INFO neutron.quota.resource_registry [None req-d1a9232f-b154-48d9-af76-c0cd77facd2a - - - - - -] Creating instance of CountableResource for resource:ikepolicy
2026-05-25 14:34:26.866 8 WARNING neutron.quota.resource_registry [None req-d1a9232f-b154-48d9-af76-c0cd77facd2a - - - - - -] ikepolicy is already registered
2026-05-25 14:34:26.866 7 INFO neutron.api.extensions [None req-0d4aa96c-4332-4096-8421-7ac5298e3d0b - - - - - -] Loaded extension: rbac-policies
2026-05-25 14:34:26.867 7 INFO neutron.api.extensions [None req-0d4aa96c-4332-4096-8421-7ac5298e3d0b - - - - - -] Extension rbac-address-group not supported by any of loaded plugins
2026-05-25 14:34:26.867 7 INFO neutron.api.extensions [None req-0d4aa96c-4332-4096-8421-7ac5298e3d0b - - - - - -] Loaded extension: rbac-address-scope
2026-05-25 14:34:26.868 7 INFO neutron.api.extensions [None req-0d4aa96c-4332-4096-8421-7ac5298e3d0b - - - - - -] Loaded extension: rbac-security-groups
2026-05-25 14:34:26.868 7 INFO neutron.api.extensions [None req-0d4aa96c-4332-4096-8421-7ac5298e3d0b - - - - - -] Extension rbac-subnetpool not supported by any of loaded plugins
2026-05-25 14:34:26.869 7 INFO neutron.api.extensions [None req-0d4aa96c-4332-4096-8421-7ac5298e3d0b - - - - - -] Loaded extension: revision-if-match
2026-05-25 14:34:26.869 7 INFO neutron.api.extensions [None req-0d4aa96c-4332-4096-8421-7ac5298e3d0b - - - - - -] Loaded extension: standard-attr-revisions
2026-05-25 14:34:26.870 7 INFO neutron.api.extensions [None req-0d4aa96c-4332-4096-8421-7ac5298e3d0b - - - - - -] Loaded extension: router_availability_zone
2026-05-25 14:34:26.870 7 INFO neutron.api.extensions [None req-0d4aa96c-4332-4096-8421-7ac5298e3d0b - - - - - -] Extension router-service-type not supported by any of loaded plugins
2026-05-25 14:34:26.872 7 INFO neutron.api.extensions [None req-0d4aa96c-4332-4096-8421-7ac5298e3d0b - - - - - -] Loaded extension: security-groups-default-rules
2026-05-25 14:34:26.873 7 INFO neutron.api.extensions [None req-0d4aa96c-4332-4096-8421-7ac5298e3d0b - - - - - -] Loaded extension: security-groups-normalized-cidr
2026-05-25 14:34:26.873 7 INFO neutron.api.extensions [None req-0d4aa96c-4332-4096-8421-7ac5298e3d0b - - - - - -] Extension port-security-groups-filtering not supported by any of loaded plugins
2026-05-25 14:34:26.874 7 INFO neutron.api.extensions [None req-0d4aa96c-4332-4096-8421-7ac5298e3d0b - - - - - -] Loaded extension: security-groups-remote-address-group
2026-05-25 14:34:26.874 7 INFO neutron.api.extensions [None req-0d4aa96c-4332-4096-8421-7ac5298e3d0b - - - - - -] Loaded extension: security-groups-rules-belongs-to-default-sg
2026-05-25 14:34:26.875 7 INFO neutron.api.extensions [None req-0d4aa96c-4332-4096-8421-7ac5298e3d0b - - - - - -] Loaded extension: security-groups-shared-filtering
2026-05-25 14:34:26.879 7 INFO neutron.api.extensions [None req-0d4aa96c-4332-4096-8421-7ac5298e3d0b - - - - - -] Loaded extension: security-group
2026-05-25 14:34:26.880 7 INFO neutron.api.extensions [None req-0d4aa96c-4332-4096-8421-7ac5298e3d0b - - - - - -] Loaded extension: segment
2026-05-25 14:34:26.881 7 INFO neutron.api.extensions [None req-0d4aa96c-4332-4096-8421-7ac5298e3d0b - - - - - -] Loaded extension: segments-peer-subnet-host-routes
2026-05-25 14:34:26.881 7 INFO neutron.api.extensions [None req-0d4aa96c-4332-4096-8421-7ac5298e3d0b - - - - - -] Loaded extension: service-type
2026-05-25 14:34:26.882 7 INFO neutron.api.extensions [None req-0d4aa96c-4332-4096-8421-7ac5298e3d0b - - - - - -] Loaded extension: sorting
2026-05-25 14:34:26.882 7 INFO neutron.api.extensions [None req-0d4aa96c-4332-4096-8421-7ac5298e3d0b - - - - - -] Loaded extension: standard-attr-segment
2026-05-25 14:34:26.883 7 INFO neutron.api.extensions [None req-0d4aa96c-4332-4096-8421-7ac5298e3d0b - - - - - -] Loaded extension: standard-attr-description
2026-05-25 14:34:26.883 7 INFO neutron.api.extensions [None req-0d4aa96c-4332-4096-8421-7ac5298e3d0b - - - - - -] Loaded extension: stateful-security-group
2026-05-25 14:34:26.884 7 WARNING neutron.api.extensions [None req-0d4aa96c-4332-4096-8421-7ac5298e3d0b - - - - - -] Did not find expected name "Stdattrs_common" in /var/lib/openstack/lib/python3.12/site-packages/neutron/extensions/stdattrs_common.py
2026-05-25 14:34:26.884 7 INFO neutron.api.extensions [None req-0d4aa96c-4332-4096-8421-7ac5298e3d0b - - - - - -] Loaded extension: subnet-dns-publish-fixed-ip
2026-05-25 14:34:26.885 7 INFO neutron.api.extensions [None req-0d4aa96c-4332-4096-8421-7ac5298e3d0b - - - - - -] Loaded extension: subnet-external-network
2026-05-25 14:34:26.885 7 INFO neutron.api.extensions [None req-0d4aa96c-4332-4096-8421-7ac5298e3d0b - - - - - -] Extension subnet_onboard not supported by any of loaded plugins
2026-05-25 14:34:26.886 7 INFO neutron.api.extensions [None req-0d4aa96c-4332-4096-8421-7ac5298e3d0b - - - - - -] Loaded extension: subnet-segmentid-writable
2026-05-25 14:34:26.886 7 INFO neutron.api.extensions [None req-0d4aa96c-4332-4096-8421-7ac5298e3d0b - - - - - -] Loaded extension: subnet-service-types
2026-05-25 14:34:26.887 7 INFO neutron.api.extensions [None req-0d4aa96c-4332-4096-8421-7ac5298e3d0b - - - - - -] Loaded extension: subnet_allocation
2026-05-25 14:34:26.888 7 INFO neutron.api.extensions [None req-0d4aa96c-4332-4096-8421-7ac5298e3d0b - - - - - -] Loaded extension: subnetpool-prefix-ops
2026-05-25 14:34:26.888 7 INFO neutron.api.extensions [None req-0d4aa96c-4332-4096-8421-7ac5298e3d0b - - - - - -] Loaded extension: tag-creation
2026-05-25 14:34:26.889 7 INFO neutron.api.extensions [None req-0d4aa96c-4332-4096-8421-7ac5298e3d0b - - - - - -] Extension tag-ports-during-bulk-creation not supported by any of loaded plugins
2026-05-25 14:34:26.893 7 INFO neutron.api.extensions [None req-0d4aa96c-4332-4096-8421-7ac5298e3d0b - - - - - -] Loaded extension: standard-attr-tag
2026-05-25 14:34:26.893 7 INFO neutron.api.extensions [None req-0d4aa96c-4332-4096-8421-7ac5298e3d0b - - - - - -] Loaded extension: standard-attr-timestamp
2026-05-25 14:34:26.894 7 INFO neutron.api.extensions [None req-0d4aa96c-4332-4096-8421-7ac5298e3d0b - - - - - -] Loaded extension: trunk
2026-05-25 14:34:26.894 7 INFO neutron.api.extensions [None req-0d4aa96c-4332-4096-8421-7ac5298e3d0b - - - - - -] Loaded extension: trunk-details
2026-05-25 14:34:26.895 7 INFO neutron.api.extensions [None req-0d4aa96c-4332-4096-8421-7ac5298e3d0b - - - - - -] Extension uplink-status-propagation not supported by any of loaded plugins
2026-05-25 14:34:26.895 7 INFO neutron.api.extensions [None req-0d4aa96c-4332-4096-8421-7ac5298e3d0b - - - - - -] Extension uplink-status-propagation-updatable not supported by any of loaded plugins
2026-05-25 14:34:26.896 7 INFO neutron.api.extensions [None req-0d4aa96c-4332-4096-8421-7ac5298e3d0b - - - - - -] Loaded extension: vlan-transparent
2026-05-25 14:34:26.897 7 INFO neutron.api.extensions [None req-0d4aa96c-4332-4096-8421-7ac5298e3d0b - - - - - -] Loaded extension: vpn-aes-ctr
2026-05-25 14:34:26.898 7 INFO neutron.api.extensions [None req-0d4aa96c-4332-4096-8421-7ac5298e3d0b - - - - - -] Loaded extension: vpn-agent-scheduler
2026-05-25 14:34:26.899 7 INFO neutron.api.extensions [None req-0d4aa96c-4332-4096-8421-7ac5298e3d0b - - - - - -] Loaded extension: vpn-endpoint-groups
2026-05-25 14:34:26.900 7 INFO neutron.api.extensions [None req-0d4aa96c-4332-4096-8421-7ac5298e3d0b - - - - - -] Loaded extension: vpn-flavors
2026-05-25 14:34:26.901 7 INFO neutron.api.extensions [None req-0d4aa96c-4332-4096-8421-7ac5298e3d0b - - - - - -] Loaded extension: vpnaas
2026-05-25 14:34:26.901 8 WARNING keystonemiddleware._common.config [None req-d1a9232f-b154-48d9-af76-c0cd77facd2a - - - - - -] The option "audit_map_file" is not known to keystonemiddleware
2026-05-25 14:34:26.903 7 INFO neutron.api.extensions [None req-0d4aa96c-4332-4096-8421-7ac5298e3d0b - - - - - -] Loaded extension: taas
2026-05-25 14:34:26.904 7 INFO neutron.api.extensions [None req-0d4aa96c-4332-4096-8421-7ac5298e3d0b - - - - - -] Loaded extension: tap-mirror
2026-05-25 14:34:26.904 7 INFO neutron.api.extensions [None req-0d4aa96c-4332-4096-8421-7ac5298e3d0b - - - - - -] Loaded extension: taas-vlan-filter
2026-05-25 14:34:26.907 7 INFO neutron.quota.resource_registry [None req-0d4aa96c-4332-4096-8421-7ac5298e3d0b - - - - - -] Creating instance of TrackedResource for resource:network
2026-05-25 14:34:26.907 7 INFO neutron.quota.resource_registry [None req-0d4aa96c-4332-4096-8421-7ac5298e3d0b - - - - - -] Creating instance of TrackedResource for resource:subnet
2026-05-25 14:34:26.907 7 INFO neutron.quota.resource_registry [None req-0d4aa96c-4332-4096-8421-7ac5298e3d0b - - - - - -] Creating instance of TrackedResource for resource:subnetpool
2026-05-25 14:34:26.907 7 INFO neutron.quota.resource_registry [None req-0d4aa96c-4332-4096-8421-7ac5298e3d0b - - - - - -] Creating instance of TrackedResource for resource:port
2026-05-25 14:34:26.908 8 WARNING oslo_config.cfg [None req-d1a9232f-b154-48d9-af76-c0cd77facd2a - - - - - -] Deprecated: Option "auth_uri" from group "keystone_authtoken" is deprecated. Use option "www_authenticate_uri" from group "keystone_authtoken".
2026-05-25 14:34:26.910 7 INFO neutron.quota.resource_registry [None req-0d4aa96c-4332-4096-8421-7ac5298e3d0b - - - - - -] Creating instance of TrackedResource for resource:router
2026-05-25 14:34:26.911 7 INFO neutron.quota.resource_registry [None req-0d4aa96c-4332-4096-8421-7ac5298e3d0b - - - - - -] Creating instance of TrackedResource for resource:floatingip
2026-05-25 14:34:26.916 7 INFO neutron.quota.resource_registry [None req-0d4aa96c-4332-4096-8421-7ac5298e3d0b - - - - - -] Creating instance of CountableResource for resource:rbac_policy
2026-05-25 14:34:26.916 7 INFO neutron.quota.resource_registry [None req-0d4aa96c-4332-4096-8421-7ac5298e3d0b - - - - - -] Creating instance of TrackedResource for resource:security_group
2026-05-25 14:34:26.917 7 INFO neutron.quota.resource_registry [None req-0d4aa96c-4332-4096-8421-7ac5298e3d0b - - - - - -] Creating instance of TrackedResource for resource:security_group_rule
2026-05-25 14:34:26.918 7 INFO neutron.quota.resource_registry [None req-0d4aa96c-4332-4096-8421-7ac5298e3d0b - - - - - -] Creating instance of TrackedResource for resource:subnetpool
2026-05-25 14:34:26.918 7 WARNING neutron.quota.resource_registry [None req-0d4aa96c-4332-4096-8421-7ac5298e3d0b - - - - - -] subnetpool is already registered
2026-05-25 14:34:26.918 7 INFO neutron.quota.resource_registry [None req-0d4aa96c-4332-4096-8421-7ac5298e3d0b - - - - - -] Creating instance of CountableResource for resource:trunk
2026-05-25 14:34:26.919 7 INFO neutron.quota.resource_registry [None req-0d4aa96c-4332-4096-8421-7ac5298e3d0b - - - - - -] Creating instance of CountableResource for resource:ikepolicy
2026-05-25 14:34:26.919 7 INFO neutron.quota.resource_registry [None req-0d4aa96c-4332-4096-8421-7ac5298e3d0b - - - - - -] Creating instance of CountableResource for resource:ipsecpolicy
2026-05-25 14:34:26.919 7 INFO neutron.quota.resource_registry [None req-0d4aa96c-4332-4096-8421-7ac5298e3d0b - - - - - -] Creating instance of CountableResource for resource:endpoint_group
2026-05-25 14:34:26.920 7 INFO neutron.quota.resource_registry [None req-0d4aa96c-4332-4096-8421-7ac5298e3d0b - - - - - -] Creating instance of CountableResource for resource:vpnservice
2026-05-25 14:34:26.920 7 INFO neutron.quota.resource_registry [None req-0d4aa96c-4332-4096-8421-7ac5298e3d0b - - - - - -] Creating instance of CountableResource for resource:ipsec_site_connection
2026-05-25 14:34:26.921 7 INFO neutron.quota.resource_registry [None req-0d4aa96c-4332-4096-8421-7ac5298e3d0b - - - - - -] Creating instance of CountableResource for resource:ipsecpolicy
2026-05-25 14:34:26.921 7 WARNING neutron.quota.resource_registry [None req-0d4aa96c-4332-4096-8421-7ac5298e3d0b - - - - - -] ipsecpolicy is already registered
2026-05-25 14:34:26.921 7 INFO neutron.quota.resource_registry [None req-0d4aa96c-4332-4096-8421-7ac5298e3d0b - - - - - -] Creating instance of CountableResource for resource:ikepolicy
2026-05-25 14:34:26.921 7 WARNING neutron.quota.resource_registry [None req-0d4aa96c-4332-4096-8421-7ac5298e3d0b - - - - - -] ikepolicy is already registered
2026-05-25 14:34:26.927 7 INFO neutron.quota.resource_registry [None req-0d4aa96c-4332-4096-8421-7ac5298e3d0b - - - - - -] Creating instance of TrackedResource for resource:router
2026-05-25 14:34:26.927 7 WARNING neutron.quota.resource_registry [None req-0d4aa96c-4332-4096-8421-7ac5298e3d0b - - - - - -] router is already registered
2026-05-25 14:34:26.927 7 INFO neutron.quota.resource_registry [None req-0d4aa96c-4332-4096-8421-7ac5298e3d0b - - - - - -] Creating instance of TrackedResource for resource:floatingip
2026-05-25 14:34:26.927 7 WARNING neutron.quota.resource_registry [None req-0d4aa96c-4332-4096-8421-7ac5298e3d0b - - - - - -] floatingip is already registered
2026-05-25 14:34:26.931 8 WARNING neutron.plugins.ml2.drivers.ovn.mech_driver.mech_driver [None req-d1a9232f-b154-48d9-af76-c0cd77facd2a - - - - - -] uWSGI must provide a start time using the configuration parameter "start-time %t" in the configuration file
2026-05-25 14:34:26.931 7 INFO neutron.quota.resource_registry [None req-0d4aa96c-4332-4096-8421-7ac5298e3d0b - - - - - -] Creating instance of CountableResource for resource:rbac_policy
2026-05-25 14:34:26.932 7 WARNING neutron.quota.resource_registry [None req-0d4aa96c-4332-4096-8421-7ac5298e3d0b - - - - - -] rbac_policy is already registered
2026-05-25 14:34:26.932 7 INFO neutron.quota.resource_registry [None req-0d4aa96c-4332-4096-8421-7ac5298e3d0b - - - - - -] Creating instance of TrackedResource for resource:security_group
2026-05-25 14:34:26.932 7 WARNING neutron.quota.resource_registry [None req-0d4aa96c-4332-4096-8421-7ac5298e3d0b - - - - - -] security_group is already registered
2026-05-25 14:34:26.933 7 INFO neutron.quota.resource_registry [None req-0d4aa96c-4332-4096-8421-7ac5298e3d0b - - - - - -] Creating instance of TrackedResource for resource:security_group_rule
2026-05-25 14:34:26.933 7 WARNING neutron.quota.resource_registry [None req-0d4aa96c-4332-4096-8421-7ac5298e3d0b - - - - - -] security_group_rule is already registered
2026-05-25 14:34:26.934 7 INFO neutron.quota.resource_registry [None req-0d4aa96c-4332-4096-8421-7ac5298e3d0b - - - - - -] Creating instance of TrackedResource for resource:subnetpool
2026-05-25 14:34:26.934 7 WARNING neutron.quota.resource_registry [None req-0d4aa96c-4332-4096-8421-7ac5298e3d0b - - - - - -] subnetpool is already registered
2026-05-25 14:34:26.934 7 INFO neutron.quota.resource_registry [None req-0d4aa96c-4332-4096-8421-7ac5298e3d0b - - - - - -] Creating instance of CountableResource for resource:trunk
2026-05-25 14:34:26.934 7 WARNING neutron.quota.resource_registry [None req-0d4aa96c-4332-4096-8421-7ac5298e3d0b - - - - - -] trunk is already registered
2026-05-25 14:34:26.935 7 INFO neutron.quota.resource_registry [None req-0d4aa96c-4332-4096-8421-7ac5298e3d0b - - - - - -] Creating instance of CountableResource for resource:ikepolicy
2026-05-25 14:34:26.935 7 WARNING neutron.quota.resource_registry [None req-0d4aa96c-4332-4096-8421-7ac5298e3d0b - - - - - -] ikepolicy is already registered
2026-05-25 14:34:26.935 7 INFO neutron.quota.resource_registry [None req-0d4aa96c-4332-4096-8421-7ac5298e3d0b - - - - - -] Creating instance of CountableResource for resource:ipsecpolicy
2026-05-25 14:34:26.935 7 WARNING neutron.quota.resource_registry [None req-0d4aa96c-4332-4096-8421-7ac5298e3d0b - - - - - -] ipsecpolicy is already registered
2026-05-25 14:34:26.936 7 INFO neutron.quota.resource_registry [None req-0d4aa96c-4332-4096-8421-7ac5298e3d0b - - - - - -] Creating instance of CountableResource for resource:endpoint_group
2026-05-25 14:34:26.936 7 WARNING neutron.quota.resource_registry [None req-0d4aa96c-4332-4096-8421-7ac5298e3d0b - - - - - -] endpoint_group is already registered
2026-05-25 14:34:26.936 7 INFO neutron.quota.resource_registry [None req-0d4aa96c-4332-4096-8421-7ac5298e3d0b - - - - - -] Creating instance of CountableResource for resource:vpnservice
2026-05-25 14:34:26.936 7 WARNING neutron.quota.resource_registry [None req-0d4aa96c-4332-4096-8421-7ac5298e3d0b - - - - - -] vpnservice is already registered
2026-05-25 14:34:26.937 7 INFO neutron.quota.resource_registry [None req-0d4aa96c-4332-4096-8421-7ac5298e3d0b - - - - - -] Creating instance of CountableResource for resource:ipsec_site_connection
2026-05-25 14:34:26.937 7 WARNING neutron.quota.resource_registry [None req-0d4aa96c-4332-4096-8421-7ac5298e3d0b - - - - - -] ipsec_site_connection is already registered
2026-05-25 14:34:26.937 7 INFO neutron.quota.resource_registry [None req-0d4aa96c-4332-4096-8421-7ac5298e3d0b - - - - - -] Creating instance of CountableResource for resource:ipsecpolicy
2026-05-25 14:34:26.937 7 WARNING neutron.quota.resource_registry [None req-0d4aa96c-4332-4096-8421-7ac5298e3d0b - - - - - -] ipsecpolicy is already registered
2026-05-25 14:34:26.938 7 INFO neutron.quota.resource_registry [None req-0d4aa96c-4332-4096-8421-7ac5298e3d0b - - - - - -] Creating instance of CountableResource for resource:ikepolicy
2026-05-25 14:34:26.938 7 WARNING neutron.quota.resource_registry [None req-0d4aa96c-4332-4096-8421-7ac5298e3d0b - - - - - -] ikepolicy is already registered
2026-05-25 14:34:26.946 8 INFO neutron.db.ovn_hash_ring_db [None req-d1a9232f-b154-48d9-af76-c0cd77facd2a - - - - - -] Nodes from host "neutron-server-5bb664fbfb-sr5l8" and group "mechanism_driver" removed from the Hash Ring created at
2026-05-25 14:34:26+00:00
2026-05-25 14:34:26.948 8 INFO neutron.db.ovn_hash_ring_db [None req-d1a9232f-b154-48d9-af76-c0cd77facd2a - - - - - -] Node 5aa0d51882a05135a9ef124ff4f3dffd from host "neutron-server-5bb664fbfb-sr5l8" and group "mechanism_driver" added to the Hash Ring
2026-05-25 14:34:26.958 8 INFO neutron.plugins.ml2.drivers.ovn.mech_driver.mech_driver [None req-d1a9232f-b154-48d9-af76-c0cd77facd2a - - - - - -] Hash Ring probing thread for node 5aa0d51882a05135a9ef124ff4f3dffd has started
2026-05-25 14:34:26.959 8 INFO neutron.plugins.ml2.drivers.ovn.mech_driver.ovsdb.impl_idl_ovn [None req-d1a9232f-b154-48d9-af76-c0cd77facd2a - - - - - -] Getting OvsdbNbOvnIdl for WorkerService with retry
2026-05-25 14:34:26.974 7 WARNING keystonemiddleware._common.config [None req-0d4aa96c-4332-4096-8421-7ac5298e3d0b - - - - - -] The option "audit_map_file" is not known to keystonemiddleware
2026-05-25 14:34:26.981 7 WARNING oslo_config.cfg [None req-0d4aa96c-4332-4096-8421-7ac5298e3d0b - - - - - -] Deprecated: Option "auth_uri" from group "keystone_authtoken" is deprecated. Use option "www_authenticate_uri" from group "keystone_authtoken".
2026-05-25 14:34:26.990 8 INFO ovsdbapp.backend.ovs_idl.vlog [None req-d1a9232f-b154-48d9-af76-c0cd77facd2a - - - - - -] tcp:10.111.54.42:6641: connecting...
2026-05-25 14:34:26.990 8 INFO ovsdbapp.backend.ovs_idl.vlog [None req-d1a9232f-b154-48d9-af76-c0cd77facd2a - - - - - -] tcp:10.111.54.42:6641: connected
2026-05-25 14:34:27.004 7 WARNING neutron.plugins.ml2.drivers.ovn.mech_driver.mech_driver [None req-0d4aa96c-4332-4096-8421-7ac5298e3d0b - - - - - -] uWSGI must provide a start time using the configuration parameter "start-time %t" in the configuration file
2026-05-25 14:34:27.019 7 INFO neutron.db.ovn_hash_ring_db [None req-0d4aa96c-4332-4096-8421-7ac5298e3d0b - - - - - -] Nodes from host "neutron-server-5bb664fbfb-sr5l8" and group "mechanism_driver" removed from the Hash Ring created at
2026-05-25 14:34:27+00:00
2026-05-25 14:34:27.023 7 INFO neutron.db.ovn_hash_ring_db [None req-0d4aa96c-4332-4096-8421-7ac5298e3d0b - - - - - -] Node de3567a6fc9b5e159aac72b5773b4e58 from host "neutron-server-5bb664fbfb-sr5l8" and group "mechanism_driver" added to the Hash Ring
2026-05-25 14:34:27.041 7 INFO neutron.plugins.ml2.drivers.ovn.mech_driver.mech_driver [None req-0d4aa96c-4332-4096-8421-7ac5298e3d0b - - - - - -] Hash Ring probing thread for node de3567a6fc9b5e159aac72b5773b4e58 has started
2026-05-25 14:34:27.042 7 INFO neutron.plugins.ml2.drivers.ovn.mech_driver.ovsdb.impl_idl_ovn [None req-0d4aa96c-4332-4096-8421-7ac5298e3d0b - - - - - -] Getting OvsdbNbOvnIdl for WorkerService with retry
2026-05-25 14:34:27.072 7 INFO ovsdbapp.backend.ovs_idl.vlog [None req-0d4aa96c-4332-4096-8421-7ac5298e3d0b - - - - - -] tcp:10.111.54.42:6641: connecting...
2026-05-25 14:34:27.073 7 INFO ovsdbapp.backend.ovs_idl.vlog [None req-0d4aa96c-4332-4096-8421-7ac5298e3d0b - - - - - -] tcp:10.111.54.42:6641: connected
2026-05-25 14:34:27.078 8 INFO neutron.plugins.ml2.drivers.ovn.mech_driver.ovsdb.impl_idl_ovn [None req-d1a9232f-b154-48d9-af76-c0cd77facd2a - - - - - -] Getting OvsdbSbOvnIdl for WorkerService with retry
2026-05-25 14:34:27.099 8 INFO ovsdbapp.backend.ovs_idl.vlog [None req-d1a9232f-b154-48d9-af76-c0cd77facd2a - - - - - -] tcp:10.102.11.14:6642: connecting...
2026-05-25 14:34:27.099 8 INFO ovsdbapp.backend.ovs_idl.vlog [None req-d1a9232f-b154-48d9-af76-c0cd77facd2a - - - - - -] tcp:10.102.11.14:6642: connected
2026-05-25 14:34:27.151 7 INFO neutron.plugins.ml2.drivers.ovn.mech_driver.ovsdb.impl_idl_ovn [None req-0d4aa96c-4332-4096-8421-7ac5298e3d0b - - - - - -] Getting OvsdbSbOvnIdl for WorkerService with retry
2026-05-25 14:34:27.160 8 INFO neutron.plugins.ml2.drivers.ovn.mech_driver.mech_driver [None req-d1a9232f-b154-48d9-af76-c0cd77facd2a - - - - - -] WorkerService process has finished the post initialization
2026-05-25 14:34:27.177 8 INFO ovsdbapp.backend.ovs_idl.vlog [None req-d1a9232f-b154-48d9-af76-c0cd77facd2a - - - - - -] tcp:10.111.54.42:6641: connecting...
2026-05-25 14:34:27.177 8 INFO ovsdbapp.backend.ovs_idl.vlog [None req-d1a9232f-b154-48d9-af76-c0cd77facd2a - - - - - -] tcp:10.111.54.42:6641: connected
2026-05-25 14:34:27.178 7 INFO ovsdbapp.backend.ovs_idl.vlog [None req-0d4aa96c-4332-4096-8421-7ac5298e3d0b - - - - - -] tcp:10.102.11.14:6642: connecting...
2026-05-25 14:34:27.179 7 INFO ovsdbapp.backend.ovs_idl.vlog [None req-0d4aa96c-4332-4096-8421-7ac5298e3d0b - - - - - -] tcp:10.102.11.14:6642: connected
2026-05-25 14:34:27.213 8 INFO ovsdbapp.backend.ovs_idl.vlog [None req-d1a9232f-b154-48d9-af76-c0cd77facd2a - - - - - -] tcp:10.111.54.42:6641: connecting...
2026-05-25 14:34:27.213 8 INFO ovsdbapp.backend.ovs_idl.vlog [None req-d1a9232f-b154-48d9-af76-c0cd77facd2a - - - - - -] tcp:10.111.54.42:6641: connected WSGI app 0 (mountpoint='') ready in 10 seconds on interpreter 0x7f3e919ed668 pid: 8 (default app)
2026-05-25 14:34:27.258 7 INFO neutron.plugins.ml2.drivers.ovn.mech_driver.mech_driver [None req-0d4aa96c-4332-4096-8421-7ac5298e3d0b - - - - - -] WorkerService process has finished the post initialization
2026-05-25 14:34:27.259 7 INFO neutron.plugins.ml2.drivers.ovn.mech_driver.ovsdb.extensions.qos [-] Starting OVNClientQosExtension
2026-05-25 14:34:27.260 7 INFO neutron.plugins.ml2.drivers.ovn.mech_driver.ovsdb.extensions.placement [-] Starting OVNClientPlacementExtension
2026-05-25 14:34:27.284 7 INFO ovsdbapp.backend.ovs_idl.vlog [None req-0d4aa96c-4332-4096-8421-7ac5298e3d0b - - - - - -] tcp:10.111.54.42:6641: connecting...
2026-05-25 14:34:27.285 7 INFO ovsdbapp.backend.ovs_idl.vlog [None req-0d4aa96c-4332-4096-8421-7ac5298e3d0b - - - - - -] tcp:10.111.54.42:6641: connected
2026-05-25 14:34:27.333 7 INFO ovsdbapp.backend.ovs_idl.vlog [None req-0d4aa96c-4332-4096-8421-7ac5298e3d0b - - - - - -] tcp:10.111.54.42:6641: connecting...
2026-05-25 14:34:27.334 7 INFO ovsdbapp.backend.ovs_idl.vlog [None req-0d4aa96c-4332-4096-8421-7ac5298e3d0b - - - - - -] tcp:10.111.54.42:6641: connected WSGI app 0 (mountpoint='') ready in 10 seconds on interpreter 0x7f3e919ed668 pid: 7 (default app) /var/lib/openstack/lib/python3.12/site-packages/pycadf/identifier.py:70: UserWarning: Invalid uuid: unknown. To ensure interoperability, identifiers should be a valid uuid. warnings.warn(('Invalid uuid: %s. To ensure interoperability, '
2026-05-25 14:34:30.906 7 INFO neutron.pecan_wsgi.hooks.translation [None req-3f27145c-37cb-4077-bf27-4e7ba1027179 e158ce2a603147f5bb05466fed31ecf4 a0dd3df473944c698e32cba7176337a9 - - default default] GET failed (client error): The resource could not be found. [pid: 7|app: 0|req: 1/4] 199.204.45.38 () {44 vars in 924 bytes} [Mon May 25 14:34:29 2026] GET /v2.0/networks/public => generated 108 bytes in 912 msecs (HTTP/1.1 404) 4 headers in 164 bytes (1 switches on core 0) /var/lib/openstack/lib/python3.12/site-packages/pycadf/identifier.py:70: UserWarning: Invalid uuid: unknown. To ensure interoperability, identifiers should be a valid uuid. warnings.warn(('Invalid uuid: %s. To ensure interoperability, ' [pid: 8|app: 0|req: 4/5] 199.204.45.38 () {44 vars in 946 bytes} [Mon May 25 14:34:30 2026] GET /v2.0/networks?name=public => generated 15 bytes in 405 msecs (HTTP/1.1 200) 4 headers in 156 bytes (1 switches on core 0)
2026-05-25 14:34:31.731 7 INFO neutron.db.ovn_revision_numbers_db [None req-27f59747-457f-4819-9217-4237ef9efed4 e158ce2a603147f5bb05466fed31ecf4 a0dd3df473944c698e32cba7176337a9 - - default default] Successfully bumped revision number for resource 5eacbcc2-b78e-4dea-bab9-101a21fa5bac (type: security_groups) to 1
2026-05-25 14:34:31.749 7 INFO neutron.db.ovn_revision_numbers_db [None req-27f59747-457f-4819-9217-4237ef9efed4 e158ce2a603147f5bb05466fed31ecf4 a0dd3df473944c698e32cba7176337a9 - - default default] Successfully bumped revision number for resource 1d3f8674-6a5e-4b8e-8d2f-8b40f340a8a6 (type: security_group_rules) to 0
2026-05-25 14:34:31.759 7 INFO neutron.db.ovn_revision_numbers_db [None req-27f59747-457f-4819-9217-4237ef9efed4 e158ce2a603147f5bb05466fed31ecf4 a0dd3df473944c698e32cba7176337a9 - - default default] Successfully bumped revision number for resource d1a570af-6671-4be6-b164-3683b38bcc8a (type: security_group_rules) to 0
2026-05-25 14:34:31.770 7 INFO neutron.db.ovn_revision_numbers_db [None req-27f59747-457f-4819-9217-4237ef9efed4 e158ce2a603147f5bb05466fed31ecf4 a0dd3df473944c698e32cba7176337a9 - - default default] Successfully bumped revision number for resource d5c50816-36c8-41f1-b5ba-9346de6a00ec (type: security_group_rules) to 0
2026-05-25 14:34:31.781 7 INFO neutron.db.ovn_revision_numbers_db [None req-27f59747-457f-4819-9217-4237ef9efed4 e158ce2a603147f5bb05466fed31ecf4 a0dd3df473944c698e32cba7176337a9 - - default default] Successfully bumped revision number for resource de0ba3c7-300f-402b-b406-42cc1293d2a3 (type: security_group_rules) to 0
2026-05-25 14:34:31.901 7 WARNING neutron.services.revisions.revision_plugin [None req-27f59747-457f-4819-9217-4237ef9efed4 e158ce2a603147f5bb05466fed31ecf4 a0dd3df473944c698e32cba7176337a9 - - default default] Could not find related network for resource to bump revision.
2026-05-25 14:34:31.928 7 INFO neutron.db.segments_db [None req-27f59747-457f-4819-9217-4237ef9efed4 e158ce2a603147f5bb05466fed31ecf4 a0dd3df473944c698e32cba7176337a9 - - default default] Added segment e29c32ca-0b8b-453f-9b48-58ee520e1deb of type flat for network 054e7712-ce5d-49df-af7a-b2451b6b7fbf
2026-05-25 14:34:32.093 7 INFO neutron.plugins.ml2.drivers.ovn.mech_driver.mech_driver [-] OVN reports status down for port: provnet-e29c32ca-0b8b-453f-9b48-58ee520e1deb
2026-05-25 14:34:32.161 7 INFO neutron.db.ovn_revision_numbers_db [None req-27f59747-457f-4819-9217-4237ef9efed4 e158ce2a603147f5bb05466fed31ecf4 a0dd3df473944c698e32cba7176337a9 - - default default] Successfully bumped revision number for resource 054e7712-ce5d-49df-af7a-b2451b6b7fbf (type: networks) to 1
2026-05-25 14:34:32.635 7 WARNING neutron.scheduler.dhcp_agent_scheduler [None req-27f59747-457f-4819-9217-4237ef9efed4 e158ce2a603147f5bb05466fed31ecf4 a0dd3df473944c698e32cba7176337a9 - - default default] No more DHCP agents
2026-05-25 14:34:32.637 7 WARNING neutron.api.rpc.agentnotifiers.dhcp_rpc_agent_api [None req-27f59747-457f-4819-9217-4237ef9efed4 e158ce2a603147f5bb05466fed31ecf4 a0dd3df473944c698e32cba7176337a9 - - default default] Unable to schedule network 054e7712-ce5d-49df-af7a-b2451b6b7fbf: no agents available; will retry on subsequent port and subnet creation events.
2026-05-25 14:34:32.721 7 INFO neutron.plugins.ml2.drivers.ovn.mech_driver.mech_driver [None req-45df2cd4-8c33-4856-a79f-ba401ebf25a0 - - - - - -] OVN reports status down for port: a6254ca0-f79a-472e-a483-a6a14c25ebd0
2026-05-25 14:34:32.798 7 INFO neutron.db.ovn_revision_numbers_db [None req-27f59747-457f-4819-9217-4237ef9efed4 e158ce2a603147f5bb05466fed31ecf4 a0dd3df473944c698e32cba7176337a9 - - default default] Successfully bumped revision number for resource a6254ca0-f79a-472e-a483-a6a14c25ebd0 (type: ports) to 1 [pid: 7|app: 0|req: 2/6] 199.204.45.38 () {48 vars in 964 bytes} [Mon May 25 14:34:31 2026] POST /v2.0/networks => generated 744 bytes in 1550 msecs (HTTP/1.1 201) 4 headers in 162 bytes (1 switches on core 0)
2026-05-25 14:34:34.228 8 INFO neutron.pecan_wsgi.hooks.translation [None req-881d9226-ae01-4e73-bd7a-c898f4c0aa6e e158ce2a603147f5bb05466fed31ecf4 a0dd3df473944c698e32cba7176337a9 - - default default] GET failed (client error): The resource could not be found. [pid: 8|app: 0|req: 5/7] 199.204.45.38 () {44 vars in 924 bytes} [Mon May 25 14:34:33 2026] GET /v2.0/networks/public => generated 108 bytes in 368 msecs (HTTP/1.1 404) 4 headers in 164 bytes (1 switches on core 0) [pid: 7|app: 0|req: 3/8] 199.204.45.38 () {44 vars in 946 bytes} [Mon May 25 14:34:34 2026] GET /v2.0/networks?name=public => generated 753 bytes in 41 msecs (HTTP/1.1 200) 4 headers in 157 bytes (1 switches on core 0)
2026-05-25 14:34:34.311 8 INFO neutron.pecan_wsgi.hooks.translation [None req-71d23183-71c4-4d41-a262-338090de43fa e158ce2a603147f5bb05466fed31ecf4 a0dd3df473944c698e32cba7176337a9 - - default default] GET failed (client error): The resource could not be found. [pid: 8|app: 0|req: 6/9] 199.204.45.38 () {44 vars in 1031 bytes} [Mon May 25 14:34:34 2026] GET /v2.0/subnets/public-subnet?network_id=054e7712-ce5d-49df-af7a-b2451b6b7fbf => generated 113 bytes in 27 msecs (HTTP/1.1 404) 4 headers in 164 bytes (1 switches on core 0) [pid: 7|app: 0|req: 4/10] 199.204.45.38 () {44 vars in 1054 bytes} [Mon May 25 14:34:34 2026] GET /v2.0/subnets?name=public-subnet&network_id=054e7712-ce5d-49df-af7a-b2451b6b7fbf => generated 14 bytes in 23 msecs (HTTP/1.1 200) 4 headers in 156 bytes (1 switches on core 0)
2026-05-25 14:34:34.806 8 WARNING neutron.scheduler.dhcp_agent_scheduler [None req-b118b215-fdc4-440f-ba69-5881ee463880 e158ce2a603147f5bb05466fed31ecf4 a0dd3df473944c698e32cba7176337a9 - - default default] No more DHCP agents
2026-05-25 14:34:34.808 8 WARNING neutron.api.rpc.agentnotifiers.dhcp_rpc_agent_api [None req-b118b215-fdc4-440f-ba69-5881ee463880 e158ce2a603147f5bb05466fed31ecf4 a0dd3df473944c698e32cba7176337a9 - - default default] Unable to schedule network 054e7712-ce5d-49df-af7a-b2451b6b7fbf: no agents available; will retry on subsequent port and subnet creation events.
2026-05-25 14:34:34.809 8 INFO neutron.plugins.ml2.drivers.ovn.mech_driver.ovsdb.extensions.qos [None req-b118b215-fdc4-440f-ba69-5881ee463880 e158ce2a603147f5bb05466fed31ecf4 a0dd3df473944c698e32cba7176337a9 - - default default] Starting OVNClientQosExtension
2026-05-25 14:34:34.809 8 INFO neutron.plugins.ml2.drivers.ovn.mech_driver.ovsdb.extensions.placement [None req-b118b215-fdc4-440f-ba69-5881ee463880 e158ce2a603147f5bb05466fed31ecf4 a0dd3df473944c698e32cba7176337a9 - - default default] Starting OVNClientPlacementExtension
2026-05-25 14:34:35.434 8 INFO neutron.db.ovn_revision_numbers_db [None req-b6d8f762-3865-40ff-ba88-83d8fd3f9aba - - - - - -] Successfully bumped revision number for resource a6254ca0-f79a-472e-a483-a6a14c25ebd0 (type: ports) to 2
2026-05-25 14:34:35.478 8 INFO neutron.db.ovn_revision_numbers_db [None req-b6d8f762-3865-40ff-ba88-83d8fd3f9aba - - - - - -] Successfully bumped revision number for resource 3a83fd00-3f84-4de8-93c8-2b339f26b421 (type: subnets) to 0 [pid: 8|app: 0|req: 7/11] 199.204.45.38 () {48 vars in 962 bytes} [Mon May 25 14:34:34 2026] POST /v2.0/subnets => generated 664 bytes in 1149 msecs (HTTP/1.1 201) 4 headers in 162 bytes (1 switches on core 0)
2026-05-25 14:39:30.782 7 INFO neutron.pecan_wsgi.hooks.translation [None req-d74fb730-58f2-4158-b44a-e2397082eca4 e158ce2a603147f5bb05466fed31ecf4 a0dd3df473944c698e32cba7176337a9 - - default default] GET failed (client error): The resource could not be found. [pid: 7|app: 0|req: 24/49] 199.204.45.38 () {44 vars in 934 bytes} [Mon May 25 14:39:30 2026] GET /v2.0/networks/lb-mgmt-net => generated 113 bytes in 110 msecs (HTTP/1.1 404) 4 headers in 164 bytes (1 switches on core 0) [pid: 8|app: 0|req: 26/50] 199.204.45.38 () {44 vars in 956 bytes} [Mon May 25 14:39:30 2026] GET /v2.0/networks?name=lb-mgmt-net => generated 15 bytes in 15 msecs (HTTP/1.1 200) 4 headers in 156 bytes (1 switches on core 0)
2026-05-25 14:39:30.905 7 INFO neutron.db.segments_db [None req-45d17a54-8d6a-4e03-9de3-f08f321f9629 e158ce2a603147f5bb05466fed31ecf4 a0dd3df473944c698e32cba7176337a9 - - default default] Added segment 77a701d4-9c52-4dbf-88da-1fd6981d0596 of type geneve for network 8e94e647-c6bb-4bc8-b25c-5e2fd9c3d2c1
2026-05-25 14:39:31.100 7 INFO neutron.db.ovn_revision_numbers_db [None req-45d17a54-8d6a-4e03-9de3-f08f321f9629 e158ce2a603147f5bb05466fed31ecf4 a0dd3df473944c698e32cba7176337a9 - - default default] Successfully bumped revision number for resource 8e94e647-c6bb-4bc8-b25c-5e2fd9c3d2c1 (type: networks) to 1
2026-05-25 14:39:31.252 7 WARNING neutron.scheduler.dhcp_agent_scheduler [None req-45d17a54-8d6a-4e03-9de3-f08f321f9629 e158ce2a603147f5bb05466fed31ecf4 a0dd3df473944c698e32cba7176337a9 - - default default] No more DHCP agents
2026-05-25 14:39:31.254 7 WARNING neutron.api.rpc.agentnotifiers.dhcp_rpc_agent_api [None req-45d17a54-8d6a-4e03-9de3-f08f321f9629 e158ce2a603147f5bb05466fed31ecf4 a0dd3df473944c698e32cba7176337a9 - - default default] Unable to schedule network 8e94e647-c6bb-4bc8-b25c-5e2fd9c3d2c1: no agents available; will retry on subsequent port and subnet creation events.
2026-05-25 14:39:31.348 7 INFO neutron.plugins.ml2.drivers.ovn.mech_driver.mech_driver [None req-45df2cd4-8c33-4856-a79f-ba401ebf25a0 - - - - - -] OVN reports status down for port: 8dfcfd0c-8ef0-41a5-9952-a294bd8814d0
