Apr 02 13:07:23.760046 np0000162952 systemd[1]: Starting devstack@n-api.service - Devstack devstack@n-api.service...
Apr 02 13:07:23.767740 np0000162952 devstack@n-api.service[99053]: [uWSGI] getting INI configuration from /etc/nova/nova-api-uwsgi.ini
Apr 02 13:07:23.768406 np0000162952 devstack@n-api.service[99053]: open("./http_plugin.so"): No such file or directory [core/utils.c line 3709]
Apr 02 13:07:23.768406 np0000162952 devstack@n-api.service[99053]: !!! UNABLE to load uWSGI plugin: ./http_plugin.so: cannot open shared object file: No such file or directory !!!
Apr 02 13:07:23.768406 np0000162952 devstack@n-api.service[99053]: open("./python3_plugin.so"): No such file or directory [core/utils.c line 3709]
Apr 02 13:07:23.768406 np0000162952 devstack@n-api.service[99053]: !!! UNABLE to load uWSGI plugin: ./python3_plugin.so: cannot open shared object file: No such file or directory !!!
Apr 02 13:07:23.768406 np0000162952 devstack@n-api.service[99053]: *** Starting uWSGI 2.0.31 (64bit) on [Thu Apr 2 13:07:23 2026] ***
Apr 02 13:07:23.768406 np0000162952 devstack@n-api.service[99053]: compiled with version: 13.3.0 on 02 April 2026 12:55:34
Apr 02 13:07:23.768406 np0000162952 devstack@n-api.service[99053]: os: Linux-6.8.0-107-generic #107-Ubuntu SMP PREEMPT_DYNAMIC Fri Mar 13 19:51:50 UTC 2026
Apr 02 13:07:23.768406 np0000162952 devstack@n-api.service[99053]: nodename: np0000162952
Apr 02 13:07:23.768406 np0000162952 devstack@n-api.service[99053]: machine: x86_64
Apr 02 13:07:23.768406 np0000162952 devstack@n-api.service[99053]: clock source: unix
Apr 02 13:07:23.768406 np0000162952 devstack@n-api.service[99053]: pcre jit disabled
Apr 02 13:07:23.768406 np0000162952 devstack@n-api.service[99053]: detected number of CPU cores: 16
Apr 02 13:07:23.768406 np0000162952 devstack@n-api.service[99053]: current working directory: /
Apr 02 13:07:23.768406 np0000162952 devstack@n-api.service[99053]: detected binary path: /opt/stack/data/venv/bin/uwsgi
Apr 02 13:07:23.768406 np0000162952 devstack@n-api.service[99053]: your processes number limit is 256917
Apr 02 13:07:23.768406 np0000162952 devstack@n-api.service[99053]: your memory page size is 4096 bytes
Apr 02 13:07:23.768406 np0000162952 devstack@n-api.service[99053]: detected max file descriptor number: 2048
Apr 02 13:07:23.768406 np0000162952 devstack@n-api.service[99053]: lock engine: pthread robust mutexes
Apr 02 13:07:23.768406 np0000162952 devstack@n-api.service[99053]: thunder lock: enabled
Apr 02 13:07:23.769507 np0000162952 devstack@n-api.service[99053]: uwsgi socket 0 bound to UNIX address /var/run/uwsgi/nova-api.socket fd 4
Apr 02 13:07:23.769507 np0000162952 devstack@n-api.service[99053]: Python version: 3.12.3 (main, Mar 3 2026, 12:15:18) [GCC 13.3.0]
Apr 02 13:07:23.769507 np0000162952 devstack@n-api.service[99053]: PEP 405 virtualenv detected: /opt/stack/data/venv
Apr 02 13:07:23.769507 np0000162952 devstack@n-api.service[99053]: Set PythonHome to /opt/stack/data/venv
Apr 02 13:07:23.805479 np0000162952 devstack@n-api.service[99053]: Python main interpreter initialized at 0x7dabc78a3668
Apr 02 13:07:23.805479 np0000162952 devstack@n-api.service[99053]: python threads support enabled
Apr 02 13:07:23.805479 np0000162952 devstack@n-api.service[99053]: your server socket listen backlog is limited to 100 connections
Apr 02 13:07:23.805479 np0000162952 devstack@n-api.service[99053]: your mercy for graceful operations on workers is 80 seconds
Apr 02 13:07:23.806012 np0000162952 devstack@n-api.service[99053]: mapped 671795 bytes (656 KB) for 4 cores
Apr 02 13:07:23.806162 np0000162952 devstack@n-api.service[99053]: *** Operational MODE: preforking ***
Apr 02 13:07:23.806373 np0000162952 devstack@n-api.service[99053]: *** uWSGI is running in multiple interpreter mode ***
Apr 02 13:07:23.806373 np0000162952 devstack@n-api.service[99053]: spawned uWSGI master process (pid: 99053)
Apr 02 13:07:23.806532 np0000162952 systemd[1]: Started devstack@n-api.service - Devstack devstack@n-api.service.
Apr 02 13:07:23.807006 np0000162952 devstack@n-api.service[99053]: spawned uWSGI worker 1 (pid: 99054, cores: 1)
Apr 02 13:07:23.807519 np0000162952 devstack@n-api.service[99053]: spawned uWSGI worker 2 (pid: 99055, cores: 1)
Apr 02 13:07:23.807985 np0000162952 devstack@n-api.service[99053]: spawned uWSGI worker 3 (pid: 99056, cores: 1)
Apr 02 13:07:23.808630 np0000162952 devstack@n-api.service[99053]: spawned uWSGI worker 4 (pid: 99057, cores: 1)
Apr 02 13:07:23.808630 np0000162952 devstack@n-api.service[99053]: running "unix_signal:15 gracefully_kill_them_all" (master-start)...
Apr 02 13:07:24.160444 np0000162952 devstack@n-api.service[99056]: Service is starting with native threading. This is currently experimental. Do not use it in production without first testing it in pre-production.
Apr 02 13:07:24.178645 np0000162952 devstack@n-api.service[99055]: Service is starting with native threading. This is currently experimental. Do not use it in production without first testing it in pre-production.
Apr 02 13:07:24.181838 np0000162952 devstack@n-api.service[99054]: Service is starting with native threading. This is currently experimental. Do not use it in production without first testing it in pre-production.
Apr 02 13:07:24.208100 np0000162952 devstack@n-api.service[99057]: Service is starting with native threading. This is currently experimental. Do not use it in production without first testing it in pre-production.
Apr 02 13:07:26.216379 np0000162952 devstack@n-api.service[99056]: INFO dbcounter [None req-7c018053-bc19-496a-bc29-d1fe1eb9bba2 None None] Registered counter for database nova_api
Apr 02 13:07:26.233500 np0000162952 devstack@n-api.service[99056]: DEBUG oslo_db.sqlalchemy.engines [None req-7c018053-bc19-496a-bc29-d1fe1eb9bba2 None None] MySQL server mode set to STRICT_TRANS_TABLES,STRICT_ALL_TABLES,NO_ZERO_IN_DATE,NO_ZERO_DATE,ERROR_FOR_DIVISION_BY_ZERO,TRADITIONAL,NO_ENGINE_SUBSTITUTION {{(pid=99056) _check_effective_sql_mode /opt/stack/data/venv/lib/python3.12/site-packages/oslo_db/sqlalchemy/engines.py:325}}
Apr 02 13:07:26.254592 np0000162952 devstack@n-api.service[99057]: INFO dbcounter [None req-32e8da40-3f1d-41a5-af35-b18634c150ee None None] Registered counter for database nova_api
Apr 02 13:07:26.266518 np0000162952 devstack@n-api.service[99057]: DEBUG oslo_db.sqlalchemy.engines [None req-32e8da40-3f1d-41a5-af35-b18634c150ee None None] MySQL server mode set to STRICT_TRANS_TABLES,STRICT_ALL_TABLES,NO_ZERO_IN_DATE,NO_ZERO_DATE,ERROR_FOR_DIVISION_BY_ZERO,TRADITIONAL,NO_ENGINE_SUBSTITUTION {{(pid=99057) _check_effective_sql_mode /opt/stack/data/venv/lib/python3.12/site-packages/oslo_db/sqlalchemy/engines.py:325}}
Apr 02 13:07:26.269061 np0000162952 devstack@n-api.service[99054]: INFO dbcounter [None req-e11926a7-0185-4780-b0c1-1c82f4cc8ebb None None] Registered counter for database nova_api
Apr 02 13:07:26.271674 np0000162952 devstack@n-api.service[99056]: DEBUG dbcounter [-] [99056] Writer thread running {{(pid=99056) stat_writer /opt/stack/data/venv/lib/python3.12/site-packages/dbcounter.py:102}}
Apr 02 13:07:26.274700 np0000162952 devstack@n-api.service[99056]: DEBUG nova.context [None req-7c018053-bc19-496a-bc29-d1fe1eb9bba2 None None] Found 2 cells: 00000000-0000-0000-0000-000000000000(cell0),9fe13e8d-9eac-49fd-851f-0da5ba2b8e06(cell1) {{(pid=99056) load_cells /opt/stack/nova/nova/context.py:509}}
Apr 02 13:07:26.274962 np0000162952 devstack@n-api.service[99056]: INFO nova.utils [None req-7c018053-bc19-496a-bc29-d1fe1eb9bba2 None None] The cell worker thread pool MainProcess.cell_worker is initialized
Apr 02 13:07:26.276942 np0000162952 devstack@n-api.service[99056]: DEBUG oslo_concurrency.lockutils [None req-7c018053-bc19-496a-bc29-d1fe1eb9bba2 None None] Acquiring lock "00000000-0000-0000-0000-000000000000" by "nova.context.set_target_cell..get_or_set_cached_cell_and_set_connections" {{(pid=99056) inner /opt/stack/data/venv/lib/python3.12/site-packages/oslo_concurrency/lockutils.py:506}}
Apr 02 13:07:26.277102 np0000162952 devstack@n-api.service[99056]: DEBUG oslo_concurrency.lockutils [None req-7c018053-bc19-496a-bc29-d1fe1eb9bba2 None None] Lock "00000000-0000-0000-0000-000000000000" acquired by "nova.context.set_target_cell..get_or_set_cached_cell_and_set_connections" :: waited 0.000s {{(pid=99056) inner /opt/stack/data/venv/lib/python3.12/site-packages/oslo_concurrency/lockutils.py:519}}
Apr 02 13:07:26.277541 np0000162952 devstack@n-api.service[99056]: DEBUG oslo_concurrency.lockutils [None req-7c018053-bc19-496a-bc29-d1fe1eb9bba2 None None] Lock "00000000-0000-0000-0000-000000000000" "released" by "nova.context.set_target_cell..get_or_set_cached_cell_and_set_connections" :: held 0.000s {{(pid=99056) inner /opt/stack/data/venv/lib/python3.12/site-packages/oslo_concurrency/lockutils.py:538}}
Apr 02 13:07:26.278286 np0000162952 devstack@n-api.service[99056]: DEBUG oslo_concurrency.lockutils [None req-7c018053-bc19-496a-bc29-d1fe1eb9bba2 None None] Acquiring lock "9fe13e8d-9eac-49fd-851f-0da5ba2b8e06" by "nova.context.set_target_cell..get_or_set_cached_cell_and_set_connections" {{(pid=99056) inner /opt/stack/data/venv/lib/python3.12/site-packages/oslo_concurrency/lockutils.py:506}}
Apr 02 13:07:26.278411 np0000162952 devstack@n-api.service[99056]: DEBUG oslo_concurrency.lockutils [None req-7c018053-bc19-496a-bc29-d1fe1eb9bba2 None None] Lock "9fe13e8d-9eac-49fd-851f-0da5ba2b8e06" acquired by "nova.context.set_target_cell..get_or_set_cached_cell_and_set_connections" :: waited 0.000s {{(pid=99056) inner /opt/stack/data/venv/lib/python3.12/site-packages/oslo_concurrency/lockutils.py:519}}
Apr 02 13:07:26.279300 np0000162952 devstack@n-api.service[99056]: DEBUG oslo_concurrency.lockutils [None req-7c018053-bc19-496a-bc29-d1fe1eb9bba2 None None] Lock "9fe13e8d-9eac-49fd-851f-0da5ba2b8e06" "released" by "nova.context.set_target_cell..get_or_set_cached_cell_and_set_connections" :: held 0.001s {{(pid=99056) inner /opt/stack/data/venv/lib/python3.12/site-packages/oslo_concurrency/lockutils.py:538}}
Apr 02 13:07:26.282339 np0000162952 devstack@n-api.service[99056]: INFO dbcounter [None req-7c018053-bc19-496a-bc29-d1fe1eb9bba2 None None] Registered counter for database nova_cell0
Apr 02 13:07:26.284067 np0000162952 devstack@n-api.service[99054]: DEBUG oslo_db.sqlalchemy.engines [None req-e11926a7-0185-4780-b0c1-1c82f4cc8ebb None None] MySQL server mode set to STRICT_TRANS_TABLES,STRICT_ALL_TABLES,NO_ZERO_IN_DATE,NO_ZERO_DATE,ERROR_FOR_DIVISION_BY_ZERO,TRADITIONAL,NO_ENGINE_SUBSTITUTION {{(pid=99054) _check_effective_sql_mode /opt/stack/data/venv/lib/python3.12/site-packages/oslo_db/sqlalchemy/engines.py:325}}
Apr 02 13:07:26.287723 np0000162952 devstack@n-api.service[99056]: INFO dbcounter [None req-7c018053-bc19-496a-bc29-d1fe1eb9bba2 None None] Registered counter for database nova_cell1
Apr 02 13:07:26.297050 np0000162952 devstack@n-api.service[99056]: DEBUG oslo_db.sqlalchemy.engines [None req-7c018053-bc19-496a-bc29-d1fe1eb9bba2 None None] MySQL server mode set to STRICT_TRANS_TABLES,STRICT_ALL_TABLES,NO_ZERO_IN_DATE,NO_ZERO_DATE,ERROR_FOR_DIVISION_BY_ZERO,TRADITIONAL,NO_ENGINE_SUBSTITUTION {{(pid=99056) _check_effective_sql_mode /opt/stack/data/venv/lib/python3.12/site-packages/oslo_db/sqlalchemy/engines.py:325}}
Apr 02 13:07:26.297463 np0000162952 devstack@n-api.service[99055]: INFO dbcounter [None req-952c49b1-42ca-4221-a3ee-7de4d043c45b None None] Registered counter for database nova_api
Apr 02 13:07:26.301489 np0000162952 devstack@n-api.service[99057]: DEBUG dbcounter [-] [99057] Writer thread running {{(pid=99057) stat_writer /opt/stack/data/venv/lib/python3.12/site-packages/dbcounter.py:102}}
Apr 02 13:07:26.303744 np0000162952 devstack@n-api.service[99057]: DEBUG nova.context [None req-32e8da40-3f1d-41a5-af35-b18634c150ee None None] Found 2 cells: 00000000-0000-0000-0000-000000000000(cell0),9fe13e8d-9eac-49fd-851f-0da5ba2b8e06(cell1) {{(pid=99057) load_cells /opt/stack/nova/nova/context.py:509}}
Apr 02 13:07:26.303986 np0000162952 devstack@n-api.service[99057]: INFO nova.utils [None req-32e8da40-3f1d-41a5-af35-b18634c150ee None None] The cell worker thread pool MainProcess.cell_worker is initialized
Apr 02 13:07:26.305734 np0000162952 devstack@n-api.service[99057]: DEBUG oslo_concurrency.lockutils [None req-32e8da40-3f1d-41a5-af35-b18634c150ee None None] Acquiring lock "00000000-0000-0000-0000-000000000000" by "nova.context.set_target_cell..get_or_set_cached_cell_and_set_connections" {{(pid=99057) inner /opt/stack/data/venv/lib/python3.12/site-packages/oslo_concurrency/lockutils.py:506}}
Apr 02 13:07:26.305958 np0000162952 devstack@n-api.service[99057]: DEBUG oslo_concurrency.lockutils [None req-32e8da40-3f1d-41a5-af35-b18634c150ee None None] Lock "00000000-0000-0000-0000-000000000000" acquired by "nova.context.set_target_cell..get_or_set_cached_cell_and_set_connections" :: waited 0.000s {{(pid=99057) inner /opt/stack/data/venv/lib/python3.12/site-packages/oslo_concurrency/lockutils.py:519}}
Apr 02 13:07:26.306360 np0000162952 devstack@n-api.service[99057]: DEBUG oslo_concurrency.lockutils [None req-32e8da40-3f1d-41a5-af35-b18634c150ee None None] Lock "00000000-0000-0000-0000-000000000000" "released" by "nova.context.set_target_cell..get_or_set_cached_cell_and_set_connections" :: held 0.000s {{(pid=99057) inner /opt/stack/data/venv/lib/python3.12/site-packages/oslo_concurrency/lockutils.py:538}}
Apr 02 13:07:26.307099 np0000162952 devstack@n-api.service[99057]: DEBUG oslo_concurrency.lockutils [None req-32e8da40-3f1d-41a5-af35-b18634c150ee None None] Acquiring lock "9fe13e8d-9eac-49fd-851f-0da5ba2b8e06" by "nova.context.set_target_cell..get_or_set_cached_cell_and_set_connections" {{(pid=99057) inner /opt/stack/data/venv/lib/python3.12/site-packages/oslo_concurrency/lockutils.py:506}}
Apr 02 13:07:26.307258 np0000162952 devstack@n-api.service[99057]: DEBUG oslo_concurrency.lockutils [None req-32e8da40-3f1d-41a5-af35-b18634c150ee None None] Lock "9fe13e8d-9eac-49fd-851f-0da5ba2b8e06" acquired by "nova.context.set_target_cell..get_or_set_cached_cell_and_set_connections" :: waited 0.000s {{(pid=99057) inner /opt/stack/data/venv/lib/python3.12/site-packages/oslo_concurrency/lockutils.py:519}}
Apr 02 13:07:26.308152 np0000162952 devstack@n-api.service[99057]: DEBUG oslo_concurrency.lockutils [None req-32e8da40-3f1d-41a5-af35-b18634c150ee None None] Lock "9fe13e8d-9eac-49fd-851f-0da5ba2b8e06" "released" by "nova.context.set_target_cell..get_or_set_cached_cell_and_set_connections" :: held 0.001s {{(pid=99057) inner /opt/stack/data/venv/lib/python3.12/site-packages/oslo_concurrency/lockutils.py:538}}
Apr 02 13:07:26.309005 np0000162952 devstack@n-api.service[99056]: DEBUG oslo_db.sqlalchemy.engines [None req-7c018053-bc19-496a-bc29-d1fe1eb9bba2 None None] MySQL server mode set to STRICT_TRANS_TABLES,STRICT_ALL_TABLES,NO_ZERO_IN_DATE,NO_ZERO_DATE,ERROR_FOR_DIVISION_BY_ZERO,TRADITIONAL,NO_ENGINE_SUBSTITUTION {{(pid=99056) _check_effective_sql_mode /opt/stack/data/venv/lib/python3.12/site-packages/oslo_db/sqlalchemy/engines.py:325}}
Apr 02 13:07:26.311496 np0000162952 devstack@n-api.service[99057]: INFO dbcounter [None req-32e8da40-3f1d-41a5-af35-b18634c150ee None None] Registered counter for database nova_cell0
Apr 02 13:07:26.315998 np0000162952 devstack@n-api.service[99055]: DEBUG oslo_db.sqlalchemy.engines [None req-952c49b1-42ca-4221-a3ee-7de4d043c45b None None] MySQL server mode set to STRICT_TRANS_TABLES,STRICT_ALL_TABLES,NO_ZERO_IN_DATE,NO_ZERO_DATE,ERROR_FOR_DIVISION_BY_ZERO,TRADITIONAL,NO_ENGINE_SUBSTITUTION {{(pid=99055) _check_effective_sql_mode /opt/stack/data/venv/lib/python3.12/site-packages/oslo_db/sqlalchemy/engines.py:325}}
Apr 02 13:07:26.317548 np0000162952 devstack@n-api.service[99057]: INFO dbcounter [None req-32e8da40-3f1d-41a5-af35-b18634c150ee None None] Registered counter for database nova_cell1
Apr 02 13:07:26.322024 np0000162952 devstack@n-api.service[99054]: DEBUG dbcounter [-] [99054] Writer thread running {{(pid=99054) stat_writer /opt/stack/data/venv/lib/python3.12/site-packages/dbcounter.py:102}}
Apr 02 13:07:26.324756 np0000162952 devstack@n-api.service[99054]: DEBUG nova.context [None req-e11926a7-0185-4780-b0c1-1c82f4cc8ebb None None] Found 2 cells: 00000000-0000-0000-0000-000000000000(cell0),9fe13e8d-9eac-49fd-851f-0da5ba2b8e06(cell1) {{(pid=99054) load_cells /opt/stack/nova/nova/context.py:509}}
Apr 02 13:07:26.325011 np0000162952 devstack@n-api.service[99054]: INFO nova.utils [None req-e11926a7-0185-4780-b0c1-1c82f4cc8ebb None None] The cell worker thread pool MainProcess.cell_worker is initialized
Apr 02 13:07:26.326958 np0000162952 devstack@n-api.service[99054]: DEBUG oslo_concurrency.lockutils [None req-e11926a7-0185-4780-b0c1-1c82f4cc8ebb None None] Acquiring lock "00000000-0000-0000-0000-000000000000" by "nova.context.set_target_cell..get_or_set_cached_cell_and_set_connections" {{(pid=99054) inner /opt/stack/data/venv/lib/python3.12/site-packages/oslo_concurrency/lockutils.py:506}}
Apr 02 13:07:26.327156 np0000162952 devstack@n-api.service[99054]: DEBUG oslo_concurrency.lockutils [None req-e11926a7-0185-4780-b0c1-1c82f4cc8ebb None None] Lock "00000000-0000-0000-0000-000000000000" acquired by "nova.context.set_target_cell..get_or_set_cached_cell_and_set_connections" :: waited 0.000s {{(pid=99054) inner /opt/stack/data/venv/lib/python3.12/site-packages/oslo_concurrency/lockutils.py:519}}
Apr 02 13:07:26.327495 np0000162952 devstack@n-api.service[99054]: DEBUG oslo_concurrency.lockutils [None req-e11926a7-0185-4780-b0c1-1c82f4cc8ebb None None] Lock "00000000-0000-0000-0000-000000000000" "released" by "nova.context.set_target_cell..get_or_set_cached_cell_and_set_connections" :: held 0.000s {{(pid=99054) inner /opt/stack/data/venv/lib/python3.12/site-packages/oslo_concurrency/lockutils.py:538}}
Apr 02 13:07:26.327584 np0000162952 devstack@n-api.service[99057]: DEBUG oslo_db.sqlalchemy.engines [None req-32e8da40-3f1d-41a5-af35-b18634c150ee None None] MySQL server mode set to STRICT_TRANS_TABLES,STRICT_ALL_TABLES,NO_ZERO_IN_DATE,NO_ZERO_DATE,ERROR_FOR_DIVISION_BY_ZERO,TRADITIONAL,NO_ENGINE_SUBSTITUTION {{(pid=99057) _check_effective_sql_mode /opt/stack/data/venv/lib/python3.12/site-packages/oslo_db/sqlalchemy/engines.py:325}}
Apr 02 13:07:26.328424 np0000162952 devstack@n-api.service[99054]: DEBUG oslo_concurrency.lockutils [None req-e11926a7-0185-4780-b0c1-1c82f4cc8ebb None None] Acquiring lock "9fe13e8d-9eac-49fd-851f-0da5ba2b8e06" by "nova.context.set_target_cell..get_or_set_cached_cell_and_set_connections" {{(pid=99054) inner /opt/stack/data/venv/lib/python3.12/site-packages/oslo_concurrency/lockutils.py:506}}
Apr 02 13:07:26.328543 np0000162952 devstack@n-api.service[99054]: DEBUG oslo_concurrency.lockutils [None req-e11926a7-0185-4780-b0c1-1c82f4cc8ebb None None] Lock "9fe13e8d-9eac-49fd-851f-0da5ba2b8e06" acquired by "nova.context.set_target_cell..get_or_set_cached_cell_and_set_connections" :: waited 0.000s {{(pid=99054) inner /opt/stack/data/venv/lib/python3.12/site-packages/oslo_concurrency/lockutils.py:519}}
Apr 02 13:07:26.329504 np0000162952 devstack@n-api.service[99054]: DEBUG oslo_concurrency.lockutils [None req-e11926a7-0185-4780-b0c1-1c82f4cc8ebb None None] Lock "9fe13e8d-9eac-49fd-851f-0da5ba2b8e06" "released" by "nova.context.set_target_cell..get_or_set_cached_cell_and_set_connections" :: held 0.001s {{(pid=99054) inner /opt/stack/data/venv/lib/python3.12/site-packages/oslo_concurrency/lockutils.py:538}}
Apr 02 13:07:26.332364 np0000162952 devstack@n-api.service[99054]: INFO dbcounter [None req-e11926a7-0185-4780-b0c1-1c82f4cc8ebb None None] Registered counter for database nova_cell0
Apr 02 13:07:26.333771 np0000162952 devstack@n-api.service[99057]: DEBUG oslo_db.sqlalchemy.engines [None req-32e8da40-3f1d-41a5-af35-b18634c150ee None None] MySQL server mode set to STRICT_TRANS_TABLES,STRICT_ALL_TABLES,NO_ZERO_IN_DATE,NO_ZERO_DATE,ERROR_FOR_DIVISION_BY_ZERO,TRADITIONAL,NO_ENGINE_SUBSTITUTION {{(pid=99057) _check_effective_sql_mode /opt/stack/data/venv/lib/python3.12/site-packages/oslo_db/sqlalchemy/engines.py:325}}
Apr 02 13:07:26.337291 np0000162952 devstack@n-api.service[99054]: INFO dbcounter [None req-e11926a7-0185-4780-b0c1-1c82f4cc8ebb None None] Registered counter for database nova_cell1
Apr 02 13:07:26.348454 np0000162952 devstack@n-api.service[99054]: DEBUG oslo_db.sqlalchemy.engines [None req-e11926a7-0185-4780-b0c1-1c82f4cc8ebb None None] MySQL server mode set to STRICT_TRANS_TABLES,STRICT_ALL_TABLES,NO_ZERO_IN_DATE,NO_ZERO_DATE,ERROR_FOR_DIVISION_BY_ZERO,TRADITIONAL,NO_ENGINE_SUBSTITUTION {{(pid=99054) _check_effective_sql_mode /opt/stack/data/venv/lib/python3.12/site-packages/oslo_db/sqlalchemy/engines.py:325}}
Apr 02 13:07:26.359196 np0000162952 devstack@n-api.service[99055]: DEBUG dbcounter [-] [99055] Writer thread running {{(pid=99055) stat_writer /opt/stack/data/venv/lib/python3.12/site-packages/dbcounter.py:102}}
Apr 02 13:07:26.362381 np0000162952 devstack@n-api.service[99055]: DEBUG nova.context [None req-952c49b1-42ca-4221-a3ee-7de4d043c45b None None] Found 2 cells: 00000000-0000-0000-0000-000000000000(cell0),9fe13e8d-9eac-49fd-851f-0da5ba2b8e06(cell1) {{(pid=99055) load_cells /opt/stack/nova/nova/context.py:509}}
Apr 02 13:07:26.362742 np0000162952 devstack@n-api.service[99055]: INFO nova.utils [None req-952c49b1-42ca-4221-a3ee-7de4d043c45b None None] The cell worker thread pool MainProcess.cell_worker is initialized
Apr 02 13:07:26.365251 np0000162952 devstack@n-api.service[99054]: DEBUG oslo_db.sqlalchemy.engines [None req-e11926a7-0185-4780-b0c1-1c82f4cc8ebb None None] MySQL server mode set to STRICT_TRANS_TABLES,STRICT_ALL_TABLES,NO_ZERO_IN_DATE,NO_ZERO_DATE,ERROR_FOR_DIVISION_BY_ZERO,TRADITIONAL,NO_ENGINE_SUBSTITUTION {{(pid=99054) _check_effective_sql_mode /opt/stack/data/venv/lib/python3.12/site-packages/oslo_db/sqlalchemy/engines.py:325}}
Apr 02 13:07:26.365353 np0000162952 devstack@n-api.service[99055]: DEBUG oslo_concurrency.lockutils [None req-952c49b1-42ca-4221-a3ee-7de4d043c45b None None] Acquiring lock "00000000-0000-0000-0000-000000000000" by "nova.context.set_target_cell..get_or_set_cached_cell_and_set_connections" {{(pid=99055) inner /opt/stack/data/venv/lib/python3.12/site-packages/oslo_concurrency/lockutils.py:506}}
Apr 02 13:07:26.365429 np0000162952 devstack@n-api.service[99055]: DEBUG oslo_concurrency.lockutils [None req-952c49b1-42ca-4221-a3ee-7de4d043c45b None None] Lock "00000000-0000-0000-0000-000000000000" acquired by "nova.context.set_target_cell..get_or_set_cached_cell_and_set_connections" :: waited 0.000s {{(pid=99055) inner /opt/stack/data/venv/lib/python3.12/site-packages/oslo_concurrency/lockutils.py:519}}
Apr 02 13:07:26.366018 np0000162952 devstack@n-api.service[99055]: DEBUG oslo_concurrency.lockutils [None req-952c49b1-42ca-4221-a3ee-7de4d043c45b None None] Lock "00000000-0000-0000-0000-000000000000" "released" by "nova.context.set_target_cell..get_or_set_cached_cell_and_set_connections" :: held 0.000s {{(pid=99055) inner /opt/stack/data/venv/lib/python3.12/site-packages/oslo_concurrency/lockutils.py:538}}
Apr 02 13:07:26.367015 np0000162952 devstack@n-api.service[99055]: DEBUG oslo_concurrency.lockutils [None req-952c49b1-42ca-4221-a3ee-7de4d043c45b None None] Acquiring lock "9fe13e8d-9eac-49fd-851f-0da5ba2b8e06" by "nova.context.set_target_cell..get_or_set_cached_cell_and_set_connections" {{(pid=99055) inner /opt/stack/data/venv/lib/python3.12/site-packages/oslo_concurrency/lockutils.py:506}}
Apr 02 13:07:26.367237 np0000162952 devstack@n-api.service[99055]: DEBUG oslo_concurrency.lockutils [None req-952c49b1-42ca-4221-a3ee-7de4d043c45b None None] Lock "9fe13e8d-9eac-49fd-851f-0da5ba2b8e06" acquired by "nova.context.set_target_cell..get_or_set_cached_cell_and_set_connections" :: waited 0.000s {{(pid=99055) inner /opt/stack/data/venv/lib/python3.12/site-packages/oslo_concurrency/lockutils.py:519}}
Apr 02 13:07:26.368497 np0000162952 devstack@n-api.service[99055]: DEBUG oslo_concurrency.lockutils [None req-952c49b1-42ca-4221-a3ee-7de4d043c45b None None] Lock "9fe13e8d-9eac-49fd-851f-0da5ba2b8e06" "released" by "nova.context.set_target_cell..get_or_set_cached_cell_and_set_connections" :: held 0.001s {{(pid=99055) inner /opt/stack/data/venv/lib/python3.12/site-packages/oslo_concurrency/lockutils.py:538}}
Apr 02 13:07:26.371662 np0000162952 devstack@n-api.service[99055]: INFO dbcounter [None req-952c49b1-42ca-4221-a3ee-7de4d043c45b None None] Registered counter for database nova_cell0
Apr 02 13:07:26.378721 np0000162952 devstack@n-api.service[99055]: INFO dbcounter [None req-952c49b1-42ca-4221-a3ee-7de4d043c45b None None] Registered counter for database nova_cell1
Apr 02 13:07:26.389157 np0000162952 devstack@n-api.service[99055]: DEBUG oslo_db.sqlalchemy.engines [None req-952c49b1-42ca-4221-a3ee-7de4d043c45b None None] MySQL server mode set to STRICT_TRANS_TABLES,STRICT_ALL_TABLES,NO_ZERO_IN_DATE,NO_ZERO_DATE,ERROR_FOR_DIVISION_BY_ZERO,TRADITIONAL,NO_ENGINE_SUBSTITUTION {{(pid=99055) _check_effective_sql_mode /opt/stack/data/venv/lib/python3.12/site-packages/oslo_db/sqlalchemy/engines.py:325}}
Apr 02 13:07:26.392366 np0000162952 devstack@n-api.service[99055]: DEBUG oslo_db.sqlalchemy.engines [None req-952c49b1-42ca-4221-a3ee-7de4d043c45b None None] MySQL server mode set to STRICT_TRANS_TABLES,STRICT_ALL_TABLES,NO_ZERO_IN_DATE,NO_ZERO_DATE,ERROR_FOR_DIVISION_BY_ZERO,TRADITIONAL,NO_ENGINE_SUBSTITUTION {{(pid=99055) _check_effective_sql_mode /opt/stack/data/venv/lib/python3.12/site-packages/oslo_db/sqlalchemy/engines.py:325}}
Apr 02 13:07:26.395640 np0000162952 devstack@n-api.service[99056]: DEBUG dbcounter [-] [99056] Writer thread running {{(pid=99056) stat_writer /opt/stack/data/venv/lib/python3.12/site-packages/dbcounter.py:102}}
Apr 02 13:07:26.401754 np0000162952 devstack@n-api.service[99056]: DEBUG dbcounter [-] [99056] Writer thread running {{(pid=99056) stat_writer /opt/stack/data/venv/lib/python3.12/site-packages/dbcounter.py:102}}
Apr 02 13:07:26.407256 np0000162952 devstack@n-api.service[99056]: INFO dbcounter [None req-7c018053-bc19-496a-bc29-d1fe1eb9bba2 None None] Registered counter for database nova_cell0
Apr 02 13:07:26.418180 np0000162952 devstack@n-api.service[99056]: DEBUG oslo_db.sqlalchemy.engines [None req-7c018053-bc19-496a-bc29-d1fe1eb9bba2 None None] MySQL server mode set to STRICT_TRANS_TABLES,STRICT_ALL_TABLES,NO_ZERO_IN_DATE,NO_ZERO_DATE,ERROR_FOR_DIVISION_BY_ZERO,TRADITIONAL,NO_ENGINE_SUBSTITUTION {{(pid=99056) _check_effective_sql_mode /opt/stack/data/venv/lib/python3.12/site-packages/oslo_db/sqlalchemy/engines.py:325}}
Apr 02 13:07:26.425463 np0000162952 devstack@n-api.service[99056]: DEBUG dbcounter [-] [99056] Writer thread running {{(pid=99056) stat_writer /opt/stack/data/venv/lib/python3.12/site-packages/dbcounter.py:102}}
Apr 02 13:07:26.430722 np0000162952 devstack@n-api.service[99057]: DEBUG dbcounter [-] [99057] Writer thread running {{(pid=99057) stat_writer /opt/stack/data/venv/lib/python3.12/site-packages/dbcounter.py:102}}
Apr 02 13:07:26.431200 np0000162952 devstack@n-api.service[99057]: DEBUG dbcounter [-] [99057] Writer thread running {{(pid=99057) stat_writer /opt/stack/data/venv/lib/python3.12/site-packages/dbcounter.py:102}}
Apr 02 13:07:26.449198 np0000162952 devstack@n-api.service[99054]: DEBUG dbcounter [-] [99054] Writer thread running {{(pid=99054) stat_writer /opt/stack/data/venv/lib/python3.12/site-packages/dbcounter.py:102}}
Apr 02 13:07:26.457018 np0000162952 devstack@n-api.service[99054]: DEBUG dbcounter [-] [99054] Writer thread running {{(pid=99054) stat_writer /opt/stack/data/venv/lib/python3.12/site-packages/dbcounter.py:102}}
Apr 02 13:07:26.494675 np0000162952 devstack@n-api.service[99055]: DEBUG dbcounter [-] [99055] Writer thread running {{(pid=99055) stat_writer /opt/stack/data/venv/lib/python3.12/site-packages/dbcounter.py:102}}
Apr 02 13:07:26.495175 np0000162952 devstack@n-api.service[99055]: DEBUG dbcounter [-] [99055] Writer thread running {{(pid=99055) stat_writer /opt/stack/data/venv/lib/python3.12/site-packages/dbcounter.py:102}}
Apr 02 13:07:26.516651 np0000162952 devstack@n-api.service[99057]: INFO dbcounter [None req-32e8da40-3f1d-41a5-af35-b18634c150ee None None] Registered counter for database nova_cell0
Apr 02 13:07:26.516902 np0000162952 devstack@n-api.service[99054]: INFO dbcounter [None req-e11926a7-0185-4780-b0c1-1c82f4cc8ebb None None] Registered counter for database nova_cell0
Apr 02 13:07:26.517745 np0000162952 devstack@n-api.service[99055]: INFO dbcounter [None req-952c49b1-42ca-4221-a3ee-7de4d043c45b None None] Registered counter for database nova_cell0
Apr 02 13:07:26.528556 np0000162952 devstack@n-api.service[99057]: DEBUG oslo_db.sqlalchemy.engines [None req-32e8da40-3f1d-41a5-af35-b18634c150ee None None] MySQL server mode set to STRICT_TRANS_TABLES,STRICT_ALL_TABLES,NO_ZERO_IN_DATE,NO_ZERO_DATE,ERROR_FOR_DIVISION_BY_ZERO,TRADITIONAL,NO_ENGINE_SUBSTITUTION {{(pid=99057) _check_effective_sql_mode /opt/stack/data/venv/lib/python3.12/site-packages/oslo_db/sqlalchemy/engines.py:325}}
Apr 02 13:07:26.532695 np0000162952 devstack@n-api.service[99055]: DEBUG oslo_db.sqlalchemy.engines [None req-952c49b1-42ca-4221-a3ee-7de4d043c45b None None] MySQL server mode set to STRICT_TRANS_TABLES,STRICT_ALL_TABLES,NO_ZERO_IN_DATE,NO_ZERO_DATE,ERROR_FOR_DIVISION_BY_ZERO,TRADITIONAL,NO_ENGINE_SUBSTITUTION {{(pid=99055) _check_effective_sql_mode /opt/stack/data/venv/lib/python3.12/site-packages/oslo_db/sqlalchemy/engines.py:325}}
Apr 02 13:07:26.534684 np0000162952 devstack@n-api.service[99054]: DEBUG oslo_db.sqlalchemy.engines [None req-e11926a7-0185-4780-b0c1-1c82f4cc8ebb None None] MySQL server mode set to STRICT_TRANS_TABLES,STRICT_ALL_TABLES,NO_ZERO_IN_DATE,NO_ZERO_DATE,ERROR_FOR_DIVISION_BY_ZERO,TRADITIONAL,NO_ENGINE_SUBSTITUTION {{(pid=99054) _check_effective_sql_mode /opt/stack/data/venv/lib/python3.12/site-packages/oslo_db/sqlalchemy/engines.py:325}}
Apr 02 13:07:26.538350 np0000162952 devstack@n-api.service[99057]: DEBUG dbcounter [-] [99057] Writer thread running {{(pid=99057) stat_writer /opt/stack/data/venv/lib/python3.12/site-packages/dbcounter.py:102}}
Apr 02 13:07:26.544741 np0000162952 devstack@n-api.service[99055]: DEBUG dbcounter [-] [99055] Writer thread running {{(pid=99055) stat_writer /opt/stack/data/venv/lib/python3.12/site-packages/dbcounter.py:102}}
Apr 02 13:07:26.545608 np0000162952 devstack@n-api.service[99054]: DEBUG dbcounter [-] [99054] Writer thread running {{(pid=99054) stat_writer /opt/stack/data/venv/lib/python3.12/site-packages/dbcounter.py:102}}
Apr 02 13:07:26.824919 np0000162952 devstack@n-api.service[99056]: DEBUG oslo_concurrency.processutils [None req-7c018053-bc19-496a-bc29-d1fe1eb9bba2 None None] Running cmd (subprocess): grep -F node.session.scan /sbin/iscsiadm {{(pid=99056) execute /opt/stack/data/venv/lib/python3.12/site-packages/oslo_concurrency/processutils.py:440}}
Apr 02 13:07:26.846873 np0000162952 devstack@n-api.service[99056]: DEBUG oslo_concurrency.processutils [None req-7c018053-bc19-496a-bc29-d1fe1eb9bba2 None None] CMD "grep -F node.session.scan /sbin/iscsiadm" returned: 0 in 0.022s {{(pid=99056) execute /opt/stack/data/venv/lib/python3.12/site-packages/oslo_concurrency/processutils.py:468}}
Apr 02 13:07:26.901966 np0000162952 devstack@n-api.service[99057]: DEBUG oslo_concurrency.processutils [None req-32e8da40-3f1d-41a5-af35-b18634c150ee None None] Running cmd (subprocess): grep -F node.session.scan /sbin/iscsiadm {{(pid=99057) execute /opt/stack/data/venv/lib/python3.12/site-packages/oslo_concurrency/processutils.py:440}}
Apr 02 13:07:26.908307 np0000162952 devstack@n-api.service[99055]: DEBUG oslo_concurrency.processutils [None req-952c49b1-42ca-4221-a3ee-7de4d043c45b None None] Running cmd (subprocess): grep -F node.session.scan /sbin/iscsiadm {{(pid=99055) execute /opt/stack/data/venv/lib/python3.12/site-packages/oslo_concurrency/processutils.py:440}}
Apr 02 13:07:26.918747 np0000162952 devstack@n-api.service[99054]: DEBUG oslo_concurrency.processutils [None req-e11926a7-0185-4780-b0c1-1c82f4cc8ebb None None] Running cmd (subprocess): grep -F node.session.scan /sbin/iscsiadm {{(pid=99054) execute /opt/stack/data/venv/lib/python3.12/site-packages/oslo_concurrency/processutils.py:440}}
Apr 02 13:07:26.920967 np0000162952 devstack@n-api.service[99057]: DEBUG oslo_concurrency.processutils [None req-32e8da40-3f1d-41a5-af35-b18634c150ee None None] CMD "grep -F node.session.scan /sbin/iscsiadm" returned: 0 in 0.019s {{(pid=99057) execute /opt/stack/data/venv/lib/python3.12/site-packages/oslo_concurrency/processutils.py:468}}
Apr 02 13:07:26.927555 np0000162952 devstack@n-api.service[99055]: DEBUG oslo_concurrency.processutils [None req-952c49b1-42ca-4221-a3ee-7de4d043c45b None None] CMD "grep -F node.session.scan /sbin/iscsiadm" returned: 0 in 0.019s {{(pid=99055) execute /opt/stack/data/venv/lib/python3.12/site-packages/oslo_concurrency/processutils.py:468}}
Apr 02 13:07:26.934455 np0000162952 devstack@n-api.service[99054]: DEBUG oslo_concurrency.processutils [None req-e11926a7-0185-4780-b0c1-1c82f4cc8ebb None None] CMD "grep -F node.session.scan /sbin/iscsiadm" returned: 0 in 0.016s {{(pid=99054) execute /opt/stack/data/venv/lib/python3.12/site-packages/oslo_concurrency/processutils.py:468}}
Apr 02 13:07:27.785066 np0000162952 devstack@n-api.service[99055]: WARNING keystonemiddleware.auth_token [None req-952c49b1-42ca-4221-a3ee-7de4d043c45b None None] AuthToken middleware is set with keystone_authtoken.service_token_roles_required set to False. This is backwards compatible but deprecated behaviour. Please set this to True.
Apr 02 13:07:27.788577 np0000162952 devstack@n-api.service[99054]: WARNING keystonemiddleware.auth_token [None req-e11926a7-0185-4780-b0c1-1c82f4cc8ebb None None] AuthToken middleware is set with keystone_authtoken.service_token_roles_required set to False. This is backwards compatible but deprecated behaviour. Please set this to True.
Apr 02 13:07:27.792532 np0000162952 devstack@n-api.service[99057]: WARNING keystonemiddleware.auth_token [None req-32e8da40-3f1d-41a5-af35-b18634c150ee None None] AuthToken middleware is set with keystone_authtoken.service_token_roles_required set to False. This is backwards compatible but deprecated behaviour. Please set this to True.
Apr 02 13:07:27.799455 np0000162952 devstack@n-api.service[99056]: WARNING keystonemiddleware.auth_token [None req-7c018053-bc19-496a-bc29-d1fe1eb9bba2 None None] AuthToken middleware is set with keystone_authtoken.service_token_roles_required set to False. This is backwards compatible but deprecated behaviour. Please set this to True.
Apr 02 13:07:27.856438 np0000162952 devstack@n-api.service[99055]: WARNING keystonemiddleware.auth_token [None req-952c49b1-42ca-4221-a3ee-7de4d043c45b None None] AuthToken middleware is set with keystone_authtoken.service_token_roles_required set to False. This is backwards compatible but deprecated behaviour. Please set this to True.
Apr 02 13:07:27.857736 np0000162952 devstack@n-api.service[99054]: WARNING keystonemiddleware.auth_token [None req-e11926a7-0185-4780-b0c1-1c82f4cc8ebb None None] AuthToken middleware is set with keystone_authtoken.service_token_roles_required set to False. This is backwards compatible but deprecated behaviour. Please set this to True.
Apr 02 13:07:27.861154 np0000162952 devstack@n-api.service[99055]: DEBUG nova.api.openstack.wsgi_app [None req-952c49b1-42ca-4221-a3ee-7de4d043c45b None None] ******************************************************************************** {{(pid=99055) log_opt_values /opt/stack/data/venv/lib/python3.12/site-packages/oslo_config/cfg.py:2979}}
Apr 02 13:07:27.861253 np0000162952 devstack@n-api.service[99055]: DEBUG nova.api.openstack.wsgi_app [None req-952c49b1-42ca-4221-a3ee-7de4d043c45b None None] Configuration options gathered from: {{(pid=99055) log_opt_values /opt/stack/data/venv/lib/python3.12/site-packages/oslo_config/cfg.py:2980}}
Apr 02 13:07:27.861647 np0000162952 devstack@n-api.service[99055]: DEBUG nova.api.openstack.wsgi_app [None req-952c49b1-42ca-4221-a3ee-7de4d043c45b None None] command line args: [] {{(pid=99055) log_opt_values /opt/stack/data/venv/lib/python3.12/site-packages/oslo_config/cfg.py:2981}}
Apr 02 13:07:27.861775 np0000162952 devstack@n-api.service[99055]: DEBUG nova.api.openstack.wsgi_app [None req-952c49b1-42ca-4221-a3ee-7de4d043c45b None None] config files: ['/etc/nova/api-paste.ini', '/etc/nova/nova.conf'] {{(pid=99055) log_opt_values /opt/stack/data/venv/lib/python3.12/site-packages/oslo_config/cfg.py:2982}}
Apr 02 13:07:27.861897 np0000162952 devstack@n-api.service[99055]: DEBUG nova.api.openstack.wsgi_app [None req-952c49b1-42ca-4221-a3ee-7de4d043c45b None None] ================================================================================ {{(pid=99055) log_opt_values /opt/stack/data/venv/lib/python3.12/site-packages/oslo_config/cfg.py:2987}}
Apr 02 13:07:27.862103 np0000162952 devstack@n-api.service[99055]: DEBUG nova.api.openstack.wsgi_app [None req-952c49b1-42ca-4221-a3ee-7de4d043c45b None None] allow_resize_to_same_host = True {{(pid=99055) log_opt_values /opt/stack/data/venv/lib/python3.12/site-packages/oslo_config/cfg.py:2995}}
Apr 02 13:07:27.862274 np0000162952 devstack@n-api.service[99055]: DEBUG nova.api.openstack.wsgi_app [None req-952c49b1-42ca-4221-a3ee-7de4d043c45b None None] arq_binding_timeout = 300 {{(pid=99055) log_opt_values /opt/stack/data/venv/lib/python3.12/site-packages/oslo_config/cfg.py:2995}}
Apr 02 13:07:27.862393 np0000162952 devstack@n-api.service[99055]: DEBUG nova.api.openstack.wsgi_app [None req-952c49b1-42ca-4221-a3ee-7de4d043c45b None None] block_device_allocate_retries = 60 {{(pid=99055) log_opt_values /opt/stack/data/venv/lib/python3.12/site-packages/oslo_config/cfg.py:2995}}
Apr 02 13:07:27.862487 np0000162952 devstack@n-api.service[99055]: DEBUG nova.api.openstack.wsgi_app [None req-952c49b1-42ca-4221-a3ee-7de4d043c45b None None] block_device_allocate_retries_interval = 3 {{(pid=99055) log_opt_values /opt/stack/data/venv/lib/python3.12/site-packages/oslo_config/cfg.py:2995}}
Apr 02 13:07:27.862619 np0000162952 devstack@n-api.service[99055]: DEBUG nova.api.openstack.wsgi_app [None req-952c49b1-42ca-4221-a3ee-7de4d043c45b None None] cell_worker_thread_pool_size = 5 {{(pid=99055) log_opt_values /opt/stack/data/venv/lib/python3.12/site-packages/oslo_config/cfg.py:2995}}
Apr 02 13:07:27.862827 np0000162952 devstack@n-api.service[99055]: DEBUG nova.api.openstack.wsgi_app [None req-952c49b1-42ca-4221-a3ee-7de4d043c45b None None] cert = self.pem {{(pid=99055) log_opt_values /opt/stack/data/venv/lib/python3.12/site-packages/oslo_config/cfg.py:2995}}
Apr 02 13:07:27.863020 np0000162952 devstack@n-api.service[99055]: DEBUG nova.api.openstack.wsgi_app [None req-952c49b1-42ca-4221-a3ee-7de4d043c45b None None] compute_driver = libvirt.LibvirtDriver {{(pid=99055) log_opt_values /opt/stack/data/venv/lib/python3.12/site-packages/oslo_config/cfg.py:2995}}
Apr 02 13:07:27.863197 np0000162952 devstack@n-api.service[99055]: DEBUG nova.api.openstack.wsgi_app [None req-952c49b1-42ca-4221-a3ee-7de4d043c45b None None] compute_monitors = [] {{(pid=99055) log_opt_values /opt/stack/data/venv/lib/python3.12/site-packages/oslo_config/cfg.py:2995}}
Apr 02 13:07:27.863376 np0000162952 devstack@n-api.service[99055]: DEBUG nova.api.openstack.wsgi_app [None req-952c49b1-42ca-4221-a3ee-7de4d043c45b None None] config_dir = [] {{(pid=99055) log_opt_values /opt/stack/data/venv/lib/python3.12/site-packages/oslo_config/cfg.py:2995}}
Apr 02 13:07:27.863578 np0000162952 devstack@n-api.service[99055]: DEBUG nova.api.openstack.wsgi_app [None req-952c49b1-42ca-4221-a3ee-7de4d043c45b None None] config_drive_format = iso9660 {{(pid=99055) log_opt_values /opt/stack/data/venv/lib/python3.12/site-packages/oslo_config/cfg.py:2995}}
Apr 02 13:07:27.863697 np0000162952 devstack@n-api.service[99055]: DEBUG nova.api.openstack.wsgi_app [None req-952c49b1-42ca-4221-a3ee-7de4d043c45b None None] config_file = ['/etc/nova/api-paste.ini', '/etc/nova/nova.conf'] {{(pid=99055) log_opt_values /opt/stack/data/venv/lib/python3.12/site-packages/oslo_config/cfg.py:2995}}
Apr 02 13:07:27.863893 np0000162952 devstack@n-api.service[99055]: DEBUG nova.api.openstack.wsgi_app [None req-952c49b1-42ca-4221-a3ee-7de4d043c45b None None] config_source = [] {{(pid=99055) log_opt_values /opt/stack/data/venv/lib/python3.12/site-packages/oslo_config/cfg.py:2995}}
Apr 02 13:07:27.864041 np0000162952 devstack@n-api.service[99055]: DEBUG nova.api.openstack.wsgi_app [None req-952c49b1-42ca-4221-a3ee-7de4d043c45b None None] console_host = np0000162952 {{(pid=99055) log_opt_values /opt/stack/data/venv/lib/python3.12/site-packages/oslo_config/cfg.py:2995}}
Apr 02 13:07:27.864180 np0000162952 devstack@n-api.service[99055]: DEBUG nova.api.openstack.wsgi_app [None req-952c49b1-42ca-4221-a3ee-7de4d043c45b None None] control_exchange = nova {{(pid=99055) log_opt_values /opt/stack/data/venv/lib/python3.12/site-packages/oslo_config/cfg.py:2995}}
Apr 02 13:07:27.864312 np0000162952 devstack@n-api.service[99055]: DEBUG nova.api.openstack.wsgi_app [None req-952c49b1-42ca-4221-a3ee-7de4d043c45b None None] cpu_allocation_ratio = None {{(pid=99055) log_opt_values /opt/stack/data/venv/lib/python3.12/site-packages/oslo_config/cfg.py:2995}}
Apr 02 13:07:27.864443 np0000162952 devstack@n-api.service[99055]: DEBUG nova.api.openstack.wsgi_app [None req-952c49b1-42ca-4221-a3ee-7de4d043c45b None None] daemon = False {{(pid=99055) log_opt_values /opt/stack/data/venv/lib/python3.12/site-packages/oslo_config/cfg.py:2995}}
Apr 02 13:07:27.864577 np0000162952 devstack@n-api.service[99055]: DEBUG nova.api.openstack.wsgi_app [None req-952c49b1-42ca-4221-a3ee-7de4d043c45b None None] debug = True {{(pid=99055) log_opt_values /opt/stack/data/venv/lib/python3.12/site-packages/oslo_config/cfg.py:2995}}
Apr 02 13:07:27.864703 np0000162952 devstack@n-api.service[99055]: DEBUG nova.api.openstack.wsgi_app [None req-952c49b1-42ca-4221-a3ee-7de4d043c45b None None] default_access_ip_network_name = None {{(pid=99055) log_opt_values /opt/stack/data/venv/lib/python3.12/site-packages/oslo_config/cfg.py:2995}}
Apr 02 13:07:27.864872 np0000162952 devstack@n-api.service[99055]: DEBUG nova.api.openstack.wsgi_app [None req-952c49b1-42ca-4221-a3ee-7de4d043c45b None None] default_availability_zone = nova {{(pid=99055) log_opt_values /opt/stack/data/venv/lib/python3.12/site-packages/oslo_config/cfg.py:2995}}
Apr 02 13:07:27.865024 np0000162952 devstack@n-api.service[99055]: DEBUG nova.api.openstack.wsgi_app [None req-952c49b1-42ca-4221-a3ee-7de4d043c45b None None] default_ephemeral_format = ext4 {{(pid=99055) log_opt_values /opt/stack/data/venv/lib/python3.12/site-packages/oslo_config/cfg.py:2995}}
Apr 02 13:07:27.865168 np0000162952 devstack@n-api.service[99055]: DEBUG nova.api.openstack.wsgi_app [None req-952c49b1-42ca-4221-a3ee-7de4d043c45b None None] default_green_pool_size = 1000 {{(pid=99055) log_opt_values /opt/stack/data/venv/lib/python3.12/site-packages/oslo_config/cfg.py:2995}}
Apr 02 13:07:27.865380 np0000162952 devstack@n-api.service[99055]: DEBUG nova.api.openstack.wsgi_app [None req-952c49b1-42ca-4221-a3ee-7de4d043c45b None None] default_log_levels = ['amqp=WARN', 'boto=WARN', 'sqlalchemy=WARN', 'suds=INFO', 'oslo.messaging=INFO', 'oslo_messaging=INFO', 'iso8601=WARN', 'requests.packages.urllib3.connectionpool=WARN', 'urllib3.connectionpool=WARN', 'websocket=WARN', 'requests.packages.urllib3.util.retry=WARN', 'urllib3.util.retry=WARN', 'keystonemiddleware=WARN', 'routes.middleware=WARN', 'stevedore=WARN', 'taskflow=WARN', 'keystoneauth=WARN', 'oslo.cache=INFO', 'oslo_policy=INFO', 'dogpile.core.dogpile=INFO', 'glanceclient=WARN', 'oslo.privsep.daemon=INFO'] {{(pid=99055) log_opt_values /opt/stack/data/venv/lib/python3.12/site-packages/oslo_config/cfg.py:2995}}
Apr 02 13:07:27.865510 np0000162952 devstack@n-api.service[99055]: DEBUG nova.api.openstack.wsgi_app [None req-952c49b1-42ca-4221-a3ee-7de4d043c45b None None] default_schedule_zone = None {{(pid=99055) log_opt_values /opt/stack/data/venv/lib/python3.12/site-packages/oslo_config/cfg.py:2995}}
Apr 02 13:07:27.865638 np0000162952 devstack@n-api.service[99055]: DEBUG nova.api.openstack.wsgi_app [None req-952c49b1-42ca-4221-a3ee-7de4d043c45b None None] default_thread_pool_size = 10 {{(pid=99055) log_opt_values /opt/stack/data/venv/lib/python3.12/site-packages/oslo_config/cfg.py:2995}}
Apr 02 13:07:27.865766 np0000162952 devstack@n-api.service[99055]: DEBUG nova.api.openstack.wsgi_app [None req-952c49b1-42ca-4221-a3ee-7de4d043c45b None None] disk_allocation_ratio = None {{(pid=99055) log_opt_values /opt/stack/data/venv/lib/python3.12/site-packages/oslo_config/cfg.py:2995}}
Apr 02 13:07:27.865921 np0000162952 devstack@n-api.service[99057]: WARNING keystonemiddleware.auth_token [None req-32e8da40-3f1d-41a5-af35-b18634c150ee None None] AuthToken middleware is set with keystone_authtoken.service_token_roles_required set to False. This is backwards compatible but deprecated behaviour. Please set this to True.
Apr 02 13:07:27.865973 np0000162952 devstack@n-api.service[99055]: DEBUG nova.api.openstack.wsgi_app [None req-952c49b1-42ca-4221-a3ee-7de4d043c45b None None] enable_new_services = True {{(pid=99055) log_opt_values /opt/stack/data/venv/lib/python3.12/site-packages/oslo_config/cfg.py:2995}}
Apr 02 13:07:27.866096 np0000162952 devstack@n-api.service[99055]: DEBUG nova.api.openstack.wsgi_app [None req-952c49b1-42ca-4221-a3ee-7de4d043c45b None None] flat_injected = False {{(pid=99055) log_opt_values /opt/stack/data/venv/lib/python3.12/site-packages/oslo_config/cfg.py:2995}}
Apr 02 13:07:27.866217 np0000162952 devstack@n-api.service[99055]: DEBUG nova.api.openstack.wsgi_app [None req-952c49b1-42ca-4221-a3ee-7de4d043c45b None None] force_config_drive = False {{(pid=99055) log_opt_values /opt/stack/data/venv/lib/python3.12/site-packages/oslo_config/cfg.py:2995}}
Apr 02 13:07:27.866347 np0000162952 devstack@n-api.service[99055]: DEBUG nova.api.openstack.wsgi_app [None req-952c49b1-42ca-4221-a3ee-7de4d043c45b None None] force_raw_images = True {{(pid=99055) log_opt_values /opt/stack/data/venv/lib/python3.12/site-packages/oslo_config/cfg.py:2995}}
Apr 02 13:07:27.866485 np0000162952 devstack@n-api.service[99055]: DEBUG nova.api.openstack.wsgi_app [None req-952c49b1-42ca-4221-a3ee-7de4d043c45b None None] graceful_shutdown_timeout = 5 {{(pid=99055) log_opt_values /opt/stack/data/venv/lib/python3.12/site-packages/oslo_config/cfg.py:2995}}
Apr 02 13:07:27.866615 np0000162952 devstack@n-api.service[99055]: DEBUG nova.api.openstack.wsgi_app [None req-952c49b1-42ca-4221-a3ee-7de4d043c45b None None] heal_instance_info_cache_interval = -1 {{(pid=99055) log_opt_values /opt/stack/data/venv/lib/python3.12/site-packages/oslo_config/cfg.py:2995}}
Apr 02 13:07:27.866671 np0000162952 devstack@n-api.service[99054]: DEBUG nova.api.openstack.wsgi_app [None req-e11926a7-0185-4780-b0c1-1c82f4cc8ebb None None] ******************************************************************************** {{(pid=99054) log_opt_values /opt/stack/data/venv/lib/python3.12/site-packages/oslo_config/cfg.py:2979}}
Apr 02 13:07:27.866829 np0000162952 devstack@n-api.service[99054]: DEBUG nova.api.openstack.wsgi_app [None req-e11926a7-0185-4780-b0c1-1c82f4cc8ebb None None] Configuration options gathered from: {{(pid=99054) log_opt_values /opt/stack/data/venv/lib/python3.12/site-packages/oslo_config/cfg.py:2980}}
Apr 02 13:07:27.866930 np0000162952 devstack@n-api.service[99055]: DEBUG nova.api.openstack.wsgi_app [None req-952c49b1-42ca-4221-a3ee-7de4d043c45b None None] host = np0000162952 {{(pid=99055) log_opt_values /opt/stack/data/venv/lib/python3.12/site-packages/oslo_config/cfg.py:2995}}
Apr 02 13:07:27.867082 np0000162952 devstack@n-api.service[99055]: DEBUG nova.api.openstack.wsgi_app [None req-952c49b1-42ca-4221-a3ee-7de4d043c45b None None] initial_cpu_allocation_ratio = 4.0 {{(pid=99055) log_opt_values /opt/stack/data/venv/lib/python3.12/site-packages/oslo_config/cfg.py:2995}}
Apr 02 13:07:27.867139 np0000162952 devstack@n-api.service[99054]: DEBUG nova.api.openstack.wsgi_app [None req-e11926a7-0185-4780-b0c1-1c82f4cc8ebb None None] command line args: [] {{(pid=99054) log_opt_values /opt/stack/data/venv/lib/python3.12/site-packages/oslo_config/cfg.py:2981}}
Apr 02 13:07:27.867182 np0000162952 devstack@n-api.service[99055]: DEBUG nova.api.openstack.wsgi_app [None req-952c49b1-42ca-4221-a3ee-7de4d043c45b None None] initial_disk_allocation_ratio = 1.0 {{(pid=99055) log_opt_values /opt/stack/data/venv/lib/python3.12/site-packages/oslo_config/cfg.py:2995}}
Apr 02 13:07:27.867328 np0000162952 devstack@n-api.service[99055]: DEBUG nova.api.openstack.wsgi_app [None req-952c49b1-42ca-4221-a3ee-7de4d043c45b None None] initial_ram_allocation_ratio = 1.0 {{(pid=99055) log_opt_values /opt/stack/data/venv/lib/python3.12/site-packages/oslo_config/cfg.py:2995}}
Apr 02 13:07:27.867417 np0000162952 devstack@n-api.service[99054]: DEBUG nova.api.openstack.wsgi_app [None req-e11926a7-0185-4780-b0c1-1c82f4cc8ebb None None] config files: ['/etc/nova/api-paste.ini', '/etc/nova/nova.conf'] {{(pid=99054) log_opt_values /opt/stack/data/venv/lib/python3.12/site-packages/oslo_config/cfg.py:2982}}
Apr 02 13:07:27.867417 np0000162952 devstack@n-api.service[99054]: DEBUG nova.api.openstack.wsgi_app [None req-e11926a7-0185-4780-b0c1-1c82f4cc8ebb None None] ================================================================================ {{(pid=99054) log_opt_values /opt/stack/data/venv/lib/python3.12/site-packages/oslo_config/cfg.py:2987}}
