Apr 25 16:15:46.991579 np0000170199 devstack@neutron-api.service[104232]: INFO neutron.api.extensions [None req-67f183f3-ed19-4184-b5a6-a75680c0f786 None None] Extension trunk not supported by any of loaded plugins
Apr 25 16:15:46.991652 np0000170199 devstack@neutron-api.service[104232]: DEBUG neutron.api.extensions [None req-67f183f3-ed19-4184-b5a6-a75680c0f786 None None] Loading extension file: trunk_details.py {{(pid=104232) _load_all_extensions_from_path /opt/stack/neutron/neutron/api/extensions.py:449}}
Apr 25 16:15:46.991697 np0000170199 devstack@neutron-api.service[104233]: DEBUG neutron.api.extensions [None req-3893578d-1c08-4cd3-97c4-253fbb494f14 None None] Loading extension file: subnet_segmentid_writable.py {{(pid=104233) _load_all_extensions_from_path /opt/stack/neutron/neutron/api/extensions.py:449}}
Apr 25 16:15:46.991876 np0000170199 devstack@neutron-api.service[104232]: DEBUG neutron.api.extensions [None req-67f183f3-ed19-4184-b5a6-a75680c0f786 None None] Ext name="Trunk port details" alias="trunk-details" description="Expose trunk port details" updated="2016-01-01T10:00:00-00:00" {{(pid=104232) _check_extension /opt/stack/neutron/neutron/api/extensions.py:415}}
Apr 25 16:15:46.992003 np0000170199 devstack@neutron-api.service[104233]: DEBUG neutron.api.extensions [None req-3893578d-1c08-4cd3-97c4-253fbb494f14 None None] Ext name="Subnet SegmentID (writable)" alias="subnet-segmentid-writable" description="Provides a writable segment_id attribute for a subnet resource." updated="2018-03-12T00:00:00-00:00" {{(pid=104233) _check_extension /opt/stack/neutron/neutron/api/extensions.py:415}}
Apr 25 16:15:46.992047 np0000170199 devstack@neutron-api.service[104232]: INFO neutron.api.extensions [None req-67f183f3-ed19-4184-b5a6-a75680c0f786 None None] Extension trunk-details not supported by any of loaded plugins
Apr 25 16:15:46.992137 np0000170199 devstack@neutron-api.service[104232]: DEBUG neutron.api.extensions [None req-67f183f3-ed19-4184-b5a6-a75680c0f786 None None] Loading extension file: uplink_status_propagation.py {{(pid=104232) _load_all_extensions_from_path /opt/stack/neutron/neutron/api/extensions.py:449}}
Apr 25 16:15:46.992239 np0000170199 devstack@neutron-api.service[104233]: INFO neutron.api.extensions [None req-3893578d-1c08-4cd3-97c4-253fbb494f14 None None] Extension subnet-segmentid-writable not supported by any of loaded plugins
Apr 25 16:15:46.992362 np0000170199 devstack@neutron-api.service[104232]: DEBUG neutron.api.extensions [None req-67f183f3-ed19-4184-b5a6-a75680c0f786 None None] Ext name="Uplink status propagation extension" alias="uplink-status-propagation" description="Provides ability to propagate port uplink status." updated="2018-05-31T18:00:00-00:00" {{(pid=104232) _check_extension /opt/stack/neutron/neutron/api/extensions.py:415}}
Apr 25 16:15:46.992397 np0000170199 devstack@neutron-api.service[104233]: DEBUG neutron.api.extensions [None req-3893578d-1c08-4cd3-97c4-253fbb494f14 None None] Loading extension file: subnet_service_types.py {{(pid=104233) _load_all_extensions_from_path /opt/stack/neutron/neutron/api/extensions.py:449}}
Apr 25 16:15:46.992569 np0000170199 devstack@neutron-api.service[104232]: INFO neutron.api.extensions [None req-67f183f3-ed19-4184-b5a6-a75680c0f786 None None] Extension uplink-status-propagation not supported by any of loaded plugins
Apr 25 16:15:46.992683 np0000170199 devstack@neutron-api.service[104233]: DEBUG neutron.api.extensions [None req-3893578d-1c08-4cd3-97c4-253fbb494f14 None None] Ext name="Subnet service types" alias="subnet-service-types" description="Provides ability to set the subnet service_types field" updated="2016-03-15T18:00:00-00:00" {{(pid=104233) _check_extension /opt/stack/neutron/neutron/api/extensions.py:415}}
Apr 25 16:15:46.992714 np0000170199 devstack@neutron-api.service[104232]: DEBUG neutron.api.extensions [None req-67f183f3-ed19-4184-b5a6-a75680c0f786 None None] Loading extension file: uplink_status_propagation_updatable.py {{(pid=104232) _load_all_extensions_from_path /opt/stack/neutron/neutron/api/extensions.py:449}}
Apr 25 16:15:46.992923 np0000170199 devstack@neutron-api.service[104232]: DEBUG neutron.api.extensions [None req-67f183f3-ed19-4184-b5a6-a75680c0f786 None None] Ext name="Uplink status propagation updatable extension" alias="uplink-status-propagation-updatable" description="Provides ability to update the port uplink status." updated="2024-09-03T18:00:00-00:00" {{(pid=104232) _check_extension /opt/stack/neutron/neutron/api/extensions.py:415}}
Apr 25 16:15:46.992955 np0000170199 devstack@neutron-api.service[104233]: INFO neutron.api.extensions [None req-3893578d-1c08-4cd3-97c4-253fbb494f14 None None] Loaded extension: subnet-service-types
Apr 25 16:15:46.993046 np0000170199 devstack@neutron-api.service[104233]: DEBUG neutron.api.extensions [None req-3893578d-1c08-4cd3-97c4-253fbb494f14 None None] Loading extension file: subnetallocation.py {{(pid=104233) _load_all_extensions_from_path /opt/stack/neutron/neutron/api/extensions.py:449}}
Apr 25 16:15:46.993090 np0000170199 devstack@neutron-api.service[104232]: INFO neutron.api.extensions [None req-67f183f3-ed19-4184-b5a6-a75680c0f786 None None] Extension uplink-status-propagation-updatable not supported by any of loaded plugins
Apr 25 16:15:46.993184 np0000170199 devstack@neutron-api.service[104232]: DEBUG neutron.api.extensions [None req-67f183f3-ed19-4184-b5a6-a75680c0f786 None None] Loading extension file: vlantransparent.py {{(pid=104232) _load_all_extensions_from_path /opt/stack/neutron/neutron/api/extensions.py:449}}
Apr 25 16:15:46.993375 np0000170199 devstack@neutron-api.service[104233]: DEBUG neutron.api.extensions [None req-3893578d-1c08-4cd3-97c4-253fbb494f14 None None] Ext name="Subnet Allocation" alias="subnet_allocation" description="Enables allocation of subnets from a subnet pool" updated="2015-03-30T10:00:00-00:00" {{(pid=104233) _check_extension /opt/stack/neutron/neutron/api/extensions.py:415}}
Apr 25 16:15:46.993427 np0000170199 devstack@neutron-api.service[104232]: DEBUG neutron.api.extensions [None req-67f183f3-ed19-4184-b5a6-a75680c0f786 None None] Ext name="Vlantransparent" alias="vlan-transparent" description="Provides Vlan Transparent Networks" updated="2015-03-23T09:00:00-00:00" {{(pid=104232) _check_extension /opt/stack/neutron/neutron/api/extensions.py:415}}
Apr 25 16:15:46.993619 np0000170199 devstack@neutron-api.service[104232]: INFO neutron.api.extensions [None req-67f183f3-ed19-4184-b5a6-a75680c0f786 None None] Loaded extension: vlan-transparent
Apr 25 16:15:46.993650 np0000170199 devstack@neutron-api.service[104233]: INFO neutron.api.extensions [None req-3893578d-1c08-4cd3-97c4-253fbb494f14 None None] Loaded extension: subnet_allocation
Apr 25 16:15:46.993752 np0000170199 devstack@neutron-api.service[104233]: DEBUG neutron.api.extensions [None req-3893578d-1c08-4cd3-97c4-253fbb494f14 None None] Loading extension file: subnetpool_prefix_ops.py {{(pid=104233) _load_all_extensions_from_path /opt/stack/neutron/neutron/api/extensions.py:449}}
Apr 25 16:15:46.994090 np0000170199 devstack@neutron-api.service[104233]: DEBUG neutron.api.extensions [None req-3893578d-1c08-4cd3-97c4-253fbb494f14 None None] Ext name="Subnet Pool Prefix Operations" alias="subnetpool-prefix-ops" description="Provides support for adjusting the prefix list of subnet pools" updated="2019-02-08T10:00:00-00:00" {{(pid=104233) _check_extension /opt/stack/neutron/neutron/api/extensions.py:415}}
Apr 25 16:15:46.994328 np0000170199 devstack@neutron-api.service[104233]: INFO neutron.api.extensions [None req-3893578d-1c08-4cd3-97c4-253fbb494f14 None None] Loaded extension: subnetpool-prefix-ops
Apr 25 16:15:46.994457 np0000170199 devstack@neutron-api.service[104233]: DEBUG neutron.api.extensions [None req-3893578d-1c08-4cd3-97c4-253fbb494f14 None None] Loading extension file: tag_creation.py {{(pid=104233) _load_all_extensions_from_path /opt/stack/neutron/neutron/api/extensions.py:449}}
Apr 25 16:15:46.994802 np0000170199 devstack@neutron-api.service[104233]: DEBUG neutron.api.extensions [None req-3893578d-1c08-4cd3-97c4-253fbb494f14 None None] Ext name="Tag creation extension" alias="tag-creation" description="Allow to create multiple tags for a resource" updated="2024-23-07T10:00:00-00:00" {{(pid=104233) _check_extension /opt/stack/neutron/neutron/api/extensions.py:415}}
Apr 25 16:15:46.995037 np0000170199 devstack@neutron-api.service[104233]: INFO neutron.api.extensions [None req-3893578d-1c08-4cd3-97c4-253fbb494f14 None None] Loaded extension: tag-creation
Apr 25 16:15:46.995163 np0000170199 devstack@neutron-api.service[104233]: DEBUG neutron.api.extensions [None req-3893578d-1c08-4cd3-97c4-253fbb494f14 None None] Loading extension file: tag_ports_during_bulk_creation.py {{(pid=104233) _load_all_extensions_from_path /opt/stack/neutron/neutron/api/extensions.py:449}}
Apr 25 16:15:46.995244 np0000170199 devstack@neutron-api.service[104232]: INFO neutron.quota.resource_registry [None req-67f183f3-ed19-4184-b5a6-a75680c0f786 None None] Creating instance of TrackedResource for resource:network
Apr 25 16:15:46.995451 np0000170199 devstack@neutron-api.service[104232]: INFO neutron.quota.resource_registry [None req-67f183f3-ed19-4184-b5a6-a75680c0f786 None None] Creating instance of TrackedResource for resource:subnet
Apr 25 16:15:46.995482 np0000170199 devstack@neutron-api.service[104233]: DEBUG neutron.api.extensions [None req-3893578d-1c08-4cd3-97c4-253fbb494f14 None None] Ext name="Tag Ports During Bulk Creation" alias="tag-ports-during-bulk-creation" description="Allow to tag ports during bulk creation" updated="2019-12-29T19:00:00-00:00" {{(pid=104233) _check_extension /opt/stack/neutron/neutron/api/extensions.py:415}}
Apr 25 16:15:46.995593 np0000170199 devstack@neutron-api.service[104232]: INFO neutron.quota.resource_registry [None req-67f183f3-ed19-4184-b5a6-a75680c0f786 None None] Creating instance of TrackedResource for resource:subnetpool
Apr 25 16:15:46.995710 np0000170199 devstack@neutron-api.service[104233]: INFO neutron.api.extensions [None req-3893578d-1c08-4cd3-97c4-253fbb494f14 None None] Extension tag-ports-during-bulk-creation not supported by any of loaded plugins
Apr 25 16:15:46.995748 np0000170199 devstack@neutron-api.service[104232]: INFO neutron.quota.resource_registry [None req-67f183f3-ed19-4184-b5a6-a75680c0f786 None None] Creating instance of TrackedResource for resource:port
Apr 25 16:15:46.995838 np0000170199 devstack@neutron-api.service[104233]: DEBUG neutron.api.extensions [None req-3893578d-1c08-4cd3-97c4-253fbb494f14 None None] Loading extension file: tagging.py {{(pid=104233) _load_all_extensions_from_path /opt/stack/neutron/neutron/api/extensions.py:449}}
Apr 25 16:15:46.996979 np0000170199 devstack@neutron-api.service[104233]: DEBUG neutron.api.extensions [None req-3893578d-1c08-4cd3-97c4-253fbb494f14 None None] Ext name="Tag support for resources with standard attribute: port, subnet, subnetpool, network, security_group, router, floatingip, policy, trunk, network_segment_range" alias="standard-attr-tag" description="Enables to set tag on resources with standard attribute." updated="2017-01-01T00:00:00-00:00" {{(pid=104233) _check_extension /opt/stack/neutron/neutron/api/extensions.py:415}}
Apr 25 16:15:46.997243 np0000170199 devstack@neutron-api.service[104233]: INFO neutron.api.extensions [None req-3893578d-1c08-4cd3-97c4-253fbb494f14 None None] Loaded extension: standard-attr-tag
Apr 25 16:15:46.997374 np0000170199 devstack@neutron-api.service[104233]: DEBUG neutron.api.extensions [None req-3893578d-1c08-4cd3-97c4-253fbb494f14 None None] Loading extension file: timestamp.py {{(pid=104233) _load_all_extensions_from_path /opt/stack/neutron/neutron/api/extensions.py:449}}
Apr 25 16:15:46.997715 np0000170199 devstack@neutron-api.service[104233]: DEBUG neutron.api.extensions [None req-3893578d-1c08-4cd3-97c4-253fbb494f14 None None] Ext name="Resource timestamps" alias="standard-attr-timestamp" description="Adds created_at and updated_at fields to all Neutron resources that have Neutron standard attributes." updated="2016-09-12T10:00:00-00:00" {{(pid=104233) _check_extension /opt/stack/neutron/neutron/api/extensions.py:415}}
Apr 25 16:15:46.997948 np0000170199 devstack@neutron-api.service[104233]: INFO neutron.api.extensions [None req-3893578d-1c08-4cd3-97c4-253fbb494f14 None None] Loaded extension: standard-attr-timestamp
Apr 25 16:15:46.998070 np0000170199 devstack@neutron-api.service[104233]: DEBUG neutron.api.extensions [None req-3893578d-1c08-4cd3-97c4-253fbb494f14 None None] Loading extension file: trunk.py {{(pid=104233) _load_all_extensions_from_path /opt/stack/neutron/neutron/api/extensions.py:449}}
Apr 25 16:15:46.998212 np0000170199 devstack@neutron-api.service[104232]: DEBUG neutron.api.v2.resource_helper [None req-67f183f3-ed19-4184-b5a6-a75680c0f786 None None] Service L3_ROUTER_NAT assigned prefix: {{(pid=104232) build_resource_info /opt/stack/neutron/neutron/api/v2/resource_helper.py:77}}
Apr 25 16:15:46.998393 np0000170199 devstack@neutron-api.service[104233]: DEBUG neutron.api.extensions [None req-3893578d-1c08-4cd3-97c4-253fbb494f14 None None] Ext name="Trunk Extension" alias="trunk" description="Provides support for trunk ports" updated="2016-01-01T10:00:00-00:00" {{(pid=104233) _check_extension /opt/stack/neutron/neutron/api/extensions.py:415}}
Apr 25 16:15:46.998617 np0000170199 devstack@neutron-api.service[104232]: DEBUG neutron.api.v2.resource_helper [None req-67f183f3-ed19-4184-b5a6-a75680c0f786 None None] Service FLAVORS assigned prefix: {{(pid=104232) build_resource_info /opt/stack/neutron/neutron/api/v2/resource_helper.py:77}}
Apr 25 16:15:46.998650 np0000170199 devstack@neutron-api.service[104233]: INFO neutron.api.extensions [None req-3893578d-1c08-4cd3-97c4-253fbb494f14 None None] Extension trunk not supported by any of loaded plugins
Apr 25 16:15:46.998813 np0000170199 devstack@neutron-api.service[104233]: DEBUG neutron.api.extensions [None req-3893578d-1c08-4cd3-97c4-253fbb494f14 None None] Loading extension file: trunk_details.py {{(pid=104233) _load_all_extensions_from_path /opt/stack/neutron/neutron/api/extensions.py:449}}
Apr 25 16:15:46.999125 np0000170199 devstack@neutron-api.service[104233]: DEBUG neutron.api.extensions [None req-3893578d-1c08-4cd3-97c4-253fbb494f14 None None] Ext name="Trunk port details" alias="trunk-details" description="Expose trunk port details" updated="2016-01-01T10:00:00-00:00" {{(pid=104233) _check_extension /opt/stack/neutron/neutron/api/extensions.py:415}}
Apr 25 16:15:46.999359 np0000170199 devstack@neutron-api.service[104233]: INFO neutron.api.extensions [None req-3893578d-1c08-4cd3-97c4-253fbb494f14 None None] Extension trunk-details not supported by any of loaded plugins
Apr 25 16:15:46.999486 np0000170199 devstack@neutron-api.service[104233]: DEBUG neutron.api.extensions [None req-3893578d-1c08-4cd3-97c4-253fbb494f14 None None] Loading extension file: uplink_status_propagation.py {{(pid=104233) _load_all_extensions_from_path /opt/stack/neutron/neutron/api/extensions.py:449}}
Apr 25 16:15:46.999523 np0000170199 devstack@neutron-api.service[104232]: DEBUG neutron.api.v2.resource_helper [None req-67f183f3-ed19-4184-b5a6-a75680c0f786 None None] Service L3_ROUTER_NAT assigned prefix: {{(pid=104232) build_resource_info /opt/stack/neutron/neutron/api/v2/resource_helper.py:77}}
Apr 25 16:15:46.999818 np0000170199 devstack@neutron-api.service[104233]: DEBUG neutron.api.extensions [None req-3893578d-1c08-4cd3-97c4-253fbb494f14 None None] Ext name="Uplink status propagation extension" alias="uplink-status-propagation" description="Provides ability to propagate port uplink status." updated="2018-05-31T18:00:00-00:00" {{(pid=104233) _check_extension /opt/stack/neutron/neutron/api/extensions.py:415}}
Apr 25 16:15:46.999875 np0000170199 devstack@neutron-api.service[104232]: DEBUG neutron.api.v2.resource_helper [None req-67f183f3-ed19-4184-b5a6-a75680c0f786 None None] Service L3_ROUTER_NAT assigned prefix: {{(pid=104232) build_resource_info /opt/stack/neutron/neutron/api/v2/resource_helper.py:77}}
Apr 25 16:15:47.000007 np0000170199 devstack@neutron-api.service[104232]: INFO neutron.quota.resource_registry [None req-67f183f3-ed19-4184-b5a6-a75680c0f786 None None] Creating instance of TrackedResource for resource:router
Apr 25 16:15:47.000044 np0000170199 devstack@neutron-api.service[104233]: INFO neutron.api.extensions [None req-3893578d-1c08-4cd3-97c4-253fbb494f14 None None] Extension uplink-status-propagation not supported by any of loaded plugins
Apr 25 16:15:47.000185 np0000170199 devstack@neutron-api.service[104233]: DEBUG neutron.api.extensions [None req-3893578d-1c08-4cd3-97c4-253fbb494f14 None None] Loading extension file: uplink_status_propagation_updatable.py {{(pid=104233) _load_all_extensions_from_path /opt/stack/neutron/neutron/api/extensions.py:449}}
Apr 25 16:15:47.000395 np0000170199 devstack@neutron-api.service[104232]: INFO neutron.quota.resource_registry [None req-67f183f3-ed19-4184-b5a6-a75680c0f786 None None] Creating instance of TrackedResource for resource:floatingip
Apr 25 16:15:47.000497 np0000170199 devstack@neutron-api.service[104233]: DEBUG neutron.api.extensions [None req-3893578d-1c08-4cd3-97c4-253fbb494f14 None None] Ext name="Uplink status propagation updatable extension" alias="uplink-status-propagation-updatable" description="Provides ability to update the port uplink status." updated="2024-09-03T18:00:00-00:00" {{(pid=104233) _check_extension /opt/stack/neutron/neutron/api/extensions.py:415}}
Apr 25 16:15:47.000754 np0000170199 devstack@neutron-api.service[104233]: INFO neutron.api.extensions [None req-3893578d-1c08-4cd3-97c4-253fbb494f14 None None] Extension uplink-status-propagation-updatable not supported by any of loaded plugins
Apr 25 16:15:47.000876 np0000170199 devstack@neutron-api.service[104233]: DEBUG neutron.api.extensions [None req-3893578d-1c08-4cd3-97c4-253fbb494f14 None None] Loading extension file: vlantransparent.py {{(pid=104233) _load_all_extensions_from_path /opt/stack/neutron/neutron/api/extensions.py:449}}
Apr 25 16:15:47.001220 np0000170199 devstack@neutron-api.service[104233]: DEBUG neutron.api.extensions [None req-3893578d-1c08-4cd3-97c4-253fbb494f14 None None] Ext name="Vlantransparent" alias="vlan-transparent" description="Provides Vlan Transparent Networks" updated="2015-03-23T09:00:00-00:00" {{(pid=104233) _check_extension /opt/stack/neutron/neutron/api/extensions.py:415}}
Apr 25 16:15:47.001370 np0000170199 devstack@neutron-api.service[104232]: INFO neutron.quota.resource_registry [None req-67f183f3-ed19-4184-b5a6-a75680c0f786 None None] Creating instance of CountableResource for resource:rbac_policy
Apr 25 16:15:47.001465 np0000170199 devstack@neutron-api.service[104233]: INFO neutron.api.extensions [None req-3893578d-1c08-4cd3-97c4-253fbb494f14 None None] Loaded extension: vlan-transparent
Apr 25 16:15:47.003772 np0000170199 devstack@neutron-api.service[104233]: INFO neutron.quota.resource_registry [None req-3893578d-1c08-4cd3-97c4-253fbb494f14 None None] Creating instance of TrackedResource for resource:network
Apr 25 16:15:47.004078 np0000170199 devstack@neutron-api.service[104233]: INFO neutron.quota.resource_registry [None req-3893578d-1c08-4cd3-97c4-253fbb494f14 None None] Creating instance of TrackedResource for resource:subnet
Apr 25 16:15:47.004296 np0000170199 devstack@neutron-api.service[104233]: INFO neutron.quota.resource_registry [None req-3893578d-1c08-4cd3-97c4-253fbb494f14 None None] Creating instance of TrackedResource for resource:subnetpool
Apr 25 16:15:47.004411 np0000170199 devstack@neutron-api.service[104233]: INFO neutron.quota.resource_registry [None req-3893578d-1c08-4cd3-97c4-253fbb494f14 None None] Creating instance of TrackedResource for resource:port
Apr 25 16:15:47.008823 np0000170199 devstack@neutron-api.service[104233]: DEBUG neutron.api.v2.resource_helper [None req-3893578d-1c08-4cd3-97c4-253fbb494f14 None None] Service L3_ROUTER_NAT assigned prefix: {{(pid=104233) build_resource_info /opt/stack/neutron/neutron/api/v2/resource_helper.py:77}}
Apr 25 16:15:47.009725 np0000170199 devstack@neutron-api.service[104233]: DEBUG neutron.api.v2.resource_helper [None req-3893578d-1c08-4cd3-97c4-253fbb494f14 None None] Service FLAVORS assigned prefix: {{(pid=104233) build_resource_info /opt/stack/neutron/neutron/api/v2/resource_helper.py:77}}
Apr 25 16:15:47.011565 np0000170199 devstack@neutron-api.service[104233]: DEBUG neutron.api.v2.resource_helper [None req-3893578d-1c08-4cd3-97c4-253fbb494f14 None None] Service L3_ROUTER_NAT assigned prefix: {{(pid=104233) build_resource_info /opt/stack/neutron/neutron/api/v2/resource_helper.py:77}}
Apr 25 16:15:47.012204 np0000170199 devstack@neutron-api.service[104233]: DEBUG neutron.api.v2.resource_helper [None req-3893578d-1c08-4cd3-97c4-253fbb494f14 None None] Service L3_ROUTER_NAT assigned prefix: {{(pid=104233) build_resource_info /opt/stack/neutron/neutron/api/v2/resource_helper.py:77}}
Apr 25 16:15:47.012345 np0000170199 devstack@neutron-api.service[104233]: INFO neutron.quota.resource_registry [None req-3893578d-1c08-4cd3-97c4-253fbb494f14 None None] Creating instance of TrackedResource for resource:router
Apr 25 16:15:47.012982 np0000170199 devstack@neutron-api.service[104233]: INFO neutron.quota.resource_registry [None req-3893578d-1c08-4cd3-97c4-253fbb494f14 None None] Creating instance of TrackedResource for resource:floatingip
Apr 25 16:15:47.014341 np0000170199 devstack@neutron-api.service[104233]: INFO neutron.quota.resource_registry [None req-3893578d-1c08-4cd3-97c4-253fbb494f14 None None] Creating instance of CountableResource for resource:rbac_policy
Apr 25 16:15:47.017379 np0000170199 devstack@neutron-api.service[104235]: [pid: 104235|app: 0|req: 1/1] 199.204.45.216 () {62 vars in 988 bytes} [Sat Apr 25 16:15:47 2026] GET /networking => generated 130 bytes in 4 msecs (HTTP/1.1 200) 3 headers in 91 bytes (1 switches on core 0)
Apr 25 16:15:47.071934 np0000170199 devstack@neutron-api.service[104234]: DEBUG neutron_lib.callbacks.manager [None req-b3709d40-5eec-4b63-b35a-010a4d2f8e0e None None] Subscribe: > router precommit_create 55549900, False {{(pid=104234) subscribe /opt/stack/data/venv/lib/python3.12/site-packages/neutron_lib/callbacks/manager.py:52}}
Apr 25 16:15:47.072066 np0000170199 devstack@neutron-api.service[104234]: DEBUG neutron_lib.callbacks.manager [None req-b3709d40-5eec-4b63-b35a-010a4d2f8e0e None None] Subscribe: > router_interface after_create 55550000, False {{(pid=104234) subscribe /opt/stack/data/venv/lib/python3.12/site-packages/neutron_lib/callbacks/manager.py:52}}
Apr 25 16:15:47.072176 np0000170199 devstack@neutron-api.service[104234]: DEBUG neutron_lib.callbacks.manager [None req-b3709d40-5eec-4b63-b35a-010a4d2f8e0e None None] Subscribe: > floatingip after_create 55550000, False {{(pid=104234) subscribe /opt/stack/data/venv/lib/python3.12/site-packages/neutron_lib/callbacks/manager.py:52}}
Apr 25 16:15:47.072278 np0000170199 devstack@neutron-api.service[104234]: DEBUG neutron_lib.callbacks.manager [None req-b3709d40-5eec-4b63-b35a-010a4d2f8e0e None None] Subscribe: > floatingip precommit_create 55550000, False {{(pid=104234) subscribe /opt/stack/data/venv/lib/python3.12/site-packages/neutron_lib/callbacks/manager.py:52}}
Apr 25 16:15:47.072372 np0000170199 devstack@neutron-api.service[104234]: DEBUG neutron_lib.callbacks.manager [None req-b3709d40-5eec-4b63-b35a-010a4d2f8e0e None None] Subscribe: > floatingip precommit_update 55550000, False {{(pid=104234) subscribe /opt/stack/data/venv/lib/python3.12/site-packages/neutron_lib/callbacks/manager.py:52}}
Apr 25 16:15:47.072491 np0000170199 devstack@neutron-api.service[104234]: DEBUG neutron_lib.callbacks.manager [None req-b3709d40-5eec-4b63-b35a-010a4d2f8e0e None None] Subscribe: > floatingip after_delete 55550000, False {{(pid=104234) subscribe /opt/stack/data/venv/lib/python3.12/site-packages/neutron_lib/callbacks/manager.py:52}}
Apr 25 16:15:47.072600 np0000170199 devstack@neutron-api.service[104234]: DEBUG neutron_lib.callbacks.manager [None req-b3709d40-5eec-4b63-b35a-010a4d2f8e0e None None] Subscribe: > floatingip after_status_update 55550000, False {{(pid=104234) subscribe /opt/stack/data/venv/lib/python3.12/site-packages/neutron_lib/callbacks/manager.py:52}}
Apr 25 16:15:47.072704 np0000170199 devstack@neutron-api.service[104234]: DEBUG neutron_lib.callbacks.manager [None req-b3709d40-5eec-4b63-b35a-010a4d2f8e0e None None] Subscribe: > floatingip after_update 55550000, False {{(pid=104234) subscribe /opt/stack/data/venv/lib/python3.12/site-packages/neutron_lib/callbacks/manager.py:52}}
Apr 25 16:15:47.072804 np0000170199 devstack@neutron-api.service[104234]: DEBUG neutron_lib.callbacks.manager [None req-b3709d40-5eec-4b63-b35a-010a4d2f8e0e None None] Subscribe: > port_forwarding after_create 55550000, False {{(pid=104234) subscribe /opt/stack/data/venv/lib/python3.12/site-packages/neutron_lib/callbacks/manager.py:52}}
Apr 25 16:15:47.072907 np0000170199 devstack@neutron-api.service[104234]: DEBUG neutron_lib.callbacks.manager [None req-b3709d40-5eec-4b63-b35a-010a4d2f8e0e None None] Subscribe: > router_interface after_delete 55550000, False {{(pid=104234) subscribe /opt/stack/data/venv/lib/python3.12/site-packages/neutron_lib/callbacks/manager.py:52}}
Apr 25 16:15:47.073009 np0000170199 devstack@neutron-api.service[104234]: DEBUG neutron_lib.callbacks.manager [None req-b3709d40-5eec-4b63-b35a-010a4d2f8e0e None None] Subscribe: > router after_create 55550000, False {{(pid=104234) subscribe /opt/stack/data/venv/lib/python3.12/site-packages/neutron_lib/callbacks/manager.py:52}}
Apr 25 16:15:47.073110 np0000170199 devstack@neutron-api.service[104234]: DEBUG neutron_lib.callbacks.manager [None req-b3709d40-5eec-4b63-b35a-010a4d2f8e0e None None] Subscribe: > router precommit_create 55550000, False {{(pid=104234) subscribe /opt/stack/data/venv/lib/python3.12/site-packages/neutron_lib/callbacks/manager.py:52}}
Apr 25 16:15:47.073209 np0000170199 devstack@neutron-api.service[104234]: DEBUG neutron_lib.callbacks.manager [None req-b3709d40-5eec-4b63-b35a-010a4d2f8e0e None None] Subscribe: > router after_delete 55550000, False {{(pid=104234) subscribe /opt/stack/data/venv/lib/python3.12/site-packages/neutron_lib/callbacks/manager.py:52}}
Apr 25 16:15:47.073309 np0000170199 devstack@neutron-api.service[104234]: DEBUG neutron_lib.callbacks.manager [None req-b3709d40-5eec-4b63-b35a-010a4d2f8e0e None None] Subscribe: > router after_update 55550000, False {{(pid=104234) subscribe /opt/stack/data/venv/lib/python3.12/site-packages/neutron_lib/callbacks/manager.py:52}}
Apr 25 16:15:47.073422 np0000170199 devstack@neutron-api.service[104234]: DEBUG neutron.services.service_base [None req-b3709d40-5eec-4b63-b35a-010a4d2f8e0e None None] Loaded 'neutron.services.ovn_l3.service_providers.ovn.OvnDriver' provider for service L3_ROUTER_NAT {{(pid=104234) load_drivers /opt/stack/neutron/neutron/services/service_base.py:49}}
Apr 25 16:15:47.073581 np0000170199 devstack@neutron-api.service[104234]: DEBUG neutron_lib.callbacks.manager [None req-b3709d40-5eec-4b63-b35a-010a4d2f8e0e None None] Subscribe: > process after_init 55550001, True {{(pid=104234) subscribe /opt/stack/data/venv/lib/python3.12/site-packages/neutron_lib/callbacks/manager.py:52}}
Apr 25 16:15:47.073737 np0000170199 devstack@neutron-api.service[104234]: DEBUG neutron.manager [None req-b3709d40-5eec-4b63-b35a-010a4d2f8e0e None None] Successfully loaded L3_ROUTER_NAT plugin. Description: L3 Router Service Plugin for basic L3 forwarding using OVN {{(pid=104234) _create_and_add_service_plugin /opt/stack/neutron/neutron/manager.py:239}}
Apr 25 16:15:47.073829 np0000170199 devstack@neutron-api.service[104234]: INFO neutron.manager [None req-b3709d40-5eec-4b63-b35a-010a4d2f8e0e None None] Loading Plugin: auto_allocate
Apr 25 16:15:47.074858 np0000170199 devstack@neutron-api.service[104234]: DEBUG neutron_lib.callbacks.manager [None req-b3709d40-5eec-4b63-b35a-010a4d2f8e0e None None] Subscribe: network precommit_update 55550000, False {{(pid=104234) subscribe /opt/stack/data/venv/lib/python3.12/site-packages/neutron_lib/callbacks/manager.py:52}}
Apr 25 16:15:47.074962 np0000170199 devstack@neutron-api.service[104234]: DEBUG neutron_lib.callbacks.manager [None req-b3709d40-5eec-4b63-b35a-010a4d2f8e0e None None] Subscribe: network precommit_create 55550000, False {{(pid=104234) subscribe /opt/stack/data/venv/lib/python3.12/site-packages/neutron_lib/callbacks/manager.py:52}}
Apr 25 16:15:47.076060 np0000170199 devstack@neutron-api.service[104234]: DEBUG neutron.manager [None req-b3709d40-5eec-4b63-b35a-010a4d2f8e0e None None] Successfully loaded auto-allocated-topology plugin. Description: Auto Allocated Topology - aka get me a network. {{(pid=104234) _create_and_add_service_plugin /opt/stack/neutron/neutron/manager.py:239}}
Apr 25 16:15:47.076060 np0000170199 devstack@neutron-api.service[104234]: INFO neutron.manager [None req-b3709d40-5eec-4b63-b35a-010a4d2f8e0e None None] Loading Plugin: tag
Apr 25 16:15:47.078102 np0000170199 devstack@neutron-api.service[104234]: DEBUG neutron.manager [None req-b3709d40-5eec-4b63-b35a-010a4d2f8e0e None None] Successfully loaded TAG plugin. Description: Tag support {{(pid=104234) _create_and_add_service_plugin /opt/stack/neutron/neutron/manager.py:239}}
Apr 25 16:15:47.078203 np0000170199 devstack@neutron-api.service[104234]: INFO neutron.manager [None req-b3709d40-5eec-4b63-b35a-010a4d2f8e0e None None] Loading Plugin: timestamp
Apr 25 16:15:47.079717 np0000170199 devstack@neutron-api.service[104234]: DEBUG neutron.manager [None req-b3709d40-5eec-4b63-b35a-010a4d2f8e0e None None] Successfully loaded timestamp plugin. Description: Adds timestamps to Neutron resources with standard attributes {{(pid=104234) _create_and_add_service_plugin /opt/stack/neutron/neutron/manager.py:239}}
Apr 25 16:15:47.079717 np0000170199 devstack@neutron-api.service[104234]: INFO neutron.manager [None req-b3709d40-5eec-4b63-b35a-010a4d2f8e0e None None] Loading Plugin: network_ip_availability
Apr 25 16:15:47.081158 np0000170199 devstack@neutron-api.service[104234]: DEBUG neutron.manager [None req-b3709d40-5eec-4b63-b35a-010a4d2f8e0e None None] Successfully loaded network-ip-availability plugin. Description: Provides IP availability data for each network and subnet. {{(pid=104234) _create_and_add_service_plugin /opt/stack/neutron/neutron/manager.py:239}}
Apr 25 16:15:47.081250 np0000170199 devstack@neutron-api.service[104234]: INFO neutron.manager [None req-b3709d40-5eec-4b63-b35a-010a4d2f8e0e None None] Loading Plugin: flavors
Apr 25 16:15:47.082187 np0000170199 devstack@neutron-api.service[104234]: DEBUG neutron.manager [None req-b3709d40-5eec-4b63-b35a-010a4d2f8e0e None None] Successfully loaded FLAVORS plugin. Description: Neutron Flavors and Service Profiles manager plugin {{(pid=104234) _create_and_add_service_plugin /opt/stack/neutron/neutron/manager.py:239}}
Apr 25 16:15:47.082281 np0000170199 devstack@neutron-api.service[104234]: INFO neutron.manager [None req-b3709d40-5eec-4b63-b35a-010a4d2f8e0e None None] Loading Plugin: revisions
Apr 25 16:15:47.083449 np0000170199 devstack@neutron-api.service[104234]: DEBUG neutron.manager [None req-b3709d40-5eec-4b63-b35a-010a4d2f8e0e None None] Successfully loaded revision_plugin plugin. Description: Adds revision numbers to resources. {{(pid=104234) _create_and_add_service_plugin /opt/stack/neutron/neutron/manager.py:239}}
Apr 25 16:15:47.083594 np0000170199 devstack@neutron-api.service[104234]: DEBUG oslo_concurrency.lockutils [None req-b3709d40-5eec-4b63-b35a-010a4d2f8e0e None None] Lock "manager" "released" by "neutron.manager.NeutronManager._create_instance" :: held 4.536s {{(pid=104234) inner /opt/stack/data/venv/lib/python3.12/site-packages/oslo_concurrency/lockutils.py:538}}
Apr 25 16:15:47.083824 np0000170199 devstack@neutron-api.service[104234]: DEBUG neutron.api.extensions [None req-b3709d40-5eec-4b63-b35a-010a4d2f8e0e None None] get_extension_paths = OrderedDict({'/opt/stack/neutron/neutron/extensions': 1}) {{(pid=104234) get_extensions_path /opt/stack/neutron/neutron/api/extensions.py:640}}
Apr 25 16:15:47.083920 np0000170199 devstack@neutron-api.service[104234]: INFO neutron.api.extensions [None req-b3709d40-5eec-4b63-b35a-010a4d2f8e0e None None] Initializing extension manager.
Apr 25 16:15:47.084171 np0000170199 devstack@neutron-api.service[104234]: DEBUG neutron.api.extensions [None req-b3709d40-5eec-4b63-b35a-010a4d2f8e0e None None] Loading extension file: __init__.py {{(pid=104234) _load_all_extensions_from_path /opt/stack/neutron/neutron/api/extensions.py:449}}
Apr 25 16:15:47.084266 np0000170199 devstack@neutron-api.service[104234]: DEBUG neutron.api.extensions [None req-b3709d40-5eec-4b63-b35a-010a4d2f8e0e None None] Loading extension file: __pycache__ {{(pid=104234) _load_all_extensions_from_path /opt/stack/neutron/neutron/api/extensions.py:449}}
Apr 25 16:15:47.084363 np0000170199 devstack@neutron-api.service[104234]: DEBUG neutron.api.extensions [None req-b3709d40-5eec-4b63-b35a-010a4d2f8e0e None None] Loading extension file: address_group.py {{(pid=104234) _load_all_extensions_from_path /opt/stack/neutron/neutron/api/extensions.py:449}}
Apr 25 16:15:47.084704 np0000170199 devstack@neutron-api.service[104234]: DEBUG neutron.api.extensions [None req-b3709d40-5eec-4b63-b35a-010a4d2f8e0e None None] Ext name="Address group" alias="address-group" description="Support address group" updated="2020-07-15T10:00:00-00:00" {{(pid=104234) _check_extension /opt/stack/neutron/neutron/api/extensions.py:415}}
Apr 25 16:15:47.084958 np0000170199 devstack@neutron-api.service[104234]: INFO neutron.api.extensions [None req-b3709d40-5eec-4b63-b35a-010a4d2f8e0e None None] Loaded extension: address-group
Apr 25 16:15:47.085053 np0000170199 devstack@neutron-api.service[104234]: DEBUG neutron.api.extensions [None req-b3709d40-5eec-4b63-b35a-010a4d2f8e0e None None] Loading extension file: address_scope.py {{(pid=104234) _load_all_extensions_from_path /opt/stack/neutron/neutron/api/extensions.py:449}}
Apr 25 16:15:47.085350 np0000170199 devstack@neutron-api.service[104234]: DEBUG neutron.api.extensions [None req-b3709d40-5eec-4b63-b35a-010a4d2f8e0e None None] Ext name="Address scope" alias="address-scope" description="Address scopes extension." updated="2015-07-26T10:00:00-00:00" {{(pid=104234) _check_extension /opt/stack/neutron/neutron/api/extensions.py:415}}
Apr 25 16:15:47.085559 np0000170199 devstack@neutron-api.service[104234]: INFO neutron.api.extensions [None req-b3709d40-5eec-4b63-b35a-010a4d2f8e0e None None] Loaded extension: address-scope
Apr 25 16:15:47.085639 np0000170199 devstack@neutron-api.service[104234]: DEBUG neutron.api.extensions [None req-b3709d40-5eec-4b63-b35a-010a4d2f8e0e None None] Loading extension file: admin_state_down_before_update.py {{(pid=104234) _load_all_extensions_from_path /opt/stack/neutron/neutron/api/extensions.py:449}}
Apr 25 16:15:47.085878 np0000170199 devstack@neutron-api.service[104234]: DEBUG neutron.api.extensions [None req-b3709d40-5eec-4b63-b35a-010a4d2f8e0e None None] Ext name="Enforce Router's Admin State Down Before Update Extension" alias="router-admin-state-down-before-update" description="Ensure that the admin state of a router is DOWN (admin_state_up=False) before updating the distributed attribute" updated="2019-07-02T15:56:00" {{(pid=104234) _check_extension /opt/stack/neutron/neutron/api/extensions.py:415}}
Apr 25 16:15:47.086049 np0000170199 devstack@neutron-api.service[104234]: INFO neutron.api.extensions [None req-b3709d40-5eec-4b63-b35a-010a4d2f8e0e None None] Extension router-admin-state-down-before-update not supported by any of loaded plugins
Apr 25 16:15:47.086136 np0000170199 devstack@neutron-api.service[104234]: DEBUG neutron.api.extensions [None req-b3709d40-5eec-4b63-b35a-010a4d2f8e0e None None] Loading extension file: agent.py {{(pid=104234) _load_all_extensions_from_path /opt/stack/neutron/neutron/api/extensions.py:449}}
Apr 25 16:15:47.086528 np0000170199 devstack@neutron-api.service[104234]: DEBUG neutron.api.extensions [None req-b3709d40-5eec-4b63-b35a-010a4d2f8e0e None None] Ext name="agent" alias="agent" description="The agent management extension." updated="2013-02-03T10:00:00-00:00" {{(pid=104234) _check_extension /opt/stack/neutron/neutron/api/extensions.py:415}}
Apr 25 16:15:47.086724 np0000170199 devstack@neutron-api.service[104234]: INFO neutron.api.extensions [None req-b3709d40-5eec-4b63-b35a-010a4d2f8e0e None None] Loaded extension: agent
Apr 25 16:15:47.086845 np0000170199 devstack@neutron-api.service[104234]: DEBUG neutron.api.extensions [None req-b3709d40-5eec-4b63-b35a-010a4d2f8e0e None None] Loading extension file: agent_resources_synced.py {{(pid=104234) _load_all_extensions_from_path /opt/stack/neutron/neutron/api/extensions.py:449}}
Apr 25 16:15:47.087082 np0000170199 devstack@neutron-api.service[104234]: DEBUG neutron.api.extensions [None req-b3709d40-5eec-4b63-b35a-010a4d2f8e0e None None] Ext name="Agent's Resource View Synced to Placement" alias="agent-resources-synced" description="Stores success/failure of last sync to Placement" updated="2018-12-19T00:00:00-00:00" {{(pid=104234) _check_extension /opt/stack/neutron/neutron/api/extensions.py:415}}
Apr 25 16:15:47.087254 np0000170199 devstack@neutron-api.service[104234]: INFO neutron.api.extensions [None req-b3709d40-5eec-4b63-b35a-010a4d2f8e0e None None] Extension agent-resources-synced not supported by any of loaded plugins
Apr 25 16:15:47.087340 np0000170199 devstack@neutron-api.service[104234]: DEBUG neutron.api.extensions [None req-b3709d40-5eec-4b63-b35a-010a4d2f8e0e None None] Loading extension file: allowedaddresspairs.py {{(pid=104234) _load_all_extensions_from_path /opt/stack/neutron/neutron/api/extensions.py:449}}
Apr 25 16:15:47.088085 np0000170199 devstack@neutron-api.service[104234]: DEBUG neutron.api.extensions [None req-b3709d40-5eec-4b63-b35a-010a4d2f8e0e None None] Ext name="Allowed Address Pairs" alias="allowed-address-pairs" description="Provides allowed address pairs" updated="2013-07-23T10:00:00-00:00" {{(pid=104234) _check_extension /opt/stack/neutron/neutron/api/extensions.py:415}}
Apr 25 16:15:47.088266 np0000170199 devstack@neutron-api.service[104234]: INFO neutron.api.extensions [None req-b3709d40-5eec-4b63-b35a-010a4d2f8e0e None None] Loaded extension: allowed-address-pairs
Apr 25 16:15:47.088357 np0000170199 devstack@neutron-api.service[104234]: DEBUG neutron.api.extensions [None req-b3709d40-5eec-4b63-b35a-010a4d2f8e0e None None] Loading extension file: auto_allocated_topology.py {{(pid=104234) _load_all_extensions_from_path /opt/stack/neutron/neutron/api/extensions.py:449}}
Apr 25 16:15:47.088621 np0000170199 devstack@neutron-api.service[104234]: DEBUG neutron.api.extensions [None req-b3709d40-5eec-4b63-b35a-010a4d2f8e0e None None] Ext name="Auto Allocated Topology Services" alias="auto-allocated-topology" description="Auto Allocated Topology Services." updated="2016-01-01T00:00:00-00:00" {{(pid=104234) _check_extension /opt/stack/neutron/neutron/api/extensions.py:415}}
Apr 25 16:15:47.088797 np0000170199 devstack@neutron-api.service[104234]: INFO neutron.api.extensions [None req-b3709d40-5eec-4b63-b35a-010a4d2f8e0e None None] Loaded extension: auto-allocated-topology
Apr 25 16:15:47.088884 np0000170199 devstack@neutron-api.service[104234]: DEBUG neutron.api.extensions [None req-b3709d40-5eec-4b63-b35a-010a4d2f8e0e None None] Loading extension file: availability_zone.py {{(pid=104234) _load_all_extensions_from_path /opt/stack/neutron/neutron/api/extensions.py:449}}
Apr 25 16:15:47.089167 np0000170199 devstack@neutron-api.service[104234]: DEBUG neutron.api.extensions [None req-b3709d40-5eec-4b63-b35a-010a4d2f8e0e None None] Ext name="Availability Zone" alias="availability_zone" description="The availability zone extension." updated="2015-01-01T10:00:00-00:00" {{(pid=104234) _check_extension /opt/stack/neutron/neutron/api/extensions.py:415}}
Apr 25 16:15:47.089342 np0000170199 devstack@neutron-api.service[104234]: INFO neutron.api.extensions [None req-b3709d40-5eec-4b63-b35a-010a4d2f8e0e None None] Loaded extension: availability_zone
Apr 25 16:15:47.089431 np0000170199 devstack@neutron-api.service[104234]: DEBUG neutron.api.extensions [None req-b3709d40-5eec-4b63-b35a-010a4d2f8e0e None None] Loading extension file: availability_zone_filter.py {{(pid=104234) _load_all_extensions_from_path /opt/stack/neutron/neutron/api/extensions.py:449}}
Apr 25 16:15:47.090524 np0000170199 devstack@neutron-api.service[104234]: DEBUG neutron.api.extensions [None req-b3709d40-5eec-4b63-b35a-010a4d2f8e0e None None] Ext name="Availability Zone Filter Extension" alias="availability_zone_filter" description="Add filter parameters to AvailabilityZone resource" updated="2018-06-22T10:00:00-00:00" {{(pid=104234) _check_extension /opt/stack/neutron/neutron/api/extensions.py:415}}
Apr 25 16:15:47.090524 np0000170199 devstack@neutron-api.service[104234]: INFO neutron.api.extensions [None req-b3709d40-5eec-4b63-b35a-010a4d2f8e0e None None] Extension availability_zone_filter not supported by any of loaded plugins
Apr 25 16:15:47.090524 np0000170199 devstack@neutron-api.service[104234]: DEBUG neutron.api.extensions [None req-b3709d40-5eec-4b63-b35a-010a4d2f8e0e None None] Loading extension file: data_plane_status.py {{(pid=104234) _load_all_extensions_from_path /opt/stack/neutron/neutron/api/extensions.py:449}}
Apr 25 16:15:47.090524 np0000170199 devstack@neutron-api.service[104234]: DEBUG neutron.api.extensions [None req-b3709d40-5eec-4b63-b35a-010a4d2f8e0e None None] Ext name="Port data plane status extension" alias="data-plane-status" description="Expose status of underlying data plane" updated="2017-01-24T10:00:00-00:00" {{(pid=104234) _check_extension /opt/stack/neutron/neutron/api/extensions.py:415}}
Apr 25 16:15:47.090524 np0000170199 devstack@neutron-api.service[104234]: INFO neutron.api.extensions [None req-b3709d40-5eec-4b63-b35a-010a4d2f8e0e None None] Extension data-plane-status not supported by any of loaded plugins
Apr 25 16:15:47.090524 np0000170199 devstack@neutron-api.service[104234]: DEBUG neutron.api.extensions [None req-b3709d40-5eec-4b63-b35a-010a4d2f8e0e None None] Loading extension file: default_subnetpools.py {{(pid=104234) _load_all_extensions_from_path /opt/stack/neutron/neutron/api/extensions.py:449}}
Apr 25 16:15:47.090820 np0000170199 devstack@neutron-api.service[104234]: DEBUG neutron.api.extensions [None req-b3709d40-5eec-4b63-b35a-010a4d2f8e0e None None] Ext name="Default Subnetpools" alias="default-subnetpools" description="Provides ability to mark and use a subnetpool as the default." updated="2016-02-18T18:00:00-00:00" {{(pid=104234) _check_extension /opt/stack/neutron/neutron/api/extensions.py:415}}
Apr 25 16:15:47.090820 np0000170199 devstack@neutron-api.service[104234]: INFO neutron.api.extensions [None req-b3709d40-5eec-4b63-b35a-010a4d2f8e0e None None] Loaded extension: default-subnetpools
Apr 25 16:15:47.090935 np0000170199 devstack@neutron-api.service[104234]: DEBUG neutron.api.extensions [None req-b3709d40-5eec-4b63-b35a-010a4d2f8e0e None None] Loading extension file: dhcpagentscheduler.py {{(pid=104234) _load_all_extensions_from_path /opt/stack/neutron/neutron/api/extensions.py:449}}
Apr 25 16:15:47.091299 np0000170199 devstack@neutron-api.service[104234]: DEBUG neutron.api.extensions [None req-b3709d40-5eec-4b63-b35a-010a4d2f8e0e None None] Ext name="DHCP Agent Scheduler" alias="dhcp_agent_scheduler" description="Schedule networks among dhcp agents" updated="2013-02-07T10:00:00-00:00" {{(pid=104234) _check_extension /opt/stack/neutron/neutron/api/extensions.py:415}}
Apr 25 16:15:47.091461 np0000170199 devstack@neutron-api.service[104234]: INFO neutron.api.extensions [None req-b3709d40-5eec-4b63-b35a-010a4d2f8e0e None None] Loaded extension: dhcp_agent_scheduler
Apr 25 16:15:47.091571 np0000170199 devstack@neutron-api.service[104234]: DEBUG neutron.api.extensions [None req-b3709d40-5eec-4b63-b35a-010a4d2f8e0e None None] Loading extension file: dns.py {{(pid=104234) _load_all_extensions_from_path /opt/stack/neutron/neutron/api/extensions.py:449}}
Apr 25 16:15:47.091824 np0000170199 devstack@neutron-api.service[104234]: DEBUG neutron.api.extensions [None req-b3709d40-5eec-4b63-b35a-010a4d2f8e0e None None] Ext name="DNS Integration" alias="dns-integration" description="Provides integration with DNS." updated="2015-08-15T18:00:00-00:00" {{(pid=104234) _check_extension /opt/stack/neutron/neutron/api/extensions.py:415}}
Apr 25 16:15:47.091965 np0000170199 devstack@neutron-api.service[104234]: INFO neutron.api.extensions [None req-b3709d40-5eec-4b63-b35a-010a4d2f8e0e None None] Loaded extension: dns-integration
Apr 25 16:15:47.092006 np0000170199 devstack@neutron-api.service[104234]: DEBUG neutron.api.extensions [None req-b3709d40-5eec-4b63-b35a-010a4d2f8e0e None None] Loading extension file: dns_domain_ports.py {{(pid=104234) _load_all_extensions_from_path /opt/stack/neutron/neutron/api/extensions.py:449}}
Apr 25 16:15:47.092546 np0000170199 devstack@neutron-api.service[104234]: DEBUG neutron.api.extensions [None req-b3709d40-5eec-4b63-b35a-010a4d2f8e0e None None] Ext name="dns_domain for ports" alias="dns-domain-ports" description="Allows the DNS domain to be specified for a network port." updated="2017-04-24T10:00:00-00:00" {{(pid=104234) _check_extension /opt/stack/neutron/neutron/api/extensions.py:415}}
Apr 25 16:15:47.092639 np0000170199 devstack@neutron-api.service[104234]: INFO neutron.api.extensions [None req-b3709d40-5eec-4b63-b35a-010a4d2f8e0e None None] Loaded extension: dns-domain-ports
Apr 25 16:15:47.092715 np0000170199 devstack@neutron-api.service[104234]: DEBUG neutron.api.extensions [None req-b3709d40-5eec-4b63-b35a-010a4d2f8e0e None None] Loading extension file: dns_integration_domain_keywords.py {{(pid=104234) _load_all_extensions_from_path /opt/stack/neutron/neutron/api/extensions.py:449}}
Apr 25 16:15:47.092909 np0000170199 devstack@neutron-api.service[104234]: DEBUG neutron.api.extensions [None req-b3709d40-5eec-4b63-b35a-010a4d2f8e0e None None] Ext name="DNS domain names with keywords allowed" alias="dns-integration-domain-keywords" description="Allows to use keywords like , , and as DNS domain name" updated="2020-06-15T18:00:00-00:00" {{(pid=104234) _check_extension /opt/stack/neutron/neutron/api/extensions.py:415}}
Apr 25 16:15:47.093069 np0000170199 devstack@neutron-api.service[104234]: INFO neutron.api.extensions [None req-b3709d40-5eec-4b63-b35a-010a4d2f8e0e None None] Loaded extension: dns-integration-domain-keywords
Apr 25 16:15:47.093163 np0000170199 devstack@neutron-api.service[104234]: DEBUG neutron.api.extensions [None req-b3709d40-5eec-4b63-b35a-010a4d2f8e0e None None] Loading extension file: dvr.py {{(pid=104234) _load_all_extensions_from_path /opt/stack/neutron/neutron/api/extensions.py:449}}
Apr 25 16:15:47.093432 np0000170199 devstack@neutron-api.service[104234]: DEBUG neutron.api.extensions [None req-b3709d40-5eec-4b63-b35a-010a4d2f8e0e None None] Ext name="Distributed Virtual Router" alias="dvr" description="Enables configuration of Distributed Virtual Routers." updated="2014-06-1T10:00:00-00:00" {{(pid=104234) _check_extension /opt/stack/neutron/neutron/api/extensions.py:415}}
Apr 25 16:15:47.093759 np0000170199 devstack@neutron-api.service[104234]: INFO neutron.api.extensions [None req-b3709d40-5eec-4b63-b35a-010a4d2f8e0e None None] Extension dvr not supported by any of loaded plugins
Apr 25 16:15:47.093881 np0000170199 devstack@neutron-api.service[104234]: DEBUG neutron.api.extensions [None req-b3709d40-5eec-4b63-b35a-010a4d2f8e0e None None] Loading extension file: ecmp_routes.py {{(pid=104234) _load_all_extensions_from_path /opt/stack/neutron/neutron/api/extensions.py:449}}
Apr 25 16:15:47.094209 np0000170199 devstack@neutron-api.service[104234]: DEBUG neutron.api.extensions [None req-b3709d40-5eec-4b63-b35a-010a4d2f8e0e None None] Ext name="Equal Cost Multipath Routing" alias="ecmp_routes" description="Allows traffic to reach thesame destination via multiple different links " updated="2020-11-26T18:00:00-00:00" {{(pid=104234) _check_extension /opt/stack/neutron/neutron/api/extensions.py:415}}
Apr 25 16:15:47.094381 np0000170199 devstack@neutron-api.service[104234]: INFO neutron.api.extensions [None req-b3709d40-5eec-4b63-b35a-010a4d2f8e0e None None] Extension ecmp_routes not supported by any of loaded plugins
Apr 25 16:15:47.094466 np0000170199 devstack@neutron-api.service[104234]: DEBUG neutron.api.extensions [None req-b3709d40-5eec-4b63-b35a-010a4d2f8e0e None None] Loading extension file: empty_string_filtering.py {{(pid=104234) _load_all_extensions_from_path /opt/stack/neutron/neutron/api/extensions.py:449}}
Apr 25 16:15:47.094716 np0000170199 devstack@neutron-api.service[104234]: DEBUG neutron.api.extensions [None req-b3709d40-5eec-4b63-b35a-010a4d2f8e0e None None] Ext name="Empty String Filtering Extension" alias="empty-string-filtering" description="Allow filtering by attributes with empty string value" updated="2018-05-01T10:00:00-00:00" {{(pid=104234) _check_extension /opt/stack/neutron/neutron/api/extensions.py:415}}
Apr 25 16:15:47.094992 np0000170199 devstack@neutron-api.service[104234]: INFO neutron.api.extensions [None req-b3709d40-5eec-4b63-b35a-010a4d2f8e0e None None] Loaded extension: empty-string-filtering
Apr 25 16:15:47.095079 np0000170199 devstack@neutron-api.service[104234]: DEBUG neutron.api.extensions [None req-b3709d40-5eec-4b63-b35a-010a4d2f8e0e None None] Loading extension file: expose_l3_conntrack_helper.py {{(pid=104234) _load_all_extensions_from_path /opt/stack/neutron/neutron/api/extensions.py:449}}
