May 09 01:37:54.659851 np0000172844 systemd[1]: Starting devstack@n-api-meta.service - Devstack devstack@n-api-meta.service...
May 09 01:37:54.666561 np0000172844 devstack@n-api-meta.service[108352]: [uWSGI] getting INI configuration from /etc/nova/nova-metadata-uwsgi.ini
May 09 01:37:54.671177 np0000172844 devstack@n-api-meta.service[108352]: *** Starting uWSGI 2.0.24-debian (64bit) on [Sat May 9 01:37:54 2026] ***
May 09 01:37:54.671177 np0000172844 devstack@n-api-meta.service[108352]: compiled with version: 13.2.0 on 17 April 2024 16:23:48
May 09 01:37:54.671177 np0000172844 devstack@n-api-meta.service[108352]: os: Linux-6.8.0-111-generic #111-Ubuntu SMP PREEMPT_DYNAMIC Sat Apr 11 23:16:02 UTC 2026
May 09 01:37:54.671177 np0000172844 devstack@n-api-meta.service[108352]: nodename: np0000172844
May 09 01:37:54.671177 np0000172844 devstack@n-api-meta.service[108352]: machine: x86_64
May 09 01:37:54.671177 np0000172844 devstack@n-api-meta.service[108352]: clock source: unix
May 09 01:37:54.671177 np0000172844 devstack@n-api-meta.service[108352]: pcre jit disabled
May 09 01:37:54.671177 np0000172844 devstack@n-api-meta.service[108352]: detected number of CPU cores: 16
May 09 01:37:54.671177 np0000172844 devstack@n-api-meta.service[108352]: current working directory: /
May 09 01:37:54.671177 np0000172844 devstack@n-api-meta.service[108352]: detected binary path: /usr/bin/uwsgi-core
May 09 01:37:54.671177 np0000172844 devstack@n-api-meta.service[108352]: your processes number limit is 256917
May 09 01:37:54.671177 np0000172844 devstack@n-api-meta.service[108352]: your memory page size is 4096 bytes
May 09 01:37:54.671177 np0000172844 devstack@n-api-meta.service[108352]: detected max file descriptor number: 2048
May 09 01:37:54.671177 np0000172844 devstack@n-api-meta.service[108352]: lock engine: pthread robust mutexes
May 09 01:37:54.671989 np0000172844 devstack@n-api-meta.service[108352]: thunder lock: enabled
May 09 01:37:54.671989 np0000172844 devstack@n-api-meta.service[108352]: uWSGI http bound on 0.0.0.0:8775 fd 5
May 09 01:37:54.671989 np0000172844 devstack@n-api-meta.service[108352]: uwsgi socket 0 bound to TCP address 127.0.0.1:39663 (port auto-assigned) fd 4
May 09 01:37:54.671989 np0000172844 devstack@n-api-meta.service[108352]: Python version: 3.12.3 (main, Mar 23 2026, 19:04:32) [GCC 13.3.0]
May 09 01:37:54.671989 np0000172844 devstack@n-api-meta.service[108352]: PEP 405 virtualenv detected: /opt/stack/data/venv
May 09 01:37:54.671989 np0000172844 devstack@n-api-meta.service[108352]: Set PythonHome to /opt/stack/data/venv
May 09 01:37:54.706373 np0000172844 devstack@n-api-meta.service[108352]: Python main interpreter initialized at 0x70d369ca3668
May 09 01:37:54.706373 np0000172844 devstack@n-api-meta.service[108352]: python threads support enabled
May 09 01:37:54.706373 np0000172844 devstack@n-api-meta.service[108352]: your server socket listen backlog is limited to 100 connections
May 09 01:37:54.706373 np0000172844 devstack@n-api-meta.service[108352]: your mercy for graceful operations on workers is 80 seconds
May 09 01:37:54.706929 np0000172844 devstack@n-api-meta.service[108352]: mapped 671795 bytes (656 KB) for 4 cores
May 09 01:37:54.707065 np0000172844 devstack@n-api-meta.service[108352]: *** Operational MODE: preforking ***
May 09 01:37:54.707284 np0000172844 devstack@n-api-meta.service[108352]: *** uWSGI is running in multiple interpreter mode ***
May 09 01:37:54.707284 np0000172844 devstack@n-api-meta.service[108352]: spawned uWSGI master process (pid: 108352)
May 09 01:37:54.707448 np0000172844 systemd[1]: Started devstack@n-api-meta.service - Devstack devstack@n-api-meta.service.
May 09 01:37:54.707990 np0000172844 devstack@n-api-meta.service[108352]: spawned uWSGI worker 1 (pid: 108353, cores: 1)
May 09 01:37:54.708502 np0000172844 devstack@n-api-meta.service[108352]: spawned uWSGI worker 2 (pid: 108354, cores: 1)
May 09 01:37:54.709167 np0000172844 devstack@n-api-meta.service[108352]: spawned uWSGI worker 3 (pid: 108355, cores: 1)
May 09 01:37:54.709649 np0000172844 devstack@n-api-meta.service[108352]: spawned uWSGI worker 4 (pid: 108356, cores: 1)
May 09 01:37:54.710140 np0000172844 devstack@n-api-meta.service[108352]: spawned uWSGI http 1 (pid: 108357)
May 09 01:37:54.710140 np0000172844 devstack@n-api-meta.service[108352]: running "unix_signal:15 gracefully_kill_them_all" (master-start)...
May 09 01:37:55.031372 np0000172844 devstack@n-api-meta.service[108354]: /opt/stack/data/venv/lib/python3.12/site-packages/oslo_concurrency/lockutils.py:41: EventletDeprecationWarning:
May 09 01:37:55.031372 np0000172844 devstack@n-api-meta.service[108354]: Eventlet is deprecated. It is currently being maintained in bugfix mode, and
May 09 01:37:55.031372 np0000172844 devstack@n-api-meta.service[108354]: we strongly recommend against using it for new projects.
May 09 01:37:55.031372 np0000172844 devstack@n-api-meta.service[108354]: If you are already using Eventlet, we recommend migrating to a different
May 09 01:37:55.031372 np0000172844 devstack@n-api-meta.service[108354]: framework. For more detail see
May 09 01:37:55.031372 np0000172844 devstack@n-api-meta.service[108354]: https://eventlet.readthedocs.io/en/latest/asyncio/migration.html
May 09 01:37:55.031372 np0000172844 devstack@n-api-meta.service[108354]: import eventlet
May 09 01:37:55.034016 np0000172844 devstack@n-api-meta.service[108356]: /opt/stack/data/venv/lib/python3.12/site-packages/oslo_concurrency/lockutils.py:41: EventletDeprecationWarning:
May 09 01:37:55.034016 np0000172844 devstack@n-api-meta.service[108356]: Eventlet is deprecated. It is currently being maintained in bugfix mode, and
May 09 01:37:55.034016 np0000172844 devstack@n-api-meta.service[108356]: we strongly recommend against using it for new projects.
May 09 01:37:55.034016 np0000172844 devstack@n-api-meta.service[108356]: If you are already using Eventlet, we recommend migrating to a different
May 09 01:37:55.034016 np0000172844 devstack@n-api-meta.service[108356]: framework. For more detail see
May 09 01:37:55.034016 np0000172844 devstack@n-api-meta.service[108356]: https://eventlet.readthedocs.io/en/latest/asyncio/migration.html
May 09 01:37:55.034016 np0000172844 devstack@n-api-meta.service[108356]: import eventlet
May 09 01:37:55.037130 np0000172844 devstack@n-api-meta.service[108355]: /opt/stack/data/venv/lib/python3.12/site-packages/oslo_concurrency/lockutils.py:41: EventletDeprecationWarning:
May 09 01:37:55.037130 np0000172844 devstack@n-api-meta.service[108355]: Eventlet is deprecated. It is currently being maintained in bugfix mode, and
May 09 01:37:55.037130 np0000172844 devstack@n-api-meta.service[108355]: we strongly recommend against using it for new projects.
May 09 01:37:55.037130 np0000172844 devstack@n-api-meta.service[108355]: If you are already using Eventlet, we recommend migrating to a different
May 09 01:37:55.037130 np0000172844 devstack@n-api-meta.service[108355]: framework. For more detail see
May 09 01:37:55.037130 np0000172844 devstack@n-api-meta.service[108355]: https://eventlet.readthedocs.io/en/latest/asyncio/migration.html
May 09 01:37:55.037130 np0000172844 devstack@n-api-meta.service[108355]: import eventlet
May 09 01:37:55.061949 np0000172844 devstack@n-api-meta.service[108353]: /opt/stack/data/venv/lib/python3.12/site-packages/oslo_concurrency/lockutils.py:41: EventletDeprecationWarning:
May 09 01:37:55.061949 np0000172844 devstack@n-api-meta.service[108353]: Eventlet is deprecated. It is currently being maintained in bugfix mode, and
May 09 01:37:55.061949 np0000172844 devstack@n-api-meta.service[108353]: we strongly recommend against using it for new projects.
May 09 01:37:55.061949 np0000172844 devstack@n-api-meta.service[108353]: If you are already using Eventlet, we recommend migrating to a different
May 09 01:37:55.061949 np0000172844 devstack@n-api-meta.service[108353]: framework. For more detail see
May 09 01:37:55.061949 np0000172844 devstack@n-api-meta.service[108353]: https://eventlet.readthedocs.io/en/latest/asyncio/migration.html
May 09 01:37:55.061949 np0000172844 devstack@n-api-meta.service[108353]: import eventlet
May 09 01:37:55.078898 np0000172844 devstack@n-api-meta.service[108354]: Service is starting with native threading. This is currently experimental. Do not use it in production without first testing it in pre-production.
May 09 01:37:55.082773 np0000172844 devstack@n-api-meta.service[108356]: Service is starting with native threading. This is currently experimental. Do not use it in production without first testing it in pre-production.
May 09 01:37:55.085688 np0000172844 devstack@n-api-meta.service[108355]: Service is starting with native threading. This is currently experimental. Do not use it in production without first testing it in pre-production.
May 09 01:37:55.117896 np0000172844 devstack@n-api-meta.service[108353]: Service is starting with native threading. This is currently experimental. Do not use it in production without first testing it in pre-production.
May 09 01:37:56.511340 np0000172844 devstack@n-api-meta.service[108354]: INFO dbcounter [None req-0f494016-8f77-4245-ade7-bf531fac86b4 None None] Registered counter for database nova_api
May 09 01:37:56.528450 np0000172844 devstack@n-api-meta.service[108354]: DEBUG oslo_db.sqlalchemy.engines [None req-0f494016-8f77-4245-ade7-bf531fac86b4 None None] MySQL server mode set to STRICT_TRANS_TABLES,STRICT_ALL_TABLES,NO_ZERO_IN_DATE,NO_ZERO_DATE,ERROR_FOR_DIVISION_BY_ZERO,TRADITIONAL,NO_ENGINE_SUBSTITUTION {{(pid=108354) _check_effective_sql_mode /opt/stack/data/venv/lib/python3.12/site-packages/oslo_db/sqlalchemy/engines.py:325}}
May 09 01:37:56.544628 np0000172844 devstack@n-api-meta.service[108356]: INFO dbcounter [None req-b3520c2d-ad05-4d35-bd3b-6143d1b68c40 None None] Registered counter for database nova_api
May 09 01:37:56.562958 np0000172844 devstack@n-api-meta.service[108356]: DEBUG oslo_db.sqlalchemy.engines [None req-b3520c2d-ad05-4d35-bd3b-6143d1b68c40 None None] MySQL server mode set to STRICT_TRANS_TABLES,STRICT_ALL_TABLES,NO_ZERO_IN_DATE,NO_ZERO_DATE,ERROR_FOR_DIVISION_BY_ZERO,TRADITIONAL,NO_ENGINE_SUBSTITUTION {{(pid=108356) _check_effective_sql_mode /opt/stack/data/venv/lib/python3.12/site-packages/oslo_db/sqlalchemy/engines.py:325}}
May 09 01:37:56.563649 np0000172844 devstack@n-api-meta.service[108354]: DEBUG dbcounter [-] [108354] Writer thread running {{(pid=108354) stat_writer /opt/stack/data/venv/lib/python3.12/site-packages/dbcounter.py:102}}
May 09 01:37:56.565315 np0000172844 devstack@n-api-meta.service[108355]: INFO dbcounter [None req-4af19ea9-ec6b-4bec-8aba-f8da3baca13f None None] Registered counter for database nova_api
May 09 01:37:56.566243 np0000172844 devstack@n-api-meta.service[108354]: DEBUG nova.context [None req-0f494016-8f77-4245-ade7-bf531fac86b4 None None] Found 2 cells: 00000000-0000-0000-0000-000000000000(cell0),165e11b1-d15b-456a-b532-97a5b9c37802(cell1) {{(pid=108354) load_cells /opt/stack/nova/nova/context.py:509}}
May 09 01:37:56.566506 np0000172844 devstack@n-api-meta.service[108354]: INFO nova.utils [None req-0f494016-8f77-4245-ade7-bf531fac86b4 None None] The cell worker thread pool MainProcess.cell_worker is initialized
May 09 01:37:56.568495 np0000172844 devstack@n-api-meta.service[108354]: DEBUG oslo_concurrency.lockutils [None req-0f494016-8f77-4245-ade7-bf531fac86b4 None None] Acquiring lock "00000000-0000-0000-0000-000000000000" by "nova.context.set_target_cell..get_or_set_cached_cell_and_set_connections" {{(pid=108354) inner /opt/stack/data/venv/lib/python3.12/site-packages/oslo_concurrency/lockutils.py:506}}
May 09 01:37:56.568671 np0000172844 devstack@n-api-meta.service[108354]: DEBUG oslo_concurrency.lockutils [None req-0f494016-8f77-4245-ade7-bf531fac86b4 None None] Lock "00000000-0000-0000-0000-000000000000" acquired by "nova.context.set_target_cell..get_or_set_cached_cell_and_set_connections" :: waited 0.000s {{(pid=108354) inner /opt/stack/data/venv/lib/python3.12/site-packages/oslo_concurrency/lockutils.py:519}}
May 09 01:37:56.569028 np0000172844 devstack@n-api-meta.service[108354]: DEBUG oslo_concurrency.lockutils [None req-0f494016-8f77-4245-ade7-bf531fac86b4 None None] Lock "00000000-0000-0000-0000-000000000000" "released" by "nova.context.set_target_cell..get_or_set_cached_cell_and_set_connections" :: held 0.000s {{(pid=108354) inner /opt/stack/data/venv/lib/python3.12/site-packages/oslo_concurrency/lockutils.py:538}}
May 09 01:37:56.570406 np0000172844 devstack@n-api-meta.service[108354]: DEBUG oslo_concurrency.lockutils [None req-0f494016-8f77-4245-ade7-bf531fac86b4 None None] Acquiring lock "165e11b1-d15b-456a-b532-97a5b9c37802" by "nova.context.set_target_cell..get_or_set_cached_cell_and_set_connections" {{(pid=108354) inner /opt/stack/data/venv/lib/python3.12/site-packages/oslo_concurrency/lockutils.py:506}}
May 09 01:37:56.570630 np0000172844 devstack@n-api-meta.service[108354]: DEBUG oslo_concurrency.lockutils [None req-0f494016-8f77-4245-ade7-bf531fac86b4 None None] Lock "165e11b1-d15b-456a-b532-97a5b9c37802" acquired by "nova.context.set_target_cell..get_or_set_cached_cell_and_set_connections" :: waited 0.000s {{(pid=108354) inner /opt/stack/data/venv/lib/python3.12/site-packages/oslo_concurrency/lockutils.py:519}}
May 09 01:37:56.571867 np0000172844 devstack@n-api-meta.service[108354]: DEBUG oslo_concurrency.lockutils [None req-0f494016-8f77-4245-ade7-bf531fac86b4 None None] Lock "165e11b1-d15b-456a-b532-97a5b9c37802" "released" by "nova.context.set_target_cell..get_or_set_cached_cell_and_set_connections" :: held 0.001s {{(pid=108354) inner /opt/stack/data/venv/lib/python3.12/site-packages/oslo_concurrency/lockutils.py:538}}
May 09 01:37:56.583960 np0000172844 devstack@n-api-meta.service[108355]: DEBUG oslo_db.sqlalchemy.engines [None req-4af19ea9-ec6b-4bec-8aba-f8da3baca13f None None] MySQL server mode set to STRICT_TRANS_TABLES,STRICT_ALL_TABLES,NO_ZERO_IN_DATE,NO_ZERO_DATE,ERROR_FOR_DIVISION_BY_ZERO,TRADITIONAL,NO_ENGINE_SUBSTITUTION {{(pid=108355) _check_effective_sql_mode /opt/stack/data/venv/lib/python3.12/site-packages/oslo_db/sqlalchemy/engines.py:325}}
May 09 01:37:56.600215 np0000172844 devstack@n-api-meta.service[108356]: DEBUG dbcounter [-] [108356] Writer thread running {{(pid=108356) stat_writer /opt/stack/data/venv/lib/python3.12/site-packages/dbcounter.py:102}}
May 09 01:37:56.603365 np0000172844 devstack@n-api-meta.service[108356]: DEBUG nova.context [None req-b3520c2d-ad05-4d35-bd3b-6143d1b68c40 None None] Found 2 cells: 00000000-0000-0000-0000-000000000000(cell0),165e11b1-d15b-456a-b532-97a5b9c37802(cell1) {{(pid=108356) load_cells /opt/stack/nova/nova/context.py:509}}
May 09 01:37:56.603724 np0000172844 devstack@n-api-meta.service[108356]: INFO nova.utils [None req-b3520c2d-ad05-4d35-bd3b-6143d1b68c40 None None] The cell worker thread pool MainProcess.cell_worker is initialized
May 09 01:37:56.606255 np0000172844 devstack@n-api-meta.service[108356]: DEBUG oslo_concurrency.lockutils [None req-b3520c2d-ad05-4d35-bd3b-6143d1b68c40 None None] Acquiring lock "00000000-0000-0000-0000-000000000000" by "nova.context.set_target_cell..get_or_set_cached_cell_and_set_connections" {{(pid=108356) inner /opt/stack/data/venv/lib/python3.12/site-packages/oslo_concurrency/lockutils.py:506}}
May 09 01:37:56.606490 np0000172844 devstack@n-api-meta.service[108356]: DEBUG oslo_concurrency.lockutils [None req-b3520c2d-ad05-4d35-bd3b-6143d1b68c40 None None] Lock "00000000-0000-0000-0000-000000000000" acquired by "nova.context.set_target_cell..get_or_set_cached_cell_and_set_connections" :: waited 0.000s {{(pid=108356) inner /opt/stack/data/venv/lib/python3.12/site-packages/oslo_concurrency/lockutils.py:519}}
May 09 01:37:56.607118 np0000172844 devstack@n-api-meta.service[108356]: DEBUG oslo_concurrency.lockutils [None req-b3520c2d-ad05-4d35-bd3b-6143d1b68c40 None None] Lock "00000000-0000-0000-0000-000000000000" "released" by "nova.context.set_target_cell..get_or_set_cached_cell_and_set_connections" :: held 0.001s {{(pid=108356) inner /opt/stack/data/venv/lib/python3.12/site-packages/oslo_concurrency/lockutils.py:538}}
May 09 01:37:56.607911 np0000172844 devstack@n-api-meta.service[108356]: DEBUG oslo_concurrency.lockutils [None req-b3520c2d-ad05-4d35-bd3b-6143d1b68c40 None None] Acquiring lock "165e11b1-d15b-456a-b532-97a5b9c37802" by "nova.context.set_target_cell..get_or_set_cached_cell_and_set_connections" {{(pid=108356) inner /opt/stack/data/venv/lib/python3.12/site-packages/oslo_concurrency/lockutils.py:506}}
May 09 01:37:56.608145 np0000172844 devstack@n-api-meta.service[108356]: DEBUG oslo_concurrency.lockutils [None req-b3520c2d-ad05-4d35-bd3b-6143d1b68c40 None None] Lock "165e11b1-d15b-456a-b532-97a5b9c37802" acquired by "nova.context.set_target_cell..get_or_set_cached_cell_and_set_connections" :: waited 0.000s {{(pid=108356) inner /opt/stack/data/venv/lib/python3.12/site-packages/oslo_concurrency/lockutils.py:519}}
May 09 01:37:56.609338 np0000172844 devstack@n-api-meta.service[108356]: DEBUG oslo_concurrency.lockutils [None req-b3520c2d-ad05-4d35-bd3b-6143d1b68c40 None None] Lock "165e11b1-d15b-456a-b532-97a5b9c37802" "released" by "nova.context.set_target_cell..get_or_set_cached_cell_and_set_connections" :: held 0.001s {{(pid=108356) inner /opt/stack/data/venv/lib/python3.12/site-packages/oslo_concurrency/lockutils.py:538}}
May 09 01:37:56.610060 np0000172844 devstack@n-api-meta.service[108354]: INFO dbcounter [None req-0f494016-8f77-4245-ade7-bf531fac86b4 None None] Registered counter for database nova_cell0
May 09 01:37:56.611720 np0000172844 devstack@n-api-meta.service[108356]: INFO dbcounter [None req-b3520c2d-ad05-4d35-bd3b-6143d1b68c40 None None] Registered counter for database nova_cell0
May 09 01:37:56.617043 np0000172844 devstack@n-api-meta.service[108356]: INFO dbcounter [None req-b3520c2d-ad05-4d35-bd3b-6143d1b68c40 None None] Registered counter for database nova_cell1
May 09 01:37:56.617106 np0000172844 devstack@n-api-meta.service[108354]: INFO dbcounter [None req-0f494016-8f77-4245-ade7-bf531fac86b4 None None] Registered counter for database nova_cell1
May 09 01:37:56.621222 np0000172844 devstack@n-api-meta.service[108355]: DEBUG dbcounter [-] [108355] Writer thread running {{(pid=108355) stat_writer /opt/stack/data/venv/lib/python3.12/site-packages/dbcounter.py:102}}
May 09 01:37:56.623964 np0000172844 devstack@n-api-meta.service[108356]: DEBUG oslo_db.sqlalchemy.engines [None req-b3520c2d-ad05-4d35-bd3b-6143d1b68c40 None None] MySQL server mode set to STRICT_TRANS_TABLES,STRICT_ALL_TABLES,NO_ZERO_IN_DATE,NO_ZERO_DATE,ERROR_FOR_DIVISION_BY_ZERO,TRADITIONAL,NO_ENGINE_SUBSTITUTION {{(pid=108356) _check_effective_sql_mode /opt/stack/data/venv/lib/python3.12/site-packages/oslo_db/sqlalchemy/engines.py:325}}
May 09 01:37:56.628638 np0000172844 devstack@n-api-meta.service[108355]: DEBUG nova.context [None req-4af19ea9-ec6b-4bec-8aba-f8da3baca13f None None] Found 2 cells: 00000000-0000-0000-0000-000000000000(cell0),165e11b1-d15b-456a-b532-97a5b9c37802(cell1) {{(pid=108355) load_cells /opt/stack/nova/nova/context.py:509}}
May 09 01:37:56.628863 np0000172844 devstack@n-api-meta.service[108355]: INFO nova.utils [None req-4af19ea9-ec6b-4bec-8aba-f8da3baca13f None None] The cell worker thread pool MainProcess.cell_worker is initialized
May 09 01:37:56.632382 np0000172844 devstack@n-api-meta.service[108356]: DEBUG oslo_db.sqlalchemy.engines [None req-b3520c2d-ad05-4d35-bd3b-6143d1b68c40 None None] MySQL server mode set to STRICT_TRANS_TABLES,STRICT_ALL_TABLES,NO_ZERO_IN_DATE,NO_ZERO_DATE,ERROR_FOR_DIVISION_BY_ZERO,TRADITIONAL,NO_ENGINE_SUBSTITUTION {{(pid=108356) _check_effective_sql_mode /opt/stack/data/venv/lib/python3.12/site-packages/oslo_db/sqlalchemy/engines.py:325}}
May 09 01:37:56.632478 np0000172844 devstack@n-api-meta.service[108355]: DEBUG oslo_concurrency.lockutils [None req-4af19ea9-ec6b-4bec-8aba-f8da3baca13f None None] Acquiring lock "00000000-0000-0000-0000-000000000000" by "nova.context.set_target_cell..get_or_set_cached_cell_and_set_connections" {{(pid=108355) inner /opt/stack/data/venv/lib/python3.12/site-packages/oslo_concurrency/lockutils.py:506}}
May 09 01:37:56.632478 np0000172844 devstack@n-api-meta.service[108355]: DEBUG oslo_concurrency.lockutils [None req-4af19ea9-ec6b-4bec-8aba-f8da3baca13f None None] Lock "00000000-0000-0000-0000-000000000000" acquired by "nova.context.set_target_cell..get_or_set_cached_cell_and_set_connections" :: waited 0.000s {{(pid=108355) inner /opt/stack/data/venv/lib/python3.12/site-packages/oslo_concurrency/lockutils.py:519}}
May 09 01:37:56.632559 np0000172844 devstack@n-api-meta.service[108354]: DEBUG oslo_db.sqlalchemy.engines [None req-0f494016-8f77-4245-ade7-bf531fac86b4 None None] MySQL server mode set to STRICT_TRANS_TABLES,STRICT_ALL_TABLES,NO_ZERO_IN_DATE,NO_ZERO_DATE,ERROR_FOR_DIVISION_BY_ZERO,TRADITIONAL,NO_ENGINE_SUBSTITUTION {{(pid=108354) _check_effective_sql_mode /opt/stack/data/venv/lib/python3.12/site-packages/oslo_db/sqlalchemy/engines.py:325}}
May 09 01:37:56.632604 np0000172844 devstack@n-api-meta.service[108355]: DEBUG oslo_concurrency.lockutils [None req-4af19ea9-ec6b-4bec-8aba-f8da3baca13f None None] Lock "00000000-0000-0000-0000-000000000000" "released" by "nova.context.set_target_cell..get_or_set_cached_cell_and_set_connections" :: held 0.000s {{(pid=108355) inner /opt/stack/data/venv/lib/python3.12/site-packages/oslo_concurrency/lockutils.py:538}}
May 09 01:37:56.632604 np0000172844 devstack@n-api-meta.service[108355]: DEBUG oslo_concurrency.lockutils [None req-4af19ea9-ec6b-4bec-8aba-f8da3baca13f None None] Acquiring lock "165e11b1-d15b-456a-b532-97a5b9c37802" by "nova.context.set_target_cell..get_or_set_cached_cell_and_set_connections" {{(pid=108355) inner /opt/stack/data/venv/lib/python3.12/site-packages/oslo_concurrency/lockutils.py:506}}
May 09 01:37:56.632709 np0000172844 devstack@n-api-meta.service[108355]: DEBUG oslo_concurrency.lockutils [None req-4af19ea9-ec6b-4bec-8aba-f8da3baca13f None None] Lock "165e11b1-d15b-456a-b532-97a5b9c37802" acquired by "nova.context.set_target_cell..get_or_set_cached_cell_and_set_connections" :: waited 0.000s {{(pid=108355) inner /opt/stack/data/venv/lib/python3.12/site-packages/oslo_concurrency/lockutils.py:519}}
May 09 01:37:56.633824 np0000172844 devstack@n-api-meta.service[108355]: DEBUG oslo_concurrency.lockutils [None req-4af19ea9-ec6b-4bec-8aba-f8da3baca13f None None] Lock "165e11b1-d15b-456a-b532-97a5b9c37802" "released" by "nova.context.set_target_cell..get_or_set_cached_cell_and_set_connections" :: held 0.001s {{(pid=108355) inner /opt/stack/data/venv/lib/python3.12/site-packages/oslo_concurrency/lockutils.py:538}}
May 09 01:37:56.636154 np0000172844 devstack@n-api-meta.service[108354]: DEBUG oslo_db.sqlalchemy.engines [None req-0f494016-8f77-4245-ade7-bf531fac86b4 None None] MySQL server mode set to STRICT_TRANS_TABLES,STRICT_ALL_TABLES,NO_ZERO_IN_DATE,NO_ZERO_DATE,ERROR_FOR_DIVISION_BY_ZERO,TRADITIONAL,NO_ENGINE_SUBSTITUTION {{(pid=108354) _check_effective_sql_mode /opt/stack/data/venv/lib/python3.12/site-packages/oslo_db/sqlalchemy/engines.py:325}}
May 09 01:37:56.636944 np0000172844 devstack@n-api-meta.service[108355]: INFO dbcounter [None req-4af19ea9-ec6b-4bec-8aba-f8da3baca13f None None] Registered counter for database nova_cell0
May 09 01:37:56.642157 np0000172844 devstack@n-api-meta.service[108355]: INFO dbcounter [None req-4af19ea9-ec6b-4bec-8aba-f8da3baca13f None None] Registered counter for database nova_cell1
May 09 01:37:56.653228 np0000172844 devstack@n-api-meta.service[108355]: DEBUG oslo_db.sqlalchemy.engines [None req-4af19ea9-ec6b-4bec-8aba-f8da3baca13f None None] MySQL server mode set to STRICT_TRANS_TABLES,STRICT_ALL_TABLES,NO_ZERO_IN_DATE,NO_ZERO_DATE,ERROR_FOR_DIVISION_BY_ZERO,TRADITIONAL,NO_ENGINE_SUBSTITUTION {{(pid=108355) _check_effective_sql_mode /opt/stack/data/venv/lib/python3.12/site-packages/oslo_db/sqlalchemy/engines.py:325}}
May 09 01:37:56.681150 np0000172844 devstack@n-api-meta.service[108355]: DEBUG oslo_db.sqlalchemy.engines [None req-4af19ea9-ec6b-4bec-8aba-f8da3baca13f None None] MySQL server mode set to STRICT_TRANS_TABLES,STRICT_ALL_TABLES,NO_ZERO_IN_DATE,NO_ZERO_DATE,ERROR_FOR_DIVISION_BY_ZERO,TRADITIONAL,NO_ENGINE_SUBSTITUTION {{(pid=108355) _check_effective_sql_mode /opt/stack/data/venv/lib/python3.12/site-packages/oslo_db/sqlalchemy/engines.py:325}}
May 09 01:37:56.692556 np0000172844 devstack@n-api-meta.service[108353]: INFO dbcounter [None req-026bda81-ece0-4271-92c1-0ac550f458ac None None] Registered counter for database nova_api
May 09 01:37:56.711253 np0000172844 devstack@n-api-meta.service[108353]: DEBUG oslo_db.sqlalchemy.engines [None req-026bda81-ece0-4271-92c1-0ac550f458ac None None] MySQL server mode set to STRICT_TRANS_TABLES,STRICT_ALL_TABLES,NO_ZERO_IN_DATE,NO_ZERO_DATE,ERROR_FOR_DIVISION_BY_ZERO,TRADITIONAL,NO_ENGINE_SUBSTITUTION {{(pid=108353) _check_effective_sql_mode /opt/stack/data/venv/lib/python3.12/site-packages/oslo_db/sqlalchemy/engines.py:325}}
May 09 01:37:56.724793 np0000172844 devstack@n-api-meta.service[108356]: DEBUG dbcounter [-] [108356] Writer thread running {{(pid=108356) stat_writer /opt/stack/data/venv/lib/python3.12/site-packages/dbcounter.py:102}}
May 09 01:37:56.730492 np0000172844 devstack@n-api-meta.service[108356]: DEBUG dbcounter [-] [108356] Writer thread running {{(pid=108356) stat_writer /opt/stack/data/venv/lib/python3.12/site-packages/dbcounter.py:102}}
May 09 01:37:56.735114 np0000172844 devstack@n-api-meta.service[108356]: INFO dbcounter [None req-b3520c2d-ad05-4d35-bd3b-6143d1b68c40 None None] Registered counter for database nova_cell0
May 09 01:37:56.739374 np0000172844 devstack@n-api-meta.service[108354]: DEBUG dbcounter [-] [108354] Writer thread running {{(pid=108354) stat_writer /opt/stack/data/venv/lib/python3.12/site-packages/dbcounter.py:102}}
May 09 01:37:56.740062 np0000172844 devstack@n-api-meta.service[108354]: DEBUG dbcounter [-] [108354] Writer thread running {{(pid=108354) stat_writer /opt/stack/data/venv/lib/python3.12/site-packages/dbcounter.py:102}}
May 09 01:37:56.742235 np0000172844 devstack@n-api-meta.service[108353]: DEBUG dbcounter [-] [108353] Writer thread running {{(pid=108353) stat_writer /opt/stack/data/venv/lib/python3.12/site-packages/dbcounter.py:102}}
May 09 01:37:56.743235 np0000172844 devstack@n-api-meta.service[108355]: DEBUG dbcounter [-] [108355] Writer thread running {{(pid=108355) stat_writer /opt/stack/data/venv/lib/python3.12/site-packages/dbcounter.py:102}}
May 09 01:37:56.744632 np0000172844 devstack@n-api-meta.service[108354]: INFO dbcounter [None req-0f494016-8f77-4245-ade7-bf531fac86b4 None None] Registered counter for database nova_cell0
May 09 01:37:56.745019 np0000172844 devstack@n-api-meta.service[108353]: DEBUG nova.context [None req-026bda81-ece0-4271-92c1-0ac550f458ac None None] Found 2 cells: 00000000-0000-0000-0000-000000000000(cell0),165e11b1-d15b-456a-b532-97a5b9c37802(cell1) {{(pid=108353) load_cells /opt/stack/nova/nova/context.py:509}}
May 09 01:37:56.745283 np0000172844 devstack@n-api-meta.service[108353]: INFO nova.utils [None req-026bda81-ece0-4271-92c1-0ac550f458ac None None] The cell worker thread pool MainProcess.cell_worker is initialized
May 09 01:37:56.747384 np0000172844 devstack@n-api-meta.service[108353]: DEBUG oslo_concurrency.lockutils [None req-026bda81-ece0-4271-92c1-0ac550f458ac None None] Acquiring lock "00000000-0000-0000-0000-000000000000" by "nova.context.set_target_cell..get_or_set_cached_cell_and_set_connections" {{(pid=108353) inner /opt/stack/data/venv/lib/python3.12/site-packages/oslo_concurrency/lockutils.py:506}}
May 09 01:37:56.747563 np0000172844 devstack@n-api-meta.service[108353]: DEBUG oslo_concurrency.lockutils [None req-026bda81-ece0-4271-92c1-0ac550f458ac None None] Lock "00000000-0000-0000-0000-000000000000" acquired by "nova.context.set_target_cell..get_or_set_cached_cell_and_set_connections" :: waited 0.000s {{(pid=108353) inner /opt/stack/data/venv/lib/python3.12/site-packages/oslo_concurrency/lockutils.py:519}}
May 09 01:37:56.747949 np0000172844 devstack@n-api-meta.service[108353]: DEBUG oslo_concurrency.lockutils [None req-026bda81-ece0-4271-92c1-0ac550f458ac None None] Lock "00000000-0000-0000-0000-000000000000" "released" by "nova.context.set_target_cell..get_or_set_cached_cell_and_set_connections" :: held 0.000s {{(pid=108353) inner /opt/stack/data/venv/lib/python3.12/site-packages/oslo_concurrency/lockutils.py:538}}
May 09 01:37:56.748721 np0000172844 devstack@n-api-meta.service[108353]: DEBUG oslo_concurrency.lockutils [None req-026bda81-ece0-4271-92c1-0ac550f458ac None None] Acquiring lock "165e11b1-d15b-456a-b532-97a5b9c37802" by "nova.context.set_target_cell..get_or_set_cached_cell_and_set_connections" {{(pid=108353) inner /opt/stack/data/venv/lib/python3.12/site-packages/oslo_concurrency/lockutils.py:506}}
May 09 01:37:56.748866 np0000172844 devstack@n-api-meta.service[108353]: DEBUG oslo_concurrency.lockutils [None req-026bda81-ece0-4271-92c1-0ac550f458ac None None] Lock "165e11b1-d15b-456a-b532-97a5b9c37802" acquired by "nova.context.set_target_cell..get_or_set_cached_cell_and_set_connections" :: waited 0.000s {{(pid=108353) inner /opt/stack/data/venv/lib/python3.12/site-packages/oslo_concurrency/lockutils.py:519}}
May 09 01:37:56.748942 np0000172844 devstack@n-api-meta.service[108355]: DEBUG dbcounter [-] [108355] Writer thread running {{(pid=108355) stat_writer /opt/stack/data/venv/lib/python3.12/site-packages/dbcounter.py:102}}
May 09 01:37:56.749120 np0000172844 devstack@n-api-meta.service[108356]: DEBUG oslo_db.sqlalchemy.engines [None req-b3520c2d-ad05-4d35-bd3b-6143d1b68c40 None None] MySQL server mode set to STRICT_TRANS_TABLES,STRICT_ALL_TABLES,NO_ZERO_IN_DATE,NO_ZERO_DATE,ERROR_FOR_DIVISION_BY_ZERO,TRADITIONAL,NO_ENGINE_SUBSTITUTION {{(pid=108356) _check_effective_sql_mode /opt/stack/data/venv/lib/python3.12/site-packages/oslo_db/sqlalchemy/engines.py:325}}
May 09 01:37:56.749808 np0000172844 devstack@n-api-meta.service[108353]: DEBUG oslo_concurrency.lockutils [None req-026bda81-ece0-4271-92c1-0ac550f458ac None None] Lock "165e11b1-d15b-456a-b532-97a5b9c37802" "released" by "nova.context.set_target_cell..get_or_set_cached_cell_and_set_connections" :: held 0.001s {{(pid=108353) inner /opt/stack/data/venv/lib/python3.12/site-packages/oslo_concurrency/lockutils.py:538}}
May 09 01:37:56.751422 np0000172844 devstack@n-api-meta.service[108354]: DEBUG oslo_db.sqlalchemy.engines [None req-0f494016-8f77-4245-ade7-bf531fac86b4 None None] MySQL server mode set to STRICT_TRANS_TABLES,STRICT_ALL_TABLES,NO_ZERO_IN_DATE,NO_ZERO_DATE,ERROR_FOR_DIVISION_BY_ZERO,TRADITIONAL,NO_ENGINE_SUBSTITUTION {{(pid=108354) _check_effective_sql_mode /opt/stack/data/venv/lib/python3.12/site-packages/oslo_db/sqlalchemy/engines.py:325}}
May 09 01:37:56.752160 np0000172844 devstack@n-api-meta.service[108355]: INFO dbcounter [None req-4af19ea9-ec6b-4bec-8aba-f8da3baca13f None None] Registered counter for database nova_cell0
May 09 01:37:56.752609 np0000172844 devstack@n-api-meta.service[108353]: INFO dbcounter [None req-026bda81-ece0-4271-92c1-0ac550f458ac None None] Registered counter for database nova_cell0
May 09 01:37:56.759378 np0000172844 devstack@n-api-meta.service[108353]: INFO dbcounter [None req-026bda81-ece0-4271-92c1-0ac550f458ac None None] Registered counter for database nova_cell1
May 09 01:37:56.759870 np0000172844 devstack@n-api-meta.service[108354]: DEBUG dbcounter [-] [108354] Writer thread running {{(pid=108354) stat_writer /opt/stack/data/venv/lib/python3.12/site-packages/dbcounter.py:102}}
May 09 01:37:56.760152 np0000172844 devstack@n-api-meta.service[108356]: DEBUG dbcounter [-] [108356] Writer thread running {{(pid=108356) stat_writer /opt/stack/data/venv/lib/python3.12/site-packages/dbcounter.py:102}}
May 09 01:37:56.763390 np0000172844 devstack@n-api-meta.service[108355]: DEBUG oslo_db.sqlalchemy.engines [None req-4af19ea9-ec6b-4bec-8aba-f8da3baca13f None None] MySQL server mode set to STRICT_TRANS_TABLES,STRICT_ALL_TABLES,NO_ZERO_IN_DATE,NO_ZERO_DATE,ERROR_FOR_DIVISION_BY_ZERO,TRADITIONAL,NO_ENGINE_SUBSTITUTION {{(pid=108355) _check_effective_sql_mode /opt/stack/data/venv/lib/python3.12/site-packages/oslo_db/sqlalchemy/engines.py:325}}
May 09 01:37:56.770262 np0000172844 devstack@n-api-meta.service[108353]: DEBUG oslo_db.sqlalchemy.engines [None req-026bda81-ece0-4271-92c1-0ac550f458ac None None] MySQL server mode set to STRICT_TRANS_TABLES,STRICT_ALL_TABLES,NO_ZERO_IN_DATE,NO_ZERO_DATE,ERROR_FOR_DIVISION_BY_ZERO,TRADITIONAL,NO_ENGINE_SUBSTITUTION {{(pid=108353) _check_effective_sql_mode /opt/stack/data/venv/lib/python3.12/site-packages/oslo_db/sqlalchemy/engines.py:325}}
May 09 01:37:56.776368 np0000172844 devstack@n-api-meta.service[108355]: DEBUG dbcounter [-] [108355] Writer thread running {{(pid=108355) stat_writer /opt/stack/data/venv/lib/python3.12/site-packages/dbcounter.py:102}}
May 09 01:37:56.777127 np0000172844 devstack@n-api-meta.service[108353]: DEBUG oslo_db.sqlalchemy.engines [None req-026bda81-ece0-4271-92c1-0ac550f458ac None None] MySQL server mode set to STRICT_TRANS_TABLES,STRICT_ALL_TABLES,NO_ZERO_IN_DATE,NO_ZERO_DATE,ERROR_FOR_DIVISION_BY_ZERO,TRADITIONAL,NO_ENGINE_SUBSTITUTION {{(pid=108353) _check_effective_sql_mode /opt/stack/data/venv/lib/python3.12/site-packages/oslo_db/sqlalchemy/engines.py:325}}
May 09 01:37:56.801385 np0000172844 devstack@n-api-meta.service[108354]: WARNING nova.api.metadata.handler [None req-0f494016-8f77-4245-ade7-bf531fac86b4 None None] metadata_proxy_shared_secret is not configured, the metadata information returned by the proxy cannot be trusted
May 09 01:37:56.803664 np0000172844 devstack@n-api-meta.service[108354]: DEBUG nova.api.openstack.wsgi_app [None req-0f494016-8f77-4245-ade7-bf531fac86b4 None None] ******************************************************************************** {{(pid=108354) log_opt_values /opt/stack/data/venv/lib/python3.12/site-packages/oslo_config/cfg.py:2979}}
May 09 01:37:56.803808 np0000172844 devstack@n-api-meta.service[108354]: DEBUG nova.api.openstack.wsgi_app [None req-0f494016-8f77-4245-ade7-bf531fac86b4 None None] Configuration options gathered from: {{(pid=108354) log_opt_values /opt/stack/data/venv/lib/python3.12/site-packages/oslo_config/cfg.py:2980}}
May 09 01:37:56.803874 np0000172844 devstack@n-api-meta.service[108354]: DEBUG nova.api.openstack.wsgi_app [None req-0f494016-8f77-4245-ade7-bf531fac86b4 None None] command line args: [] {{(pid=108354) log_opt_values /opt/stack/data/venv/lib/python3.12/site-packages/oslo_config/cfg.py:2981}}
May 09 01:37:56.804038 np0000172844 devstack@n-api-meta.service[108354]: DEBUG nova.api.openstack.wsgi_app [None req-0f494016-8f77-4245-ade7-bf531fac86b4 None None] config files: ['/etc/nova/api-paste.ini', '/etc/nova/nova.conf'] {{(pid=108354) log_opt_values /opt/stack/data/venv/lib/python3.12/site-packages/oslo_config/cfg.py:2982}}
May 09 01:37:56.804144 np0000172844 devstack@n-api-meta.service[108354]: DEBUG nova.api.openstack.wsgi_app [None req-0f494016-8f77-4245-ade7-bf531fac86b4 None None] ================================================================================ {{(pid=108354) log_opt_values /opt/stack/data/venv/lib/python3.12/site-packages/oslo_config/cfg.py:2987}}
May 09 01:37:56.804311 np0000172844 devstack@n-api-meta.service[108354]: DEBUG nova.api.openstack.wsgi_app [None req-0f494016-8f77-4245-ade7-bf531fac86b4 None None] allow_resize_to_same_host = True {{(pid=108354) log_opt_values /opt/stack/data/venv/lib/python3.12/site-packages/oslo_config/cfg.py:2995}}
May 09 01:37:56.804463 np0000172844 devstack@n-api-meta.service[108354]: DEBUG nova.api.openstack.wsgi_app [None req-0f494016-8f77-4245-ade7-bf531fac86b4 None None] arq_binding_timeout = 300 {{(pid=108354) log_opt_values /opt/stack/data/venv/lib/python3.12/site-packages/oslo_config/cfg.py:2995}}
May 09 01:37:56.804590 np0000172844 devstack@n-api-meta.service[108354]: DEBUG nova.api.openstack.wsgi_app [None req-0f494016-8f77-4245-ade7-bf531fac86b4 None None] block_device_allocate_retries = 60 {{(pid=108354) log_opt_values /opt/stack/data/venv/lib/python3.12/site-packages/oslo_config/cfg.py:2995}}
May 09 01:37:56.804736 np0000172844 devstack@n-api-meta.service[108354]: DEBUG nova.api.openstack.wsgi_app [None req-0f494016-8f77-4245-ade7-bf531fac86b4 None None] block_device_allocate_retries_interval = 3 {{(pid=108354) log_opt_values /opt/stack/data/venv/lib/python3.12/site-packages/oslo_config/cfg.py:2995}}
May 09 01:37:56.804858 np0000172844 devstack@n-api-meta.service[108354]: DEBUG nova.api.openstack.wsgi_app [None req-0f494016-8f77-4245-ade7-bf531fac86b4 None None] cell_worker_thread_pool_size = 5 {{(pid=108354) log_opt_values /opt/stack/data/venv/lib/python3.12/site-packages/oslo_config/cfg.py:2995}}
May 09 01:37:56.804992 np0000172844 devstack@n-api-meta.service[108354]: DEBUG nova.api.openstack.wsgi_app [None req-0f494016-8f77-4245-ade7-bf531fac86b4 None None] cert = self.pem {{(pid=108354) log_opt_values /opt/stack/data/venv/lib/python3.12/site-packages/oslo_config/cfg.py:2995}}
May 09 01:37:56.805127 np0000172844 devstack@n-api-meta.service[108354]: DEBUG nova.api.openstack.wsgi_app [None req-0f494016-8f77-4245-ade7-bf531fac86b4 None None] compute_driver = libvirt.LibvirtDriver {{(pid=108354) log_opt_values /opt/stack/data/venv/lib/python3.12/site-packages/oslo_config/cfg.py:2995}}
May 09 01:37:56.805257 np0000172844 devstack@n-api-meta.service[108354]: DEBUG nova.api.openstack.wsgi_app [None req-0f494016-8f77-4245-ade7-bf531fac86b4 None None] compute_monitors = [] {{(pid=108354) log_opt_values /opt/stack/data/venv/lib/python3.12/site-packages/oslo_config/cfg.py:2995}}
May 09 01:37:56.805429 np0000172844 devstack@n-api-meta.service[108354]: DEBUG nova.api.openstack.wsgi_app [None req-0f494016-8f77-4245-ade7-bf531fac86b4 None None] config_dir = [] {{(pid=108354) log_opt_values /opt/stack/data/venv/lib/python3.12/site-packages/oslo_config/cfg.py:2995}}
May 09 01:37:56.805565 np0000172844 devstack@n-api-meta.service[108354]: DEBUG nova.api.openstack.wsgi_app [None req-0f494016-8f77-4245-ade7-bf531fac86b4 None None] config_drive_format = iso9660 {{(pid=108354) log_opt_values /opt/stack/data/venv/lib/python3.12/site-packages/oslo_config/cfg.py:2995}}
May 09 01:37:56.805686 np0000172844 devstack@n-api-meta.service[108354]: DEBUG nova.api.openstack.wsgi_app [None req-0f494016-8f77-4245-ade7-bf531fac86b4 None None] config_file = ['/etc/nova/api-paste.ini', '/etc/nova/nova.conf'] {{(pid=108354) log_opt_values /opt/stack/data/venv/lib/python3.12/site-packages/oslo_config/cfg.py:2995}}
May 09 01:37:56.805814 np0000172844 devstack@n-api-meta.service[108354]: DEBUG nova.api.openstack.wsgi_app [None req-0f494016-8f77-4245-ade7-bf531fac86b4 None None] config_source = [] {{(pid=108354) log_opt_values /opt/stack/data/venv/lib/python3.12/site-packages/oslo_config/cfg.py:2995}}
May 09 01:37:56.805945 np0000172844 devstack@n-api-meta.service[108354]: DEBUG nova.api.openstack.wsgi_app [None req-0f494016-8f77-4245-ade7-bf531fac86b4 None None] console_host = np0000172844 {{(pid=108354) log_opt_values /opt/stack/data/venv/lib/python3.12/site-packages/oslo_config/cfg.py:2995}}
May 09 01:37:56.806077 np0000172844 devstack@n-api-meta.service[108354]: DEBUG nova.api.openstack.wsgi_app [None req-0f494016-8f77-4245-ade7-bf531fac86b4 None None] control_exchange = nova {{(pid=108354) log_opt_values /opt/stack/data/venv/lib/python3.12/site-packages/oslo_config/cfg.py:2995}}
May 09 01:37:56.806211 np0000172844 devstack@n-api-meta.service[108354]: DEBUG nova.api.openstack.wsgi_app [None req-0f494016-8f77-4245-ade7-bf531fac86b4 None None] cpu_allocation_ratio = None {{(pid=108354) log_opt_values /opt/stack/data/venv/lib/python3.12/site-packages/oslo_config/cfg.py:2995}}
May 09 01:37:56.806338 np0000172844 devstack@n-api-meta.service[108354]: DEBUG nova.api.openstack.wsgi_app [None req-0f494016-8f77-4245-ade7-bf531fac86b4 None None] daemon = False {{(pid=108354) log_opt_values /opt/stack/data/venv/lib/python3.12/site-packages/oslo_config/cfg.py:2995}}
May 09 01:37:56.806497 np0000172844 devstack@n-api-meta.service[108354]: DEBUG nova.api.openstack.wsgi_app [None req-0f494016-8f77-4245-ade7-bf531fac86b4 None None] debug = True {{(pid=108354) log_opt_values /opt/stack/data/venv/lib/python3.12/site-packages/oslo_config/cfg.py:2995}}
May 09 01:37:56.806620 np0000172844 devstack@n-api-meta.service[108354]: DEBUG nova.api.openstack.wsgi_app [None req-0f494016-8f77-4245-ade7-bf531fac86b4 None None] default_access_ip_network_name = None {{(pid=108354) log_opt_values /opt/stack/data/venv/lib/python3.12/site-packages/oslo_config/cfg.py:2995}}
May 09 01:37:56.806751 np0000172844 devstack@n-api-meta.service[108354]: DEBUG nova.api.openstack.wsgi_app [None req-0f494016-8f77-4245-ade7-bf531fac86b4 None None] default_availability_zone = nova {{(pid=108354) log_opt_values /opt/stack/data/venv/lib/python3.12/site-packages/oslo_config/cfg.py:2995}}
May 09 01:37:56.806886 np0000172844 devstack@n-api-meta.service[108354]: DEBUG nova.api.openstack.wsgi_app [None req-0f494016-8f77-4245-ade7-bf531fac86b4 None None] default_ephemeral_format = ext4 {{(pid=108354) log_opt_values /opt/stack/data/venv/lib/python3.12/site-packages/oslo_config/cfg.py:2995}}
May 09 01:37:56.807012 np0000172844 devstack@n-api-meta.service[108354]: DEBUG nova.api.openstack.wsgi_app [None req-0f494016-8f77-4245-ade7-bf531fac86b4 None None] default_green_pool_size = 1000 {{(pid=108354) log_opt_values /opt/stack/data/venv/lib/python3.12/site-packages/oslo_config/cfg.py:2995}}
May 09 01:37:56.807227 np0000172844 devstack@n-api-meta.service[108354]: DEBUG nova.api.openstack.wsgi_app [None req-0f494016-8f77-4245-ade7-bf531fac86b4 None None] default_log_levels = ['amqp=WARN', 'boto=WARN', 'sqlalchemy=WARN', 'suds=INFO', 'oslo.messaging=INFO', 'oslo_messaging=INFO', 'iso8601=WARN', 'requests.packages.urllib3.connectionpool=WARN', 'urllib3.connectionpool=WARN', 'websocket=WARN', 'requests.packages.urllib3.util.retry=WARN', 'urllib3.util.retry=WARN', 'keystonemiddleware=WARN', 'routes.middleware=WARN', 'stevedore=WARN', 'taskflow=WARN', 'keystoneauth=WARN', 'oslo.cache=INFO', 'oslo_policy=INFO', 'dogpile.core.dogpile=INFO', 'glanceclient=WARN', 'oslo.privsep.daemon=INFO'] {{(pid=108354) log_opt_values /opt/stack/data/venv/lib/python3.12/site-packages/oslo_config/cfg.py:2995}}
May 09 01:37:56.807380 np0000172844 devstack@n-api-meta.service[108354]: DEBUG nova.api.openstack.wsgi_app [None req-0f494016-8f77-4245-ade7-bf531fac86b4 None None] default_schedule_zone = None {{(pid=108354) log_opt_values /opt/stack/data/venv/lib/python3.12/site-packages/oslo_config/cfg.py:2995}}
May 09 01:37:56.807484 np0000172844 devstack@n-api-meta.service[108354]: DEBUG nova.api.openstack.wsgi_app [None req-0f494016-8f77-4245-ade7-bf531fac86b4 None None] default_thread_pool_size = 10 {{(pid=108354) log_opt_values /opt/stack/data/venv/lib/python3.12/site-packages/oslo_config/cfg.py:2995}}
May 09 01:37:56.807607 np0000172844 devstack@n-api-meta.service[108354]: DEBUG nova.api.openstack.wsgi_app [None req-0f494016-8f77-4245-ade7-bf531fac86b4 None None] disk_allocation_ratio = None {{(pid=108354) log_opt_values /opt/stack/data/venv/lib/python3.12/site-packages/oslo_config/cfg.py:2995}}
May 09 01:37:56.807732 np0000172844 devstack@n-api-meta.service[108354]: DEBUG nova.api.openstack.wsgi_app [None req-0f494016-8f77-4245-ade7-bf531fac86b4 None None] enable_new_services = True {{(pid=108354) log_opt_values /opt/stack/data/venv/lib/python3.12/site-packages/oslo_config/cfg.py:2995}}
May 09 01:37:56.807868 np0000172844 devstack@n-api-meta.service[108354]: DEBUG nova.api.openstack.wsgi_app [None req-0f494016-8f77-4245-ade7-bf531fac86b4 None None] flat_injected = False {{(pid=108354) log_opt_values /opt/stack/data/venv/lib/python3.12/site-packages/oslo_config/cfg.py:2995}}
May 09 01:37:56.807993 np0000172844 devstack@n-api-meta.service[108354]: DEBUG nova.api.openstack.wsgi_app [None req-0f494016-8f77-4245-ade7-bf531fac86b4 None None] force_config_drive = False {{(pid=108354) log_opt_values /opt/stack/data/venv/lib/python3.12/site-packages/oslo_config/cfg.py:2995}}
May 09 01:37:56.808117 np0000172844 devstack@n-api-meta.service[108354]: DEBUG nova.api.openstack.wsgi_app [None req-0f494016-8f77-4245-ade7-bf531fac86b4 None None] force_raw_images = True {{(pid=108354) log_opt_values /opt/stack/data/venv/lib/python3.12/site-packages/oslo_config/cfg.py:2995}}
May 09 01:37:56.808251 np0000172844 devstack@n-api-meta.service[108354]: DEBUG nova.api.openstack.wsgi_app [None req-0f494016-8f77-4245-ade7-bf531fac86b4 None None] graceful_shutdown_timeout = 5 {{(pid=108354) log_opt_values /opt/stack/data/venv/lib/python3.12/site-packages/oslo_config/cfg.py:2995}}
May 09 01:37:56.808394 np0000172844 devstack@n-api-meta.service[108354]: DEBUG nova.api.openstack.wsgi_app [None req-0f494016-8f77-4245-ade7-bf531fac86b4 None None] heal_instance_info_cache_interval = -1 {{(pid=108354) log_opt_values /opt/stack/data/venv/lib/python3.12/site-packages/oslo_config/cfg.py:2995}}
May 09 01:37:56.808573 np0000172844 devstack@n-api-meta.service[108354]: DEBUG nova.api.openstack.wsgi_app [None req-0f494016-8f77-4245-ade7-bf531fac86b4 None None] host = np0000172844 {{(pid=108354) log_opt_values /opt/stack/data/venv/lib/python3.12/site-packages/oslo_config/cfg.py:2995}}
May 09 01:37:56.808635 np0000172844 devstack@n-api-meta.service[108356]: WARNING nova.api.metadata.handler [None req-b3520c2d-ad05-4d35-bd3b-6143d1b68c40 None None] metadata_proxy_shared_secret is not configured, the metadata information returned by the proxy cannot be trusted
May 09 01:37:56.808724 np0000172844 devstack@n-api-meta.service[108354]: DEBUG nova.api.openstack.wsgi_app [None req-0f494016-8f77-4245-ade7-bf531fac86b4 None None] initial_cpu_allocation_ratio = 4.0 {{(pid=108354) log_opt_values /opt/stack/data/venv/lib/python3.12/site-packages/oslo_config/cfg.py:2995}}
May 09 01:37:56.808844 np0000172844 devstack@n-api-meta.service[108354]: DEBUG nova.api.openstack.wsgi_app [None req-0f494016-8f77-4245-ade7-bf531fac86b4 None None] initial_disk_allocation_ratio = 1.0 {{(pid=108354) log_opt_values /opt/stack/data/venv/lib/python3.12/site-packages/oslo_config/cfg.py:2995}}
May 09 01:37:56.808968 np0000172844 devstack@n-api-meta.service[108354]: DEBUG nova.api.openstack.wsgi_app [None req-0f494016-8f77-4245-ade7-bf531fac86b4 None None] initial_ram_allocation_ratio = 1.0 {{(pid=108354) log_opt_values /opt/stack/data/venv/lib/python3.12/site-packages/oslo_config/cfg.py:2995}}
May 09 01:37:56.809140 np0000172844 devstack@n-api-meta.service[108354]: DEBUG nova.api.openstack.wsgi_app [None req-0f494016-8f77-4245-ade7-bf531fac86b4 None None] injected_network_template = /opt/stack/nova/nova/virt/interfaces.template {{(pid=108354) log_opt_values /opt/stack/data/venv/lib/python3.12/site-packages/oslo_config/cfg.py:2995}}
May 09 01:37:56.809264 np0000172844 devstack@n-api-meta.service[108354]: DEBUG nova.api.openstack.wsgi_app [None req-0f494016-8f77-4245-ade7-bf531fac86b4 None None] instance_build_timeout = 0 {{(pid=108354) log_opt_values /opt/stack/data/venv/lib/python3.12/site-packages/oslo_config/cfg.py:2995}}
May 09 01:37:56.809406 np0000172844 devstack@n-api-meta.service[108354]: DEBUG nova.api.openstack.wsgi_app [None req-0f494016-8f77-4245-ade7-bf531fac86b4 None None] instance_delete_interval = 300 {{(pid=108354) log_opt_values /opt/stack/data/venv/lib/python3.12/site-packages/oslo_config/cfg.py:2995}}
May 09 01:37:56.809539 np0000172844 devstack@n-api-meta.service[108354]: DEBUG nova.api.openstack.wsgi_app [None req-0f494016-8f77-4245-ade7-bf531fac86b4 None None] instance_format = [instance: %(uuid)s] {{(pid=108354) log_opt_values /opt/stack/data/venv/lib/python3.12/site-packages/oslo_config/cfg.py:2995}}
May 09 01:37:56.809657 np0000172844 devstack@n-api-meta.service[108354]: DEBUG nova.api.openstack.wsgi_app [None req-0f494016-8f77-4245-ade7-bf531fac86b4 None None] instance_name_template = instance-%08x {{(pid=108354) log_opt_values /opt/stack/data/venv/lib/python3.12/site-packages/oslo_config/cfg.py:2995}}
May 09 01:37:56.809808 np0000172844 devstack@n-api-meta.service[108354]: DEBUG nova.api.openstack.wsgi_app [None req-0f494016-8f77-4245-ade7-bf531fac86b4 None None] instance_usage_audit = False {{(pid=108354) log_opt_values /opt/stack/data/venv/lib/python3.12/site-packages/oslo_config/cfg.py:2995}}
May 09 01:37:56.809918 np0000172844 devstack@n-api-meta.service[108354]: DEBUG nova.api.openstack.wsgi_app [None req-0f494016-8f77-4245-ade7-bf531fac86b4 None None] instance_usage_audit_period = month {{(pid=108354) log_opt_values /opt/stack/data/venv/lib/python3.12/site-packages/oslo_config/cfg.py:2995}}
May 09 01:37:56.810064 np0000172844 devstack@n-api-meta.service[108354]: DEBUG nova.api.openstack.wsgi_app [None req-0f494016-8f77-4245-ade7-bf531fac86b4 None None] instance_uuid_format = [instance: %(uuid)s] {{(pid=108354) log_opt_values /opt/stack/data/venv/lib/python3.12/site-packages/oslo_config/cfg.py:2995}}
May 09 01:37:56.810196 np0000172844 devstack@n-api-meta.service[108354]: DEBUG nova.api.openstack.wsgi_app [None req-0f494016-8f77-4245-ade7-bf531fac86b4 None None] instances_path = /opt/stack/data/nova/instances {{(pid=108354) log_opt_values /opt/stack/data/venv/lib/python3.12/site-packages/oslo_config/cfg.py:2995}}
May 09 01:37:56.810326 np0000172844 devstack@n-api-meta.service[108354]: DEBUG nova.api.openstack.wsgi_app [None req-0f494016-8f77-4245-ade7-bf531fac86b4 None None] internal_service_availability_zone = internal {{(pid=108354) log_opt_values /opt/stack/data/venv/lib/python3.12/site-packages/oslo_config/cfg.py:2995}}
