2026-04-30 07:03:43.387 8 INFO cinder.api.openstack.wsgi [None req-38dfdf78-79cd-4926-a836-6dfa7786503c b43bde782ea84d58955298a3a5ed2e97 905c17825737481f9623bc23ce66480a - - default default] http://cinder-api.openstack.svc.cluster.local:8776/v3/905c17825737481f9623bc23ce66480a/snapshots returned with HTTP 200 [pid: 8|app: 0|req: 309/614] 10.0.0.2 () {32 vars in 701 bytes} [Thu Apr 30 07:03:43 2026] GET /v3/905c17825737481f9623bc23ce66480a/snapshots => generated 17 bytes in 16 msecs (HTTP/1.1 200) 7 headers in 284 bytes (1 switches on core 0)
2026-04-30 07:03:43.402 7 INFO cinder.api.openstack.wsgi [None req-ba898d83-63ce-4d28-bafe-ff88d8b5478a b43bde782ea84d58955298a3a5ed2e97 905c17825737481f9623bc23ce66480a - - default default] GET http://cinder-api.openstack.svc.cluster.local:8776/v3/905c17825737481f9623bc23ce66480a/volumes
2026-04-30 07:03:43.437 7 INFO cinder.volume.api [None req-ba898d83-63ce-4d28-bafe-ff88d8b5478a b43bde782ea84d58955298a3a5ed2e97 905c17825737481f9623bc23ce66480a - - default default] Get all volumes completed successfully.
2026-04-30 07:03:43.439 7 INFO cinder.api.openstack.wsgi [None req-ba898d83-63ce-4d28-bafe-ff88d8b5478a b43bde782ea84d58955298a3a5ed2e97 905c17825737481f9623bc23ce66480a - - default default] http://cinder-api.openstack.svc.cluster.local:8776/v3/905c17825737481f9623bc23ce66480a/volumes returned with HTTP 200 [pid: 7|app: 0|req: 306/615] 10.0.0.2 () {32 vars in 697 bytes} [Thu Apr 30 07:03:43 2026] GET /v3/905c17825737481f9623bc23ce66480a/volumes => generated 15 bytes in 44 msecs (HTTP/1.1 200) 7 headers in 284 bytes (1 switches on core 0)
2026-04-30 07:03:46.089 8 INFO cinder.api.openstack.wsgi [None req-38dfdf78-79cd-4926-a836-6dfa7786503c b43bde782ea84d58955298a3a5ed2e97 905c17825737481f9623bc23ce66480a - - default default] GET http://10.0.0.180:8776/
2026-04-30 07:03:46.089 7 INFO cinder.api.openstack.wsgi [None req-ba898d83-63ce-4d28-bafe-ff88d8b5478a b43bde782ea84d58955298a3a5ed2e97 905c17825737481f9623bc23ce66480a - - default default] GET http://10.0.0.180:8776/
2026-04-30 07:03:46.090 8 INFO cinder.api.openstack.wsgi [None req-38dfdf78-79cd-4926-a836-6dfa7786503c b43bde782ea84d58955298a3a5ed2e97 905c17825737481f9623bc23ce66480a - - default default] http://10.0.0.180:8776/ returned with HTTP 300
2026-04-30 07:03:46.091 7 INFO cinder.api.openstack.wsgi [None req-ba898d83-63ce-4d28-bafe-ff88d8b5478a b43bde782ea84d58955298a3a5ed2e97 905c17825737481f9623bc23ce66480a - - default default] http://10.0.0.180:8776/ returned with HTTP 300
2026-04-30 07:03:48.981 8 INFO cinder.api.openstack.wsgi [None req-79bf7fb4-a59e-4ef1-96bd-bed8a34568a5 b43bde782ea84d58955298a3a5ed2e97 905c17825737481f9623bc23ce66480a - - default default] GET http://cinder-api.openstack.svc.cluster.local:8776/v3/905c17825737481f9623bc23ce66480a/snapshots?all_tenants=true
2026-04-30 07:03:48.989 8 INFO cinder.volume.api [None req-79bf7fb4-a59e-4ef1-96bd-bed8a34568a5 b43bde782ea84d58955298a3a5ed2e97 905c17825737481f9623bc23ce66480a - - default default] Get all snapshots completed successfully.
2026-04-30 07:03:48.989 8 INFO cinder.api.openstack.wsgi [None req-79bf7fb4-a59e-4ef1-96bd-bed8a34568a5 b43bde782ea84d58955298a3a5ed2e97 905c17825737481f9623bc23ce66480a - - default default] http://cinder-api.openstack.svc.cluster.local:8776/v3/905c17825737481f9623bc23ce66480a/snapshots?all_tenants=true returned with HTTP 200 [pid: 8|app: 0|req: 311/618] 10.0.0.219 () {28 vars in 672 bytes} [Thu Apr 30 07:03:48 2026] GET /v3/905c17825737481f9623bc23ce66480a/snapshots?all_tenants=true => generated 17 bytes in 116 msecs (HTTP/1.1 200) 7 headers in 284 bytes (1 switches on core 0)
2026-04-30 07:03:49.001 7 INFO cinder.api.openstack.wsgi [None req-9bf783e2-2813-45a5-9b58-fa2ea2da4978 b43bde782ea84d58955298a3a5ed2e97 905c17825737481f9623bc23ce66480a - - default default] GET http://cinder-api.openstack.svc.cluster.local:8776/v3/905c17825737481f9623bc23ce66480a/volumes/detail?all_tenants=true
2026-04-30 07:03:49.011 7 INFO cinder.volume.api [None req-9bf783e2-2813-45a5-9b58-fa2ea2da4978 b43bde782ea84d58955298a3a5ed2e97 905c17825737481f9623bc23ce66480a - - default default] Get all volumes completed successfully.
2026-04-30 07:03:49.015 7 INFO cinder.api.openstack.wsgi [None req-9bf783e2-2813-45a5-9b58-fa2ea2da4978 b43bde782ea84d58955298a3a5ed2e97 905c17825737481f9623bc23ce66480a - - default default] http://cinder-api.openstack.svc.cluster.local:8776/v3/905c17825737481f9623bc23ce66480a/volumes/detail?all_tenants=true returned with HTTP 200 [pid: 7|app: 0|req: 308/619] 10.0.0.219 () {28 vars in 682 bytes} [Thu Apr 30 07:03:48 2026] GET /v3/905c17825737481f9623bc23ce66480a/volumes/detail?all_tenants=true => generated 15 bytes in 21 msecs (HTTP/1.1 200) 7 headers in 284 bytes (1 switches on core 0)
2026-04-30 07:03:49.027 8 INFO cinder.api.openstack.wsgi [None req-3f5b5e18-8e1a-4559-8058-541d5b34f9ee b43bde782ea84d58955298a3a5ed2e97 905c17825737481f9623bc23ce66480a - - default default] GET http://cinder-api.openstack.svc.cluster.local:8776/v3/905c17825737481f9623bc23ce66480a/scheduler-stats/get_pools?detail=true
2026-04-30 07:03:49.042 8 INFO cinder.api.openstack.wsgi [None req-3f5b5e18-8e1a-4559-8058-541d5b34f9ee b43bde782ea84d58955298a3a5ed2e97 905c17825737481f9623bc23ce66480a - - default default] http://cinder-api.openstack.svc.cluster.local:8776/v3/905c17825737481f9623bc23ce66480a/scheduler-stats/get_pools?detail=true returned with HTTP 200 [pid: 8|app: 0|req: 312/620] 10.0.0.219 () {28 vars in 694 bytes} [Thu Apr 30 07:03:49 2026] GET /v3/905c17825737481f9623bc23ce66480a/scheduler-stats/get_pools?detail=true => generated 668 bytes in 24 msecs (HTTP/1.1 200) 7 headers in 285 bytes (1 switches on core 0)
2026-04-30 07:03:49.053 7 INFO cinder.api.openstack.wsgi [None req-9f90e392-32b4-4285-9203-da0af11e225c b43bde782ea84d58955298a3a5ed2e97 905c17825737481f9623bc23ce66480a - - default default] GET http://cinder-api.openstack.svc.cluster.local:8776/v3/905c17825737481f9623bc23ce66480a/os-services
2026-04-30 07:03:49.059 7 INFO cinder.api.openstack.wsgi [None req-9f90e392-32b4-4285-9203-da0af11e225c b43bde782ea84d58955298a3a5ed2e97 905c17825737481f9623bc23ce66480a - - default default] http://cinder-api.openstack.svc.cluster.local:8776/v3/905c17825737481f9623bc23ce66480a/os-services returned with HTTP 200 [pid: 7|app: 0|req: 309/621] 10.0.0.219 () {28 vars in 643 bytes} [Thu Apr 30 07:03:49 2026] GET /v3/905c17825737481f9623bc23ce66480a/os-services => generated 646 bytes in 14 msecs (HTTP/1.1 200) 7 headers in 285 bytes (1 switches on core 0)
2026-04-30 07:03:49.069 8 INFO cinder.api.openstack.wsgi [None req-ca84f225-7184-4bfc-855a-0a08cf0493c2 b43bde782ea84d58955298a3a5ed2e97 905c17825737481f9623bc23ce66480a - - default default] GET http://cinder-api.openstack.svc.cluster.local:8776/v3/905c17825737481f9623bc23ce66480a/volumes/detail?all_tenants=true
2026-04-30 07:03:49.080 8 INFO cinder.volume.api [None req-ca84f225-7184-4bfc-855a-0a08cf0493c2 b43bde782ea84d58955298a3a5ed2e97 905c17825737481f9623bc23ce66480a - - default default] Get all volumes completed successfully.
2026-04-30 07:03:49.082 8 INFO cinder.api.openstack.wsgi [None req-ca84f225-7184-4bfc-855a-0a08cf0493c2 b43bde782ea84d58955298a3a5ed2e97 905c17825737481f9623bc23ce66480a - - default default] http://cinder-api.openstack.svc.cluster.local:8776/v3/905c17825737481f9623bc23ce66480a/volumes/detail?all_tenants=true returned with HTTP 200 [pid: 8|app: 0|req: 313/622] 10.0.0.219 () {28 vars in 682 bytes} [Thu Apr 30 07:03:49 2026] GET /v3/905c17825737481f9623bc23ce66480a/volumes/detail?all_tenants=true => generated 15 bytes in 19 msecs (HTTP/1.1 200) 7 headers in 284 bytes (1 switches on core 0)
2026-04-30 07:03:49.134 7 INFO cinder.api.openstack.wsgi [None req-8e5968b2-5fad-4afa-b919-9c7fc3db7964 b43bde782ea84d58955298a3a5ed2e97 905c17825737481f9623bc23ce66480a - - default default] GET http://cinder-api.openstack.svc.cluster.local:8776/v3/905c17825737481f9623bc23ce66480a/os-quota-sets/70ec3b607dc0441b81d770f711bf2b7f?usage=true
2026-04-30 07:03:49.169 7 INFO cinder.api.openstack.wsgi [None req-8e5968b2-5fad-4afa-b919-9c7fc3db7964 b43bde782ea84d58955298a3a5ed2e97 905c17825737481f9623bc23ce66480a - - default default] http://cinder-api.openstack.svc.cluster.local:8776/v3/905c17825737481f9623bc23ce66480a/os-quota-sets/70ec3b607dc0441b81d770f711bf2b7f?usage=true returned with HTTP 200 [pid: 7|app: 0|req: 310/623] 10.0.0.219 () {28 vars in 734 bytes} [Thu Apr 30 07:03:49 2026] GET /v3/905c17825737481f9623bc23ce66480a/os-quota-sets/70ec3b607dc0441b81d770f711bf2b7f?usage=true => generated 847 bytes in 52 msecs (HTTP/1.1 200) 7 headers in 285 bytes (1 switches on core 0)
2026-04-30 07:03:49.192 8 INFO cinder.api.openstack.wsgi [None req-c0f7bafe-5753-48ba-8fd1-cdf7de217b5e b43bde782ea84d58955298a3a5ed2e97 905c17825737481f9623bc23ce66480a - - default default] GET http://cinder-api.openstack.svc.cluster.local:8776/v3/905c17825737481f9623bc23ce66480a/os-quota-sets/905c17825737481f9623bc23ce66480a?usage=true
2026-04-30 07:03:49.218 8 INFO cinder.api.openstack.wsgi [None req-c0f7bafe-5753-48ba-8fd1-cdf7de217b5e b43bde782ea84d58955298a3a5ed2e97 905c17825737481f9623bc23ce66480a - - default default] http://cinder-api.openstack.svc.cluster.local:8776/v3/905c17825737481f9623bc23ce66480a/os-quota-sets/905c17825737481f9623bc23ce66480a?usage=true returned with HTTP 200 [pid: 8|app: 0|req: 314/624] 10.0.0.219 () {28 vars in 734 bytes} [Thu Apr 30 07:03:49 2026] GET /v3/905c17825737481f9623bc23ce66480a/os-quota-sets/905c17825737481f9623bc23ce66480a?usage=true => generated 845 bytes in 38 msecs (HTTP/1.1 200) 7 headers in 285 bytes (1 switches on core 0)
2026-04-30 07:03:49.234 7 INFO cinder.api.openstack.wsgi [None req-0ee44408-0551-4bd5-8a93-398adc631eec b43bde782ea84d58955298a3a5ed2e97 905c17825737481f9623bc23ce66480a - - default default] GET http://cinder-api.openstack.svc.cluster.local:8776/v3/905c17825737481f9623bc23ce66480a/os-quota-sets/929a67ea59964ccc9b3d64989fa81e3c?usage=true
2026-04-30 07:03:49.258 7 INFO cinder.api.openstack.wsgi [None req-0ee44408-0551-4bd5-8a93-398adc631eec b43bde782ea84d58955298a3a5ed2e97 905c17825737481f9623bc23ce66480a - - default default] http://cinder-api.openstack.svc.cluster.local:8776/v3/905c17825737481f9623bc23ce66480a/os-quota-sets/929a67ea59964ccc9b3d64989fa81e3c?usage=true returned with HTTP 200 [pid: 7|app: 0|req: 311/625] 10.0.0.219 () {28 vars in 734 bytes} [Thu Apr 30 07:03:49 2026] GET /v3/905c17825737481f9623bc23ce66480a/os-quota-sets/929a67ea59964ccc9b3d64989fa81e3c?usage=true => generated 845 bytes in 33 msecs (HTTP/1.1 200) 7 headers in 285 bytes (1 switches on core 0)
2026-04-30 07:03:56.089 8 INFO cinder.api.openstack.wsgi [None req-c0f7bafe-5753-48ba-8fd1-cdf7de217b5e b43bde782ea84d58955298a3a5ed2e97 905c17825737481f9623bc23ce66480a - - default default] GET http://10.0.0.180:8776/
2026-04-30 07:03:56.089 7 INFO cinder.api.openstack.wsgi [None req-0ee44408-0551-4bd5-8a93-398adc631eec b43bde782ea84d58955298a3a5ed2e97 905c17825737481f9623bc23ce66480a - - default default] GET http://10.0.0.180:8776/
2026-04-30 07:03:56.090 8 INFO cinder.api.openstack.wsgi [None req-c0f7bafe-5753-48ba-8fd1-cdf7de217b5e b43bde782ea84d58955298a3a5ed2e97 905c17825737481f9623bc23ce66480a - - default default] http://10.0.0.180:8776/ returned with HTTP 300
2026-04-30 07:03:56.091 7 INFO cinder.api.openstack.wsgi [None req-0ee44408-0551-4bd5-8a93-398adc631eec b43bde782ea84d58955298a3a5ed2e97 905c17825737481f9623bc23ce66480a - - default default] http://10.0.0.180:8776/ returned with HTTP 300
2026-04-30 07:04:06.089 7 INFO cinder.api.openstack.wsgi [None req-0ee44408-0551-4bd5-8a93-398adc631eec b43bde782ea84d58955298a3a5ed2e97 905c17825737481f9623bc23ce66480a - - default default] GET http://10.0.0.180:8776/
2026-04-30 07:04:06.089 8 INFO cinder.api.openstack.wsgi [None req-c0f7bafe-5753-48ba-8fd1-cdf7de217b5e b43bde782ea84d58955298a3a5ed2e97 905c17825737481f9623bc23ce66480a - - default default] GET http://10.0.0.180:8776/
2026-04-30 07:04:06.090 7 INFO cinder.api.openstack.wsgi [None req-0ee44408-0551-4bd5-8a93-398adc631eec b43bde782ea84d58955298a3a5ed2e97 905c17825737481f9623bc23ce66480a - - default default] http://10.0.0.180:8776/ returned with HTTP 300
2026-04-30 07:04:06.090 8 INFO cinder.api.openstack.wsgi [None req-c0f7bafe-5753-48ba-8fd1-cdf7de217b5e b43bde782ea84d58955298a3a5ed2e97 905c17825737481f9623bc23ce66480a - - default default] http://10.0.0.180:8776/ returned with HTTP 300
2026-04-30 07:04:16.089 7 INFO cinder.api.openstack.wsgi [None req-0ee44408-0551-4bd5-8a93-398adc631eec b43bde782ea84d58955298a3a5ed2e97 905c17825737481f9623bc23ce66480a - - default default] GET http://10.0.0.180:8776/
2026-04-30 07:04:16.089 8 INFO cinder.api.openstack.wsgi [None req-c0f7bafe-5753-48ba-8fd1-cdf7de217b5e b43bde782ea84d58955298a3a5ed2e97 905c17825737481f9623bc23ce66480a - - default default] GET http://10.0.0.180:8776/
2026-04-30 07:04:16.090 7 INFO cinder.api.openstack.wsgi [None req-0ee44408-0551-4bd5-8a93-398adc631eec b43bde782ea84d58955298a3a5ed2e97 905c17825737481f9623bc23ce66480a - - default default] http://10.0.0.180:8776/ returned with HTTP 300
2026-04-30 07:04:16.091 8 INFO cinder.api.openstack.wsgi [None req-c0f7bafe-5753-48ba-8fd1-cdf7de217b5e b43bde782ea84d58955298a3a5ed2e97 905c17825737481f9623bc23ce66480a - - default default] http://10.0.0.180:8776/ returned with HTTP 300
2026-04-30 07:04:20.690 7 INFO cinder.api.openstack.wsgi [None req-9a15d973-d270-4996-827c-3819c07e0376 a3d28ba087464e97893979717343d798 786e40a034cc40b2a35cdbcb9a70e2a1 - - default default] POST http://cinder-api.openstack.svc.cluster.local:8776/v3/786e40a034cc40b2a35cdbcb9a70e2a1/volumes
2026-04-30 07:04:21.417 7 INFO cinder.api.v3.volumes [None req-9a15d973-d270-4996-827c-3819c07e0376 a3d28ba087464e97893979717343d798 786e40a034cc40b2a35cdbcb9a70e2a1 - - default default] Create volume of 1 GB
2026-04-30 07:04:21.434 7 INFO cinder.volume.api [None req-9a15d973-d270-4996-827c-3819c07e0376 a3d28ba087464e97893979717343d798 786e40a034cc40b2a35cdbcb9a70e2a1 - - default default] Availability Zones retrieved successfully. /var/lib/openstack/lib/python3.10/site-packages/taskflow/engines/action_engine/process_executor.py:17: DeprecationWarning: The asyncore module is deprecated and will be removed in Python 3.12. The recommended replacement is asyncio import asyncore
2026-04-30 07:04:21.801 7 INFO cinder.volume.api [None req-9a15d973-d270-4996-827c-3819c07e0376 a3d28ba087464e97893979717343d798 786e40a034cc40b2a35cdbcb9a70e2a1 - - default default] Create volume request issued successfully.
2026-04-30 07:04:21.803 7 INFO cinder.api.openstack.wsgi [None req-9a15d973-d270-4996-827c-3819c07e0376 a3d28ba087464e97893979717343d798 786e40a034cc40b2a35cdbcb9a70e2a1 - - default default] http://cinder-api.openstack.svc.cluster.local:8776/v3/786e40a034cc40b2a35cdbcb9a70e2a1/volumes returned with HTTP 202 [pid: 7|app: 0|req: 315/632] 10.0.0.2 () {34 vars in 719 bytes} [Thu Apr 30 07:04:20 2026] POST /v3/786e40a034cc40b2a35cdbcb9a70e2a1/volumes => generated 864 bytes in 1119 msecs (HTTP/1.1 202) 7 headers in 291 bytes (1 switches on core 0)
2026-04-30 07:04:21.830 8 INFO cinder.api.openstack.wsgi [None req-7b0b5ec8-ab5f-4f4d-90a1-02bf9704a8bf a3d28ba087464e97893979717343d798 786e40a034cc40b2a35cdbcb9a70e2a1 - - default default] GET http://cinder-api.openstack.svc.cluster.local:8776/v3/786e40a034cc40b2a35cdbcb9a70e2a1/volumes/6ca3800c-931f-48d2-9d13-245d69ac6f11 /var/lib/openstack/lib/python3.10/site-packages/oslo_context/context.py:100: DeprecationWarning: Policy enforcement is depending on the value of is_admin. This key is deprecated. Please update your policy file to use the standard policy values. warnings.warn('Policy enforcement is depending on the value of '
2026-04-30 07:04:21.869 8 INFO cinder.volume.api [None req-7b0b5ec8-ab5f-4f4d-90a1-02bf9704a8bf a3d28ba087464e97893979717343d798 786e40a034cc40b2a35cdbcb9a70e2a1 - - default default] Volume info retrieved successfully.
2026-04-30 07:04:21.877 8 INFO cinder.api.openstack.wsgi [None req-7b0b5ec8-ab5f-4f4d-90a1-02bf9704a8bf a3d28ba087464e97893979717343d798 786e40a034cc40b2a35cdbcb9a70e2a1 - - default default] http://cinder-api.openstack.svc.cluster.local:8776/v3/786e40a034cc40b2a35cdbcb9a70e2a1/volumes/6ca3800c-931f-48d2-9d13-245d69ac6f11 returned with HTTP 200 [pid: 8|app: 0|req: 318/633] 10.0.0.2 () {32 vars in 771 bytes} [Thu Apr 30 07:04:21 2026] GET /v3/786e40a034cc40b2a35cdbcb9a70e2a1/volumes/6ca3800c-931f-48d2-9d13-245d69ac6f11 => generated 932 bytes in 53 msecs (HTTP/1.1 200) 7 headers in 285 bytes (1 switches on core 0) /var/lib/openstack/lib/python3.10/site-packages/pycadf/identifier.py:71: UserWarning: Invalid uuid: cinderv3. To ensure interoperability, identifiers should be a valid uuid. warnings.warn(('Invalid uuid: %s. To ensure interoperability, '
2026-04-30 07:04:22.899 7 INFO cinder.api.openstack.wsgi [None req-d76f563a-af71-42c7-9705-7ab9193eba02 a3d28ba087464e97893979717343d798 786e40a034cc40b2a35cdbcb9a70e2a1 - - default default] GET http://cinder-api.openstack.svc.cluster.local:8776/v3/786e40a034cc40b2a35cdbcb9a70e2a1/volumes/6ca3800c-931f-48d2-9d13-245d69ac6f11 /var/lib/openstack/lib/python3.10/site-packages/oslo_context/context.py:100: DeprecationWarning: Policy enforcement is depending on the value of is_admin. This key is deprecated. Please update your policy file to use the standard policy values. warnings.warn('Policy enforcement is depending on the value of '
2026-04-30 07:04:22.918 7 INFO cinder.volume.api [None req-d76f563a-af71-42c7-9705-7ab9193eba02 a3d28ba087464e97893979717343d798 786e40a034cc40b2a35cdbcb9a70e2a1 - - default default] Volume info retrieved successfully.
2026-04-30 07:04:22.927 7 INFO cinder.api.openstack.wsgi [None req-d76f563a-af71-42c7-9705-7ab9193eba02 a3d28ba087464e97893979717343d798 786e40a034cc40b2a35cdbcb9a70e2a1 - - default default] http://cinder-api.openstack.svc.cluster.local:8776/v3/786e40a034cc40b2a35cdbcb9a70e2a1/volumes/6ca3800c-931f-48d2-9d13-245d69ac6f11 returned with HTTP 200 [pid: 7|app: 0|req: 316/634] 10.0.0.2 () {32 vars in 771 bytes} [Thu Apr 30 07:04:22 2026] GET /v3/786e40a034cc40b2a35cdbcb9a70e2a1/volumes/6ca3800c-931f-48d2-9d13-245d69ac6f11 => generated 956 bytes in 35 msecs (HTTP/1.1 200) 7 headers in 285 bytes (1 switches on core 0) /var/lib/openstack/lib/python3.10/site-packages/pycadf/identifier.py:71: UserWarning: Invalid uuid: cinderv3. To ensure interoperability, identifiers should be a valid uuid. warnings.warn(('Invalid uuid: %s. To ensure interoperability, '
2026-04-30 07:04:23.957 8 INFO cinder.api.openstack.wsgi [None req-5e722ac1-d957-426b-a131-d655abab8875 a3d28ba087464e97893979717343d798 786e40a034cc40b2a35cdbcb9a70e2a1 - - default default] GET http://cinder-api.openstack.svc.cluster.local:8776/v3/786e40a034cc40b2a35cdbcb9a70e2a1/volumes/6ca3800c-931f-48d2-9d13-245d69ac6f11 /var/lib/openstack/lib/python3.10/site-packages/oslo_context/context.py:100: DeprecationWarning: Policy enforcement is depending on the value of is_admin. This key is deprecated. Please update your policy file to use the standard policy values. warnings.warn('Policy enforcement is depending on the value of '
2026-04-30 07:04:23.995 8 INFO cinder.volume.api [None req-5e722ac1-d957-426b-a131-d655abab8875 a3d28ba087464e97893979717343d798 786e40a034cc40b2a35cdbcb9a70e2a1 - - default default] Volume info retrieved successfully.
2026-04-30 07:04:24.004 8 INFO cinder.api.openstack.wsgi [None req-5e722ac1-d957-426b-a131-d655abab8875 a3d28ba087464e97893979717343d798 786e40a034cc40b2a35cdbcb9a70e2a1 - - default default] http://cinder-api.openstack.svc.cluster.local:8776/v3/786e40a034cc40b2a35cdbcb9a70e2a1/volumes/6ca3800c-931f-48d2-9d13-245d69ac6f11 returned with HTTP 200 [pid: 8|app: 0|req: 319/635] 10.0.0.2 () {32 vars in 771 bytes} [Thu Apr 30 07:04:23 2026] GET /v3/786e40a034cc40b2a35cdbcb9a70e2a1/volumes/6ca3800c-931f-48d2-9d13-245d69ac6f11 => generated 956 bytes in 55 msecs (HTTP/1.1 200) 7 headers in 285 bytes (1 switches on core 0) /var/lib/openstack/lib/python3.10/site-packages/pycadf/identifier.py:71: UserWarning: Invalid uuid: cinderv3. To ensure interoperability, identifiers should be a valid uuid. warnings.warn(('Invalid uuid: %s. To ensure interoperability, '
2026-04-30 07:04:25.032 7 INFO cinder.api.openstack.wsgi [None req-bf5bfa59-79b0-43d7-9905-b52d4bda65f1 a3d28ba087464e97893979717343d798 786e40a034cc40b2a35cdbcb9a70e2a1 - - default default] GET http://cinder-api.openstack.svc.cluster.local:8776/v3/786e40a034cc40b2a35cdbcb9a70e2a1/volumes/6ca3800c-931f-48d2-9d13-245d69ac6f11 /var/lib/openstack/lib/python3.10/site-packages/oslo_context/context.py:100: DeprecationWarning: Policy enforcement is depending on the value of is_admin. This key is deprecated. Please update your policy file to use the standard policy values. warnings.warn('Policy enforcement is depending on the value of '
2026-04-30 07:04:25.051 7 INFO cinder.volume.api [None req-bf5bfa59-79b0-43d7-9905-b52d4bda65f1 a3d28ba087464e97893979717343d798 786e40a034cc40b2a35cdbcb9a70e2a1 - - default default] Volume info retrieved successfully.
2026-04-30 07:04:25.059 7 INFO cinder.api.openstack.wsgi [None req-bf5bfa59-79b0-43d7-9905-b52d4bda65f1 a3d28ba087464e97893979717343d798 786e40a034cc40b2a35cdbcb9a70e2a1 - - default default] http://cinder-api.openstack.svc.cluster.local:8776/v3/786e40a034cc40b2a35cdbcb9a70e2a1/volumes/6ca3800c-931f-48d2-9d13-245d69ac6f11 returned with HTTP 200 [pid: 7|app: 0|req: 317/636] 10.0.0.2 () {32 vars in 771 bytes} [Thu Apr 30 07:04:25 2026] GET /v3/786e40a034cc40b2a35cdbcb9a70e2a1/volumes/6ca3800c-931f-48d2-9d13-245d69ac6f11 => generated 1341 bytes in 35 msecs (HTTP/1.1 200) 7 headers in 286 bytes (1 switches on core 0) /var/lib/openstack/lib/python3.10/site-packages/pycadf/identifier.py:71: UserWarning: Invalid uuid: cinderv3. To ensure interoperability, identifiers should be a valid uuid. warnings.warn(('Invalid uuid: %s. To ensure interoperability, '
2026-04-30 07:04:25.166 8 INFO cinder.api.openstack.wsgi [req-77845dbc-95ff-407a-bb29-ccc5991b1565 req-8aeeda53-eeab-4f87-a372-3571e0dded4b a3d28ba087464e97893979717343d798 786e40a034cc40b2a35cdbcb9a70e2a1 - - default default] GET http://cinder-api.openstack.svc.cluster.local:8776/v3/786e40a034cc40b2a35cdbcb9a70e2a1/volumes/6ca3800c-931f-48d2-9d13-245d69ac6f11 /var/lib/openstack/lib/python3.10/site-packages/oslo_context/context.py:100: DeprecationWarning: Policy enforcement is depending on the value of is_admin. This key is deprecated. Please update your policy file to use the standard policy values. warnings.warn('Policy enforcement is depending on the value of '
2026-04-30 07:04:25.184 8 INFO cinder.volume.api [req-77845dbc-95ff-407a-bb29-ccc5991b1565 req-8aeeda53-eeab-4f87-a372-3571e0dded4b a3d28ba087464e97893979717343d798 786e40a034cc40b2a35cdbcb9a70e2a1 - - default default] Volume info retrieved successfully.
2026-04-30 07:04:25.190 8 INFO cinder.api.openstack.wsgi [req-77845dbc-95ff-407a-bb29-ccc5991b1565 req-8aeeda53-eeab-4f87-a372-3571e0dded4b a3d28ba087464e97893979717343d798 786e40a034cc40b2a35cdbcb9a70e2a1 - - default default] http://cinder-api.openstack.svc.cluster.local:8776/v3/786e40a034cc40b2a35cdbcb9a70e2a1/volumes/6ca3800c-931f-48d2-9d13-245d69ac6f11 returned with HTTP 200 [pid: 8|app: 0|req: 320/637] 10.0.0.11 () {34 vars in 1025 bytes} [Thu Apr 30 07:04:25 2026] GET /v3/786e40a034cc40b2a35cdbcb9a70e2a1/volumes/6ca3800c-931f-48d2-9d13-245d69ac6f11 => generated 1341 bytes in 35 msecs (HTTP/1.1 200) 7 headers in 286 bytes (1 switches on core 0) /var/lib/openstack/lib/python3.10/site-packages/pycadf/identifier.py:71: UserWarning: Invalid uuid: cinderv3. To ensure interoperability, identifiers should be a valid uuid. warnings.warn(('Invalid uuid: %s. To ensure interoperability, '
2026-04-30 07:04:25.759 7 INFO cinder.api.openstack.wsgi [req-77845dbc-95ff-407a-bb29-ccc5991b1565 req-88e07e64-ed80-4d65-ae5e-839c98905824 a3d28ba087464e97893979717343d798 786e40a034cc40b2a35cdbcb9a70e2a1 - - default default] GET http://cinder-api.openstack.svc.cluster.local:8776/v3/786e40a034cc40b2a35cdbcb9a70e2a1/volumes/6ca3800c-931f-48d2-9d13-245d69ac6f11 /var/lib/openstack/lib/python3.10/site-packages/oslo_context/context.py:100: DeprecationWarning: Policy enforcement is depending on the value of is_admin. This key is deprecated. Please update your policy file to use the standard policy values. warnings.warn('Policy enforcement is depending on the value of '
2026-04-30 07:04:25.782 7 INFO cinder.volume.api [req-77845dbc-95ff-407a-bb29-ccc5991b1565 req-88e07e64-ed80-4d65-ae5e-839c98905824 a3d28ba087464e97893979717343d798 786e40a034cc40b2a35cdbcb9a70e2a1 - - default default] Volume info retrieved successfully.
2026-04-30 07:04:25.789 7 INFO cinder.api.openstack.wsgi [req-77845dbc-95ff-407a-bb29-ccc5991b1565 req-88e07e64-ed80-4d65-ae5e-839c98905824 a3d28ba087464e97893979717343d798 786e40a034cc40b2a35cdbcb9a70e2a1 - - default default] http://cinder-api.openstack.svc.cluster.local:8776/v3/786e40a034cc40b2a35cdbcb9a70e2a1/volumes/6ca3800c-931f-48d2-9d13-245d69ac6f11 returned with HTTP 200 [pid: 7|app: 0|req: 318/638] 10.0.0.11 () {34 vars in 1025 bytes} [Thu Apr 30 07:04:25 2026] GET /v3/786e40a034cc40b2a35cdbcb9a70e2a1/volumes/6ca3800c-931f-48d2-9d13-245d69ac6f11 => generated 1341 bytes in 38 msecs (HTTP/1.1 200) 7 headers in 286 bytes (1 switches on core 0)
2026-04-30 07:04:25.802 8 INFO cinder.api.openstack.wsgi [req-77845dbc-95ff-407a-bb29-ccc5991b1565 req-8aeeda53-eeab-4f87-a372-3571e0dded4b a3d28ba087464e97893979717343d798 786e40a034cc40b2a35cdbcb9a70e2a1 - - default default] GET http://cinder-api.openstack.svc.cluster.local:8776/
2026-04-30 07:04:25.804 8 INFO cinder.api.openstack.wsgi [req-77845dbc-95ff-407a-bb29-ccc5991b1565 req-8aeeda53-eeab-4f87-a372-3571e0dded4b a3d28ba087464e97893979717343d798 786e40a034cc40b2a35cdbcb9a70e2a1 - - default default] http://cinder-api.openstack.svc.cluster.local:8776/ returned with HTTP 300 [pid: 8|app: 0|req: 321/639] 10.0.0.11 () {32 vars in 826 bytes} [Thu Apr 30 07:04:25 2026] GET / => generated 411 bytes in 3 msecs (HTTP/1.1 300) 5 headers in 169 bytes (1 switches on core 0) /var/lib/openstack/lib/python3.10/site-packages/pycadf/identifier.py:71: UserWarning: Invalid uuid: cinderv3. To ensure interoperability, identifiers should be a valid uuid. warnings.warn(('Invalid uuid: %s. To ensure interoperability, '
2026-04-30 07:04:25.822 7 INFO cinder.api.openstack.wsgi [req-77845dbc-95ff-407a-bb29-ccc5991b1565 req-5c688882-70bf-486f-90de-f1bb6cce4121 a3d28ba087464e97893979717343d798 786e40a034cc40b2a35cdbcb9a70e2a1 - - default default] POST http://cinder-api.openstack.svc.cluster.local:8776/v3/786e40a034cc40b2a35cdbcb9a70e2a1/attachments /var/lib/openstack/lib/python3.10/site-packages/oslo_context/context.py:100: DeprecationWarning: Policy enforcement is depending on the value of is_admin. This key is deprecated. Please update your policy file to use the standard policy values. warnings.warn('Policy enforcement is depending on the value of '
2026-04-30 07:04:25.894 7 INFO cinder.api.openstack.wsgi [req-77845dbc-95ff-407a-bb29-ccc5991b1565 req-5c688882-70bf-486f-90de-f1bb6cce4121 a3d28ba087464e97893979717343d798 786e40a034cc40b2a35cdbcb9a70e2a1 - - default default] http://cinder-api.openstack.svc.cluster.local:8776/v3/786e40a034cc40b2a35cdbcb9a70e2a1/attachments returned with HTTP 200 [pid: 7|app: 0|req: 319/640] 10.0.0.11 () {40 vars in 1054 bytes} [Thu Apr 30 07:04:25 2026] POST /v3/786e40a034cc40b2a35cdbcb9a70e2a1/attachments => generated 273 bytes in 88 msecs (HTTP/1.1 200) 7 headers in 286 bytes (1 switches on core 0)
2026-04-30 07:04:26.089 8 INFO cinder.api.openstack.wsgi [req-77845dbc-95ff-407a-bb29-ccc5991b1565 req-8aeeda53-eeab-4f87-a372-3571e0dded4b a3d28ba087464e97893979717343d798 786e40a034cc40b2a35cdbcb9a70e2a1 - - default default] GET http://10.0.0.180:8776/
2026-04-30 07:04:26.089 7 INFO cinder.api.openstack.wsgi [req-77845dbc-95ff-407a-bb29-ccc5991b1565 req-5c688882-70bf-486f-90de-f1bb6cce4121 a3d28ba087464e97893979717343d798 786e40a034cc40b2a35cdbcb9a70e2a1 - - default default] GET http://10.0.0.180:8776/
2026-04-30 07:04:26.090 8 INFO cinder.api.openstack.wsgi [req-77845dbc-95ff-407a-bb29-ccc5991b1565 req-8aeeda53-eeab-4f87-a372-3571e0dded4b a3d28ba087464e97893979717343d798 786e40a034cc40b2a35cdbcb9a70e2a1 - - default default] http://10.0.0.180:8776/ returned with HTTP 300
2026-04-30 07:04:26.090 7 INFO cinder.api.openstack.wsgi [req-77845dbc-95ff-407a-bb29-ccc5991b1565 req-5c688882-70bf-486f-90de-f1bb6cce4121 a3d28ba087464e97893979717343d798 786e40a034cc40b2a35cdbcb9a70e2a1 - - default default] http://10.0.0.180:8776/ returned with HTTP 300
2026-04-30 07:04:26.792 8 INFO cinder.api.openstack.wsgi [req-77845dbc-95ff-407a-bb29-ccc5991b1565 req-8aeeda53-eeab-4f87-a372-3571e0dded4b a3d28ba087464e97893979717343d798 786e40a034cc40b2a35cdbcb9a70e2a1 - - default default] GET http://cinder-api.openstack.svc.cluster.local:8776/
2026-04-30 07:04:26.793 8 INFO cinder.api.openstack.wsgi [req-77845dbc-95ff-407a-bb29-ccc5991b1565 req-8aeeda53-eeab-4f87-a372-3571e0dded4b a3d28ba087464e97893979717343d798 786e40a034cc40b2a35cdbcb9a70e2a1 - - default default] http://cinder-api.openstack.svc.cluster.local:8776/ returned with HTTP 300 [pid: 8|app: 0|req: 323/643] 199.19.213.240 () {32 vars in 838 bytes} [Thu Apr 30 07:04:26 2026] GET / => generated 411 bytes in 3 msecs (HTTP/1.1 300) 5 headers in 169 bytes (1 switches on core 0) /var/lib/openstack/lib/python3.10/site-packages/pycadf/identifier.py:71: UserWarning: Invalid uuid: cinderv3. To ensure interoperability, identifiers should be a valid uuid. warnings.warn(('Invalid uuid: %s. To ensure interoperability, '
2026-04-30 07:04:26.830 7 INFO cinder.api.openstack.wsgi [req-77845dbc-95ff-407a-bb29-ccc5991b1565 req-cf5c2880-23f8-4926-9903-90366ce0df40 a3d28ba087464e97893979717343d798 786e40a034cc40b2a35cdbcb9a70e2a1 - - default default] GET http://cinder-api.openstack.svc.cluster.local:8776/v3/786e40a034cc40b2a35cdbcb9a70e2a1/volumes/6ca3800c-931f-48d2-9d13-245d69ac6f11 /var/lib/openstack/lib/python3.10/site-packages/oslo_context/context.py:100: DeprecationWarning: Policy enforcement is depending on the value of is_admin. This key is deprecated. Please update your policy file to use the standard policy values. warnings.warn('Policy enforcement is depending on the value of '
2026-04-30 07:04:26.852 7 INFO cinder.volume.api [req-77845dbc-95ff-407a-bb29-ccc5991b1565 req-cf5c2880-23f8-4926-9903-90366ce0df40 a3d28ba087464e97893979717343d798 786e40a034cc40b2a35cdbcb9a70e2a1 - - default default] Volume info retrieved successfully.
2026-04-30 07:04:26.857 7 INFO cinder.api.openstack.wsgi [req-77845dbc-95ff-407a-bb29-ccc5991b1565 req-cf5c2880-23f8-4926-9903-90366ce0df40 a3d28ba087464e97893979717343d798 786e40a034cc40b2a35cdbcb9a70e2a1 - - default default] http://cinder-api.openstack.svc.cluster.local:8776/v3/786e40a034cc40b2a35cdbcb9a70e2a1/volumes/6ca3800c-931f-48d2-9d13-245d69ac6f11 returned with HTTP 200 [pid: 7|app: 0|req: 321/644] 199.19.213.240 () {36 vars in 1071 bytes} [Thu Apr 30 07:04:26 2026] GET /v3/786e40a034cc40b2a35cdbcb9a70e2a1/volumes/6ca3800c-931f-48d2-9d13-245d69ac6f11 => generated 1439 bytes in 34 msecs (HTTP/1.1 200) 7 headers in 287 bytes (1 switches on core 0) /var/lib/openstack/lib/python3.10/site-packages/pycadf/identifier.py:71: UserWarning: Invalid uuid: cinderv3. To ensure interoperability, identifiers should be a valid uuid. warnings.warn(('Invalid uuid: %s. To ensure interoperability, '
2026-04-30 07:04:28.398 8 INFO cinder.api.openstack.wsgi [req-77845dbc-95ff-407a-bb29-ccc5991b1565 req-7a578136-d605-4320-bee2-ec13054ab2eb a3d28ba087464e97893979717343d798 786e40a034cc40b2a35cdbcb9a70e2a1 - - default default] PUT http://cinder-api.openstack.svc.cluster.local:8776/v3/786e40a034cc40b2a35cdbcb9a70e2a1/attachments/6a45f28f-0c43-4025-a308-db769b0daf9a /var/lib/openstack/lib/python3.10/site-packages/oslo_context/context.py:100: DeprecationWarning: Policy enforcement is depending on the value of is_admin. This key is deprecated. Please update your policy file to use the standard policy values. warnings.warn('Policy enforcement is depending on the value of '
2026-04-30 07:04:29.120 8 INFO cinder.api.openstack.wsgi [req-77845dbc-95ff-407a-bb29-ccc5991b1565 req-7a578136-d605-4320-bee2-ec13054ab2eb a3d28ba087464e97893979717343d798 786e40a034cc40b2a35cdbcb9a70e2a1 - - default default] http://cinder-api.openstack.svc.cluster.local:8776/v3/786e40a034cc40b2a35cdbcb9a70e2a1/attachments/6a45f28f-0c43-4025-a308-db769b0daf9a returned with HTTP 200 [pid: 8|app: 0|req: 324/645] 199.19.213.240 () {40 vars in 1132 bytes} [Thu Apr 30 07:04:28 2026] PUT /v3/786e40a034cc40b2a35cdbcb9a70e2a1/attachments/6a45f28f-0c43-4025-a308-db769b0daf9a => generated 775 bytes in 734 msecs (HTTP/1.1 200) 7 headers in 286 bytes (1 switches on core 0) /var/lib/openstack/lib/python3.10/site-packages/pycadf/identifier.py:71: UserWarning: Invalid uuid: cinderv3. To ensure interoperability, identifiers should be a valid uuid. warnings.warn(('Invalid uuid: %s. To ensure interoperability, '
2026-04-30 07:04:29.165 7 INFO cinder.api.openstack.wsgi [req-77845dbc-95ff-407a-bb29-ccc5991b1565 req-bc040b31-105f-45b5-bc80-c301708a72d1 a3d28ba087464e97893979717343d798 786e40a034cc40b2a35cdbcb9a70e2a1 - - default default] POST http://cinder-api.openstack.svc.cluster.local:8776/v3/786e40a034cc40b2a35cdbcb9a70e2a1/attachments/6a45f28f-0c43-4025-a308-db769b0daf9a/action /var/lib/openstack/lib/python3.10/site-packages/oslo_context/context.py:100: DeprecationWarning: Policy enforcement is depending on the value of is_admin. This key is deprecated. Please update your policy file to use the standard policy values. warnings.warn('Policy enforcement is depending on the value of '
2026-04-30 07:04:29.225 7 INFO cinder.api.openstack.wsgi [req-77845dbc-95ff-407a-bb29-ccc5991b1565 req-bc040b31-105f-45b5-bc80-c301708a72d1 a3d28ba087464e97893979717343d798 786e40a034cc40b2a35cdbcb9a70e2a1 - - default default] http://cinder-api.openstack.svc.cluster.local:8776/v3/786e40a034cc40b2a35cdbcb9a70e2a1/attachments/6a45f28f-0c43-4025-a308-db769b0daf9a/action returned with HTTP 204 [pid: 7|app: 0|req: 322/646] 199.19.213.240 () {40 vars in 1146 bytes} [Thu Apr 30 07:04:29 2026] POST /v3/786e40a034cc40b2a35cdbcb9a70e2a1/attachments/6a45f28f-0c43-4025-a308-db769b0daf9a/action => generated 0 bytes in 71 msecs (HTTP/1.1 204) 7 headers in 292 bytes (1 switches on core 0)
2026-04-30 07:04:36.090 8 INFO cinder.api.openstack.wsgi [req-77845dbc-95ff-407a-bb29-ccc5991b1565 req-7a578136-d605-4320-bee2-ec13054ab2eb a3d28ba087464e97893979717343d798 786e40a034cc40b2a35cdbcb9a70e2a1 - - default default] GET http://10.0.0.180:8776/
2026-04-30 07:04:36.091 8 INFO cinder.api.openstack.wsgi [req-77845dbc-95ff-407a-bb29-ccc5991b1565 req-7a578136-d605-4320-bee2-ec13054ab2eb a3d28ba087464e97893979717343d798 786e40a034cc40b2a35cdbcb9a70e2a1 - - default default] http://10.0.0.180:8776/ returned with HTTP 300
2026-04-30 07:04:36.091 7 INFO cinder.api.openstack.wsgi [req-77845dbc-95ff-407a-bb29-ccc5991b1565 req-bc040b31-105f-45b5-bc80-c301708a72d1 a3d28ba087464e97893979717343d798 786e40a034cc40b2a35cdbcb9a70e2a1 - - default default] GET http://10.0.0.180:8776/
2026-04-30 07:04:36.093 7 INFO cinder.api.openstack.wsgi [req-77845dbc-95ff-407a-bb29-ccc5991b1565 req-bc040b31-105f-45b5-bc80-c301708a72d1 a3d28ba087464e97893979717343d798 786e40a034cc40b2a35cdbcb9a70e2a1 - - default default] http://10.0.0.180:8776/ returned with HTTP 300 /var/lib/openstack/lib/python3.10/site-packages/pycadf/identifier.py:71: UserWarning: Invalid uuid: cinderv3. To ensure interoperability, identifiers should be a valid uuid. warnings.warn(('Invalid uuid: %s. To ensure interoperability, '
2026-04-30 07:04:37.015 8 INFO cinder.api.openstack.wsgi [req-b7bc7e34-15e2-41ce-a289-2feab899224e req-977bd653-af7e-449f-881c-508f72b70631 a3d28ba087464e97893979717343d798 786e40a034cc40b2a35cdbcb9a70e2a1 - - default default] DELETE http://cinder-api.openstack.svc.cluster.local:8776/v3/786e40a034cc40b2a35cdbcb9a70e2a1/attachments/6a45f28f-0c43-4025-a308-db769b0daf9a /var/lib/openstack/lib/python3.10/site-packages/oslo_context/context.py:100: DeprecationWarning: Policy enforcement is depending on the value of is_admin. This key is deprecated. Please update your policy file to use the standard policy values. warnings.warn('Policy enforcement is depending on the value of '
2026-04-30 07:04:37.087 8 INFO cinder.api.openstack.wsgi [req-b7bc7e34-15e2-41ce-a289-2feab899224e req-977bd653-af7e-449f-881c-508f72b70631 a3d28ba087464e97893979717343d798 786e40a034cc40b2a35cdbcb9a70e2a1 - - default default] http://cinder-api.openstack.svc.cluster.local:8776/v3/786e40a034cc40b2a35cdbcb9a70e2a1/attachments/6a45f28f-0c43-4025-a308-db769b0daf9a returned with HTTP 200 [pid: 8|app: 0|req: 326/649] 199.19.213.240 () {38 vars in 1101 bytes} [Thu Apr 30 07:04:37 2026] DELETE /v3/786e40a034cc40b2a35cdbcb9a70e2a1/attachments/6a45f28f-0c43-4025-a308-db769b0daf9a => generated 19 bytes in 78 msecs (HTTP/1.1 200) 7 headers in 285 bytes (1 switches on core 0) /var/lib/openstack/lib/python3.10/site-packages/pycadf/identifier.py:71: UserWarning: Invalid uuid: cinderv3. To ensure interoperability, identifiers should be a valid uuid. warnings.warn(('Invalid uuid: %s. To ensure interoperability, '
2026-04-30 07:04:37.105 7 INFO cinder.api.openstack.wsgi [req-b7bc7e34-15e2-41ce-a289-2feab899224e req-10d5748a-a67f-43ac-9dd4-8669dc93167e a3d28ba087464e97893979717343d798 786e40a034cc40b2a35cdbcb9a70e2a1 - - default default] DELETE http://cinder-api.openstack.svc.cluster.local:8776/v3/786e40a034cc40b2a35cdbcb9a70e2a1/volumes/6ca3800c-931f-48d2-9d13-245d69ac6f11
2026-04-30 07:04:37.106 7 INFO cinder.api.v3.volumes [req-b7bc7e34-15e2-41ce-a289-2feab899224e req-10d5748a-a67f-43ac-9dd4-8669dc93167e a3d28ba087464e97893979717343d798 786e40a034cc40b2a35cdbcb9a70e2a1 - - default default] Delete volume with id: 6ca3800c-931f-48d2-9d13-245d69ac6f11  /var/lib/openstack/lib/python3.10/site-packages/oslo_context/context.py:100: DeprecationWarning: Policy enforcement is depending on the value of is_admin. This key is deprecated. Please update your policy file to use the standard policy values. warnings.warn('Policy enforcement is depending on the value of '
2026-04-30 07:04:37.118 7 INFO cinder.volume.api [req-b7bc7e34-15e2-41ce-a289-2feab899224e req-10d5748a-a67f-43ac-9dd4-8669dc93167e a3d28ba087464e97893979717343d798 786e40a034cc40b2a35cdbcb9a70e2a1 - - default default] Volume info retrieved successfully.
2026-04-30 07:04:37.156 7 INFO cinder.volume.api [req-b7bc7e34-15e2-41ce-a289-2feab899224e req-10d5748a-a67f-43ac-9dd4-8669dc93167e a3d28ba087464e97893979717343d798 786e40a034cc40b2a35cdbcb9a70e2a1 - - default default] Delete volume request issued successfully.
2026-04-30 07:04:37.157 7 INFO cinder.api.openstack.wsgi [req-b7bc7e34-15e2-41ce-a289-2feab899224e req-10d5748a-a67f-43ac-9dd4-8669dc93167e a3d28ba087464e97893979717343d798 786e40a034cc40b2a35cdbcb9a70e2a1 - - default default] http://cinder-api.openstack.svc.cluster.local:8776/v3/786e40a034cc40b2a35cdbcb9a70e2a1/volumes/6ca3800c-931f-48d2-9d13-245d69ac6f11 returned with HTTP 202 [pid: 7|app: 0|req: 324/650] 199.19.213.240 () {36 vars in 1052 bytes} [Thu Apr 30 07:04:37 2026] DELETE /v3/786e40a034cc40b2a35cdbcb9a70e2a1/volumes/6ca3800c-931f-48d2-9d13-245d69ac6f11 => generated 0 bytes in 62 msecs (HTTP/1.1 202) 6 headers in 233 bytes (1 switches on core 0)
2026-04-30 07:04:46.090 8 INFO cinder.api.openstack.wsgi [req-b7bc7e34-15e2-41ce-a289-2feab899224e req-977bd653-af7e-449f-881c-508f72b70631 a3d28ba087464e97893979717343d798 786e40a034cc40b2a35cdbcb9a70e2a1 - - default default] GET http://10.0.0.180:8776/
2026-04-30 07:04:46.091 8 INFO cinder.api.openstack.wsgi [req-b7bc7e34-15e2-41ce-a289-2feab899224e req-977bd653-af7e-449f-881c-508f72b70631 a3d28ba087464e97893979717343d798 786e40a034cc40b2a35cdbcb9a70e2a1 - - default default] http://10.0.0.180:8776/ returned with HTTP 300
2026-04-30 07:04:46.093 7 INFO cinder.api.openstack.wsgi [req-b7bc7e34-15e2-41ce-a289-2feab899224e req-10d5748a-a67f-43ac-9dd4-8669dc93167e a3d28ba087464e97893979717343d798 786e40a034cc40b2a35cdbcb9a70e2a1 - - default default] GET http://10.0.0.180:8776/
2026-04-30 07:04:46.093 7 INFO cinder.api.openstack.wsgi [req-b7bc7e34-15e2-41ce-a289-2feab899224e req-10d5748a-a67f-43ac-9dd4-8669dc93167e a3d28ba087464e97893979717343d798 786e40a034cc40b2a35cdbcb9a70e2a1 - - default default] http://10.0.0.180:8776/ returned with HTTP 300 /var/lib/openstack/lib/python3.10/site-packages/pycadf/identifier.py:71: UserWarning: Invalid uuid: cinderv3. To ensure interoperability, identifiers should be a valid uuid. warnings.warn(('Invalid uuid: %s. To ensure interoperability, '
2026-04-30 07:04:49.239 8 INFO cinder.api.openstack.wsgi [None req-fb056cfc-fad3-48c9-90e1-7e2936c00df2 b43bde782ea84d58955298a3a5ed2e97 905c17825737481f9623bc23ce66480a - - default default] GET http://cinder-api.openstack.svc.cluster.local:8776/v3/905c17825737481f9623bc23ce66480a/os-quota-sets/6bd18400c1694e109ad2dccebbd1acb6?usage=true /var/lib/openstack/lib/python3.10/site-packages/oslo_context/context.py:100: DeprecationWarning: Policy enforcement is depending on the value of is_admin. This key is deprecated. Please update your policy file to use the standard policy values. warnings.warn('Policy enforcement is depending on the value of '
2026-04-30 07:04:49.270 8 INFO cinder.api.openstack.wsgi [None req-fb056cfc-fad3-48c9-90e1-7e2936c00df2 b43bde782ea84d58955298a3a5ed2e97 905c17825737481f9623bc23ce66480a - - default default] http://cinder-api.openstack.svc.cluster.local:8776/v3/905c17825737481f9623bc23ce66480a/os-quota-sets/6bd18400c1694e109ad2dccebbd1acb6?usage=true returned with HTTP 200 [pid: 8|app: 0|req: 328/653] 10.0.0.219 () {28 vars in 734 bytes} [Thu Apr 30 07:04:49 2026] GET /v3/905c17825737481f9623bc23ce66480a/os-quota-sets/6bd18400c1694e109ad2dccebbd1acb6?usage=true => generated 847 bytes in 239 msecs (HTTP/1.1 200) 7 headers in 285 bytes (1 switches on core 0) /var/lib/openstack/lib/python3.10/site-packages/pycadf/identifier.py:71: UserWarning: Invalid uuid: cinderv3. To ensure interoperability, identifiers should be a valid uuid. warnings.warn(('Invalid uuid: %s. To ensure interoperability, '
2026-04-30 07:04:49.285 7 INFO cinder.api.openstack.wsgi [None req-e6f35555-7cfc-420f-bf9f-7789b2dd86bd b43bde782ea84d58955298a3a5ed2e97 905c17825737481f9623bc23ce66480a - - default default] GET http://cinder-api.openstack.svc.cluster.local:8776/v3/905c17825737481f9623bc23ce66480a/os-quota-sets/70ec3b607dc0441b81d770f711bf2b7f?usage=true
2026-04-30 07:04:49.314 7 INFO cinder.api.openstack.wsgi [None req-e6f35555-7cfc-420f-bf9f-7789b2dd86bd b43bde782ea84d58955298a3a5ed2e97 905c17825737481f9623bc23ce66480a - - default default] http://cinder-api.openstack.svc.cluster.local:8776/v3/905c17825737481f9623bc23ce66480a/os-quota-sets/70ec3b607dc0441b81d770f711bf2b7f?usage=true returned with HTTP 200 [pid: 7|app: 0|req: 326/654] 10.0.0.219 () {28 vars in 734 bytes} [Thu Apr 30 07:04:49 2026] GET /v3/905c17825737481f9623bc23ce66480a/os-quota-sets/70ec3b607dc0441b81d770f711bf2b7f?usage=true => generated 847 bytes in 38 msecs (HTTP/1.1 200) 7 headers in 285 bytes (1 switches on core 0)
2026-04-30 07:04:49.328 8 INFO cinder.api.openstack.wsgi [None req-27271526-b030-41dc-b018-0bbc5e2c6755 b43bde782ea84d58955298a3a5ed2e97 905c17825737481f9623bc23ce66480a - - default default] GET http://cinder-api.openstack.svc.cluster.local:8776/v3/905c17825737481f9623bc23ce66480a/os-quota-sets/905c17825737481f9623bc23ce66480a?usage=true
2026-04-30 07:04:49.352 8 INFO cinder.api.openstack.wsgi [None req-27271526-b030-41dc-b018-0bbc5e2c6755 b43bde782ea84d58955298a3a5ed2e97 905c17825737481f9623bc23ce66480a - - default default] http://cinder-api.openstack.svc.cluster.local:8776/v3/905c17825737481f9623bc23ce66480a/os-quota-sets/905c17825737481f9623bc23ce66480a?usage=true returned with HTTP 200 [pid: 8|app: 0|req: 329/655] 10.0.0.219 () {28 vars in 734 bytes} [Thu Apr 30 07:04:49 2026] GET /v3/905c17825737481f9623bc23ce66480a/os-quota-sets/905c17825737481f9623bc23ce66480a?usage=true => generated 845 bytes in 34 msecs (HTTP/1.1 200) 7 headers in 285 bytes (1 switches on core 0)
2026-04-30 07:04:49.366 7 INFO cinder.api.openstack.wsgi [None req-2e2757a1-927b-4b22-9d8d-63437ee504fe b43bde782ea84d58955298a3a5ed2e97 905c17825737481f9623bc23ce66480a - - default default] GET http://cinder-api.openstack.svc.cluster.local:8776/v3/905c17825737481f9623bc23ce66480a/os-quota-sets/929a67ea59964ccc9b3d64989fa81e3c?usage=true
2026-04-30 07:04:49.389 7 INFO cinder.api.openstack.wsgi [None req-2e2757a1-927b-4b22-9d8d-63437ee504fe b43bde782ea84d58955298a3a5ed2e97 905c17825737481f9623bc23ce66480a - - default default] http://cinder-api.openstack.svc.cluster.local:8776/v3/905c17825737481f9623bc23ce66480a/os-quota-sets/929a67ea59964ccc9b3d64989fa81e3c?usage=true returned with HTTP 200 [pid: 7|app: 0|req: 327/656] 10.0.0.219 () {28 vars in 734 bytes} [Thu Apr 30 07:04:49 2026] GET /v3/905c17825737481f9623bc23ce66480a/os-quota-sets/929a67ea59964ccc9b3d64989fa81e3c?usage=true => generated 845 bytes in 35 msecs (HTTP/1.1 200) 7 headers in 285 bytes (1 switches on core 0)
2026-04-30 07:04:49.404 8 INFO cinder.api.openstack.wsgi [None req-2ec0fe79-3f85-4bfb-955f-9684b2dda81a b43bde782ea84d58955298a3a5ed2e97 905c17825737481f9623bc23ce66480a - - default default] GET http://cinder-api.openstack.svc.cluster.local:8776/v3/905c17825737481f9623bc23ce66480a/os-quota-sets/92ec66fae3ef48868ede9ff16812c090?usage=true
2026-04-30 07:04:49.438 8 INFO cinder.api.openstack.wsgi [None req-2ec0fe79-3f85-4bfb-955f-9684b2dda81a b43bde782ea84d58955298a3a5ed2e97 905c17825737481f9623bc23ce66480a - - default default] http://cinder-api.openstack.svc.cluster.local:8776/v3/905c17825737481f9623bc23ce66480a/os-quota-sets/92ec66fae3ef48868ede9ff16812c090?usage=true returned with HTTP 200 [pid: 8|app: 0|req: 330/657] 10.0.0.219 () {28 vars in 734 bytes} [Thu Apr 30 07:04:49 2026] GET /v3/905c17825737481f9623bc23ce66480a/os-quota-sets/92ec66fae3ef48868ede9ff16812c090?usage=true => generated 847 bytes in 46 msecs (HTTP/1.1 200) 7 headers in 285 bytes (1 switches on core 0)
2026-04-30 07:04:49.454 7 INFO cinder.api.openstack.wsgi [None req-418e6bec-99bf-429c-860f-469f09018b4b b43bde782ea84d58955298a3a5ed2e97 905c17825737481f9623bc23ce66480a - - default default] GET http://cinder-api.openstack.svc.cluster.local:8776/v3/905c17825737481f9623bc23ce66480a/os-quota-sets/f0f416e1260442f1bbf637c87d45b1b9?usage=true
2026-04-30 07:04:49.471 7 INFO cinder.api.openstack.wsgi [None req-418e6bec-99bf-429c-860f-469f09018b4b b43bde782ea84d58955298a3a5ed2e97 905c17825737481f9623bc23ce66480a - - default default] http://cinder-api.openstack.svc.cluster.local:8776/v3/905c17825737481f9623bc23ce66480a/os-quota-sets/f0f416e1260442f1bbf637c87d45b1b9?usage=true returned with HTTP 200 [pid: 7|app: 0|req: 328/658] 10.0.0.219 () {28 vars in 734 bytes} [Thu Apr 30 07:04:49 2026] GET /v3/905c17825737481f9623bc23ce66480a/os-quota-sets/f0f416e1260442f1bbf637c87d45b1b9?usage=true => generated 847 bytes in 25 msecs (HTTP/1.1 200) 7 headers in 285 bytes (1 switches on core 0)
2026-04-30 07:04:49.486 8 INFO cinder.api.openstack.wsgi [None req-df9db75f-1be1-4422-905d-2ceacb59edfd b43bde782ea84d58955298a3a5ed2e97 905c17825737481f9623bc23ce66480a - - default default] GET http://cinder-api.openstack.svc.cluster.local:8776/v3/905c17825737481f9623bc23ce66480a/os-quota-sets/f5ad0ee94a57416e9441b146cd5133b9?usage=true
2026-04-30 07:04:49.511 8 INFO cinder.api.openstack.wsgi [None req-df9db75f-1be1-4422-905d-2ceacb59edfd b43bde782ea84d58955298a3a5ed2e97 905c17825737481f9623bc23ce66480a - - default default] http://cinder-api.openstack.svc.cluster.local:8776/v3/905c17825737481f9623bc23ce66480a/os-quota-sets/f5ad0ee94a57416e9441b146cd5133b9?usage=true returned with HTTP 200 [pid: 8|app: 0|req: 331/659] 10.0.0.219 () {28 vars in 734 bytes} [Thu Apr 30 07:04:49 2026] GET /v3/905c17825737481f9623bc23ce66480a/os-quota-sets/f5ad0ee94a57416e9441b146cd5133b9?usage=true => generated 847 bytes in 36 msecs (HTTP/1.1 200) 7 headers in 285 bytes (1 switches on core 0)
2026-04-30 07:04:49.522 7 INFO cinder.api.openstack.wsgi [None req-aeed4eb1-ae0b-4b36-bf01-6d1de7f11240 b43bde782ea84d58955298a3a5ed2e97 905c17825737481f9623bc23ce66480a - - default default] GET http://cinder-api.openstack.svc.cluster.local:8776/v3/905c17825737481f9623bc23ce66480a/volumes/detail?all_tenants=true
2026-04-30 07:04:49.532 7 INFO cinder.volume.api [None req-aeed4eb1-ae0b-4b36-bf01-6d1de7f11240 b43bde782ea84d58955298a3a5ed2e97 905c17825737481f9623bc23ce66480a - - default default] Get all volumes completed successfully.
2026-04-30 07:04:49.534 7 INFO cinder.api.openstack.wsgi [None req-aeed4eb1-ae0b-4b36-bf01-6d1de7f11240 b43bde782ea84d58955298a3a5ed2e97 905c17825737481f9623bc23ce66480a - - default default] http://cinder-api.openstack.svc.cluster.local:8776/v3/905c17825737481f9623bc23ce66480a/volumes/detail?all_tenants=true returned with HTTP 200 [pid: 7|app: 0|req: 329/660] 10.0.0.219 () {28 vars in 682 bytes} [Thu Apr 30 07:04:49 2026] GET /v3/905c17825737481f9623bc23ce66480a/volumes/detail?all_tenants=true => generated 15 bytes in 20 msecs (HTTP/1.1 200) 7 headers in 284 bytes (1 switches on core 0)
2026-04-30 07:04:49.547 8 INFO cinder.api.openstack.wsgi [None req-8e69c5a5-e0d3-45bc-b974-2efbc3f2f840 b43bde782ea84d58955298a3a5ed2e97 905c17825737481f9623bc23ce66480a - - default default] GET http://cinder-api.openstack.svc.cluster.local:8776/v3/905c17825737481f9623bc23ce66480a/snapshots?all_tenants=true
2026-04-30 07:04:49.554 8 INFO cinder.volume.api [None req-8e69c5a5-e0d3-45bc-b974-2efbc3f2f840 b43bde782ea84d58955298a3a5ed2e97 905c17825737481f9623bc23ce66480a - - default default] Get all snapshots completed successfully.
