2026-08-28 05:27:16.905 9 INFO neutron.db.ovn_revision_numbers_db [None req-ac898953-060f-40ca-bcb5-db16aaefc841 b7f57c560e2a46c1a0f77f545322a413 7160983798bf41d8a1b57bbbbc5fdf22 - - default default] Successfully bumped revision number for resource 0264fe6a-a528-4f83-9b0f-08a8182c2cb8 (type: floatingips) to 0
2026-08-28 05:27:17.063 9 INFO neutron.db.ovn_revision_numbers_db [None req-ac898953-060f-40ca-bcb5-db16aaefc841 b7f57c560e2a46c1a0f77f545322a413 7160983798bf41d8a1b57bbbbc5fdf22 - - default default] Successfully bumped revision number for resource 0264fe6a-a528-4f83-9b0f-08a8182c2cb8 (type: floatingips) to 1
2026-08-28 05:27:17.092 9 INFO neutron.wsgi [None req-ac898953-060f-40ca-bcb5-db16aaefc841 b7f57c560e2a46c1a0f77f545322a413 7160983798bf41d8a1b57bbbbc5fdf22 - - default default] 10.0.0.220 "POST /v2.0/floatingips HTTP/1.1" status: 201 len: 1042 time: 1.4558535 /var/lib/openstack/lib/python3.10/site-packages/pycadf/identifier.py:71: UserWarning: Invalid uuid: neutron. To ensure interoperability, identifiers should be a valid uuid. warnings.warn(('Invalid uuid: %s. To ensure interoperability, '
2026-08-28 05:27:17.121 9 INFO neutron.wsgi [None req-5344b50b-5c27-472e-9b11-ae16a9e55484 052d90980ff6487b9dd6b9393b3884f3 33d2d76cd6db4cfeb1bb453107f0d21a - - default default] 10.0.0.220 "DELETE /v2.0/ports/3f190f82-3c38-41c1-8ff0-13c08160e0ae HTTP/1.1" status: 204 len: 168 time: 0.2538846
2026-08-28 05:27:17.165 10 INFO neutron.wsgi [None req-077e4252-8777-4cc0-ba51-8f494d357ba9 b7f57c560e2a46c1a0f77f545322a413 7160983798bf41d8a1b57bbbbc5fdf22 - - default default] 10.0.0.220 "GET /v2.0/floatingips/0264fe6a-a528-4f83-9b0f-08a8182c2cb8 HTTP/1.1" status: 200 len: 1039 time: 0.0632691
2026-08-28 05:27:17.271 9 INFO neutron.wsgi [None req-afded16e-2bf8-4ebf-b471-b55d28665049 b7f57c560e2a46c1a0f77f545322a413 7160983798bf41d8a1b57bbbbc5fdf22 - - default default] 10.0.0.220 "GET /v2.0/floatingips HTTP/1.1" status: 200 len: 1042 time: 0.0993304
2026-08-28 05:27:17.443 10 INFO neutron.wsgi [req-9dc864b9-f967-4be3-8cec-e5832edc4528 req-7bb71194-8679-402f-890c-b2648f0cf2d0 a790fe6fc63046eb9d0a1ec74dbae7ec 758efd9b696647fdac3900eb61a25889 - - default default] 10.0.0.213 "GET /v2.0/ports?device_id=30bbb1a2-aaeb-4886-920f-1ceaeccc8211 HTTP/1.1" status: 200 len: 1172 time: 0.1084082
2026-08-28 05:27:17.489 10 INFO neutron.wsgi [req-9dc864b9-f967-4be3-8cec-e5832edc4528 req-9ec4fffc-2c0c-4d96-b786-7b48b1afde6b a790fe6fc63046eb9d0a1ec74dbae7ec 758efd9b696647fdac3900eb61a25889 - - default default] 10.0.0.213 "GET /v2.0/security-groups?id=6cea20ee-441c-4819-bed5-721473f89258&fields=id&fields=name HTTP/1.1" status: 200 len: 313 time: 0.0384905
2026-08-28 05:27:17.564 9 INFO neutron.db.l3_db [None req-de5a3ea5-2799-4845-8e8c-7f0195337355 b7f57c560e2a46c1a0f77f545322a413 7160983798bf41d8a1b57bbbbc5fdf22 - - default default] Floating IP 0264fe6a-a528-4f83-9b0f-08a8182c2cb8 associated. External IP: 10.96.250.203, port: 008a88e3-5b11-46dc-81f1-9c44f5be831d.
2026-08-28 05:27:17.612 9 INFO neutron.services.segments.plugin [-] Segment 328f367f-8205-4c19-a494-bd1ecb77bd87 resource provider aggregate not found
2026-08-28 05:27:17.624 9 INFO neutron.services.segments.plugin [-] Segment 328f367f-8205-4c19-a494-bd1ecb77bd87 resource provider aggregate not found
2026-08-28 05:27:17.635 9 INFO neutron.services.segments.plugin [-] Segment 328f367f-8205-4c19-a494-bd1ecb77bd87 resource provider not found; error: Placement Client Error (4xx): {"errors": [{"status": 404, "title": "Not Found", "detail": "The resource could not be found.\n\n No resource provider with uuid 328f367f-8205-4c19-a494-bd1ecb77bd87 found for delete ", "request_id": "req-4c01d26c-d7dc-4b02-acd9-d9ece7f39dee"}]}
2026-08-28 05:27:17.641 9 INFO neutron.services.segments.plugin [-] Segment 328f367f-8205-4c19-a494-bd1ecb77bd87 resource provider not found; error: Placement Client Error (4xx): {"errors": [{"status": 404, "title": "Not Found", "detail": "The resource could not be found.\n\n No resource provider with uuid 328f367f-8205-4c19-a494-bd1ecb77bd87 found for delete ", "request_id": "req-3eb78e7b-2b19-40bb-9618-94e970272e17"}]}
2026-08-28 05:27:17.680 9 INFO neutron.wsgi [None req-cbdd515b-0b93-48f2-b198-3e2c6e48508c 052d90980ff6487b9dd6b9393b3884f3 33d2d76cd6db4cfeb1bb453107f0d21a - - default default] 10.0.0.220 "DELETE /v2.0/networks/d3209b72-9b49-47cc-a9ff-1e1feb996ec8 HTTP/1.1" status: 204 len: 168 time: 0.5524907
2026-08-28 05:27:17.790 9 INFO neutron.db.ovn_revision_numbers_db [None req-de5a3ea5-2799-4845-8e8c-7f0195337355 b7f57c560e2a46c1a0f77f545322a413 7160983798bf41d8a1b57bbbbc5fdf22 - - default default] Successfully bumped revision number for resource 0264fe6a-a528-4f83-9b0f-08a8182c2cb8 (type: floatingips) to 2
2026-08-28 05:27:17.890 9 INFO neutron.db.ovn_revision_numbers_db [None req-de5a3ea5-2799-4845-8e8c-7f0195337355 b7f57c560e2a46c1a0f77f545322a413 7160983798bf41d8a1b57bbbbc5fdf22 - - default default] Successfully bumped revision number for resource 0264fe6a-a528-4f83-9b0f-08a8182c2cb8 (type: floatingips) to 2
2026-08-28 05:27:17.930 9 INFO neutron.wsgi [None req-de5a3ea5-2799-4845-8e8c-7f0195337355 b7f57c560e2a46c1a0f77f545322a413 7160983798bf41d8a1b57bbbbc5fdf22 - - default default] 10.0.0.220 "PUT /v2.0/floatingips/0264fe6a-a528-4f83-9b0f-08a8182c2cb8 HTTP/1.1" status: 200 len: 1038 time: 0.6539528
2026-08-28 05:27:18.033 9 INFO neutron.db.l3_db [None req-d743701a-43e5-43ff-b4f0-7c866154110d b7f57c560e2a46c1a0f77f545322a413 7160983798bf41d8a1b57bbbbc5fdf22 - - default default] Floating IP 0264fe6a-a528-4f83-9b0f-08a8182c2cb8 disassociated. External IP: 10.96.250.203, port: 8f6315d6-a28a-4d8b-b400-366f47ad660a.
2026-08-28 05:27:18.071 9 INFO neutron.db.ovn_revision_numbers_db [None req-d743701a-43e5-43ff-b4f0-7c866154110d b7f57c560e2a46c1a0f77f545322a413 7160983798bf41d8a1b57bbbbc5fdf22 - - default default] Successfully bumped revision number for resource 0264fe6a-a528-4f83-9b0f-08a8182c2cb8 (type: floatingips) to 3
2026-08-28 05:27:18.135 9 INFO neutron.wsgi [None req-d743701a-43e5-43ff-b4f0-7c866154110d b7f57c560e2a46c1a0f77f545322a413 7160983798bf41d8a1b57bbbbc5fdf22 - - default default] 10.0.0.220 "PUT /v2.0/floatingips/0264fe6a-a528-4f83-9b0f-08a8182c2cb8 HTTP/1.1" status: 200 len: 748 time: 0.1986644 /var/lib/openstack/lib/python3.10/site-packages/pycadf/identifier.py:71: UserWarning: Invalid uuid: neutron. To ensure interoperability, identifiers should be a valid uuid. warnings.warn(('Invalid uuid: %s. To ensure interoperability, '
2026-08-28 05:27:18.470 10 INFO neutron.wsgi [None req-4bee6dc0-9624-41b3-a940-677a9c3f05da 511b4e370867442780eeb182d49315a4 e5d84ec93a4c4c658096169b04f88d23 - - default default] 10.0.0.220 "GET /v2.0/security-groups?tenant_id=33d2d76cd6db4cfeb1bb453107f0d21a&name=default HTTP/1.1" status: 200 len: 2996 time: 0.2233441
2026-08-28 05:27:18.687 9 INFO neutron.wsgi [req-9deeab2f-d435-4a08-a2da-b7d9cdf6aa2a req-1e87a5a7-ca0c-425f-9038-9a2f1c88bdc0 a790fe6fc63046eb9d0a1ec74dbae7ec 758efd9b696647fdac3900eb61a25889 - - default default] 10.0.0.213 "GET /v2.0/ports?device_id=30bbb1a2-aaeb-4886-920f-1ceaeccc8211 HTTP/1.1" status: 200 len: 1172 time: 0.0370865
2026-08-28 05:27:18.710 10 INFO neutron.wsgi [None req-3de449c9-f3f3-44f6-8204-3e3fed398c3f 511b4e370867442780eeb182d49315a4 e5d84ec93a4c4c658096169b04f88d23 - - default default] 10.0.0.220 "DELETE /v2.0/security-groups/25ef0dd9-c9ec-421a-86ee-c0cea342cbf2 HTTP/1.1" status: 204 len: 168 time: 0.2346694
2026-08-28 05:27:18.795 9 INFO neutron.wsgi [req-9deeab2f-d435-4a08-a2da-b7d9cdf6aa2a req-f4495fc2-5eae-4c0a-b670-2b73f048abbf a790fe6fc63046eb9d0a1ec74dbae7ec 758efd9b696647fdac3900eb61a25889 - - default default] 10.0.0.213 "GET /v2.0/security-groups?id=6cea20ee-441c-4819-bed5-721473f89258&fields=id&fields=name HTTP/1.1" status: 200 len: 313 time: 0.0964606
2026-08-28 05:27:18.875 9 INFO neutron.wsgi [None req-429464da-c0ad-4321-8a34-e58d172beb44 b7f57c560e2a46c1a0f77f545322a413 7160983798bf41d8a1b57bbbbc5fdf22 - - default default] 10.0.0.220 "DELETE /v2.0/floatingips/0264fe6a-a528-4f83-9b0f-08a8182c2cb8 HTTP/1.1" status: 204 len: 168 time: 0.7359269
2026-08-28 05:27:18.895 9 INFO neutron.api.v2.resource [None req-3aa1e5cf-00f2-45b3-96c3-790697dfb4be b7f57c560e2a46c1a0f77f545322a413 7160983798bf41d8a1b57bbbbc5fdf22 - - default default] delete failed (client error): The resource could not be found.
2026-08-28 05:27:18.896 9 INFO neutron.wsgi [None req-3aa1e5cf-00f2-45b3-96c3-790697dfb4be b7f57c560e2a46c1a0f77f545322a413 7160983798bf41d8a1b57bbbbc5fdf22 - - default default] 10.0.0.220 "DELETE /v2.0/floatingips/0264fe6a-a528-4f83-9b0f-08a8182c2cb8 HTTP/1.1" status: 404 len: 345 time: 0.0162563
2026-08-28 05:27:19.159 9 INFO neutron.wsgi [None req-2308873a-38d0-4c88-a896-27e2a2066c4a b7f57c560e2a46c1a0f77f545322a413 7160983798bf41d8a1b57bbbbc5fdf22 - - default default] 10.0.0.220 "DELETE /v2.0/ports/8f6315d6-a28a-4d8b-b400-366f47ad660a HTTP/1.1" status: 204 len: 168 time: 0.2571342
2026-08-28 05:27:19.468 9 INFO neutron.wsgi [None req-207490c8-d528-4d5b-8738-e76b5eef4155 b7f57c560e2a46c1a0f77f545322a413 7160983798bf41d8a1b57bbbbc5fdf22 - - default default] 10.0.0.220 "DELETE /v2.0/ports/008a88e3-5b11-46dc-81f1-9c44f5be831d HTTP/1.1" status: 204 len: 168 time: 0.3042588
2026-08-28 05:27:19.558 9 INFO neutron.wsgi [None req-8c1b8636-52fd-496f-b62f-f6525498b38f b7f57c560e2a46c1a0f77f545322a413 7160983798bf41d8a1b57bbbbc5fdf22 - - default default] 10.0.0.220 "GET /v2.0/ports?device_id=d6edb7e0-1cee-477e-837b-753be1ccf0e1 HTTP/1.1" status: 200 len: 1140 time: 0.0846632
2026-08-28 05:27:19.939 10 INFO neutron.wsgi [req-68b802f1-0ca5-42e1-8359-bea4f6a92436 req-24cc33e9-c6dc-4720-aed7-4604b6274c49 a790fe6fc63046eb9d0a1ec74dbae7ec 758efd9b696647fdac3900eb61a25889 - - default default] 10.0.0.213 "GET /v2.0/ports?device_id=30bbb1a2-aaeb-4886-920f-1ceaeccc8211 HTTP/1.1" status: 200 len: 1172 time: 0.0594554
2026-08-28 05:27:19.991 10 INFO neutron.wsgi [req-68b802f1-0ca5-42e1-8359-bea4f6a92436 req-997fe35d-4ec8-4c99-90ab-ddf0e79a6b8d a790fe6fc63046eb9d0a1ec74dbae7ec 758efd9b696647fdac3900eb61a25889 - - default default] 10.0.0.213 "GET /v2.0/security-groups?id=6cea20ee-441c-4819-bed5-721473f89258&fields=id&fields=name HTTP/1.1" status: 200 len: 313 time: 0.0453537
2026-08-28 05:27:20.455 9 INFO neutron.wsgi [None req-1b243a42-184a-40a1-b211-279a4955872c b7f57c560e2a46c1a0f77f545322a413 7160983798bf41d8a1b57bbbbc5fdf22 - - default default] 10.0.0.220 "PUT /v2.0/routers/d6edb7e0-1cee-477e-837b-753be1ccf0e1/remove_router_interface HTTP/1.1" status: 200 len: 503 time: 0.8911245 /var/lib/openstack/lib/python3.10/site-packages/pycadf/identifier.py:71: UserWarning: Invalid uuid: neutron. To ensure interoperability, identifiers should be a valid uuid. warnings.warn(('Invalid uuid: %s. To ensure interoperability, '
2026-08-28 05:27:20.988 10 INFO neutron.db.ovn_revision_numbers_db [None req-731b120e-22c9-475a-baaf-e592719aa8ba 3adb82dee15d417a8cd85c6210196ea6 c81fb250055247709ddff3e516494487 - - default default] Successfully bumped revision number for resource 08c0de75-3ea4-4c2d-b170-03fb2d7ac010 (type: security_groups) to 1
2026-08-28 05:27:21.008 10 INFO neutron.db.ovn_revision_numbers_db [None req-731b120e-22c9-475a-baaf-e592719aa8ba 3adb82dee15d417a8cd85c6210196ea6 c81fb250055247709ddff3e516494487 - - default default] Successfully bumped revision number for resource 06397ec4-1c70-4e4f-b929-2e74892ab363 (type: security_group_rules) to 0
2026-08-28 05:27:21.011 9 INFO neutron.wsgi [None req-245371fb-537b-455a-96d3-dddc9bc31408 b7f57c560e2a46c1a0f77f545322a413 7160983798bf41d8a1b57bbbbc5fdf22 - - default default] 10.0.0.220 "DELETE /v2.0/routers/d6edb7e0-1cee-477e-837b-753be1ccf0e1 HTTP/1.1" status: 204 len: 168 time: 0.5516505
2026-08-28 05:27:21.041 10 INFO neutron.db.ovn_revision_numbers_db [None req-731b120e-22c9-475a-baaf-e592719aa8ba 3adb82dee15d417a8cd85c6210196ea6 c81fb250055247709ddff3e516494487 - - default default] Successfully bumped revision number for resource 319ecda0-895a-4d23-8b33-db5c422f99c0 (type: security_group_rules) to 0
2026-08-28 05:27:21.063 10 INFO neutron.db.ovn_revision_numbers_db [None req-731b120e-22c9-475a-baaf-e592719aa8ba 3adb82dee15d417a8cd85c6210196ea6 c81fb250055247709ddff3e516494487 - - default default] Successfully bumped revision number for resource 50614496-e84d-4822-bfe7-cce66b627bd2 (type: security_group_rules) to 0
2026-08-28 05:27:21.087 10 INFO neutron.db.ovn_revision_numbers_db [None req-731b120e-22c9-475a-baaf-e592719aa8ba 3adb82dee15d417a8cd85c6210196ea6 c81fb250055247709ddff3e516494487 - - default default] Successfully bumped revision number for resource 9ed3d203-c6cc-4808-896c-901d7aa05235 (type: security_group_rules) to 0
2026-08-28 05:27:21.175 10 INFO neutron.db.ovn_revision_numbers_db [None req-731b120e-22c9-475a-baaf-e592719aa8ba 3adb82dee15d417a8cd85c6210196ea6 c81fb250055247709ddff3e516494487 - - default default] Successfully bumped revision number for resource 0437c7db-ce7a-4989-b18d-e3d973129f41 (type: security_groups) to 1
2026-08-28 05:27:21.183 9 INFO neutron.wsgi [req-57e12b4d-27b5-4d42-afd7-b23b8f83fba6 req-52d5ee6d-8d84-49d2-a08a-bf5816f8c83a a790fe6fc63046eb9d0a1ec74dbae7ec 758efd9b696647fdac3900eb61a25889 - - default default] 10.0.0.213 "GET /v2.0/ports?device_id=30bbb1a2-aaeb-4886-920f-1ceaeccc8211 HTTP/1.1" status: 200 len: 1172 time: 0.1190341
2026-08-28 05:27:21.192 10 INFO neutron.db.ovn_revision_numbers_db [None req-731b120e-22c9-475a-baaf-e592719aa8ba 3adb82dee15d417a8cd85c6210196ea6 c81fb250055247709ddff3e516494487 - - default default] Successfully bumped revision number for resource 85d0fb66-9358-40d7-adff-2f4f81d6cecf (type: security_group_rules) to 0
2026-08-28 05:27:21.212 10 INFO neutron.wsgi [None req-c1d7a8f3-6aca-4bbf-8762-3cd29c648509 b7f57c560e2a46c1a0f77f545322a413 7160983798bf41d8a1b57bbbbc5fdf22 - - default default] 10.0.0.220 "DELETE /v2.0/subnets/620e90e6-0f95-412b-8ba6-f71388f2a0c4 HTTP/1.1" status: 204 len: 168 time: 0.1964357
2026-08-28 05:27:21.213 10 INFO neutron.db.ovn_revision_numbers_db [None req-731b120e-22c9-475a-baaf-e592719aa8ba 3adb82dee15d417a8cd85c6210196ea6 c81fb250055247709ddff3e516494487 - - default default] Successfully bumped revision number for resource c7e35f28-d6b2-4594-9e9e-ab9570caffcf (type: security_group_rules) to 0
2026-08-28 05:27:21.228 10 INFO neutron.wsgi [None req-731b120e-22c9-475a-baaf-e592719aa8ba 3adb82dee15d417a8cd85c6210196ea6 c81fb250055247709ddff3e516494487 - - default default] 10.0.0.220 "POST /v2.0/security-groups HTTP/1.1" status: 201 len: 1760 time: 0.5551732
2026-08-28 05:27:21.230 9 INFO neutron.wsgi [req-57e12b4d-27b5-4d42-afd7-b23b8f83fba6 req-7d237672-e0cf-4097-9682-dab12924ab90 a790fe6fc63046eb9d0a1ec74dbae7ec 758efd9b696647fdac3900eb61a25889 - - default default] 10.0.0.213 "GET /v2.0/security-groups?id=6cea20ee-441c-4819-bed5-721473f89258&fields=id&fields=name HTTP/1.1" status: 200 len: 313 time: 0.0392780
2026-08-28 05:27:21.265 10 INFO neutron.wsgi [None req-b0697f77-ffcd-47e5-a01f-14969309476a 3adb82dee15d417a8cd85c6210196ea6 c81fb250055247709ddff3e516494487 - - default default] 10.0.0.220 "GET /v2.0/security-groups HTTP/1.1" status: 200 len: 4538 time: 0.0298519
2026-08-28 05:27:21.331 10 INFO neutron.db.ovn_revision_numbers_db [None req-53d0f402-bae1-43ea-a74d-9766909d25d7 3adb82dee15d417a8cd85c6210196ea6 c81fb250055247709ddff3e516494487 - - default default] Successfully bumped revision number for resource 0437c7db-ce7a-4989-b18d-e3d973129f41 (type: security_groups) to 2
2026-08-28 05:27:21.333 10 INFO neutron.wsgi [None req-53d0f402-bae1-43ea-a74d-9766909d25d7 3adb82dee15d417a8cd85c6210196ea6 c81fb250055247709ddff3e516494487 - - default default] 10.0.0.220 "PUT /v2.0/security-groups/0437c7db-ce7a-4989-b18d-e3d973129f41 HTTP/1.1" status: 200 len: 1794 time: 0.0641928
2026-08-28 05:27:21.403 9 INFO neutron.wsgi [None req-12be3ce5-017e-43f7-b890-f716325dcf0e 3adb82dee15d417a8cd85c6210196ea6 c81fb250055247709ddff3e516494487 - - default default] 10.0.0.220 "GET /v2.0/security-groups/0437c7db-ce7a-4989-b18d-e3d973129f41 HTTP/1.1" status: 200 len: 1794 time: 0.0638456
2026-08-28 05:27:21.578 9 WARNING neutron.plugins.ml2.drivers.ovn.mech_driver.ovsdb.ovn_client [None req-4e676577-71a5-40a5-8711-631704a4b1f0 - - - - - -] No port found with ID 6a58949e-9368-408e-a65e-d2dcc1ca5f60: RuntimeError: No port found with ID 6a58949e-9368-408e-a65e-d2dcc1ca5f60
2026-08-28 05:27:21.579 9 INFO neutron.plugins.ml2.drivers.ovn.mech_driver.mech_driver [None req-4e676577-71a5-40a5-8711-631704a4b1f0 - - - - - -] OVN reports status up for port: e0f40015-974d-498d-baca-06c9c67de2df
2026-08-28 05:27:21.607 9 INFO neutron.plugins.ml2.plugin [None req-4e676577-71a5-40a5-8711-631704a4b1f0 - - - - - -] Attempt 1 to provision port e0f40015-974d-498d-baca-06c9c67de2df
2026-08-28 05:27:21.620 9 INFO neutron.services.segments.plugin [-] Segment 9408a8d0-de10-4996-a906-e77bb3fcc401 resource provider aggregate not found
2026-08-28 05:27:21.627 9 INFO neutron.services.segments.plugin [-] Segment 9408a8d0-de10-4996-a906-e77bb3fcc401 resource provider aggregate not found
2026-08-28 05:27:21.652 9 INFO neutron.wsgi [None req-cf2ea7bd-a39e-4b33-9c02-035e61d1ec70 3adb82dee15d417a8cd85c6210196ea6 c81fb250055247709ddff3e516494487 - - default default] 10.0.0.220 "DELETE /v2.0/security-groups/0437c7db-ce7a-4989-b18d-e3d973129f41 HTTP/1.1" status: 204 len: 168 time: 0.2431433
2026-08-28 05:27:21.653 9 INFO neutron.services.segments.plugin [-] Segment 9408a8d0-de10-4996-a906-e77bb3fcc401 resource provider not found; error: Placement Client Error (4xx): {"errors": [{"status": 404, "title": "Not Found", "detail": "The resource could not be found.\n\n No resource provider with uuid 9408a8d0-de10-4996-a906-e77bb3fcc401 found for delete ", "request_id": "req-cc099f2a-4166-4497-975d-ab51e06c954d"}]}
2026-08-28 05:27:21.655 9 INFO neutron.services.segments.plugin [-] Segment 9408a8d0-de10-4996-a906-e77bb3fcc401 resource provider not found; error: Placement Client Error (4xx): {"errors": [{"status": 404, "title": "Not Found", "detail": "The resource could not be found.\n\n No resource provider with uuid 9408a8d0-de10-4996-a906-e77bb3fcc401 found for delete ", "request_id": "req-a7c94dc8-82f6-4f0a-8526-8cbe697df678"}]}
2026-08-28 05:27:21.674 10 INFO neutron.wsgi [None req-fa58015f-fc5f-46fa-a728-e87d3c20cf73 511b4e370867442780eeb182d49315a4 e5d84ec93a4c4c658096169b04f88d23 - - default default] 10.0.0.183 "GET /v2.0/security-groups HTTP/1.1" status: 200 len: 31814 time: 0.3680875
2026-08-28 05:27:21.708 9 INFO neutron.wsgi [None req-5e844107-22ca-4e87-9013-197c367490b4 b7f57c560e2a46c1a0f77f545322a413 7160983798bf41d8a1b57bbbbc5fdf22 - - default default] 10.0.0.220 "DELETE /v2.0/networks/a9a3f9f2-e5f4-4871-82a3-36f312bbb35b HTTP/1.1" status: 204 len: 168 time: 0.4883881
2026-08-28 05:27:21.713 9 INFO neutron.wsgi [None req-31386615-46a0-4241-961e-8ed95d1eb93d 3adb82dee15d417a8cd85c6210196ea6 c81fb250055247709ddff3e516494487 - - default default] 10.0.0.220 "GET /v2.0/security-groups HTTP/1.1" status: 200 len: 2996 time: 0.0537369
2026-08-28 05:27:21.719 10 INFO neutron.wsgi [None req-c5e2de07-9431-4bd8-8c20-599e499babc5 511b4e370867442780eeb182d49315a4 e5d84ec93a4c4c658096169b04f88d23 - - default default] 10.0.0.183 "GET /v2.0/subnets HTTP/1.1" status: 200 len: 2078 time: 0.0283966
2026-08-28 05:27:21.731 9 INFO neutron.api.v2.resource [None req-5f94ffa1-6d86-469b-8d3f-7a513f57fa75 3adb82dee15d417a8cd85c6210196ea6 c81fb250055247709ddff3e516494487 - - default default] delete failed (client error): The resource could not be found.
2026-08-28 05:27:21.732 9 INFO neutron.wsgi [None req-5f94ffa1-6d86-469b-8d3f-7a513f57fa75 3adb82dee15d417a8cd85c6210196ea6 c81fb250055247709ddff3e516494487 - - default default] 10.0.0.220 "DELETE /v2.0/security-groups/0437c7db-ce7a-4989-b18d-e3d973129f41 HTTP/1.1" status: 404 len: 347 time: 0.0110564
2026-08-28 05:27:21.738 10 INFO neutron.wsgi [None req-dc8bbc91-af6a-45ed-9ee6-d1a4762c6b18 511b4e370867442780eeb182d49315a4 e5d84ec93a4c4c658096169b04f88d23 - - default default] 10.0.0.183 "GET /v2.0/subnetpools HTTP/1.1" status: 200 len: 193 time: 0.0177071
2026-08-28 05:27:21.776 10 INFO neutron.wsgi [None req-c04ed1ca-effa-42fa-99c8-7e60970d528e 511b4e370867442780eeb182d49315a4 e5d84ec93a4c4c658096169b04f88d23 - - default default] 10.0.0.183 "GET /v2.0/subnets HTTP/1.1" status: 200 len: 2078 time: 0.0366693
2026-08-28 05:27:21.807 9 INFO neutron.notifiers.nova [-] Nova event matching ['req-0ce8250d-7f02-434d-a0b2-9ad8faae1f21'] response: {'server_uuid': '30bbb1a2-aaeb-4886-920f-1ceaeccc8211', 'name': 'network-vif-plugged', 'status': 'completed', 'tag': 'e0f40015-974d-498d-baca-06c9c67de2df', 'code': 200}
2026-08-28 05:27:21.858 10 INFO neutron.wsgi [None req-41183e33-ade5-4f5e-a68e-d389380a67f5 511b4e370867442780eeb182d49315a4 e5d84ec93a4c4c658096169b04f88d23 - - default default] 10.0.0.183 "GET /v2.0/routers HTTP/1.1" status: 200 len: 859 time: 0.0814002
2026-08-28 05:27:21.875 10 INFO neutron.wsgi [None req-3254feb0-151b-43e7-899a-ba0d7a014def 511b4e370867442780eeb182d49315a4 e5d84ec93a4c4c658096169b04f88d23 - - default default] 10.0.0.183 "GET /v2.0/agents?binary=ovn-controller HTTP/1.1" status: 200 len: 591 time: 0.0161524
2026-08-28 05:27:21.884 10 INFO neutron.db.ovn_revision_numbers_db [None req-cc31575c-7fc5-4174-97f8-368ac7e4e280 3adb82dee15d417a8cd85c6210196ea6 c81fb250055247709ddff3e516494487 - - default default] Successfully bumped revision number for resource 0d8acfdd-1885-4e8c-8a7f-9959c46e1dfc (type: security_groups) to 1
2026-08-28 05:27:21.898 10 INFO neutron.wsgi [None req-539cdd9d-db63-4af5-a6a6-50e7424f256a 511b4e370867442780eeb182d49315a4 e5d84ec93a4c4c658096169b04f88d23 - - default default] 10.0.0.183 "GET /v2.0/network-ip-availabilities HTTP/1.1" status: 200 len: 1727 time: 0.0121169
2026-08-28 05:27:21.905 10 INFO neutron.db.ovn_revision_numbers_db [None req-cc31575c-7fc5-4174-97f8-368ac7e4e280 3adb82dee15d417a8cd85c6210196ea6 c81fb250055247709ddff3e516494487 - - default default] Successfully bumped revision number for resource 7c2d3d61-92f2-43c5-9731-8c0e17868d91 (type: security_group_rules) to 0
2026-08-28 05:27:21.930 10 INFO neutron.db.ovn_revision_numbers_db [None req-cc31575c-7fc5-4174-97f8-368ac7e4e280 3adb82dee15d417a8cd85c6210196ea6 c81fb250055247709ddff3e516494487 - - default default] Successfully bumped revision number for resource 7de79f9c-2d25-4424-a4c5-07e823bc6f23 (type: security_group_rules) to 0
2026-08-28 05:27:21.949 10 INFO neutron.wsgi [None req-cc31575c-7fc5-4174-97f8-368ac7e4e280 3adb82dee15d417a8cd85c6210196ea6 c81fb250055247709ddff3e516494487 - - default default] 10.0.0.220 "POST /v2.0/security-groups HTTP/1.1" status: 201 len: 1760 time: 0.2106016
2026-08-28 05:27:21.972 10 INFO neutron.wsgi [None req-2de8088b-9f54-4925-abfe-24b4ca17a1b2 511b4e370867442780eeb182d49315a4 e5d84ec93a4c4c658096169b04f88d23 - - default default] 10.0.0.183 "GET /v2.0/networks HTTP/1.1" status: 200 len: 3096 time: 0.0730078
2026-08-28 05:27:21.984 9 INFO neutron.db.ovn_revision_numbers_db [None req-4e676577-71a5-40a5-8711-631704a4b1f0 - - - - - -] Successfully bumped revision number for resource e0f40015-974d-498d-baca-06c9c67de2df (type: ports) to 4
2026-08-28 05:27:21.985 10 INFO neutron.wsgi [None req-02459769-da3e-46db-9351-1ed243c14306 511b4e370867442780eeb182d49315a4 e5d84ec93a4c4c658096169b04f88d23 - - default default] 10.0.0.183 "GET /v2.0/agents HTTP/1.1" status: 200 len: 997 time: 0.0101235
2026-08-28 05:27:22.001 10 INFO neutron.wsgi [None req-187b9f94-d92d-49ae-b7dc-6934d1bb4ab0 511b4e370867442780eeb182d49315a4 e5d84ec93a4c4c658096169b04f88d23 - - default default] 10.0.0.183 "GET /v2.0/floatingips HTTP/1.1" status: 200 len: 193 time: 0.0144422
2026-08-28 05:27:22.036 10 INFO neutron.wsgi [None req-381bf75d-8a5a-42a2-9e43-08eafe61962f 511b4e370867442780eeb182d49315a4 e5d84ec93a4c4c658096169b04f88d23 - - default default] 10.0.0.183 "GET /v2.0/ports HTTP/1.1" status: 200 len: 9772 time: 0.0344145
2026-08-28 05:27:22.106 9 INFO neutron.db.ovn_revision_numbers_db [None req-a85064e9-ae00-4151-998c-5d54a492d7c4 3adb82dee15d417a8cd85c6210196ea6 c81fb250055247709ddff3e516494487 - - default default] Successfully bumped revision number for resource 8ae59ba2-be76-4d78-bc06-5e2b0d033616 (type: security_group_rules) to 0
2026-08-28 05:27:22.131 9 INFO neutron.wsgi [None req-a85064e9-ae00-4151-998c-5d54a492d7c4 3adb82dee15d417a8cd85c6210196ea6 c81fb250055247709ddff3e516494487 - - default default] 10.0.0.220 "POST /v2.0/security-group-rules HTTP/1.1" status: 201 len: 768 time: 0.1691520 /var/lib/openstack/lib/python3.10/site-packages/pycadf/identifier.py:71: UserWarning: Invalid uuid: neutron. To ensure interoperability, identifiers should be a valid uuid. warnings.warn(('Invalid uuid: %s. To ensure interoperability, '
2026-08-28 05:27:22.149 9 INFO neutron.wsgi [None req-1c26c913-bfb9-48e8-959a-6ccabbb9311c 3adb82dee15d417a8cd85c6210196ea6 c81fb250055247709ddff3e516494487 - - default default] 10.0.0.220 "GET /v2.0/security-group-rules/8ae59ba2-be76-4d78-bc06-5e2b0d033616 HTTP/1.1" status: 200 len: 763 time: 0.0125456
2026-08-28 05:27:22.187 10 INFO neutron.wsgi [None req-318c1c02-228b-4ca4-924d-196ea303b399 3adb82dee15d417a8cd85c6210196ea6 c81fb250055247709ddff3e516494487 - - default default] 10.0.0.220 "GET /v2.0/security-group-rules HTTP/1.1" status: 200 len: 4113 time: 0.0328169
2026-08-28 05:27:22.319 10 INFO neutron.wsgi [None req-3f8bc11b-72c5-47fd-9c66-645ea982f592 3adb82dee15d417a8cd85c6210196ea6 c81fb250055247709ddff3e516494487 - - default default] 10.0.0.220 "DELETE /v2.0/security-group-rules/8ae59ba2-be76-4d78-bc06-5e2b0d033616 HTTP/1.1" status: 204 len: 168 time: 0.1275022
2026-08-28 05:27:22.374 9 INFO neutron.wsgi [req-73558dad-d19f-46e1-9c7b-6bea446244d2 req-373bd027-7a25-4b32-9513-165badc375ed a790fe6fc63046eb9d0a1ec74dbae7ec 758efd9b696647fdac3900eb61a25889 - - default default] 10.0.0.213 "GET /v2.0/ports?device_id=30bbb1a2-aaeb-4886-920f-1ceaeccc8211 HTTP/1.1" status: 200 len: 1174 time: 0.0390861
2026-08-28 05:27:22.393 10 INFO neutron.wsgi [None req-b9f83adc-d67a-4c2b-b816-2c85864f9b04 3adb82dee15d417a8cd85c6210196ea6 c81fb250055247709ddff3e516494487 - - default default] 10.0.0.220 "GET /v2.0/security-group-rules HTTP/1.1" status: 200 len: 3567 time: 0.0635502
2026-08-28 05:27:22.425 9 INFO neutron.wsgi [req-73558dad-d19f-46e1-9c7b-6bea446244d2 req-ec12a493-5974-438d-937e-85fb5db8d5d0 a790fe6fc63046eb9d0a1ec74dbae7ec 758efd9b696647fdac3900eb61a25889 - - default default] 10.0.0.213 "GET /v2.0/security-groups?id=6cea20ee-441c-4819-bed5-721473f89258&fields=id&fields=name HTTP/1.1" status: 200 len: 313 time: 0.0451009
2026-08-28 05:27:22.430 9 INFO neutron.wsgi [None req-abbdbe21-133b-4f18-ac1b-d3a807f90347 511b4e370867442780eeb182d49315a4 e5d84ec93a4c4c658096169b04f88d23 - - default default] 10.0.0.220 "GET /v2.0/security-groups?tenant_id=7160983798bf41d8a1b57bbbbc5fdf22&name=default HTTP/1.1" status: 200 len: 2996 time: 0.1829958
2026-08-28 05:27:22.611 10 INFO neutron.db.ovn_revision_numbers_db [None req-439a310c-1560-4fb0-a001-af0d3cd857a7 3adb82dee15d417a8cd85c6210196ea6 c81fb250055247709ddff3e516494487 - - default default] Successfully bumped revision number for resource 08208a19-8d25-48a4-906c-db7f0f76b051 (type: security_group_rules) to 0
2026-08-28 05:27:22.624 9 INFO neutron.wsgi [None req-c5bd6484-4a77-4483-8afe-48020ecafa85 511b4e370867442780eeb182d49315a4 e5d84ec93a4c4c658096169b04f88d23 - - default default] 10.0.0.220 "DELETE /v2.0/security-groups/cfa75f55-74d7-4c5f-bf7d-b3cbc5bc721d HTTP/1.1" status: 204 len: 168 time: 0.1890187
2026-08-28 05:27:22.638 10 INFO neutron.wsgi [None req-439a310c-1560-4fb0-a001-af0d3cd857a7 3adb82dee15d417a8cd85c6210196ea6 c81fb250055247709ddff3e516494487 - - default default] 10.0.0.220 "POST /v2.0/security-group-rules HTTP/1.1" status: 201 len: 768 time: 0.2403243
2026-08-28 05:27:22.649 10 INFO neutron.wsgi [req-2cc96eed-75d6-4da7-84fe-f55c2bfcfa67 req-0e79b132-e9f2-4363-920d-c882f5183866 a790fe6fc63046eb9d0a1ec74dbae7ec 758efd9b696647fdac3900eb61a25889 - - default default] 10.0.0.213 "GET /v2.0/ports?device_id=30bbb1a2-aaeb-4886-920f-1ceaeccc8211 HTTP/1.1" status: 200 len: 1174 time: 0.1418056
2026-08-28 05:27:22.653 9 INFO neutron.wsgi [None req-6c9e1f97-a22a-4da1-bfd5-6d6f0728148b 3adb82dee15d417a8cd85c6210196ea6 c81fb250055247709ddff3e516494487 - - default default] 10.0.0.220 "GET /v2.0/security-group-rules/08208a19-8d25-48a4-906c-db7f0f76b051 HTTP/1.1" status: 200 len: 763 time: 0.0111196
2026-08-28 05:27:22.696 10 INFO neutron.wsgi [req-2cc96eed-75d6-4da7-84fe-f55c2bfcfa67 req-d906290f-9daa-418e-83a0-7fb563aef181 a790fe6fc63046eb9d0a1ec74dbae7ec 758efd9b696647fdac3900eb61a25889 - - default default] 10.0.0.213 "GET /v2.0/security-groups?id=6cea20ee-441c-4819-bed5-721473f89258&fields=id&fields=name HTTP/1.1" status: 200 len: 313 time: 0.0366361
2026-08-28 05:27:22.706 10 INFO neutron.wsgi [None req-e3181863-2efe-4869-9082-97516a1c31c9 3adb82dee15d417a8cd85c6210196ea6 c81fb250055247709ddff3e516494487 - - default default] 10.0.0.220 "GET /v2.0/security-group-rules HTTP/1.1" status: 200 len: 4113 time: 0.0456436
2026-08-28 05:27:22.777 10 INFO neutron.wsgi [None req-6304851c-47c8-4f35-8d7e-baf5c359bff0 89d784d6e3c74a18962dc437843a3471 10ee60a4d2d442b2b3b4a7fee7b956ce - - default default] 10.0.0.220 "GET /v2.0/ports?device_id=30bbb1a2-aaeb-4886-920f-1ceaeccc8211 HTTP/1.1" status: 200 len: 1408 time: 0.0532413
2026-08-28 05:27:22.815 9 INFO neutron.wsgi [None req-13b83134-fca0-429d-8c05-92b3d0a2c8e0 3adb82dee15d417a8cd85c6210196ea6 c81fb250055247709ddff3e516494487 - - default default] 10.0.0.220 "DELETE /v2.0/security-group-rules/08208a19-8d25-48a4-906c-db7f0f76b051 HTTP/1.1" status: 204 len: 168 time: 0.0992522
2026-08-28 05:27:22.850 9 INFO neutron.wsgi [None req-de915010-f9fb-42ca-adf5-3ede043db7e0 3adb82dee15d417a8cd85c6210196ea6 c81fb250055247709ddff3e516494487 - - default default] 10.0.0.220 "GET /v2.0/security-group-rules HTTP/1.1" status: 200 len: 3567 time: 0.0265365
2026-08-28 05:27:22.870 9 INFO neutron.db.securitygroups_db [None req-927ab4a5-6bb5-41ae-866c-a11d8b735b06 3adb82dee15d417a8cd85c6210196ea6 c81fb250055247709ddff3e516494487 - - default default] Project c81fb250055247709ddff3e516494487 added a security group rule with legacy IPv6 ICMP protocol name icmp, ipv6-icmp should be used instead. It was automatically converted.
2026-08-28 05:27:22.941 9 INFO neutron.db.ovn_revision_numbers_db [None req-927ab4a5-6bb5-41ae-866c-a11d8b735b06 3adb82dee15d417a8cd85c6210196ea6 c81fb250055247709ddff3e516494487 - - default default] Successfully bumped revision number for resource 77c06226-169c-4852-8674-12cec51253e0 (type: security_group_rules) to 0
2026-08-28 05:27:22.966 9 INFO neutron.wsgi [None req-927ab4a5-6bb5-41ae-866c-a11d8b735b06 3adb82dee15d417a8cd85c6210196ea6 c81fb250055247709ddff3e516494487 - - default default] 10.0.0.220 "POST /v2.0/security-group-rules HTTP/1.1" status: 201 len: 774 time: 0.1122050
2026-08-28 05:27:22.983 9 INFO neutron.wsgi [None req-29551231-e6d4-4f0d-841b-b1e00a363b41 3adb82dee15d417a8cd85c6210196ea6 c81fb250055247709ddff3e516494487 - - default default] 10.0.0.220 "GET /v2.0/security-group-rules/77c06226-169c-4852-8674-12cec51253e0 HTTP/1.1" status: 200 len: 769 time: 0.0115976
2026-08-28 05:27:23.017 9 INFO neutron.wsgi [None req-f0ff47e3-2e3a-4caa-914c-ffbb8f36ebcc 3adb82dee15d417a8cd85c6210196ea6 c81fb250055247709ddff3e516494487 - - default default] 10.0.0.220 "GET /v2.0/security-group-rules HTTP/1.1" status: 200 len: 4119 time: 0.0255280
2026-08-28 05:27:23.098 10 WARNING neutron.scheduler.dhcp_agent_scheduler [None req-97f4877d-f03a-4494-aa5b-d75a4a9a3579 a790fe6fc63046eb9d0a1ec74dbae7ec 758efd9b696647fdac3900eb61a25889 - - default default] No more DHCP agents
2026-08-28 05:27:23.110 10 WARNING neutron.api.rpc.agentnotifiers.dhcp_rpc_agent_api [None req-97f4877d-f03a-4494-aa5b-d75a4a9a3579 a790fe6fc63046eb9d0a1ec74dbae7ec 758efd9b696647fdac3900eb61a25889 - - default default] Unable to schedule network b18332a6-3dd8-43bf-849f-49ff62392820: no agents available; will retry on subsequent port and subnet creation events.
2026-08-28 05:27:23.126 9 INFO neutron.wsgi [None req-0685cba6-5219-40e7-9da3-e1c71fbf3c34 3adb82dee15d417a8cd85c6210196ea6 c81fb250055247709ddff3e516494487 - - default default] 10.0.0.220 "DELETE /v2.0/security-group-rules/77c06226-169c-4852-8674-12cec51253e0 HTTP/1.1" status: 204 len: 168 time: 0.1022317
2026-08-28 05:27:23.169 10 INFO neutron.wsgi [None req-27117a50-f053-4726-99c5-860fdd217a9f 3adb82dee15d417a8cd85c6210196ea6 c81fb250055247709ddff3e516494487 - - default default] 10.0.0.220 "GET /v2.0/security-group-rules HTTP/1.1" status: 200 len: 3567 time: 0.0378046
2026-08-28 05:27:23.206 9 INFO neutron.wsgi [-] 10.0.0.136 "GET / HTTP/1.1" status: 200 len: 247 time: 0.0021417
2026-08-28 05:27:23.208 9 INFO neutron.wsgi [-] 10.0.0.136 "GET / HTTP/1.1" status: 200 len: 247 time: 0.0011065
2026-08-28 05:27:23.330 9 INFO neutron.wsgi [None req-f2b8f475-c085-4100-a7de-e8982e51a790 3adb82dee15d417a8cd85c6210196ea6 c81fb250055247709ddff3e516494487 - - default default] 10.0.0.220 "DELETE /v2.0/security-groups/0d8acfdd-1885-4e8c-8a7f-9959c46e1dfc HTTP/1.1" status: 204 len: 168 time: 0.1565261
2026-08-28 05:27:23.379 10 INFO neutron.wsgi [None req-fedb4c66-7a2e-4ea4-89a4-f73113ef79ea 3adb82dee15d417a8cd85c6210196ea6 c81fb250055247709ddff3e516494487 - - default default] 10.0.0.220 "GET /v2.0/security-groups HTTP/1.1" status: 200 len: 2996 time: 0.0432765
2026-08-28 05:27:23.452 10 INFO neutron.wsgi [None req-c73f1afa-e51d-47a0-b0eb-e5161843ccbc 3adb82dee15d417a8cd85c6210196ea6 c81fb250055247709ddff3e516494487 - - default default] 10.0.0.220 "GET /v2.0/security-groups HTTP/1.1" status: 200 len: 2996 time: 0.0529790
2026-08-28 05:27:23.495 10 INFO neutron.db.l3_db [None req-97f4877d-f03a-4494-aa5b-d75a4a9a3579 a790fe6fc63046eb9d0a1ec74dbae7ec 758efd9b696647fdac3900eb61a25889 - - default default] Floating IP 83d18e2f-34f9-4a6f-8d43-963caab673c5 associated. External IP: 10.96.250.204, port: e0f40015-974d-498d-baca-06c9c67de2df.
2026-08-28 05:27:23.811 10 INFO neutron.db.ovn_revision_numbers_db [None req-97f4877d-f03a-4494-aa5b-d75a4a9a3579 a790fe6fc63046eb9d0a1ec74dbae7ec 758efd9b696647fdac3900eb61a25889 - - default default] Successfully bumped revision number for resource 83d18e2f-34f9-4a6f-8d43-963caab673c5 (type: floatingips) to 0
2026-08-28 05:27:23.880 9 INFO neutron.notifiers.nova [-] Nova event matching ['req-4d797311-6bc8-4114-929d-63126fec0c9c'] response: {'server_uuid': '30bbb1a2-aaeb-4886-920f-1ceaeccc8211', 'name': 'network-vif-plugged', 'status': 'completed', 'tag': 'e0f40015-974d-498d-baca-06c9c67de2df', 'code': 200}
2026-08-28 05:27:23.945 10 INFO neutron.db.ovn_revision_numbers_db [None req-97f4877d-f03a-4494-aa5b-d75a4a9a3579 a790fe6fc63046eb9d0a1ec74dbae7ec 758efd9b696647fdac3900eb61a25889 - - default default] Successfully bumped revision number for resource 83d18e2f-34f9-4a6f-8d43-963caab673c5 (type: floatingips) to 1
2026-08-28 05:27:23.994 10 INFO neutron.wsgi [None req-97f4877d-f03a-4494-aa5b-d75a4a9a3579 a790fe6fc63046eb9d0a1ec74dbae7ec 758efd9b696647fdac3900eb61a25889 - - default default] 10.0.0.220 "POST /v2.0/floatingips HTTP/1.1" status: 201 len: 1055 time: 1.1963193 /var/lib/openstack/lib/python3.10/site-packages/pycadf/identifier.py:71: UserWarning: Invalid uuid: neutron. To ensure interoperability, identifiers should be a valid uuid. warnings.warn(('Invalid uuid: %s. To ensure interoperability, '
2026-08-28 05:27:24.030 10 INFO neutron.notifiers.nova [-] Nova event matching ['req-0a35a82c-6b73-4e1c-a286-d31d1b3dbdea'] response: {'name': 'network-changed', 'server_uuid': '30bbb1a2-aaeb-4886-920f-1ceaeccc8211', 'tag': 'e0f40015-974d-498d-baca-06c9c67de2df', 'status': 'completed', 'code': 200}
2026-08-28 05:27:24.083 9 INFO neutron.wsgi [None req-1660376d-a921-4a76-bd1a-fe4c08d21817 a790fe6fc63046eb9d0a1ec74dbae7ec 758efd9b696647fdac3900eb61a25889 - - default default] 10.0.0.220 "GET /v2.0/floatingips/83d18e2f-34f9-4a6f-8d43-963caab673c5 HTTP/1.1" status: 200 len: 1052 time: 0.0818250
2026-08-28 05:27:24.090 9 INFO neutron.wsgi [req-2d145dff-1054-4ad2-8a5a-7a62e971b6c0 req-15766edf-56f5-4d68-a942-c5ff6892afa4 b9841e8f6874420a8ae0a69bd992783b 8a524d51fcc54ccab2715a9b8ec55a31 - - 913595b709a846ea99adf01bfce65836 913595b709a846ea99adf01bfce65836] 162.253.55.123 "GET /v2.0/ports?tenant_id=758efd9b696647fdac3900eb61a25889&device_id=30bbb1a2-aaeb-4886-920f-1ceaeccc8211 HTTP/1.1" status: 200 len: 1413 time: 0.0397387
2026-08-28 05:27:24.157 9 INFO neutron.wsgi [req-2d145dff-1054-4ad2-8a5a-7a62e971b6c0 req-fe87fb22-4085-4ca8-af3b-b370e2a7240b b9841e8f6874420a8ae0a69bd992783b 8a524d51fcc54ccab2715a9b8ec55a31 - - 913595b709a846ea99adf01bfce65836 913595b709a846ea99adf01bfce65836] 162.253.55.123 "GET /v2.0/networks?id=39d1190a-e306-47e4-98d7-521760b32589 HTTP/1.1" status: 200 len: 959 time: 0.0601573
2026-08-28 05:27:24.194 9 INFO neutron.wsgi [req-2d145dff-1054-4ad2-8a5a-7a62e971b6c0 req-c1a39d66-1a33-40ba-ad01-15009fa30be6 b9841e8f6874420a8ae0a69bd992783b 8a524d51fcc54ccab2715a9b8ec55a31 - - 913595b709a846ea99adf01bfce65836 913595b709a846ea99adf01bfce65836] 162.253.55.123 "GET /v2.0/floatingips?fixed_ip_address=10.100.0.13&port_id=e0f40015-974d-498d-baca-06c9c67de2df HTTP/1.1" status: 200 len: 1060 time: 0.0304205
2026-08-28 05:27:24.228 9 INFO neutron.wsgi [req-2d145dff-1054-4ad2-8a5a-7a62e971b6c0 req-cd2fac2a-93b9-46cb-a2c4-a87aececafae b9841e8f6874420a8ae0a69bd992783b 8a524d51fcc54ccab2715a9b8ec55a31 - - 913595b709a846ea99adf01bfce65836 913595b709a846ea99adf01bfce65836] 162.253.55.123 "GET /v2.0/subnets?id=10153242-f2df-4488-be28-55c8a5721bd4 HTTP/1.1" status: 200 len: 853 time: 0.0268838
2026-08-28 05:27:24.255 9 INFO neutron.wsgi [req-2d145dff-1054-4ad2-8a5a-7a62e971b6c0 req-b5faff43-fa96-4007-b808-9e8145990bd5 b9841e8f6874420a8ae0a69bd992783b 8a524d51fcc54ccab2715a9b8ec55a31 - - 913595b709a846ea99adf01bfce65836 913595b709a846ea99adf01bfce65836] 162.253.55.123 "GET /v2.0/ports?network_id=39d1190a-e306-47e4-98d7-521760b32589&device_owner=network%3Adhcp HTTP/1.1" status: 200 len: 210 time: 0.0181475
2026-08-28 05:27:24.311 9 INFO neutron.wsgi [req-2d145dff-1054-4ad2-8a5a-7a62e971b6c0 req-e68d3ff1-be96-4abc-8195-3e1ad39b57fc b9841e8f6874420a8ae0a69bd992783b 8a524d51fcc54ccab2715a9b8ec55a31 - - 913595b709a846ea99adf01bfce65836 913595b709a846ea99adf01bfce65836] 162.253.55.123 "GET /v2.0/networks/39d1190a-e306-47e4-98d7-521760b32589?fields=segments HTTP/1.1" status: 200 len: 212 time: 0.0487275
2026-08-28 05:27:24.364 9 INFO neutron.wsgi [req-2d145dff-1054-4ad2-8a5a-7a62e971b6c0 req-14e587dc-dfe8-40fb-a0d0-61213fb3e10a b9841e8f6874420a8ae0a69bd992783b 8a524d51fcc54ccab2715a9b8ec55a31 - - 913595b709a846ea99adf01bfce65836 913595b709a846ea99adf01bfce65836] 162.253.55.123 "GET /v2.0/networks/39d1190a-e306-47e4-98d7-521760b32589?fields=provider%3Aphysical_network&fields=provider%3Anetwork_type HTTP/1.1" status: 200 len: 277 time: 0.0449767
2026-08-28 05:27:24.385 10 INFO neutron.wsgi [None req-80d9f6f8-d6cf-4038-add4-664a9171bb27 511b4e370867442780eeb182d49315a4 e5d84ec93a4c4c658096169b04f88d23 - - default default] 10.0.0.220 "GET /v2.0/security-groups?tenant_id=c81fb250055247709ddff3e516494487&name=default HTTP/1.1" status: 200 len: 2996 time: 0.3690362
2026-08-28 05:27:24.603 10 INFO neutron.wsgi [None req-303b3b79-8d43-421b-955e-2adf69846f82 511b4e370867442780eeb182d49315a4 e5d84ec93a4c4c658096169b04f88d23 - - default default] 10.0.0.220 "DELETE /v2.0/security-groups/08c0de75-3ea4-4c2d-b170-03fb2d7ac010 HTTP/1.1" status: 204 len: 168 time: 0.2126338
2026-08-28 05:27:24.839 10 INFO neutron.db.ovn_revision_numbers_db [None req-883ac04a-fbad-450f-b70c-494528de066f b1eab70e0c0b4f0591a267da75215f4e 8ad4e7d76e22489cba1f2a295a731cec - - default default] Successfully bumped revision number for resource 4b9cc763-16db-413f-96de-955d3500061f (type: security_groups) to 1
2026-08-28 05:27:24.852 10 INFO neutron.db.ovn_revision_numbers_db [None req-883ac04a-fbad-450f-b70c-494528de066f b1eab70e0c0b4f0591a267da75215f4e 8ad4e7d76e22489cba1f2a295a731cec - - default default] Successfully bumped revision number for resource 86504808-f06b-466d-97e5-05ff7bfff582 (type: security_group_rules) to 0
2026-08-28 05:27:24.864 10 INFO neutron.db.ovn_revision_numbers_db [None req-883ac04a-fbad-450f-b70c-494528de066f b1eab70e0c0b4f0591a267da75215f4e 8ad4e7d76e22489cba1f2a295a731cec - - default default] Successfully bumped revision number for resource 9a2b7f0b-f89a-4adc-bb43-26d721ca6c42 (type: security_group_rules) to 0
2026-08-28 05:27:24.878 10 INFO neutron.db.ovn_revision_numbers_db [None req-883ac04a-fbad-450f-b70c-494528de066f b1eab70e0c0b4f0591a267da75215f4e 8ad4e7d76e22489cba1f2a295a731cec - - default default] Successfully bumped revision number for resource b753095d-333b-4321-9eb0-ed3b8b0a66c0 (type: security_group_rules) to 0
2026-08-28 05:27:24.892 10 INFO neutron.db.ovn_revision_numbers_db [None req-883ac04a-fbad-450f-b70c-494528de066f b1eab70e0c0b4f0591a267da75215f4e 8ad4e7d76e22489cba1f2a295a731cec - - default default] Successfully bumped revision number for resource d99db742-7000-4287-b6e4-129275640a86 (type: security_group_rules) to 0
2026-08-28 05:27:24.947 10 INFO neutron.db.segments_db [None req-883ac04a-fbad-450f-b70c-494528de066f b1eab70e0c0b4f0591a267da75215f4e 8ad4e7d76e22489cba1f2a295a731cec - - default default] Added segment 977b7262-086f-4eb7-9258-f7a6ba9419d1 of type geneve for network f510115e-44af-41cd-965f-eb0cc2f75c6f
2026-08-28 05:27:25.090 10 INFO neutron.db.ovn_revision_numbers_db [None req-883ac04a-fbad-450f-b70c-494528de066f b1eab70e0c0b4f0591a267da75215f4e 8ad4e7d76e22489cba1f2a295a731cec - - default default] Successfully bumped revision number for resource f510115e-44af-41cd-965f-eb0cc2f75c6f (type: networks) to 1
2026-08-28 05:27:25.239 10 WARNING neutron.scheduler.dhcp_agent_scheduler [None req-883ac04a-fbad-450f-b70c-494528de066f b1eab70e0c0b4f0591a267da75215f4e 8ad4e7d76e22489cba1f2a295a731cec - - default default] No more DHCP agents
2026-08-28 05:27:25.239 10 WARNING neutron.api.rpc.agentnotifiers.dhcp_rpc_agent_api [None req-883ac04a-fbad-450f-b70c-494528de066f b1eab70e0c0b4f0591a267da75215f4e 8ad4e7d76e22489cba1f2a295a731cec - - default default] Unable to schedule network f510115e-44af-41cd-965f-eb0cc2f75c6f: no agents available; will retry on subsequent port and subnet creation events.
2026-08-28 05:27:25.300 10 INFO neutron.db.ovn_revision_numbers_db [None req-883ac04a-fbad-450f-b70c-494528de066f b1eab70e0c0b4f0591a267da75215f4e 8ad4e7d76e22489cba1f2a295a731cec - - default default] Successfully bumped revision number for resource 23598d30-d0d5-404f-9e21-c7aa23a0b0f1 (type: ports) to 1
2026-08-28 05:27:25.314 10 INFO neutron.wsgi [None req-883ac04a-fbad-450f-b70c-494528de066f b1eab70e0c0b4f0591a267da75215f4e 8ad4e7d76e22489cba1f2a295a731cec - - default default] 10.0.0.220 "POST /v2.0/networks HTTP/1.1" status: 201 len: 843 time: 0.6784329
2026-08-28 05:27:25.562 10 WARNING neutron.scheduler.dhcp_agent_scheduler [None req-efb9979c-9d6e-4a7c-be81-1a224ecc6724 b1eab70e0c0b4f0591a267da75215f4e 8ad4e7d76e22489cba1f2a295a731cec - - default default] No more DHCP agents
2026-08-28 05:27:25.564 10 WARNING neutron.api.rpc.agentnotifiers.dhcp_rpc_agent_api [None req-efb9979c-9d6e-4a7c-be81-1a224ecc6724 b1eab70e0c0b4f0591a267da75215f4e 8ad4e7d76e22489cba1f2a295a731cec - - default default] Unable to schedule network f510115e-44af-41cd-965f-eb0cc2f75c6f: no agents available; will retry on subsequent port and subnet creation events.
2026-08-28 05:27:25.854 9 INFO neutron.db.ovn_revision_numbers_db [None req-486143e4-dc34-43c4-bf7a-a1130d433be6 511b4e370867442780eeb182d49315a4 e5d84ec93a4c4c658096169b04f88d23 - - default default] Successfully bumped revision number for resource 1195209f-38f4-4dc4-9693-b490d3fa78d8 (type: security_groups) to 1
2026-08-28 05:27:25.864 9 INFO neutron.db.ovn_revision_numbers_db [None req-486143e4-dc34-43c4-bf7a-a1130d433be6 511b4e370867442780eeb182d49315a4 e5d84ec93a4c4c658096169b04f88d23 - - default default] Successfully bumped revision number for resource 124e04c2-46be-4488-aa0e-fb7571563014 (type: security_group_rules) to 0
2026-08-28 05:27:25.878 9 INFO neutron.db.ovn_revision_numbers_db [None req-486143e4-dc34-43c4-bf7a-a1130d433be6 511b4e370867442780eeb182d49315a4 e5d84ec93a4c4c658096169b04f88d23 - - default default] Successfully bumped revision number for resource a926bdfd-8479-4683-b709-f1ff4735d830 (type: security_group_rules) to 0
2026-08-28 05:27:25.892 9 INFO neutron.db.ovn_revision_numbers_db [None req-486143e4-dc34-43c4-bf7a-a1130d433be6 511b4e370867442780eeb182d49315a4 e5d84ec93a4c4c658096169b04f88d23 - - default default] Successfully bumped revision number for resource eb1a3ad1-66db-4336-8d46-a7fee13896a9 (type: security_group_rules) to 0
2026-08-28 05:27:25.904 9 INFO neutron.db.ovn_revision_numbers_db [None req-486143e4-dc34-43c4-bf7a-a1130d433be6 511b4e370867442780eeb182d49315a4 e5d84ec93a4c4c658096169b04f88d23 - - default default] Successfully bumped revision number for resource fc3c13da-65aa-44e0-acbb-7fec670f7de1 (type: security_group_rules) to 0
2026-08-28 05:27:25.925 9 INFO neutron.wsgi [None req-486143e4-dc34-43c4-bf7a-a1130d433be6 511b4e370867442780eeb182d49315a4 e5d84ec93a4c4c658096169b04f88d23 - - default default] 10.0.0.220 "GET /v2.0/security-groups?tenant_id=fbc1174321eb469f86de7b5302fbfd69&name=default HTTP/1.1" status: 200 len: 2996 time: 0.3526185
2026-08-28 05:27:25.972 10 INFO neutron.db.ovn_revision_numbers_db [None req-efb9979c-9d6e-4a7c-be81-1a224ecc6724 b1eab70e0c0b4f0591a267da75215f4e 8ad4e7d76e22489cba1f2a295a731cec - - default default] Successfully bumped revision number for resource 23598d30-d0d5-404f-9e21-c7aa23a0b0f1 (type: ports) to 2
2026-08-28 05:27:25.997 10 INFO neutron.db.ovn_revision_numbers_db [None req-efb9979c-9d6e-4a7c-be81-1a224ecc6724 b1eab70e0c0b4f0591a267da75215f4e 8ad4e7d76e22489cba1f2a295a731cec - - default default] Successfully bumped revision number for resource 12405d16-219a-4bcd-95b3-4c0b9f34bde9 (type: subnets) to 0
2026-08-28 05:27:26.012 10 INFO neutron.wsgi [None req-efb9979c-9d6e-4a7c-be81-1a224ecc6724 b1eab70e0c0b4f0591a267da75215f4e 8ad4e7d76e22489cba1f2a295a731cec - - default default] 10.0.0.220 "POST /v2.0/subnets HTTP/1.1" status: 201 len: 816 time: 0.6502337
2026-08-28 05:27:26.096 10 INFO neutron.db.segments_db [None req-07ce0d8c-940e-4d41-b46a-8cc54be975e6 b1eab70e0c0b4f0591a267da75215f4e 8ad4e7d76e22489cba1f2a295a731cec - - default default] Added segment 5f6466f3-f7ed-49c7-ac01-c1e53c4fb686 of type geneve for network e46b8608-12f9-489f-949d-8e1a71dbc7e4
2026-08-28 05:27:26.150 9 INFO neutron.wsgi [None req-0aaef080-c966-492b-a433-4c57af5f95bf 511b4e370867442780eeb182d49315a4 e5d84ec93a4c4c658096169b04f88d23 - - default default] 10.0.0.220 "DELETE /v2.0/security-groups/1195209f-38f4-4dc4-9693-b490d3fa78d8 HTTP/1.1" status: 204 len: 168 time: 0.2188594
2026-08-28 05:27:26.219 10 INFO neutron.db.ovn_revision_numbers_db [None req-07ce0d8c-940e-4d41-b46a-8cc54be975e6 b1eab70e0c0b4f0591a267da75215f4e 8ad4e7d76e22489cba1f2a295a731cec - - default default] Successfully bumped revision number for resource e46b8608-12f9-489f-949d-8e1a71dbc7e4 (type: networks) to 1
2026-08-28 05:27:26.354 10 WARNING neutron.scheduler.dhcp_agent_scheduler [None req-07ce0d8c-940e-4d41-b46a-8cc54be975e6 b1eab70e0c0b4f0591a267da75215f4e 8ad4e7d76e22489cba1f2a295a731cec - - default default] No more DHCP agents
2026-08-28 05:27:26.355 10 WARNING neutron.api.rpc.agentnotifiers.dhcp_rpc_agent_api [None req-07ce0d8c-940e-4d41-b46a-8cc54be975e6 b1eab70e0c0b4f0591a267da75215f4e 8ad4e7d76e22489cba1f2a295a731cec - - default default] Unable to schedule network e46b8608-12f9-489f-949d-8e1a71dbc7e4: no agents available; will retry on subsequent port and subnet creation events.
2026-08-28 05:27:26.423 10 INFO neutron.db.ovn_revision_numbers_db [None req-07ce0d8c-940e-4d41-b46a-8cc54be975e6 b1eab70e0c0b4f0591a267da75215f4e 8ad4e7d76e22489cba1f2a295a731cec - - default default] Successfully bumped revision number for resource 77f3d8cc-0d14-4795-9496-3cdcd6352605 (type: ports) to 1
2026-08-28 05:27:26.453 10 INFO neutron.wsgi [None req-07ce0d8c-940e-4d41-b46a-8cc54be975e6 b1eab70e0c0b4f0591a267da75215f4e 8ad4e7d76e22489cba1f2a295a731cec - - default default] 10.0.0.220 "POST /v2.0/networks HTTP/1.1" status: 201 len: 842 time: 0.4346972
2026-08-28 05:27:26.656 10 INFO neutron.db.ovn_revision_numbers_db [None req-20b7b8a0-9dd9-48ee-b1a6-4c59f76b82ac b1eab70e0c0b4f0591a267da75215f4e 8ad4e7d76e22489cba1f2a295a731cec - - default default] Successfully bumped revision number for resource e46b8608-12f9-489f-949d-8e1a71dbc7e4 (type: networks) to 2
2026-08-28 05:27:26.659 10 INFO neutron.wsgi [None req-20b7b8a0-9dd9-48ee-b1a6-4c59f76b82ac b1eab70e0c0b4f0591a267da75215f4e 8ad4e7d76e22489cba1f2a295a731cec - - default default] 10.0.0.220 "PUT /v2.0/networks/e46b8608-12f9-489f-949d-8e1a71dbc7e4 HTTP/1.1" status: 200 len: 792 time: 0.1997790
2026-08-28 05:27:26.784 9 INFO neutron.db.ovn_revision_numbers_db [None req-89011175-879c-424f-ac68-47d8dd9e9825 41da0992a9634f7da29cfb6617a8dff7 520667fee3984376acc118b3ccad13d8 - - default default] Successfully bumped revision number for resource 702236bb-15b1-45f0-8472-3274a2df46a3 (type: security_groups) to 1
2026-08-28 05:27:26.796 9 INFO neutron.db.ovn_revision_numbers_db [None req-89011175-879c-424f-ac68-47d8dd9e9825 41da0992a9634f7da29cfb6617a8dff7 520667fee3984376acc118b3ccad13d8 - - default default] Successfully bumped revision number for resource 4a3b665d-88ee-4310-9afa-8e7eeb7b3629 (type: security_group_rules) to 0
