2026-08-28 05:40:01.287 10 INFO neutron.wsgi [None req-3fc1d228-084f-498b-aaf7-609db6d00cb1 ac15f069abc9450d941a05bd61ef5bd5 3dd6b25daa05458286edfb5ba9537c20 - - default default] 10.0.0.220 "POST /v2.0/trunks HTTP/1.1" status: 201 len: 608 time: 0.1488752
2026-08-28 05:40:01.355 10 INFO neutron.db.segments_db [None req-753e24c1-ae9b-4d54-b443-0408087d5c19 ac15f069abc9450d941a05bd61ef5bd5 3dd6b25daa05458286edfb5ba9537c20 - - default default] Added segment 4f71f9b1-7dad-47df-a5a2-90f9b028a2c3 of type geneve for network 8fa78814-5106-4970-a699-a9c35b1b4792
2026-08-28 05:40:01.464 10 INFO neutron.db.ovn_revision_numbers_db [None req-753e24c1-ae9b-4d54-b443-0408087d5c19 ac15f069abc9450d941a05bd61ef5bd5 3dd6b25daa05458286edfb5ba9537c20 - - default default] Successfully bumped revision number for resource 8fa78814-5106-4970-a699-a9c35b1b4792 (type: networks) to 1
2026-08-28 05:40:01.594 10 WARNING neutron.scheduler.dhcp_agent_scheduler [None req-753e24c1-ae9b-4d54-b443-0408087d5c19 ac15f069abc9450d941a05bd61ef5bd5 3dd6b25daa05458286edfb5ba9537c20 - - default default] No more DHCP agents
2026-08-28 05:40:01.596 10 WARNING neutron.api.rpc.agentnotifiers.dhcp_rpc_agent_api [None req-753e24c1-ae9b-4d54-b443-0408087d5c19 ac15f069abc9450d941a05bd61ef5bd5 3dd6b25daa05458286edfb5ba9537c20 - - default default] Unable to schedule network 8fa78814-5106-4970-a699-a9c35b1b4792: no agents available; will retry on subsequent port and subnet creation events.
2026-08-28 05:40:01.694 10 INFO neutron.db.ovn_revision_numbers_db [None req-753e24c1-ae9b-4d54-b443-0408087d5c19 ac15f069abc9450d941a05bd61ef5bd5 3dd6b25daa05458286edfb5ba9537c20 - - default default] Successfully bumped revision number for resource 796666a2-70ab-4aeb-be02-f84715a65ffc (type: ports) to 1
2026-08-28 05:40:01.733 10 INFO neutron.wsgi [None req-753e24c1-ae9b-4d54-b443-0408087d5c19 ac15f069abc9450d941a05bd61ef5bd5 3dd6b25daa05458286edfb5ba9537c20 - - default default] 10.0.0.220 "POST /v2.0/networks HTTP/1.1" status: 201 len: 830 time: 0.4408782
2026-08-28 05:40:02.081 10 WARNING neutron.scheduler.dhcp_agent_scheduler [None req-371a524e-1902-4740-b594-ea4b4bc2374c ac15f069abc9450d941a05bd61ef5bd5 3dd6b25daa05458286edfb5ba9537c20 - - default default] No more DHCP agents
2026-08-28 05:40:02.083 10 WARNING neutron.api.rpc.agentnotifiers.dhcp_rpc_agent_api [None req-371a524e-1902-4740-b594-ea4b4bc2374c ac15f069abc9450d941a05bd61ef5bd5 3dd6b25daa05458286edfb5ba9537c20 - - default default] Unable to schedule network 8fa78814-5106-4970-a699-a9c35b1b4792: no agents available; will retry on subsequent port and subnet creation events.
2026-08-28 05:40:02.197 10 INFO neutron.db.ovn_revision_numbers_db [None req-371a524e-1902-4740-b594-ea4b4bc2374c ac15f069abc9450d941a05bd61ef5bd5 3dd6b25daa05458286edfb5ba9537c20 - - default default] Successfully bumped revision number for resource 7e9ee124-094e-4653-a5f0-c9447d009afc (type: ports) to 1
2026-08-28 05:40:02.220 10 INFO neutron.wsgi [None req-371a524e-1902-4740-b594-ea4b4bc2374c ac15f069abc9450d941a05bd61ef5bd5 3dd6b25daa05458286edfb5ba9537c20 - - default default] 10.0.0.220 "POST /v2.0/ports HTTP/1.1" status: 201 len: 942 time: 0.4820676 /var/lib/openstack/lib/python3.10/site-packages/pycadf/identifier.py:71: UserWarning: Invalid uuid: neutron. To ensure interoperability, identifiers should be a valid uuid. warnings.warn(('Invalid uuid: %s. To ensure interoperability, '
2026-08-28 05:40:02.456 10 INFO neutron.wsgi [None req-214a1148-061a-4b27-8a76-7f7e1502d1bb ac15f069abc9450d941a05bd61ef5bd5 3dd6b25daa05458286edfb5ba9537c20 - - default default] 10.0.0.220 "POST /v2.0/trunks HTTP/1.1" status: 201 len: 608 time: 0.2287920
2026-08-28 05:40:02.497 10 INFO neutron.wsgi [None req-962b61d4-ab95-41f8-ba59-17f0a84378be ac15f069abc9450d941a05bd61ef5bd5 3dd6b25daa05458286edfb5ba9537c20 - - default default] 10.0.0.220 "PUT /v2.0/trunks/0cc82dc6-16cf-4308-9799-7088c4ad6766/tags HTTP/1.1" status: 200 len: 210 time: 0.0343170
2026-08-28 05:40:02.540 10 INFO neutron.wsgi [None req-b624cc84-8e88-46e7-849d-0264a390d400 ac15f069abc9450d941a05bd61ef5bd5 3dd6b25daa05458286edfb5ba9537c20 - - default default] 10.0.0.220 "PUT /v2.0/trunks/8d980bce-7587-4f01-882a-ec0835b7a9af/tags HTTP/1.1" status: 200 len: 218 time: 0.0377753
2026-08-28 05:40:02.574 10 INFO neutron.wsgi [None req-5b926d88-bd10-4140-9e23-3ebbfa8e5e86 ac15f069abc9450d941a05bd61ef5bd5 3dd6b25daa05458286edfb5ba9537c20 - - default default] 10.0.0.220 "PUT /v2.0/trunks/f70efcd6-ff8f-43cb-b60e-39464850c277/tags HTTP/1.1" status: 200 len: 227 time: 0.0285552
2026-08-28 05:40:02.604 10 INFO neutron.wsgi [None req-fdcb5aaf-237c-4e53-9310-63b689f24a05 ac15f069abc9450d941a05bd61ef5bd5 3dd6b25daa05458286edfb5ba9537c20 - - default default] 10.0.0.220 "PUT /v2.0/trunks/a8346342-3316-468c-90e7-7489ee4b70b4/tags HTTP/1.1" status: 200 len: 212 time: 0.0235872
2026-08-28 05:40:02.634 10 INFO neutron.wsgi [None req-8147bfea-7e3f-4d74-818b-2818ba8343c7 ac15f069abc9450d941a05bd61ef5bd5 3dd6b25daa05458286edfb5ba9537c20 - - default default] 10.0.0.220 "GET /v2.0/trunks?tags=red HTTP/1.1" status: 200 len: 1447 time: 0.0236692
2026-08-28 05:40:02.664 10 INFO neutron.wsgi [None req-993e7777-55bf-4c67-a02c-04e27330fa41 ac15f069abc9450d941a05bd61ef5bd5 3dd6b25daa05458286edfb5ba9537c20 - - default default] 10.0.0.220 "GET /v2.0/trunks?tags=red%2Cblue HTTP/1.1" status: 200 len: 1041 time: 0.0244787
2026-08-28 05:40:02.691 10 INFO neutron.wsgi [None req-4af4989e-10b6-445c-a63d-4fa5b3b9c5bd ac15f069abc9450d941a05bd61ef5bd5 3dd6b25daa05458286edfb5ba9537c20 - - default default] 10.0.0.220 "GET /v2.0/trunks?tags-any=blue HTTP/1.1" status: 200 len: 1041 time: 0.0214524
2026-08-28 05:40:02.729 10 INFO neutron.wsgi [None req-28fcd6f3-5770-43f2-9d35-deabd1d05b83 ac15f069abc9450d941a05bd61ef5bd5 3dd6b25daa05458286edfb5ba9537c20 - - default default] 10.0.0.220 "GET /v2.0/trunks?tags-any=red%2Cblue HTTP/1.1" status: 200 len: 1447 time: 0.0324340 /var/lib/openstack/lib/python3.10/site-packages/pycadf/identifier.py:71: UserWarning: Invalid uuid: neutron. To ensure interoperability, identifiers should be a valid uuid. warnings.warn(('Invalid uuid: %s. To ensure interoperability, '
2026-08-28 05:40:02.784 9 INFO neutron.wsgi [None req-b3b2e6db-d07b-4659-866b-735cfa4414b6 ac15f069abc9450d941a05bd61ef5bd5 3dd6b25daa05458286edfb5ba9537c20 - - default default] 10.0.0.220 "GET /v2.0/trunks?not-tags=red HTTP/1.1" status: 200 len: 1013 time: 0.0449800
2026-08-28 05:40:02.833 9 INFO neutron.wsgi [None req-60bfd8c8-ddbd-4241-8138-95cf96701d3c ac15f069abc9450d941a05bd61ef5bd5 3dd6b25daa05458286edfb5ba9537c20 - - default default] 10.0.0.220 "GET /v2.0/trunks?not-tags=red%2Cblue HTTP/1.1" status: 200 len: 1419 time: 0.0396800
2026-08-28 05:40:02.865 9 INFO neutron.wsgi [None req-db521386-2a92-4781-9ccb-eb3047aaac90 ac15f069abc9450d941a05bd61ef5bd5 3dd6b25daa05458286edfb5ba9537c20 - - default default] 10.0.0.220 "GET /v2.0/trunks?not-tags-any=blue HTTP/1.1" status: 200 len: 1419 time: 0.0267661
2026-08-28 05:40:02.901 10 INFO neutron.wsgi [None req-39112497-7e9e-45db-9e06-0778b7c876a2 ac15f069abc9450d941a05bd61ef5bd5 3dd6b25daa05458286edfb5ba9537c20 - - default default] 10.0.0.220 "GET /v2.0/trunks?not-tags-any=red%2Cblue HTTP/1.1" status: 200 len: 1013 time: 0.0309579
2026-08-28 05:40:02.930 10 INFO neutron.wsgi [None req-eebba8e6-73a8-4847-b238-54b71458805b ac15f069abc9450d941a05bd61ef5bd5 3dd6b25daa05458286edfb5ba9537c20 - - default default] 10.0.0.220 "GET /v2.0/trunks/0cc82dc6-16cf-4308-9799-7088c4ad6766 HTTP/1.1" status: 200 len: 608 time: 0.0219288
2026-08-28 05:40:03.030 10 INFO neutron.wsgi [None req-7adbcd30-aca6-4d27-bf82-ff9ba8e92d3a ac15f069abc9450d941a05bd61ef5bd5 3dd6b25daa05458286edfb5ba9537c20 - - default default] 10.0.0.220 "GET /v2.0/ports/33fbddec-2528-4d99-9b7d-b66d195756a7 HTTP/1.1" status: 200 len: 1020 time: 0.0955722
2026-08-28 05:40:03.091 10 INFO neutron.wsgi [None req-8da3bb8c-bf4a-4402-91a3-9877e4e6dd4d ac15f069abc9450d941a05bd61ef5bd5 3dd6b25daa05458286edfb5ba9537c20 - - default default] 10.0.0.220 "DELETE /v2.0/trunks/0cc82dc6-16cf-4308-9799-7088c4ad6766 HTTP/1.1" status: 204 len: 168 time: 0.0550115
2026-08-28 05:40:03.118 10 INFO neutron.wsgi [None req-bc1ac882-10b6-4462-9d14-8c095d28a51a ac15f069abc9450d941a05bd61ef5bd5 3dd6b25daa05458286edfb5ba9537c20 - - default default] 10.0.0.220 "GET /v2.0/trunks/8d980bce-7587-4f01-882a-ec0835b7a9af HTTP/1.1" status: 200 len: 616 time: 0.0222752
2026-08-28 05:40:03.231 9 INFO neutron.wsgi [None req-100f2b0c-a511-4633-8eed-5e6388124a58 ac15f069abc9450d941a05bd61ef5bd5 3dd6b25daa05458286edfb5ba9537c20 - - default default] 10.0.0.220 "GET /v2.0/ports/5d40b9a1-07a1-4913-ae15-91885f474011 HTTP/1.1" status: 200 len: 1020 time: 0.1078527
2026-08-28 05:40:03.340 10 INFO neutron.wsgi [None req-00366f74-fa76-4421-8d98-24c4d3e57302 ac15f069abc9450d941a05bd61ef5bd5 3dd6b25daa05458286edfb5ba9537c20 - - default default] 10.0.0.220 "DELETE /v2.0/trunks/8d980bce-7587-4f01-882a-ec0835b7a9af HTTP/1.1" status: 204 len: 168 time: 0.1032691
2026-08-28 05:40:03.374 9 INFO neutron.wsgi [None req-ac1f754b-51fa-433f-a390-039f440c170c ac15f069abc9450d941a05bd61ef5bd5 3dd6b25daa05458286edfb5ba9537c20 - - default default] 10.0.0.220 "GET /v2.0/trunks/f70efcd6-ff8f-43cb-b60e-39464850c277 HTTP/1.1" status: 200 len: 625 time: 0.0270617
2026-08-28 05:40:03.457 9 INFO neutron.wsgi [None req-7c3250cf-0d6f-43b3-94a8-246f4da0a50d ac15f069abc9450d941a05bd61ef5bd5 3dd6b25daa05458286edfb5ba9537c20 - - default default] 10.0.0.220 "GET /v2.0/ports/316bcc48-406a-42c6-928f-cb559cf0b331 HTTP/1.1" status: 200 len: 1020 time: 0.0787528
2026-08-28 05:40:03.541 9 INFO neutron.wsgi [None req-89beb38b-174a-4822-9214-c91ccacb3a21 ac15f069abc9450d941a05bd61ef5bd5 3dd6b25daa05458286edfb5ba9537c20 - - default default] 10.0.0.220 "DELETE /v2.0/trunks/f70efcd6-ff8f-43cb-b60e-39464850c277 HTTP/1.1" status: 204 len: 168 time: 0.0791757
2026-08-28 05:40:03.573 9 INFO neutron.wsgi [None req-722e80aa-991f-4c6e-824f-1a21047b1218 ac15f069abc9450d941a05bd61ef5bd5 3dd6b25daa05458286edfb5ba9537c20 - - default default] 10.0.0.220 "GET /v2.0/trunks/a8346342-3316-468c-90e7-7489ee4b70b4 HTTP/1.1" status: 200 len: 610 time: 0.0243535
2026-08-28 05:40:03.757 9 INFO neutron.wsgi [None req-8c79e9ca-44b5-43cf-846d-ad9073583118 ac15f069abc9450d941a05bd61ef5bd5 3dd6b25daa05458286edfb5ba9537c20 - - default default] 10.0.0.220 "GET /v2.0/ports/2bd3c514-5d20-4a0f-8619-3bf366402544 HTTP/1.1" status: 200 len: 1020 time: 0.1788423
2026-08-28 05:40:03.892 10 INFO neutron.wsgi [None req-86391a25-1d14-4095-b37c-92ef35191394 ac15f069abc9450d941a05bd61ef5bd5 3dd6b25daa05458286edfb5ba9537c20 - - default default] 10.0.0.220 "DELETE /v2.0/trunks/a8346342-3316-468c-90e7-7489ee4b70b4 HTTP/1.1" status: 204 len: 168 time: 0.1274695
2026-08-28 05:40:03.930 10 INFO neutron.wsgi [None req-67dfa8e5-af45-47fa-b690-881402591c95 ac15f069abc9450d941a05bd61ef5bd5 3dd6b25daa05458286edfb5ba9537c20 - - default default] 10.0.0.220 "GET /v2.0/trunks/65b696f7-5d41-4e6f-806d-c0c12629cf08 HTTP/1.1" status: 200 len: 603 time: 0.0321293
2026-08-28 05:40:04.037 10 INFO neutron.wsgi [None req-54a951b7-4169-443c-a64c-3216549b6f7a ac15f069abc9450d941a05bd61ef5bd5 3dd6b25daa05458286edfb5ba9537c20 - - default default] 10.0.0.220 "GET /v2.0/ports/7e9ee124-094e-4653-a5f0-c9447d009afc HTTP/1.1" status: 200 len: 1020 time: 0.0985808
2026-08-28 05:40:04.125 10 INFO neutron.wsgi [None req-f667f566-d442-4813-b923-0bf47547f663 ac15f069abc9450d941a05bd61ef5bd5 3dd6b25daa05458286edfb5ba9537c20 - - default default] 10.0.0.220 "DELETE /v2.0/trunks/65b696f7-5d41-4e6f-806d-c0c12629cf08 HTTP/1.1" status: 204 len: 168 time: 0.0829182
2026-08-28 05:40:04.397 10 INFO neutron.wsgi [None req-9517285c-9397-4221-acd2-5724adfc7071 ac15f069abc9450d941a05bd61ef5bd5 3dd6b25daa05458286edfb5ba9537c20 - - default default] 10.0.0.220 "DELETE /v2.0/ports/33fbddec-2528-4d99-9b7d-b66d195756a7 HTTP/1.1" status: 204 len: 168 time: 0.2616212
2026-08-28 05:40:04.610 10 INFO neutron.wsgi [None req-56ac65fc-1e50-477f-b16f-798182619074 ac15f069abc9450d941a05bd61ef5bd5 3dd6b25daa05458286edfb5ba9537c20 - - default default] 10.0.0.220 "DELETE /v2.0/ports/5d40b9a1-07a1-4913-ae15-91885f474011 HTTP/1.1" status: 204 len: 168 time: 0.2028129
2026-08-28 05:40:04.826 10 INFO neutron.wsgi [None req-001e0ace-e3d4-4d1c-94ad-cec3f68dfed5 ac15f069abc9450d941a05bd61ef5bd5 3dd6b25daa05458286edfb5ba9537c20 - - default default] 10.0.0.220 "DELETE /v2.0/ports/316bcc48-406a-42c6-928f-cb559cf0b331 HTTP/1.1" status: 204 len: 168 time: 0.2113123
2026-08-28 05:40:05.008 10 INFO neutron.wsgi [None req-f8a8cf50-610c-41cd-be32-e58a2481ac55 ac15f069abc9450d941a05bd61ef5bd5 3dd6b25daa05458286edfb5ba9537c20 - - default default] 10.0.0.220 "DELETE /v2.0/ports/2bd3c514-5d20-4a0f-8619-3bf366402544 HTTP/1.1" status: 204 len: 168 time: 0.1763949
2026-08-28 05:40:05.184 10 INFO neutron.wsgi [None req-bbc58068-90ea-4224-9b91-c86d973a63dd ac15f069abc9450d941a05bd61ef5bd5 3dd6b25daa05458286edfb5ba9537c20 - - default default] 10.0.0.220 "DELETE /v2.0/ports/7e9ee124-094e-4653-a5f0-c9447d009afc HTTP/1.1" status: 204 len: 168 time: 0.1704099
2026-08-28 05:40:05.486 10 INFO neutron.wsgi [None req-c961fd59-defd-4780-8a12-789b873a601e ac15f069abc9450d941a05bd61ef5bd5 3dd6b25daa05458286edfb5ba9537c20 - - default default] 10.0.0.220 "DELETE /v2.0/networks/71e7403d-50e3-4b0c-a829-552aad2eb1b0 HTTP/1.1" status: 204 len: 168 time: 0.2974257
2026-08-28 05:40:05.587 10 INFO neutron.services.segments.plugin [-] Segment 8c928949-e7d7-49e5-a133-ddeeeaa2178f resource provider aggregate not found
2026-08-28 05:40:05.609 10 INFO neutron.services.segments.plugin [-] Segment 8c928949-e7d7-49e5-a133-ddeeeaa2178f resource provider not found; error: Placement Client Error (4xx): {"errors": [{"status": 404, "title": "Not Found", "detail": "The resource could not be found.\n\n No resource provider with uuid 8c928949-e7d7-49e5-a133-ddeeeaa2178f found for delete ", "request_id": "req-20971c8d-d92a-42f5-a503-fde8cbf10a67"}]}
2026-08-28 05:40:05.627 10 INFO neutron.services.segments.plugin [-] Segment 8c928949-e7d7-49e5-a133-ddeeeaa2178f resource provider aggregate not found
2026-08-28 05:40:05.648 10 INFO neutron.services.segments.plugin [-] Segment 8c928949-e7d7-49e5-a133-ddeeeaa2178f resource provider not found; error: Placement Client Error (4xx): {"errors": [{"status": 404, "title": "Not Found", "detail": "The resource could not be found.\n\n No resource provider with uuid 8c928949-e7d7-49e5-a133-ddeeeaa2178f found for delete ", "request_id": "req-f599c7b1-34f0-4c02-a231-ed26fa9c1449"}]}
2026-08-28 05:40:05.813 10 INFO neutron.wsgi [None req-5aa3e848-d3c9-4211-b128-6b5558674bc4 ac15f069abc9450d941a05bd61ef5bd5 3dd6b25daa05458286edfb5ba9537c20 - - default default] 10.0.0.220 "DELETE /v2.0/networks/991939e0-e0fb-4f40-800a-a005cd15cd3a HTTP/1.1" status: 204 len: 168 time: 0.3232350
2026-08-28 05:40:06.136 10 INFO neutron.wsgi [None req-e1529f3f-f0fd-4789-a165-6c5f1d64e4c1 ac15f069abc9450d941a05bd61ef5bd5 3dd6b25daa05458286edfb5ba9537c20 - - default default] 10.0.0.220 "DELETE /v2.0/networks/3fe42c84-d77e-4996-9892-0abb389a7e37 HTTP/1.1" status: 204 len: 168 time: 0.3180130
2026-08-28 05:40:06.636 9 INFO neutron.wsgi [None req-065b1097-0f66-4fce-baa9-dd31d3b53440 ac15f069abc9450d941a05bd61ef5bd5 3dd6b25daa05458286edfb5ba9537c20 - - default default] 10.0.0.220 "DELETE /v2.0/networks/7486c794-3cc6-41fd-87cf-8ecc5df8d62e HTTP/1.1" status: 204 len: 168 time: 0.4949493
2026-08-28 05:40:06.649 9 INFO neutron.services.segments.plugin [-] Segment d1ab421d-732e-4f20-bbbf-da9eb245a85a resource provider aggregate not found
2026-08-28 05:40:06.678 9 INFO neutron.services.segments.plugin [-] Segment d1ab421d-732e-4f20-bbbf-da9eb245a85a resource provider aggregate not found
2026-08-28 05:40:06.683 9 INFO neutron.services.segments.plugin [-] Segment d1ab421d-732e-4f20-bbbf-da9eb245a85a resource provider not found; error: Placement Client Error (4xx): {"errors": [{"status": 404, "title": "Not Found", "detail": "The resource could not be found.\n\n No resource provider with uuid d1ab421d-732e-4f20-bbbf-da9eb245a85a found for delete ", "request_id": "req-ea5d4be1-3fc2-4beb-9672-c59bd7649568"}]}
2026-08-28 05:40:06.703 9 INFO neutron.services.segments.plugin [-] Segment d1ab421d-732e-4f20-bbbf-da9eb245a85a resource provider not found; error: Placement Client Error (4xx): {"errors": [{"status": 404, "title": "Not Found", "detail": "The resource could not be found.\n\n No resource provider with uuid d1ab421d-732e-4f20-bbbf-da9eb245a85a found for delete ", "request_id": "req-3ee4bf46-5ac8-42ba-bd10-2f2c75fb0616"}]}
2026-08-28 05:40:07.168 9 INFO neutron.wsgi [None req-8e758ef0-9aab-45ec-ad21-63a85fb939ad ac15f069abc9450d941a05bd61ef5bd5 3dd6b25daa05458286edfb5ba9537c20 - - default default] 10.0.0.220 "DELETE /v2.0/networks/8fa78814-5106-4970-a699-a9c35b1b4792 HTTP/1.1" status: 204 len: 168 time: 0.5248601
2026-08-28 05:40:07.632 10 INFO neutron.services.segments.plugin [-] Segment d64c2fc6-c0c5-4e41-8c7b-4bbbeceac035 resource provider aggregate not found
2026-08-28 05:40:07.668 10 INFO neutron.services.segments.plugin [-] Segment d64c2fc6-c0c5-4e41-8c7b-4bbbeceac035 resource provider not found; error: Placement Client Error (4xx): {"errors": [{"status": 404, "title": "Not Found", "detail": "The resource could not be found.\n\n No resource provider with uuid d64c2fc6-c0c5-4e41-8c7b-4bbbeceac035 found for delete ", "request_id": "req-373f6853-1e9a-4267-8d94-a959ee4f0719"}]}
2026-08-28 05:40:07.675 10 INFO neutron.services.segments.plugin [-] Segment d64c2fc6-c0c5-4e41-8c7b-4bbbeceac035 resource provider aggregate not found
2026-08-28 05:40:07.696 10 INFO neutron.services.segments.plugin [-] Segment d64c2fc6-c0c5-4e41-8c7b-4bbbeceac035 resource provider not found; error: Placement Client Error (4xx): {"errors": [{"status": 404, "title": "Not Found", "detail": "The resource could not be found.\n\n No resource provider with uuid d64c2fc6-c0c5-4e41-8c7b-4bbbeceac035 found for delete ", "request_id": "req-18c4aaaa-375d-4c86-92eb-b12f0b2de578"}]}
2026-08-28 05:40:07.705 10 INFO neutron.services.segments.plugin [-] Segment e18ae658-182b-49cd-aa72-b389cc476915 resource provider aggregate not found
2026-08-28 05:40:07.715 10 INFO neutron.services.segments.plugin [-] Segment e18ae658-182b-49cd-aa72-b389cc476915 resource provider aggregate not found
2026-08-28 05:40:07.735 10 INFO neutron.services.segments.plugin [-] Segment e18ae658-182b-49cd-aa72-b389cc476915 resource provider not found; error: Placement Client Error (4xx): {"errors": [{"status": 404, "title": "Not Found", "detail": "The resource could not be found.\n\n No resource provider with uuid e18ae658-182b-49cd-aa72-b389cc476915 found for delete ", "request_id": "req-757518e2-7c96-48cd-be68-b02a2a75cb5c"}]}
2026-08-28 05:40:07.736 10 INFO neutron.services.segments.plugin [-] Segment e18ae658-182b-49cd-aa72-b389cc476915 resource provider not found; error: Placement Client Error (4xx): {"errors": [{"status": 404, "title": "Not Found", "detail": "The resource could not be found.\n\n No resource provider with uuid e18ae658-182b-49cd-aa72-b389cc476915 found for delete ", "request_id": "req-872606f3-1774-4f6d-89a1-fdc9c7ccc41d"}]}
2026-08-28 05:40:08.207 9 INFO neutron.wsgi [-] 10.0.0.136 "GET / HTTP/1.1" status: 200 len: 247 time: 0.0022812
2026-08-28 05:40:08.208 10 INFO neutron.wsgi [-] 10.0.0.136 "GET / HTTP/1.1" status: 200 len: 247 time: 0.0028856
2026-08-28 05:40:08.368 10 INFO neutron.db.ovn_revision_numbers_db [None req-806b5d63-331f-49a6-bd3b-f7db95a8a561 511b4e370867442780eeb182d49315a4 e5d84ec93a4c4c658096169b04f88d23 - - default default] Successfully bumped revision number for resource 18f79995-ff87-4411-b0f2-b9e893182a16 (type: security_groups) to 1
2026-08-28 05:40:08.387 10 INFO neutron.db.ovn_revision_numbers_db [None req-806b5d63-331f-49a6-bd3b-f7db95a8a561 511b4e370867442780eeb182d49315a4 e5d84ec93a4c4c658096169b04f88d23 - - default default] Successfully bumped revision number for resource 057ed14f-ca12-4a53-b4f6-dca3f7ed561e (type: security_group_rules) to 0
2026-08-28 05:40:08.408 10 INFO neutron.db.ovn_revision_numbers_db [None req-806b5d63-331f-49a6-bd3b-f7db95a8a561 511b4e370867442780eeb182d49315a4 e5d84ec93a4c4c658096169b04f88d23 - - default default] Successfully bumped revision number for resource 09aaf93d-1faa-4299-926f-dcd88a69adf8 (type: security_group_rules) to 0
2026-08-28 05:40:08.421 10 INFO neutron.db.ovn_revision_numbers_db [None req-806b5d63-331f-49a6-bd3b-f7db95a8a561 511b4e370867442780eeb182d49315a4 e5d84ec93a4c4c658096169b04f88d23 - - default default] Successfully bumped revision number for resource 2ca7b8fb-3545-43f4-b542-4484ca521a5f (type: security_group_rules) to 0
2026-08-28 05:40:08.444 10 INFO neutron.db.ovn_revision_numbers_db [None req-806b5d63-331f-49a6-bd3b-f7db95a8a561 511b4e370867442780eeb182d49315a4 e5d84ec93a4c4c658096169b04f88d23 - - default default] Successfully bumped revision number for resource 8772c25c-779f-4df4-86d1-1afab85bf7ac (type: security_group_rules) to 0
2026-08-28 05:40:08.711 9 INFO neutron.services.segments.plugin [-] Segment 4f71f9b1-7dad-47df-a5a2-90f9b028a2c3 resource provider aggregate not found
2026-08-28 05:40:08.734 9 INFO neutron.services.segments.plugin [-] Segment 4f71f9b1-7dad-47df-a5a2-90f9b028a2c3 resource provider aggregate not found
2026-08-28 05:40:08.743 10 INFO neutron.wsgi [None req-806b5d63-331f-49a6-bd3b-f7db95a8a561 511b4e370867442780eeb182d49315a4 e5d84ec93a4c4c658096169b04f88d23 - - default default] 10.0.0.220 "GET /v2.0/security-groups?tenant_id=34f81bec91a44426837bdc2913dabddd&name=default HTTP/1.1" status: 200 len: 3000 time: 0.6754415
2026-08-28 05:40:08.744 9 INFO neutron.services.segments.plugin [-] Segment 4f71f9b1-7dad-47df-a5a2-90f9b028a2c3 resource provider not found; error: Placement Client Error (4xx): {"errors": [{"status": 404, "title": "Not Found", "detail": "The resource could not be found.\n\n No resource provider with uuid 4f71f9b1-7dad-47df-a5a2-90f9b028a2c3 found for delete ", "request_id": "req-39ec5efa-b8f9-44a4-b982-231aaf40bc00"}]}
2026-08-28 05:40:08.757 9 INFO neutron.services.segments.plugin [-] Segment 4f71f9b1-7dad-47df-a5a2-90f9b028a2c3 resource provider not found; error: Placement Client Error (4xx): {"errors": [{"status": 404, "title": "Not Found", "detail": "The resource could not be found.\n\n No resource provider with uuid 4f71f9b1-7dad-47df-a5a2-90f9b028a2c3 found for delete ", "request_id": "req-33930ab8-fc2f-4905-8d20-d3feed24ff95"}]}
2026-08-28 05:40:08.882 10 INFO neutron.wsgi [None req-12fbc48f-a065-4a14-9c25-2bc56acfa2d8 511b4e370867442780eeb182d49315a4 e5d84ec93a4c4c658096169b04f88d23 - - default default] 10.0.0.220 "DELETE /v2.0/security-groups/18f79995-ff87-4411-b0f2-b9e893182a16 HTTP/1.1" status: 204 len: 168 time: 0.1340783
2026-08-28 05:40:09.066 9 INFO neutron.wsgi [None req-548a860c-2f5a-42f2-a220-e2d714704a96 511b4e370867442780eeb182d49315a4 e5d84ec93a4c4c658096169b04f88d23 - - default default] 10.0.0.220 "GET /v2.0/security-groups?tenant_id=3dd6b25daa05458286edfb5ba9537c20&name=default HTTP/1.1" status: 200 len: 3000 time: 0.0431848
2026-08-28 05:40:09.264 10 INFO neutron.wsgi [None req-84faae1b-d226-47f1-a13b-d59231bb0230 511b4e370867442780eeb182d49315a4 e5d84ec93a4c4c658096169b04f88d23 - - default default] 10.0.0.220 "DELETE /v2.0/security-groups/f05a5ba3-e776-43c6-bba0-db91136946ef HTTP/1.1" status: 204 len: 168 time: 0.1934023
2026-08-28 05:40:09.619 9 INFO neutron.db.ovn_revision_numbers_db [None req-b80fefa0-7059-4000-a428-a46380add481 511b4e370867442780eeb182d49315a4 e5d84ec93a4c4c658096169b04f88d23 - - default default] Successfully bumped revision number for resource 5764aafc-4ebd-46f5-90fb-b04fd0cf73ec (type: security_groups) to 1
2026-08-28 05:40:09.639 9 INFO neutron.db.ovn_revision_numbers_db [None req-b80fefa0-7059-4000-a428-a46380add481 511b4e370867442780eeb182d49315a4 e5d84ec93a4c4c658096169b04f88d23 - - default default] Successfully bumped revision number for resource 0e65f449-cf59-48b7-8493-9ef6d3100253 (type: security_group_rules) to 0
2026-08-28 05:40:09.656 9 INFO neutron.db.ovn_revision_numbers_db [None req-b80fefa0-7059-4000-a428-a46380add481 511b4e370867442780eeb182d49315a4 e5d84ec93a4c4c658096169b04f88d23 - - default default] Successfully bumped revision number for resource 6c8ac07a-d38a-468a-96e5-4fbea8beb67a (type: security_group_rules) to 0
2026-08-28 05:40:09.679 9 INFO neutron.db.ovn_revision_numbers_db [None req-b80fefa0-7059-4000-a428-a46380add481 511b4e370867442780eeb182d49315a4 e5d84ec93a4c4c658096169b04f88d23 - - default default] Successfully bumped revision number for resource cb5f6cda-64f0-49f4-8882-eafe3c98c3d2 (type: security_group_rules) to 0
2026-08-28 05:40:09.694 9 INFO neutron.db.ovn_revision_numbers_db [None req-b80fefa0-7059-4000-a428-a46380add481 511b4e370867442780eeb182d49315a4 e5d84ec93a4c4c658096169b04f88d23 - - default default] Successfully bumped revision number for resource d5617517-3c7d-4aba-9c5b-46d53eeaa924 (type: security_group_rules) to 0
2026-08-28 05:40:09.718 9 INFO neutron.wsgi [None req-b80fefa0-7059-4000-a428-a46380add481 511b4e370867442780eeb182d49315a4 e5d84ec93a4c4c658096169b04f88d23 - - default default] 10.0.0.220 "GET /v2.0/security-groups?tenant_id=38d4eec71db44da18ba65f9829d11927&name=default HTTP/1.1" status: 200 len: 3000 time: 0.2241817
2026-08-28 05:40:09.941 10 INFO neutron.wsgi [None req-52994f64-6430-4cad-8cb1-5c3b81ec52eb 511b4e370867442780eeb182d49315a4 e5d84ec93a4c4c658096169b04f88d23 - - default default] 10.0.0.220 "DELETE /v2.0/security-groups/5764aafc-4ebd-46f5-90fb-b04fd0cf73ec HTTP/1.1" status: 204 len: 168 time: 0.2144387
2026-08-28 05:40:14.115 10 WARNING neutron.scheduler.dhcp_agent_scheduler [None req-ca42dd6f-6edf-491e-b77a-583aeb48c6ef 445463bc03d145038e71f69f96edce19 60981e438cc04760a04216ad26ec0396 - - default default] No more DHCP agents
2026-08-28 05:40:14.117 10 WARNING neutron.api.rpc.agentnotifiers.dhcp_rpc_agent_api [None req-ca42dd6f-6edf-491e-b77a-583aeb48c6ef 445463bc03d145038e71f69f96edce19 60981e438cc04760a04216ad26ec0396 - - default default] Unable to schedule network b18332a6-3dd8-43bf-849f-49ff62392820: no agents available; will retry on subsequent port and subnet creation events.
2026-08-28 05:40:14.464 10 INFO neutron.db.ovn_revision_numbers_db [None req-ca42dd6f-6edf-491e-b77a-583aeb48c6ef 445463bc03d145038e71f69f96edce19 60981e438cc04760a04216ad26ec0396 - - default default] Successfully bumped revision number for resource 50aac7f6-dae3-4015-92b0-c349d8071b6f (type: floatingips) to 0
2026-08-28 05:40:14.479 10 INFO neutron.wsgi [None req-ca42dd6f-6edf-491e-b77a-583aeb48c6ef 445463bc03d145038e71f69f96edce19 60981e438cc04760a04216ad26ec0396 - - default default] 10.0.0.220 "POST /v2.0/floatingips HTTP/1.1" status: 201 len: 751 time: 0.8805852
2026-08-28 05:40:14.521 10 INFO neutron.wsgi [None req-de666140-b969-48ad-aadc-069bf9476b0e 445463bc03d145038e71f69f96edce19 60981e438cc04760a04216ad26ec0396 - - default default] 10.0.0.220 "PUT /v2.0/floatingips/50aac7f6-dae3-4015-92b0-c349d8071b6f/tags HTTP/1.1" status: 200 len: 218 time: 0.0365064
2026-08-28 05:40:14.547 10 INFO neutron.wsgi [None req-58dd9bc6-deca-4a4e-bfda-270a42e1ea58 445463bc03d145038e71f69f96edce19 60981e438cc04760a04216ad26ec0396 - - default default] 10.0.0.220 "GET /v2.0/floatingips/50aac7f6-dae3-4015-92b0-c349d8071b6f/tags HTTP/1.1" status: 200 len: 218 time: 0.0200696
2026-08-28 05:40:14.583 10 INFO neutron.wsgi [None req-901cb3db-47ee-4fda-a888-68ecdced370f 445463bc03d145038e71f69f96edce19 60981e438cc04760a04216ad26ec0396 - - default default] 10.0.0.220 "PUT /v2.0/floatingips/50aac7f6-dae3-4015-92b0-c349d8071b6f/tags/green HTTP/1.1" status: 201 len: 201 time: 0.0322833
2026-08-28 05:40:14.608 10 INFO neutron.wsgi [None req-c905819a-dbfa-4d70-82ed-fcf058e5cddf 445463bc03d145038e71f69f96edce19 60981e438cc04760a04216ad26ec0396 - - default default] 10.0.0.220 "GET /v2.0/floatingips/50aac7f6-dae3-4015-92b0-c349d8071b6f/tags HTTP/1.1" status: 200 len: 227 time: 0.0210717
2026-08-28 05:40:14.633 10 INFO neutron.wsgi [None req-a1d4c7e9-5385-4589-b405-997fb3e28ab4 445463bc03d145038e71f69f96edce19 60981e438cc04760a04216ad26ec0396 - - default default] 10.0.0.220 "PUT /v2.0/floatingips/50aac7f6-dae3-4015-92b0-c349d8071b6f/tags/red HTTP/1.1" status: 201 len: 201 time: 0.0199940
2026-08-28 05:40:14.658 10 INFO neutron.wsgi [None req-fb0bb7db-1810-41da-826c-f81b325edc81 445463bc03d145038e71f69f96edce19 60981e438cc04760a04216ad26ec0396 - - default default] 10.0.0.220 "GET /v2.0/floatingips/50aac7f6-dae3-4015-92b0-c349d8071b6f/tags HTTP/1.1" status: 200 len: 227 time: 0.0209877
2026-08-28 05:40:14.705 10 INFO neutron.wsgi [None req-6507bebe-7ee9-4be2-92a4-dc93272b386b 445463bc03d145038e71f69f96edce19 60981e438cc04760a04216ad26ec0396 - - default default] 10.0.0.220 "PUT /v2.0/floatingips/50aac7f6-dae3-4015-92b0-c349d8071b6f/tags/black.or.white HTTP/1.1" status: 201 len: 201 time: 0.0417211
2026-08-28 05:40:14.731 10 INFO neutron.wsgi [None req-d31d6955-123b-456d-8d45-004c1e2d417b 445463bc03d145038e71f69f96edce19 60981e438cc04760a04216ad26ec0396 - - default default] 10.0.0.220 "GET /v2.0/floatingips/50aac7f6-dae3-4015-92b0-c349d8071b6f/tags HTTP/1.1" status: 200 len: 245 time: 0.0218804
2026-08-28 05:40:14.769 10 INFO neutron.wsgi [None req-98ee7389-6ac9-4847-a207-74aa3d9ae65c 445463bc03d145038e71f69f96edce19 60981e438cc04760a04216ad26ec0396 - - default default] 10.0.0.220 "PUT /v2.0/floatingips/50aac7f6-dae3-4015-92b0-c349d8071b6f/tags HTTP/1.1" status: 200 len: 230 time: 0.0334496
2026-08-28 05:40:14.798 10 INFO neutron.wsgi [None req-b15ce852-47ed-4f2e-980f-361296cad4b5 445463bc03d145038e71f69f96edce19 60981e438cc04760a04216ad26ec0396 - - default default] 10.0.0.220 "GET /v2.0/floatingips/50aac7f6-dae3-4015-92b0-c349d8071b6f/tags HTTP/1.1" status: 200 len: 230 time: 0.0232787
2026-08-28 05:40:14.823 10 INFO neutron.wsgi [None req-7c29da0c-9caa-4363-aec9-2cbb22f5ef74 445463bc03d145038e71f69f96edce19 60981e438cc04760a04216ad26ec0396 - - default default] 10.0.0.220 "GET /v2.0/floatingips/50aac7f6-dae3-4015-92b0-c349d8071b6f/tags/red HTTP/1.1" status: 204 len: 168 time: 0.0210626
2026-08-28 05:40:14.848 10 INFO neutron.api.v2.resource [None req-1ddf0ff5-3f70-47be-b575-a6483aa867ad 445463bc03d145038e71f69f96edce19 60981e438cc04760a04216ad26ec0396 - - default default] show failed (client error): The resource could not be found.
2026-08-28 05:40:14.849 10 INFO neutron.wsgi [None req-1ddf0ff5-3f70-47be-b575-a6483aa867ad 445463bc03d145038e71f69f96edce19 60981e438cc04760a04216ad26ec0396 - - default default] 10.0.0.220 "GET /v2.0/floatingips/50aac7f6-dae3-4015-92b0-c349d8071b6f/tags/green HTTP/1.1" status: 404 len: 299 time: 0.0222814
2026-08-28 05:40:14.884 10 INFO neutron.wsgi [None req-fa196259-eea0-4408-bc3f-d2c47ed56221 445463bc03d145038e71f69f96edce19 60981e438cc04760a04216ad26ec0396 - - default default] 10.0.0.220 "DELETE /v2.0/floatingips/50aac7f6-dae3-4015-92b0-c349d8071b6f/tags/red HTTP/1.1" status: 204 len: 168 time: 0.0311747
2026-08-28 05:40:14.908 10 INFO neutron.wsgi [None req-f99d0050-6d1d-4615-80ca-cff3c2715f7e 445463bc03d145038e71f69f96edce19 60981e438cc04760a04216ad26ec0396 - - default default] 10.0.0.220 "GET /v2.0/floatingips/50aac7f6-dae3-4015-92b0-c349d8071b6f/tags HTTP/1.1" status: 200 len: 223 time: 0.0203583
2026-08-28 05:40:14.941 10 INFO neutron.api.v2.resource [None req-997b66e8-d775-4ba9-9be9-85617dab1fd9 445463bc03d145038e71f69f96edce19 60981e438cc04760a04216ad26ec0396 - - default default] delete failed (client error): The resource could not be found.
2026-08-28 05:40:14.942 10 INFO neutron.wsgi [None req-997b66e8-d775-4ba9-9be9-85617dab1fd9 445463bc03d145038e71f69f96edce19 60981e438cc04760a04216ad26ec0396 - - default default] 10.0.0.220 "DELETE /v2.0/floatingips/50aac7f6-dae3-4015-92b0-c349d8071b6f/tags/green HTTP/1.1" status: 404 len: 299 time: 0.0299251
2026-08-28 05:40:14.977 10 INFO neutron.wsgi [None req-ecbec368-bb39-48d8-9b6c-6a056f13af2b 445463bc03d145038e71f69f96edce19 60981e438cc04760a04216ad26ec0396 - - default default] 10.0.0.220 "DELETE /v2.0/floatingips/50aac7f6-dae3-4015-92b0-c349d8071b6f/tags HTTP/1.1" status: 204 len: 168 time: 0.0309730
2026-08-28 05:40:15.001 10 INFO neutron.wsgi [None req-fedf37a5-c171-4819-b5af-508ab6612806 445463bc03d145038e71f69f96edce19 60981e438cc04760a04216ad26ec0396 - - default default] 10.0.0.220 "GET /v2.0/floatingips/50aac7f6-dae3-4015-92b0-c349d8071b6f/tags HTTP/1.1" status: 200 len: 205 time: 0.0198066
2026-08-28 05:40:15.282 10 INFO neutron.wsgi [None req-fd9b10cb-e509-4f5e-bec4-39ac369e52a3 445463bc03d145038e71f69f96edce19 60981e438cc04760a04216ad26ec0396 - - default default] 10.0.0.220 "DELETE /v2.0/floatingips/50aac7f6-dae3-4015-92b0-c349d8071b6f HTTP/1.1" status: 204 len: 168 time: 0.2764719
2026-08-28 05:40:16.447 10 INFO neutron.db.ovn_revision_numbers_db [None req-72aeec83-4100-46eb-8548-5525c2a88593 511b4e370867442780eeb182d49315a4 e5d84ec93a4c4c658096169b04f88d23 - - default default] Successfully bumped revision number for resource 65e695b6-9bbe-4876-bec8-dc991c0483f2 (type: security_groups) to 1
2026-08-28 05:40:16.464 10 INFO neutron.db.ovn_revision_numbers_db [None req-72aeec83-4100-46eb-8548-5525c2a88593 511b4e370867442780eeb182d49315a4 e5d84ec93a4c4c658096169b04f88d23 - - default default] Successfully bumped revision number for resource 4072374b-5871-47d3-b964-364dc90384ed (type: security_group_rules) to 0
2026-08-28 05:40:16.484 10 INFO neutron.db.ovn_revision_numbers_db [None req-72aeec83-4100-46eb-8548-5525c2a88593 511b4e370867442780eeb182d49315a4 e5d84ec93a4c4c658096169b04f88d23 - - default default] Successfully bumped revision number for resource 5319b700-ece0-4515-814d-d79b419c05cd (type: security_group_rules) to 0
2026-08-28 05:40:16.503 10 INFO neutron.db.ovn_revision_numbers_db [None req-72aeec83-4100-46eb-8548-5525c2a88593 511b4e370867442780eeb182d49315a4 e5d84ec93a4c4c658096169b04f88d23 - - default default] Successfully bumped revision number for resource 99cbb33c-aa65-4d94-bf1f-c990177486c7 (type: security_group_rules) to 0
2026-08-28 05:40:16.520 10 INFO neutron.db.ovn_revision_numbers_db [None req-72aeec83-4100-46eb-8548-5525c2a88593 511b4e370867442780eeb182d49315a4 e5d84ec93a4c4c658096169b04f88d23 - - default default] Successfully bumped revision number for resource aceb89f7-68e1-43d2-aef7-cad3550fdfe9 (type: security_group_rules) to 0
2026-08-28 05:40:16.546 10 INFO neutron.wsgi [None req-72aeec83-4100-46eb-8548-5525c2a88593 511b4e370867442780eeb182d49315a4 e5d84ec93a4c4c658096169b04f88d23 - - default default] 10.0.0.220 "GET /v2.0/security-groups?tenant_id=60981e438cc04760a04216ad26ec0396&name=default HTTP/1.1" status: 200 len: 3000 time: 0.3844151
2026-08-28 05:40:16.838 10 INFO neutron.wsgi [None req-364f66d5-adab-4c78-93a2-e20926a4c960 511b4e370867442780eeb182d49315a4 e5d84ec93a4c4c658096169b04f88d23 - - default default] 10.0.0.220 "DELETE /v2.0/security-groups/65e695b6-9bbe-4876-bec8-dc991c0483f2 HTTP/1.1" status: 204 len: 168 time: 0.2865746
2026-08-28 05:40:17.066 9 INFO neutron.db.ovn_revision_numbers_db [None req-37094148-cddc-498a-8426-3527149da08f 511b4e370867442780eeb182d49315a4 e5d84ec93a4c4c658096169b04f88d23 - - default default] Successfully bumped revision number for resource 7d9cdab0-8c47-4e0a-83c0-f0df2d4429c0 (type: security_groups) to 1
2026-08-28 05:40:17.081 9 INFO neutron.db.ovn_revision_numbers_db [None req-37094148-cddc-498a-8426-3527149da08f 511b4e370867442780eeb182d49315a4 e5d84ec93a4c4c658096169b04f88d23 - - default default] Successfully bumped revision number for resource 12fd894b-e78e-47f8-84eb-094777caf95f (type: security_group_rules) to 0
2026-08-28 05:40:17.094 9 INFO neutron.db.ovn_revision_numbers_db [None req-37094148-cddc-498a-8426-3527149da08f 511b4e370867442780eeb182d49315a4 e5d84ec93a4c4c658096169b04f88d23 - - default default] Successfully bumped revision number for resource 1afbd645-a0cd-4e4b-9fee-16108346c168 (type: security_group_rules) to 0
2026-08-28 05:40:17.113 9 INFO neutron.db.ovn_revision_numbers_db [None req-37094148-cddc-498a-8426-3527149da08f 511b4e370867442780eeb182d49315a4 e5d84ec93a4c4c658096169b04f88d23 - - default default] Successfully bumped revision number for resource 991194e3-86d1-44f3-a007-a7f2bb304186 (type: security_group_rules) to 0
2026-08-28 05:40:17.128 9 INFO neutron.db.ovn_revision_numbers_db [None req-37094148-cddc-498a-8426-3527149da08f 511b4e370867442780eeb182d49315a4 e5d84ec93a4c4c658096169b04f88d23 - - default default] Successfully bumped revision number for resource a7a0378f-a367-4ff2-b3fb-31bf32c76abb (type: security_group_rules) to 0
2026-08-28 05:40:17.152 9 INFO neutron.wsgi [None req-37094148-cddc-498a-8426-3527149da08f 511b4e370867442780eeb182d49315a4 e5d84ec93a4c4c658096169b04f88d23 - - default default] 10.0.0.220 "GET /v2.0/security-groups?tenant_id=b8750c6bef134268b2cb880576666079&name=default HTTP/1.1" status: 200 len: 3000 time: 0.2069681
2026-08-28 05:40:17.374 9 INFO neutron.wsgi [None req-6e258421-41c2-4c21-afa1-29e7e041e029 511b4e370867442780eeb182d49315a4 e5d84ec93a4c4c658096169b04f88d23 - - default default] 10.0.0.220 "DELETE /v2.0/security-groups/7d9cdab0-8c47-4e0a-83c0-f0df2d4429c0 HTTP/1.1" status: 204 len: 168 time: 0.2179289
2026-08-28 05:40:21.105 9 INFO neutron.db.ovn_revision_numbers_db [None req-db15995a-4711-48bd-a07e-7d8d9dafae4f aaefbb80e9c84b27a87f2acdef07688a 1fd3739344c14e859d760bd95144f0d3 - - default default] Successfully bumped revision number for resource aa210db0-c02c-4ba1-a548-c61a4731f558 (type: security_groups) to 1
2026-08-28 05:40:21.118 9 INFO neutron.db.ovn_revision_numbers_db [None req-db15995a-4711-48bd-a07e-7d8d9dafae4f aaefbb80e9c84b27a87f2acdef07688a 1fd3739344c14e859d760bd95144f0d3 - - default default] Successfully bumped revision number for resource 07b416d0-af47-4bec-acad-79cd90f4a41d (type: security_group_rules) to 0
2026-08-28 05:40:21.131 9 INFO neutron.db.ovn_revision_numbers_db [None req-db15995a-4711-48bd-a07e-7d8d9dafae4f aaefbb80e9c84b27a87f2acdef07688a 1fd3739344c14e859d760bd95144f0d3 - - default default] Successfully bumped revision number for resource c03972bf-9ac9-4128-84b0-dd763d5aa70b (type: security_group_rules) to 0
2026-08-28 05:40:21.144 9 INFO neutron.db.ovn_revision_numbers_db [None req-db15995a-4711-48bd-a07e-7d8d9dafae4f aaefbb80e9c84b27a87f2acdef07688a 1fd3739344c14e859d760bd95144f0d3 - - default default] Successfully bumped revision number for resource cd88c3b8-a249-4c4e-ba79-5af22b1f3739 (type: security_group_rules) to 0
2026-08-28 05:40:21.157 9 INFO neutron.db.ovn_revision_numbers_db [None req-db15995a-4711-48bd-a07e-7d8d9dafae4f aaefbb80e9c84b27a87f2acdef07688a 1fd3739344c14e859d760bd95144f0d3 - - default default] Successfully bumped revision number for resource e1c1c014-2e48-4830-a9d3-7aee4a0374c3 (type: security_group_rules) to 0
2026-08-28 05:40:21.217 9 INFO neutron.db.segments_db [None req-db15995a-4711-48bd-a07e-7d8d9dafae4f aaefbb80e9c84b27a87f2acdef07688a 1fd3739344c14e859d760bd95144f0d3 - - default default] Added segment b1c03c85-b2da-4990-a6fc-8c5503fbe281 of type geneve for network 51a01576-82ca-4180-95dc-e64e157c18e2
2026-08-28 05:40:21.350 9 INFO neutron.db.ovn_revision_numbers_db [None req-db15995a-4711-48bd-a07e-7d8d9dafae4f aaefbb80e9c84b27a87f2acdef07688a 1fd3739344c14e859d760bd95144f0d3 - - default default] Successfully bumped revision number for resource 51a01576-82ca-4180-95dc-e64e157c18e2 (type: networks) to 1
2026-08-28 05:40:21.446 10 INFO neutron.wsgi [None req-6ad5a6e7-d1ed-41e6-b1d4-2323eb454a25 511b4e370867442780eeb182d49315a4 e5d84ec93a4c4c658096169b04f88d23 - - default default] 10.0.0.183 "GET /v2.0/routers HTTP/1.1" status: 200 len: 189 time: 0.1257029
2026-08-28 05:40:21.465 10 INFO neutron.wsgi [None req-a2803073-9e27-450c-952e-a7d3efb6feca 511b4e370867442780eeb182d49315a4 e5d84ec93a4c4c658096169b04f88d23 - - default default] 10.0.0.183 "GET /v2.0/agents?binary=ovn-controller HTTP/1.1" status: 200 len: 591 time: 0.0167403
2026-08-28 05:40:21.480 10 INFO neutron.wsgi [None req-0b38c0b4-53af-4956-80cd-27be4650700d 511b4e370867442780eeb182d49315a4 e5d84ec93a4c4c658096169b04f88d23 - - default default] 10.0.0.183 "GET /v2.0/agents HTTP/1.1" status: 200 len: 997 time: 0.0125213
2026-08-28 05:40:21.535 10 INFO neutron.wsgi [None req-8df7ff77-ced2-4d7e-87a7-b947efeac1d3 511b4e370867442780eeb182d49315a4 e5d84ec93a4c4c658096169b04f88d23 - - default default] 10.0.0.183 "GET /v2.0/security-groups HTTP/1.1" status: 200 len: 19583 time: 0.0542688
2026-08-28 05:40:21.583 9 WARNING neutron.scheduler.dhcp_agent_scheduler [None req-db15995a-4711-48bd-a07e-7d8d9dafae4f aaefbb80e9c84b27a87f2acdef07688a 1fd3739344c14e859d760bd95144f0d3 - - default default] No more DHCP agents
2026-08-28 05:40:21.588 9 WARNING neutron.api.rpc.agentnotifiers.dhcp_rpc_agent_api [None req-db15995a-4711-48bd-a07e-7d8d9dafae4f aaefbb80e9c84b27a87f2acdef07688a 1fd3739344c14e859d760bd95144f0d3 - - default default] Unable to schedule network 51a01576-82ca-4180-95dc-e64e157c18e2: no agents available; will retry on subsequent port and subnet creation events.
2026-08-28 05:40:21.593 10 INFO neutron.wsgi [None req-dd99fce1-a6d3-4282-afc5-0c27839bd3e4 511b4e370867442780eeb182d49315a4 e5d84ec93a4c4c658096169b04f88d23 - - default default] 10.0.0.183 "GET /v2.0/ports HTTP/1.1" status: 200 len: 6221 time: 0.0486565
2026-08-28 05:40:21.644 10 INFO neutron.wsgi [None req-ec0ce04f-a070-4325-8d3a-07ac8b3da663 511b4e370867442780eeb182d49315a4 e5d84ec93a4c4c658096169b04f88d23 - - default default] 10.0.0.183 "GET /v2.0/subnets HTTP/1.1" status: 200 len: 1437 time: 0.0448372
2026-08-28 05:40:21.698 9 INFO neutron.db.ovn_revision_numbers_db [None req-db15995a-4711-48bd-a07e-7d8d9dafae4f aaefbb80e9c84b27a87f2acdef07688a 1fd3739344c14e859d760bd95144f0d3 - - default default] Successfully bumped revision number for resource 90cc4ab1-0c17-4d25-b2d5-63c5dcd6465f (type: ports) to 1
2026-08-28 05:40:21.721 9 INFO neutron.wsgi [None req-db15995a-4711-48bd-a07e-7d8d9dafae4f aaefbb80e9c84b27a87f2acdef07688a 1fd3739344c14e859d760bd95144f0d3 - - default default] 10.0.0.220 "POST /v2.0/networks HTTP/1.1" status: 201 len: 831 time: 0.9261792
2026-08-28 05:40:21.745 10 INFO neutron.wsgi [None req-4d626d94-fd16-40c6-b2fe-98ade9ab501b 511b4e370867442780eeb182d49315a4 e5d84ec93a4c4c658096169b04f88d23 - - default default] 10.0.0.183 "GET /v2.0/networks HTTP/1.1" status: 200 len: 3056 time: 0.0954864
2026-08-28 05:40:21.785 10 INFO neutron.wsgi [None req-ba44ccd3-5bad-438a-990b-80ae2953b18d 511b4e370867442780eeb182d49315a4 e5d84ec93a4c4c658096169b04f88d23 - - default default] 10.0.0.183 "GET /v2.0/subnets HTTP/1.1" status: 200 len: 1437 time: 0.0357816
2026-08-28 05:40:21.786 9 INFO neutron.wsgi [None req-7e3a515b-8807-475c-bef1-064c774dfd51 aaefbb80e9c84b27a87f2acdef07688a 1fd3739344c14e859d760bd95144f0d3 - - default default] 10.0.0.220 "PUT /v2.0/networks/51a01576-82ca-4180-95dc-e64e157c18e2/tags HTTP/1.1" status: 200 len: 218 time: 0.0530930
2026-08-28 05:40:21.794 10 INFO neutron.wsgi [None req-57732e8a-7fd1-47aa-9884-1ae782c32eb3 511b4e370867442780eeb182d49315a4 e5d84ec93a4c4c658096169b04f88d23 - - default default] 10.0.0.183 "GET /v2.0/subnetpools HTTP/1.1" status: 200 len: 193 time: 0.0075767
2026-08-28 05:40:21.815 10 INFO neutron.wsgi [None req-62704442-32c1-423c-add8-a1b1abae0589 511b4e370867442780eeb182d49315a4 e5d84ec93a4c4c658096169b04f88d23 - - default default] 10.0.0.183 "GET /v2.0/floatingips HTTP/1.1" status: 200 len: 193 time: 0.0200548
2026-08-28 05:40:21.827 9 INFO neutron.wsgi [None req-cf9cf0eb-4229-45a3-a961-d119e966fe58 aaefbb80e9c84b27a87f2acdef07688a 1fd3739344c14e859d760bd95144f0d3 - - default default] 10.0.0.220 "GET /v2.0/networks/51a01576-82ca-4180-95dc-e64e157c18e2/tags HTTP/1.1" status: 200 len: 218 time: 0.0365248
2026-08-28 05:40:21.832 10 INFO neutron.wsgi [None req-2816f8b8-42d7-4f9e-b78c-1bf62dfc04e5 511b4e370867442780eeb182d49315a4 e5d84ec93a4c4c658096169b04f88d23 - - default default] 10.0.0.183 "GET /v2.0/network-ip-availabilities HTTP/1.1" status: 200 len: 1548 time: 0.0158651
2026-08-28 05:40:21.872 9 INFO neutron.wsgi [None req-d80f73bf-1417-4f14-b964-2e94a274b6a1 aaefbb80e9c84b27a87f2acdef07688a 1fd3739344c14e859d760bd95144f0d3 - - default default] 10.0.0.220 "PUT /v2.0/networks/51a01576-82ca-4180-95dc-e64e157c18e2/tags/green HTTP/1.1" status: 201 len: 201 time: 0.0401535
2026-08-28 05:40:21.909 9 INFO neutron.wsgi [None req-01e4fca6-df0e-485d-8731-1c30bec16c97 aaefbb80e9c84b27a87f2acdef07688a 1fd3739344c14e859d760bd95144f0d3 - - default default] 10.0.0.220 "GET /v2.0/networks/51a01576-82ca-4180-95dc-e64e157c18e2/tags HTTP/1.1" status: 200 len: 227 time: 0.0318418
2026-08-28 05:40:21.956 9 INFO neutron.wsgi [None req-f1efd923-f31c-4175-8cb8-3fb890396227 aaefbb80e9c84b27a87f2acdef07688a 1fd3739344c14e859d760bd95144f0d3 - - default default] 10.0.0.220 "PUT /v2.0/networks/51a01576-82ca-4180-95dc-e64e157c18e2/tags/red HTTP/1.1" status: 201 len: 201 time: 0.0424943
2026-08-28 05:40:22.023 10 INFO neutron.wsgi [None req-721d6de4-ccec-4962-a628-0550bd41d2cc aaefbb80e9c84b27a87f2acdef07688a 1fd3739344c14e859d760bd95144f0d3 - - default default] 10.0.0.220 "GET /v2.0/networks/51a01576-82ca-4180-95dc-e64e157c18e2/tags HTTP/1.1" status: 200 len: 227 time: 0.0495048
2026-08-28 05:40:22.077 10 INFO neutron.wsgi [None req-8a3c2bb1-6604-42cb-b908-dc1984fbb415 aaefbb80e9c84b27a87f2acdef07688a 1fd3739344c14e859d760bd95144f0d3 - - default default] 10.0.0.220 "PUT /v2.0/networks/51a01576-82ca-4180-95dc-e64e157c18e2/tags/black.or.white HTTP/1.1" status: 201 len: 201 time: 0.0495031
2026-08-28 05:40:22.116 10 INFO neutron.wsgi [None req-dbed2404-5716-4bb2-a95e-c82820357688 aaefbb80e9c84b27a87f2acdef07688a 1fd3739344c14e859d760bd95144f0d3 - - default default] 10.0.0.220 "GET /v2.0/networks/51a01576-82ca-4180-95dc-e64e157c18e2/tags HTTP/1.1" status: 200 len: 245 time: 0.0348580
2026-08-28 05:40:22.163 10 INFO neutron.wsgi [None req-9e40d0dd-9b2e-49fb-8cf9-bbc7089c31fd aaefbb80e9c84b27a87f2acdef07688a 1fd3739344c14e859d760bd95144f0d3 - - default default] 10.0.0.220 "PUT /v2.0/networks/51a01576-82ca-4180-95dc-e64e157c18e2/tags HTTP/1.1" status: 200 len: 230 time: 0.0427396
2026-08-28 05:40:22.195 10 INFO neutron.wsgi [None req-7f0aef17-a46f-4666-82ea-75f21e7f3c1d aaefbb80e9c84b27a87f2acdef07688a 1fd3739344c14e859d760bd95144f0d3 - - default default] 10.0.0.220 "GET /v2.0/networks/51a01576-82ca-4180-95dc-e64e157c18e2/tags HTTP/1.1" status: 200 len: 230 time: 0.0280044
2026-08-28 05:40:22.230 10 INFO neutron.wsgi [None req-787aefc1-f4d0-43a7-a9ec-23c6b5d98a1f aaefbb80e9c84b27a87f2acdef07688a 1fd3739344c14e859d760bd95144f0d3 - - default default] 10.0.0.220 "GET /v2.0/networks/51a01576-82ca-4180-95dc-e64e157c18e2/tags/red HTTP/1.1" status: 204 len: 168 time: 0.0310333
2026-08-28 05:40:22.266 10 INFO neutron.api.v2.resource [None req-2212ad7e-2027-494a-b188-5afc075e28ed aaefbb80e9c84b27a87f2acdef07688a 1fd3739344c14e859d760bd95144f0d3 - - default default] show failed (client error): The resource could not be found.
2026-08-28 05:40:22.267 10 INFO neutron.wsgi [None req-2212ad7e-2027-494a-b188-5afc075e28ed aaefbb80e9c84b27a87f2acdef07688a 1fd3739344c14e859d760bd95144f0d3 - - default default] 10.0.0.220 "GET /v2.0/networks/51a01576-82ca-4180-95dc-e64e157c18e2/tags/green HTTP/1.1" status: 404 len: 299 time: 0.0317051
2026-08-28 05:40:22.313 9 INFO neutron.wsgi [None req-2e8a4496-f12a-41df-93e4-22542d7e5407 aaefbb80e9c84b27a87f2acdef07688a 1fd3739344c14e859d760bd95144f0d3 - - default default] 10.0.0.220 "DELETE /v2.0/networks/51a01576-82ca-4180-95dc-e64e157c18e2/tags/red HTTP/1.1" status: 204 len: 168 time: 0.0413489
2026-08-28 05:40:22.345 9 INFO neutron.wsgi [None req-16a96658-fb97-4a36-8785-b6c7eaf89bc0 aaefbb80e9c84b27a87f2acdef07688a 1fd3739344c14e859d760bd95144f0d3 - - default default] 10.0.0.220 "GET /v2.0/networks/51a01576-82ca-4180-95dc-e64e157c18e2/tags HTTP/1.1" status: 200 len: 223 time: 0.0271962
2026-08-28 05:40:22.379 9 INFO neutron.api.v2.resource [None req-02451785-47c3-4b78-95b3-98f5099903fd aaefbb80e9c84b27a87f2acdef07688a 1fd3739344c14e859d760bd95144f0d3 - - default default] delete failed (client error): The resource could not be found.
2026-08-28 05:40:22.380 9 INFO neutron.wsgi [None req-02451785-47c3-4b78-95b3-98f5099903fd aaefbb80e9c84b27a87f2acdef07688a 1fd3739344c14e859d760bd95144f0d3 - - default default] 10.0.0.220 "DELETE /v2.0/networks/51a01576-82ca-4180-95dc-e64e157c18e2/tags/green HTTP/1.1" status: 404 len: 299 time: 0.0307450
2026-08-28 05:40:22.424 9 INFO neutron.wsgi [None req-e4b9c530-ab71-4c90-bb84-fb7cb0394db5 aaefbb80e9c84b27a87f2acdef07688a 1fd3739344c14e859d760bd95144f0d3 - - default default] 10.0.0.220 "DELETE /v2.0/networks/51a01576-82ca-4180-95dc-e64e157c18e2/tags HTTP/1.1" status: 204 len: 168 time: 0.0405855
2026-08-28 05:40:22.471 9 INFO neutron.wsgi [None req-a137b442-d1e8-4026-92ec-1a3dbdec8714 aaefbb80e9c84b27a87f2acdef07688a 1fd3739344c14e859d760bd95144f0d3 - - default default] 10.0.0.220 "GET /v2.0/networks/51a01576-82ca-4180-95dc-e64e157c18e2/tags HTTP/1.1" status: 200 len: 205 time: 0.0430100
2026-08-28 05:40:22.843 9 INFO neutron.services.segments.plugin [-] Segment b1c03c85-b2da-4990-a6fc-8c5503fbe281 resource provider aggregate not found
2026-08-28 05:40:22.848 9 INFO neutron.services.segments.plugin [-] Segment b1c03c85-b2da-4990-a6fc-8c5503fbe281 resource provider aggregate not found
2026-08-28 05:40:22.866 9 INFO neutron.services.segments.plugin [-] Segment b1c03c85-b2da-4990-a6fc-8c5503fbe281 resource provider not found; error: Placement Client Error (4xx): {"errors": [{"status": 404, "title": "Not Found", "detail": "The resource could not be found.\n\n No resource provider with uuid b1c03c85-b2da-4990-a6fc-8c5503fbe281 found for delete ", "request_id": "req-6ae8b5ab-93bb-4db4-8a21-6d24eda8bc8e"}]}
