2026-08-28 05:25:36.075 10 INFO neutron.wsgi [req-e20496d2-a2a3-41c2-b3ff-5a3d147b4b4f req-8a1d2df6-3705-4a58-8ce4-5fbe6f91cd67 24fb877770e64985be61a083961145be c0ba8887e78841e0835db2337bee866a - - default default] 10.0.0.213 "GET /v2.0/quotas/c0ba8887e78841e0835db2337bee866a HTTP/1.1" status: 200 len: 386 time: 0.0125246
2026-08-28 05:25:36.093 9 INFO neutron.db.ovn_revision_numbers_db [None req-dced57ab-3496-44c8-82fe-0644485cd36e 511b4e370867442780eeb182d49315a4 e5d84ec93a4c4c658096169b04f88d23 - - default default] Successfully bumped revision number for resource 732540ae-1eb5-496b-af38-eb0ef305cd8d (type: router_ports) to 1
2026-08-28 05:25:36.096 9 INFO neutron.wsgi [None req-dced57ab-3496-44c8-82fe-0644485cd36e 511b4e370867442780eeb182d49315a4 e5d84ec93a4c4c658096169b04f88d23 - - default default] 10.0.0.220 "PUT /v2.0/routers/3069bb46-17c6-494e-b2e3-df0556d9c959/add_router_interface HTTP/1.1" status: 200 len: 503 time: 2.3638408
2026-08-28 05:25:36.133 9 INFO neutron.wsgi [req-ad3799e1-1f02-44f1-94cc-785935798a4f req-a2c89d78-cbed-4e53-a00a-d36bbd695153 a5f2015644864d56ba096712da6946bf 78c3f0fb7db7426aaa93cbb3882e62db - - default default] 10.0.0.213 "DELETE /v2.0/security-groups/d8d449ce-9ce4-4a56-9c06-463aee8bf248 HTTP/1.1" status: 204 len: 173 time: 0.1611495
2026-08-28 05:25:36.161 9 INFO neutron.api.v2.resource [req-ea13cf0c-82f5-4d6b-b8d4-6a108d9a1dc6 req-346bd1ce-1068-4e08-9616-ea2aae6ce4f1 60f8f37533244b1385171b67d26f0509 c65c734fb123489c806f90562e87d56f - - default default] show failed (client error): The resource could not be found.
2026-08-28 05:25:36.163 9 INFO neutron.wsgi [req-ea13cf0c-82f5-4d6b-b8d4-6a108d9a1dc6 req-346bd1ce-1068-4e08-9616-ea2aae6ce4f1 60f8f37533244b1385171b67d26f0509 c65c734fb123489c806f90562e87d56f - - default default] 10.0.0.213 "GET /v2.0/security-groups/2b683a1b-4040-4642-9bc4-00e43178fbcb HTTP/1.1" status: 404 len: 352 time: 0.0144303
2026-08-28 05:25:36.196 9 INFO neutron.api.v2.resource [req-541d318d-170c-4bcb-980d-7520493034a9 req-73e76aff-4964-437d-a453-ec856ade8232 60f8f37533244b1385171b67d26f0509 c65c734fb123489c806f90562e87d56f - - default default] show failed (client error): The resource could not be found.
2026-08-28 05:25:36.196 10 INFO neutron.wsgi [req-e20496d2-a2a3-41c2-b3ff-5a3d147b4b4f req-31d3cfc5-e43f-4a5a-88d2-aa108d77a10e 24fb877770e64985be61a083961145be c0ba8887e78841e0835db2337bee866a - - default default] 10.0.0.213 "GET /v2.0/ports?tenant_id=c0ba8887e78841e0835db2337bee866a&fields=id HTTP/1.1" status: 200 len: 302 time: 0.1145368
2026-08-28 05:25:36.198 9 INFO neutron.wsgi [req-541d318d-170c-4bcb-980d-7520493034a9 req-73e76aff-4964-437d-a453-ec856ade8232 60f8f37533244b1385171b67d26f0509 c65c734fb123489c806f90562e87d56f - - default default] 10.0.0.213 "GET /v2.0/security-groups/334d6d83-380d-489f-a8ef-c75bfc588c0e HTTP/1.1" status: 404 len: 352 time: 0.0168381
2026-08-28 05:25:36.528 9 WARNING neutron.plugins.ml2.drivers.ovn.mech_driver.ovsdb.ovn_client [None req-4e676577-71a5-40a5-8711-631704a4b1f0 - - - - - -] No hosting information found for port 599619b0-de1a-4624-af9d-67d69a1b975c: RuntimeError: No hosting information found for port 599619b0-de1a-4624-af9d-67d69a1b975c
2026-08-28 05:25:36.528 9 INFO neutron.plugins.ml2.drivers.ovn.mech_driver.mech_driver [None req-4e676577-71a5-40a5-8711-631704a4b1f0 - - - - - -] OVN reports status up for port: 08eb78a1-619b-4c88-8e44-c8fe54433d61
2026-08-28 05:25:36.541 9 INFO neutron.plugins.ml2.plugin [None req-4e676577-71a5-40a5-8711-631704a4b1f0 - - - - - -] Attempt 1 to provision port 08eb78a1-619b-4c88-8e44-c8fe54433d61
2026-08-28 05:25:36.622 10 INFO neutron.wsgi [req-e20496d2-a2a3-41c2-b3ff-5a3d147b4b4f req-397a5d2f-febe-4ea4-a824-5b25f3b6f865 b9841e8f6874420a8ae0a69bd992783b 8a524d51fcc54ccab2715a9b8ec55a31 - - 913595b709a846ea99adf01bfce65836 913595b709a846ea99adf01bfce65836] 10.0.0.213 "GET /v2.0/extensions HTTP/1.1" status: 200 len: 16525 time: 0.0720878
2026-08-28 05:25:36.804 10 INFO neutron.wsgi [req-e20496d2-a2a3-41c2-b3ff-5a3d147b4b4f req-845e09d8-6ea6-41ed-b4f4-592443deda68 b9841e8f6874420a8ae0a69bd992783b 8a524d51fcc54ccab2715a9b8ec55a31 - - 913595b709a846ea99adf01bfce65836 913595b709a846ea99adf01bfce65836] 10.0.0.213 "GET /v2.0/networks/a1cd07ed-a6fc-4816-9916-33213655683e?fields=segments HTTP/1.1" status: 200 len: 212 time: 0.1745918
2026-08-28 05:25:36.868 9 INFO neutron.db.ovn_revision_numbers_db [None req-4e676577-71a5-40a5-8711-631704a4b1f0 - - - - - -] Successfully bumped revision number for resource 08eb78a1-619b-4c88-8e44-c8fe54433d61 (type: ports) to 2
2026-08-28 05:25:36.929 10 INFO neutron.wsgi [req-e20496d2-a2a3-41c2-b3ff-5a3d147b4b4f req-3a4ad0d1-052b-480b-8777-1573cd1d103a b9841e8f6874420a8ae0a69bd992783b 8a524d51fcc54ccab2715a9b8ec55a31 - - 913595b709a846ea99adf01bfce65836 913595b709a846ea99adf01bfce65836] 10.0.0.213 "GET /v2.0/networks/a1cd07ed-a6fc-4816-9916-33213655683e?fields=provider%3Aphysical_network&fields=provider%3Anetwork_type HTTP/1.1" status: 200 len: 277 time: 0.1156354
2026-08-28 05:25:36.943 10 INFO neutron.db.ovn_revision_numbers_db [None req-cc2bd802-1aa8-4087-80ae-5adf1d84a7d6 fcbf92f5d1024f0fbddd02870f74d6a1 5301d30c2fb0479ca079bceb4d81b161 - - default default] Successfully bumped revision number for resource ba857cae-9161-4cea-9b5b-f179354cf0c7 (type: security_groups) to 1
2026-08-28 05:25:36.963 9 INFO neutron.db.ovn_revision_numbers_db [None req-4e676577-71a5-40a5-8711-631704a4b1f0 - - - - - -] Successfully bumped revision number for resource 08eb78a1-619b-4c88-8e44-c8fe54433d61 (type: router_ports) to 2
2026-08-28 05:25:36.965 10 INFO neutron.db.ovn_revision_numbers_db [None req-cc2bd802-1aa8-4087-80ae-5adf1d84a7d6 fcbf92f5d1024f0fbddd02870f74d6a1 5301d30c2fb0479ca079bceb4d81b161 - - default default] Successfully bumped revision number for resource 58780e92-a1ba-446c-8f6f-ffab7ecae2e2 (type: security_group_rules) to 0
2026-08-28 05:25:36.983 10 INFO neutron.db.ovn_revision_numbers_db [None req-cc2bd802-1aa8-4087-80ae-5adf1d84a7d6 fcbf92f5d1024f0fbddd02870f74d6a1 5301d30c2fb0479ca079bceb4d81b161 - - default default] Successfully bumped revision number for resource a5d6ec68-aceb-4cbe-9f2d-a05bf2e4c03a (type: security_group_rules) to 0
2026-08-28 05:25:37.013 10 INFO neutron.wsgi [None req-cc2bd802-1aa8-4087-80ae-5adf1d84a7d6 fcbf92f5d1024f0fbddd02870f74d6a1 5301d30c2fb0479ca079bceb4d81b161 - - default default] 10.0.0.220 "POST /v2.0/security-groups HTTP/1.1" status: 201 len: 1797 time: 0.4039710
2026-08-28 05:25:37.163 9 INFO neutron.db.ovn_revision_numbers_db [None req-9aca6539-a2c0-4e14-b888-e31b46472407 fcbf92f5d1024f0fbddd02870f74d6a1 5301d30c2fb0479ca079bceb4d81b161 - - default default] Successfully bumped revision number for resource 1ad1eae9-ea36-4cf9-8c62-f70f580b6e69 (type: security_group_rules) to 0
2026-08-28 05:25:37.203 9 INFO neutron.wsgi [req-4760c1cd-eaf7-4ccc-802e-673d85b8ec8b req-99a03a57-da3c-4bff-b49b-64ece4e8a6b6 24fb877770e64985be61a083961145be c0ba8887e78841e0835db2337bee866a - - default default] 10.0.0.213 "GET /v2.0/ports?device_id=1856a655-00cd-4e4d-8580-000b2421c7a5 HTTP/1.1" status: 200 len: 210 time: 0.0271444
2026-08-28 05:25:37.206 9 INFO neutron.wsgi [None req-9aca6539-a2c0-4e14-b888-e31b46472407 fcbf92f5d1024f0fbddd02870f74d6a1 5301d30c2fb0479ca079bceb4d81b161 - - default default] 10.0.0.220 "POST /v2.0/security-group-rules HTTP/1.1" status: 201 len: 764 time: 0.1878481
2026-08-28 05:25:37.294 9 INFO neutron.db.ovn_revision_numbers_db [None req-56181543-f492-4b62-a7f0-d3b7a5505a88 fcbf92f5d1024f0fbddd02870f74d6a1 5301d30c2fb0479ca079bceb4d81b161 - - default default] Successfully bumped revision number for resource 5dee7aaa-66ff-440c-b150-fef63e2d8840 (type: security_group_rules) to 0
2026-08-28 05:25:37.310 9 INFO neutron.wsgi [None req-56181543-f492-4b62-a7f0-d3b7a5505a88 fcbf92f5d1024f0fbddd02870f74d6a1 5301d30c2fb0479ca079bceb4d81b161 - - default default] 10.0.0.220 "POST /v2.0/security-group-rules HTTP/1.1" status: 201 len: 769 time: 0.0999751
2026-08-28 05:25:37.536 9 WARNING neutron.scheduler.dhcp_agent_scheduler [None req-f11b984b-35f0-4efd-accf-6c9b5888a5e8 fcbf92f5d1024f0fbddd02870f74d6a1 5301d30c2fb0479ca079bceb4d81b161 - - default default] No more DHCP agents
2026-08-28 05:25:37.538 9 WARNING neutron.api.rpc.agentnotifiers.dhcp_rpc_agent_api [None req-f11b984b-35f0-4efd-accf-6c9b5888a5e8 fcbf92f5d1024f0fbddd02870f74d6a1 5301d30c2fb0479ca079bceb4d81b161 - - default default] Unable to schedule network b18332a6-3dd8-43bf-849f-49ff62392820: no agents available; will retry on subsequent port and subnet creation events.
2026-08-28 05:25:37.789 9 INFO neutron.db.ovn_revision_numbers_db [None req-f11b984b-35f0-4efd-accf-6c9b5888a5e8 fcbf92f5d1024f0fbddd02870f74d6a1 5301d30c2fb0479ca079bceb4d81b161 - - default default] Successfully bumped revision number for resource 3401ff27-fd35-4b2d-8d2a-bfe6bad1022f (type: floatingips) to 0
2026-08-28 05:25:37.800 9 INFO neutron.wsgi [None req-f11b984b-35f0-4efd-accf-6c9b5888a5e8 fcbf92f5d1024f0fbddd02870f74d6a1 5301d30c2fb0479ca079bceb4d81b161 - - default default] 10.0.0.220 "POST /v2.0/floatingips HTTP/1.1" status: 201 len: 751 time: 0.4862723
2026-08-28 05:25:37.997 10 INFO neutron.wsgi [None req-fed27e7e-ff67-4241-948a-cadadcb0ed1e 511b4e370867442780eeb182d49315a4 e5d84ec93a4c4c658096169b04f88d23 - - default default] 10.0.0.220 "PUT /v2.0/routers/5649857d-7a0a-4893-afde-afd133c79cc8/remove_router_interface HTTP/1.1" status: 200 len: 503 time: 1.8558936 /var/lib/openstack/lib/python3.10/site-packages/pycadf/identifier.py:71: UserWarning: Invalid uuid: neutron. To ensure interoperability, identifiers should be a valid uuid. warnings.warn(('Invalid uuid: %s. To ensure interoperability, '
2026-08-28 05:25:38.099 10 INFO neutron.wsgi [None req-80fe7386-95ce-47bc-94c4-34927b6727d7 511b4e370867442780eeb182d49315a4 e5d84ec93a4c4c658096169b04f88d23 - - default default] 10.0.0.220 "PUT /v2.0/routers/741d2686-6f21-4ce4-978d-c35d28fc32cd/remove_router_interface HTTP/1.1" status: 200 len: 503 time: 1.8931818
2026-08-28 05:25:38.210 10 INFO neutron.wsgi [-] 10.0.0.136 "GET / HTTP/1.1" status: 200 len: 247 time: 0.0043590
2026-08-28 05:25:38.214 10 INFO neutron.wsgi [-] 10.0.0.136 "GET / HTTP/1.1" status: 200 len: 247 time: 0.0023236
2026-08-28 05:25:38.322 10 WARNING neutron.plugins.ml2.drivers.ovn.mech_driver.ovsdb.ovn_client [None req-ecca0a14-0421-4d1a-be91-9b3190cdbe4c - - - - - -] No hosting information found for port 673ff172-23d3-4386-bddc-134db241fe07: RuntimeError: No hosting information found for port 673ff172-23d3-4386-bddc-134db241fe07
2026-08-28 05:25:38.323 10 INFO neutron.plugins.ml2.drivers.ovn.mech_driver.mech_driver [None req-ecca0a14-0421-4d1a-be91-9b3190cdbe4c - - - - - -] OVN reports status up for port: 732540ae-1eb5-496b-af38-eb0ef305cd8d /var/lib/openstack/lib/python3.10/site-packages/pycadf/identifier.py:71: UserWarning: Invalid uuid: neutron. To ensure interoperability, identifiers should be a valid uuid. warnings.warn(('Invalid uuid: %s. To ensure interoperability, '
2026-08-28 05:25:38.379 10 INFO neutron.plugins.ml2.plugin [None req-ecca0a14-0421-4d1a-be91-9b3190cdbe4c - - - - - -] Attempt 1 to provision port 732540ae-1eb5-496b-af38-eb0ef305cd8d
2026-08-28 05:25:38.398 10 INFO neutron.wsgi [req-596907ac-2bac-4212-8696-167ed21f2cb4 req-f624e0d2-fd41-4f69-bf77-0fdbf282d6b0 24fb877770e64985be61a083961145be c0ba8887e78841e0835db2337bee866a - - default default] 10.0.0.213 "GET /v2.0/ports?device_id=1856a655-00cd-4e4d-8580-000b2421c7a5 HTTP/1.1" status: 200 len: 210 time: 0.0523410
2026-08-28 05:25:38.804 9 INFO neutron.wsgi [None req-167dfc91-15ee-4ebe-a417-08688c964833 511b4e370867442780eeb182d49315a4 e5d84ec93a4c4c658096169b04f88d23 - - default default] 10.0.0.220 "DELETE /v2.0/routers/741d2686-6f21-4ce4-978d-c35d28fc32cd HTTP/1.1" status: 204 len: 168 time: 0.6951935
2026-08-28 05:25:38.876 10 INFO neutron.db.ovn_revision_numbers_db [None req-ecca0a14-0421-4d1a-be91-9b3190cdbe4c - - - - - -] Successfully bumped revision number for resource 732540ae-1eb5-496b-af38-eb0ef305cd8d (type: ports) to 2
2026-08-28 05:25:38.954 9 INFO neutron.wsgi [req-e20496d2-a2a3-41c2-b3ff-5a3d147b4b4f req-efdb7715-a4dc-4236-bbf8-fdead105509a 24fb877770e64985be61a083961145be c0ba8887e78841e0835db2337bee866a - - default default] 162.253.55.123 "GET /v2.0/networks?id=a1cd07ed-a6fc-4816-9916-33213655683e HTTP/1.1" status: 200 len: 869 time: 0.1723421
2026-08-28 05:25:39.006 10 INFO neutron.wsgi [None req-5f669061-7378-4aff-bc46-c6d5332fd3a0 511b4e370867442780eeb182d49315a4 e5d84ec93a4c4c658096169b04f88d23 - - default default] 10.0.0.220 "DELETE /v2.0/routers/5649857d-7a0a-4893-afde-afd133c79cc8 HTTP/1.1" status: 204 len: 168 time: 0.9987471
2026-08-28 05:25:39.051 9 INFO neutron.wsgi [req-e20496d2-a2a3-41c2-b3ff-5a3d147b4b4f req-6134340b-9a9e-48e1-9355-3c5b176a62b7 24fb877770e64985be61a083961145be c0ba8887e78841e0835db2337bee866a - - default default] 162.253.55.123 "GET /v2.0/security-groups?fields=id&fields=name&tenant_id=c0ba8887e78841e0835db2337bee866a HTTP/1.1" status: 200 len: 380 time: 0.0727155
2026-08-28 05:25:39.078 10 INFO neutron.db.ovn_revision_numbers_db [None req-ecca0a14-0421-4d1a-be91-9b3190cdbe4c - - - - - -] Successfully bumped revision number for resource 732540ae-1eb5-496b-af38-eb0ef305cd8d (type: router_ports) to 2
2026-08-28 05:25:39.099 9 INFO neutron.wsgi [None req-3214e664-7272-4894-8d99-379a8033a611 511b4e370867442780eeb182d49315a4 e5d84ec93a4c4c658096169b04f88d23 - - default default] 10.0.0.220 "DELETE /v2.0/subnets/b37ded7d-86e6-4e20-926e-139d31054edc HTTP/1.1" status: 204 len: 168 time: 0.2833157
2026-08-28 05:25:39.233 10 INFO neutron.wsgi [None req-e94e820e-247b-44d7-9a5f-d40083318252 511b4e370867442780eeb182d49315a4 e5d84ec93a4c4c658096169b04f88d23 - - default default] 10.0.0.220 "DELETE /v2.0/subnets/c6785919-2572-42bd-8b42-70c0bb9248c0 HTTP/1.1" status: 204 len: 168 time: 0.2179914
2026-08-28 05:25:39.590 10 INFO neutron.wsgi [None req-9033ed6e-322b-46b3-bcf6-17f1d6af6162 511b4e370867442780eeb182d49315a4 e5d84ec93a4c4c658096169b04f88d23 - - default default] 10.0.0.220 "DELETE /v2.0/networks/df98f9a7-3586-4218-af40-bf3aa5585453 HTTP/1.1" status: 204 len: 168 time: 0.3525612
2026-08-28 05:25:39.613 9 INFO neutron.wsgi [req-814ce38a-f9b7-44a1-ac78-169444015d51 req-0e154a05-2eb7-4b63-9887-a5d0c5b851d8 24fb877770e64985be61a083961145be c0ba8887e78841e0835db2337bee866a - - default default] 10.0.0.213 "GET /v2.0/ports?device_id=1856a655-00cd-4e4d-8580-000b2421c7a5 HTTP/1.1" status: 200 len: 210 time: 0.0270391
2026-08-28 05:25:39.735 9 WARNING neutron.scheduler.dhcp_agent_scheduler [req-e20496d2-a2a3-41c2-b3ff-5a3d147b4b4f req-fa69b857-3f20-42d5-9aad-6aa9af82f79d 24fb877770e64985be61a083961145be c0ba8887e78841e0835db2337bee866a - - default default] No more DHCP agents
2026-08-28 05:25:39.739 9 WARNING neutron.api.rpc.agentnotifiers.dhcp_rpc_agent_api [req-e20496d2-a2a3-41c2-b3ff-5a3d147b4b4f req-fa69b857-3f20-42d5-9aad-6aa9af82f79d 24fb877770e64985be61a083961145be c0ba8887e78841e0835db2337bee866a - - default default] Unable to schedule network a1cd07ed-a6fc-4816-9916-33213655683e: no agents available; will retry on subsequent port and subnet creation events.
2026-08-28 05:25:39.785 10 INFO neutron.wsgi [None req-8efb72ce-d6d2-4fbd-8d66-e4ac943caba2 511b4e370867442780eeb182d49315a4 e5d84ec93a4c4c658096169b04f88d23 - - default default] 10.0.0.220 "GET /v2.0/security-groups?tenant_id=78c3f0fb7db7426aaa93cbb3882e62db&name=default HTTP/1.1" status: 200 len: 2992 time: 0.0516911
2026-08-28 05:25:39.946 9 INFO neutron.wsgi [None req-1e426355-7a93-4a46-9680-c62e278f25ea 511b4e370867442780eeb182d49315a4 e5d84ec93a4c4c658096169b04f88d23 - - default default] 10.0.0.220 "DELETE /v2.0/networks/1328023d-aaf0-4fa1-a2a5-56455bd426b5 HTTP/1.1" status: 204 len: 168 time: 0.8342495
2026-08-28 05:25:39.952 9 INFO neutron.db.ovn_revision_numbers_db [req-e20496d2-a2a3-41c2-b3ff-5a3d147b4b4f req-fa69b857-3f20-42d5-9aad-6aa9af82f79d 24fb877770e64985be61a083961145be c0ba8887e78841e0835db2337bee866a - - default default] Successfully bumped revision number for resource 84fc9a98-41cd-4cd0-a333-63867d997ace (type: ports) to 1
2026-08-28 05:25:39.977 9 INFO neutron.wsgi [req-e20496d2-a2a3-41c2-b3ff-5a3d147b4b4f req-fa69b857-3f20-42d5-9aad-6aa9af82f79d 24fb877770e64985be61a083961145be c0ba8887e78841e0835db2337bee866a - - default default] 162.253.55.123 "POST /v2.0/ports HTTP/1.1" status: 201 len: 1158 time: 0.9223573 /var/lib/openstack/lib/python3.10/site-packages/pycadf/identifier.py:71: UserWarning: Invalid uuid: neutron. To ensure interoperability, identifiers should be a valid uuid. warnings.warn(('Invalid uuid: %s. To ensure interoperability, '
2026-08-28 05:25:39.996 9 INFO neutron.wsgi [req-e20496d2-a2a3-41c2-b3ff-5a3d147b4b4f req-c0c1a4e6-643b-4500-98d6-c552fe2a8d0f 24fb877770e64985be61a083961145be c0ba8887e78841e0835db2337bee866a - - default default] 162.253.55.123 "GET /v2.0/extensions HTTP/1.1" status: 200 len: 16525 time: 0.0113444
2026-08-28 05:25:40.116 10 INFO neutron.wsgi [None req-3cd19768-868b-412a-b76c-e6e76985e9fa 511b4e370867442780eeb182d49315a4 e5d84ec93a4c4c658096169b04f88d23 - - default default] 10.0.0.220 "DELETE /v2.0/security-groups/3c54098a-46c4-4b6c-8640-3470b5843073 HTTP/1.1" status: 204 len: 168 time: 0.3220243
2026-08-28 05:25:40.126 10 INFO neutron.services.segments.plugin [-] Segment ba0d71fb-ebcf-484a-ade3-63eaf8d9697e resource provider aggregate not found
2026-08-28 05:25:40.148 10 INFO neutron.services.segments.plugin [-] Segment ba0d71fb-ebcf-484a-ade3-63eaf8d9697e resource provider not found; error: Placement Client Error (4xx): {"errors": [{"status": 404, "title": "Not Found", "detail": "The resource could not be found.\n\n No resource provider with uuid ba0d71fb-ebcf-484a-ade3-63eaf8d9697e found for delete ", "request_id": "req-7a9a6f45-3a88-4b6d-80d4-a6716377073d"}]}
2026-08-28 05:25:40.253 10 INFO neutron.wsgi [None req-d57b5d05-cf01-423a-beda-30f5f1c99d31 511b4e370867442780eeb182d49315a4 e5d84ec93a4c4c658096169b04f88d23 - - default default] 10.0.0.220 "GET /v2.0/security-groups?tenant_id=c65c734fb123489c806f90562e87d56f&name=default HTTP/1.1" status: 200 len: 2992 time: 0.0479918
2026-08-28 05:25:40.365 10 INFO neutron.services.segments.plugin [-] Segment ba0d71fb-ebcf-484a-ade3-63eaf8d9697e resource provider aggregate not found
2026-08-28 05:25:40.366 9 INFO neutron.services.segments.plugin [-] Segment 3d8b6b62-2c9a-4f27-bbdf-c1be254e4ca4 resource provider aggregate not found
2026-08-28 05:25:40.387 10 INFO neutron.services.segments.plugin [-] Segment ba0d71fb-ebcf-484a-ade3-63eaf8d9697e resource provider not found; error: Placement Client Error (4xx): {"errors": [{"status": 404, "title": "Not Found", "detail": "The resource could not be found.\n\n No resource provider with uuid ba0d71fb-ebcf-484a-ade3-63eaf8d9697e found for delete ", "request_id": "req-b80a0558-4ba3-445a-85a7-74a23fa31f70"}]}
2026-08-28 05:25:40.407 9 INFO neutron.services.segments.plugin [-] Segment 3d8b6b62-2c9a-4f27-bbdf-c1be254e4ca4 resource provider not found; error: Placement Client Error (4xx): {"errors": [{"status": 404, "title": "Not Found", "detail": "The resource could not be found.\n\n No resource provider with uuid 3d8b6b62-2c9a-4f27-bbdf-c1be254e4ca4 found for delete ", "request_id": "req-c5441ec8-55c1-48cc-9442-b5bca37209a6"}]}
2026-08-28 05:25:40.477 10 INFO neutron.wsgi [None req-9478d71e-5efd-48e8-8175-7c2003b9103f 511b4e370867442780eeb182d49315a4 e5d84ec93a4c4c658096169b04f88d23 - - default default] 10.0.0.220 "DELETE /v2.0/security-groups/0b6b853e-8003-4df3-bc0c-a8035d077c95 HTTP/1.1" status: 204 len: 168 time: 0.2189982
2026-08-28 05:25:40.530 9 INFO neutron.services.segments.plugin [-] Segment 3d8b6b62-2c9a-4f27-bbdf-c1be254e4ca4 resource provider aggregate not found
2026-08-28 05:25:40.571 9 INFO neutron.services.segments.plugin [-] Segment 3d8b6b62-2c9a-4f27-bbdf-c1be254e4ca4 resource provider not found; error: Placement Client Error (4xx): {"errors": [{"status": 404, "title": "Not Found", "detail": "The resource could not be found.\n\n No resource provider with uuid 3d8b6b62-2c9a-4f27-bbdf-c1be254e4ca4 found for delete ", "request_id": "req-a2b44c93-e8d0-4d1e-a884-b30ef5378cf7"}]}
2026-08-28 05:25:40.770 10 INFO neutron.wsgi [req-223d42c0-5709-4065-b9d6-44662d827da9 req-761af796-f3b1-49b8-969b-e88d31626ebf 24fb877770e64985be61a083961145be c0ba8887e78841e0835db2337bee866a - - default default] 10.0.0.213 "GET /v2.0/ports?device_id=1856a655-00cd-4e4d-8580-000b2421c7a5 HTTP/1.1" status: 200 len: 1156 time: 0.0522242
2026-08-28 05:25:40.811 10 INFO neutron.wsgi [req-223d42c0-5709-4065-b9d6-44662d827da9 req-582f0c9f-f66a-433d-b1b3-1b4f2100c12f 24fb877770e64985be61a083961145be c0ba8887e78841e0835db2337bee866a - - default default] 10.0.0.213 "GET /v2.0/security-groups?id=2c9f3afe-05d1-43bd-98a4-7dadf02d1f15&fields=id&fields=name HTTP/1.1" status: 200 len: 313 time: 0.0345197
2026-08-28 05:25:41.124 9 INFO neutron.db.ovn_revision_numbers_db [req-e20496d2-a2a3-41c2-b3ff-5a3d147b4b4f req-5800d70c-9bb0-4212-8482-1142505c4f9f b9841e8f6874420a8ae0a69bd992783b 8a524d51fcc54ccab2715a9b8ec55a31 - - 913595b709a846ea99adf01bfce65836 913595b709a846ea99adf01bfce65836] Successfully bumped revision number for resource 84fc9a98-41cd-4cd0-a333-63867d997ace (type: ports) to 2
2026-08-28 05:25:41.307 9 INFO neutron.db.ovn_revision_numbers_db [req-e20496d2-a2a3-41c2-b3ff-5a3d147b4b4f req-5800d70c-9bb0-4212-8482-1142505c4f9f b9841e8f6874420a8ae0a69bd992783b 8a524d51fcc54ccab2715a9b8ec55a31 - - 913595b709a846ea99adf01bfce65836 913595b709a846ea99adf01bfce65836] Successfully bumped revision number for resource 84fc9a98-41cd-4cd0-a333-63867d997ace (type: ports) to 2
2026-08-28 05:25:41.338 9 INFO neutron.wsgi [req-e20496d2-a2a3-41c2-b3ff-5a3d147b4b4f req-5800d70c-9bb0-4212-8482-1142505c4f9f b9841e8f6874420a8ae0a69bd992783b 8a524d51fcc54ccab2715a9b8ec55a31 - - 913595b709a846ea99adf01bfce65836 913595b709a846ea99adf01bfce65836] 162.253.55.123 "PUT /v2.0/ports/84fc9a98-41cd-4cd0-a333-63867d997ace HTTP/1.1" status: 200 len: 1376 time: 0.7493460 /var/lib/openstack/lib/python3.10/site-packages/pycadf/identifier.py:71: UserWarning: Invalid uuid: neutron. To ensure interoperability, identifiers should be a valid uuid. warnings.warn(('Invalid uuid: %s. To ensure interoperability, '
2026-08-28 05:25:41.416 9 INFO neutron.wsgi [req-e20496d2-a2a3-41c2-b3ff-5a3d147b4b4f req-b4ba10c5-5ed2-490f-8913-f6db0cfdd6a4 b9841e8f6874420a8ae0a69bd992783b 8a524d51fcc54ccab2715a9b8ec55a31 - - 913595b709a846ea99adf01bfce65836 913595b709a846ea99adf01bfce65836] 162.253.55.123 "GET /v2.0/ports?tenant_id=c0ba8887e78841e0835db2337bee866a&device_id=1856a655-00cd-4e4d-8580-000b2421c7a5 HTTP/1.1" status: 200 len: 1407 time: 0.0390825
2026-08-28 05:25:41.454 9 INFO neutron.wsgi [req-e20496d2-a2a3-41c2-b3ff-5a3d147b4b4f req-5e165636-2499-4129-ae1d-3bc23380320f b9841e8f6874420a8ae0a69bd992783b 8a524d51fcc54ccab2715a9b8ec55a31 - - 913595b709a846ea99adf01bfce65836 913595b709a846ea99adf01bfce65836] 162.253.55.123 "GET /v2.0/floatingips?fixed_ip_address=10.100.0.5&port_id=84fc9a98-41cd-4cd0-a333-63867d997ace HTTP/1.1" status: 200 len: 217 time: 0.0308793
2026-08-28 05:25:41.482 9 INFO neutron.wsgi [req-e20496d2-a2a3-41c2-b3ff-5a3d147b4b4f req-dd08b1f0-5f0f-4d3b-b0b9-a9dda7023f9e b9841e8f6874420a8ae0a69bd992783b 8a524d51fcc54ccab2715a9b8ec55a31 - - 913595b709a846ea99adf01bfce65836 913595b709a846ea99adf01bfce65836] 162.253.55.123 "GET /v2.0/subnets?id=65ded70c-66bb-40c6-9b85-63c35af9c15f HTTP/1.1" status: 200 len: 863 time: 0.0226700
2026-08-28 05:25:41.516 9 INFO neutron.wsgi [req-e20496d2-a2a3-41c2-b3ff-5a3d147b4b4f req-562e380b-3abb-4939-9349-565c78fa9089 b9841e8f6874420a8ae0a69bd992783b 8a524d51fcc54ccab2715a9b8ec55a31 - - 913595b709a846ea99adf01bfce65836 913595b709a846ea99adf01bfce65836] 162.253.55.123 "GET /v2.0/ports?network_id=a1cd07ed-a6fc-4816-9916-33213655683e&device_owner=network%3Adhcp HTTP/1.1" status: 200 len: 210 time: 0.0289330
2026-08-28 05:25:41.590 9 INFO neutron.wsgi [req-e20496d2-a2a3-41c2-b3ff-5a3d147b4b4f req-2e4f0b2b-72ab-479c-b0c0-9a8913bbadc8 b9841e8f6874420a8ae0a69bd992783b 8a524d51fcc54ccab2715a9b8ec55a31 - - 913595b709a846ea99adf01bfce65836 913595b709a846ea99adf01bfce65836] 162.253.55.123 "GET /v2.0/networks/a1cd07ed-a6fc-4816-9916-33213655683e?fields=segments HTTP/1.1" status: 200 len: 212 time: 0.0667007
2026-08-28 05:25:41.708 9 INFO neutron.wsgi [req-e20496d2-a2a3-41c2-b3ff-5a3d147b4b4f req-78b882ea-7b57-477c-ba35-5cf01500a001 b9841e8f6874420a8ae0a69bd992783b 8a524d51fcc54ccab2715a9b8ec55a31 - - 913595b709a846ea99adf01bfce65836 913595b709a846ea99adf01bfce65836] 162.253.55.123 "GET /v2.0/networks/a1cd07ed-a6fc-4816-9916-33213655683e?fields=provider%3Aphysical_network&fields=provider%3Anetwork_type HTTP/1.1" status: 200 len: 277 time: 0.1123664
2026-08-28 05:25:41.884 9 WARNING neutron.plugins.ml2.drivers.ovn.mech_driver.ovsdb.ovn_client [None req-4e676577-71a5-40a5-8711-631704a4b1f0 - - - - - -] No port found with ID 08eb78a1-619b-4c88-8e44-c8fe54433d61: RuntimeError: No port found with ID 08eb78a1-619b-4c88-8e44-c8fe54433d61
2026-08-28 05:25:41.885 9 INFO neutron.plugins.ml2.drivers.ovn.mech_driver.mech_driver [None req-4e676577-71a5-40a5-8711-631704a4b1f0 - - - - - -] OVN reports status up for port: 7ff46e22-c8e1-4021-aa5a-fc7ce241b9d2
2026-08-28 05:25:41.897 9 INFO neutron.plugins.ml2.plugin [None req-4e676577-71a5-40a5-8711-631704a4b1f0 - - - - - -] Attempt 1 to provision port 7ff46e22-c8e1-4021-aa5a-fc7ce241b9d2
2026-08-28 05:25:42.014 10 INFO neutron.wsgi [req-0b0fe644-eb58-45f6-9a3b-d92ac76b9ce8 req-301e91cb-f50b-49bd-b549-17db260be564 24fb877770e64985be61a083961145be c0ba8887e78841e0835db2337bee866a - - default default] 10.0.0.213 "GET /v2.0/ports?device_id=1856a655-00cd-4e4d-8580-000b2421c7a5 HTTP/1.1" status: 200 len: 1168 time: 0.1241398
2026-08-28 05:25:42.051 10 INFO neutron.wsgi [req-0b0fe644-eb58-45f6-9a3b-d92ac76b9ce8 req-662cb712-616e-4faa-8f5e-5a51077ac702 24fb877770e64985be61a083961145be c0ba8887e78841e0835db2337bee866a - - default default] 10.0.0.213 "GET /v2.0/security-groups?id=2c9f3afe-05d1-43bd-98a4-7dadf02d1f15&fields=id&fields=name HTTP/1.1" status: 200 len: 313 time: 0.0292337
2026-08-28 05:25:42.109 9 INFO neutron.notifiers.nova [-] Nova event matching ['req-78e02434-cacc-4496-9708-8485e0ae8f0b'] response: {'name': 'network-changed', 'server_uuid': '1856a655-00cd-4e4d-8580-000b2421c7a5', 'tag': '84fc9a98-41cd-4cd0-a333-63867d997ace', 'status': 'completed', 'code': 200}
2026-08-28 05:25:42.204 9 INFO neutron.wsgi [req-604ba544-98d9-4501-a46e-dd492870d0b2 req-cdc6ac10-5cdb-491f-b54b-4dd155d5cb8a b9841e8f6874420a8ae0a69bd992783b 8a524d51fcc54ccab2715a9b8ec55a31 - - 913595b709a846ea99adf01bfce65836 913595b709a846ea99adf01bfce65836] 162.253.55.123 "GET /v2.0/ports?tenant_id=c0ba8887e78841e0835db2337bee866a&device_id=1856a655-00cd-4e4d-8580-000b2421c7a5 HTTP/1.1" status: 200 len: 1407 time: 0.0442770
2026-08-28 05:25:42.314 9 INFO neutron.wsgi [req-604ba544-98d9-4501-a46e-dd492870d0b2 req-160368b6-fbc2-4521-b490-a71a8704ec78 b9841e8f6874420a8ae0a69bd992783b 8a524d51fcc54ccab2715a9b8ec55a31 - - 913595b709a846ea99adf01bfce65836 913595b709a846ea99adf01bfce65836] 162.253.55.123 "GET /v2.0/networks?id=a1cd07ed-a6fc-4816-9916-33213655683e HTTP/1.1" status: 200 len: 968 time: 0.0744102
2026-08-28 05:25:42.343 9 INFO neutron.wsgi [req-604ba544-98d9-4501-a46e-dd492870d0b2 req-3690339c-0948-4f7e-a140-519871277266 b9841e8f6874420a8ae0a69bd992783b 8a524d51fcc54ccab2715a9b8ec55a31 - - 913595b709a846ea99adf01bfce65836 913595b709a846ea99adf01bfce65836] 162.253.55.123 "GET /v2.0/floatingips?fixed_ip_address=10.100.0.5&port_id=84fc9a98-41cd-4cd0-a333-63867d997ace HTTP/1.1" status: 200 len: 217 time: 0.0192046
2026-08-28 05:25:42.379 9 INFO neutron.wsgi [req-604ba544-98d9-4501-a46e-dd492870d0b2 req-8780b1d3-fcc3-4d93-b583-d77f375523d7 b9841e8f6874420a8ae0a69bd992783b 8a524d51fcc54ccab2715a9b8ec55a31 - - 913595b709a846ea99adf01bfce65836 913595b709a846ea99adf01bfce65836] 162.253.55.123 "GET /v2.0/subnets?id=65ded70c-66bb-40c6-9b85-63c35af9c15f HTTP/1.1" status: 200 len: 863 time: 0.0278335
2026-08-28 05:25:42.398 9 INFO neutron.wsgi [req-604ba544-98d9-4501-a46e-dd492870d0b2 req-644c5529-5099-49b1-80da-594eb23b84db b9841e8f6874420a8ae0a69bd992783b 8a524d51fcc54ccab2715a9b8ec55a31 - - 913595b709a846ea99adf01bfce65836 913595b709a846ea99adf01bfce65836] 162.253.55.123 "GET /v2.0/ports?network_id=a1cd07ed-a6fc-4816-9916-33213655683e&device_owner=network%3Adhcp HTTP/1.1" status: 200 len: 210 time: 0.0139823
2026-08-28 05:25:42.528 9 INFO neutron.wsgi [req-604ba544-98d9-4501-a46e-dd492870d0b2 req-63c802b9-917d-4a04-a7af-8f7d42a8ecf7 b9841e8f6874420a8ae0a69bd992783b 8a524d51fcc54ccab2715a9b8ec55a31 - - 913595b709a846ea99adf01bfce65836 913595b709a846ea99adf01bfce65836] 162.253.55.123 "GET /v2.0/networks/a1cd07ed-a6fc-4816-9916-33213655683e?fields=segments HTTP/1.1" status: 200 len: 212 time: 0.1164985
2026-08-28 05:25:42.596 10 INFO neutron.db.ovn_revision_numbers_db [None req-4c5b60d5-85a4-4c00-8c4d-1d1243a1c2d0 511b4e370867442780eeb182d49315a4 e5d84ec93a4c4c658096169b04f88d23 - - default default] Successfully bumped revision number for resource a92deb68-659d-476c-bf82-83f1ce887df0 (type: security_groups) to 1
2026-08-28 05:25:42.623 10 INFO neutron.db.ovn_revision_numbers_db [None req-4c5b60d5-85a4-4c00-8c4d-1d1243a1c2d0 511b4e370867442780eeb182d49315a4 e5d84ec93a4c4c658096169b04f88d23 - - default default] Successfully bumped revision number for resource 11c1cdd0-5a02-48f5-a2f8-06bf2228ffc8 (type: security_group_rules) to 0
2026-08-28 05:25:42.624 9 INFO neutron.wsgi [req-604ba544-98d9-4501-a46e-dd492870d0b2 req-b1587a8d-c9f9-425d-ae6d-2e60cc5e0ab9 b9841e8f6874420a8ae0a69bd992783b 8a524d51fcc54ccab2715a9b8ec55a31 - - 913595b709a846ea99adf01bfce65836 913595b709a846ea99adf01bfce65836] 162.253.55.123 "GET /v2.0/networks/a1cd07ed-a6fc-4816-9916-33213655683e?fields=provider%3Aphysical_network&fields=provider%3Anetwork_type HTTP/1.1" status: 200 len: 277 time: 0.0861621
2026-08-28 05:25:42.649 10 INFO neutron.db.ovn_revision_numbers_db [None req-4c5b60d5-85a4-4c00-8c4d-1d1243a1c2d0 511b4e370867442780eeb182d49315a4 e5d84ec93a4c4c658096169b04f88d23 - - default default] Successfully bumped revision number for resource 12a4afa6-d5d3-405d-9e16-11e39a7d083a (type: security_group_rules) to 0
2026-08-28 05:25:42.652 10 INFO neutron.db.ovn_revision_numbers_db [None req-dd2812fb-44ed-4df6-b7b5-3976fc9f4748 511b4e370867442780eeb182d49315a4 e5d84ec93a4c4c658096169b04f88d23 - - default default] Successfully bumped revision number for resource 4c7ef7a7-7148-4aa7-a679-8aea4afab277 (type: security_groups) to 1
2026-08-28 05:25:42.680 10 INFO neutron.db.ovn_revision_numbers_db [None req-4c5b60d5-85a4-4c00-8c4d-1d1243a1c2d0 511b4e370867442780eeb182d49315a4 e5d84ec93a4c4c658096169b04f88d23 - - default default] Successfully bumped revision number for resource 377d16c3-2c53-4a10-9022-254d869917cd (type: security_group_rules) to 0
2026-08-28 05:25:42.683 10 INFO neutron.db.ovn_revision_numbers_db [None req-dd2812fb-44ed-4df6-b7b5-3976fc9f4748 511b4e370867442780eeb182d49315a4 e5d84ec93a4c4c658096169b04f88d23 - - default default] Successfully bumped revision number for resource 128a763b-6de9-4cda-9142-846ab76a0cd7 (type: security_group_rules) to 0
2026-08-28 05:25:42.705 10 INFO neutron.db.ovn_revision_numbers_db [None req-4c5b60d5-85a4-4c00-8c4d-1d1243a1c2d0 511b4e370867442780eeb182d49315a4 e5d84ec93a4c4c658096169b04f88d23 - - default default] Successfully bumped revision number for resource 9b1904db-49e7-4a24-b834-d5c87d928785 (type: security_group_rules) to 0
2026-08-28 05:25:42.711 10 INFO neutron.db.ovn_revision_numbers_db [None req-dd2812fb-44ed-4df6-b7b5-3976fc9f4748 511b4e370867442780eeb182d49315a4 e5d84ec93a4c4c658096169b04f88d23 - - default default] Successfully bumped revision number for resource 75cc6e44-0204-4bb8-aef1-82f542e1e919 (type: security_group_rules) to 0
2026-08-28 05:25:42.745 10 INFO neutron.db.ovn_revision_numbers_db [None req-dd2812fb-44ed-4df6-b7b5-3976fc9f4748 511b4e370867442780eeb182d49315a4 e5d84ec93a4c4c658096169b04f88d23 - - default default] Successfully bumped revision number for resource 7919d844-14f2-4c04-b8ca-be97717eaf97 (type: security_group_rules) to 0
2026-08-28 05:25:42.764 10 INFO neutron.db.ovn_revision_numbers_db [None req-dd2812fb-44ed-4df6-b7b5-3976fc9f4748 511b4e370867442780eeb182d49315a4 e5d84ec93a4c4c658096169b04f88d23 - - default default] Successfully bumped revision number for resource d1e50330-efdc-4c1b-a872-f0c9a5ec4e0d (type: security_group_rules) to 0
2026-08-28 05:25:42.768 10 INFO neutron.db.segments_db [None req-4c5b60d5-85a4-4c00-8c4d-1d1243a1c2d0 511b4e370867442780eeb182d49315a4 e5d84ec93a4c4c658096169b04f88d23 - - default default] Added segment 77fab472-23fc-419c-8225-71a873b4940b of type geneve for network 60c18e78-7a09-4ecb-8477-b285e8212cc0
2026-08-28 05:25:42.844 10 INFO neutron.db.segments_db [None req-dd2812fb-44ed-4df6-b7b5-3976fc9f4748 511b4e370867442780eeb182d49315a4 e5d84ec93a4c4c658096169b04f88d23 - - default default] Added segment 63848127-e269-4b67-99dd-090161983005 of type geneve for network bbd024b2-0bdb-4443-8e4b-64c0877d76c4
2026-08-28 05:25:42.942 10 INFO neutron.db.ovn_revision_numbers_db [None req-4c5b60d5-85a4-4c00-8c4d-1d1243a1c2d0 511b4e370867442780eeb182d49315a4 e5d84ec93a4c4c658096169b04f88d23 - - default default] Successfully bumped revision number for resource 60c18e78-7a09-4ecb-8477-b285e8212cc0 (type: networks) to 1
2026-08-28 05:25:43.025 10 INFO neutron.db.ovn_revision_numbers_db [None req-dd2812fb-44ed-4df6-b7b5-3976fc9f4748 511b4e370867442780eeb182d49315a4 e5d84ec93a4c4c658096169b04f88d23 - - default default] Successfully bumped revision number for resource bbd024b2-0bdb-4443-8e4b-64c0877d76c4 (type: networks) to 1
2026-08-28 05:25:43.237 10 INFO neutron.wsgi [req-f4e7e361-8b07-41d9-8e0e-5952b3672881 req-889186c5-e760-40e9-8427-12e8b1fc6a7a 24fb877770e64985be61a083961145be c0ba8887e78841e0835db2337bee866a - - default default] 10.0.0.213 "GET /v2.0/ports?device_id=1856a655-00cd-4e4d-8580-000b2421c7a5 HTTP/1.1" status: 200 len: 1168 time: 0.0601273
2026-08-28 05:25:43.293 10 WARNING neutron.scheduler.dhcp_agent_scheduler [None req-4c5b60d5-85a4-4c00-8c4d-1d1243a1c2d0 511b4e370867442780eeb182d49315a4 e5d84ec93a4c4c658096169b04f88d23 - - default default] No more DHCP agents
2026-08-28 05:25:43.300 10 WARNING neutron.api.rpc.agentnotifiers.dhcp_rpc_agent_api [None req-4c5b60d5-85a4-4c00-8c4d-1d1243a1c2d0 511b4e370867442780eeb182d49315a4 e5d84ec93a4c4c658096169b04f88d23 - - default default] Unable to schedule network 60c18e78-7a09-4ecb-8477-b285e8212cc0: no agents available; will retry on subsequent port and subnet creation events.
2026-08-28 05:25:43.315 10 INFO neutron.wsgi [req-f4e7e361-8b07-41d9-8e0e-5952b3672881 req-83b0b0da-6648-4328-aae3-646b05dfac6c 24fb877770e64985be61a083961145be c0ba8887e78841e0835db2337bee866a - - default default] 10.0.0.213 "GET /v2.0/security-groups?id=2c9f3afe-05d1-43bd-98a4-7dadf02d1f15&fields=id&fields=name HTTP/1.1" status: 200 len: 313 time: 0.0706999
2026-08-28 05:25:43.364 10 WARNING neutron.scheduler.dhcp_agent_scheduler [None req-dd2812fb-44ed-4df6-b7b5-3976fc9f4748 511b4e370867442780eeb182d49315a4 e5d84ec93a4c4c658096169b04f88d23 - - default default] No more DHCP agents
2026-08-28 05:25:43.368 10 WARNING neutron.api.rpc.agentnotifiers.dhcp_rpc_agent_api [None req-dd2812fb-44ed-4df6-b7b5-3976fc9f4748 511b4e370867442780eeb182d49315a4 e5d84ec93a4c4c658096169b04f88d23 - - default default] Unable to schedule network bbd024b2-0bdb-4443-8e4b-64c0877d76c4: no agents available; will retry on subsequent port and subnet creation events.
2026-08-28 05:25:43.417 10 INFO neutron.db.ovn_revision_numbers_db [None req-4c5b60d5-85a4-4c00-8c4d-1d1243a1c2d0 511b4e370867442780eeb182d49315a4 e5d84ec93a4c4c658096169b04f88d23 - - default default] Successfully bumped revision number for resource 690e5c35-d511-412d-8429-4d923d9428d4 (type: ports) to 1
2026-08-28 05:25:43.444 10 INFO neutron.wsgi [None req-4c5b60d5-85a4-4c00-8c4d-1d1243a1c2d0 511b4e370867442780eeb182d49315a4 e5d84ec93a4c4c658096169b04f88d23 - - default default] 10.0.0.220 "POST /v2.0/networks HTTP/1.1" status: 201 len: 953 time: 1.2797189
2026-08-28 05:25:43.451 10 INFO neutron.db.ovn_revision_numbers_db [None req-dd2812fb-44ed-4df6-b7b5-3976fc9f4748 511b4e370867442780eeb182d49315a4 e5d84ec93a4c4c658096169b04f88d23 - - default default] Successfully bumped revision number for resource ef686ff8-7ca4-4e44-8c6c-8d7e61838894 (type: ports) to 1
2026-08-28 05:25:43.473 10 INFO neutron.wsgi [None req-dd2812fb-44ed-4df6-b7b5-3976fc9f4748 511b4e370867442780eeb182d49315a4 e5d84ec93a4c4c658096169b04f88d23 - - default default] 10.0.0.220 "POST /v2.0/networks HTTP/1.1" status: 201 len: 943 time: 1.1850431
2026-08-28 05:25:43.579 10 WARNING neutron.scheduler.dhcp_agent_scheduler [None req-1f5c7289-88a9-4b7d-93db-9f2f264a6eaa 511b4e370867442780eeb182d49315a4 e5d84ec93a4c4c658096169b04f88d23 - - default default] No more DHCP agents
2026-08-28 05:25:43.587 10 WARNING neutron.api.rpc.agentnotifiers.dhcp_rpc_agent_api [None req-1f5c7289-88a9-4b7d-93db-9f2f264a6eaa 511b4e370867442780eeb182d49315a4 e5d84ec93a4c4c658096169b04f88d23 - - default default] Unable to schedule network 60c18e78-7a09-4ecb-8477-b285e8212cc0: no agents available; will retry on subsequent port and subnet creation events.
2026-08-28 05:25:43.638 9 WARNING neutron.scheduler.dhcp_agent_scheduler [None req-e18877a6-ff8a-49fe-a37e-23cf9a3b437b 511b4e370867442780eeb182d49315a4 e5d84ec93a4c4c658096169b04f88d23 - - default default] No more DHCP agents
2026-08-28 05:25:43.641 9 WARNING neutron.api.rpc.agentnotifiers.dhcp_rpc_agent_api [None req-e18877a6-ff8a-49fe-a37e-23cf9a3b437b 511b4e370867442780eeb182d49315a4 e5d84ec93a4c4c658096169b04f88d23 - - default default] Unable to schedule network bbd024b2-0bdb-4443-8e4b-64c0877d76c4: no agents available; will retry on subsequent port and subnet creation events.
2026-08-28 05:25:43.825 9 INFO neutron.wsgi [req-1efbbcbf-d43c-43f9-9d53-cd5f4bc3de47 req-0e24c85a-38b6-43f2-ab85-ffd56731c8fb fcbf92f5d1024f0fbddd02870f74d6a1 5301d30c2fb0479ca079bceb4d81b161 - - default default] 10.0.0.213 "GET /v2.0/security-groups?name=tempest-securitygroup--1670550066&fields=id&tenant_id=5301d30c2fb0479ca079bceb4d81b161 HTTP/1.1" status: 200 len: 267 time: 0.0497577
2026-08-28 05:25:44.028 9 INFO neutron.wsgi [req-1efbbcbf-d43c-43f9-9d53-cd5f4bc3de47 req-4822c360-895a-4898-a3a3-640fb3e0c572 fcbf92f5d1024f0fbddd02870f74d6a1 5301d30c2fb0479ca079bceb4d81b161 - - default default] 10.0.0.213 "GET /v2.0/networks?id=cf8ffeb8-b604-43e6-a952-be60d1c1227d HTTP/1.1" status: 200 len: 878 time: 0.1988389
2026-08-28 05:25:44.058 9 INFO neutron.wsgi [req-1efbbcbf-d43c-43f9-9d53-cd5f4bc3de47 req-f7bfce04-8bf2-45a3-affc-bb30724e95d9 fcbf92f5d1024f0fbddd02870f74d6a1 5301d30c2fb0479ca079bceb4d81b161 - - default default] 10.0.0.213 "GET /v2.0/quotas/5301d30c2fb0479ca079bceb4d81b161 HTTP/1.1" status: 200 len: 386 time: 0.0173664
2026-08-28 05:25:44.112 10 WARNING neutron.plugins.ml2.drivers.ovn.mech_driver.ovsdb.ovn_client [None req-ecca0a14-0421-4d1a-be91-9b3190cdbe4c - - - - - -] No hosting information found for port 732540ae-1eb5-496b-af38-eb0ef305cd8d: RuntimeError: No hosting information found for port 732540ae-1eb5-496b-af38-eb0ef305cd8d
2026-08-28 05:25:44.118 10 INFO neutron.db.ovn_revision_numbers_db [None req-1f5c7289-88a9-4b7d-93db-9f2f264a6eaa 511b4e370867442780eeb182d49315a4 e5d84ec93a4c4c658096169b04f88d23 - - default default] Successfully bumped revision number for resource 690e5c35-d511-412d-8429-4d923d9428d4 (type: ports) to 2
2026-08-28 05:25:44.170 9 INFO neutron.wsgi [req-1efbbcbf-d43c-43f9-9d53-cd5f4bc3de47 req-d4cdbaa2-f5c4-4517-8852-6885d4a5c4d4 fcbf92f5d1024f0fbddd02870f74d6a1 5301d30c2fb0479ca079bceb4d81b161 - - default default] 10.0.0.213 "GET /v2.0/ports?tenant_id=5301d30c2fb0479ca079bceb4d81b161&fields=id HTTP/1.1" status: 200 len: 302 time: 0.1074944
2026-08-28 05:25:44.171 10 INFO neutron.db.ovn_revision_numbers_db [None req-1f5c7289-88a9-4b7d-93db-9f2f264a6eaa 511b4e370867442780eeb182d49315a4 e5d84ec93a4c4c658096169b04f88d23 - - default default] Successfully bumped revision number for resource c99e1c51-cacc-4a75-bab4-970ef4e1f409 (type: subnets) to 0
2026-08-28 05:25:44.194 10 INFO neutron.wsgi [None req-1f5c7289-88a9-4b7d-93db-9f2f264a6eaa 511b4e370867442780eeb182d49315a4 e5d84ec93a4c4c658096169b04f88d23 - - default default] 10.0.0.220 "POST /v2.0/subnets HTTP/1.1" status: 201 len: 873 time: 0.7441032
2026-08-28 05:25:44.267 9 INFO neutron.db.ovn_revision_numbers_db [None req-e18877a6-ff8a-49fe-a37e-23cf9a3b437b 511b4e370867442780eeb182d49315a4 e5d84ec93a4c4c658096169b04f88d23 - - default default] Successfully bumped revision number for resource ef686ff8-7ca4-4e44-8c6c-8d7e61838894 (type: ports) to 2
2026-08-28 05:25:44.346 9 INFO neutron.db.ovn_revision_numbers_db [None req-e18877a6-ff8a-49fe-a37e-23cf9a3b437b 511b4e370867442780eeb182d49315a4 e5d84ec93a4c4c658096169b04f88d23 - - default default] Successfully bumped revision number for resource d9a509c0-5f14-4de6-a62a-aeff5208cd1f (type: subnets) to 0
2026-08-28 05:25:44.366 9 INFO neutron.wsgi [None req-e18877a6-ff8a-49fe-a37e-23cf9a3b437b 511b4e370867442780eeb182d49315a4 e5d84ec93a4c4c658096169b04f88d23 - - default default] 10.0.0.220 "POST /v2.0/subnets HTTP/1.1" status: 201 len: 865 time: 0.8839366
2026-08-28 05:25:44.470 10 INFO neutron.wsgi [req-7151f82c-a0e7-4f7e-9af4-9a30c3e8e3fd req-2888daf2-eddf-4897-b281-a160539453f6 24fb877770e64985be61a083961145be c0ba8887e78841e0835db2337bee866a - - default default] 10.0.0.213 "GET /v2.0/ports?device_id=1856a655-00cd-4e4d-8580-000b2421c7a5 HTTP/1.1" status: 200 len: 1168 time: 0.0658803
2026-08-28 05:25:44.527 10 INFO neutron.wsgi [req-7151f82c-a0e7-4f7e-9af4-9a30c3e8e3fd req-d73ff5af-eb1b-4131-9307-d613f3c6585d 24fb877770e64985be61a083961145be c0ba8887e78841e0835db2337bee866a - - default default] 10.0.0.213 "GET /v2.0/security-groups?id=2c9f3afe-05d1-43bd-98a4-7dadf02d1f15&fields=id&fields=name HTTP/1.1" status: 200 len: 313 time: 0.0449903
2026-08-28 05:25:44.582 9 INFO neutron.wsgi [req-1efbbcbf-d43c-43f9-9d53-cd5f4bc3de47 req-c2af8436-6f20-4f4e-915f-07de2afa1247 b9841e8f6874420a8ae0a69bd992783b 8a524d51fcc54ccab2715a9b8ec55a31 - - 913595b709a846ea99adf01bfce65836 913595b709a846ea99adf01bfce65836] 10.0.0.213 "GET /v2.0/extensions HTTP/1.1" status: 200 len: 16525 time: 0.0687182
2026-08-28 05:25:44.695 9 INFO neutron.wsgi [req-1efbbcbf-d43c-43f9-9d53-cd5f4bc3de47 req-a633e345-5ec9-49c3-ac9c-b0df6f13abe0 b9841e8f6874420a8ae0a69bd992783b 8a524d51fcc54ccab2715a9b8ec55a31 - - 913595b709a846ea99adf01bfce65836 913595b709a846ea99adf01bfce65836] 10.0.0.213 "GET /v2.0/networks/cf8ffeb8-b604-43e6-a952-be60d1c1227d?fields=segments HTTP/1.1" status: 200 len: 212 time: 0.1050980
2026-08-28 05:25:44.784 9 WARNING neutron.scheduler.dhcp_agent_scheduler [None req-1b570e5d-3f05-435a-9773-49a717911e4c 511b4e370867442780eeb182d49315a4 e5d84ec93a4c4c658096169b04f88d23 - - default default] No more DHCP agents
2026-08-28 05:25:44.790 9 WARNING neutron.api.rpc.agentnotifiers.dhcp_rpc_agent_api [None req-1b570e5d-3f05-435a-9773-49a717911e4c 511b4e370867442780eeb182d49315a4 e5d84ec93a4c4c658096169b04f88d23 - - default default] Unable to schedule network b18332a6-3dd8-43bf-849f-49ff62392820: no agents available; will retry on subsequent port and subnet creation events.
2026-08-28 05:25:44.807 9 INFO neutron.wsgi [req-1efbbcbf-d43c-43f9-9d53-cd5f4bc3de47 req-e6fc5e8b-3949-4eec-b9f9-71efade03287 b9841e8f6874420a8ae0a69bd992783b 8a524d51fcc54ccab2715a9b8ec55a31 - - 913595b709a846ea99adf01bfce65836 913595b709a846ea99adf01bfce65836] 10.0.0.213 "GET /v2.0/networks/cf8ffeb8-b604-43e6-a952-be60d1c1227d?fields=provider%3Aphysical_network&fields=provider%3Anetwork_type HTTP/1.1" status: 200 len: 277 time: 0.0883167
2026-08-28 05:25:44.937 9 WARNING neutron.scheduler.dhcp_agent_scheduler [None req-b2915f38-c38e-4c02-95f5-3ac41c27b2ab 511b4e370867442780eeb182d49315a4 e5d84ec93a4c4c658096169b04f88d23 - - default default] No more DHCP agents
2026-08-28 05:25:44.938 9 WARNING neutron.api.rpc.agentnotifiers.dhcp_rpc_agent_api [None req-b2915f38-c38e-4c02-95f5-3ac41c27b2ab 511b4e370867442780eeb182d49315a4 e5d84ec93a4c4c658096169b04f88d23 - - default default] Unable to schedule network b18332a6-3dd8-43bf-849f-49ff62392820: no agents available; will retry on subsequent port and subnet creation events.
2026-08-28 05:25:44.957 9 INFO neutron.db.ovn_revision_numbers_db [None req-1b570e5d-3f05-435a-9773-49a717911e4c 511b4e370867442780eeb182d49315a4 e5d84ec93a4c4c658096169b04f88d23 - - default default] Successfully bumped revision number for resource 29986287-60d8-4f96-9485-f779b071d167 (type: ports) to 1
2026-08-28 05:25:45.123 9 INFO neutron.plugins.ml2.drivers.ovn.mech_driver.mech_driver [None req-4e676577-71a5-40a5-8711-631704a4b1f0 - - - - - -] OVN reports status up for port: 84fc9a98-41cd-4cd0-a333-63867d997ace
2026-08-28 05:25:45.158 9 INFO neutron.plugins.ml2.plugin [None req-4e676577-71a5-40a5-8711-631704a4b1f0 - - - - - -] Attempt 1 to provision port 84fc9a98-41cd-4cd0-a333-63867d997ace
2026-08-28 05:25:45.217 10 INFO neutron.wsgi [req-33fa7027-226b-46ba-8d62-812a554e024e req-30cc8029-c8ab-4698-b49c-9607d1862ad5 fcbf92f5d1024f0fbddd02870f74d6a1 5301d30c2fb0479ca079bceb4d81b161 - - default default] 10.0.0.213 "GET /v2.0/ports?device_id=164095ed-4a9b-4bb1-abc8-26f7ec8bca18 HTTP/1.1" status: 200 len: 210 time: 0.0294750
2026-08-28 05:25:45.263 9 INFO neutron.db.ovn_revision_numbers_db [None req-b2915f38-c38e-4c02-95f5-3ac41c27b2ab 511b4e370867442780eeb182d49315a4 e5d84ec93a4c4c658096169b04f88d23 - - default default] Successfully bumped revision number for resource b0de842f-9c6f-4add-b537-a8f0a9a5cfff (type: ports) to 1
2026-08-28 05:25:45.348 9 INFO neutron.notifiers.nova [-] Nova event matching ['req-de532e1b-7a04-4e39-978e-11c361133b93'] response: {'server_uuid': '1856a655-00cd-4e4d-8580-000b2421c7a5', 'name': 'network-vif-plugged', 'status': 'completed', 'tag': '84fc9a98-41cd-4cd0-a333-63867d997ace', 'code': 200}
2026-08-28 05:25:45.610 9 INFO neutron.db.ovn_revision_numbers_db [None req-4e676577-71a5-40a5-8711-631704a4b1f0 - - - - - -] Successfully bumped revision number for resource 84fc9a98-41cd-4cd0-a333-63867d997ace (type: ports) to 4
2026-08-28 05:25:45.654 10 INFO neutron.wsgi [req-3990425b-a96e-4fff-afe7-71a1d9ffc371 req-ecf8786a-3cee-43b1-8d9d-44c6f4115120 24fb877770e64985be61a083961145be c0ba8887e78841e0835db2337bee866a - - default default] 10.0.0.213 "GET /v2.0/ports?device_id=1856a655-00cd-4e4d-8580-000b2421c7a5 HTTP/1.1" status: 200 len: 1170 time: 0.0417492
2026-08-28 05:25:45.727 10 INFO neutron.wsgi [req-3990425b-a96e-4fff-afe7-71a1d9ffc371 req-ff2d1400-1fa1-4063-bf8b-eb8dc9ba40c1 24fb877770e64985be61a083961145be c0ba8887e78841e0835db2337bee866a - - default default] 10.0.0.213 "GET /v2.0/security-groups?id=2c9f3afe-05d1-43bd-98a4-7dadf02d1f15&fields=id&fields=name HTTP/1.1" status: 200 len: 313 time: 0.0642457
2026-08-28 05:25:46.042 10 INFO neutron.plugins.ml2.drivers.ovn.mech_driver.mech_driver [None req-ecca0a14-0421-4d1a-be91-9b3190cdbe4c - - - - - -] OVN reports status up for port: 29986287-60d8-4f96-9485-f779b071d167
2026-08-28 05:25:46.059 10 INFO neutron.plugins.ml2.drivers.ovn.mech_driver.ovsdb.ovsdb_monitor [None req-01e5c81b-a554-48db-a5f4-3a2e613417c3 - - - - - -] Router 7a1699a1-231e-4dee-8f59-9bff5a5d5fef is bound to host instance
2026-08-28 05:25:46.084 10 INFO neutron.plugins.ml2.plugin [None req-ecca0a14-0421-4d1a-be91-9b3190cdbe4c - - - - - -] Attempt 1 to provision port 29986287-60d8-4f96-9485-f779b071d167
2026-08-28 05:25:46.092 9 INFO neutron.db.ovn_revision_numbers_db [None req-1b570e5d-3f05-435a-9773-49a717911e4c 511b4e370867442780eeb182d49315a4 e5d84ec93a4c4c658096169b04f88d23 - - default default] Successfully bumped revision number for resource 29986287-60d8-4f96-9485-f779b071d167 (type: router_ports) to 1 /var/lib/openstack/lib/python3.10/site-packages/pycadf/identifier.py:71: UserWarning: Invalid uuid: neutron. To ensure interoperability, identifiers should be a valid uuid. warnings.warn(('Invalid uuid: %s. To ensure interoperability, '
2026-08-28 05:25:46.171 9 INFO neutron.db.ovn_revision_numbers_db [None req-1b570e5d-3f05-435a-9773-49a717911e4c 511b4e370867442780eeb182d49315a4 e5d84ec93a4c4c658096169b04f88d23 - - default default] Successfully bumped revision number for resource 7a1699a1-231e-4dee-8f59-9bff5a5d5fef (type: routers) to 2
2026-08-28 05:25:46.198 9 INFO neutron.wsgi [None req-1b570e5d-3f05-435a-9773-49a717911e4c 511b4e370867442780eeb182d49315a4 e5d84ec93a4c4c658096169b04f88d23 - - default default] 10.0.0.220 "POST /v2.0/routers HTTP/1.1" status: 201 len: 884 time: 1.9988010
2026-08-28 05:25:46.202 9 INFO neutron.wsgi [req-1efbbcbf-d43c-43f9-9d53-cd5f4bc3de47 req-3e6d8b0a-c93b-4b00-88f8-95771ed6e348 fcbf92f5d1024f0fbddd02870f74d6a1 5301d30c2fb0479ca079bceb4d81b161 - - default default] 162.253.55.123 "GET /v2.0/networks?id=cf8ffeb8-b604-43e6-a952-be60d1c1227d HTTP/1.1" status: 200 len: 878 time: 0.0730441
2026-08-28 05:25:46.251 9 INFO neutron.wsgi [req-1efbbcbf-d43c-43f9-9d53-cd5f4bc3de47 req-b102468c-786d-499c-8d31-ddcddcb87270 fcbf92f5d1024f0fbddd02870f74d6a1 5301d30c2fb0479ca079bceb4d81b161 - - default default] 162.253.55.123 "GET /v2.0/security-groups?fields=id&fields=name&tenant_id=5301d30c2fb0479ca079bceb4d81b161 HTTP/1.1" status: 200 len: 380 time: 0.0433052
2026-08-28 05:25:46.275 9 INFO neutron.plugins.ml2.drivers.ovn.mech_driver.mech_driver [None req-4e676577-71a5-40a5-8711-631704a4b1f0 - - - - - -] OVN reports status up for port: b0de842f-9c6f-4add-b537-a8f0a9a5cfff
2026-08-28 05:25:46.290 9 INFO neutron.plugins.ml2.plugin [None req-4e676577-71a5-40a5-8711-631704a4b1f0 - - - - - -] Attempt 1 to provision port b0de842f-9c6f-4add-b537-a8f0a9a5cfff
