2026-08-28 05:27:45.570 9 INFO neutron.wsgi [None req-8a34f478-0fca-458d-8b8a-f7294cab6e36 8af4a6c2cfd9474ab9e4b4791fe4078f 5f1eef1ae0bb4ad798f9d00449c8c9b3 - - default default] 10.0.0.220 "DELETE /v2.0/networks/edc9916a-df37-407b-a957-42467e61c6bb HTTP/1.1" status: 204 len: 168 time: 1.0324979
2026-08-28 05:27:45.603 9 INFO neutron.wsgi [req-8e9ed96c-e8a6-47de-8bc1-b86acbe95c71 req-644a3d57-5ea1-4115-b25e-37d79a40326e b9841e8f6874420a8ae0a69bd992783b 8a524d51fcc54ccab2715a9b8ec55a31 - - 913595b709a846ea99adf01bfce65836 913595b709a846ea99adf01bfce65836] 162.253.55.123 "GET /v2.0/ports?network_id=39d1190a-e306-47e4-98d7-521760b32589&device_owner=network%3Adhcp HTTP/1.1" status: 200 len: 210 time: 0.0315926
2026-08-28 05:27:45.629 10 INFO neutron.services.segments.plugin [-] Segment 2b7cd2cc-5914-4f1a-a6c5-1de12498f1ca resource provider aggregate not found
2026-08-28 05:27:45.640 10 INFO neutron.services.segments.plugin [-] Segment 2b7cd2cc-5914-4f1a-a6c5-1de12498f1ca resource provider aggregate not found
2026-08-28 05:27:45.671 10 INFO neutron.services.segments.plugin [-] Segment 2b7cd2cc-5914-4f1a-a6c5-1de12498f1ca resource provider not found; error: Placement Client Error (4xx): {"errors": [{"status": 404, "title": "Not Found", "detail": "The resource could not be found.\n\n No resource provider with uuid 2b7cd2cc-5914-4f1a-a6c5-1de12498f1ca found for delete ", "request_id": "req-d5c2a2fb-c611-4c38-8e34-221d8374d920"}]}
2026-08-28 05:27:45.675 10 INFO neutron.services.segments.plugin [-] Segment 2b7cd2cc-5914-4f1a-a6c5-1de12498f1ca resource provider not found; error: Placement Client Error (4xx): {"errors": [{"status": 404, "title": "Not Found", "detail": "The resource could not be found.\n\n No resource provider with uuid 2b7cd2cc-5914-4f1a-a6c5-1de12498f1ca found for delete ", "request_id": "req-edf773f1-d835-46be-9048-9ea812f88d35"}]}
2026-08-28 05:27:45.681 9 INFO neutron.db.ovn_revision_numbers_db [None req-46878ff2-0a5c-4890-a6f9-593f3c16752b 511b4e370867442780eeb182d49315a4 e5d84ec93a4c4c658096169b04f88d23 - - default default] Successfully bumped revision number for resource 02494c9e-de22-45ad-9edc-3824022c339b (type: router_ports) to 1
2026-08-28 05:27:45.707 10 INFO neutron.services.segments.plugin [-] Segment deaaa0f8-43a8-4238-9a33-dd804bd7890a resource provider aggregate not found
2026-08-28 05:27:45.712 10 INFO neutron.services.segments.plugin [-] Segment deaaa0f8-43a8-4238-9a33-dd804bd7890a resource provider aggregate not found
2026-08-28 05:27:45.734 9 INFO neutron.wsgi [req-8e9ed96c-e8a6-47de-8bc1-b86acbe95c71 req-7146a817-5f7b-4a71-94ae-06574ef2ba5a b9841e8f6874420a8ae0a69bd992783b 8a524d51fcc54ccab2715a9b8ec55a31 - - 913595b709a846ea99adf01bfce65836 913595b709a846ea99adf01bfce65836] 162.253.55.123 "GET /v2.0/networks/39d1190a-e306-47e4-98d7-521760b32589?fields=segments HTTP/1.1" status: 200 len: 212 time: 0.1200011
2026-08-28 05:27:45.737 10 INFO neutron.services.segments.plugin [-] Segment deaaa0f8-43a8-4238-9a33-dd804bd7890a resource provider not found; error: Placement Client Error (4xx): {"errors": [{"status": 404, "title": "Not Found", "detail": "The resource could not be found.\n\n No resource provider with uuid deaaa0f8-43a8-4238-9a33-dd804bd7890a found for delete ", "request_id": "req-e771d071-3ebe-4886-a225-d8c726d3289e"}]}
2026-08-28 05:27:45.743 10 INFO neutron.services.segments.plugin [-] Segment deaaa0f8-43a8-4238-9a33-dd804bd7890a resource provider not found; error: Placement Client Error (4xx): {"errors": [{"status": 404, "title": "Not Found", "detail": "The resource could not be found.\n\n No resource provider with uuid deaaa0f8-43a8-4238-9a33-dd804bd7890a found for delete ", "request_id": "req-84a891d0-fca7-459d-ac05-8367434a0ae1"}]}
2026-08-28 05:27:45.759 10 INFO neutron.services.segments.plugin [-] Segment 491785d7-629c-40a0-9184-a02c4c70905f resource provider aggregate not found
2026-08-28 05:27:45.765 10 INFO neutron.services.segments.plugin [-] Segment 491785d7-629c-40a0-9184-a02c4c70905f resource provider aggregate not found
2026-08-28 05:27:45.778 10 INFO neutron.services.segments.plugin [-] Segment 491785d7-629c-40a0-9184-a02c4c70905f resource provider not found; error: Placement Client Error (4xx): {"errors": [{"status": 404, "title": "Not Found", "detail": "The resource could not be found.\n\n No resource provider with uuid 491785d7-629c-40a0-9184-a02c4c70905f found for delete ", "request_id": "req-145aabbf-2040-4ce8-b7cb-40e576364129"}]}
2026-08-28 05:27:45.783 10 INFO neutron.services.segments.plugin [-] Segment 491785d7-629c-40a0-9184-a02c4c70905f resource provider not found; error: Placement Client Error (4xx): {"errors": [{"status": 404, "title": "Not Found", "detail": "The resource could not be found.\n\n No resource provider with uuid 491785d7-629c-40a0-9184-a02c4c70905f found for delete ", "request_id": "req-c3f95397-1a38-4e4c-989b-94cd39909826"}]}
2026-08-28 05:27:45.790 9 INFO neutron.db.ovn_revision_numbers_db [None req-bf4582b6-c1b3-46da-bac0-412675c18bf0 - - - - - -] Successfully bumped revision number for resource e4f4b09e-5326-4275-a2c3-c08ee26e2da7 (type: ports) to 4
2026-08-28 05:27:45.797 10 INFO neutron.services.segments.plugin [-] Segment 9830adb2-2d17-4eb3-8c8c-f5fbd569e590 resource provider aggregate not found
2026-08-28 05:27:45.801 10 INFO neutron.services.segments.plugin [-] Segment 9830adb2-2d17-4eb3-8c8c-f5fbd569e590 resource provider aggregate not found
2026-08-28 05:27:45.813 10 INFO neutron.services.segments.plugin [-] Segment 9830adb2-2d17-4eb3-8c8c-f5fbd569e590 resource provider not found; error: Placement Client Error (4xx): {"errors": [{"status": 404, "title": "Not Found", "detail": "The resource could not be found.\n\n No resource provider with uuid 9830adb2-2d17-4eb3-8c8c-f5fbd569e590 found for delete ", "request_id": "req-83187f04-e799-46a1-a6b9-8195262f13fe"}]}
2026-08-28 05:27:45.815 10 INFO neutron.services.segments.plugin [-] Segment 9830adb2-2d17-4eb3-8c8c-f5fbd569e590 resource provider not found; error: Placement Client Error (4xx): {"errors": [{"status": 404, "title": "Not Found", "detail": "The resource could not be found.\n\n No resource provider with uuid 9830adb2-2d17-4eb3-8c8c-f5fbd569e590 found for delete ", "request_id": "req-25cfdd9e-697c-4800-a292-91010e76ecdf"}]}
2026-08-28 05:27:45.816 10 WARNING neutron.scheduler.dhcp_agent_scheduler [None req-53bdc394-c209-4278-b78a-822254a4722a 29f55292545f44cc9755492df380fb3e 7e3d26c761a24e249bd6fe63911849eb - - default default] No more DHCP agents
2026-08-28 05:27:45.820 10 WARNING neutron.api.rpc.agentnotifiers.dhcp_rpc_agent_api [None req-53bdc394-c209-4278-b78a-822254a4722a 29f55292545f44cc9755492df380fb3e 7e3d26c761a24e249bd6fe63911849eb - - default default] Unable to schedule network 776ff723-2f91-4d83-8416-2aac582b9087: no agents available; will retry on subsequent port and subnet creation events.
2026-08-28 05:27:45.835 9 INFO neutron.wsgi [req-8e9ed96c-e8a6-47de-8bc1-b86acbe95c71 req-275aa43b-2b62-4381-baf5-1b5ac45d76bc b9841e8f6874420a8ae0a69bd992783b 8a524d51fcc54ccab2715a9b8ec55a31 - - 913595b709a846ea99adf01bfce65836 913595b709a846ea99adf01bfce65836] 162.253.55.123 "GET /v2.0/networks/39d1190a-e306-47e4-98d7-521760b32589?fields=provider%3Aphysical_network&fields=provider%3Anetwork_type HTTP/1.1" status: 200 len: 277 time: 0.0875368
2026-08-28 05:27:45.961 9 INFO neutron.db.ovn_revision_numbers_db [None req-46878ff2-0a5c-4890-a6f9-593f3c16752b 511b4e370867442780eeb182d49315a4 e5d84ec93a4c4c658096169b04f88d23 - - default default] Successfully bumped revision number for resource 02494c9e-de22-45ad-9edc-3824022c339b (type: ports) to 1
2026-08-28 05:27:46.065 10 WARNING neutron.plugins.ml2.drivers.ovn.mech_driver.ovsdb.ovn_client [None req-ecca0a14-0421-4d1a-be91-9b3190cdbe4c - - - - - -] No port found with ID 092a93cb-b385-4949-a84c-62d79f05eefe: RuntimeError: No port found with ID 092a93cb-b385-4949-a84c-62d79f05eefe
2026-08-28 05:27:46.065 10 INFO neutron.plugins.ml2.drivers.ovn.mech_driver.mech_driver [None req-ecca0a14-0421-4d1a-be91-9b3190cdbe4c - - - - - -] OVN reports status up for port: 02494c9e-de22-45ad-9edc-3824022c339b
2026-08-28 05:27:46.082 10 INFO neutron.plugins.ml2.plugin [None req-ecca0a14-0421-4d1a-be91-9b3190cdbe4c - - - - - -] Attempt 1 to provision port 02494c9e-de22-45ad-9edc-3824022c339b
2026-08-28 05:27:46.083 10 INFO neutron.db.ovn_revision_numbers_db [None req-53bdc394-c209-4278-b78a-822254a4722a 29f55292545f44cc9755492df380fb3e 7e3d26c761a24e249bd6fe63911849eb - - default default] Successfully bumped revision number for resource 44ae3559-344e-4cb5-86a5-94db08c9bc81 (type: subnets) to 0
2026-08-28 05:27:46.110 10 INFO neutron.wsgi [None req-53bdc394-c209-4278-b78a-822254a4722a 29f55292545f44cc9755492df380fb3e 7e3d26c761a24e249bd6fe63911849eb - - default default] 10.0.0.220 "POST /v2.0/subnets HTTP/1.1" status: 201 len: 821 time: 0.6807315
2026-08-28 05:27:46.213 9 INFO neutron.db.ovn_revision_numbers_db [None req-4e676577-71a5-40a5-8711-631704a4b1f0 - - - - - -] Successfully bumped revision number for resource c9f8770b-2f86-4970-85e2-60760ca05ba7 (type: ports) to 4
2026-08-28 05:27:46.303 9 WARNING neutron.scheduler.dhcp_agent_scheduler [None req-46878ff2-0a5c-4890-a6f9-593f3c16752b 511b4e370867442780eeb182d49315a4 e5d84ec93a4c4c658096169b04f88d23 - - default default] No more DHCP agents
2026-08-28 05:27:46.308 9 WARNING neutron.api.rpc.agentnotifiers.dhcp_rpc_agent_api [None req-46878ff2-0a5c-4890-a6f9-593f3c16752b 511b4e370867442780eeb182d49315a4 e5d84ec93a4c4c658096169b04f88d23 - - default default] Unable to schedule network df70c1f3-a55f-4841-9d5e-27fe69ddd550: no agents available; will retry on subsequent port and subnet creation events.
2026-08-28 05:27:46.317 10 INFO neutron.db.ovn_revision_numbers_db [None req-e24047ba-2cb2-41b5-81a0-3afe6657810e 29f55292545f44cc9755492df380fb3e 7e3d26c761a24e249bd6fe63911849eb - - default default] Successfully bumped revision number for resource 50e85f44-1d2e-4309-9fa1-ff12ee395597 (type: routers) to 1
2026-08-28 05:27:46.336 9 INFO neutron.wsgi [req-9a033837-af94-47d5-98e6-3cfb40461410 req-5721439c-4526-408a-86c9-012ea56dcb61 a790fe6fc63046eb9d0a1ec74dbae7ec 758efd9b696647fdac3900eb61a25889 - - default default] 10.0.0.213 "GET /v2.0/ports?device_id=7b080e4c-0d4e-4d1f-ae96-a6b677508270 HTTP/1.1" status: 200 len: 1170 time: 0.3471556
2026-08-28 05:27:46.338 10 INFO neutron.wsgi [None req-e24047ba-2cb2-41b5-81a0-3afe6657810e 29f55292545f44cc9755492df380fb3e 7e3d26c761a24e249bd6fe63911849eb - - default default] 10.0.0.220 "POST /v2.0/routers HTTP/1.1" status: 201 len: 691 time: 0.2231734 /var/lib/openstack/lib/python3.10/site-packages/pycadf/identifier.py:71: UserWarning: Invalid uuid: neutron. To ensure interoperability, identifiers should be a valid uuid. warnings.warn(('Invalid uuid: %s. To ensure interoperability, '
2026-08-28 05:27:46.406 9 INFO neutron.db.ovn_revision_numbers_db [None req-bf4582b6-c1b3-46da-bac0-412675c18bf0 - - - - - -] Successfully bumped revision number for resource e4f4b09e-5326-4275-a2c3-c08ee26e2da7 (type: router_ports) to 4
2026-08-28 05:27:46.411 9 INFO neutron.wsgi [req-9a033837-af94-47d5-98e6-3cfb40461410 req-fec71386-500e-4323-8ce2-475dab6499a0 a790fe6fc63046eb9d0a1ec74dbae7ec 758efd9b696647fdac3900eb61a25889 - - default default] 10.0.0.213 "GET /v2.0/security-groups?id=ae326201-eb40-45aa-adeb-2c199f979b37&fields=id&fields=name HTTP/1.1" status: 200 len: 313 time: 0.0597024
2026-08-28 05:27:46.450 10 INFO neutron.wsgi [None req-f8ad7d11-368f-46a9-8ee5-59bd4b0aa519 8af4a6c2cfd9474ab9e4b4791fe4078f 5f1eef1ae0bb4ad798f9d00449c8c9b3 - - default default] 10.0.0.220 "DELETE /v2.0/networks/46dc96b5-d2ba-4bab-aa9a-5f5106ad985f HTTP/1.1" status: 204 len: 168 time: 0.8737340
2026-08-28 05:27:46.505 10 INFO neutron.db.ovn_revision_numbers_db [None req-ecca0a14-0421-4d1a-be91-9b3190cdbe4c - - - - - -] Successfully bumped revision number for resource 02494c9e-de22-45ad-9edc-3824022c339b (type: ports) to 2
2026-08-28 05:27:46.515 9 INFO neutron.notifiers.nova [-] Nova event matching ['req-0c20b98e-7042-40c9-be96-9b9bb48654af'] response: {'server_uuid': '7b080e4c-0d4e-4d1f-ae96-a6b677508270', 'name': 'network-vif-plugged', 'status': 'completed', 'tag': 'c9f8770b-2f86-4970-85e2-60760ca05ba7', 'code': 200}
2026-08-28 05:27:46.515 9 INFO neutron.notifiers.nova [-] Nova event matching ['req-0c20b98e-7042-40c9-be96-9b9bb48654af'] response: {'server_uuid': '7b080e4c-0d4e-4d1f-ae96-a6b677508270', 'name': 'network-vif-plugged', 'status': 'completed', 'tag': 'c9f8770b-2f86-4970-85e2-60760ca05ba7', 'code': 200}
2026-08-28 05:27:46.679 10 INFO neutron.db.ovn_revision_numbers_db [None req-ecca0a14-0421-4d1a-be91-9b3190cdbe4c - - - - - -] Successfully bumped revision number for resource 02494c9e-de22-45ad-9edc-3824022c339b (type: router_ports) to 2
2026-08-28 05:27:46.795 10 WARNING neutron.scheduler.dhcp_agent_scheduler [None req-cb553be7-f3a4-4f86-9615-5d33c282ba6f 29f55292545f44cc9755492df380fb3e 7e3d26c761a24e249bd6fe63911849eb - - default default] No more DHCP agents
2026-08-28 05:27:46.798 10 WARNING neutron.api.rpc.agentnotifiers.dhcp_rpc_agent_api [None req-cb553be7-f3a4-4f86-9615-5d33c282ba6f 29f55292545f44cc9755492df380fb3e 7e3d26c761a24e249bd6fe63911849eb - - default default] Unable to schedule network 776ff723-2f91-4d83-8416-2aac582b9087: no agents available; will retry on subsequent port and subnet creation events.
2026-08-28 05:27:46.883 9 INFO neutron.db.ovn_revision_numbers_db [None req-46878ff2-0a5c-4890-a6f9-593f3c16752b 511b4e370867442780eeb182d49315a4 e5d84ec93a4c4c658096169b04f88d23 - - default default] Successfully bumped revision number for resource 02494c9e-de22-45ad-9edc-3824022c339b (type: router_ports) to 2
2026-08-28 05:27:46.886 9 INFO neutron.wsgi [None req-46878ff2-0a5c-4890-a6f9-593f3c16752b 511b4e370867442780eeb182d49315a4 e5d84ec93a4c4c658096169b04f88d23 - - default default] 10.0.0.220 "PUT /v2.0/routers/17dffe57-15b6-4b18-961a-db3cf82bec9c/add_router_interface HTTP/1.1" status: 200 len: 503 time: 3.7077906
2026-08-28 05:27:46.894 10 INFO neutron.db.ovn_revision_numbers_db [None req-cb553be7-f3a4-4f86-9615-5d33c282ba6f 29f55292545f44cc9755492df380fb3e 7e3d26c761a24e249bd6fe63911849eb - - default default] Successfully bumped revision number for resource fc87ed99-773f-4716-9f60-d2ebd5c2a236 (type: ports) to 1
2026-08-28 05:27:46.915 10 INFO neutron.wsgi [None req-cb553be7-f3a4-4f86-9615-5d33c282ba6f 29f55292545f44cc9755492df380fb3e 7e3d26c761a24e249bd6fe63911849eb - - default default] 10.0.0.220 "POST /v2.0/ports HTTP/1.1" status: 201 len: 1163 time: 0.5704281 /var/lib/openstack/lib/python3.10/site-packages/pycadf/identifier.py:71: UserWarning: Invalid uuid: neutron. To ensure interoperability, identifiers should be a valid uuid. warnings.warn(('Invalid uuid: %s. To ensure interoperability, '
2026-08-28 05:27:47.289 10 INFO neutron.db.ovn_revision_numbers_db [None req-85d8f3e4-6c52-4137-ab5c-b2f5fb3887b1 29f55292545f44cc9755492df380fb3e 7e3d26c761a24e249bd6fe63911849eb - - default default] Successfully bumped revision number for resource fc87ed99-773f-4716-9f60-d2ebd5c2a236 (type: router_ports) to 2
2026-08-28 05:27:47.400 10 INFO neutron.db.ovn_revision_numbers_db [None req-85d8f3e4-6c52-4137-ab5c-b2f5fb3887b1 29f55292545f44cc9755492df380fb3e 7e3d26c761a24e249bd6fe63911849eb - - default default] Successfully bumped revision number for resource fc87ed99-773f-4716-9f60-d2ebd5c2a236 (type: ports) to 2
2026-08-28 05:27:47.533 9 INFO neutron.wsgi [req-f4b4c5d9-a179-43ef-bad1-4616f542641d req-ae8734ef-8f76-4bcb-8c76-b0ecc749971b a790fe6fc63046eb9d0a1ec74dbae7ec 758efd9b696647fdac3900eb61a25889 - - default default] 10.0.0.213 "GET /v2.0/ports?device_id=7b080e4c-0d4e-4d1f-ae96-a6b677508270 HTTP/1.1" status: 200 len: 1170 time: 0.0419576
2026-08-28 05:27:47.574 9 INFO neutron.wsgi [req-f4b4c5d9-a179-43ef-bad1-4616f542641d req-ce08c9e5-9d71-4b9a-927b-8ea14a6ad4c1 a790fe6fc63046eb9d0a1ec74dbae7ec 758efd9b696647fdac3900eb61a25889 - - default default] 10.0.0.213 "GET /v2.0/security-groups?id=ae326201-eb40-45aa-adeb-2c199f979b37&fields=id&fields=name HTTP/1.1" status: 200 len: 313 time: 0.0342054 /var/lib/openstack/lib/python3.10/site-packages/pycadf/identifier.py:71: UserWarning: Invalid uuid: neutron. To ensure interoperability, identifiers should be a valid uuid. warnings.warn(('Invalid uuid: %s. To ensure interoperability, '
2026-08-28 05:27:47.683 10 INFO neutron.wsgi [req-dcf1eb51-c196-4381-9959-3bbc30fa0da4 req-4b3c0119-b846-4d93-81bb-953d3512558d a790fe6fc63046eb9d0a1ec74dbae7ec 758efd9b696647fdac3900eb61a25889 - - default default] 10.0.0.213 "GET /v2.0/ports?device_id=7b080e4c-0d4e-4d1f-ae96-a6b677508270 HTTP/1.1" status: 200 len: 1170 time: 0.0405107
2026-08-28 05:27:47.754 10 INFO neutron.wsgi [req-dcf1eb51-c196-4381-9959-3bbc30fa0da4 req-c819198c-ddc0-400d-ae87-730e5fb90a46 a790fe6fc63046eb9d0a1ec74dbae7ec 758efd9b696647fdac3900eb61a25889 - - default default] 10.0.0.213 "GET /v2.0/security-groups?id=ae326201-eb40-45aa-adeb-2c199f979b37&fields=id&fields=name HTTP/1.1" status: 200 len: 313 time: 0.0644116
2026-08-28 05:27:47.808 9 INFO neutron.wsgi [None req-79795b06-65df-4e5d-bfaf-73cf8eda545a 511b4e370867442780eeb182d49315a4 e5d84ec93a4c4c658096169b04f88d23 - - default default] 10.0.0.220 "GET /v2.0/security-groups?tenant_id=5f1eef1ae0bb4ad798f9d00449c8c9b3&name=default HTTP/1.1" status: 200 len: 2996 time: 0.3962641
2026-08-28 05:27:47.808 10 INFO neutron.db.ovn_revision_numbers_db [None req-85d8f3e4-6c52-4137-ab5c-b2f5fb3887b1 29f55292545f44cc9755492df380fb3e 7e3d26c761a24e249bd6fe63911849eb - - default default] Successfully bumped revision number for resource fc87ed99-773f-4716-9f60-d2ebd5c2a236 (type: router_ports) to 2
2026-08-28 05:27:47.847 10 INFO neutron.services.segments.plugin [-] Segment e31f29aa-7718-4430-ab4f-56668657d000 resource provider aggregate not found
2026-08-28 05:27:47.848 9 INFO neutron.wsgi [None req-8d78dc29-6346-4d10-93c2-6274d3914a10 89d784d6e3c74a18962dc437843a3471 10ee60a4d2d442b2b3b4a7fee7b956ce - - default default] 10.0.0.220 "GET /v2.0/ports?device_id=7b080e4c-0d4e-4d1f-ae96-a6b677508270 HTTP/1.1" status: 200 len: 1404 time: 0.0611627
2026-08-28 05:27:47.852 10 INFO neutron.services.segments.plugin [-] Segment e31f29aa-7718-4430-ab4f-56668657d000 resource provider aggregate not found
2026-08-28 05:27:47.873 10 INFO neutron.services.segments.plugin [-] Segment e31f29aa-7718-4430-ab4f-56668657d000 resource provider not found; error: Placement Client Error (4xx): {"errors": [{"status": 404, "title": "Not Found", "detail": "The resource could not be found.\n\n No resource provider with uuid e31f29aa-7718-4430-ab4f-56668657d000 found for delete ", "request_id": "req-0ad0bc52-d614-4aff-9824-1adeab1806c6"}]}
2026-08-28 05:27:47.874 10 INFO neutron.services.segments.plugin [-] Segment e31f29aa-7718-4430-ab4f-56668657d000 resource provider not found; error: Placement Client Error (4xx): {"errors": [{"status": 404, "title": "Not Found", "detail": "The resource could not be found.\n\n No resource provider with uuid e31f29aa-7718-4430-ab4f-56668657d000 found for delete ", "request_id": "req-f91e3f8f-3a71-4aa1-b286-1dbfbdaf65a4"}]}
2026-08-28 05:27:47.920 10 INFO neutron.db.ovn_revision_numbers_db [None req-85d8f3e4-6c52-4137-ab5c-b2f5fb3887b1 29f55292545f44cc9755492df380fb3e 7e3d26c761a24e249bd6fe63911849eb - - default default] Successfully bumped revision number for resource fc87ed99-773f-4716-9f60-d2ebd5c2a236 (type: ports) to 2
2026-08-28 05:27:47.974 10 WARNING neutron.scheduler.dhcp_agent_scheduler [None req-85d8f3e4-6c52-4137-ab5c-b2f5fb3887b1 29f55292545f44cc9755492df380fb3e 7e3d26c761a24e249bd6fe63911849eb - - default default] No more DHCP agents
2026-08-28 05:27:47.975 10 WARNING neutron.api.rpc.agentnotifiers.dhcp_rpc_agent_api [None req-85d8f3e4-6c52-4137-ab5c-b2f5fb3887b1 29f55292545f44cc9755492df380fb3e 7e3d26c761a24e249bd6fe63911849eb - - default default] Unable to schedule network 776ff723-2f91-4d83-8416-2aac582b9087: no agents available; will retry on subsequent port and subnet creation events.
2026-08-28 05:27:48.121 10 INFO neutron.db.ovn_revision_numbers_db [None req-85d8f3e4-6c52-4137-ab5c-b2f5fb3887b1 29f55292545f44cc9755492df380fb3e 7e3d26c761a24e249bd6fe63911849eb - - default default] Successfully bumped revision number for resource fc87ed99-773f-4716-9f60-d2ebd5c2a236 (type: router_ports) to 2
2026-08-28 05:27:48.124 10 INFO neutron.wsgi [None req-85d8f3e4-6c52-4137-ab5c-b2f5fb3887b1 29f55292545f44cc9755492df380fb3e 7e3d26c761a24e249bd6fe63911849eb - - default default] 10.0.0.220 "PUT /v2.0/routers/50e85f44-1d2e-4309-9fa1-ff12ee395597/add_router_interface HTTP/1.1" status: 200 len: 503 time: 1.1976976 /var/lib/openstack/lib/python3.10/site-packages/pycadf/identifier.py:71: UserWarning: Invalid uuid: neutron. To ensure interoperability, identifiers should be a valid uuid. warnings.warn(('Invalid uuid: %s. To ensure interoperability, '
2026-08-28 05:27:48.131 9 INFO neutron.db.l3_db [None req-74677aad-b5c9-4cb0-b807-80cc06191b7f a790fe6fc63046eb9d0a1ec74dbae7ec 758efd9b696647fdac3900eb61a25889 - - default default] Floating IP 83d18e2f-34f9-4a6f-8d43-963caab673c5 associated. External IP: 10.96.250.204, port: c9f8770b-2f86-4970-85e2-60760ca05ba7.
2026-08-28 05:27:48.155 10 INFO neutron.wsgi [None req-26ebf78a-e5f1-4048-960c-63f3e03b3ff1 29f55292545f44cc9755492df380fb3e 7e3d26c761a24e249bd6fe63911849eb - - default default] 10.0.0.220 "GET /v2.0/ports/fc87ed99-773f-4716-9f60-d2ebd5c2a236 HTTP/1.1" status: 200 len: 1219 time: 0.0266805
2026-08-28 05:27:48.164 9 INFO neutron.wsgi [None req-a579f88c-776d-4e48-952e-32fa14f16bcd 511b4e370867442780eeb182d49315a4 e5d84ec93a4c4c658096169b04f88d23 - - default default] 10.0.0.220 "DELETE /v2.0/security-groups/cd2c0892-8bc0-4b1a-9fbc-48e0d81e4e54 HTTP/1.1" status: 204 len: 168 time: 0.3487742
2026-08-28 05:27:48.283 9 INFO neutron.db.ovn_revision_numbers_db [None req-f95f141c-e0fa-4d30-b792-6915d770bc46 511b4e370867442780eeb182d49315a4 e5d84ec93a4c4c658096169b04f88d23 - - default default] Successfully bumped revision number for resource 19e501d6-7ae3-4ed7-b4d5-e98a27c77399 (type: security_groups) to 1
2026-08-28 05:27:48.312 9 INFO neutron.db.ovn_revision_numbers_db [None req-f95f141c-e0fa-4d30-b792-6915d770bc46 511b4e370867442780eeb182d49315a4 e5d84ec93a4c4c658096169b04f88d23 - - default default] Successfully bumped revision number for resource 40b93365-1fff-41d1-aa94-c39277496a26 (type: security_group_rules) to 0
2026-08-28 05:27:48.322 9 INFO neutron.db.ovn_revision_numbers_db [None req-74677aad-b5c9-4cb0-b807-80cc06191b7f a790fe6fc63046eb9d0a1ec74dbae7ec 758efd9b696647fdac3900eb61a25889 - - default default] Successfully bumped revision number for resource 83d18e2f-34f9-4a6f-8d43-963caab673c5 (type: floatingips) to 4 /var/lib/openstack/lib/python3.10/site-packages/pycadf/identifier.py:71: UserWarning: Invalid uuid: neutron. To ensure interoperability, identifiers should be a valid uuid. warnings.warn(('Invalid uuid: %s. To ensure interoperability, '
2026-08-28 05:27:48.339 9 INFO neutron.db.ovn_revision_numbers_db [None req-f95f141c-e0fa-4d30-b792-6915d770bc46 511b4e370867442780eeb182d49315a4 e5d84ec93a4c4c658096169b04f88d23 - - default default] Successfully bumped revision number for resource 8e6fcc0f-31f4-40c2-8f3d-92705b409516 (type: security_group_rules) to 0
2026-08-28 05:27:48.355 9 INFO neutron.db.ovn_revision_numbers_db [None req-f95f141c-e0fa-4d30-b792-6915d770bc46 511b4e370867442780eeb182d49315a4 e5d84ec93a4c4c658096169b04f88d23 - - default default] Successfully bumped revision number for resource f59d8f2b-3877-4b85-8216-029273f70e4e (type: security_group_rules) to 0
2026-08-28 05:27:48.392 9 INFO neutron.db.ovn_revision_numbers_db [None req-f95f141c-e0fa-4d30-b792-6915d770bc46 511b4e370867442780eeb182d49315a4 e5d84ec93a4c4c658096169b04f88d23 - - default default] Successfully bumped revision number for resource fd37ba64-d4b1-4d30-beb0-ac72f39d5a66 (type: security_group_rules) to 0
2026-08-28 05:27:48.674 9 INFO neutron.db.segments_db [None req-f95f141c-e0fa-4d30-b792-6915d770bc46 511b4e370867442780eeb182d49315a4 e5d84ec93a4c4c658096169b04f88d23 - - default default] Added segment fd4fc3a7-326a-407b-83d0-2b670c1aefc5 of type geneve for network d329a87d-ef59-4918-b783-15f3cc4f4b6d
2026-08-28 05:27:48.703 9 INFO neutron.db.ovn_revision_numbers_db [None req-74677aad-b5c9-4cb0-b807-80cc06191b7f a790fe6fc63046eb9d0a1ec74dbae7ec 758efd9b696647fdac3900eb61a25889 - - default default] Successfully bumped revision number for resource 83d18e2f-34f9-4a6f-8d43-963caab673c5 (type: floatingips) to 5
2026-08-28 05:27:48.724 9 INFO neutron.db.ovn_revision_numbers_db [None req-c098b77b-2d73-4ac7-82d3-d5781386d5e6 511b4e370867442780eeb182d49315a4 e5d84ec93a4c4c658096169b04f88d23 - - default default] Successfully bumped revision number for resource 9a68b33f-bd72-4f81-b7b6-145fc9fac438 (type: security_groups) to 1
2026-08-28 05:27:48.737 9 INFO neutron.wsgi [None req-74677aad-b5c9-4cb0-b807-80cc06191b7f a790fe6fc63046eb9d0a1ec74dbae7ec 758efd9b696647fdac3900eb61a25889 - - default default] 10.0.0.220 "PUT /v2.0/floatingips/83d18e2f-34f9-4a6f-8d43-963caab673c5 HTTP/1.1" status: 200 len: 1049 time: 0.8843100 /var/lib/openstack/lib/python3.10/site-packages/pycadf/identifier.py:71: UserWarning: Invalid uuid: neutron. To ensure interoperability, identifiers should be a valid uuid. warnings.warn(('Invalid uuid: %s. To ensure interoperability, '
2026-08-28 05:27:48.760 9 INFO neutron.db.ovn_revision_numbers_db [None req-c098b77b-2d73-4ac7-82d3-d5781386d5e6 511b4e370867442780eeb182d49315a4 e5d84ec93a4c4c658096169b04f88d23 - - default default] Successfully bumped revision number for resource 18017b61-a2d2-4caf-bd4a-11fe53c4760c (type: security_group_rules) to 0
2026-08-28 05:27:48.779 9 INFO neutron.db.ovn_revision_numbers_db [None req-c098b77b-2d73-4ac7-82d3-d5781386d5e6 511b4e370867442780eeb182d49315a4 e5d84ec93a4c4c658096169b04f88d23 - - default default] Successfully bumped revision number for resource 2bc5e1e2-1c2b-4807-8476-87fc4545b58b (type: security_group_rules) to 0
2026-08-28 05:27:48.793 9 INFO neutron.notifiers.nova [-] Nova event matching ['req-de3255e1-a9e6-4d2e-aa7b-e2d0e0133ea7'] response: {'name': 'network-changed', 'server_uuid': '7b080e4c-0d4e-4d1f-ae96-a6b677508270', 'tag': 'c9f8770b-2f86-4970-85e2-60760ca05ba7', 'status': 'completed', 'code': 200}
2026-08-28 05:27:48.798 10 INFO neutron.wsgi [None req-1756b07a-a45b-4941-a169-5b76c5759d85 a790fe6fc63046eb9d0a1ec74dbae7ec 758efd9b696647fdac3900eb61a25889 - - default default] 10.0.0.220 "GET /v2.0/floatingips/83d18e2f-34f9-4a6f-8d43-963caab673c5 HTTP/1.1" status: 200 len: 1051 time: 0.0556314
2026-08-28 05:27:48.812 9 INFO neutron.db.ovn_revision_numbers_db [None req-c098b77b-2d73-4ac7-82d3-d5781386d5e6 511b4e370867442780eeb182d49315a4 e5d84ec93a4c4c658096169b04f88d23 - - default default] Successfully bumped revision number for resource 3197f000-a0f7-41de-b2a0-2cd8ef3150b1 (type: security_group_rules) to 0
2026-08-28 05:27:48.876 9 INFO neutron.db.ovn_revision_numbers_db [None req-c098b77b-2d73-4ac7-82d3-d5781386d5e6 511b4e370867442780eeb182d49315a4 e5d84ec93a4c4c658096169b04f88d23 - - default default] Successfully bumped revision number for resource 685e9dfb-8a80-4dc4-9bbe-113d3340d767 (type: security_group_rules) to 0
2026-08-28 05:27:48.880 9 INFO neutron.wsgi [req-59495959-d5ef-4c72-9af7-a990e512c92d req-071e9ec6-aa20-4105-b49b-86a30983d4ea b9841e8f6874420a8ae0a69bd992783b 8a524d51fcc54ccab2715a9b8ec55a31 - - 913595b709a846ea99adf01bfce65836 913595b709a846ea99adf01bfce65836] 162.253.55.123 "GET /v2.0/ports?tenant_id=758efd9b696647fdac3900eb61a25889&device_id=7b080e4c-0d4e-4d1f-ae96-a6b677508270 HTTP/1.1" status: 200 len: 1409 time: 0.0637269
2026-08-28 05:27:48.900 9 INFO neutron.db.ovn_revision_numbers_db [None req-f95f141c-e0fa-4d30-b792-6915d770bc46 511b4e370867442780eeb182d49315a4 e5d84ec93a4c4c658096169b04f88d23 - - default default] Successfully bumped revision number for resource d329a87d-ef59-4918-b783-15f3cc4f4b6d (type: networks) to 1
2026-08-28 05:27:48.907 9 INFO neutron.wsgi [None req-c098b77b-2d73-4ac7-82d3-d5781386d5e6 511b4e370867442780eeb182d49315a4 e5d84ec93a4c4c658096169b04f88d23 - - default default] 10.0.0.220 "GET /v2.0/security-groups?tenant_id=c2795ddc04a043a8890ba722d9f613e1&name=default HTTP/1.1" status: 200 len: 2996 time: 0.5831826
2026-08-28 05:27:48.969 9 INFO neutron.wsgi [req-59495959-d5ef-4c72-9af7-a990e512c92d req-0f01037d-2eca-4b82-951c-3bec43c0ac15 b9841e8f6874420a8ae0a69bd992783b 8a524d51fcc54ccab2715a9b8ec55a31 - - 913595b709a846ea99adf01bfce65836 913595b709a846ea99adf01bfce65836] 162.253.55.123 "GET /v2.0/networks?id=39d1190a-e306-47e4-98d7-521760b32589 HTTP/1.1" status: 200 len: 959 time: 0.0806916
2026-08-28 05:27:48.972 10 INFO neutron.wsgi [None req-714575f5-9f8f-4eeb-b059-86c176836cad 29f55292545f44cc9755492df380fb3e 7e3d26c761a24e249bd6fe63911849eb - - default default] 10.0.0.220 "PUT /v2.0/routers/50e85f44-1d2e-4309-9fa1-ff12ee395597/remove_router_interface HTTP/1.1" status: 200 len: 503 time: 0.8127062 /var/lib/openstack/lib/python3.10/site-packages/pycadf/identifier.py:71: UserWarning: Invalid uuid: neutron. To ensure interoperability, identifiers should be a valid uuid. warnings.warn(('Invalid uuid: %s. To ensure interoperability, '
2026-08-28 05:27:49.036 9 INFO neutron.wsgi [req-59495959-d5ef-4c72-9af7-a990e512c92d req-721df30e-f574-4121-ba67-fc23e2f32fc0 b9841e8f6874420a8ae0a69bd992783b 8a524d51fcc54ccab2715a9b8ec55a31 - - 913595b709a846ea99adf01bfce65836 913595b709a846ea99adf01bfce65836] 162.253.55.123 "GET /v2.0/floatingips?fixed_ip_address=10.100.0.6&port_id=c9f8770b-2f86-4970-85e2-60760ca05ba7 HTTP/1.1" status: 200 len: 1059 time: 0.0549991
2026-08-28 05:27:49.036 10 INFO neutron.api.v2.resource [None req-d4e2ba6b-11a9-4573-8cdb-6f2ef3eac1bb 29f55292545f44cc9755492df380fb3e 7e3d26c761a24e249bd6fe63911849eb - - default default] remove_router_interface failed (client error): The resource could not be found.
2026-08-28 05:27:49.037 10 INFO neutron.wsgi [None req-d4e2ba6b-11a9-4573-8cdb-6f2ef3eac1bb 29f55292545f44cc9755492df380fb3e 7e3d26c761a24e249bd6fe63911849eb - - default default] 10.0.0.220 "PUT /v2.0/routers/50e85f44-1d2e-4309-9fa1-ff12ee395597/remove_router_interface HTTP/1.1" status: 404 len: 398 time: 0.0587444
2026-08-28 05:27:49.057 10 INFO neutron.wsgi [None req-b48bf472-3a81-474a-b4f5-da66c79d8088 29f55292545f44cc9755492df380fb3e 7e3d26c761a24e249bd6fe63911849eb - - default default] 10.0.0.220 "GET /v2.0/ports?device_id=50e85f44-1d2e-4309-9fa1-ff12ee395597 HTTP/1.1" status: 200 len: 205 time: 0.0159931
2026-08-28 05:27:49.083 9 INFO neutron.wsgi [req-59495959-d5ef-4c72-9af7-a990e512c92d req-6ecba265-7680-4c1d-a458-03b47b8fd8f1 b9841e8f6874420a8ae0a69bd992783b 8a524d51fcc54ccab2715a9b8ec55a31 - - 913595b709a846ea99adf01bfce65836 913595b709a846ea99adf01bfce65836] 162.253.55.123 "GET /v2.0/subnets?id=10153242-f2df-4488-be28-55c8a5721bd4 HTTP/1.1" status: 200 len: 853 time: 0.0390108
2026-08-28 05:27:49.122 9 INFO neutron.wsgi [req-59495959-d5ef-4c72-9af7-a990e512c92d req-d9f61612-2862-4828-bc4c-72f891ae6601 b9841e8f6874420a8ae0a69bd992783b 8a524d51fcc54ccab2715a9b8ec55a31 - - 913595b709a846ea99adf01bfce65836 913595b709a846ea99adf01bfce65836] 162.253.55.123 "GET /v2.0/ports?network_id=39d1190a-e306-47e4-98d7-521760b32589&device_owner=network%3Adhcp HTTP/1.1" status: 200 len: 210 time: 0.0305212
2026-08-28 05:27:49.134 9 WARNING neutron.scheduler.dhcp_agent_scheduler [None req-f95f141c-e0fa-4d30-b792-6915d770bc46 511b4e370867442780eeb182d49315a4 e5d84ec93a4c4c658096169b04f88d23 - - default default] No more DHCP agents
2026-08-28 05:27:49.140 9 WARNING neutron.api.rpc.agentnotifiers.dhcp_rpc_agent_api [None req-f95f141c-e0fa-4d30-b792-6915d770bc46 511b4e370867442780eeb182d49315a4 e5d84ec93a4c4c658096169b04f88d23 - - default default] Unable to schedule network d329a87d-ef59-4918-b783-15f3cc4f4b6d: no agents available; will retry on subsequent port and subnet creation events.
2026-08-28 05:27:49.236 10 INFO neutron.wsgi [None req-159f0f66-a1af-4647-8f6d-3137c8600cd7 29f55292545f44cc9755492df380fb3e 7e3d26c761a24e249bd6fe63911849eb - - default default] 10.0.0.220 "DELETE /v2.0/routers/50e85f44-1d2e-4309-9fa1-ff12ee395597 HTTP/1.1" status: 204 len: 168 time: 0.1754344
2026-08-28 05:27:49.249 9 INFO neutron.wsgi [req-59495959-d5ef-4c72-9af7-a990e512c92d req-50cb06d8-d161-4e46-ab24-b99db50fe545 b9841e8f6874420a8ae0a69bd992783b 8a524d51fcc54ccab2715a9b8ec55a31 - - 913595b709a846ea99adf01bfce65836 913595b709a846ea99adf01bfce65836] 162.253.55.123 "GET /v2.0/networks/39d1190a-e306-47e4-98d7-521760b32589?fields=segments HTTP/1.1" status: 200 len: 212 time: 0.1192734
2026-08-28 05:27:49.299 9 INFO neutron.db.ovn_revision_numbers_db [None req-f95f141c-e0fa-4d30-b792-6915d770bc46 511b4e370867442780eeb182d49315a4 e5d84ec93a4c4c658096169b04f88d23 - - default default] Successfully bumped revision number for resource 5f2cdaef-4c9a-4858-9cd1-7aefb1f1705c (type: ports) to 1
2026-08-28 05:27:49.319 9 INFO neutron.wsgi [req-59495959-d5ef-4c72-9af7-a990e512c92d req-4e6d542c-d582-490e-b55c-e0adbf76861b b9841e8f6874420a8ae0a69bd992783b 8a524d51fcc54ccab2715a9b8ec55a31 - - 913595b709a846ea99adf01bfce65836 913595b709a846ea99adf01bfce65836] 162.253.55.123 "GET /v2.0/networks/39d1190a-e306-47e4-98d7-521760b32589?fields=provider%3Aphysical_network&fields=provider%3Anetwork_type HTTP/1.1" status: 200 len: 277 time: 0.0604682
2026-08-28 05:27:49.327 9 INFO neutron.wsgi [None req-33f11fb1-048c-49fd-9241-c5d0d1e115a0 511b4e370867442780eeb182d49315a4 e5d84ec93a4c4c658096169b04f88d23 - - default default] 10.0.0.220 "DELETE /v2.0/security-groups/9a68b33f-bd72-4f81-b7b6-145fc9fac438 HTTP/1.1" status: 204 len: 168 time: 0.4141984
2026-08-28 05:27:49.330 9 INFO neutron.wsgi [None req-f95f141c-e0fa-4d30-b792-6915d770bc46 511b4e370867442780eeb182d49315a4 e5d84ec93a4c4c658096169b04f88d23 - - default default] 10.0.0.220 "POST /v2.0/networks HTTP/1.1" status: 201 len: 942 time: 1.2306638
2026-08-28 05:27:49.415 10 INFO neutron.wsgi [None req-672ecbec-4115-4f57-86f6-67a807be9602 29f55292545f44cc9755492df380fb3e 7e3d26c761a24e249bd6fe63911849eb - - default default] 10.0.0.220 "DELETE /v2.0/subnets/44ae3559-344e-4cb5-86a5-94db08c9bc81 HTTP/1.1" status: 204 len: 168 time: 0.1739490
2026-08-28 05:27:49.485 9 WARNING neutron.scheduler.dhcp_agent_scheduler [None req-14d7a1e0-7ea1-43cd-a4f9-610c7daa17df 511b4e370867442780eeb182d49315a4 e5d84ec93a4c4c658096169b04f88d23 - - default default] No more DHCP agents
2026-08-28 05:27:49.486 9 WARNING neutron.api.rpc.agentnotifiers.dhcp_rpc_agent_api [None req-14d7a1e0-7ea1-43cd-a4f9-610c7daa17df 511b4e370867442780eeb182d49315a4 e5d84ec93a4c4c658096169b04f88d23 - - default default] Unable to schedule network d329a87d-ef59-4918-b783-15f3cc4f4b6d: no agents available; will retry on subsequent port and subnet creation events.
2026-08-28 05:27:49.688 9 INFO neutron.db.ovn_revision_numbers_db [None req-cabb12bc-e7c0-4780-a2f0-cb264390f824 511b4e370867442780eeb182d49315a4 e5d84ec93a4c4c658096169b04f88d23 - - default default] Successfully bumped revision number for resource ffc6364f-b057-42d8-ab11-78bb4a1a489c (type: security_groups) to 1
2026-08-28 05:27:49.715 9 INFO neutron.db.ovn_revision_numbers_db [None req-cabb12bc-e7c0-4780-a2f0-cb264390f824 511b4e370867442780eeb182d49315a4 e5d84ec93a4c4c658096169b04f88d23 - - default default] Successfully bumped revision number for resource 266e9e2d-56a9-4aaa-9230-49f5ad2ab6f7 (type: security_group_rules) to 0
2026-08-28 05:27:49.748 9 INFO neutron.db.ovn_revision_numbers_db [None req-cabb12bc-e7c0-4780-a2f0-cb264390f824 511b4e370867442780eeb182d49315a4 e5d84ec93a4c4c658096169b04f88d23 - - default default] Successfully bumped revision number for resource 42f6760c-cd9f-4be6-acb1-5c210417b703 (type: security_group_rules) to 0
2026-08-28 05:27:49.786 9 INFO neutron.db.ovn_revision_numbers_db [None req-cabb12bc-e7c0-4780-a2f0-cb264390f824 511b4e370867442780eeb182d49315a4 e5d84ec93a4c4c658096169b04f88d23 - - default default] Successfully bumped revision number for resource 7862fb9c-3bba-4ed2-ab71-66b4d0ad9d16 (type: security_group_rules) to 0
2026-08-28 05:27:49.808 9 INFO neutron.db.ovn_revision_numbers_db [None req-cabb12bc-e7c0-4780-a2f0-cb264390f824 511b4e370867442780eeb182d49315a4 e5d84ec93a4c4c658096169b04f88d23 - - default default] Successfully bumped revision number for resource e5e52698-0dc2-48f0-9673-96379f0dd745 (type: security_group_rules) to 0
2026-08-28 05:27:49.837 9 INFO neutron.wsgi [None req-cabb12bc-e7c0-4780-a2f0-cb264390f824 511b4e370867442780eeb182d49315a4 e5d84ec93a4c4c658096169b04f88d23 - - default default] 10.0.0.220 "GET /v2.0/security-groups?tenant_id=2e6b90375a33475182ee6183ce6d2db3&name=default HTTP/1.1" status: 200 len: 2996 time: 0.3458817
2026-08-28 05:27:49.892 9 INFO neutron.services.segments.plugin [-] Segment b98784cf-ef18-42f6-9100-1b67337f57e4 resource provider aggregate not found
2026-08-28 05:27:49.898 9 INFO neutron.services.segments.plugin [-] Segment b98784cf-ef18-42f6-9100-1b67337f57e4 resource provider aggregate not found
2026-08-28 05:27:49.917 9 INFO neutron.services.segments.plugin [-] Segment b98784cf-ef18-42f6-9100-1b67337f57e4 resource provider not found; error: Placement Client Error (4xx): {"errors": [{"status": 404, "title": "Not Found", "detail": "The resource could not be found.\n\n No resource provider with uuid b98784cf-ef18-42f6-9100-1b67337f57e4 found for delete ", "request_id": "req-4149c35e-4f8d-4441-a9b8-fb9e4a7cbbfc"}]}
2026-08-28 05:27:49.918 9 INFO neutron.services.segments.plugin [-] Segment b98784cf-ef18-42f6-9100-1b67337f57e4 resource provider not found; error: Placement Client Error (4xx): {"errors": [{"status": 404, "title": "Not Found", "detail": "The resource could not be found.\n\n No resource provider with uuid b98784cf-ef18-42f6-9100-1b67337f57e4 found for delete ", "request_id": "req-bfe1ce6c-b36b-4b2a-a33f-d94e510daf05"}]}
2026-08-28 05:27:49.960 9 INFO neutron.wsgi [None req-1a2e59d9-5057-4cc8-809c-95ec3bdd04d1 29f55292545f44cc9755492df380fb3e 7e3d26c761a24e249bd6fe63911849eb - - default default] 10.0.0.220 "DELETE /v2.0/networks/776ff723-2f91-4d83-8416-2aac582b9087 HTTP/1.1" status: 204 len: 168 time: 0.5332220
2026-08-28 05:27:50.079 9 INFO neutron.db.ovn_revision_numbers_db [None req-14d7a1e0-7ea1-43cd-a4f9-610c7daa17df 511b4e370867442780eeb182d49315a4 e5d84ec93a4c4c658096169b04f88d23 - - default default] Successfully bumped revision number for resource 5f2cdaef-4c9a-4858-9cd1-7aefb1f1705c (type: ports) to 2
2026-08-28 05:27:50.083 10 INFO neutron.db.segments_db [None req-21f57ab9-8be2-48f6-9ad4-473d07b65c17 29f55292545f44cc9755492df380fb3e 7e3d26c761a24e249bd6fe63911849eb - - default default] Added segment af8beb21-c379-44a4-a8ea-02d397cd54cf of type geneve for network 07e60ea5-39d9-44a9-acb2-05b18657e519
2026-08-28 05:27:50.105 9 INFO neutron.db.ovn_revision_numbers_db [None req-14d7a1e0-7ea1-43cd-a4f9-610c7daa17df 511b4e370867442780eeb182d49315a4 e5d84ec93a4c4c658096169b04f88d23 - - default default] Successfully bumped revision number for resource 87410f6d-2ee1-4555-8489-c1fcc57a954a (type: subnets) to 0
2026-08-28 05:27:50.117 10 INFO neutron.wsgi [None req-3ada752f-9fa7-4e02-824f-380f03a6a2a5 511b4e370867442780eeb182d49315a4 e5d84ec93a4c4c658096169b04f88d23 - - default default] 10.0.0.220 "DELETE /v2.0/security-groups/ffc6364f-b057-42d8-ab11-78bb4a1a489c HTTP/1.1" status: 204 len: 168 time: 0.2734799
2026-08-28 05:27:50.117 9 INFO neutron.wsgi [None req-14d7a1e0-7ea1-43cd-a4f9-610c7daa17df 511b4e370867442780eeb182d49315a4 e5d84ec93a4c4c658096169b04f88d23 - - default default] 10.0.0.220 "POST /v2.0/subnets HTTP/1.1" status: 201 len: 862 time: 0.7818141
2026-08-28 05:27:50.229 10 INFO neutron.db.ovn_revision_numbers_db [None req-21f57ab9-8be2-48f6-9ad4-473d07b65c17 29f55292545f44cc9755492df380fb3e 7e3d26c761a24e249bd6fe63911849eb - - default default] Successfully bumped revision number for resource 07e60ea5-39d9-44a9-acb2-05b18657e519 (type: networks) to 1
2026-08-28 05:27:50.397 10 WARNING neutron.scheduler.dhcp_agent_scheduler [None req-21f57ab9-8be2-48f6-9ad4-473d07b65c17 29f55292545f44cc9755492df380fb3e 7e3d26c761a24e249bd6fe63911849eb - - default default] No more DHCP agents
2026-08-28 05:27:50.399 10 WARNING neutron.api.rpc.agentnotifiers.dhcp_rpc_agent_api [None req-21f57ab9-8be2-48f6-9ad4-473d07b65c17 29f55292545f44cc9755492df380fb3e 7e3d26c761a24e249bd6fe63911849eb - - default default] Unable to schedule network 07e60ea5-39d9-44a9-acb2-05b18657e519: no agents available; will retry on subsequent port and subnet creation events.
2026-08-28 05:27:50.466 10 INFO neutron.db.ovn_revision_numbers_db [None req-21f57ab9-8be2-48f6-9ad4-473d07b65c17 29f55292545f44cc9755492df380fb3e 7e3d26c761a24e249bd6fe63911849eb - - default default] Successfully bumped revision number for resource 913b1711-6a48-47c5-af60-5e32f567d0b1 (type: ports) to 1
2026-08-28 05:27:50.487 10 INFO neutron.wsgi [None req-21f57ab9-8be2-48f6-9ad4-473d07b65c17 29f55292545f44cc9755492df380fb3e 7e3d26c761a24e249bd6fe63911849eb - - default default] 10.0.0.220 "POST /v2.0/networks HTTP/1.1" status: 201 len: 832 time: 0.5200651
2026-08-28 05:27:50.564 9 WARNING neutron.scheduler.dhcp_agent_scheduler [None req-b941700c-34b1-408f-831e-74bb94d346fa 511b4e370867442780eeb182d49315a4 e5d84ec93a4c4c658096169b04f88d23 - - default default] No more DHCP agents
2026-08-28 05:27:50.566 9 WARNING neutron.api.rpc.agentnotifiers.dhcp_rpc_agent_api [None req-b941700c-34b1-408f-831e-74bb94d346fa 511b4e370867442780eeb182d49315a4 e5d84ec93a4c4c658096169b04f88d23 - - default default] Unable to schedule network b18332a6-3dd8-43bf-849f-49ff62392820: no agents available; will retry on subsequent port and subnet creation events.
2026-08-28 05:27:50.700 10 WARNING neutron.scheduler.dhcp_agent_scheduler [None req-b5320e8d-0949-4bf0-984a-ab57f176ea39 29f55292545f44cc9755492df380fb3e 7e3d26c761a24e249bd6fe63911849eb - - default default] No more DHCP agents
2026-08-28 05:27:50.702 10 WARNING neutron.api.rpc.agentnotifiers.dhcp_rpc_agent_api [None req-b5320e8d-0949-4bf0-984a-ab57f176ea39 29f55292545f44cc9755492df380fb3e 7e3d26c761a24e249bd6fe63911849eb - - default default] Unable to schedule network 07e60ea5-39d9-44a9-acb2-05b18657e519: no agents available; will retry on subsequent port and subnet creation events.
2026-08-28 05:27:50.713 9 INFO neutron.db.ovn_revision_numbers_db [None req-b941700c-34b1-408f-831e-74bb94d346fa 511b4e370867442780eeb182d49315a4 e5d84ec93a4c4c658096169b04f88d23 - - default default] Successfully bumped revision number for resource 0ec71731-1014-4744-8764-da1d71fe376e (type: ports) to 1
2026-08-28 05:27:50.746 10 INFO neutron.db.ovn_revision_numbers_db [None req-b5320e8d-0949-4bf0-984a-ab57f176ea39 29f55292545f44cc9755492df380fb3e 7e3d26c761a24e249bd6fe63911849eb - - default default] Successfully bumped revision number for resource cf20e32b-61d6-4228-ab67-42b5d94da60c (type: subnets) to 0
2026-08-28 05:27:50.766 10 INFO neutron.wsgi [None req-b5320e8d-0949-4bf0-984a-ab57f176ea39 29f55292545f44cc9755492df380fb3e 7e3d26c761a24e249bd6fe63911849eb - - default default] 10.0.0.220 "POST /v2.0/subnets HTTP/1.1" status: 201 len: 821 time: 0.2714345
2026-08-28 05:27:50.892 10 INFO neutron.db.ovn_revision_numbers_db [None req-6691edda-cbdd-448e-8edc-eab763b17c5f 29f55292545f44cc9755492df380fb3e 7e3d26c761a24e249bd6fe63911849eb - - default default] Successfully bumped revision number for resource 3f23586e-f5d2-4b50-a3b2-8d4ca010f897 (type: routers) to 1
2026-08-28 05:27:50.904 10 INFO neutron.wsgi [None req-6691edda-cbdd-448e-8edc-eab763b17c5f 29f55292545f44cc9755492df380fb3e 7e3d26c761a24e249bd6fe63911849eb - - default default] 10.0.0.220 "POST /v2.0/routers HTTP/1.1" status: 201 len: 691 time: 0.1315212
2026-08-28 05:27:50.984 10 WARNING neutron.plugins.ml2.drivers.ovn.mech_driver.ovsdb.ovn_client [None req-ecca0a14-0421-4d1a-be91-9b3190cdbe4c - - - - - -] No hosting information found for port 02494c9e-de22-45ad-9edc-3824022c339b: RuntimeError: No hosting information found for port 02494c9e-de22-45ad-9edc-3824022c339b
2026-08-28 05:27:50.985 10 INFO neutron.plugins.ml2.drivers.ovn.mech_driver.mech_driver [None req-ecca0a14-0421-4d1a-be91-9b3190cdbe4c - - - - - -] OVN reports status up for port: fc87ed99-773f-4716-9f60-d2ebd5c2a236
2026-08-28 05:27:51.307 10 WARNING neutron.scheduler.dhcp_agent_scheduler [None req-11da3a2a-3bc5-43b8-bc29-db66fd8a8856 29f55292545f44cc9755492df380fb3e 7e3d26c761a24e249bd6fe63911849eb - - default default] No more DHCP agents
2026-08-28 05:27:51.308 10 WARNING neutron.api.rpc.agentnotifiers.dhcp_rpc_agent_api [None req-11da3a2a-3bc5-43b8-bc29-db66fd8a8856 29f55292545f44cc9755492df380fb3e 7e3d26c761a24e249bd6fe63911849eb - - default default] Unable to schedule network 07e60ea5-39d9-44a9-acb2-05b18657e519: no agents available; will retry on subsequent port and subnet creation events.
2026-08-28 05:27:51.439 10 INFO neutron.db.ovn_revision_numbers_db [None req-11da3a2a-3bc5-43b8-bc29-db66fd8a8856 29f55292545f44cc9755492df380fb3e 7e3d26c761a24e249bd6fe63911849eb - - default default] Successfully bumped revision number for resource 8c896b00-1950-4a5a-87eb-3de30432342d (type: ports) to 1
2026-08-28 05:27:51.479 9 INFO neutron.plugins.ml2.drivers.ovn.mech_driver.ovsdb.ovsdb_monitor [None req-bf4582b6-c1b3-46da-bac0-412675c18bf0 - - - - - -] Router 182137ee-6bbd-46f3-98c7-ff58d0232eba is bound to host instance
2026-08-28 05:27:51.486 10 INFO neutron.plugins.ml2.drivers.ovn.mech_driver.mech_driver [None req-ecca0a14-0421-4d1a-be91-9b3190cdbe4c - - - - - -] OVN reports status up for port: 0ec71731-1014-4744-8764-da1d71fe376e
2026-08-28 05:27:51.497 9 INFO neutron.db.ovn_revision_numbers_db [None req-b941700c-34b1-408f-831e-74bb94d346fa 511b4e370867442780eeb182d49315a4 e5d84ec93a4c4c658096169b04f88d23 - - default default] Successfully bumped revision number for resource 0ec71731-1014-4744-8764-da1d71fe376e (type: router_ports) to 1
2026-08-28 05:27:51.498 10 INFO neutron.plugins.ml2.plugin [None req-ecca0a14-0421-4d1a-be91-9b3190cdbe4c - - - - - -] Attempt 1 to provision port 0ec71731-1014-4744-8764-da1d71fe376e
2026-08-28 05:27:51.579 9 INFO neutron.db.ovn_revision_numbers_db [None req-b941700c-34b1-408f-831e-74bb94d346fa 511b4e370867442780eeb182d49315a4 e5d84ec93a4c4c658096169b04f88d23 - - default default] Successfully bumped revision number for resource 182137ee-6bbd-46f3-98c7-ff58d0232eba (type: routers) to 2
2026-08-28 05:27:51.593 9 INFO neutron.wsgi [None req-b941700c-34b1-408f-831e-74bb94d346fa 511b4e370867442780eeb182d49315a4 e5d84ec93a4c4c658096169b04f88d23 - - default default] 10.0.0.220 "POST /v2.0/routers HTTP/1.1" status: 201 len: 873 time: 1.4671807
2026-08-28 05:27:51.942 9 INFO neutron.db.ovn_revision_numbers_db [None req-bf4582b6-c1b3-46da-bac0-412675c18bf0 - - - - - -] Successfully bumped revision number for resource 0ec71731-1014-4744-8764-da1d71fe376e (type: ports) to 1
2026-08-28 05:27:52.016 10 INFO neutron.db.ovn_revision_numbers_db [None req-11da3a2a-3bc5-43b8-bc29-db66fd8a8856 29f55292545f44cc9755492df380fb3e 7e3d26c761a24e249bd6fe63911849eb - - default default] Successfully bumped revision number for resource 8c896b00-1950-4a5a-87eb-3de30432342d (type: router_ports) to 1
2026-08-28 05:27:52.128 10 INFO neutron.db.ovn_revision_numbers_db [None req-11da3a2a-3bc5-43b8-bc29-db66fd8a8856 29f55292545f44cc9755492df380fb3e 7e3d26c761a24e249bd6fe63911849eb - - default default] Successfully bumped revision number for resource 8c896b00-1950-4a5a-87eb-3de30432342d (type: ports) to 1
2026-08-28 05:27:52.137 10 WARNING neutron.scheduler.dhcp_agent_scheduler [None req-c6fd9286-9325-4945-b778-0b82275c82b7 511b4e370867442780eeb182d49315a4 e5d84ec93a4c4c658096169b04f88d23 - - default default] No more DHCP agents
2026-08-28 05:27:52.139 10 WARNING neutron.api.rpc.agentnotifiers.dhcp_rpc_agent_api [None req-c6fd9286-9325-4945-b778-0b82275c82b7 511b4e370867442780eeb182d49315a4 e5d84ec93a4c4c658096169b04f88d23 - - default default] Unable to schedule network d329a87d-ef59-4918-b783-15f3cc4f4b6d: no agents available; will retry on subsequent port and subnet creation events.
2026-08-28 05:27:52.154 9 INFO neutron.db.ovn_revision_numbers_db [None req-bf4582b6-c1b3-46da-bac0-412675c18bf0 - - - - - -] Successfully bumped revision number for resource 0ec71731-1014-4744-8764-da1d71fe376e (type: router_ports) to 3
2026-08-28 05:27:52.330 9 INFO neutron.db.ovn_revision_numbers_db [None req-bf4582b6-c1b3-46da-bac0-412675c18bf0 - - - - - -] Successfully bumped revision number for resource 0ec71731-1014-4744-8764-da1d71fe376e (type: ports) to 2
2026-08-28 05:27:52.508 10 WARNING neutron.scheduler.dhcp_agent_scheduler [None req-11da3a2a-3bc5-43b8-bc29-db66fd8a8856 29f55292545f44cc9755492df380fb3e 7e3d26c761a24e249bd6fe63911849eb - - default default] No more DHCP agents
2026-08-28 05:27:52.511 10 WARNING neutron.api.rpc.agentnotifiers.dhcp_rpc_agent_api [None req-11da3a2a-3bc5-43b8-bc29-db66fd8a8856 29f55292545f44cc9755492df380fb3e 7e3d26c761a24e249bd6fe63911849eb - - default default] Unable to schedule network 07e60ea5-39d9-44a9-acb2-05b18657e519: no agents available; will retry on subsequent port and subnet creation events.
2026-08-28 05:27:52.585 9 INFO neutron.db.ovn_revision_numbers_db [None req-bf4582b6-c1b3-46da-bac0-412675c18bf0 - - - - - -] Successfully bumped revision number for resource 0ec71731-1014-4744-8764-da1d71fe376e (type: ports) to 4
2026-08-28 05:27:52.643 10 INFO neutron.db.ovn_revision_numbers_db [None req-c6fd9286-9325-4945-b778-0b82275c82b7 511b4e370867442780eeb182d49315a4 e5d84ec93a4c4c658096169b04f88d23 - - default default] Successfully bumped revision number for resource cb59b1f0-9801-4049-af8f-26e86159825e (type: ports) to 1
