2026-08-28 05:27:01.461 9 WARNING neutron.scheduler.dhcp_agent_scheduler [None req-29277ee9-6536-4565-ae76-46da4a93377f 686488c6bf3b498494e7679837c6b67b 65d3372fb0d54e84adb36a58d81c5b76 - - default default] No more DHCP agents
2026-08-28 05:27:01.464 9 WARNING neutron.api.rpc.agentnotifiers.dhcp_rpc_agent_api [None req-29277ee9-6536-4565-ae76-46da4a93377f 686488c6bf3b498494e7679837c6b67b 65d3372fb0d54e84adb36a58d81c5b76 - - default default] Unable to schedule network c8c9e524-7453-4a05-b4dd-e98ff0525811: no agents available; will retry on subsequent port and subnet creation events.
2026-08-28 05:27:01.774 9 INFO neutron.db.ovn_revision_numbers_db [None req-29277ee9-6536-4565-ae76-46da4a93377f 686488c6bf3b498494e7679837c6b67b 65d3372fb0d54e84adb36a58d81c5b76 - - default default] Successfully bumped revision number for resource bccd4131-10d6-4ac4-b454-0e497e06f10a (type: ports) to 1
2026-08-28 05:27:01.801 9 INFO neutron.wsgi [None req-29277ee9-6536-4565-ae76-46da4a93377f 686488c6bf3b498494e7679837c6b67b 65d3372fb0d54e84adb36a58d81c5b76 - - default default] 10.0.0.220 "POST /v2.0/networks HTTP/1.1" status: 201 len: 835 time: 0.7574904
2026-08-28 05:27:02.039 10 WARNING neutron.scheduler.dhcp_agent_scheduler [None req-a5f31448-b6ea-4f7d-835e-033d65a58e54 686488c6bf3b498494e7679837c6b67b 65d3372fb0d54e84adb36a58d81c5b76 - - default default] No more DHCP agents
2026-08-28 05:27:02.042 10 WARNING neutron.api.rpc.agentnotifiers.dhcp_rpc_agent_api [None req-a5f31448-b6ea-4f7d-835e-033d65a58e54 686488c6bf3b498494e7679837c6b67b 65d3372fb0d54e84adb36a58d81c5b76 - - default default] Unable to schedule network c8c9e524-7453-4a05-b4dd-e98ff0525811: no agents available; will retry on subsequent port and subnet creation events.
2026-08-28 05:27:02.071 10 INFO neutron.db.ovn_revision_numbers_db [None req-a5f31448-b6ea-4f7d-835e-033d65a58e54 686488c6bf3b498494e7679837c6b67b 65d3372fb0d54e84adb36a58d81c5b76 - - default default] Successfully bumped revision number for resource d9ce2eaa-b242-40e5-841c-1b397b310c77 (type: subnets) to 0
2026-08-28 05:27:02.084 10 INFO neutron.wsgi [None req-a5f31448-b6ea-4f7d-835e-033d65a58e54 686488c6bf3b498494e7679837c6b67b 65d3372fb0d54e84adb36a58d81c5b76 - - default default] 10.0.0.220 "POST /v2.0/subnets HTTP/1.1" status: 201 len: 821 time: 0.2567048
2026-08-28 05:27:02.364 10 WARNING neutron.scheduler.dhcp_agent_scheduler [None req-3a23708a-8eaf-446d-afe2-0357f5ca0e30 686488c6bf3b498494e7679837c6b67b 65d3372fb0d54e84adb36a58d81c5b76 - - default default] No more DHCP agents
2026-08-28 05:27:02.367 10 WARNING neutron.api.rpc.agentnotifiers.dhcp_rpc_agent_api [None req-3a23708a-8eaf-446d-afe2-0357f5ca0e30 686488c6bf3b498494e7679837c6b67b 65d3372fb0d54e84adb36a58d81c5b76 - - default default] Unable to schedule network c8c9e524-7453-4a05-b4dd-e98ff0525811: no agents available; will retry on subsequent port and subnet creation events.
2026-08-28 05:27:02.385 9 INFO neutron.db.ovn_revision_numbers_db [None req-4f3df0fc-e829-4f75-8505-f3ba0c02aac9 511b4e370867442780eeb182d49315a4 e5d84ec93a4c4c658096169b04f88d23 - - default default] Successfully bumped revision number for resource eec81bf8-43e4-4ce3-992a-83441d5ed4ed (type: security_groups) to 1
2026-08-28 05:27:02.398 9 INFO neutron.db.ovn_revision_numbers_db [None req-4f3df0fc-e829-4f75-8505-f3ba0c02aac9 511b4e370867442780eeb182d49315a4 e5d84ec93a4c4c658096169b04f88d23 - - default default] Successfully bumped revision number for resource 34acde25-481e-400e-9ab6-8d3c70ecf6e8 (type: security_group_rules) to 0
2026-08-28 05:27:02.411 9 INFO neutron.db.ovn_revision_numbers_db [None req-4f3df0fc-e829-4f75-8505-f3ba0c02aac9 511b4e370867442780eeb182d49315a4 e5d84ec93a4c4c658096169b04f88d23 - - default default] Successfully bumped revision number for resource 3f5dc9b7-254c-4c78-9dc3-de9bb3bd186c (type: security_group_rules) to 0
2026-08-28 05:27:02.434 9 INFO neutron.db.ovn_revision_numbers_db [None req-4f3df0fc-e829-4f75-8505-f3ba0c02aac9 511b4e370867442780eeb182d49315a4 e5d84ec93a4c4c658096169b04f88d23 - - default default] Successfully bumped revision number for resource 7bdbee09-408d-46dd-a0d2-71a9fd4e2159 (type: security_group_rules) to 0
2026-08-28 05:27:02.460 9 INFO neutron.db.ovn_revision_numbers_db [None req-4f3df0fc-e829-4f75-8505-f3ba0c02aac9 511b4e370867442780eeb182d49315a4 e5d84ec93a4c4c658096169b04f88d23 - - default default] Successfully bumped revision number for resource faa1df0c-c260-4742-9ddd-2b9b28c5a47f (type: security_group_rules) to 0
2026-08-28 05:27:02.461 10 INFO neutron.db.ovn_revision_numbers_db [None req-3a23708a-8eaf-446d-afe2-0357f5ca0e30 686488c6bf3b498494e7679837c6b67b 65d3372fb0d54e84adb36a58d81c5b76 - - default default] Successfully bumped revision number for resource 2e0533f7-bf54-4a80-b753-c3760cbb5232 (type: ports) to 1
2026-08-28 05:27:02.486 10 INFO neutron.wsgi [None req-3a23708a-8eaf-446d-afe2-0357f5ca0e30 686488c6bf3b498494e7679837c6b67b 65d3372fb0d54e84adb36a58d81c5b76 - - default default] 10.0.0.220 "POST /v2.0/ports HTTP/1.1" status: 201 len: 1127 time: 0.3974140
2026-08-28 05:27:02.487 9 INFO neutron.wsgi [None req-4f3df0fc-e829-4f75-8505-f3ba0c02aac9 511b4e370867442780eeb182d49315a4 e5d84ec93a4c4c658096169b04f88d23 - - default default] 10.0.0.220 "GET /v2.0/security-groups?tenant_id=b33928ed5de4435ea1eb46466d8ac386&name=default HTTP/1.1" status: 200 len: 2996 time: 0.3916917
2026-08-28 05:27:02.757 9 INFO neutron.wsgi [None req-ba4691f6-046b-4759-9400-6b1477ba3271 511b4e370867442780eeb182d49315a4 e5d84ec93a4c4c658096169b04f88d23 - - default default] 10.0.0.220 "DELETE /v2.0/security-groups/eec81bf8-43e4-4ce3-992a-83441d5ed4ed HTTP/1.1" status: 204 len: 168 time: 0.2645721
2026-08-28 05:27:02.787 9 INFO neutron.wsgi [None req-a6f442f2-7379-41aa-a662-73679ffcd955 686488c6bf3b498494e7679837c6b67b 65d3372fb0d54e84adb36a58d81c5b76 - - default default] 10.0.0.220 "DELETE /v2.0/ports/2e0533f7-bf54-4a80-b753-c3760cbb5232 HTTP/1.1" status: 204 len: 168 time: 0.2959135
2026-08-28 05:27:02.814 9 INFO neutron.pecan_wsgi.hooks.translation [None req-7f0f7bc5-7651-489b-af9a-7177a8d77515 686488c6bf3b498494e7679837c6b67b 65d3372fb0d54e84adb36a58d81c5b76 - - default default] GET failed (client error): The resource could not be found.
2026-08-28 05:27:02.816 9 INFO neutron.wsgi [None req-7f0f7bc5-7651-489b-af9a-7177a8d77515 686488c6bf3b498494e7679837c6b67b 65d3372fb0d54e84adb36a58d81c5b76 - - default default] 10.0.0.220 "GET /v2.0/ports/2e0533f7-bf54-4a80-b753-c3760cbb5232 HTTP/1.1" status: 404 len: 333 time: 0.0234747
2026-08-28 05:27:02.955 9 INFO neutron.wsgi [None req-881e30ed-e043-4a66-be65-1b4c5f7af491 686488c6bf3b498494e7679837c6b67b 65d3372fb0d54e84adb36a58d81c5b76 - - default default] 10.0.0.220 "DELETE /v2.0/subnets/d9ce2eaa-b242-40e5-841c-1b397b310c77 HTTP/1.1" status: 204 len: 168 time: 0.1351612
2026-08-28 05:27:03.228 9 INFO neutron.services.segments.plugin [-] Segment c10fa06c-0ac0-4fe9-b853-f475f9b5ca30 resource provider aggregate not found
2026-08-28 05:27:03.241 9 INFO neutron.services.segments.plugin [-] Segment c10fa06c-0ac0-4fe9-b853-f475f9b5ca30 resource provider aggregate not found
2026-08-28 05:27:03.247 9 INFO neutron.services.segments.plugin [-] Segment c10fa06c-0ac0-4fe9-b853-f475f9b5ca30 resource provider not found; error: Placement Client Error (4xx): {"errors": [{"status": 404, "title": "Not Found", "detail": "The resource could not be found.\n\n No resource provider with uuid c10fa06c-0ac0-4fe9-b853-f475f9b5ca30 found for delete ", "request_id": "req-c4e3e97f-db00-42cc-8dd4-714ff60ebd1b"}]}
2026-08-28 05:27:03.261 9 INFO neutron.wsgi [None req-9eea5a4c-5e7c-444d-afe8-4202b82161af 686488c6bf3b498494e7679837c6b67b 65d3372fb0d54e84adb36a58d81c5b76 - - default default] 10.0.0.220 "DELETE /v2.0/networks/c8c9e524-7453-4a05-b4dd-e98ff0525811 HTTP/1.1" status: 204 len: 168 time: 0.3012264
2026-08-28 05:27:03.264 9 INFO neutron.services.segments.plugin [-] Segment c10fa06c-0ac0-4fe9-b853-f475f9b5ca30 resource provider not found; error: Placement Client Error (4xx): {"errors": [{"status": 404, "title": "Not Found", "detail": "The resource could not be found.\n\n No resource provider with uuid c10fa06c-0ac0-4fe9-b853-f475f9b5ca30 found for delete ", "request_id": "req-9d53918b-781b-4761-aa54-ac8b4878a983"}]}
2026-08-28 05:27:03.446 9 WARNING neutron.scheduler.dhcp_agent_scheduler [None req-2f4f93ae-3f4d-4ee0-8a7c-01c2e76204bd 686488c6bf3b498494e7679837c6b67b 65d3372fb0d54e84adb36a58d81c5b76 - - default default] No more DHCP agents
2026-08-28 05:27:03.449 9 WARNING neutron.api.rpc.agentnotifiers.dhcp_rpc_agent_api [None req-2f4f93ae-3f4d-4ee0-8a7c-01c2e76204bd 686488c6bf3b498494e7679837c6b67b 65d3372fb0d54e84adb36a58d81c5b76 - - default default] Unable to schedule network c129cba3-4f16-49a3-b2b2-741927d9e0f0: no agents available; will retry on subsequent port and subnet creation events.
2026-08-28 05:27:03.526 9 INFO neutron.db.ovn_revision_numbers_db [None req-2f4f93ae-3f4d-4ee0-8a7c-01c2e76204bd 686488c6bf3b498494e7679837c6b67b 65d3372fb0d54e84adb36a58d81c5b76 - - default default] Successfully bumped revision number for resource db228139-f3b2-4042-a9ce-e33bc9065800 (type: ports) to 1
2026-08-28 05:27:03.542 9 INFO neutron.wsgi [None req-2f4f93ae-3f4d-4ee0-8a7c-01c2e76204bd 686488c6bf3b498494e7679837c6b67b 65d3372fb0d54e84adb36a58d81c5b76 - - default default] 10.0.0.220 "POST /v2.0/ports HTTP/1.1" status: 201 len: 978 time: 0.2748928 /var/lib/openstack/lib/python3.10/site-packages/pycadf/identifier.py:71: UserWarning: Invalid uuid: neutron. To ensure interoperability, identifiers should be a valid uuid. warnings.warn(('Invalid uuid: %s. To ensure interoperability, '
2026-08-28 05:27:03.736 9 INFO neutron.plugins.ml2.drivers.ovn.mech_driver.mech_driver [None req-4e676577-71a5-40a5-8711-631704a4b1f0 - - - - - -] OVN reports status down for port: db228139-f3b2-4042-a9ce-e33bc9065800
2026-08-28 05:27:03.773 9 INFO neutron.db.ovn_revision_numbers_db [None req-2c00c0ef-0a23-42b6-bae6-3c31578c63fa 686488c6bf3b498494e7679837c6b67b 65d3372fb0d54e84adb36a58d81c5b76 - - default default] Successfully bumped revision number for resource db228139-f3b2-4042-a9ce-e33bc9065800 (type: ports) to 2
2026-08-28 05:27:03.791 9 INFO neutron.wsgi [None req-2c00c0ef-0a23-42b6-bae6-3c31578c63fa 686488c6bf3b498494e7679837c6b67b 65d3372fb0d54e84adb36a58d81c5b76 - - default default] 10.0.0.220 "PUT /v2.0/ports/db228139-f3b2-4042-a9ce-e33bc9065800 HTTP/1.1" status: 200 len: 946 time: 0.2448003
2026-08-28 05:27:04.050 10 INFO neutron.wsgi [None req-a7e6ed71-86b7-41fe-8c9a-3f40add535bb 686488c6bf3b498494e7679837c6b67b 65d3372fb0d54e84adb36a58d81c5b76 - - default default] 10.0.0.220 "DELETE /v2.0/ports/db228139-f3b2-4042-a9ce-e33bc9065800 HTTP/1.1" status: 204 len: 168 time: 0.2534099
2026-08-28 05:27:04.050 10 INFO neutron.db.ovn_revision_numbers_db [None req-c399d154-8d5b-4d12-a4e5-45e0cb98cda7 511b4e370867442780eeb182d49315a4 e5d84ec93a4c4c658096169b04f88d23 - - default default] Successfully bumped revision number for resource 6294d968-4c38-4153-b991-dd3b63aae5bc (type: security_groups) to 1 /var/lib/openstack/lib/python3.10/site-packages/pycadf/identifier.py:71: UserWarning: Invalid uuid: neutron. To ensure interoperability, identifiers should be a valid uuid. warnings.warn(('Invalid uuid: %s. To ensure interoperability, '
2026-08-28 05:27:04.067 10 INFO neutron.db.ovn_revision_numbers_db [None req-c399d154-8d5b-4d12-a4e5-45e0cb98cda7 511b4e370867442780eeb182d49315a4 e5d84ec93a4c4c658096169b04f88d23 - - default default] Successfully bumped revision number for resource 1598db38-a0c4-4274-bd2d-9d851745c91d (type: security_group_rules) to 0
2026-08-28 05:27:04.102 10 INFO neutron.db.ovn_revision_numbers_db [None req-c399d154-8d5b-4d12-a4e5-45e0cb98cda7 511b4e370867442780eeb182d49315a4 e5d84ec93a4c4c658096169b04f88d23 - - default default] Successfully bumped revision number for resource 5e2ccec2-eef3-4b4c-8dc3-0a3dcab73f2a (type: security_group_rules) to 0
2026-08-28 05:27:04.116 10 INFO neutron.db.ovn_revision_numbers_db [None req-c399d154-8d5b-4d12-a4e5-45e0cb98cda7 511b4e370867442780eeb182d49315a4 e5d84ec93a4c4c658096169b04f88d23 - - default default] Successfully bumped revision number for resource 860dc77f-46c7-4e2d-a7f0-e308cc918d96 (type: security_group_rules) to 0
2026-08-28 05:27:04.131 10 INFO neutron.db.ovn_revision_numbers_db [None req-c399d154-8d5b-4d12-a4e5-45e0cb98cda7 511b4e370867442780eeb182d49315a4 e5d84ec93a4c4c658096169b04f88d23 - - default default] Successfully bumped revision number for resource e789055c-0c91-49ae-8fa2-bc5e364c0353 (type: security_group_rules) to 0
2026-08-28 05:27:04.148 10 INFO neutron.wsgi [None req-c399d154-8d5b-4d12-a4e5-45e0cb98cda7 511b4e370867442780eeb182d49315a4 e5d84ec93a4c4c658096169b04f88d23 - - default default] 10.0.0.220 "GET /v2.0/security-groups?tenant_id=e0e69a94865f472cae1e13a977e7e1dd&name=default HTTP/1.1" status: 200 len: 2996 time: 0.3915021
2026-08-28 05:27:04.155 9 INFO neutron.wsgi [None req-62ec1744-ece2-468a-b6f2-39ab8d5ff65d 686488c6bf3b498494e7679837c6b67b 65d3372fb0d54e84adb36a58d81c5b76 - - default default] 10.0.0.220 "GET /v2.0/ports HTTP/1.1" status: 200 len: 1733 time: 0.0999236
2026-08-28 05:27:04.176 10 INFO neutron.pecan_wsgi.hooks.translation [None req-da0670d8-aa1e-44e8-a03c-3af8cfe3deb2 686488c6bf3b498494e7679837c6b67b 65d3372fb0d54e84adb36a58d81c5b76 - - default default] GET failed (client error): The resource could not be found.
2026-08-28 05:27:04.177 10 INFO neutron.wsgi [None req-da0670d8-aa1e-44e8-a03c-3af8cfe3deb2 686488c6bf3b498494e7679837c6b67b 65d3372fb0d54e84adb36a58d81c5b76 - - default default] 10.0.0.220 "GET /v2.0/ports/db228139-f3b2-4042-a9ce-e33bc9065800 HTTP/1.1" status: 404 len: 333 time: 0.0171924
2026-08-28 05:27:04.232 9 INFO neutron.wsgi [None req-989fbf55-b7fa-474f-908c-93db7df593c1 686488c6bf3b498494e7679837c6b67b 65d3372fb0d54e84adb36a58d81c5b76 - - default default] 10.0.0.220 "GET /v2.0/ports HTTP/1.1" status: 200 len: 1733 time: 0.0485468
2026-08-28 05:27:04.273 9 INFO neutron.wsgi [None req-0bee476e-3b8f-458d-94ee-895438c047b8 686488c6bf3b498494e7679837c6b67b 65d3372fb0d54e84adb36a58d81c5b76 - - default default] 10.0.0.220 "GET /v2.0/ports/e641d305-cee4-46f4-8165-7cb9a72a81df HTTP/1.1" status: 200 len: 973 time: 0.0341938
2026-08-28 05:27:04.295 9 INFO neutron.pecan_wsgi.hooks.translation [None req-9aa54057-9e28-488d-b27c-b8ee8b4dec04 686488c6bf3b498494e7679837c6b67b 65d3372fb0d54e84adb36a58d81c5b76 - - default default] DELETE failed (client error): The resource could not be found.
2026-08-28 05:27:04.297 9 INFO neutron.wsgi [None req-9aa54057-9e28-488d-b27c-b8ee8b4dec04 686488c6bf3b498494e7679837c6b67b 65d3372fb0d54e84adb36a58d81c5b76 - - default default] 10.0.0.220 "DELETE /v2.0/ports/2e0533f7-bf54-4a80-b753-c3760cbb5232 HTTP/1.1" status: 404 len: 333 time: 0.0183034
2026-08-28 05:27:04.318 9 INFO neutron.pecan_wsgi.hooks.translation [None req-c233760c-9150-4133-a94c-21ab0d61758d 686488c6bf3b498494e7679837c6b67b 65d3372fb0d54e84adb36a58d81c5b76 - - default default] DELETE failed (client error): The resource could not be found.
2026-08-28 05:27:04.320 9 INFO neutron.wsgi [None req-c233760c-9150-4133-a94c-21ab0d61758d 686488c6bf3b498494e7679837c6b67b 65d3372fb0d54e84adb36a58d81c5b76 - - default default] 10.0.0.220 "DELETE /v2.0/subnets/d9ce2eaa-b242-40e5-841c-1b397b310c77 HTTP/1.1" status: 404 len: 337 time: 0.0181110
2026-08-28 05:27:04.335 9 INFO neutron.pecan_wsgi.hooks.translation [None req-33308d7f-aa04-4fc3-9d36-f2aa32d12a71 686488c6bf3b498494e7679837c6b67b 65d3372fb0d54e84adb36a58d81c5b76 - - default default] DELETE failed (client error): The resource could not be found.
2026-08-28 05:27:04.337 9 INFO neutron.wsgi [None req-33308d7f-aa04-4fc3-9d36-f2aa32d12a71 686488c6bf3b498494e7679837c6b67b 65d3372fb0d54e84adb36a58d81c5b76 - - default default] 10.0.0.220 "DELETE /v2.0/subnets/db64565b-80d9-41ee-a0bb-0a491b6a73c8 HTTP/1.1" status: 404 len: 337 time: 0.0132732
2026-08-28 05:27:04.351 10 INFO neutron.wsgi [None req-e9871703-3836-494e-8570-9ba1b8b20749 511b4e370867442780eeb182d49315a4 e5d84ec93a4c4c658096169b04f88d23 - - default default] 10.0.0.220 "DELETE /v2.0/security-groups/6294d968-4c38-4153-b991-dd3b63aae5bc HTTP/1.1" status: 204 len: 168 time: 0.1953292
2026-08-28 05:27:04.533 9 INFO neutron.wsgi [None req-26c85462-432a-4135-a31e-bd64c97f26c8 686488c6bf3b498494e7679837c6b67b 65d3372fb0d54e84adb36a58d81c5b76 - - default default] 10.0.0.220 "DELETE /v2.0/ports/e641d305-cee4-46f4-8165-7cb9a72a81df HTTP/1.1" status: 204 len: 168 time: 0.1920652
2026-08-28 05:27:04.864 9 INFO neutron.db.ovn_revision_numbers_db [None req-965676b7-0dca-451b-9960-a8822c57f310 a790fe6fc63046eb9d0a1ec74dbae7ec 758efd9b696647fdac3900eb61a25889 - - default default] Successfully bumped revision number for resource 20c62536-9822-4de7-bea8-74f3afe372e9 (type: security_groups) to 1
2026-08-28 05:27:04.881 9 INFO neutron.db.ovn_revision_numbers_db [None req-965676b7-0dca-451b-9960-a8822c57f310 a790fe6fc63046eb9d0a1ec74dbae7ec 758efd9b696647fdac3900eb61a25889 - - default default] Successfully bumped revision number for resource 22c84e0d-2983-4e42-8aa2-4e2980dfb7c0 (type: security_group_rules) to 0
2026-08-28 05:27:04.897 9 INFO neutron.db.ovn_revision_numbers_db [None req-965676b7-0dca-451b-9960-a8822c57f310 a790fe6fc63046eb9d0a1ec74dbae7ec 758efd9b696647fdac3900eb61a25889 - - default default] Successfully bumped revision number for resource 310537e0-115e-493f-a822-a03796d258f4 (type: security_group_rules) to 0
2026-08-28 05:27:04.922 9 INFO neutron.db.ovn_revision_numbers_db [None req-965676b7-0dca-451b-9960-a8822c57f310 a790fe6fc63046eb9d0a1ec74dbae7ec 758efd9b696647fdac3900eb61a25889 - - default default] Successfully bumped revision number for resource aabaffa4-92a1-429c-bb4d-38096ede2de7 (type: security_group_rules) to 0
2026-08-28 05:27:04.934 9 INFO neutron.db.ovn_revision_numbers_db [None req-965676b7-0dca-451b-9960-a8822c57f310 a790fe6fc63046eb9d0a1ec74dbae7ec 758efd9b696647fdac3900eb61a25889 - - default default] Successfully bumped revision number for resource c6ea042b-9e62-447e-8382-dadf02fc7a42 (type: security_group_rules) to 0
2026-08-28 05:27:04.953 9 INFO neutron.wsgi [None req-e731e3c7-3545-488d-a421-b18d52686b32 686488c6bf3b498494e7679837c6b67b 65d3372fb0d54e84adb36a58d81c5b76 - - default default] 10.0.0.220 "DELETE /v2.0/networks/c129cba3-4f16-49a3-b2b2-741927d9e0f0 HTTP/1.1" status: 204 len: 168 time: 0.4156315
2026-08-28 05:27:04.998 9 INFO neutron.db.segments_db [None req-965676b7-0dca-451b-9960-a8822c57f310 a790fe6fc63046eb9d0a1ec74dbae7ec 758efd9b696647fdac3900eb61a25889 - - default default] Added segment 09d0b96d-a7b8-4cf1-94db-a6b90b2bf111 of type geneve for network 39d1190a-e306-47e4-98d7-521760b32589
2026-08-28 05:27:05.118 9 INFO neutron.db.ovn_revision_numbers_db [None req-965676b7-0dca-451b-9960-a8822c57f310 a790fe6fc63046eb9d0a1ec74dbae7ec 758efd9b696647fdac3900eb61a25889 - - default default] Successfully bumped revision number for resource 39d1190a-e306-47e4-98d7-521760b32589 (type: networks) to 1
2026-08-28 05:27:05.269 9 WARNING neutron.scheduler.dhcp_agent_scheduler [None req-965676b7-0dca-451b-9960-a8822c57f310 a790fe6fc63046eb9d0a1ec74dbae7ec 758efd9b696647fdac3900eb61a25889 - - default default] No more DHCP agents
2026-08-28 05:27:05.273 9 INFO neutron.services.segments.plugin [-] Segment 63d2b6de-931f-4f3f-bc83-ff72136b7429 resource provider aggregate not found
2026-08-28 05:27:05.278 9 WARNING neutron.api.rpc.agentnotifiers.dhcp_rpc_agent_api [None req-965676b7-0dca-451b-9960-a8822c57f310 a790fe6fc63046eb9d0a1ec74dbae7ec 758efd9b696647fdac3900eb61a25889 - - default default] Unable to schedule network 39d1190a-e306-47e4-98d7-521760b32589: no agents available; will retry on subsequent port and subnet creation events.
2026-08-28 05:27:05.293 9 INFO neutron.services.segments.plugin [-] Segment 63d2b6de-931f-4f3f-bc83-ff72136b7429 resource provider aggregate not found
2026-08-28 05:27:05.297 9 INFO neutron.services.segments.plugin [-] Segment 63d2b6de-931f-4f3f-bc83-ff72136b7429 resource provider not found; error: Placement Client Error (4xx): {"errors": [{"status": 404, "title": "Not Found", "detail": "The resource could not be found.\n\n No resource provider with uuid 63d2b6de-931f-4f3f-bc83-ff72136b7429 found for delete ", "request_id": "req-8851013c-e701-4658-9504-00629bd954b3"}]}
2026-08-28 05:27:05.312 9 INFO neutron.services.segments.plugin [-] Segment 63d2b6de-931f-4f3f-bc83-ff72136b7429 resource provider not found; error: Placement Client Error (4xx): {"errors": [{"status": 404, "title": "Not Found", "detail": "The resource could not be found.\n\n No resource provider with uuid 63d2b6de-931f-4f3f-bc83-ff72136b7429 found for delete ", "request_id": "req-1bf613c3-0fd4-45c1-9391-3d40411b57c7"}]}
2026-08-28 05:27:05.353 9 INFO neutron.db.ovn_revision_numbers_db [None req-965676b7-0dca-451b-9960-a8822c57f310 a790fe6fc63046eb9d0a1ec74dbae7ec 758efd9b696647fdac3900eb61a25889 - - default default] Successfully bumped revision number for resource 2e782c3a-75db-4a3e-b022-66e9483c1697 (type: ports) to 1
2026-08-28 05:27:05.372 9 INFO neutron.wsgi [None req-965676b7-0dca-451b-9960-a8822c57f310 a790fe6fc63046eb9d0a1ec74dbae7ec 758efd9b696647fdac3900eb61a25889 - - default default] 10.0.0.220 "POST /v2.0/networks HTTP/1.1" status: 201 len: 832 time: 0.9681978
2026-08-28 05:27:05.712 9 INFO neutron.wsgi [None req-9cdb758b-8f0b-43a0-bcc7-f5bcde3ab7cf 511b4e370867442780eeb182d49315a4 e5d84ec93a4c4c658096169b04f88d23 - - default default] 10.0.0.220 "GET /v2.0/security-groups?tenant_id=65d3372fb0d54e84adb36a58d81c5b76&name=default HTTP/1.1" status: 200 len: 2996 time: 0.3179328
2026-08-28 05:27:05.916 9 WARNING neutron.scheduler.dhcp_agent_scheduler [None req-197f7b22-acbb-4dec-a5b6-d6909b3e7c59 a790fe6fc63046eb9d0a1ec74dbae7ec 758efd9b696647fdac3900eb61a25889 - - default default] No more DHCP agents
2026-08-28 05:27:05.918 9 WARNING neutron.api.rpc.agentnotifiers.dhcp_rpc_agent_api [None req-197f7b22-acbb-4dec-a5b6-d6909b3e7c59 a790fe6fc63046eb9d0a1ec74dbae7ec 758efd9b696647fdac3900eb61a25889 - - default default] Unable to schedule network b18332a6-3dd8-43bf-849f-49ff62392820: no agents available; will retry on subsequent port and subnet creation events.
2026-08-28 05:27:05.927 10 INFO neutron.wsgi [None req-435fb48b-899b-45cd-8f92-d83b83652684 511b4e370867442780eeb182d49315a4 e5d84ec93a4c4c658096169b04f88d23 - - default default] 10.0.0.220 "DELETE /v2.0/security-groups/b868085e-b5cd-4131-bdec-af60ebc31585 HTTP/1.1" status: 204 len: 168 time: 0.2073252
2026-08-28 05:27:06.046 9 INFO neutron.db.ovn_revision_numbers_db [None req-197f7b22-acbb-4dec-a5b6-d6909b3e7c59 a790fe6fc63046eb9d0a1ec74dbae7ec 758efd9b696647fdac3900eb61a25889 - - default default] Successfully bumped revision number for resource 90050ba3-bc32-4f01-b666-193703b31d85 (type: ports) to 1
2026-08-28 05:27:06.514 10 INFO neutron.db.ovn_revision_numbers_db [None req-333c9278-6441-4fb8-b77b-311a0e2842f7 511b4e370867442780eeb182d49315a4 e5d84ec93a4c4c658096169b04f88d23 - - default default] Successfully bumped revision number for resource e973d3ec-b23c-4c72-82a7-be096ddcaece (type: security_groups) to 1
2026-08-28 05:27:06.530 10 INFO neutron.db.ovn_revision_numbers_db [None req-333c9278-6441-4fb8-b77b-311a0e2842f7 511b4e370867442780eeb182d49315a4 e5d84ec93a4c4c658096169b04f88d23 - - default default] Successfully bumped revision number for resource 3bf170d3-a0f7-48d7-9e3e-8c8ed471f1fb (type: security_group_rules) to 0
2026-08-28 05:27:06.542 10 INFO neutron.db.ovn_revision_numbers_db [None req-333c9278-6441-4fb8-b77b-311a0e2842f7 511b4e370867442780eeb182d49315a4 e5d84ec93a4c4c658096169b04f88d23 - - default default] Successfully bumped revision number for resource 7d43a591-5cf6-476e-927c-ae954b03fc7c (type: security_group_rules) to 0
2026-08-28 05:27:06.555 10 INFO neutron.db.ovn_revision_numbers_db [None req-333c9278-6441-4fb8-b77b-311a0e2842f7 511b4e370867442780eeb182d49315a4 e5d84ec93a4c4c658096169b04f88d23 - - default default] Successfully bumped revision number for resource 99f35d3a-fb90-4a48-bb96-f65e491deaba (type: security_group_rules) to 0
2026-08-28 05:27:06.571 10 INFO neutron.db.ovn_revision_numbers_db [None req-333c9278-6441-4fb8-b77b-311a0e2842f7 511b4e370867442780eeb182d49315a4 e5d84ec93a4c4c658096169b04f88d23 - - default default] Successfully bumped revision number for resource e7c0f4f9-47c5-4f0e-bbeb-4289db02e78e (type: security_group_rules) to 0
2026-08-28 05:27:06.594 10 INFO neutron.wsgi [None req-333c9278-6441-4fb8-b77b-311a0e2842f7 511b4e370867442780eeb182d49315a4 e5d84ec93a4c4c658096169b04f88d23 - - default default] 10.0.0.220 "GET /v2.0/security-groups?tenant_id=462651cad99f4246ab7ce1d05523d662&name=default HTTP/1.1" status: 200 len: 2996 time: 0.3507411
2026-08-28 05:27:06.616 10 INFO neutron.db.ovn_revision_numbers_db [None req-60ddec0d-33ca-4716-a697-105f17775055 b7f57c560e2a46c1a0f77f545322a413 7160983798bf41d8a1b57bbbbc5fdf22 - - default default] Successfully bumped revision number for resource cfa75f55-74d7-4c5f-bf7d-b3cbc5bc721d (type: security_groups) to 1
2026-08-28 05:27:06.635 10 INFO neutron.db.ovn_revision_numbers_db [None req-60ddec0d-33ca-4716-a697-105f17775055 b7f57c560e2a46c1a0f77f545322a413 7160983798bf41d8a1b57bbbbc5fdf22 - - default default] Successfully bumped revision number for resource 1a39a80d-3ca1-4a79-90fe-5b6065592999 (type: security_group_rules) to 0
2026-08-28 05:27:06.675 10 INFO neutron.db.ovn_revision_numbers_db [None req-60ddec0d-33ca-4716-a697-105f17775055 b7f57c560e2a46c1a0f77f545322a413 7160983798bf41d8a1b57bbbbc5fdf22 - - default default] Successfully bumped revision number for resource c8f19e11-5f17-4d48-9b23-e08a0a97db21 (type: security_group_rules) to 0
2026-08-28 05:27:06.699 10 INFO neutron.db.ovn_revision_numbers_db [None req-60ddec0d-33ca-4716-a697-105f17775055 b7f57c560e2a46c1a0f77f545322a413 7160983798bf41d8a1b57bbbbc5fdf22 - - default default] Successfully bumped revision number for resource e7ae44e8-ec60-4031-a86e-0485db1d597e (type: security_group_rules) to 0
2026-08-28 05:27:06.749 10 INFO neutron.plugins.ml2.drivers.ovn.mech_driver.mech_driver [None req-ecca0a14-0421-4d1a-be91-9b3190cdbe4c - - - - - -] OVN reports status up for port: 90050ba3-bc32-4f01-b666-193703b31d85
2026-08-28 05:27:06.751 10 INFO neutron.db.ovn_revision_numbers_db [None req-60ddec0d-33ca-4716-a697-105f17775055 b7f57c560e2a46c1a0f77f545322a413 7160983798bf41d8a1b57bbbbc5fdf22 - - default default] Successfully bumped revision number for resource f4aa3085-4157-4e75-b501-f1da24502f94 (type: security_group_rules) to 0
2026-08-28 05:27:06.757 9 INFO neutron.db.ovn_revision_numbers_db [None req-197f7b22-acbb-4dec-a5b6-d6909b3e7c59 a790fe6fc63046eb9d0a1ec74dbae7ec 758efd9b696647fdac3900eb61a25889 - - default default] Successfully bumped revision number for resource 90050ba3-bc32-4f01-b666-193703b31d85 (type: router_ports) to 1
2026-08-28 05:27:06.772 10 INFO neutron.plugins.ml2.drivers.ovn.mech_driver.ovsdb.ovsdb_monitor [None req-01e5c81b-a554-48db-a5f4-3a2e613417c3 - - - - - -] Router b3afb66d-baf7-4a48-aaba-252a0ae02af8 is bound to host instance
2026-08-28 05:27:06.775 10 INFO neutron.plugins.ml2.plugin [None req-ecca0a14-0421-4d1a-be91-9b3190cdbe4c - - - - - -] Attempt 1 to provision port 90050ba3-bc32-4f01-b666-193703b31d85
2026-08-28 05:27:06.825 9 INFO neutron.db.ovn_revision_numbers_db [None req-197f7b22-acbb-4dec-a5b6-d6909b3e7c59 a790fe6fc63046eb9d0a1ec74dbae7ec 758efd9b696647fdac3900eb61a25889 - - default default] Successfully bumped revision number for resource b3afb66d-baf7-4a48-aaba-252a0ae02af8 (type: routers) to 2
2026-08-28 05:27:06.837 9 INFO neutron.wsgi [None req-197f7b22-acbb-4dec-a5b6-d6909b3e7c59 a790fe6fc63046eb9d0a1ec74dbae7ec 758efd9b696647fdac3900eb61a25889 - - default default] 10.0.0.220 "POST /v2.0/routers HTTP/1.1" status: 201 len: 874 time: 1.4585347
2026-08-28 05:27:06.843 10 INFO neutron.db.segments_db [None req-60ddec0d-33ca-4716-a697-105f17775055 b7f57c560e2a46c1a0f77f545322a413 7160983798bf41d8a1b57bbbbc5fdf22 - - default default] Added segment 9408a8d0-de10-4996-a906-e77bb3fcc401 of type geneve for network a9a3f9f2-e5f4-4871-82a3-36f312bbb35b
2026-08-28 05:27:06.936 9 INFO neutron.wsgi [None req-48bdd894-c12e-415d-94f3-364d9453203d 89d784d6e3c74a18962dc437843a3471 10ee60a4d2d442b2b3b4a7fee7b956ce - - default default] 10.0.0.220 "GET /v2.0/subnets?project_id=758efd9b696647fdac3900eb61a25889&cidr=10.100.0.0%2F28 HTTP/1.1" status: 200 len: 207 time: 0.0951591
2026-08-28 05:27:07.013 9 INFO neutron.wsgi [None req-0ffbafd6-68f0-404f-a0db-e2cdeeb623e1 89d784d6e3c74a18962dc437843a3471 10ee60a4d2d442b2b3b4a7fee7b956ce - - default default] 10.0.0.220 "GET /v2.0/networks?router%3Aexternal=True HTTP/1.1" status: 200 len: 947 time: 0.0728445
2026-08-28 05:27:07.031 9 INFO neutron.wsgi [None req-220cc16a-40be-456d-ae3f-7ac96064243f 89d784d6e3c74a18962dc437843a3471 10ee60a4d2d442b2b3b4a7fee7b956ce - - default default] 10.0.0.220 "GET /v2.0/subnets?network_id=b18332a6-3dd8-43bf-849f-49ff62392820&cidr=10.100.0.0%2F28 HTTP/1.1" status: 200 len: 207 time: 0.0151808
2026-08-28 05:27:07.034 10 INFO neutron.db.ovn_revision_numbers_db [None req-60ddec0d-33ca-4716-a697-105f17775055 b7f57c560e2a46c1a0f77f545322a413 7160983798bf41d8a1b57bbbbc5fdf22 - - default default] Successfully bumped revision number for resource a9a3f9f2-e5f4-4871-82a3-36f312bbb35b (type: networks) to 1
2026-08-28 05:27:07.040 10 INFO neutron.wsgi [None req-3d033a38-3723-4671-8bbd-c889a5e0a169 511b4e370867442780eeb182d49315a4 e5d84ec93a4c4c658096169b04f88d23 - - default default] 10.0.0.220 "DELETE /v2.0/security-groups/e973d3ec-b23c-4c72-82a7-be096ddcaece HTTP/1.1" status: 204 len: 168 time: 0.4413617
2026-08-28 05:27:07.237 9 WARNING neutron.scheduler.dhcp_agent_scheduler [None req-3f3e22a1-30ff-4f37-9661-5e59a10170ef a790fe6fc63046eb9d0a1ec74dbae7ec 758efd9b696647fdac3900eb61a25889 - - default default] No more DHCP agents
2026-08-28 05:27:07.240 9 WARNING neutron.api.rpc.agentnotifiers.dhcp_rpc_agent_api [None req-3f3e22a1-30ff-4f37-9661-5e59a10170ef a790fe6fc63046eb9d0a1ec74dbae7ec 758efd9b696647fdac3900eb61a25889 - - default default] Unable to schedule network 39d1190a-e306-47e4-98d7-521760b32589: no agents available; will retry on subsequent port and subnet creation events.
2026-08-28 05:27:07.398 10 WARNING neutron.scheduler.dhcp_agent_scheduler [None req-60ddec0d-33ca-4716-a697-105f17775055 b7f57c560e2a46c1a0f77f545322a413 7160983798bf41d8a1b57bbbbc5fdf22 - - default default] No more DHCP agents
2026-08-28 05:27:07.402 10 WARNING neutron.api.rpc.agentnotifiers.dhcp_rpc_agent_api [None req-60ddec0d-33ca-4716-a697-105f17775055 b7f57c560e2a46c1a0f77f545322a413 7160983798bf41d8a1b57bbbbc5fdf22 - - default default] Unable to schedule network a9a3f9f2-e5f4-4871-82a3-36f312bbb35b: no agents available; will retry on subsequent port and subnet creation events.
2026-08-28 05:27:07.487 10 INFO neutron.db.ovn_revision_numbers_db [None req-60ddec0d-33ca-4716-a697-105f17775055 b7f57c560e2a46c1a0f77f545322a413 7160983798bf41d8a1b57bbbbc5fdf22 - - default default] Successfully bumped revision number for resource 9fa306a6-654c-4d31-9b06-ee143cc0028b (type: ports) to 1
2026-08-28 05:27:07.511 10 INFO neutron.wsgi [None req-60ddec0d-33ca-4716-a697-105f17775055 b7f57c560e2a46c1a0f77f545322a413 7160983798bf41d8a1b57bbbbc5fdf22 - - default default] 10.0.0.220 "POST /v2.0/networks HTTP/1.1" status: 201 len: 848 time: 1.0808091
2026-08-28 05:27:07.562 10 INFO neutron.db.ovn_revision_numbers_db [None req-01e5c81b-a554-48db-a5f4-3a2e613417c3 - - - - - -] Successfully bumped revision number for resource 90050ba3-bc32-4f01-b666-193703b31d85 (type: ports) to 1
2026-08-28 05:27:07.737 9 INFO neutron.db.ovn_revision_numbers_db [None req-3f3e22a1-30ff-4f37-9661-5e59a10170ef a790fe6fc63046eb9d0a1ec74dbae7ec 758efd9b696647fdac3900eb61a25889 - - default default] Successfully bumped revision number for resource 2e782c3a-75db-4a3e-b022-66e9483c1697 (type: ports) to 2
2026-08-28 05:27:07.780 10 INFO neutron.db.ovn_revision_numbers_db [None req-01e5c81b-a554-48db-a5f4-3a2e613417c3 - - - - - -] Successfully bumped revision number for resource 90050ba3-bc32-4f01-b666-193703b31d85 (type: router_ports) to 3
2026-08-28 05:27:07.782 9 INFO neutron.db.ovn_revision_numbers_db [None req-3f3e22a1-30ff-4f37-9661-5e59a10170ef a790fe6fc63046eb9d0a1ec74dbae7ec 758efd9b696647fdac3900eb61a25889 - - default default] Successfully bumped revision number for resource 10153242-f2df-4488-be28-55c8a5721bd4 (type: subnets) to 0
2026-08-28 05:27:07.812 9 INFO neutron.wsgi [None req-3f3e22a1-30ff-4f37-9661-5e59a10170ef a790fe6fc63046eb9d0a1ec74dbae7ec 758efd9b696647fdac3900eb61a25889 - - default default] 10.0.0.220 "POST /v2.0/subnets HTTP/1.1" status: 201 len: 832 time: 0.7772532
2026-08-28 05:27:07.838 9 WARNING neutron.scheduler.dhcp_agent_scheduler [None req-2154ebf7-1349-4d40-a3bb-3b4556a83ee1 b7f57c560e2a46c1a0f77f545322a413 7160983798bf41d8a1b57bbbbc5fdf22 - - default default] No more DHCP agents
2026-08-28 05:27:07.839 9 WARNING neutron.api.rpc.agentnotifiers.dhcp_rpc_agent_api [None req-2154ebf7-1349-4d40-a3bb-3b4556a83ee1 b7f57c560e2a46c1a0f77f545322a413 7160983798bf41d8a1b57bbbbc5fdf22 - - default default] Unable to schedule network a9a3f9f2-e5f4-4871-82a3-36f312bbb35b: no agents available; will retry on subsequent port and subnet creation events.
2026-08-28 05:27:07.881 9 INFO neutron.db.ovn_revision_numbers_db [None req-2154ebf7-1349-4d40-a3bb-3b4556a83ee1 b7f57c560e2a46c1a0f77f545322a413 7160983798bf41d8a1b57bbbbc5fdf22 - - default default] Successfully bumped revision number for resource 620e90e6-0f95-412b-8ba6-f71388f2a0c4 (type: subnets) to 0
2026-08-28 05:27:07.897 9 INFO neutron.wsgi [None req-2154ebf7-1349-4d40-a3bb-3b4556a83ee1 b7f57c560e2a46c1a0f77f545322a413 7160983798bf41d8a1b57bbbbc5fdf22 - - default default] 10.0.0.220 "POST /v2.0/subnets HTTP/1.1" status: 201 len: 802 time: 0.3819163
2026-08-28 05:27:07.998 10 INFO neutron.db.ovn_revision_numbers_db [None req-01e5c81b-a554-48db-a5f4-3a2e613417c3 - - - - - -] Successfully bumped revision number for resource 90050ba3-bc32-4f01-b666-193703b31d85 (type: ports) to 2
2026-08-28 05:27:08.209 10 INFO neutron.wsgi [-] 10.0.0.136 "GET / HTTP/1.1" status: 200 len: 247 time: 0.0013726
2026-08-28 05:27:08.210 10 INFO neutron.wsgi [-] 10.0.0.136 "GET / HTTP/1.1" status: 200 len: 247 time: 0.0007825
2026-08-28 05:27:08.296 9 WARNING neutron.scheduler.dhcp_agent_scheduler [None req-f6665011-f51d-4a76-94e7-f877d1767991 a790fe6fc63046eb9d0a1ec74dbae7ec 758efd9b696647fdac3900eb61a25889 - - default default] No more DHCP agents
2026-08-28 05:27:08.300 9 WARNING neutron.api.rpc.agentnotifiers.dhcp_rpc_agent_api [None req-f6665011-f51d-4a76-94e7-f877d1767991 a790fe6fc63046eb9d0a1ec74dbae7ec 758efd9b696647fdac3900eb61a25889 - - default default] Unable to schedule network 39d1190a-e306-47e4-98d7-521760b32589: no agents available; will retry on subsequent port and subnet creation events.
2026-08-28 05:27:08.374 10 INFO neutron.db.ovn_revision_numbers_db [None req-9bdf8530-d6d5-4fc4-bda8-579481b50896 052d90980ff6487b9dd6b9393b3884f3 33d2d76cd6db4cfeb1bb453107f0d21a - - default default] Successfully bumped revision number for resource 25ef0dd9-c9ec-421a-86ee-c0cea342cbf2 (type: security_groups) to 1
2026-08-28 05:27:08.404 10 INFO neutron.db.ovn_revision_numbers_db [None req-9bdf8530-d6d5-4fc4-bda8-579481b50896 052d90980ff6487b9dd6b9393b3884f3 33d2d76cd6db4cfeb1bb453107f0d21a - - default default] Successfully bumped revision number for resource 213eef33-482e-4542-8aa3-9bdb9795f9ae (type: security_group_rules) to 0
2026-08-28 05:27:08.406 10 INFO neutron.db.ovn_revision_numbers_db [None req-01e5c81b-a554-48db-a5f4-3a2e613417c3 - - - - - -] Successfully bumped revision number for resource 90050ba3-bc32-4f01-b666-193703b31d85 (type: ports) to 4
2026-08-28 05:27:08.438 10 INFO neutron.db.ovn_revision_numbers_db [None req-9bdf8530-d6d5-4fc4-bda8-579481b50896 052d90980ff6487b9dd6b9393b3884f3 33d2d76cd6db4cfeb1bb453107f0d21a - - default default] Successfully bumped revision number for resource 6e97ed3d-3a94-4e3a-8a23-eeb3a48fd7b3 (type: security_group_rules) to 0
2026-08-28 05:27:08.454 9 INFO neutron.db.ovn_revision_numbers_db [None req-f6665011-f51d-4a76-94e7-f877d1767991 a790fe6fc63046eb9d0a1ec74dbae7ec 758efd9b696647fdac3900eb61a25889 - - default default] Successfully bumped revision number for resource db685bb4-c947-43e0-880e-6f83fc451aa7 (type: ports) to 1
2026-08-28 05:27:08.475 10 INFO neutron.db.ovn_revision_numbers_db [None req-9bdf8530-d6d5-4fc4-bda8-579481b50896 052d90980ff6487b9dd6b9393b3884f3 33d2d76cd6db4cfeb1bb453107f0d21a - - default default] Successfully bumped revision number for resource ad306912-031c-4f8f-9c91-259025ebedff (type: security_group_rules) to 0
2026-08-28 05:27:08.510 10 INFO neutron.db.ovn_revision_numbers_db [None req-9bdf8530-d6d5-4fc4-bda8-579481b50896 052d90980ff6487b9dd6b9393b3884f3 33d2d76cd6db4cfeb1bb453107f0d21a - - default default] Successfully bumped revision number for resource ee8d3541-ac1a-417f-bf7d-c6fd7aa2abde (type: security_group_rules) to 0
2026-08-28 05:27:08.567 10 WARNING neutron.scheduler.dhcp_agent_scheduler [None req-fa5391ef-c330-4839-ae6e-8df125712959 b7f57c560e2a46c1a0f77f545322a413 7160983798bf41d8a1b57bbbbc5fdf22 - - default default] No more DHCP agents
2026-08-28 05:27:08.578 10 WARNING neutron.api.rpc.agentnotifiers.dhcp_rpc_agent_api [None req-fa5391ef-c330-4839-ae6e-8df125712959 b7f57c560e2a46c1a0f77f545322a413 7160983798bf41d8a1b57bbbbc5fdf22 - - default default] Unable to schedule network b18332a6-3dd8-43bf-849f-49ff62392820: no agents available; will retry on subsequent port and subnet creation events.
2026-08-28 05:27:08.609 10 INFO neutron.db.segments_db [None req-9bdf8530-d6d5-4fc4-bda8-579481b50896 052d90980ff6487b9dd6b9393b3884f3 33d2d76cd6db4cfeb1bb453107f0d21a - - default default] Added segment 328f367f-8205-4c19-a494-bd1ecb77bd87 of type geneve for network d3209b72-9b49-47cc-a9ff-1e1feb996ec8
2026-08-28 05:27:08.805 10 INFO neutron.db.ovn_revision_numbers_db [None req-01e5c81b-a554-48db-a5f4-3a2e613417c3 - - - - - -] Successfully bumped revision number for resource 90050ba3-bc32-4f01-b666-193703b31d85 (type: router_ports) to 4
2026-08-28 05:27:08.841 10 INFO neutron.db.ovn_revision_numbers_db [None req-9bdf8530-d6d5-4fc4-bda8-579481b50896 052d90980ff6487b9dd6b9393b3884f3 33d2d76cd6db4cfeb1bb453107f0d21a - - default default] Successfully bumped revision number for resource d3209b72-9b49-47cc-a9ff-1e1feb996ec8 (type: networks) to 1
2026-08-28 05:27:08.858 10 INFO neutron.db.ovn_revision_numbers_db [None req-fa5391ef-c330-4839-ae6e-8df125712959 b7f57c560e2a46c1a0f77f545322a413 7160983798bf41d8a1b57bbbbc5fdf22 - - default default] Successfully bumped revision number for resource 35772566-bc42-4c1c-9376-26ae1788c10e (type: ports) to 1
2026-08-28 05:27:08.927 9 INFO neutron.db.ovn_revision_numbers_db [None req-f6665011-f51d-4a76-94e7-f877d1767991 a790fe6fc63046eb9d0a1ec74dbae7ec 758efd9b696647fdac3900eb61a25889 - - default default] Successfully bumped revision number for resource db685bb4-c947-43e0-880e-6f83fc451aa7 (type: router_ports) to 1
2026-08-28 05:27:09.047 9 INFO neutron.db.ovn_revision_numbers_db [None req-f6665011-f51d-4a76-94e7-f877d1767991 a790fe6fc63046eb9d0a1ec74dbae7ec 758efd9b696647fdac3900eb61a25889 - - default default] Successfully bumped revision number for resource db685bb4-c947-43e0-880e-6f83fc451aa7 (type: ports) to 1
2026-08-28 05:27:09.096 9 WARNING neutron.scheduler.dhcp_agent_scheduler [None req-f6665011-f51d-4a76-94e7-f877d1767991 a790fe6fc63046eb9d0a1ec74dbae7ec 758efd9b696647fdac3900eb61a25889 - - default default] No more DHCP agents
2026-08-28 05:27:09.097 9 WARNING neutron.api.rpc.agentnotifiers.dhcp_rpc_agent_api [None req-f6665011-f51d-4a76-94e7-f877d1767991 a790fe6fc63046eb9d0a1ec74dbae7ec 758efd9b696647fdac3900eb61a25889 - - default default] Unable to schedule network 39d1190a-e306-47e4-98d7-521760b32589: no agents available; will retry on subsequent port and subnet creation events.
2026-08-28 05:27:09.231 10 WARNING neutron.scheduler.dhcp_agent_scheduler [None req-9bdf8530-d6d5-4fc4-bda8-579481b50896 052d90980ff6487b9dd6b9393b3884f3 33d2d76cd6db4cfeb1bb453107f0d21a - - default default] No more DHCP agents
2026-08-28 05:27:09.235 10 WARNING neutron.api.rpc.agentnotifiers.dhcp_rpc_agent_api [None req-9bdf8530-d6d5-4fc4-bda8-579481b50896 052d90980ff6487b9dd6b9393b3884f3 33d2d76cd6db4cfeb1bb453107f0d21a - - default default] Unable to schedule network d3209b72-9b49-47cc-a9ff-1e1feb996ec8: no agents available; will retry on subsequent port and subnet creation events.
2026-08-28 05:27:09.337 10 INFO neutron.db.ovn_revision_numbers_db [None req-9bdf8530-d6d5-4fc4-bda8-579481b50896 052d90980ff6487b9dd6b9393b3884f3 33d2d76cd6db4cfeb1bb453107f0d21a - - default default] Successfully bumped revision number for resource 1d39998f-77a3-4915-883d-ffc0d146d6af (type: ports) to 1
2026-08-28 05:27:09.367 10 INFO neutron.wsgi [None req-9bdf8530-d6d5-4fc4-bda8-579481b50896 052d90980ff6487b9dd6b9393b3884f3 33d2d76cd6db4cfeb1bb453107f0d21a - - default default] 10.0.0.220 "POST /v2.0/networks HTTP/1.1" status: 201 len: 843 time: 1.5078652
2026-08-28 05:27:09.401 9 INFO neutron.db.ovn_revision_numbers_db [None req-f6665011-f51d-4a76-94e7-f877d1767991 a790fe6fc63046eb9d0a1ec74dbae7ec 758efd9b696647fdac3900eb61a25889 - - default default] Successfully bumped revision number for resource db685bb4-c947-43e0-880e-6f83fc451aa7 (type: router_ports) to 1
2026-08-28 05:27:09.405 9 INFO neutron.wsgi [None req-f6665011-f51d-4a76-94e7-f877d1767991 a790fe6fc63046eb9d0a1ec74dbae7ec 758efd9b696647fdac3900eb61a25889 - - default default] 10.0.0.220 "PUT /v2.0/routers/b3afb66d-baf7-4a48-aaba-252a0ae02af8/add_router_interface HTTP/1.1" status: 200 len: 503 time: 1.5854561
2026-08-28 05:27:09.494 9 INFO neutron.wsgi [None req-320fd466-5c68-44f1-815a-e7424a79274b 89d784d6e3c74a18962dc437843a3471 10ee60a4d2d442b2b3b4a7fee7b956ce - - default default] 10.0.0.220 "GET /v2.0/networks HTTP/1.1" status: 200 len: 4596 time: 0.0836475
2026-08-28 05:27:09.520 10 INFO neutron.plugins.ml2.drivers.ovn.mech_driver.mech_driver [None req-ecca0a14-0421-4d1a-be91-9b3190cdbe4c - - - - - -] OVN reports status up for port: db685bb4-c947-43e0-880e-6f83fc451aa7
2026-08-28 05:27:09.528 9 INFO neutron.wsgi [None req-79c5dec0-3258-4824-b894-9194d18e01f0 89d784d6e3c74a18962dc437843a3471 10ee60a4d2d442b2b3b4a7fee7b956ce - - default default] 10.0.0.220 "GET /v2.0/subnets HTTP/1.1" status: 200 len: 2708 time: 0.0273538
2026-08-28 05:27:09.535 10 INFO neutron.plugins.ml2.plugin [None req-ecca0a14-0421-4d1a-be91-9b3190cdbe4c - - - - - -] Attempt 1 to provision port db685bb4-c947-43e0-880e-6f83fc451aa7
2026-08-28 05:27:09.765 10 WARNING neutron.scheduler.dhcp_agent_scheduler [None req-87677eba-65e8-4d15-a61a-44b925560580 052d90980ff6487b9dd6b9393b3884f3 33d2d76cd6db4cfeb1bb453107f0d21a - - default default] No more DHCP agents
2026-08-28 05:27:09.770 10 WARNING neutron.api.rpc.agentnotifiers.dhcp_rpc_agent_api [None req-87677eba-65e8-4d15-a61a-44b925560580 052d90980ff6487b9dd6b9393b3884f3 33d2d76cd6db4cfeb1bb453107f0d21a - - default default] Unable to schedule network d3209b72-9b49-47cc-a9ff-1e1feb996ec8: no agents available; will retry on subsequent port and subnet creation events.
2026-08-28 05:27:09.825 9 INFO neutron.plugins.ml2.drivers.ovn.mech_driver.mech_driver [None req-4e676577-71a5-40a5-8711-631704a4b1f0 - - - - - -] OVN reports status up for port: 35772566-bc42-4c1c-9376-26ae1788c10e
2026-08-28 05:27:09.840 9 INFO neutron.plugins.ml2.plugin [None req-4e676577-71a5-40a5-8711-631704a4b1f0 - - - - - -] Attempt 1 to provision port 35772566-bc42-4c1c-9376-26ae1788c10e
2026-08-28 05:27:09.857 9 INFO neutron.wsgi [None req-43cc70de-c7f8-4f3e-9488-c7e3bf899f8a 89d784d6e3c74a18962dc437843a3471 10ee60a4d2d442b2b3b4a7fee7b956ce - - default default] 10.0.0.220 "GET /v2.0/routers HTTP/1.1" status: 200 len: 1551 time: 0.3240578
2026-08-28 05:27:09.909 10 INFO neutron.db.ovn_revision_numbers_db [None req-fa5391ef-c330-4839-ae6e-8df125712959 b7f57c560e2a46c1a0f77f545322a413 7160983798bf41d8a1b57bbbbc5fdf22 - - default default] Successfully bumped revision number for resource 35772566-bc42-4c1c-9376-26ae1788c10e (type: router_ports) to 1
2026-08-28 05:27:09.942 10 INFO neutron.db.ovn_revision_numbers_db [None req-87677eba-65e8-4d15-a61a-44b925560580 052d90980ff6487b9dd6b9393b3884f3 33d2d76cd6db4cfeb1bb453107f0d21a - - default default] Successfully bumped revision number for resource 3f190f82-3c38-41c1-8ff0-13c08160e0ae (type: ports) to 1
2026-08-28 05:27:09.976 10 INFO neutron.wsgi [None req-87677eba-65e8-4d15-a61a-44b925560580 052d90980ff6487b9dd6b9393b3884f3 33d2d76cd6db4cfeb1bb453107f0d21a - - default default] 10.0.0.220 "POST /v2.0/ports HTTP/1.1" status: 201 len: 974 time: 0.6030536
2026-08-28 05:27:09.985 10 INFO neutron.db.ovn_revision_numbers_db [None req-fa5391ef-c330-4839-ae6e-8df125712959 b7f57c560e2a46c1a0f77f545322a413 7160983798bf41d8a1b57bbbbc5fdf22 - - default default] Successfully bumped revision number for resource d6edb7e0-1cee-477e-837b-753be1ccf0e1 (type: routers) to 2
2026-08-28 05:27:10.007 10 INFO neutron.wsgi [None req-fa5391ef-c330-4839-ae6e-8df125712959 b7f57c560e2a46c1a0f77f545322a413 7160983798bf41d8a1b57bbbbc5fdf22 - - default default] 10.0.0.220 "POST /v2.0/routers HTTP/1.1" status: 201 len: 875 time: 2.1060898 /var/lib/openstack/lib/python3.10/site-packages/pycadf/identifier.py:71: UserWarning: Invalid uuid: neutron. To ensure interoperability, identifiers should be a valid uuid. warnings.warn(('Invalid uuid: %s. To ensure interoperability, '
2026-08-28 05:27:10.028 9 INFO neutron.db.ovn_revision_numbers_db [None req-0a8d731b-c08c-4ea2-b6e4-85671927ca5a a790fe6fc63046eb9d0a1ec74dbae7ec 758efd9b696647fdac3900eb61a25889 - - default default] Successfully bumped revision number for resource 6cea20ee-441c-4819-bed5-721473f89258 (type: security_groups) to 1
2026-08-28 05:27:10.039 9 INFO neutron.db.ovn_revision_numbers_db [None req-0a8d731b-c08c-4ea2-b6e4-85671927ca5a a790fe6fc63046eb9d0a1ec74dbae7ec 758efd9b696647fdac3900eb61a25889 - - default default] Successfully bumped revision number for resource 8c4fef19-1ebd-441d-8030-c8193cd4f920 (type: security_group_rules) to 0
2026-08-28 05:27:10.049 9 INFO neutron.db.ovn_revision_numbers_db [None req-0a8d731b-c08c-4ea2-b6e4-85671927ca5a a790fe6fc63046eb9d0a1ec74dbae7ec 758efd9b696647fdac3900eb61a25889 - - default default] Successfully bumped revision number for resource 9a72fd18-5b97-416c-be9b-5c3635813e03 (type: security_group_rules) to 0
2026-08-28 05:27:10.064 9 INFO neutron.wsgi [None req-0a8d731b-c08c-4ea2-b6e4-85671927ca5a a790fe6fc63046eb9d0a1ec74dbae7ec 758efd9b696647fdac3900eb61a25889 - - default default] 10.0.0.220 "POST /v2.0/security-groups HTTP/1.1" status: 201 len: 1811 time: 0.1355219
2026-08-28 05:27:10.075 10 INFO neutron.db.ovn_revision_numbers_db [None req-ecca0a14-0421-4d1a-be91-9b3190cdbe4c - - - - - -] Successfully bumped revision number for resource db685bb4-c947-43e0-880e-6f83fc451aa7 (type: ports) to 2
2026-08-28 05:27:10.080 9 INFO neutron.db.segments_db [None req-604ce837-f1c7-4aeb-b5be-32737f7458f9 052d90980ff6487b9dd6b9393b3884f3 33d2d76cd6db4cfeb1bb453107f0d21a - - default default] Added segment efb971c2-71de-40a3-94ea-7740feeb6eed of type geneve for network f2dc39fa-146d-4a21-9ee8-36bc817c74c0
2026-08-28 05:27:10.229 9 INFO neutron.db.ovn_revision_numbers_db [None req-604ce837-f1c7-4aeb-b5be-32737f7458f9 052d90980ff6487b9dd6b9393b3884f3 33d2d76cd6db4cfeb1bb453107f0d21a - - default default] Successfully bumped revision number for resource f2dc39fa-146d-4a21-9ee8-36bc817c74c0 (type: networks) to 1
2026-08-28 05:27:10.234 10 INFO neutron.db.ovn_revision_numbers_db [None req-ecca0a14-0421-4d1a-be91-9b3190cdbe4c - - - - - -] Successfully bumped revision number for resource db685bb4-c947-43e0-880e-6f83fc451aa7 (type: router_ports) to 2
2026-08-28 05:27:10.237 9 INFO neutron.db.ovn_revision_numbers_db [None req-7d422662-fbb1-468d-87d5-eb7123031741 a790fe6fc63046eb9d0a1ec74dbae7ec 758efd9b696647fdac3900eb61a25889 - - default default] Successfully bumped revision number for resource aa65fe8d-114e-422b-a116-7dba4201e928 (type: security_group_rules) to 0
2026-08-28 05:27:10.264 9 INFO neutron.wsgi [None req-7d422662-fbb1-468d-87d5-eb7123031741 a790fe6fc63046eb9d0a1ec74dbae7ec 758efd9b696647fdac3900eb61a25889 - - default default] 10.0.0.220 "POST /v2.0/security-group-rules HTTP/1.1" status: 201 len: 764 time: 0.1916740
2026-08-28 05:27:10.389 9 WARNING neutron.scheduler.dhcp_agent_scheduler [None req-604ce837-f1c7-4aeb-b5be-32737f7458f9 052d90980ff6487b9dd6b9393b3884f3 33d2d76cd6db4cfeb1bb453107f0d21a - - default default] No more DHCP agents
2026-08-28 05:27:10.391 9 WARNING neutron.api.rpc.agentnotifiers.dhcp_rpc_agent_api [None req-604ce837-f1c7-4aeb-b5be-32737f7458f9 052d90980ff6487b9dd6b9393b3884f3 33d2d76cd6db4cfeb1bb453107f0d21a - - default default] Unable to schedule network f2dc39fa-146d-4a21-9ee8-36bc817c74c0: no agents available; will retry on subsequent port and subnet creation events.
2026-08-28 05:27:10.431 9 INFO neutron.db.ovn_revision_numbers_db [None req-2dbebf4f-270b-46ed-bb51-9b9bb204be68 a790fe6fc63046eb9d0a1ec74dbae7ec 758efd9b696647fdac3900eb61a25889 - - default default] Successfully bumped revision number for resource ed513442-b064-4049-9afb-c3e7804dbad1 (type: security_group_rules) to 0
2026-08-28 05:27:10.461 9 INFO neutron.wsgi [None req-2dbebf4f-270b-46ed-bb51-9b9bb204be68 a790fe6fc63046eb9d0a1ec74dbae7ec 758efd9b696647fdac3900eb61a25889 - - default default] 10.0.0.220 "POST /v2.0/security-group-rules HTTP/1.1" status: 201 len: 763 time: 0.1920266
