2026-08-28 05:20:53.207 10 INFO neutron.wsgi [-] 10.0.0.136 "GET / HTTP/1.1" status: 200 len: 247 time: 0.0020645
2026-08-28 05:20:53.207 9 INFO neutron.wsgi [-] 10.0.0.136 "GET / HTTP/1.1" status: 200 len: 247 time: 0.0021756
2026-08-28 05:21:08.207 9 INFO neutron.wsgi [-] 10.0.0.136 "GET / HTTP/1.1" status: 200 len: 247 time: 0.0021780
2026-08-28 05:21:08.207 10 INFO neutron.wsgi [-] 10.0.0.136 "GET / HTTP/1.1" status: 200 len: 247 time: 0.0023203
2026-08-28 05:21:21.424 10 INFO neutron.wsgi [None req-b608e9df-2e3b-4dd4-a670-06a3f37c3883 511b4e370867442780eeb182d49315a4 e5d84ec93a4c4c658096169b04f88d23 - - default default] 10.0.0.183 "GET /v2.0/agents HTTP/1.1" status: 200 len: 997 time: 0.1138370
2026-08-28 05:21:21.455 10 INFO neutron.wsgi [None req-733d2b98-290f-46e6-afab-0e0a30aee76b 511b4e370867442780eeb182d49315a4 e5d84ec93a4c4c658096169b04f88d23 - - default default] 10.0.0.183 "GET /v2.0/floatingips HTTP/1.1" status: 200 len: 193 time: 0.0287228
2026-08-28 05:21:21.509 10 INFO neutron.wsgi [None req-8a95efbd-1ed2-4eb7-b544-a25b01893018 511b4e370867442780eeb182d49315a4 e5d84ec93a4c4c658096169b04f88d23 - - default default] 10.0.0.183 "GET /v2.0/security-groups HTTP/1.1" status: 200 len: 16799 time: 0.0537324
2026-08-28 05:21:21.549 10 INFO neutron.wsgi [None req-b0719cb5-224c-40b3-b0c9-fd9c59c07d2d 511b4e370867442780eeb182d49315a4 e5d84ec93a4c4c658096169b04f88d23 - - default default] 10.0.0.183 "GET /v2.0/ports HTTP/1.1" status: 200 len: 5345 time: 0.0326464
2026-08-28 05:21:21.573 10 INFO neutron.wsgi [None req-ffb535b4-39d5-45d7-8bda-9db8d1ed858b 511b4e370867442780eeb182d49315a4 e5d84ec93a4c4c658096169b04f88d23 - - default default] 10.0.0.183 "GET /v2.0/routers HTTP/1.1" status: 200 len: 189 time: 0.0203700
2026-08-28 05:21:21.581 10 INFO neutron.wsgi [None req-623a9c01-d7b3-4fd4-9692-4c62ef7a9888 511b4e370867442780eeb182d49315a4 e5d84ec93a4c4c658096169b04f88d23 - - default default] 10.0.0.183 "GET /v2.0/agents?binary=ovn-controller HTTP/1.1" status: 200 len: 591 time: 0.0080318
2026-08-28 05:21:21.591 10 INFO neutron.wsgi [None req-9df8680e-f513-4d63-b1a9-d361a08ef859 511b4e370867442780eeb182d49315a4 e5d84ec93a4c4c658096169b04f88d23 - - default default] 10.0.0.183 "GET /v2.0/network-ip-availabilities HTTP/1.1" status: 200 len: 1280 time: 0.0090489
2026-08-28 05:21:21.639 10 INFO neutron.wsgi [None req-46ca8d45-674f-4b7e-8134-4ecdafa155a6 511b4e370867442780eeb182d49315a4 e5d84ec93a4c4c658096169b04f88d23 - - default default] 10.0.0.183 "GET /v2.0/networks HTTP/1.1" status: 200 len: 2350 time: 0.0470052
2026-08-28 05:21:21.672 10 INFO neutron.wsgi [None req-3da37e0d-38c7-42f4-9d61-00ea268856ea 511b4e370867442780eeb182d49315a4 e5d84ec93a4c4c658096169b04f88d23 - - default default] 10.0.0.183 "GET /v2.0/subnets HTTP/1.1" status: 200 len: 1437 time: 0.0301549
2026-08-28 05:21:21.724 10 INFO neutron.wsgi [None req-60804c50-cdd6-4525-8a29-65e5749e903c 511b4e370867442780eeb182d49315a4 e5d84ec93a4c4c658096169b04f88d23 - - default default] 10.0.0.183 "GET /v2.0/subnets HTTP/1.1" status: 200 len: 1437 time: 0.0472152
2026-08-28 05:21:21.742 10 INFO neutron.wsgi [None req-358ee696-a4da-4e6b-a572-9e0f9712dd81 511b4e370867442780eeb182d49315a4 e5d84ec93a4c4c658096169b04f88d23 - - default default] 10.0.0.183 "GET /v2.0/subnetpools HTTP/1.1" status: 200 len: 193 time: 0.0143888
2026-08-28 05:21:22.457 10 INFO neutron.wsgi [None req-eba3d07f-cc53-4fe5-9da0-a70146ac495a 511b4e370867442780eeb182d49315a4 e5d84ec93a4c4c658096169b04f88d23 - - default default] 162.253.55.123,10.0.0.136 "GET /v2.0/networks HTTP/1.1" status: 200 len: 2350 time: 0.1322966
2026-08-28 05:21:23.207 10 INFO neutron.wsgi [-] 10.0.0.136 "GET / HTTP/1.1" status: 200 len: 247 time: 0.0025067
2026-08-28 05:21:23.209 9 INFO neutron.wsgi [-] 10.0.0.136 "GET / HTTP/1.1" status: 200 len: 247 time: 0.0033424
2026-08-28 05:21:23.786 10 INFO neutron.wsgi [None req-cdf1b5c4-09ce-46c0-8346-47787ef3b221 511b4e370867442780eeb182d49315a4 e5d84ec93a4c4c658096169b04f88d23 - - default default] 162.253.55.123,10.0.0.136 "GET /v2.0/subnets HTTP/1.1" status: 200 len: 1437 time: 0.1045058
2026-08-28 05:21:23.855 10 INFO neutron.wsgi [None req-5c41ceeb-22df-4a50-9243-baa80879d0e3 511b4e370867442780eeb182d49315a4 e5d84ec93a4c4c658096169b04f88d23 - - default default] 162.253.55.123,10.0.0.136 "GET /v2.0/networks HTTP/1.1" status: 200 len: 2350 time: 0.0631220
2026-08-28 05:21:38.207 9 INFO neutron.wsgi [-] 10.0.0.136 "GET / HTTP/1.1" status: 200 len: 247 time: 0.0023367
2026-08-28 05:21:38.207 10 INFO neutron.wsgi [-] 10.0.0.136 "GET / HTTP/1.1" status: 200 len: 247 time: 0.0021582
2026-08-28 05:21:53.206 9 INFO neutron.wsgi [-] 10.0.0.136 "GET / HTTP/1.1" status: 200 len: 247 time: 0.0016384
2026-08-28 05:21:53.207 10 INFO neutron.wsgi [-] 10.0.0.136 "GET / HTTP/1.1" status: 200 len: 247 time: 0.0022459
2026-08-28 05:22:02.308 9 INFO neutron.wsgi [None req-32a960d2-c07e-44f4-9bfb-de5ecf504394 511b4e370867442780eeb182d49315a4 e5d84ec93a4c4c658096169b04f88d23 - - default default] 162.253.55.123,10.0.0.136 "GET /v2.0/networks HTTP/1.1" status: 200 len: 2350 time: 0.1698515
2026-08-28 05:22:03.288 10 INFO neutron.wsgi [None req-9995e978-7d40-429a-b3f7-1b12dbd7adb0 511b4e370867442780eeb182d49315a4 e5d84ec93a4c4c658096169b04f88d23 - - default default] 162.253.55.123,10.0.0.136 "GET /v2.0/subnets HTTP/1.1" status: 200 len: 1437 time: 0.1158416
2026-08-28 05:22:03.352 10 INFO neutron.wsgi [None req-f6d1f268-5e82-458c-93e3-c9c5119e9b5c 511b4e370867442780eeb182d49315a4 e5d84ec93a4c4c658096169b04f88d23 - - default default] 162.253.55.123,10.0.0.136 "GET /v2.0/networks HTTP/1.1" status: 200 len: 2350 time: 0.0586693
2026-08-28 05:22:04.696 9 INFO neutron.wsgi [None req-af858a48-f20e-422a-a9ad-5867f2d37c78 511b4e370867442780eeb182d49315a4 e5d84ec93a4c4c658096169b04f88d23 - - default default] 162.253.55.123,10.0.0.136 "GET /v2.0/security-groups?tenant_id=e5d84ec93a4c4c658096169b04f88d23 HTTP/1.1" status: 200 len: 10157 time: 0.1494067
2026-08-28 05:22:05.894 10 INFO neutron.wsgi [None req-42fa4672-744e-4efa-a1d7-c436b9b1a941 511b4e370867442780eeb182d49315a4 e5d84ec93a4c4c658096169b04f88d23 - - default default] 162.253.55.123,10.0.0.136 "GET /v2.0/security-groups?tenant_id=e5d84ec93a4c4c658096169b04f88d23 HTTP/1.1" status: 200 len: 10157 time: 0.1155059
2026-08-28 05:22:06.791 9 INFO neutron.wsgi [None req-9ee377ac-7a31-4dea-ab0b-9fd22e224dc8 511b4e370867442780eeb182d49315a4 e5d84ec93a4c4c658096169b04f88d23 - - default default] 162.253.55.123,10.0.0.136 "GET /v2.0/security-groups?tenant_id=e5d84ec93a4c4c658096169b04f88d23 HTTP/1.1" status: 200 len: 10157 time: 0.1224563
2026-08-28 05:22:07.651 10 INFO neutron.wsgi [None req-943a6d25-7190-4d51-aae2-4b9ee35ea02d 511b4e370867442780eeb182d49315a4 e5d84ec93a4c4c658096169b04f88d23 - - default default] 162.253.55.123,10.0.0.136 "GET /v2.0/security-groups?tenant_id=e5d84ec93a4c4c658096169b04f88d23 HTTP/1.1" status: 200 len: 10157 time: 0.1154194
2026-08-28 05:22:08.207 10 INFO neutron.wsgi [-] 10.0.0.136 "GET / HTTP/1.1" status: 200 len: 247 time: 0.0023224
2026-08-28 05:22:08.207 9 INFO neutron.wsgi [-] 10.0.0.136 "GET / HTTP/1.1" status: 200 len: 247 time: 0.0024517
2026-08-28 05:22:08.532 10 INFO neutron.wsgi [None req-87fa6b3f-4c20-49fd-9d2d-e455a5de53eb 511b4e370867442780eeb182d49315a4 e5d84ec93a4c4c658096169b04f88d23 - - default default] 162.253.55.123,10.0.0.136 "GET /v2.0/security-groups?tenant_id=e5d84ec93a4c4c658096169b04f88d23 HTTP/1.1" status: 200 len: 10157 time: 0.1136904
2026-08-28 05:22:09.438 10 INFO neutron.wsgi [None req-2ea44a09-ba09-4a21-b23b-d406d4ed6ec3 511b4e370867442780eeb182d49315a4 e5d84ec93a4c4c658096169b04f88d23 - - default default] 162.253.55.123,10.0.0.136 "GET /v2.0/security-groups?tenant_id=e5d84ec93a4c4c658096169b04f88d23 HTTP/1.1" status: 200 len: 10157 time: 0.1006236
2026-08-28 05:22:10.880 10 INFO neutron.wsgi [None req-244e50fc-834f-4a23-b7c1-0a0d6f662768 511b4e370867442780eeb182d49315a4 e5d84ec93a4c4c658096169b04f88d23 - - default default] 162.253.55.123,10.0.0.136 "GET /v2.0/security-groups HTTP/1.1" status: 200 len: 16799 time: 0.1140676
2026-08-28 05:22:10.929 10 INFO neutron.wsgi [None req-e17ba557-1f28-47ec-9253-421a014336f0 511b4e370867442780eeb182d49315a4 e5d84ec93a4c4c658096169b04f88d23 - - default default] 162.253.55.123,10.0.0.136 "GET /v2.0/ports HTTP/1.1" status: 200 len: 5345 time: 0.0373435
2026-08-28 05:22:17.590 10 INFO neutron.pecan_wsgi.hooks.translation [None req-4b7a101d-dda9-489a-8abd-34942e33bed6 511b4e370867442780eeb182d49315a4 e5d84ec93a4c4c658096169b04f88d23 - - default default] GET failed (client error): The resource could not be found.
2026-08-28 05:22:17.593 10 INFO neutron.wsgi [None req-4b7a101d-dda9-489a-8abd-34942e33bed6 511b4e370867442780eeb182d49315a4 e5d84ec93a4c4c658096169b04f88d23 - - default default] 162.253.55.123,10.0.0.136 "GET /v2.0/ports/octavia-health-manager-port-instance HTTP/1.1" status: 404 len: 314 time: 0.1211734
2026-08-28 05:22:17.652 10 INFO neutron.wsgi [None req-797c6b30-5d06-4e1c-ad8e-860449478795 511b4e370867442780eeb182d49315a4 e5d84ec93a4c4c658096169b04f88d23 - - default default] 162.253.55.123,10.0.0.136 "GET /v2.0/ports?name=octavia-health-manager-port-instance HTTP/1.1" status: 200 len: 1393 time: 0.0560169
2026-08-28 05:22:19.013 9 INFO neutron.wsgi [None req-ccf4f647-b797-4850-a250-b3c3ef6d8df0 511b4e370867442780eeb182d49315a4 e5d84ec93a4c4c658096169b04f88d23 - - default default] 162.253.55.123,10.0.0.136 "GET /v2.0/ports HTTP/1.1" status: 200 len: 5345 time: 0.1138701
2026-08-28 05:22:20.113 9 INFO neutron.wsgi [None req-826b3151-cb03-4cc7-a908-b72c29e36b07 511b4e370867442780eeb182d49315a4 e5d84ec93a4c4c658096169b04f88d23 - - default default] 162.253.55.123,10.0.0.136 "GET /v2.0/security-groups?tenant_id=e5d84ec93a4c4c658096169b04f88d23 HTTP/1.1" status: 200 len: 10157 time: 0.0982194
2026-08-28 05:22:21.162 10 INFO neutron.wsgi [None req-b82f1384-8369-4c32-9b26-46787c26deea 511b4e370867442780eeb182d49315a4 e5d84ec93a4c4c658096169b04f88d23 - - default default] 162.253.55.123,10.0.0.136 "GET /v2.0/security-groups?tenant_id=e5d84ec93a4c4c658096169b04f88d23 HTTP/1.1" status: 200 len: 10157 time: 0.1138196
2026-08-28 05:22:21.420 10 INFO neutron.wsgi [None req-598b9b7b-b435-4d3c-9de5-b739e77581d2 511b4e370867442780eeb182d49315a4 e5d84ec93a4c4c658096169b04f88d23 - - default default] 10.0.0.183 "GET /v2.0/subnets HTTP/1.1" status: 200 len: 1437 time: 0.1322844
2026-08-28 05:22:21.433 10 INFO neutron.wsgi [None req-3d476a7d-0b3a-46fb-93cb-e1d258a14f06 511b4e370867442780eeb182d49315a4 e5d84ec93a4c4c658096169b04f88d23 - - default default] 10.0.0.183 "GET /v2.0/subnetpools HTTP/1.1" status: 200 len: 193 time: 0.0118196
2026-08-28 05:22:21.468 10 INFO neutron.wsgi [None req-20352dbe-dd3a-47c7-af66-a0cde452d8ab 511b4e370867442780eeb182d49315a4 e5d84ec93a4c4c658096169b04f88d23 - - default default] 10.0.0.183 "GET /v2.0/subnets HTTP/1.1" status: 200 len: 1437 time: 0.0334949
2026-08-28 05:22:21.481 10 INFO neutron.wsgi [None req-92f60da7-ca05-43ef-b7d9-0a9a86223a9b 511b4e370867442780eeb182d49315a4 e5d84ec93a4c4c658096169b04f88d23 - - default default] 10.0.0.183 "GET /v2.0/network-ip-availabilities HTTP/1.1" status: 200 len: 1280 time: 0.0119600
2026-08-28 05:22:21.498 10 INFO neutron.wsgi [None req-08954606-5edc-4b38-92aa-7a6439830cf0 511b4e370867442780eeb182d49315a4 e5d84ec93a4c4c658096169b04f88d23 - - default default] 10.0.0.183 "GET /v2.0/floatingips HTTP/1.1" status: 200 len: 193 time: 0.0159895
2026-08-28 05:22:21.524 10 INFO neutron.wsgi [None req-b23238be-b9e0-4967-ad75-38543ffb7fc5 511b4e370867442780eeb182d49315a4 e5d84ec93a4c4c658096169b04f88d23 - - default default] 10.0.0.183 "GET /v2.0/ports HTTP/1.1" status: 200 len: 5345 time: 0.0259492
2026-08-28 05:22:21.558 10 INFO neutron.wsgi [None req-1550839b-7730-40be-90d7-f4f9b5470f07 511b4e370867442780eeb182d49315a4 e5d84ec93a4c4c658096169b04f88d23 - - default default] 10.0.0.183 "GET /v2.0/agents HTTP/1.1" status: 200 len: 997 time: 0.0289934
2026-08-28 05:22:21.615 10 INFO neutron.wsgi [None req-b641dcb5-a9c7-4550-94b2-9000c86ca397 511b4e370867442780eeb182d49315a4 e5d84ec93a4c4c658096169b04f88d23 - - default default] 10.0.0.183 "GET /v2.0/networks HTTP/1.1" status: 200 len: 2350 time: 0.0545163
2026-08-28 05:22:21.670 10 INFO neutron.wsgi [None req-2157848b-0f9c-406b-be20-dbdbb8688e0b 511b4e370867442780eeb182d49315a4 e5d84ec93a4c4c658096169b04f88d23 - - default default] 10.0.0.183 "GET /v2.0/security-groups HTTP/1.1" status: 200 len: 16799 time: 0.0515831
2026-08-28 05:22:21.696 10 INFO neutron.wsgi [None req-b72311ca-057d-4c79-8db0-8056cddcf316 511b4e370867442780eeb182d49315a4 e5d84ec93a4c4c658096169b04f88d23 - - default default] 10.0.0.183 "GET /v2.0/routers HTTP/1.1" status: 200 len: 189 time: 0.0186043
2026-08-28 05:22:21.706 10 INFO neutron.wsgi [None req-9fe203e2-add6-43a7-9c40-feb6f4a9667a 511b4e370867442780eeb182d49315a4 e5d84ec93a4c4c658096169b04f88d23 - - default default] 10.0.0.183 "GET /v2.0/agents?binary=ovn-controller HTTP/1.1" status: 200 len: 591 time: 0.0094268
2026-08-28 05:22:22.060 10 INFO neutron.wsgi [None req-3574261c-12cc-47ca-ac7e-bc97e361eb67 511b4e370867442780eeb182d49315a4 e5d84ec93a4c4c658096169b04f88d23 - - default default] 162.253.55.123,10.0.0.136 "GET /v2.0/security-groups?tenant_id=e5d84ec93a4c4c658096169b04f88d23 HTTP/1.1" status: 200 len: 10157 time: 0.1159337
2026-08-28 05:22:23.207 9 INFO neutron.wsgi [-] 10.0.0.136 "GET / HTTP/1.1" status: 200 len: 247 time: 0.0021632
2026-08-28 05:22:23.210 9 INFO neutron.wsgi [-] 10.0.0.136 "GET / HTTP/1.1" status: 200 len: 247 time: 0.0017903
2026-08-28 05:22:33.221 10 INFO neutron.wsgi [None req-ac901ffb-3140-4741-a433-76c4305bfac6 511b4e370867442780eeb182d49315a4 e5d84ec93a4c4c658096169b04f88d23 - - default default] 162.253.55.123,10.0.0.136 "GET /v2.0/quotas/e5d84ec93a4c4c658096169b04f88d23 HTTP/1.1" status: 200 len: 361 time: 0.0142834
2026-08-28 05:22:38.207 9 INFO neutron.wsgi [-] 10.0.0.136 "GET / HTTP/1.1" status: 200 len: 247 time: 0.0015123
2026-08-28 05:22:38.208 10 INFO neutron.wsgi [-] 10.0.0.136 "GET / HTTP/1.1" status: 200 len: 247 time: 0.0023301
2026-08-28 05:22:53.207 9 INFO neutron.wsgi [-] 10.0.0.136 "GET / HTTP/1.1" status: 200 len: 247 time: 0.0022256
2026-08-28 05:22:53.208 10 INFO neutron.wsgi [-] 10.0.0.136 "GET / HTTP/1.1" status: 200 len: 247 time: 0.0022871
2026-08-28 05:23:08.207 9 INFO neutron.wsgi [-] 10.0.0.136 "GET / HTTP/1.1" status: 200 len: 247 time: 0.0021212
2026-08-28 05:23:08.208 10 INFO neutron.wsgi [-] 10.0.0.136 "GET / HTTP/1.1" status: 200 len: 247 time: 0.0034833
2026-08-28 05:23:21.352 10 INFO neutron.wsgi [None req-c7aeb129-f06f-4d9e-8903-6e6400979c68 511b4e370867442780eeb182d49315a4 e5d84ec93a4c4c658096169b04f88d23 - - default default] 10.0.0.183 "GET /v2.0/network-ip-availabilities HTTP/1.1" status: 200 len: 1280 time: 0.0828807
2026-08-28 05:23:21.417 10 INFO neutron.wsgi [None req-39922c5b-c826-404d-a341-d9b94622f911 511b4e370867442780eeb182d49315a4 e5d84ec93a4c4c658096169b04f88d23 - - default default] 10.0.0.183 "GET /v2.0/subnets HTTP/1.1" status: 200 len: 1437 time: 0.0558343
2026-08-28 05:23:21.439 10 INFO neutron.wsgi [None req-c1e305b6-6032-4b82-a9dd-f8ba5ee91e1e 511b4e370867442780eeb182d49315a4 e5d84ec93a4c4c658096169b04f88d23 - - default default] 10.0.0.183 "GET /v2.0/subnetpools HTTP/1.1" status: 200 len: 193 time: 0.0175397
2026-08-28 05:23:21.490 10 INFO neutron.wsgi [None req-1e536d26-a0ca-4859-b00f-00668983e865 511b4e370867442780eeb182d49315a4 e5d84ec93a4c4c658096169b04f88d23 - - default default] 10.0.0.183 "GET /v2.0/security-groups HTTP/1.1" status: 200 len: 16799 time: 0.0499990
2026-08-28 05:23:21.526 10 INFO neutron.wsgi [None req-c64745b3-e413-482a-be6c-571b75477a8e 511b4e370867442780eeb182d49315a4 e5d84ec93a4c4c658096169b04f88d23 - - default default] 10.0.0.183 "GET /v2.0/routers HTTP/1.1" status: 200 len: 189 time: 0.0250494
2026-08-28 05:23:21.553 10 INFO neutron.wsgi [None req-05e1c638-89a8-4636-ab07-40e2fa60bb75 511b4e370867442780eeb182d49315a4 e5d84ec93a4c4c658096169b04f88d23 - - default default] 10.0.0.183 "GET /v2.0/agents?binary=ovn-controller HTTP/1.1" status: 200 len: 591 time: 0.0262079
2026-08-28 05:23:21.577 10 INFO neutron.wsgi [None req-f5d43ec0-b4a8-4052-8980-e4c6a9c3ac3d 511b4e370867442780eeb182d49315a4 e5d84ec93a4c4c658096169b04f88d23 - - default default] 10.0.0.183 "GET /v2.0/ports HTTP/1.1" status: 200 len: 5345 time: 0.0230927
2026-08-28 05:23:21.604 10 INFO neutron.wsgi [None req-92bf1a7c-c9a0-4791-9eb2-605797ffa05d 511b4e370867442780eeb182d49315a4 e5d84ec93a4c4c658096169b04f88d23 - - default default] 10.0.0.183 "GET /v2.0/floatingips HTTP/1.1" status: 200 len: 193 time: 0.0231016
2026-08-28 05:23:21.799 10 INFO neutron.wsgi [None req-67f41bf0-80c9-4c7c-ad8c-a2359d96c35c 511b4e370867442780eeb182d49315a4 e5d84ec93a4c4c658096169b04f88d23 - - default default] 10.0.0.183 "GET /v2.0/networks HTTP/1.1" status: 200 len: 2350 time: 0.1940112
2026-08-28 05:23:21.860 10 INFO neutron.wsgi [None req-c712cc02-f546-4780-bdd8-411030c3e071 511b4e370867442780eeb182d49315a4 e5d84ec93a4c4c658096169b04f88d23 - - default default] 10.0.0.183 "GET /v2.0/subnets HTTP/1.1" status: 200 len: 1437 time: 0.0565281
2026-08-28 05:23:21.871 10 INFO neutron.wsgi [None req-5faef8db-b672-4ee3-be3d-97260930850d 511b4e370867442780eeb182d49315a4 e5d84ec93a4c4c658096169b04f88d23 - - default default] 10.0.0.183 "GET /v2.0/agents HTTP/1.1" status: 200 len: 997 time: 0.0098908
2026-08-28 05:23:23.207 10 INFO neutron.wsgi [-] 10.0.0.136 "GET / HTTP/1.1" status: 200 len: 247 time: 0.0026879
2026-08-28 05:23:23.208 9 INFO neutron.wsgi [-] 10.0.0.136 "GET / HTTP/1.1" status: 200 len: 247 time: 0.0029502
2026-08-28 05:23:25.650 10 INFO neutron.wsgi [None req-27508b7a-c283-43f9-89b1-34d13232834a 511b4e370867442780eeb182d49315a4 e5d84ec93a4c4c658096169b04f88d23 - - default default] 162.253.55.123,10.0.0.136 "GET /v2.0/security-groups?tenant_id=8a524d51fcc54ccab2715a9b8ec55a31 HTTP/1.1" status: 200 len: 6838 time: 0.0997841
2026-08-28 05:23:26.670 10 INFO neutron.wsgi [None req-22b3945c-3e19-4b07-b730-9c2e4c56ba4d 511b4e370867442780eeb182d49315a4 e5d84ec93a4c4c658096169b04f88d23 - - default default] 162.253.55.123,10.0.0.136 "GET /v2.0/security-groups?tenant_id=8a524d51fcc54ccab2715a9b8ec55a31 HTTP/1.1" status: 200 len: 6838 time: 0.0996110
2026-08-28 05:23:27.612 10 INFO neutron.wsgi [None req-270cf253-c70a-4aad-944f-b500125feb48 511b4e370867442780eeb182d49315a4 e5d84ec93a4c4c658096169b04f88d23 - - default default] 162.253.55.123,10.0.0.136 "GET /v2.0/security-groups?tenant_id=8a524d51fcc54ccab2715a9b8ec55a31 HTTP/1.1" status: 200 len: 6838 time: 0.0953865
2026-08-28 05:23:28.654 10 INFO neutron.wsgi [None req-eb35fd11-b0bc-4023-bb43-2d4c75f778d4 511b4e370867442780eeb182d49315a4 e5d84ec93a4c4c658096169b04f88d23 - - default default] 162.253.55.123,10.0.0.136 "GET /v2.0/security-groups?tenant_id=8a524d51fcc54ccab2715a9b8ec55a31 HTTP/1.1" status: 200 len: 6838 time: 0.1001520
2026-08-28 05:23:29.790 10 INFO neutron.wsgi [None req-ac751d1b-05c4-47ab-9d1a-c6051f599be0 511b4e370867442780eeb182d49315a4 e5d84ec93a4c4c658096169b04f88d23 - - default default] 162.253.55.123,10.0.0.136 "GET /v2.0/security-groups?tenant_id=8a524d51fcc54ccab2715a9b8ec55a31 HTTP/1.1" status: 200 len: 6838 time: 0.1207957
2026-08-28 05:23:38.043 10 INFO neutron.wsgi [None req-e4f08bbc-bfa3-46b0-b76d-da72d3b4af81 511b4e370867442780eeb182d49315a4 e5d84ec93a4c4c658096169b04f88d23 - - default default] 162.253.55.123,10.0.0.136 "GET /v2.0/quotas/8a524d51fcc54ccab2715a9b8ec55a31 HTTP/1.1" status: 200 len: 361 time: 0.0163722
2026-08-28 05:23:38.207 9 INFO neutron.wsgi [-] 10.0.0.136 "GET / HTTP/1.1" status: 200 len: 247 time: 0.0022736
2026-08-28 05:23:38.208 10 INFO neutron.wsgi [-] 10.0.0.136 "GET / HTTP/1.1" status: 200 len: 247 time: 0.0026169
2026-08-28 05:23:53.207 9 INFO neutron.wsgi [-] 10.0.0.136 "GET / HTTP/1.1" status: 200 len: 247 time: 0.0022728
2026-08-28 05:23:53.209 10 INFO neutron.wsgi [-] 10.0.0.136 "GET / HTTP/1.1" status: 200 len: 247 time: 0.0032256
2026-08-28 05:24:08.209 9 INFO neutron.wsgi [-] 10.0.0.136 "GET / HTTP/1.1" status: 200 len: 247 time: 0.0030787
2026-08-28 05:24:08.209 10 INFO neutron.wsgi [-] 10.0.0.136 "GET / HTTP/1.1" status: 200 len: 247 time: 0.0032601
2026-08-28 05:24:21.444 10 INFO neutron.wsgi [None req-89e8b5c3-bf24-468b-b76a-98d55e083c30 511b4e370867442780eeb182d49315a4 e5d84ec93a4c4c658096169b04f88d23 - - default default] 10.0.0.183 "GET /v2.0/networks HTTP/1.1" status: 200 len: 2350 time: 0.1219642
2026-08-28 05:24:21.487 10 INFO neutron.wsgi [None req-548c7c1d-2b69-4673-b6d0-d2076dca367b 511b4e370867442780eeb182d49315a4 e5d84ec93a4c4c658096169b04f88d23 - - default default] 10.0.0.183 "GET /v2.0/subnets HTTP/1.1" status: 200 len: 1437 time: 0.0400200
2026-08-28 05:24:21.545 10 INFO neutron.wsgi [None req-524cb584-474e-415f-99f6-c037a99ade19 511b4e370867442780eeb182d49315a4 e5d84ec93a4c4c658096169b04f88d23 - - default default] 10.0.0.183 "GET /v2.0/agents HTTP/1.1" status: 200 len: 997 time: 0.0565121
2026-08-28 05:24:21.575 10 INFO neutron.wsgi [None req-10bcb0f8-f7a3-470d-8e18-e2bc14769387 511b4e370867442780eeb182d49315a4 e5d84ec93a4c4c658096169b04f88d23 - - default default] 10.0.0.183 "GET /v2.0/subnets HTTP/1.1" status: 200 len: 1437 time: 0.0291767
2026-08-28 05:24:21.589 10 INFO neutron.wsgi [None req-94b126da-3bcb-4b55-a8ea-f34bda4833e6 511b4e370867442780eeb182d49315a4 e5d84ec93a4c4c658096169b04f88d23 - - default default] 10.0.0.183 "GET /v2.0/subnetpools HTTP/1.1" status: 200 len: 193 time: 0.0104635
2026-08-28 05:24:21.624 10 INFO neutron.wsgi [None req-3ebf6237-4764-4e09-bb70-258b38236d1f 511b4e370867442780eeb182d49315a4 e5d84ec93a4c4c658096169b04f88d23 - - default default] 10.0.0.183 "GET /v2.0/ports HTTP/1.1" status: 200 len: 5345 time: 0.0338488
2026-08-28 05:24:21.648 10 INFO neutron.wsgi [None req-3d5654a1-e602-4fb3-93c0-d2251e8c9463 511b4e370867442780eeb182d49315a4 e5d84ec93a4c4c658096169b04f88d23 - - default default] 10.0.0.183 "GET /v2.0/routers HTTP/1.1" status: 200 len: 189 time: 0.0203717
2026-08-28 05:24:21.657 10 INFO neutron.wsgi [None req-3a664482-94fc-460c-85ed-38ece095e430 511b4e370867442780eeb182d49315a4 e5d84ec93a4c4c658096169b04f88d23 - - default default] 10.0.0.183 "GET /v2.0/agents?binary=ovn-controller HTTP/1.1" status: 200 len: 591 time: 0.0085962
2026-08-28 05:24:21.666 10 INFO neutron.wsgi [None req-5dc7ede1-8356-41de-b4e8-85408590c0a3 511b4e370867442780eeb182d49315a4 e5d84ec93a4c4c658096169b04f88d23 - - default default] 10.0.0.183 "GET /v2.0/network-ip-availabilities HTTP/1.1" status: 200 len: 1280 time: 0.0076323
2026-08-28 05:24:21.752 10 INFO neutron.wsgi [None req-bef86c9b-887f-47f1-9d8c-ec4a46227dd4 511b4e370867442780eeb182d49315a4 e5d84ec93a4c4c658096169b04f88d23 - - default default] 10.0.0.183 "GET /v2.0/security-groups HTTP/1.1" status: 200 len: 16799 time: 0.0845749
2026-08-28 05:24:21.789 10 INFO neutron.wsgi [None req-88281bde-b9e2-4baf-bbdc-4bea68899197 511b4e370867442780eeb182d49315a4 e5d84ec93a4c4c658096169b04f88d23 - - default default] 10.0.0.183 "GET /v2.0/floatingips HTTP/1.1" status: 200 len: 193 time: 0.0306220
2026-08-28 05:24:23.207 10 INFO neutron.wsgi [-] 10.0.0.136 "GET / HTTP/1.1" status: 200 len: 247 time: 0.0022290
2026-08-28 05:24:23.207 9 INFO neutron.wsgi [-] 10.0.0.136 "GET / HTTP/1.1" status: 200 len: 247 time: 0.0022569
2026-08-28 05:24:32.378 10 INFO neutron.wsgi [None req-89a4cab7-70fe-452d-90dc-64b55330eb92 511b4e370867442780eeb182d49315a4 e5d84ec93a4c4c658096169b04f88d23 - - default default] 162.253.55.123,10.0.0.136 "GET /v2.0/networks HTTP/1.1" status: 200 len: 2350 time: 0.1354706
2026-08-28 05:24:38.208 10 INFO neutron.wsgi [-] 10.0.0.136 "GET / HTTP/1.1" status: 200 len: 247 time: 0.0022242
2026-08-28 05:24:38.208 9 INFO neutron.wsgi [-] 10.0.0.136 "GET / HTTP/1.1" status: 200 len: 247 time: 0.0025060
2026-08-28 05:24:53.207 10 INFO neutron.wsgi [-] 10.0.0.136 "GET / HTTP/1.1" status: 200 len: 247 time: 0.0022178
2026-08-28 05:24:53.208 9 INFO neutron.wsgi [-] 10.0.0.136 "GET / HTTP/1.1" status: 200 len: 247 time: 0.0024133
2026-08-28 05:25:08.206 9 INFO neutron.wsgi [-] 10.0.0.136 "GET / HTTP/1.1" status: 200 len: 247 time: 0.0014505
2026-08-28 05:25:08.206 10 INFO neutron.wsgi [-] 10.0.0.136 "GET / HTTP/1.1" status: 200 len: 247 time: 0.0017099
2026-08-28 05:25:13.744 9 INFO neutron.wsgi [None req-ba647642-e3ab-491b-9697-cd8b3a6bd0e4 511b4e370867442780eeb182d49315a4 e5d84ec93a4c4c658096169b04f88d23 - - default default] 10.0.0.220 "GET /v2.0/networks HTTP/1.1" status: 200 len: 2369 time: 0.2411156
2026-08-28 05:25:15.201 9 INFO neutron.wsgi [None req-2a5f60e3-becc-4b33-bfc9-4c3d74381457 511b4e370867442780eeb182d49315a4 e5d84ec93a4c4c658096169b04f88d23 - - default default] 10.0.0.220 "GET /v2.0/floatingips HTTP/1.1" status: 200 len: 212 time: 0.0482159
2026-08-28 05:25:15.246 9 INFO neutron.wsgi [None req-64625599-5660-4496-9708-d52970389994 511b4e370867442780eeb182d49315a4 e5d84ec93a4c4c658096169b04f88d23 - - default default] 10.0.0.220 "GET /v2.0/routers HTTP/1.1" status: 200 len: 208 time: 0.0378296
2026-08-28 05:25:15.281 9 INFO neutron.wsgi [None req-e35a61fa-d1d6-4c80-906b-405d75adf635 511b4e370867442780eeb182d49315a4 e5d84ec93a4c4c658096169b04f88d23 - - default default] 10.0.0.220 "GET /v2.0/ports HTTP/1.1" status: 200 len: 5364 time: 0.0309200
2026-08-28 05:25:15.318 9 INFO neutron.wsgi [None req-56d449ab-3388-4d51-93d1-fa0f2200a3ea 511b4e370867442780eeb182d49315a4 e5d84ec93a4c4c658096169b04f88d23 - - default default] 10.0.0.220 "GET /v2.0/subnets HTTP/1.1" status: 200 len: 1456 time: 0.0327342
2026-08-28 05:25:15.362 9 INFO neutron.wsgi [None req-1567de09-7149-4316-9a56-7d9006f7c60c 511b4e370867442780eeb182d49315a4 e5d84ec93a4c4c658096169b04f88d23 - - default default] 10.0.0.220 "GET /v2.0/networks HTTP/1.1" status: 200 len: 2369 time: 0.0395505
2026-08-28 05:25:15.398 9 INFO neutron.wsgi [None req-3ba73319-d8ae-477c-9610-6e8f70ae974a 511b4e370867442780eeb182d49315a4 e5d84ec93a4c4c658096169b04f88d23 - - default default] 10.0.0.220 "GET /v2.0/security-groups HTTP/1.1" status: 200 len: 16818 time: 0.0326915
2026-08-28 05:25:15.411 9 INFO neutron.wsgi [None req-1f62dc8c-85a0-4216-8dc4-753a8898ddb8 511b4e370867442780eeb182d49315a4 e5d84ec93a4c4c658096169b04f88d23 - - default default] 10.0.0.220 "GET /v2.0/subnetpools HTTP/1.1" status: 200 len: 212 time: 0.0085535
2026-08-28 05:25:21.479 10 INFO neutron.wsgi [None req-11896692-9a43-4698-b111-4e3f8ae074b5 511b4e370867442780eeb182d49315a4 e5d84ec93a4c4c658096169b04f88d23 - - default default] 10.0.0.183 "GET /v2.0/security-groups HTTP/1.1" status: 200 len: 16799 time: 0.1336601
2026-08-28 05:25:21.526 10 INFO neutron.wsgi [None req-347eeb29-f8a4-4ade-bf3a-eb9bcd090037 511b4e370867442780eeb182d49315a4 e5d84ec93a4c4c658096169b04f88d23 - - default default] 10.0.0.183 "GET /v2.0/subnets HTTP/1.1" status: 200 len: 1437 time: 0.0418146
2026-08-28 05:25:21.600 10 INFO neutron.wsgi [None req-f938c484-3530-4b64-8775-70f2467f43f0 511b4e370867442780eeb182d49315a4 e5d84ec93a4c4c658096169b04f88d23 - - default default] 10.0.0.183 "GET /v2.0/agents HTTP/1.1" status: 200 len: 997 time: 0.0699730
2026-08-28 05:25:21.616 10 INFO neutron.wsgi [None req-9c09bede-a0cd-44fb-82bd-6a50a51be810 511b4e370867442780eeb182d49315a4 e5d84ec93a4c4c658096169b04f88d23 - - default default] 10.0.0.183 "GET /v2.0/network-ip-availabilities HTTP/1.1" status: 200 len: 1280 time: 0.0147657
2026-08-28 05:25:21.661 10 INFO neutron.wsgi [None req-d5b8c0b7-2003-41c7-97f6-903434b94ff7 511b4e370867442780eeb182d49315a4 e5d84ec93a4c4c658096169b04f88d23 - - default default] 10.0.0.183 "GET /v2.0/subnets HTTP/1.1" status: 200 len: 1437 time: 0.0433228
2026-08-28 05:25:21.676 10 INFO neutron.wsgi [None req-cb539312-9ad3-42ab-8259-4826bd040470 511b4e370867442780eeb182d49315a4 e5d84ec93a4c4c658096169b04f88d23 - - default default] 10.0.0.183 "GET /v2.0/subnetpools HTTP/1.1" status: 200 len: 193 time: 0.0135903
2026-08-28 05:25:21.710 10 INFO neutron.wsgi [None req-a1d6f3dd-5b52-4a97-babd-5038dc43883b 511b4e370867442780eeb182d49315a4 e5d84ec93a4c4c658096169b04f88d23 - - default default] 10.0.0.183 "GET /v2.0/floatingips HTTP/1.1" status: 200 len: 193 time: 0.0318644
2026-08-28 05:25:21.793 10 INFO neutron.wsgi [None req-162d604c-df99-4670-9bcb-ae49bf77fb99 511b4e370867442780eeb182d49315a4 e5d84ec93a4c4c658096169b04f88d23 - - default default] 10.0.0.183 "GET /v2.0/networks HTTP/1.1" status: 200 len: 2350 time: 0.0823822
2026-08-28 05:25:21.820 10 INFO neutron.wsgi [None req-39336d61-539b-4209-8801-421784f24b3f 511b4e370867442780eeb182d49315a4 e5d84ec93a4c4c658096169b04f88d23 - - default default] 10.0.0.183 "GET /v2.0/routers HTTP/1.1" status: 200 len: 189 time: 0.0249314
2026-08-28 05:25:21.832 10 INFO neutron.wsgi [None req-a877ac3e-9acd-4b64-be65-a0f5015367b6 511b4e370867442780eeb182d49315a4 e5d84ec93a4c4c658096169b04f88d23 - - default default] 10.0.0.183 "GET /v2.0/agents?binary=ovn-controller HTTP/1.1" status: 200 len: 591 time: 0.0116770
2026-08-28 05:25:21.862 10 INFO neutron.wsgi [None req-d24a6d9a-f47b-404c-b744-66aae9b02167 511b4e370867442780eeb182d49315a4 e5d84ec93a4c4c658096169b04f88d23 - - default default] 10.0.0.183 "GET /v2.0/ports HTTP/1.1" status: 200 len: 5345 time: 0.0285583
2026-08-28 05:25:23.209 9 INFO neutron.wsgi [-] 10.0.0.136 "GET / HTTP/1.1" status: 200 len: 247 time: 0.0034444
2026-08-28 05:25:23.210 10 INFO neutron.wsgi [-] 10.0.0.136 "GET / HTTP/1.1" status: 200 len: 247 time: 0.0039558
2026-08-28 05:25:25.997 10 INFO neutron.db.ovn_revision_numbers_db [None req-72946f28-e817-4fe8-a6cd-200837ddb53b 511b4e370867442780eeb182d49315a4 e5d84ec93a4c4c658096169b04f88d23 - - default default] Successfully bumped revision number for resource 3c54098a-46c4-4b6c-8640-3470b5843073 (type: security_groups) to 1
2026-08-28 05:25:26.022 10 INFO neutron.db.ovn_revision_numbers_db [None req-c2cb2574-3edd-47a3-9c66-becbcdbddb7c 511b4e370867442780eeb182d49315a4 e5d84ec93a4c4c658096169b04f88d23 - - default default] Successfully bumped revision number for resource 482201dc-67d0-4f34-8c7d-7a67e2cce800 (type: security_groups) to 1
2026-08-28 05:25:26.025 10 INFO neutron.db.ovn_revision_numbers_db [None req-72946f28-e817-4fe8-a6cd-200837ddb53b 511b4e370867442780eeb182d49315a4 e5d84ec93a4c4c658096169b04f88d23 - - default default] Successfully bumped revision number for resource 67f579d0-9751-4499-99ad-632d0d81fb6f (type: security_group_rules) to 0
2026-08-28 05:25:26.044 10 INFO neutron.db.ovn_revision_numbers_db [None req-c2cb2574-3edd-47a3-9c66-becbcdbddb7c 511b4e370867442780eeb182d49315a4 e5d84ec93a4c4c658096169b04f88d23 - - default default] Successfully bumped revision number for resource 06849ecd-8d24-4a3f-ba9f-9d6923b02b63 (type: security_group_rules) to 0
2026-08-28 05:25:26.052 10 INFO neutron.db.ovn_revision_numbers_db [None req-72946f28-e817-4fe8-a6cd-200837ddb53b 511b4e370867442780eeb182d49315a4 e5d84ec93a4c4c658096169b04f88d23 - - default default] Successfully bumped revision number for resource 79e68b9d-2c66-48e6-b5c4-6b1a6b2e7f68 (type: security_group_rules) to 0
2026-08-28 05:25:26.061 9 INFO neutron.db.ovn_revision_numbers_db [None req-c11ececb-3de2-4965-acf5-898cf8904af2 511b4e370867442780eeb182d49315a4 e5d84ec93a4c4c658096169b04f88d23 - - default default] Successfully bumped revision number for resource 0b6b853e-8003-4df3-bc0c-a8035d077c95 (type: security_groups) to 1
2026-08-28 05:25:26.064 10 INFO neutron.db.ovn_revision_numbers_db [None req-c2cb2574-3edd-47a3-9c66-becbcdbddb7c 511b4e370867442780eeb182d49315a4 e5d84ec93a4c4c658096169b04f88d23 - - default default] Successfully bumped revision number for resource 60faff4b-38d8-4208-8193-140b750d2ebf (type: security_group_rules) to 0
2026-08-28 05:25:26.068 10 INFO neutron.db.ovn_revision_numbers_db [None req-72946f28-e817-4fe8-a6cd-200837ddb53b 511b4e370867442780eeb182d49315a4 e5d84ec93a4c4c658096169b04f88d23 - - default default] Successfully bumped revision number for resource c0190f76-f557-4f8e-844f-fe3f6e6e409a (type: security_group_rules) to 0
2026-08-28 05:25:26.076 9 INFO neutron.db.ovn_revision_numbers_db [None req-c11ececb-3de2-4965-acf5-898cf8904af2 511b4e370867442780eeb182d49315a4 e5d84ec93a4c4c658096169b04f88d23 - - default default] Successfully bumped revision number for resource 01a89699-585f-48e8-8b25-666fcce2a029 (type: security_group_rules) to 0
2026-08-28 05:25:26.082 10 INFO neutron.db.ovn_revision_numbers_db [None req-c2cb2574-3edd-47a3-9c66-becbcdbddb7c 511b4e370867442780eeb182d49315a4 e5d84ec93a4c4c658096169b04f88d23 - - default default] Successfully bumped revision number for resource 77b14fd5-5755-4cea-9373-6dcfe18e38e7 (type: security_group_rules) to 0
2026-08-28 05:25:26.087 10 INFO neutron.db.ovn_revision_numbers_db [None req-72946f28-e817-4fe8-a6cd-200837ddb53b 511b4e370867442780eeb182d49315a4 e5d84ec93a4c4c658096169b04f88d23 - - default default] Successfully bumped revision number for resource cc001280-2655-4b88-a839-b0fec0d276f5 (type: security_group_rules) to 0
2026-08-28 05:25:26.089 9 INFO neutron.db.ovn_revision_numbers_db [None req-c11ececb-3de2-4965-acf5-898cf8904af2 511b4e370867442780eeb182d49315a4 e5d84ec93a4c4c658096169b04f88d23 - - default default] Successfully bumped revision number for resource 1d7ec6fe-1a5c-4a13-a0db-bb555ee16f0c (type: security_group_rules) to 0
2026-08-28 05:25:26.099 10 INFO neutron.db.ovn_revision_numbers_db [None req-c2cb2574-3edd-47a3-9c66-becbcdbddb7c 511b4e370867442780eeb182d49315a4 e5d84ec93a4c4c658096169b04f88d23 - - default default] Successfully bumped revision number for resource b75d471b-6156-4a96-a411-841f05e7f4c9 (type: security_group_rules) to 0
2026-08-28 05:25:26.101 9 INFO neutron.db.ovn_revision_numbers_db [None req-c11ececb-3de2-4965-acf5-898cf8904af2 511b4e370867442780eeb182d49315a4 e5d84ec93a4c4c658096169b04f88d23 - - default default] Successfully bumped revision number for resource 651ea08b-6953-4455-80de-cc8196f74787 (type: security_group_rules) to 0
2026-08-28 05:25:26.115 9 INFO neutron.db.ovn_revision_numbers_db [None req-c11ececb-3de2-4965-acf5-898cf8904af2 511b4e370867442780eeb182d49315a4 e5d84ec93a4c4c658096169b04f88d23 - - default default] Successfully bumped revision number for resource cf2ad1be-3d55-4bfc-b943-0cc94d032af4 (type: security_group_rules) to 0
2026-08-28 05:25:26.152 10 INFO neutron.db.segments_db [None req-72946f28-e817-4fe8-a6cd-200837ddb53b 511b4e370867442780eeb182d49315a4 e5d84ec93a4c4c658096169b04f88d23 - - default default] Added segment ba0d71fb-ebcf-484a-ade3-63eaf8d9697e of type geneve for network df98f9a7-3586-4218-af40-bf3aa5585453
2026-08-28 05:25:26.164 10 INFO neutron.db.segments_db [None req-c2cb2574-3edd-47a3-9c66-becbcdbddb7c 511b4e370867442780eeb182d49315a4 e5d84ec93a4c4c658096169b04f88d23 - - default default] Added segment c7896fda-bbe3-4a6b-9334-41780b564965 of type geneve for network a1cd07ed-a6fc-4816-9916-33213655683e
2026-08-28 05:25:26.186 9 INFO neutron.db.segments_db [None req-c11ececb-3de2-4965-acf5-898cf8904af2 511b4e370867442780eeb182d49315a4 e5d84ec93a4c4c658096169b04f88d23 - - default default] Added segment 3d8b6b62-2c9a-4f27-bbdf-c1be254e4ca4 of type geneve for network 1328023d-aaf0-4fa1-a2a5-56455bd426b5
2026-08-28 05:25:26.314 9 INFO neutron.db.ovn_revision_numbers_db [None req-c11ececb-3de2-4965-acf5-898cf8904af2 511b4e370867442780eeb182d49315a4 e5d84ec93a4c4c658096169b04f88d23 - - default default] Successfully bumped revision number for resource 1328023d-aaf0-4fa1-a2a5-56455bd426b5 (type: networks) to 1
2026-08-28 05:25:26.322 10 INFO neutron.db.ovn_revision_numbers_db [None req-c2cb2574-3edd-47a3-9c66-becbcdbddb7c 511b4e370867442780eeb182d49315a4 e5d84ec93a4c4c658096169b04f88d23 - - default default] Successfully bumped revision number for resource a1cd07ed-a6fc-4816-9916-33213655683e (type: networks) to 1
2026-08-28 05:25:26.330 10 INFO neutron.db.ovn_revision_numbers_db [None req-72946f28-e817-4fe8-a6cd-200837ddb53b 511b4e370867442780eeb182d49315a4 e5d84ec93a4c4c658096169b04f88d23 - - default default] Successfully bumped revision number for resource df98f9a7-3586-4218-af40-bf3aa5585453 (type: networks) to 1
2026-08-28 05:25:26.445 9 WARNING neutron.scheduler.dhcp_agent_scheduler [None req-c11ececb-3de2-4965-acf5-898cf8904af2 511b4e370867442780eeb182d49315a4 e5d84ec93a4c4c658096169b04f88d23 - - default default] No more DHCP agents
2026-08-28 05:25:26.446 9 WARNING neutron.api.rpc.agentnotifiers.dhcp_rpc_agent_api [None req-c11ececb-3de2-4965-acf5-898cf8904af2 511b4e370867442780eeb182d49315a4 e5d84ec93a4c4c658096169b04f88d23 - - default default] Unable to schedule network 1328023d-aaf0-4fa1-a2a5-56455bd426b5: no agents available; will retry on subsequent port and subnet creation events.
2026-08-28 05:25:26.506 10 WARNING neutron.scheduler.dhcp_agent_scheduler [None req-c2cb2574-3edd-47a3-9c66-becbcdbddb7c 511b4e370867442780eeb182d49315a4 e5d84ec93a4c4c658096169b04f88d23 - - default default] No more DHCP agents
2026-08-28 05:25:26.509 10 WARNING neutron.api.rpc.agentnotifiers.dhcp_rpc_agent_api [None req-c2cb2574-3edd-47a3-9c66-becbcdbddb7c 511b4e370867442780eeb182d49315a4 e5d84ec93a4c4c658096169b04f88d23 - - default default] Unable to schedule network a1cd07ed-a6fc-4816-9916-33213655683e: no agents available; will retry on subsequent port and subnet creation events.
2026-08-28 05:25:26.529 10 WARNING neutron.scheduler.dhcp_agent_scheduler [None req-72946f28-e817-4fe8-a6cd-200837ddb53b 511b4e370867442780eeb182d49315a4 e5d84ec93a4c4c658096169b04f88d23 - - default default] No more DHCP agents
2026-08-28 05:25:26.529 9 INFO neutron.db.ovn_revision_numbers_db [None req-c11ececb-3de2-4965-acf5-898cf8904af2 511b4e370867442780eeb182d49315a4 e5d84ec93a4c4c658096169b04f88d23 - - default default] Successfully bumped revision number for resource e22ada9c-a620-475c-8d74-01d092c9c929 (type: ports) to 1
2026-08-28 05:25:26.532 10 WARNING neutron.api.rpc.agentnotifiers.dhcp_rpc_agent_api [None req-72946f28-e817-4fe8-a6cd-200837ddb53b 511b4e370867442780eeb182d49315a4 e5d84ec93a4c4c658096169b04f88d23 - - default default] Unable to schedule network df98f9a7-3586-4218-af40-bf3aa5585453: no agents available; will retry on subsequent port and subnet creation events.
2026-08-28 05:25:26.549 9 INFO neutron.wsgi [None req-c11ececb-3de2-4965-acf5-898cf8904af2 511b4e370867442780eeb182d49315a4 e5d84ec93a4c4c658096169b04f88d23 - - default default] 10.0.0.220 "POST /v2.0/networks HTTP/1.1" status: 201 len: 947 time: 0.7106400
2026-08-28 05:25:26.678 10 INFO neutron.db.ovn_revision_numbers_db [None req-c2cb2574-3edd-47a3-9c66-becbcdbddb7c 511b4e370867442780eeb182d49315a4 e5d84ec93a4c4c658096169b04f88d23 - - default default] Successfully bumped revision number for resource ff7d7b71-ebee-479f-a270-fa903ea55d47 (type: ports) to 1
2026-08-28 05:25:26.692 10 INFO neutron.db.ovn_revision_numbers_db [None req-72946f28-e817-4fe8-a6cd-200837ddb53b 511b4e370867442780eeb182d49315a4 e5d84ec93a4c4c658096169b04f88d23 - - default default] Successfully bumped revision number for resource ad182e80-aefa-4319-9352-77cf033784df (type: ports) to 1
2026-08-28 05:25:26.711 10 INFO neutron.wsgi [None req-c2cb2574-3edd-47a3-9c66-becbcdbddb7c 511b4e370867442780eeb182d49315a4 e5d84ec93a4c4c658096169b04f88d23 - - default default] 10.0.0.220 "POST /v2.0/networks HTTP/1.1" status: 201 len: 940 time: 0.9359653
2026-08-28 05:25:26.713 9 WARNING neutron.scheduler.dhcp_agent_scheduler [None req-8bf3fbab-9dad-41b4-8409-20b09f61f77d 511b4e370867442780eeb182d49315a4 e5d84ec93a4c4c658096169b04f88d23 - - default default] No more DHCP agents
2026-08-28 05:25:26.714 10 INFO neutron.wsgi [None req-72946f28-e817-4fe8-a6cd-200837ddb53b 511b4e370867442780eeb182d49315a4 e5d84ec93a4c4c658096169b04f88d23 - - default default] 10.0.0.220 "POST /v2.0/networks HTTP/1.1" status: 201 len: 951 time: 0.9929852
2026-08-28 05:25:26.715 9 WARNING neutron.api.rpc.agentnotifiers.dhcp_rpc_agent_api [None req-8bf3fbab-9dad-41b4-8409-20b09f61f77d 511b4e370867442780eeb182d49315a4 e5d84ec93a4c4c658096169b04f88d23 - - default default] Unable to schedule network 1328023d-aaf0-4fa1-a2a5-56455bd426b5: no agents available; will retry on subsequent port and subnet creation events.
2026-08-28 05:25:26.763 10 INFO neutron.db.ovn_revision_numbers_db [None req-b8f81529-e8ee-4715-834f-739017288916 511b4e370867442780eeb182d49315a4 e5d84ec93a4c4c658096169b04f88d23 - - default default] Successfully bumped revision number for resource e1b57519-b0b6-4737-9fcb-2c1175da8027 (type: security_groups) to 1
2026-08-28 05:25:26.788 10 INFO neutron.db.ovn_revision_numbers_db [None req-b8f81529-e8ee-4715-834f-739017288916 511b4e370867442780eeb182d49315a4 e5d84ec93a4c4c658096169b04f88d23 - - default default] Successfully bumped revision number for resource bc786606-009e-4249-8eb1-9e88ca9c1ea7 (type: security_group_rules) to 0
2026-08-28 05:25:26.805 10 INFO neutron.db.ovn_revision_numbers_db [None req-b8f81529-e8ee-4715-834f-739017288916 511b4e370867442780eeb182d49315a4 e5d84ec93a4c4c658096169b04f88d23 - - default default] Successfully bumped revision number for resource f32e8d19-3c11-42fc-8e46-dadef523bac0 (type: security_group_rules) to 0
2026-08-28 05:25:26.823 10 INFO neutron.db.ovn_revision_numbers_db [None req-b8f81529-e8ee-4715-834f-739017288916 511b4e370867442780eeb182d49315a4 e5d84ec93a4c4c658096169b04f88d23 - - default default] Successfully bumped revision number for resource f69a0c6a-c776-437b-9835-322ba2fe1b24 (type: security_group_rules) to 0
2026-08-28 05:25:26.847 10 INFO neutron.db.ovn_revision_numbers_db [None req-b8f81529-e8ee-4715-834f-739017288916 511b4e370867442780eeb182d49315a4 e5d84ec93a4c4c658096169b04f88d23 - - default default] Successfully bumped revision number for resource fc7054a5-445d-4805-9701-642bc90a2cd8 (type: security_group_rules) to 0
2026-08-28 05:25:26.870 10 INFO neutron.wsgi [None req-b8f81529-e8ee-4715-834f-739017288916 511b4e370867442780eeb182d49315a4 e5d84ec93a4c4c658096169b04f88d23 - - default default] 10.0.0.220 "GET /v2.0/security-groups?tenant_id=5d89238df22242e39776ef89abe2fd2e&name=default HTTP/1.1" status: 200 len: 2992 time: 0.4155056
2026-08-28 05:25:26.885 10 WARNING neutron.scheduler.dhcp_agent_scheduler [None req-4ae50260-4bf8-48b2-8576-1882fa917504 511b4e370867442780eeb182d49315a4 e5d84ec93a4c4c658096169b04f88d23 - - default default] No more DHCP agents
2026-08-28 05:25:26.886 10 WARNING neutron.api.rpc.agentnotifiers.dhcp_rpc_agent_api [None req-4ae50260-4bf8-48b2-8576-1882fa917504 511b4e370867442780eeb182d49315a4 e5d84ec93a4c4c658096169b04f88d23 - - default default] Unable to schedule network a1cd07ed-a6fc-4816-9916-33213655683e: no agents available; will retry on subsequent port and subnet creation events.
2026-08-28 05:25:27.003 9 WARNING neutron.scheduler.dhcp_agent_scheduler [None req-f9485b3b-6f61-4e89-be4c-886a7bca1d2d 511b4e370867442780eeb182d49315a4 e5d84ec93a4c4c658096169b04f88d23 - - default default] No more DHCP agents
2026-08-28 05:25:27.008 9 WARNING neutron.api.rpc.agentnotifiers.dhcp_rpc_agent_api [None req-f9485b3b-6f61-4e89-be4c-886a7bca1d2d 511b4e370867442780eeb182d49315a4 e5d84ec93a4c4c658096169b04f88d23 - - default default] Unable to schedule network df98f9a7-3586-4218-af40-bf3aa5585453: no agents available; will retry on subsequent port and subnet creation events.
2026-08-28 05:25:27.272 10 INFO neutron.db.ovn_revision_numbers_db [None req-4ae50260-4bf8-48b2-8576-1882fa917504 511b4e370867442780eeb182d49315a4 e5d84ec93a4c4c658096169b04f88d23 - - default default] Successfully bumped revision number for resource ff7d7b71-ebee-479f-a270-fa903ea55d47 (type: ports) to 2
2026-08-28 05:25:27.307 10 INFO neutron.db.ovn_revision_numbers_db [None req-4ae50260-4bf8-48b2-8576-1882fa917504 511b4e370867442780eeb182d49315a4 e5d84ec93a4c4c658096169b04f88d23 - - default default] Successfully bumped revision number for resource 65ded70c-66bb-40c6-9b85-63c35af9c15f (type: subnets) to 0
2026-08-28 05:25:27.320 10 INFO neutron.wsgi [None req-4ae50260-4bf8-48b2-8576-1882fa917504 511b4e370867442780eeb182d49315a4 e5d84ec93a4c4c658096169b04f88d23 - - default default] 10.0.0.220 "POST /v2.0/subnets HTTP/1.1" status: 201 len: 860 time: 0.5998318
2026-08-28 05:25:27.330 9 INFO neutron.wsgi [None req-7c7423ee-5764-43b7-a8b0-4b9a6a64a37c 511b4e370867442780eeb182d49315a4 e5d84ec93a4c4c658096169b04f88d23 - - default default] 10.0.0.220 "DELETE /v2.0/security-groups/e1b57519-b0b6-4737-9fcb-2c1175da8027 HTTP/1.1" status: 204 len: 168 time: 0.4514794
2026-08-28 05:25:27.465 9 INFO neutron.db.ovn_revision_numbers_db [None req-8bf3fbab-9dad-41b4-8409-20b09f61f77d 511b4e370867442780eeb182d49315a4 e5d84ec93a4c4c658096169b04f88d23 - - default default] Successfully bumped revision number for resource e22ada9c-a620-475c-8d74-01d092c9c929 (type: ports) to 2
2026-08-28 05:25:27.517 9 INFO neutron.db.ovn_revision_numbers_db [None req-8bf3fbab-9dad-41b4-8409-20b09f61f77d 511b4e370867442780eeb182d49315a4 e5d84ec93a4c4c658096169b04f88d23 - - default default] Successfully bumped revision number for resource b37ded7d-86e6-4e20-926e-139d31054edc (type: subnets) to 0
2026-08-28 05:25:27.539 9 INFO neutron.wsgi [None req-8bf3fbab-9dad-41b4-8409-20b09f61f77d 511b4e370867442780eeb182d49315a4 e5d84ec93a4c4c658096169b04f88d23 - - default default] 10.0.0.220 "POST /v2.0/subnets HTTP/1.1" status: 201 len: 867 time: 0.9837983
2026-08-28 05:25:27.759 9 INFO neutron.db.ovn_revision_numbers_db [None req-f9485b3b-6f61-4e89-be4c-886a7bca1d2d 511b4e370867442780eeb182d49315a4 e5d84ec93a4c4c658096169b04f88d23 - - default default] Successfully bumped revision number for resource ad182e80-aefa-4319-9352-77cf033784df (type: ports) to 2
2026-08-28 05:25:27.811 9 INFO neutron.db.ovn_revision_numbers_db [None req-f9485b3b-6f61-4e89-be4c-886a7bca1d2d 511b4e370867442780eeb182d49315a4 e5d84ec93a4c4c658096169b04f88d23 - - default default] Successfully bumped revision number for resource c6785919-2572-42bd-8b42-70c0bb9248c0 (type: subnets) to 0
2026-08-28 05:25:27.840 9 INFO neutron.wsgi [None req-f9485b3b-6f61-4e89-be4c-886a7bca1d2d 511b4e370867442780eeb182d49315a4 e5d84ec93a4c4c658096169b04f88d23 - - default default] 10.0.0.220 "POST /v2.0/subnets HTTP/1.1" status: 201 len: 871 time: 1.1201735
2026-08-28 05:25:27.881 10 WARNING neutron.scheduler.dhcp_agent_scheduler [None req-f0045ced-deec-41ca-a996-b9378292fa12 511b4e370867442780eeb182d49315a4 e5d84ec93a4c4c658096169b04f88d23 - - default default] No more DHCP agents
2026-08-28 05:25:27.885 10 WARNING neutron.api.rpc.agentnotifiers.dhcp_rpc_agent_api [None req-f0045ced-deec-41ca-a996-b9378292fa12 511b4e370867442780eeb182d49315a4 e5d84ec93a4c4c658096169b04f88d23 - - default default] Unable to schedule network b18332a6-3dd8-43bf-849f-49ff62392820: no agents available; will retry on subsequent port and subnet creation events.
2026-08-28 05:25:28.005 9 WARNING neutron.scheduler.dhcp_agent_scheduler [None req-e91f6f0d-0c8d-4228-abce-3d1018e733bb 511b4e370867442780eeb182d49315a4 e5d84ec93a4c4c658096169b04f88d23 - - default default] No more DHCP agents
2026-08-28 05:25:28.006 9 WARNING neutron.api.rpc.agentnotifiers.dhcp_rpc_agent_api [None req-e91f6f0d-0c8d-4228-abce-3d1018e733bb 511b4e370867442780eeb182d49315a4 e5d84ec93a4c4c658096169b04f88d23 - - default default] Unable to schedule network b18332a6-3dd8-43bf-849f-49ff62392820: no agents available; will retry on subsequent port and subnet creation events.
2026-08-28 05:25:28.095 10 INFO neutron.db.ovn_revision_numbers_db [None req-f0045ced-deec-41ca-a996-b9378292fa12 511b4e370867442780eeb182d49315a4 e5d84ec93a4c4c658096169b04f88d23 - - default default] Successfully bumped revision number for resource 78a4d4d9-850c-41c6-9b39-f7f159282907 (type: ports) to 1
2026-08-28 05:25:28.110 9 INFO neutron.db.ovn_revision_numbers_db [None req-e91f6f0d-0c8d-4228-abce-3d1018e733bb 511b4e370867442780eeb182d49315a4 e5d84ec93a4c4c658096169b04f88d23 - - default default] Successfully bumped revision number for resource 2d7b9835-fc86-4935-984d-1a92e080427a (type: ports) to 1
2026-08-28 05:25:28.358 10 INFO neutron.plugins.ml2.drivers.ovn.mech_driver.ovsdb.extensions.qos [None req-f0045ced-deec-41ca-a996-b9378292fa12 511b4e370867442780eeb182d49315a4 e5d84ec93a4c4c658096169b04f88d23 - - default default] Starting OVNClientQosExtension
2026-08-28 05:25:28.389 9 INFO neutron.plugins.ml2.drivers.ovn.mech_driver.ovsdb.extensions.qos [None req-e91f6f0d-0c8d-4228-abce-3d1018e733bb 511b4e370867442780eeb182d49315a4 e5d84ec93a4c4c658096169b04f88d23 - - default default] Starting OVNClientQosExtension
2026-08-28 05:25:28.400 10 WARNING neutron.scheduler.dhcp_agent_scheduler [None req-8b8e7c46-be87-49da-af23-368bd06376c0 511b4e370867442780eeb182d49315a4 e5d84ec93a4c4c658096169b04f88d23 - - default default] No more DHCP agents
2026-08-28 05:25:28.403 10 WARNING neutron.api.rpc.agentnotifiers.dhcp_rpc_agent_api [None req-8b8e7c46-be87-49da-af23-368bd06376c0 511b4e370867442780eeb182d49315a4 e5d84ec93a4c4c658096169b04f88d23 - - default default] Unable to schedule network b18332a6-3dd8-43bf-849f-49ff62392820: no agents available; will retry on subsequent port and subnet creation events.
2026-08-28 05:25:28.652 10 INFO neutron.db.ovn_revision_numbers_db [None req-8b8e7c46-be87-49da-af23-368bd06376c0 511b4e370867442780eeb182d49315a4 e5d84ec93a4c4c658096169b04f88d23 - - default default] Successfully bumped revision number for resource 5b4015e5-8365-428e-9d10-5e394ea959cb (type: ports) to 1
2026-08-28 05:25:28.722 10 INFO neutron.plugins.ml2.drivers.ovn.mech_driver.mech_driver [-] OVN reports status up for port: 2d7b9835-fc86-4935-984d-1a92e080427a
2026-08-28 05:25:28.739 9 INFO neutron.plugins.ml2.drivers.ovn.mech_driver.ovsdb.ovsdb_monitor [-] Router 741d2686-6f21-4ce4-978d-c35d28fc32cd is bound to host instance
2026-08-28 05:25:28.761 10 INFO neutron.plugins.ml2.plugin [None req-ecca0a14-0421-4d1a-be91-9b3190cdbe4c - - - - - -] Attempt 1 to provision port 2d7b9835-fc86-4935-984d-1a92e080427a
