2026-08-28 05:27:10.475 9 INFO neutron.db.ovn_revision_numbers_db [None req-604ce837-f1c7-4aeb-b5be-32737f7458f9 052d90980ff6487b9dd6b9393b3884f3 33d2d76cd6db4cfeb1bb453107f0d21a - - default default] Successfully bumped revision number for resource 04a57c7b-8095-4b67-86a1-7b41d91aab87 (type: ports) to 1
2026-08-28 05:27:10.497 9 INFO neutron.wsgi [None req-604ce837-f1c7-4aeb-b5be-32737f7458f9 052d90980ff6487b9dd6b9393b3884f3 33d2d76cd6db4cfeb1bb453107f0d21a - - default default] 10.0.0.220 "POST /v2.0/networks HTTP/1.1" status: 201 len: 830 time: 0.5150433
2026-08-28 05:27:10.583 10 WARNING neutron.scheduler.dhcp_agent_scheduler [None req-7e59e2ac-1602-43f3-8c47-e8438cd31d9d b7f57c560e2a46c1a0f77f545322a413 7160983798bf41d8a1b57bbbbc5fdf22 - - default default] No more DHCP agents
2026-08-28 05:27:10.587 10 WARNING neutron.api.rpc.agentnotifiers.dhcp_rpc_agent_api [None req-7e59e2ac-1602-43f3-8c47-e8438cd31d9d b7f57c560e2a46c1a0f77f545322a413 7160983798bf41d8a1b57bbbbc5fdf22 - - default default] Unable to schedule network a9a3f9f2-e5f4-4871-82a3-36f312bbb35b: no agents available; will retry on subsequent port and subnet creation events.
2026-08-28 05:27:10.626 9 INFO neutron.db.ovn_revision_numbers_db [None req-86ae4427-1dc0-4f25-bc37-67f8ebac00dd a790fe6fc63046eb9d0a1ec74dbae7ec 758efd9b696647fdac3900eb61a25889 - - default default] Successfully bumped revision number for resource 2296a337-5f99-4714-b4f1-3d2a669f7d39 (type: security_group_rules) to 0
2026-08-28 05:27:10.650 9 INFO neutron.wsgi [None req-86ae4427-1dc0-4f25-bc37-67f8ebac00dd a790fe6fc63046eb9d0a1ec74dbae7ec 758efd9b696647fdac3900eb61a25889 - - default default] 10.0.0.220 "POST /v2.0/security-group-rules HTTP/1.1" status: 201 len: 769 time: 0.1816783
2026-08-28 05:27:10.718 10 INFO neutron.db.ovn_revision_numbers_db [None req-2d5abf55-00e7-418c-b187-35a04d5ecc9e 511b4e370867442780eeb182d49315a4 e5d84ec93a4c4c658096169b04f88d23 - - default default] Successfully bumped revision number for resource 352f2366-266d-4e3c-8e63-f6695c845167 (type: security_groups) to 1
2026-08-28 05:27:10.737 10 INFO neutron.db.ovn_revision_numbers_db [None req-2d5abf55-00e7-418c-b187-35a04d5ecc9e 511b4e370867442780eeb182d49315a4 e5d84ec93a4c4c658096169b04f88d23 - - default default] Successfully bumped revision number for resource 8301ff88-7593-402d-bdc9-aad4f3a1a4bd (type: security_group_rules) to 0
2026-08-28 05:27:10.740 9 WARNING neutron.scheduler.dhcp_agent_scheduler [None req-106c6eee-9171-4815-be4b-7baa6a6b1555 052d90980ff6487b9dd6b9393b3884f3 33d2d76cd6db4cfeb1bb453107f0d21a - - default default] No more DHCP agents
2026-08-28 05:27:10.743 9 WARNING neutron.api.rpc.agentnotifiers.dhcp_rpc_agent_api [None req-106c6eee-9171-4815-be4b-7baa6a6b1555 052d90980ff6487b9dd6b9393b3884f3 33d2d76cd6db4cfeb1bb453107f0d21a - - default default] Unable to schedule network f2dc39fa-146d-4a21-9ee8-36bc817c74c0: no agents available; will retry on subsequent port and subnet creation events.
2026-08-28 05:27:10.763 10 INFO neutron.db.ovn_revision_numbers_db [None req-2d5abf55-00e7-418c-b187-35a04d5ecc9e 511b4e370867442780eeb182d49315a4 e5d84ec93a4c4c658096169b04f88d23 - - default default] Successfully bumped revision number for resource 86a4bea5-52dd-4eff-86df-ed165050c080 (type: security_group_rules) to 0
2026-08-28 05:27:10.791 10 INFO neutron.db.ovn_revision_numbers_db [None req-2d5abf55-00e7-418c-b187-35a04d5ecc9e 511b4e370867442780eeb182d49315a4 e5d84ec93a4c4c658096169b04f88d23 - - default default] Successfully bumped revision number for resource 9a19cb9a-3b67-4b2d-b9d0-ba0e808671d6 (type: security_group_rules) to 0
2026-08-28 05:27:10.794 10 INFO neutron.db.ovn_revision_numbers_db [None req-7e59e2ac-1602-43f3-8c47-e8438cd31d9d b7f57c560e2a46c1a0f77f545322a413 7160983798bf41d8a1b57bbbbc5fdf22 - - default default] Successfully bumped revision number for resource 6a58949e-9368-408e-a65e-d2dcc1ca5f60 (type: ports) to 1
2026-08-28 05:27:10.828 9 INFO neutron.db.ovn_revision_numbers_db [None req-ab6baea2-9c21-4182-9c07-7402b7e3b4de a790fe6fc63046eb9d0a1ec74dbae7ec 758efd9b696647fdac3900eb61a25889 - - default default] Successfully bumped revision number for resource 0625e4c5-0e80-4c94-a4ad-46b1f15eb774 (type: security_group_rules) to 0
2026-08-28 05:27:10.832 10 INFO neutron.db.ovn_revision_numbers_db [None req-2d5abf55-00e7-418c-b187-35a04d5ecc9e 511b4e370867442780eeb182d49315a4 e5d84ec93a4c4c658096169b04f88d23 - - default default] Successfully bumped revision number for resource c5e93f56-107b-4b19-9029-9a6923ea2928 (type: security_group_rules) to 0
2026-08-28 05:27:10.859 9 INFO neutron.wsgi [None req-ab6baea2-9c21-4182-9c07-7402b7e3b4de a790fe6fc63046eb9d0a1ec74dbae7ec 758efd9b696647fdac3900eb61a25889 - - default default] 10.0.0.220 "POST /v2.0/security-group-rules HTTP/1.1" status: 201 len: 768 time: 0.1974940
2026-08-28 05:27:10.874 10 INFO neutron.wsgi [None req-2d5abf55-00e7-418c-b187-35a04d5ecc9e 511b4e370867442780eeb182d49315a4 e5d84ec93a4c4c658096169b04f88d23 - - default default] 10.0.0.220 "GET /v2.0/security-groups?tenant_id=0c49394f996644d0946e843f34ddf1c0&name=default HTTP/1.1" status: 200 len: 2996 time: 0.4869654
2026-08-28 05:27:10.901 9 INFO neutron.db.securitygroups_db [None req-c36daa56-18eb-40bd-80ff-9eb2394a17ee a790fe6fc63046eb9d0a1ec74dbae7ec 758efd9b696647fdac3900eb61a25889 - - default default] Project 758efd9b696647fdac3900eb61a25889 added a security group rule with legacy IPv6 ICMP protocol name icmp, ipv6-icmp should be used instead. It was automatically converted.
2026-08-28 05:27:11.074 9 INFO neutron.db.ovn_revision_numbers_db [None req-c36daa56-18eb-40bd-80ff-9eb2394a17ee a790fe6fc63046eb9d0a1ec74dbae7ec 758efd9b696647fdac3900eb61a25889 - - default default] Successfully bumped revision number for resource df93864d-5ab8-4a2e-9b9f-0c4e11dd3394 (type: security_group_rules) to 0
2026-08-28 05:27:11.138 9 INFO neutron.wsgi [None req-c36daa56-18eb-40bd-80ff-9eb2394a17ee a790fe6fc63046eb9d0a1ec74dbae7ec 758efd9b696647fdac3900eb61a25889 - - default default] 10.0.0.220 "POST /v2.0/security-group-rules HTTP/1.1" status: 201 len: 774 time: 0.2730987
2026-08-28 05:27:11.177 9 INFO neutron.db.securitygroups_db [None req-1883cca0-d0ce-4737-b818-e926ef38499d a790fe6fc63046eb9d0a1ec74dbae7ec 758efd9b696647fdac3900eb61a25889 - - default default] Project 758efd9b696647fdac3900eb61a25889 added a security group rule with legacy IPv6 ICMP protocol name icmp, ipv6-icmp should be used instead. It was automatically converted.
2026-08-28 05:27:11.228 9 INFO neutron.wsgi [None req-486c8450-e3bc-489f-960b-f33c809afbd2 511b4e370867442780eeb182d49315a4 e5d84ec93a4c4c658096169b04f88d23 - - default default] 10.0.0.220 "DELETE /v2.0/security-groups/352f2366-266d-4e3c-8e63-f6695c845167 HTTP/1.1" status: 204 len: 168 time: 0.3482211
2026-08-28 05:27:11.318 9 INFO neutron.db.ovn_revision_numbers_db [None req-1883cca0-d0ce-4737-b818-e926ef38499d a790fe6fc63046eb9d0a1ec74dbae7ec 758efd9b696647fdac3900eb61a25889 - - default default] Successfully bumped revision number for resource c16bf829-77de-41a2-bbad-146558ebda5b (type: security_group_rules) to 0
2026-08-28 05:27:11.337 9 INFO neutron.db.ovn_revision_numbers_db [None req-106c6eee-9171-4815-be4b-7baa6a6b1555 052d90980ff6487b9dd6b9393b3884f3 33d2d76cd6db4cfeb1bb453107f0d21a - - default default] Successfully bumped revision number for resource 04a57c7b-8095-4b67-86a1-7b41d91aab87 (type: ports) to 2
2026-08-28 05:27:11.345 9 INFO neutron.wsgi [None req-1883cca0-d0ce-4737-b818-e926ef38499d a790fe6fc63046eb9d0a1ec74dbae7ec 758efd9b696647fdac3900eb61a25889 - - default default] 10.0.0.220 "POST /v2.0/security-group-rules HTTP/1.1" status: 201 len: 773 time: 0.2007949
2026-08-28 05:27:11.370 9 INFO neutron.db.ovn_revision_numbers_db [None req-106c6eee-9171-4815-be4b-7baa6a6b1555 052d90980ff6487b9dd6b9393b3884f3 33d2d76cd6db4cfeb1bb453107f0d21a - - default default] Successfully bumped revision number for resource d5553b1d-609a-4096-aa1f-81c80d27349f (type: subnets) to 0
2026-08-28 05:27:11.383 9 INFO neutron.wsgi [None req-106c6eee-9171-4815-be4b-7baa6a6b1555 052d90980ff6487b9dd6b9393b3884f3 33d2d76cd6db4cfeb1bb453107f0d21a - - default default] 10.0.0.220 "POST /v2.0/subnets HTTP/1.1" status: 201 len: 801 time: 0.8800325
2026-08-28 05:27:11.529 10 INFO neutron.db.ovn_revision_numbers_db [None req-7e59e2ac-1602-43f3-8c47-e8438cd31d9d b7f57c560e2a46c1a0f77f545322a413 7160983798bf41d8a1b57bbbbc5fdf22 - - default default] Successfully bumped revision number for resource 6a58949e-9368-408e-a65e-d2dcc1ca5f60 (type: router_ports) to 1
2026-08-28 05:27:11.650 9 WARNING neutron.scheduler.dhcp_agent_scheduler [None req-c8a411d8-23ca-4107-b65c-76ad50d9547c 052d90980ff6487b9dd6b9393b3884f3 33d2d76cd6db4cfeb1bb453107f0d21a - - default default] No more DHCP agents
2026-08-28 05:27:11.651 10 INFO neutron.db.ovn_revision_numbers_db [None req-7e59e2ac-1602-43f3-8c47-e8438cd31d9d b7f57c560e2a46c1a0f77f545322a413 7160983798bf41d8a1b57bbbbc5fdf22 - - default default] Successfully bumped revision number for resource 6a58949e-9368-408e-a65e-d2dcc1ca5f60 (type: ports) to 1
2026-08-28 05:27:11.652 9 WARNING neutron.api.rpc.agentnotifiers.dhcp_rpc_agent_api [None req-c8a411d8-23ca-4107-b65c-76ad50d9547c 052d90980ff6487b9dd6b9393b3884f3 33d2d76cd6db4cfeb1bb453107f0d21a - - default default] Unable to schedule network f2dc39fa-146d-4a21-9ee8-36bc817c74c0: no agents available; will retry on subsequent port and subnet creation events.
2026-08-28 05:27:11.741 10 WARNING neutron.scheduler.dhcp_agent_scheduler [None req-7e59e2ac-1602-43f3-8c47-e8438cd31d9d b7f57c560e2a46c1a0f77f545322a413 7160983798bf41d8a1b57bbbbc5fdf22 - - default default] No more DHCP agents
2026-08-28 05:27:11.743 10 WARNING neutron.api.rpc.agentnotifiers.dhcp_rpc_agent_api [None req-7e59e2ac-1602-43f3-8c47-e8438cd31d9d b7f57c560e2a46c1a0f77f545322a413 7160983798bf41d8a1b57bbbbc5fdf22 - - default default] Unable to schedule network a9a3f9f2-e5f4-4871-82a3-36f312bbb35b: no agents available; will retry on subsequent port and subnet creation events.
2026-08-28 05:27:11.842 9 INFO neutron.db.ovn_revision_numbers_db [None req-c8a411d8-23ca-4107-b65c-76ad50d9547c 052d90980ff6487b9dd6b9393b3884f3 33d2d76cd6db4cfeb1bb453107f0d21a - - default default] Successfully bumped revision number for resource 437b1d7f-4965-415e-80ce-ab924fa42a4d (type: ports) to 1
2026-08-28 05:27:11.887 9 INFO neutron.wsgi [None req-c8a411d8-23ca-4107-b65c-76ad50d9547c 052d90980ff6487b9dd6b9393b3884f3 33d2d76cd6db4cfeb1bb453107f0d21a - - default default] 10.0.0.220 "POST /v2.0/ports HTTP/1.1" status: 201 len: 1148 time: 0.4985499 /var/lib/openstack/lib/python3.10/site-packages/pycadf/identifier.py:71: UserWarning: Invalid uuid: neutron. To ensure interoperability, identifiers should be a valid uuid. warnings.warn(('Invalid uuid: %s. To ensure interoperability, '
2026-08-28 05:27:11.935 10 INFO neutron.wsgi [None req-399b44c0-9f56-48e1-b96c-320a1c38debb a790fe6fc63046eb9d0a1ec74dbae7ec 758efd9b696647fdac3900eb61a25889 - - default default] 10.0.0.220 "GET /v2.0/networks HTTP/1.1" status: 200 len: 1493 time: 0.2110329
2026-08-28 05:27:12.153 10 INFO neutron.wsgi [req-94ba58e8-f183-40c2-872c-991ac2b4b5f0 req-f05da43f-efca-42b9-9032-9fc417a66e8c a790fe6fc63046eb9d0a1ec74dbae7ec 758efd9b696647fdac3900eb61a25889 - - default default] 10.0.0.213 "GET /v2.0/security-groups?name=tempest-secgroup-smoke-2032037954&fields=id&tenant_id=758efd9b696647fdac3900eb61a25889 HTTP/1.1" status: 200 len: 267 time: 0.1000612
2026-08-28 05:27:12.236 10 INFO neutron.db.ovn_revision_numbers_db [None req-7e59e2ac-1602-43f3-8c47-e8438cd31d9d b7f57c560e2a46c1a0f77f545322a413 7160983798bf41d8a1b57bbbbc5fdf22 - - default default] Successfully bumped revision number for resource 6a58949e-9368-408e-a65e-d2dcc1ca5f60 (type: router_ports) to 1
2026-08-28 05:27:12.238 10 INFO neutron.wsgi [None req-7e59e2ac-1602-43f3-8c47-e8438cd31d9d b7f57c560e2a46c1a0f77f545322a413 7160983798bf41d8a1b57bbbbc5fdf22 - - default default] 10.0.0.220 "PUT /v2.0/routers/d6edb7e0-1cee-477e-837b-753be1ccf0e1/add_router_interface HTTP/1.1" status: 200 len: 503 time: 2.2260160
2026-08-28 05:27:12.243 10 INFO neutron.wsgi [req-94ba58e8-f183-40c2-872c-991ac2b4b5f0 req-00d0a79e-4e48-4c57-a884-49dfe10199f1 a790fe6fc63046eb9d0a1ec74dbae7ec 758efd9b696647fdac3900eb61a25889 - - default default] 10.0.0.213 "GET /v2.0/networks?id=39d1190a-e306-47e4-98d7-521760b32589 HTTP/1.1" status: 200 len: 860 time: 0.0847402
2026-08-28 05:27:12.260 10 INFO neutron.wsgi [req-94ba58e8-f183-40c2-872c-991ac2b4b5f0 req-2ff404e7-3dce-4350-988b-c58c8b7033f6 a790fe6fc63046eb9d0a1ec74dbae7ec 758efd9b696647fdac3900eb61a25889 - - default default] 10.0.0.213 "GET /v2.0/quotas/758efd9b696647fdac3900eb61a25889 HTTP/1.1" status: 200 len: 386 time: 0.0100336
2026-08-28 05:27:12.281 9 INFO neutron.wsgi [None req-f023c6ee-bef7-4769-b808-fb318fc8fe96 052d90980ff6487b9dd6b9393b3884f3 33d2d76cd6db4cfeb1bb453107f0d21a - - default default] 10.0.0.220 "DELETE /v2.0/ports/437b1d7f-4965-415e-80ce-ab924fa42a4d HTTP/1.1" status: 204 len: 168 time: 0.3888383
2026-08-28 05:27:12.307 9 INFO neutron.pecan_wsgi.hooks.translation [None req-e27f5d37-f8de-41c7-b93b-5d9216c22842 052d90980ff6487b9dd6b9393b3884f3 33d2d76cd6db4cfeb1bb453107f0d21a - - default default] DELETE failed (client error): The resource could not be found.
2026-08-28 05:27:12.309 9 INFO neutron.wsgi [None req-e27f5d37-f8de-41c7-b93b-5d9216c22842 052d90980ff6487b9dd6b9393b3884f3 33d2d76cd6db4cfeb1bb453107f0d21a - - default default] 10.0.0.220 "DELETE /v2.0/ports/437b1d7f-4965-415e-80ce-ab924fa42a4d HTTP/1.1" status: 404 len: 333 time: 0.0231957
2026-08-28 05:27:12.329 9 INFO neutron.pecan_wsgi.hooks.translation [None req-4303bf1e-c7a4-4fb6-a074-71a0fb2aed5e 052d90980ff6487b9dd6b9393b3884f3 33d2d76cd6db4cfeb1bb453107f0d21a - - default default] GET failed (client error): The resource could not be found.
2026-08-28 05:27:12.330 9 INFO neutron.wsgi [None req-4303bf1e-c7a4-4fb6-a074-71a0fb2aed5e 052d90980ff6487b9dd6b9393b3884f3 33d2d76cd6db4cfeb1bb453107f0d21a - - default default] 10.0.0.220 "GET /v2.0/ports/437b1d7f-4965-415e-80ce-ab924fa42a4d HTTP/1.1" status: 404 len: 333 time: 0.0162287
2026-08-28 05:27:12.339 10 INFO neutron.wsgi [req-94ba58e8-f183-40c2-872c-991ac2b4b5f0 req-6c64a58c-77e4-414c-adce-197ad692752b a790fe6fc63046eb9d0a1ec74dbae7ec 758efd9b696647fdac3900eb61a25889 - - default default] 10.0.0.213 "GET /v2.0/ports?tenant_id=758efd9b696647fdac3900eb61a25889&fields=id HTTP/1.1" status: 200 len: 302 time: 0.0728321
2026-08-28 05:27:12.397 10 INFO neutron.wsgi [req-94ba58e8-f183-40c2-872c-991ac2b4b5f0 req-77346cae-70ea-4152-a00c-3e1022afaa2b b9841e8f6874420a8ae0a69bd992783b 8a524d51fcc54ccab2715a9b8ec55a31 - - 913595b709a846ea99adf01bfce65836 913595b709a846ea99adf01bfce65836] 10.0.0.213 "GET /v2.0/networks/39d1190a-e306-47e4-98d7-521760b32589?fields=segments HTTP/1.1" status: 200 len: 212 time: 0.0421033
2026-08-28 05:27:12.454 10 INFO neutron.wsgi [req-94ba58e8-f183-40c2-872c-991ac2b4b5f0 req-355af409-2744-43af-ad21-24969043bc64 b9841e8f6874420a8ae0a69bd992783b 8a524d51fcc54ccab2715a9b8ec55a31 - - 913595b709a846ea99adf01bfce65836 913595b709a846ea99adf01bfce65836] 10.0.0.213 "GET /v2.0/networks/39d1190a-e306-47e4-98d7-521760b32589?fields=provider%3Aphysical_network&fields=provider%3Anetwork_type HTTP/1.1" status: 200 len: 277 time: 0.0501833
2026-08-28 05:27:12.584 9 INFO neutron.wsgi [None req-c7922cd1-26e7-4da3-a192-b41e94d4e3d3 052d90980ff6487b9dd6b9393b3884f3 33d2d76cd6db4cfeb1bb453107f0d21a - - default default] 10.0.0.220 "DELETE /v2.0/subnets/d5553b1d-609a-4096-aa1f-81c80d27349f HTTP/1.1" status: 204 len: 168 time: 0.2493520
2026-08-28 05:27:12.622 9 INFO neutron.wsgi [req-bd1131b2-0b9c-4da3-8753-2a991bdc95c7 req-0d08cf16-8e32-4097-90f2-9bfa7b25a10a a790fe6fc63046eb9d0a1ec74dbae7ec 758efd9b696647fdac3900eb61a25889 - - default default] 10.0.0.213 "GET /v2.0/ports?device_id=30bbb1a2-aaeb-4886-920f-1ceaeccc8211 HTTP/1.1" status: 200 len: 210 time: 0.0163808
2026-08-28 05:27:12.681 9 WARNING neutron.scheduler.dhcp_agent_scheduler [None req-5f837c4b-d182-4802-9f08-be336b052493 b7f57c560e2a46c1a0f77f545322a413 7160983798bf41d8a1b57bbbbc5fdf22 - - default default] No more DHCP agents
2026-08-28 05:27:12.686 9 WARNING neutron.api.rpc.agentnotifiers.dhcp_rpc_agent_api [None req-5f837c4b-d182-4802-9f08-be336b052493 b7f57c560e2a46c1a0f77f545322a413 7160983798bf41d8a1b57bbbbc5fdf22 - - default default] Unable to schedule network a9a3f9f2-e5f4-4871-82a3-36f312bbb35b: no agents available; will retry on subsequent port and subnet creation events.
2026-08-28 05:27:12.843 9 INFO neutron.db.ovn_revision_numbers_db [None req-5f837c4b-d182-4802-9f08-be336b052493 b7f57c560e2a46c1a0f77f545322a413 7160983798bf41d8a1b57bbbbc5fdf22 - - default default] Successfully bumped revision number for resource 008a88e3-5b11-46dc-81f1-9c44f5be831d (type: ports) to 1
2026-08-28 05:27:12.876 9 INFO neutron.wsgi [None req-5f837c4b-d182-4802-9f08-be336b052493 b7f57c560e2a46c1a0f77f545322a413 7160983798bf41d8a1b57bbbbc5fdf22 - - default default] 10.0.0.220 "POST /v2.0/ports HTTP/1.1" status: 201 len: 1158 time: 0.6334684 /var/lib/openstack/lib/python3.10/site-packages/pycadf/identifier.py:71: UserWarning: Invalid uuid: neutron. To ensure interoperability, identifiers should be a valid uuid. warnings.warn(('Invalid uuid: %s. To ensure interoperability, '
2026-08-28 05:27:13.074 10 INFO neutron.services.segments.plugin [-] Segment efb971c2-71de-40a3-94ea-7740feeb6eed resource provider aggregate not found
2026-08-28 05:27:13.078 10 INFO neutron.services.segments.plugin [-] Segment efb971c2-71de-40a3-94ea-7740feeb6eed resource provider aggregate not found
2026-08-28 05:27:13.094 10 INFO neutron.services.segments.plugin [-] Segment efb971c2-71de-40a3-94ea-7740feeb6eed resource provider not found; error: Placement Client Error (4xx): {"errors": [{"status": 404, "title": "Not Found", "detail": "The resource could not be found.\n\n No resource provider with uuid efb971c2-71de-40a3-94ea-7740feeb6eed found for delete ", "request_id": "req-e1d1f7ba-6e43-41d3-99cd-90f5b78f0fcc"}]}
2026-08-28 05:27:13.094 10 INFO neutron.services.segments.plugin [-] Segment efb971c2-71de-40a3-94ea-7740feeb6eed resource provider not found; error: Placement Client Error (4xx): {"errors": [{"status": 404, "title": "Not Found", "detail": "The resource could not be found.\n\n No resource provider with uuid efb971c2-71de-40a3-94ea-7740feeb6eed found for delete ", "request_id": "req-8704f246-35ab-47b7-8e9a-ea50d5e535e9"}]}
2026-08-28 05:27:13.103 10 INFO neutron.wsgi [None req-d4c5619d-6965-4bf3-a8d2-223b040aa1e5 052d90980ff6487b9dd6b9393b3884f3 33d2d76cd6db4cfeb1bb453107f0d21a - - default default] 10.0.0.220 "DELETE /v2.0/networks/f2dc39fa-146d-4a21-9ee8-36bc817c74c0 HTTP/1.1" status: 204 len: 168 time: 0.5149548
2026-08-28 05:27:13.151 9 WARNING neutron.scheduler.dhcp_agent_scheduler [None req-c62cad97-48ba-4b15-af18-721f5332a483 b7f57c560e2a46c1a0f77f545322a413 7160983798bf41d8a1b57bbbbc5fdf22 - - default default] No more DHCP agents
2026-08-28 05:27:13.153 9 WARNING neutron.api.rpc.agentnotifiers.dhcp_rpc_agent_api [None req-c62cad97-48ba-4b15-af18-721f5332a483 b7f57c560e2a46c1a0f77f545322a413 7160983798bf41d8a1b57bbbbc5fdf22 - - default default] Unable to schedule network a9a3f9f2-e5f4-4871-82a3-36f312bbb35b: no agents available; will retry on subsequent port and subnet creation events.
2026-08-28 05:27:13.215 10 INFO neutron.db.segments_db [None req-b7c509c8-4b82-448a-b0c1-5996d5305251 052d90980ff6487b9dd6b9393b3884f3 33d2d76cd6db4cfeb1bb453107f0d21a - - default default] Added segment 5c74d15b-87bb-417d-8513-5417a848f811 of type geneve for network bcac9d9d-10d8-49ca-b6d4-478904c76e8f
2026-08-28 05:27:13.308 9 INFO neutron.db.ovn_revision_numbers_db [None req-c62cad97-48ba-4b15-af18-721f5332a483 b7f57c560e2a46c1a0f77f545322a413 7160983798bf41d8a1b57bbbbc5fdf22 - - default default] Successfully bumped revision number for resource 8f6315d6-a28a-4d8b-b400-366f47ad660a (type: ports) to 1
2026-08-28 05:27:13.349 9 INFO neutron.wsgi [None req-c62cad97-48ba-4b15-af18-721f5332a483 b7f57c560e2a46c1a0f77f545322a413 7160983798bf41d8a1b57bbbbc5fdf22 - - default default] 10.0.0.220 "POST /v2.0/ports HTTP/1.1" status: 201 len: 1154 time: 0.4675896 /var/lib/openstack/lib/python3.10/site-packages/pycadf/identifier.py:71: UserWarning: Invalid uuid: neutron. To ensure interoperability, identifiers should be a valid uuid. warnings.warn(('Invalid uuid: %s. To ensure interoperability, '
2026-08-28 05:27:13.360 10 INFO neutron.db.ovn_revision_numbers_db [None req-b7c509c8-4b82-448a-b0c1-5996d5305251 052d90980ff6487b9dd6b9393b3884f3 33d2d76cd6db4cfeb1bb453107f0d21a - - default default] Successfully bumped revision number for resource bcac9d9d-10d8-49ca-b6d4-478904c76e8f (type: networks) to 1
2026-08-28 05:27:13.550 9 INFO neutron.wsgi [req-94ba58e8-f183-40c2-872c-991ac2b4b5f0 req-01e8a221-22a6-4a7b-8a9f-655f13cecccf a790fe6fc63046eb9d0a1ec74dbae7ec 758efd9b696647fdac3900eb61a25889 - - default default] 162.253.55.123 "GET /v2.0/networks?id=39d1190a-e306-47e4-98d7-521760b32589 HTTP/1.1" status: 200 len: 860 time: 0.0849218
2026-08-28 05:27:13.555 10 WARNING neutron.scheduler.dhcp_agent_scheduler [None req-b7c509c8-4b82-448a-b0c1-5996d5305251 052d90980ff6487b9dd6b9393b3884f3 33d2d76cd6db4cfeb1bb453107f0d21a - - default default] No more DHCP agents
2026-08-28 05:27:13.556 10 WARNING neutron.api.rpc.agentnotifiers.dhcp_rpc_agent_api [None req-b7c509c8-4b82-448a-b0c1-5996d5305251 052d90980ff6487b9dd6b9393b3884f3 33d2d76cd6db4cfeb1bb453107f0d21a - - default default] Unable to schedule network bcac9d9d-10d8-49ca-b6d4-478904c76e8f: no agents available; will retry on subsequent port and subnet creation events.
2026-08-28 05:27:13.635 9 INFO neutron.wsgi [req-94ba58e8-f183-40c2-872c-991ac2b4b5f0 req-7ea760a1-5916-47a1-b479-9c2796616e34 a790fe6fc63046eb9d0a1ec74dbae7ec 758efd9b696647fdac3900eb61a25889 - - default default] 162.253.55.123 "GET /v2.0/security-groups?fields=id&fields=name&tenant_id=758efd9b696647fdac3900eb61a25889 HTTP/1.1" status: 200 len: 380 time: 0.0763884
2026-08-28 05:27:13.642 10 INFO neutron.db.ovn_revision_numbers_db [None req-b7c509c8-4b82-448a-b0c1-5996d5305251 052d90980ff6487b9dd6b9393b3884f3 33d2d76cd6db4cfeb1bb453107f0d21a - - default default] Successfully bumped revision number for resource 8362f630-9e39-4b16-83f7-4d37e227a324 (type: ports) to 1
2026-08-28 05:27:13.675 10 INFO neutron.wsgi [None req-b7c509c8-4b82-448a-b0c1-5996d5305251 052d90980ff6487b9dd6b9393b3884f3 33d2d76cd6db4cfeb1bb453107f0d21a - - default default] 10.0.0.220 "POST /v2.0/networks HTTP/1.1" status: 201 len: 831 time: 0.5646262
2026-08-28 05:27:13.730 10 INFO neutron.wsgi [req-932b9be9-382f-4bc3-8072-af6376edc404 req-030f6d6d-5ffb-43c5-b6d4-3337de6140af a790fe6fc63046eb9d0a1ec74dbae7ec 758efd9b696647fdac3900eb61a25889 - - default default] 10.0.0.213 "GET /v2.0/ports?device_id=30bbb1a2-aaeb-4886-920f-1ceaeccc8211 HTTP/1.1" status: 200 len: 210 time: 0.0250652
2026-08-28 05:27:13.787 9 WARNING neutron.scheduler.dhcp_agent_scheduler [None req-18adf76a-1a43-4ade-8b28-2256dc74946e b7f57c560e2a46c1a0f77f545322a413 7160983798bf41d8a1b57bbbbc5fdf22 - - default default] No more DHCP agents
2026-08-28 05:27:13.791 9 WARNING neutron.api.rpc.agentnotifiers.dhcp_rpc_agent_api [None req-18adf76a-1a43-4ade-8b28-2256dc74946e b7f57c560e2a46c1a0f77f545322a413 7160983798bf41d8a1b57bbbbc5fdf22 - - default default] Unable to schedule network b18332a6-3dd8-43bf-849f-49ff62392820: no agents available; will retry on subsequent port and subnet creation events.
2026-08-28 05:27:13.916 10 WARNING neutron.scheduler.dhcp_agent_scheduler [None req-eb6b91cb-e4ee-4641-91b5-2603c58f1426 052d90980ff6487b9dd6b9393b3884f3 33d2d76cd6db4cfeb1bb453107f0d21a - - default default] No more DHCP agents
2026-08-28 05:27:13.918 10 WARNING neutron.api.rpc.agentnotifiers.dhcp_rpc_agent_api [None req-eb6b91cb-e4ee-4641-91b5-2603c58f1426 052d90980ff6487b9dd6b9393b3884f3 33d2d76cd6db4cfeb1bb453107f0d21a - - default default] Unable to schedule network bcac9d9d-10d8-49ca-b6d4-478904c76e8f: no agents available; will retry on subsequent port and subnet creation events.
2026-08-28 05:27:14.277 10 INFO neutron.db.ovn_revision_numbers_db [None req-eb6b91cb-e4ee-4641-91b5-2603c58f1426 052d90980ff6487b9dd6b9393b3884f3 33d2d76cd6db4cfeb1bb453107f0d21a - - default default] Successfully bumped revision number for resource 8362f630-9e39-4b16-83f7-4d37e227a324 (type: ports) to 2
2026-08-28 05:27:14.287 9 WARNING neutron.scheduler.dhcp_agent_scheduler [req-94ba58e8-f183-40c2-872c-991ac2b4b5f0 req-ebccdd83-b479-401f-ae23-da0c52e6fd6c a790fe6fc63046eb9d0a1ec74dbae7ec 758efd9b696647fdac3900eb61a25889 - - default default] No more DHCP agents
2026-08-28 05:27:14.291 9 WARNING neutron.api.rpc.agentnotifiers.dhcp_rpc_agent_api [req-94ba58e8-f183-40c2-872c-991ac2b4b5f0 req-ebccdd83-b479-401f-ae23-da0c52e6fd6c a790fe6fc63046eb9d0a1ec74dbae7ec 758efd9b696647fdac3900eb61a25889 - - default default] Unable to schedule network 39d1190a-e306-47e4-98d7-521760b32589: no agents available; will retry on subsequent port and subnet creation events.
2026-08-28 05:27:14.302 10 INFO neutron.db.ovn_revision_numbers_db [None req-eb6b91cb-e4ee-4641-91b5-2603c58f1426 052d90980ff6487b9dd6b9393b3884f3 33d2d76cd6db4cfeb1bb453107f0d21a - - default default] Successfully bumped revision number for resource db0110c9-bec1-4340-9dc6-1754c5f3409f (type: subnets) to 0
2026-08-28 05:27:14.314 10 INFO neutron.wsgi [None req-eb6b91cb-e4ee-4641-91b5-2603c58f1426 052d90980ff6487b9dd6b9393b3884f3 33d2d76cd6db4cfeb1bb453107f0d21a - - default default] 10.0.0.220 "POST /v2.0/subnets HTTP/1.1" status: 201 len: 801 time: 0.6347122
2026-08-28 05:27:14.401 9 INFO neutron.db.l3_db [None req-18adf76a-1a43-4ade-8b28-2256dc74946e b7f57c560e2a46c1a0f77f545322a413 7160983798bf41d8a1b57bbbbc5fdf22 - - default default] Floating IP 8d73d589-b566-4d05-85b3-6cd8750a2e98 associated. External IP: 10.96.250.205, port: 8f6315d6-a28a-4d8b-b400-366f47ad660a.
2026-08-28 05:27:14.473 9 INFO neutron.db.ovn_revision_numbers_db [req-94ba58e8-f183-40c2-872c-991ac2b4b5f0 req-ebccdd83-b479-401f-ae23-da0c52e6fd6c a790fe6fc63046eb9d0a1ec74dbae7ec 758efd9b696647fdac3900eb61a25889 - - default default] Successfully bumped revision number for resource e0f40015-974d-498d-baca-06c9c67de2df (type: ports) to 1
2026-08-28 05:27:14.503 9 INFO neutron.wsgi [req-94ba58e8-f183-40c2-872c-991ac2b4b5f0 req-ebccdd83-b479-401f-ae23-da0c52e6fd6c a790fe6fc63046eb9d0a1ec74dbae7ec 758efd9b696647fdac3900eb61a25889 - - default default] 162.253.55.123 "POST /v2.0/ports HTTP/1.1" status: 201 len: 1162 time: 0.8582792 /var/lib/openstack/lib/python3.10/site-packages/pycadf/identifier.py:71: UserWarning: Invalid uuid: neutron. To ensure interoperability, identifiers should be a valid uuid. warnings.warn(('Invalid uuid: %s. To ensure interoperability, '
2026-08-28 05:27:14.584 10 WARNING neutron.scheduler.dhcp_agent_scheduler [None req-94f11ad8-89f6-4da0-9357-d3543fc96709 052d90980ff6487b9dd6b9393b3884f3 33d2d76cd6db4cfeb1bb453107f0d21a - - default default] No more DHCP agents
2026-08-28 05:27:14.586 10 WARNING neutron.api.rpc.agentnotifiers.dhcp_rpc_agent_api [None req-94f11ad8-89f6-4da0-9357-d3543fc96709 052d90980ff6487b9dd6b9393b3884f3 33d2d76cd6db4cfeb1bb453107f0d21a - - default default] Unable to schedule network bcac9d9d-10d8-49ca-b6d4-478904c76e8f: no agents available; will retry on subsequent port and subnet creation events.
2026-08-28 05:27:14.590 9 INFO neutron.db.ovn_revision_numbers_db [None req-18adf76a-1a43-4ade-8b28-2256dc74946e b7f57c560e2a46c1a0f77f545322a413 7160983798bf41d8a1b57bbbbc5fdf22 - - default default] Successfully bumped revision number for resource 8d73d589-b566-4d05-85b3-6cd8750a2e98 (type: floatingips) to 0
2026-08-28 05:27:14.720 9 INFO neutron.db.ovn_revision_numbers_db [None req-18adf76a-1a43-4ade-8b28-2256dc74946e b7f57c560e2a46c1a0f77f545322a413 7160983798bf41d8a1b57bbbbc5fdf22 - - default default] Successfully bumped revision number for resource 8d73d589-b566-4d05-85b3-6cd8750a2e98 (type: floatingips) to 1
2026-08-28 05:27:14.761 10 INFO neutron.db.ovn_revision_numbers_db [None req-94f11ad8-89f6-4da0-9357-d3543fc96709 052d90980ff6487b9dd6b9393b3884f3 33d2d76cd6db4cfeb1bb453107f0d21a - - default default] Successfully bumped revision number for resource dd6fa84d-15e1-44a1-a033-95ef655d9a2b (type: ports) to 1
2026-08-28 05:27:14.770 9 INFO neutron.wsgi [None req-18adf76a-1a43-4ade-8b28-2256dc74946e b7f57c560e2a46c1a0f77f545322a413 7160983798bf41d8a1b57bbbbc5fdf22 - - default default] 10.0.0.220 "POST /v2.0/floatingips HTTP/1.1" status: 201 len: 1041 time: 1.4156566
2026-08-28 05:27:14.789 10 INFO neutron.wsgi [None req-94f11ad8-89f6-4da0-9357-d3543fc96709 052d90980ff6487b9dd6b9393b3884f3 33d2d76cd6db4cfeb1bb453107f0d21a - - default default] 10.0.0.220 "POST /v2.0/ports HTTP/1.1" status: 201 len: 1110 time: 0.4706714
2026-08-28 05:27:14.978 9 INFO neutron.wsgi [req-fccbea0e-a5db-4237-8cf3-c93a1a13fda7 req-93a19532-7064-4bce-a978-40dec557a49b a790fe6fc63046eb9d0a1ec74dbae7ec 758efd9b696647fdac3900eb61a25889 - - default default] 10.0.0.213 "GET /v2.0/ports?device_id=30bbb1a2-aaeb-4886-920f-1ceaeccc8211 HTTP/1.1" status: 200 len: 1160 time: 0.1543241
2026-08-28 05:27:14.979 9 INFO neutron.db.l3_db [None req-3d77733d-9451-43f6-8228-01532cdb19b5 b7f57c560e2a46c1a0f77f545322a413 7160983798bf41d8a1b57bbbbc5fdf22 - - default default] Floating IP 8d73d589-b566-4d05-85b3-6cd8750a2e98 disassociated. External IP: 10.96.250.205, port: 8f6315d6-a28a-4d8b-b400-366f47ad660a. /var/lib/openstack/lib/python3.10/site-packages/pycadf/identifier.py:71: UserWarning: Invalid uuid: neutron. To ensure interoperability, identifiers should be a valid uuid. warnings.warn(('Invalid uuid: %s. To ensure interoperability, '
2026-08-28 05:27:15.031 9 INFO neutron.db.ovn_revision_numbers_db [None req-3d77733d-9451-43f6-8228-01532cdb19b5 b7f57c560e2a46c1a0f77f545322a413 7160983798bf41d8a1b57bbbbc5fdf22 - - default default] Successfully bumped revision number for resource 8d73d589-b566-4d05-85b3-6cd8750a2e98 (type: floatingips) to 2
2026-08-28 05:27:15.051 9 INFO neutron.wsgi [req-fccbea0e-a5db-4237-8cf3-c93a1a13fda7 req-8e4f8a81-9abb-4b31-bf4a-8442c08f4969 a790fe6fc63046eb9d0a1ec74dbae7ec 758efd9b696647fdac3900eb61a25889 - - default default] 10.0.0.213 "GET /v2.0/security-groups?id=6cea20ee-441c-4819-bed5-721473f89258&fields=id&fields=name HTTP/1.1" status: 200 len: 313 time: 0.0654640
2026-08-28 05:27:15.072 10 INFO neutron.wsgi [None req-357e28da-ff09-4bc8-a61b-de7633da9f30 052d90980ff6487b9dd6b9393b3884f3 33d2d76cd6db4cfeb1bb453107f0d21a - - default default] 10.0.0.220 "DELETE /v2.0/ports/dd6fa84d-15e1-44a1-a033-95ef655d9a2b HTTP/1.1" status: 204 len: 168 time: 0.2651658
2026-08-28 05:27:15.090 10 INFO neutron.pecan_wsgi.hooks.translation [None req-530e7bdd-d2a1-4485-a08e-6d5183ad323f 052d90980ff6487b9dd6b9393b3884f3 33d2d76cd6db4cfeb1bb453107f0d21a - - default default] GET failed (client error): The resource could not be found.
2026-08-28 05:27:15.092 10 INFO neutron.wsgi [None req-530e7bdd-d2a1-4485-a08e-6d5183ad323f 052d90980ff6487b9dd6b9393b3884f3 33d2d76cd6db4cfeb1bb453107f0d21a - - default default] 10.0.0.220 "GET /v2.0/ports/dd6fa84d-15e1-44a1-a033-95ef655d9a2b HTTP/1.1" status: 404 len: 333 time: 0.0150688
2026-08-28 05:27:15.104 9 INFO neutron.wsgi [None req-3d77733d-9451-43f6-8228-01532cdb19b5 b7f57c560e2a46c1a0f77f545322a413 7160983798bf41d8a1b57bbbbc5fdf22 - - default default] 10.0.0.220 "PUT /v2.0/floatingips/8d73d589-b566-4d05-85b3-6cd8750a2e98 HTTP/1.1" status: 200 len: 748 time: 0.3287375
2026-08-28 05:27:15.125 9 INFO neutron.db.ovn_revision_numbers_db [req-94ba58e8-f183-40c2-872c-991ac2b4b5f0 req-e6aa53d6-cdd2-439d-b4c8-bd69db52ab12 b9841e8f6874420a8ae0a69bd992783b 8a524d51fcc54ccab2715a9b8ec55a31 - - 913595b709a846ea99adf01bfce65836 913595b709a846ea99adf01bfce65836] Successfully bumped revision number for resource e0f40015-974d-498d-baca-06c9c67de2df (type: ports) to 2
2026-08-28 05:27:15.154 9 WARNING neutron.plugins.ml2.drivers.ovn.mech_driver.ovsdb.ovn_client [None req-4e676577-71a5-40a5-8711-631704a4b1f0 - - - - - -] No hosting information found for port 35772566-bc42-4c1c-9376-26ae1788c10e: RuntimeError: No hosting information found for port 35772566-bc42-4c1c-9376-26ae1788c10e
2026-08-28 05:27:15.154 9 INFO neutron.plugins.ml2.drivers.ovn.mech_driver.mech_driver [None req-4e676577-71a5-40a5-8711-631704a4b1f0 - - - - - -] OVN reports status up for port: 6a58949e-9368-408e-a65e-d2dcc1ca5f60
2026-08-28 05:27:15.165 9 INFO neutron.plugins.ml2.plugin [None req-4e676577-71a5-40a5-8711-631704a4b1f0 - - - - - -] Attempt 1 to provision port 6a58949e-9368-408e-a65e-d2dcc1ca5f60
2026-08-28 05:27:15.320 10 INFO neutron.wsgi [None req-ff75d8c2-a019-4cd8-a682-a4a42bf258bf 052d90980ff6487b9dd6b9393b3884f3 33d2d76cd6db4cfeb1bb453107f0d21a - - default default] 10.0.0.220 "DELETE /v2.0/subnets/db0110c9-bec1-4340-9dc6-1754c5f3409f HTTP/1.1" status: 204 len: 168 time: 0.2243679
2026-08-28 05:27:15.437 9 INFO neutron.db.ovn_revision_numbers_db [req-94ba58e8-f183-40c2-872c-991ac2b4b5f0 req-e6aa53d6-cdd2-439d-b4c8-bd69db52ab12 b9841e8f6874420a8ae0a69bd992783b 8a524d51fcc54ccab2715a9b8ec55a31 - - 913595b709a846ea99adf01bfce65836 913595b709a846ea99adf01bfce65836] Successfully bumped revision number for resource e0f40015-974d-498d-baca-06c9c67de2df (type: ports) to 2
2026-08-28 05:27:15.467 9 INFO neutron.wsgi [req-94ba58e8-f183-40c2-872c-991ac2b4b5f0 req-e6aa53d6-cdd2-439d-b4c8-bd69db52ab12 b9841e8f6874420a8ae0a69bd992783b 8a524d51fcc54ccab2715a9b8ec55a31 - - 913595b709a846ea99adf01bfce65836 913595b709a846ea99adf01bfce65836] 162.253.55.123 "PUT /v2.0/ports/e0f40015-974d-498d-baca-06c9c67de2df HTTP/1.1" status: 200 len: 1380 time: 0.9549391
2026-08-28 05:27:15.524 9 INFO neutron.notifiers.nova [-] Nova event matching ['req-3e24a6e3-f7f2-443f-b0da-785122caf3d4'] response: {'name': 'network-changed', 'server_uuid': '30bbb1a2-aaeb-4886-920f-1ceaeccc8211', 'tag': 'e0f40015-974d-498d-baca-06c9c67de2df', 'status': 'completed', 'code': 200} /var/lib/openstack/lib/python3.10/site-packages/pycadf/identifier.py:71: UserWarning: Invalid uuid: neutron. To ensure interoperability, identifiers should be a valid uuid. warnings.warn(('Invalid uuid: %s. To ensure interoperability, '
2026-08-28 05:27:15.562 9 INFO neutron.db.ovn_revision_numbers_db [None req-4e676577-71a5-40a5-8711-631704a4b1f0 - - - - - -] Successfully bumped revision number for resource 6a58949e-9368-408e-a65e-d2dcc1ca5f60 (type: ports) to 2
2026-08-28 05:27:15.572 9 INFO neutron.wsgi [req-94ba58e8-f183-40c2-872c-991ac2b4b5f0 req-220e32db-958e-4374-ae5b-daadf49db53e b9841e8f6874420a8ae0a69bd992783b 8a524d51fcc54ccab2715a9b8ec55a31 - - 913595b709a846ea99adf01bfce65836 913595b709a846ea99adf01bfce65836] 162.253.55.123 "GET /v2.0/ports?tenant_id=758efd9b696647fdac3900eb61a25889&device_id=30bbb1a2-aaeb-4886-920f-1ceaeccc8211 HTTP/1.1" status: 200 len: 1411 time: 0.0423656
2026-08-28 05:27:15.602 10 WARNING neutron.plugins.ml2.drivers.ovn.mech_driver.ovsdb.ovn_client [None req-ecca0a14-0421-4d1a-be91-9b3190cdbe4c - - - - - -] No hosting information found for port db685bb4-c947-43e0-880e-6f83fc451aa7: RuntimeError: No hosting information found for port db685bb4-c947-43e0-880e-6f83fc451aa7
2026-08-28 05:27:15.614 9 INFO neutron.wsgi [req-94ba58e8-f183-40c2-872c-991ac2b4b5f0 req-5112430d-b316-49c2-b91d-c1d9c7c3e001 b9841e8f6874420a8ae0a69bd992783b 8a524d51fcc54ccab2715a9b8ec55a31 - - 913595b709a846ea99adf01bfce65836 913595b709a846ea99adf01bfce65836] 162.253.55.123 "GET /v2.0/floatingips?fixed_ip_address=10.100.0.13&port_id=e0f40015-974d-498d-baca-06c9c67de2df HTTP/1.1" status: 200 len: 217 time: 0.0260038
2026-08-28 05:27:15.623 9 INFO neutron.wsgi [None req-22edda04-bedf-4379-8ac4-32100e9b549d b7f57c560e2a46c1a0f77f545322a413 7160983798bf41d8a1b57bbbbc5fdf22 - - default default] 10.0.0.220 "DELETE /v2.0/floatingips/8d73d589-b566-4d05-85b3-6cd8750a2e98 HTTP/1.1" status: 204 len: 168 time: 0.5148990
2026-08-28 05:27:15.683 9 INFO neutron.wsgi [req-94ba58e8-f183-40c2-872c-991ac2b4b5f0 req-a0aafd3c-3271-4877-ae22-2bec98c4103a b9841e8f6874420a8ae0a69bd992783b 8a524d51fcc54ccab2715a9b8ec55a31 - - 913595b709a846ea99adf01bfce65836 913595b709a846ea99adf01bfce65836] 162.253.55.123 "GET /v2.0/subnets?id=10153242-f2df-4488-be28-55c8a5721bd4 HTTP/1.1" status: 200 len: 853 time: 0.0590050
2026-08-28 05:27:15.717 9 INFO neutron.wsgi [req-94ba58e8-f183-40c2-872c-991ac2b4b5f0 req-e51144a0-4ba1-481c-b15d-6ba02c143ac5 b9841e8f6874420a8ae0a69bd992783b 8a524d51fcc54ccab2715a9b8ec55a31 - - 913595b709a846ea99adf01bfce65836 913595b709a846ea99adf01bfce65836] 162.253.55.123 "GET /v2.0/ports?network_id=39d1190a-e306-47e4-98d7-521760b32589&device_owner=network%3Adhcp HTTP/1.1" status: 200 len: 210 time: 0.0224776
2026-08-28 05:27:15.725 10 INFO neutron.services.segments.plugin [-] Segment 5c74d15b-87bb-417d-8513-5417a848f811 resource provider aggregate not found
2026-08-28 05:27:15.732 10 INFO neutron.services.segments.plugin [-] Segment 5c74d15b-87bb-417d-8513-5417a848f811 resource provider aggregate not found
2026-08-28 05:27:15.749 10 INFO neutron.services.segments.plugin [-] Segment 5c74d15b-87bb-417d-8513-5417a848f811 resource provider not found; error: Placement Client Error (4xx): {"errors": [{"status": 404, "title": "Not Found", "detail": "The resource could not be found.\n\n No resource provider with uuid 5c74d15b-87bb-417d-8513-5417a848f811 found for delete ", "request_id": "req-fd7e43dc-bd65-4d29-89e1-d561ad872e3c"}]}
2026-08-28 05:27:15.758 10 INFO neutron.services.segments.plugin [-] Segment 5c74d15b-87bb-417d-8513-5417a848f811 resource provider not found; error: Placement Client Error (4xx): {"errors": [{"status": 404, "title": "Not Found", "detail": "The resource could not be found.\n\n No resource provider with uuid 5c74d15b-87bb-417d-8513-5417a848f811 found for delete ", "request_id": "req-e28fc9a1-5e97-4ebc-98dc-981e94b26a5a"}]}
2026-08-28 05:27:15.769 10 INFO neutron.wsgi [None req-3f0fc810-0bdc-4c5d-8ca0-67b2b3ee4cfb 052d90980ff6487b9dd6b9393b3884f3 33d2d76cd6db4cfeb1bb453107f0d21a - - default default] 10.0.0.220 "DELETE /v2.0/networks/bcac9d9d-10d8-49ca-b6d4-478904c76e8f HTTP/1.1" status: 204 len: 168 time: 0.4402661 /var/lib/openstack/lib/python3.10/site-packages/pycadf/identifier.py:71: UserWarning: Invalid uuid: neutron. To ensure interoperability, identifiers should be a valid uuid. warnings.warn(('Invalid uuid: %s. To ensure interoperability, '
2026-08-28 05:27:15.995 9 INFO neutron.db.ovn_revision_numbers_db [None req-4e676577-71a5-40a5-8711-631704a4b1f0 - - - - - -] Successfully bumped revision number for resource 6a58949e-9368-408e-a65e-d2dcc1ca5f60 (type: router_ports) to 2
2026-08-28 05:27:16.015 10 WARNING neutron.scheduler.dhcp_agent_scheduler [None req-b5fa5836-7f62-4243-8dca-8d76f6a1a2b6 052d90980ff6487b9dd6b9393b3884f3 33d2d76cd6db4cfeb1bb453107f0d21a - - default default] No more DHCP agents
2026-08-28 05:27:16.018 10 WARNING neutron.api.rpc.agentnotifiers.dhcp_rpc_agent_api [None req-b5fa5836-7f62-4243-8dca-8d76f6a1a2b6 052d90980ff6487b9dd6b9393b3884f3 33d2d76cd6db4cfeb1bb453107f0d21a - - default default] Unable to schedule network d3209b72-9b49-47cc-a9ff-1e1feb996ec8: no agents available; will retry on subsequent port and subnet creation events.
2026-08-28 05:27:16.028 9 INFO neutron.wsgi [req-94ba58e8-f183-40c2-872c-991ac2b4b5f0 req-85d391a0-598d-448a-ae5e-794a18737f85 b9841e8f6874420a8ae0a69bd992783b 8a524d51fcc54ccab2715a9b8ec55a31 - - 913595b709a846ea99adf01bfce65836 913595b709a846ea99adf01bfce65836] 162.253.55.123 "GET /v2.0/networks/39d1190a-e306-47e4-98d7-521760b32589?fields=segments HTTP/1.1" status: 200 len: 212 time: 0.2990780
2026-08-28 05:27:16.083 10 INFO neutron.db.ovn_revision_numbers_db [None req-b5fa5836-7f62-4243-8dca-8d76f6a1a2b6 052d90980ff6487b9dd6b9393b3884f3 33d2d76cd6db4cfeb1bb453107f0d21a - - default default] Successfully bumped revision number for resource b29436af-c51a-4784-994a-a1bf326054f1 (type: ports) to 1
2026-08-28 05:27:16.101 10 INFO neutron.wsgi [None req-b5fa5836-7f62-4243-8dca-8d76f6a1a2b6 052d90980ff6487b9dd6b9393b3884f3 33d2d76cd6db4cfeb1bb453107f0d21a - - default default] 10.0.0.220 "POST /v2.0/ports HTTP/1.1" status: 201 len: 973 time: 0.3256681 /var/lib/openstack/lib/python3.10/site-packages/pycadf/identifier.py:71: UserWarning: Invalid uuid: neutron. To ensure interoperability, identifiers should be a valid uuid. warnings.warn(('Invalid uuid: %s. To ensure interoperability, '
2026-08-28 05:27:16.117 9 INFO neutron.wsgi [req-94ba58e8-f183-40c2-872c-991ac2b4b5f0 req-e1a54815-32b4-45d8-9cec-be67cfe6675d b9841e8f6874420a8ae0a69bd992783b 8a524d51fcc54ccab2715a9b8ec55a31 - - 913595b709a846ea99adf01bfce65836 913595b709a846ea99adf01bfce65836] 162.253.55.123 "GET /v2.0/networks/39d1190a-e306-47e4-98d7-521760b32589?fields=provider%3Aphysical_network&fields=provider%3Anetwork_type HTTP/1.1" status: 200 len: 277 time: 0.0813875
2026-08-28 05:27:16.174 9 INFO neutron.wsgi [req-6b9100dc-bdb9-4d76-919a-469d9fa244fe req-c8fbb628-d8b6-4682-a954-cc99c1e6a5f1 a790fe6fc63046eb9d0a1ec74dbae7ec 758efd9b696647fdac3900eb61a25889 - - default default] 10.0.0.213 "GET /v2.0/ports?device_id=30bbb1a2-aaeb-4886-920f-1ceaeccc8211 HTTP/1.1" status: 200 len: 1172 time: 0.0409749
2026-08-28 05:27:16.203 9 INFO neutron.wsgi [req-6913a032-bcf5-4361-9116-f1dfbf61557a req-3ee8e8ce-21b2-42ad-bc56-5168fe436203 b9841e8f6874420a8ae0a69bd992783b 8a524d51fcc54ccab2715a9b8ec55a31 - - 913595b709a846ea99adf01bfce65836 913595b709a846ea99adf01bfce65836] 162.253.55.123 "GET /v2.0/ports?tenant_id=758efd9b696647fdac3900eb61a25889&device_id=30bbb1a2-aaeb-4886-920f-1ceaeccc8211 HTTP/1.1" status: 200 len: 1411 time: 0.0426192
2026-08-28 05:27:16.223 9 WARNING neutron.scheduler.dhcp_agent_scheduler [None req-ac898953-060f-40ca-bcb5-db16aaefc841 b7f57c560e2a46c1a0f77f545322a413 7160983798bf41d8a1b57bbbbc5fdf22 - - default default] No more DHCP agents
2026-08-28 05:27:16.229 9 WARNING neutron.api.rpc.agentnotifiers.dhcp_rpc_agent_api [None req-ac898953-060f-40ca-bcb5-db16aaefc841 b7f57c560e2a46c1a0f77f545322a413 7160983798bf41d8a1b57bbbbc5fdf22 - - default default] Unable to schedule network b18332a6-3dd8-43bf-849f-49ff62392820: no agents available; will retry on subsequent port and subnet creation events.
2026-08-28 05:27:16.257 9 INFO neutron.wsgi [req-6b9100dc-bdb9-4d76-919a-469d9fa244fe req-9c07cc0a-219e-4a9d-b6b1-a578651e5951 a790fe6fc63046eb9d0a1ec74dbae7ec 758efd9b696647fdac3900eb61a25889 - - default default] 10.0.0.213 "GET /v2.0/security-groups?id=6cea20ee-441c-4819-bed5-721473f89258&fields=id&fields=name HTTP/1.1" status: 200 len: 313 time: 0.0755746
2026-08-28 05:27:16.280 10 INFO neutron.plugins.ml2.drivers.ovn.mech_driver.mech_driver [None req-ecca0a14-0421-4d1a-be91-9b3190cdbe4c - - - - - -] OVN reports status down for port: b29436af-c51a-4784-994a-a1bf326054f1
2026-08-28 05:27:16.290 9 INFO neutron.wsgi [req-6913a032-bcf5-4361-9116-f1dfbf61557a req-26bd17d4-ac3b-4cde-81be-5db32d506d3d b9841e8f6874420a8ae0a69bd992783b 8a524d51fcc54ccab2715a9b8ec55a31 - - 913595b709a846ea99adf01bfce65836 913595b709a846ea99adf01bfce65836] 162.253.55.123 "GET /v2.0/networks?id=39d1190a-e306-47e4-98d7-521760b32589 HTTP/1.1" status: 200 len: 959 time: 0.0797894
2026-08-28 05:27:16.314 10 INFO neutron.db.ovn_revision_numbers_db [None req-8d021a21-4a56-4f79-9dc5-f28f464c87b5 052d90980ff6487b9dd6b9393b3884f3 33d2d76cd6db4cfeb1bb453107f0d21a - - default default] Successfully bumped revision number for resource b29436af-c51a-4784-994a-a1bf326054f1 (type: ports) to 2
2026-08-28 05:27:16.318 9 INFO neutron.wsgi [req-6913a032-bcf5-4361-9116-f1dfbf61557a req-40b52d27-e838-4c6f-a63c-3135a2233cda b9841e8f6874420a8ae0a69bd992783b 8a524d51fcc54ccab2715a9b8ec55a31 - - 913595b709a846ea99adf01bfce65836 913595b709a846ea99adf01bfce65836] 162.253.55.123 "GET /v2.0/floatingips?fixed_ip_address=10.100.0.13&port_id=e0f40015-974d-498d-baca-06c9c67de2df HTTP/1.1" status: 200 len: 217 time: 0.0201745
2026-08-28 05:27:16.326 10 INFO neutron.wsgi [None req-8d021a21-4a56-4f79-9dc5-f28f464c87b5 052d90980ff6487b9dd6b9393b3884f3 33d2d76cd6db4cfeb1bb453107f0d21a - - default default] 10.0.0.220 "PUT /v2.0/ports/b29436af-c51a-4784-994a-a1bf326054f1 HTTP/1.1" status: 200 len: 946 time: 0.2203927 /var/lib/openstack/lib/python3.10/site-packages/pycadf/identifier.py:71: UserWarning: Invalid uuid: neutron. To ensure interoperability, identifiers should be a valid uuid. warnings.warn(('Invalid uuid: %s. To ensure interoperability, '
2026-08-28 05:27:16.386 9 INFO neutron.wsgi [req-6913a032-bcf5-4361-9116-f1dfbf61557a req-baae23bf-2f7c-40bd-8b3c-10915eb2fe1c b9841e8f6874420a8ae0a69bd992783b 8a524d51fcc54ccab2715a9b8ec55a31 - - 913595b709a846ea99adf01bfce65836 913595b709a846ea99adf01bfce65836] 162.253.55.123 "GET /v2.0/subnets?id=10153242-f2df-4488-be28-55c8a5721bd4 HTTP/1.1" status: 200 len: 853 time: 0.0603316
2026-08-28 05:27:16.413 9 INFO neutron.wsgi [req-6913a032-bcf5-4361-9116-f1dfbf61557a req-3d0c01c0-b9fa-4dd2-8051-03be853f03a6 b9841e8f6874420a8ae0a69bd992783b 8a524d51fcc54ccab2715a9b8ec55a31 - - 913595b709a846ea99adf01bfce65836 913595b709a846ea99adf01bfce65836] 162.253.55.123 "GET /v2.0/ports?network_id=39d1190a-e306-47e4-98d7-521760b32589&device_owner=network%3Adhcp HTTP/1.1" status: 200 len: 210 time: 0.0219140
2026-08-28 05:27:16.488 9 INFO neutron.wsgi [req-6913a032-bcf5-4361-9116-f1dfbf61557a req-77e8dd37-2ec3-43e9-ae8c-acac6be37399 b9841e8f6874420a8ae0a69bd992783b 8a524d51fcc54ccab2715a9b8ec55a31 - - 913595b709a846ea99adf01bfce65836 913595b709a846ea99adf01bfce65836] 162.253.55.123 "GET /v2.0/networks/39d1190a-e306-47e4-98d7-521760b32589?fields=segments HTTP/1.1" status: 200 len: 212 time: 0.0703294
2026-08-28 05:27:16.564 9 INFO neutron.wsgi [req-6913a032-bcf5-4361-9116-f1dfbf61557a req-8f46126a-0c04-4696-9474-32ed2e60a652 b9841e8f6874420a8ae0a69bd992783b 8a524d51fcc54ccab2715a9b8ec55a31 - - 913595b709a846ea99adf01bfce65836 913595b709a846ea99adf01bfce65836] 162.253.55.123 "GET /v2.0/networks/39d1190a-e306-47e4-98d7-521760b32589?fields=provider%3Aphysical_network&fields=provider%3Anetwork_type HTTP/1.1" status: 200 len: 277 time: 0.0674965
2026-08-28 05:27:16.592 10 INFO neutron.wsgi [None req-cf842c72-c1ae-4d77-a2e5-c82b3c67f27f 052d90980ff6487b9dd6b9393b3884f3 33d2d76cd6db4cfeb1bb453107f0d21a - - default default] 10.0.0.220 "DELETE /v2.0/ports/b29436af-c51a-4784-994a-a1bf326054f1 HTTP/1.1" status: 204 len: 168 time: 0.2528832
2026-08-28 05:27:16.670 10 INFO neutron.wsgi [None req-72f73ec9-f897-4cd7-a4dd-2f9ce6dccb7f 052d90980ff6487b9dd6b9393b3884f3 33d2d76cd6db4cfeb1bb453107f0d21a - - default default] 10.0.0.220 "GET /v2.0/ports HTTP/1.1" status: 200 len: 1729 time: 0.0734203
2026-08-28 05:27:16.694 9 INFO neutron.pecan_wsgi.hooks.translation [None req-f820a1dd-526b-42d0-bf39-0941fcd1b4f2 052d90980ff6487b9dd6b9393b3884f3 33d2d76cd6db4cfeb1bb453107f0d21a - - default default] GET failed (client error): The resource could not be found.
2026-08-28 05:27:16.696 9 INFO neutron.wsgi [None req-f820a1dd-526b-42d0-bf39-0941fcd1b4f2 052d90980ff6487b9dd6b9393b3884f3 33d2d76cd6db4cfeb1bb453107f0d21a - - default default] 10.0.0.220 "GET /v2.0/ports/b29436af-c51a-4784-994a-a1bf326054f1 HTTP/1.1" status: 404 len: 333 time: 0.0196977
2026-08-28 05:27:16.712 9 INFO neutron.db.l3_db [None req-ac898953-060f-40ca-bcb5-db16aaefc841 b7f57c560e2a46c1a0f77f545322a413 7160983798bf41d8a1b57bbbbc5fdf22 - - default default] Floating IP 0264fe6a-a528-4f83-9b0f-08a8182c2cb8 associated. External IP: 10.96.250.203, port: 008a88e3-5b11-46dc-81f1-9c44f5be831d.
2026-08-28 05:27:16.748 10 INFO neutron.wsgi [None req-6fdfc1ba-ffe0-40dd-b6e1-cf9584e285fb 052d90980ff6487b9dd6b9393b3884f3 33d2d76cd6db4cfeb1bb453107f0d21a - - default default] 10.0.0.220 "GET /v2.0/ports HTTP/1.1" status: 200 len: 1729 time: 0.0423887
2026-08-28 05:27:16.790 10 INFO neutron.wsgi [None req-ab5872de-0610-450a-8790-d6243a0db56b 052d90980ff6487b9dd6b9393b3884f3 33d2d76cd6db4cfeb1bb453107f0d21a - - default default] 10.0.0.220 "GET /v2.0/ports/3f190f82-3c38-41c1-8ff0-13c08160e0ae HTTP/1.1" status: 200 len: 969 time: 0.0301123
2026-08-28 05:27:16.816 10 INFO neutron.pecan_wsgi.hooks.translation [None req-cd9ded0f-cc07-40d5-adb5-0705cb925846 052d90980ff6487b9dd6b9393b3884f3 33d2d76cd6db4cfeb1bb453107f0d21a - - default default] DELETE failed (client error): The resource could not be found.
2026-08-28 05:27:16.817 10 INFO neutron.wsgi [None req-cd9ded0f-cc07-40d5-adb5-0705cb925846 052d90980ff6487b9dd6b9393b3884f3 33d2d76cd6db4cfeb1bb453107f0d21a - - default default] 10.0.0.220 "DELETE /v2.0/ports/dd6fa84d-15e1-44a1-a033-95ef655d9a2b HTTP/1.1" status: 404 len: 333 time: 0.0162971
2026-08-28 05:27:16.835 10 INFO neutron.pecan_wsgi.hooks.translation [None req-b8d36932-acab-41d6-aa7d-d78f467ac344 052d90980ff6487b9dd6b9393b3884f3 33d2d76cd6db4cfeb1bb453107f0d21a - - default default] DELETE failed (client error): The resource could not be found.
2026-08-28 05:27:16.836 10 INFO neutron.wsgi [None req-b8d36932-acab-41d6-aa7d-d78f467ac344 052d90980ff6487b9dd6b9393b3884f3 33d2d76cd6db4cfeb1bb453107f0d21a - - default default] 10.0.0.220 "DELETE /v2.0/subnets/db0110c9-bec1-4340-9dc6-1754c5f3409f HTTP/1.1" status: 404 len: 337 time: 0.0148242
2026-08-28 05:27:16.854 9 INFO neutron.pecan_wsgi.hooks.translation [None req-90e0bc6f-a976-49ad-880f-a2732ea61ab5 052d90980ff6487b9dd6b9393b3884f3 33d2d76cd6db4cfeb1bb453107f0d21a - - default default] DELETE failed (client error): The resource could not be found.
2026-08-28 05:27:16.856 9 INFO neutron.wsgi [None req-90e0bc6f-a976-49ad-880f-a2732ea61ab5 052d90980ff6487b9dd6b9393b3884f3 33d2d76cd6db4cfeb1bb453107f0d21a - - default default] 10.0.0.220 "DELETE /v2.0/subnets/d5553b1d-609a-4096-aa1f-81c80d27349f HTTP/1.1" status: 404 len: 337 time: 0.0160017
