2026-08-28 05:25:46.304 9 INFO neutron.plugins.ml2.drivers.ovn.mech_driver.ovsdb.ovsdb_monitor [None req-bf4582b6-c1b3-46da-bac0-412675c18bf0 - - - - - -] Router 1e3e8d81-b05f-4653-b5c6-bf66c8973a90 is bound to host instance
2026-08-28 05:25:46.359 9 INFO neutron.db.ovn_revision_numbers_db [None req-b2915f38-c38e-4c02-95f5-3ac41c27b2ab 511b4e370867442780eeb182d49315a4 e5d84ec93a4c4c658096169b04f88d23 - - default default] Successfully bumped revision number for resource b0de842f-9c6f-4add-b537-a8f0a9a5cfff (type: router_ports) to 1
2026-08-28 05:25:46.364 9 INFO neutron.wsgi [req-4ad81a19-1215-4584-b40a-1d5f834d70a3 req-7b23422d-26c5-4dda-8e5f-d553cf4c86b5 fcbf92f5d1024f0fbddd02870f74d6a1 5301d30c2fb0479ca079bceb4d81b161 - - default default] 10.0.0.213 "GET /v2.0/ports?device_id=164095ed-4a9b-4bb1-abc8-26f7ec8bca18 HTTP/1.1" status: 200 len: 210 time: 0.0391860
2026-08-28 05:25:46.472 9 INFO neutron.db.ovn_revision_numbers_db [None req-b2915f38-c38e-4c02-95f5-3ac41c27b2ab 511b4e370867442780eeb182d49315a4 e5d84ec93a4c4c658096169b04f88d23 - - default default] Successfully bumped revision number for resource 1e3e8d81-b05f-4653-b5c6-bf66c8973a90 (type: routers) to 2
2026-08-28 05:25:46.497 9 INFO neutron.wsgi [None req-b2915f38-c38e-4c02-95f5-3ac41c27b2ab 511b4e370867442780eeb182d49315a4 e5d84ec93a4c4c658096169b04f88d23 - - default default] 10.0.0.220 "POST /v2.0/routers HTTP/1.1" status: 201 len: 876 time: 2.1252241
2026-08-28 05:25:46.739 9 WARNING neutron.scheduler.dhcp_agent_scheduler [req-1efbbcbf-d43c-43f9-9d53-cd5f4bc3de47 req-5a88d730-0f7f-42e4-ae44-374f641ac39d fcbf92f5d1024f0fbddd02870f74d6a1 5301d30c2fb0479ca079bceb4d81b161 - - default default] No more DHCP agents
2026-08-28 05:25:46.741 9 WARNING neutron.api.rpc.agentnotifiers.dhcp_rpc_agent_api [req-1efbbcbf-d43c-43f9-9d53-cd5f4bc3de47 req-5a88d730-0f7f-42e4-ae44-374f641ac39d fcbf92f5d1024f0fbddd02870f74d6a1 5301d30c2fb0479ca079bceb4d81b161 - - default default] Unable to schedule network cf8ffeb8-b604-43e6-a952-be60d1c1227d: no agents available; will retry on subsequent port and subnet creation events.
2026-08-28 05:25:46.875 10 INFO neutron.wsgi [req-1886a3a8-5b60-4c74-aef9-13d07482048a req-1f947d04-4072-4f9f-b324-f05c8504eb1e 24fb877770e64985be61a083961145be c0ba8887e78841e0835db2337bee866a - - default default] 10.0.0.213 "GET /v2.0/ports?device_id=1856a655-00cd-4e4d-8580-000b2421c7a5 HTTP/1.1" status: 200 len: 1170 time: 0.0631974
2026-08-28 05:25:46.980 10 INFO neutron.wsgi [req-1886a3a8-5b60-4c74-aef9-13d07482048a req-8e739d40-88e2-4ba3-95f9-adbab4176350 24fb877770e64985be61a083961145be c0ba8887e78841e0835db2337bee866a - - default default] 10.0.0.213 "GET /v2.0/security-groups?id=2c9f3afe-05d1-43bd-98a4-7dadf02d1f15&fields=id&fields=name HTTP/1.1" status: 200 len: 313 time: 0.0948689
2026-08-28 05:25:47.082 9 INFO neutron.db.ovn_revision_numbers_db [req-1efbbcbf-d43c-43f9-9d53-cd5f4bc3de47 req-5a88d730-0f7f-42e4-ae44-374f641ac39d fcbf92f5d1024f0fbddd02870f74d6a1 5301d30c2fb0479ca079bceb4d81b161 - - default default] Successfully bumped revision number for resource 39534ea7-236a-46a9-96fd-02905495edca (type: ports) to 1
2026-08-28 05:25:47.106 9 INFO neutron.wsgi [req-1efbbcbf-d43c-43f9-9d53-cd5f4bc3de47 req-5a88d730-0f7f-42e4-ae44-374f641ac39d fcbf92f5d1024f0fbddd02870f74d6a1 5301d30c2fb0479ca079bceb4d81b161 - - default default] 162.253.55.123 "POST /v2.0/ports HTTP/1.1" status: 201 len: 1158 time: 0.8076108 /var/lib/openstack/lib/python3.10/site-packages/pycadf/identifier.py:71: UserWarning: Invalid uuid: neutron. To ensure interoperability, identifiers should be a valid uuid. warnings.warn(('Invalid uuid: %s. To ensure interoperability, '
2026-08-28 05:25:47.125 10 WARNING neutron.scheduler.dhcp_agent_scheduler [None req-bed44e26-d7a4-4a36-99fc-bcd5bb2fbada 511b4e370867442780eeb182d49315a4 e5d84ec93a4c4c658096169b04f88d23 - - default default] No more DHCP agents
2026-08-28 05:25:47.130 10 WARNING neutron.api.rpc.agentnotifiers.dhcp_rpc_agent_api [None req-bed44e26-d7a4-4a36-99fc-bcd5bb2fbada 511b4e370867442780eeb182d49315a4 e5d84ec93a4c4c658096169b04f88d23 - - default default] Unable to schedule network 60c18e78-7a09-4ecb-8477-b285e8212cc0: no agents available; will retry on subsequent port and subnet creation events.
2026-08-28 05:25:47.180 9 INFO neutron.db.ovn_revision_numbers_db [None req-bf4582b6-c1b3-46da-bac0-412675c18bf0 - - - - - -] Successfully bumped revision number for resource b0de842f-9c6f-4add-b537-a8f0a9a5cfff (type: ports) to 1
2026-08-28 05:25:47.188 10 INFO neutron.db.ovn_revision_numbers_db [None req-01e5c81b-a554-48db-a5f4-3a2e613417c3 - - - - - -] Successfully bumped revision number for resource 29986287-60d8-4f96-9485-f779b071d167 (type: ports) to 1
2026-08-28 05:25:47.234 9 INFO neutron.wsgi [req-3d291a63-d14f-4867-8e0b-2d2793448bcc req-86e29021-8029-42fd-a848-dd84cf5c0b02 24fb877770e64985be61a083961145be c0ba8887e78841e0835db2337bee866a - - default default] 10.0.0.213 "GET /v2.0/ports?device_id=1856a655-00cd-4e4d-8580-000b2421c7a5 HTTP/1.1" status: 200 len: 1170 time: 0.1199133
2026-08-28 05:25:47.432 9 INFO neutron.notifiers.nova [-] Nova event matching ['req-9b70ce21-c038-46b8-b06e-7594b59e3090'] response: {'server_uuid': '1856a655-00cd-4e4d-8580-000b2421c7a5', 'name': 'network-vif-plugged', 'status': 'completed', 'tag': '84fc9a98-41cd-4cd0-a333-63867d997ace', 'code': 200}
2026-08-28 05:25:47.495 10 WARNING neutron.scheduler.dhcp_agent_scheduler [None req-245c2834-e39e-42b1-8ab3-0a6f0de61215 511b4e370867442780eeb182d49315a4 e5d84ec93a4c4c658096169b04f88d23 - - default default] No more DHCP agents
2026-08-28 05:25:47.496 9 INFO neutron.wsgi [req-c9f4145b-da3b-465e-9259-47cffe2eaa08 req-ee93b171-04c2-4fd8-a17d-d3a623c965d4 fcbf92f5d1024f0fbddd02870f74d6a1 5301d30c2fb0479ca079bceb4d81b161 - - default default] 10.0.0.213 "GET /v2.0/ports?device_id=164095ed-4a9b-4bb1-abc8-26f7ec8bca18 HTTP/1.1" status: 200 len: 1168 time: 0.0465610
2026-08-28 05:25:47.504 10 WARNING neutron.api.rpc.agentnotifiers.dhcp_rpc_agent_api [None req-245c2834-e39e-42b1-8ab3-0a6f0de61215 511b4e370867442780eeb182d49315a4 e5d84ec93a4c4c658096169b04f88d23 - - default default] Unable to schedule network bbd024b2-0bdb-4443-8e4b-64c0877d76c4: no agents available; will retry on subsequent port and subnet creation events.
2026-08-28 05:25:47.506 10 INFO neutron.db.ovn_revision_numbers_db [None req-bed44e26-d7a4-4a36-99fc-bcd5bb2fbada 511b4e370867442780eeb182d49315a4 e5d84ec93a4c4c658096169b04f88d23 - - default default] Successfully bumped revision number for resource 90e80c20-7e48-47aa-9955-a5a08b23b516 (type: ports) to 1 /var/lib/openstack/lib/python3.10/site-packages/pycadf/identifier.py:71: UserWarning: Invalid uuid: neutron. To ensure interoperability, identifiers should be a valid uuid. warnings.warn(('Invalid uuid: %s. To ensure interoperability, '
2026-08-28 05:25:47.554 9 INFO neutron.wsgi [req-c9f4145b-da3b-465e-9259-47cffe2eaa08 req-87cf281e-a00d-4563-bcc4-ed8c209e719c fcbf92f5d1024f0fbddd02870f74d6a1 5301d30c2fb0479ca079bceb4d81b161 - - default default] 10.0.0.213 "GET /v2.0/security-groups?id=ba857cae-9161-4cea-9b5b-f179354cf0c7&fields=id&fields=name HTTP/1.1" status: 200 len: 313 time: 0.0496762
2026-08-28 05:25:47.555 9 INFO neutron.db.ovn_revision_numbers_db [None req-bf4582b6-c1b3-46da-bac0-412675c18bf0 - - - - - -] Successfully bumped revision number for resource b0de842f-9c6f-4add-b537-a8f0a9a5cfff (type: router_ports) to 3
2026-08-28 05:25:47.682 9 INFO neutron.db.ovn_revision_numbers_db [req-1efbbcbf-d43c-43f9-9d53-cd5f4bc3de47 req-d1e161e8-f6eb-4214-a10b-9b484c2a6d06 b9841e8f6874420a8ae0a69bd992783b 8a524d51fcc54ccab2715a9b8ec55a31 - - 913595b709a846ea99adf01bfce65836 913595b709a846ea99adf01bfce65836] Successfully bumped revision number for resource 39534ea7-236a-46a9-96fd-02905495edca (type: ports) to 2
2026-08-28 05:25:47.731 9 INFO neutron.db.ovn_revision_numbers_db [None req-bf4582b6-c1b3-46da-bac0-412675c18bf0 - - - - - -] Successfully bumped revision number for resource b0de842f-9c6f-4add-b537-a8f0a9a5cfff (type: ports) to 2
2026-08-28 05:25:47.897 10 INFO neutron.db.l3_db [None req-f84be3f7-9fdb-4447-b791-ad79db33cb4d 24fb877770e64985be61a083961145be c0ba8887e78841e0835db2337bee866a - - default default] Floating IP 469ffea0-64d8-4e42-9f69-4f3774f0a0d8 associated. External IP: 10.96.250.213, port: 84fc9a98-41cd-4cd0-a333-63867d997ace.
2026-08-28 05:25:47.914 9 INFO neutron.db.ovn_revision_numbers_db [req-1efbbcbf-d43c-43f9-9d53-cd5f4bc3de47 req-d1e161e8-f6eb-4214-a10b-9b484c2a6d06 b9841e8f6874420a8ae0a69bd992783b 8a524d51fcc54ccab2715a9b8ec55a31 - - 913595b709a846ea99adf01bfce65836 913595b709a846ea99adf01bfce65836] Successfully bumped revision number for resource 39534ea7-236a-46a9-96fd-02905495edca (type: ports) to 2
2026-08-28 05:25:47.931 9 INFO neutron.wsgi [req-1efbbcbf-d43c-43f9-9d53-cd5f4bc3de47 req-d1e161e8-f6eb-4214-a10b-9b484c2a6d06 b9841e8f6874420a8ae0a69bd992783b 8a524d51fcc54ccab2715a9b8ec55a31 - - 913595b709a846ea99adf01bfce65836 913595b709a846ea99adf01bfce65836] 162.253.55.123 "PUT /v2.0/ports/39534ea7-236a-46a9-96fd-02905495edca HTTP/1.1" status: 200 len: 1376 time: 0.8182070
2026-08-28 05:25:47.932 10 INFO neutron.db.ovn_revision_numbers_db [None req-01e5c81b-a554-48db-a5f4-3a2e613417c3 - - - - - -] Successfully bumped revision number for resource 29986287-60d8-4f96-9485-f779b071d167 (type: router_ports) to 3 /var/lib/openstack/lib/python3.10/site-packages/pycadf/identifier.py:71: UserWarning: Invalid uuid: neutron. To ensure interoperability, identifiers should be a valid uuid. warnings.warn(('Invalid uuid: %s. To ensure interoperability, '
2026-08-28 05:25:48.011 9 INFO neutron.wsgi [req-1efbbcbf-d43c-43f9-9d53-cd5f4bc3de47 req-88794a74-ba0b-481f-9982-cbbda24867dc b9841e8f6874420a8ae0a69bd992783b 8a524d51fcc54ccab2715a9b8ec55a31 - - 913595b709a846ea99adf01bfce65836 913595b709a846ea99adf01bfce65836] 162.253.55.123 "GET /v2.0/ports?tenant_id=5301d30c2fb0479ca079bceb4d81b161&device_id=164095ed-4a9b-4bb1-abc8-26f7ec8bca18 HTTP/1.1" status: 200 len: 1407 time: 0.0326507
2026-08-28 05:25:48.018 10 INFO neutron.db.ovn_revision_numbers_db [None req-245c2834-e39e-42b1-8ab3-0a6f0de61215 511b4e370867442780eeb182d49315a4 e5d84ec93a4c4c658096169b04f88d23 - - default default] Successfully bumped revision number for resource 992669c3-64bb-4874-b812-03e48e7e215c (type: ports) to 1
2026-08-28 05:25:48.020 9 INFO neutron.db.ovn_revision_numbers_db [None req-bf4582b6-c1b3-46da-bac0-412675c18bf0 - - - - - -] Successfully bumped revision number for resource b0de842f-9c6f-4add-b537-a8f0a9a5cfff (type: ports) to 4
2026-08-28 05:25:48.083 9 INFO neutron.wsgi [req-1efbbcbf-d43c-43f9-9d53-cd5f4bc3de47 req-b7310200-6daa-4ac1-b2d9-83f6a60ceae2 b9841e8f6874420a8ae0a69bd992783b 8a524d51fcc54ccab2715a9b8ec55a31 - - 913595b709a846ea99adf01bfce65836 913595b709a846ea99adf01bfce65836] 162.253.55.123 "GET /v2.0/floatingips?fixed_ip_address=10.100.0.6&port_id=39534ea7-236a-46a9-96fd-02905495edca HTTP/1.1" status: 200 len: 217 time: 0.0536561
2026-08-28 05:25:48.142 9 INFO neutron.wsgi [req-1efbbcbf-d43c-43f9-9d53-cd5f4bc3de47 req-f1b0392d-cda6-4258-a930-ebc5173be7c5 b9841e8f6874420a8ae0a69bd992783b 8a524d51fcc54ccab2715a9b8ec55a31 - - 913595b709a846ea99adf01bfce65836 913595b709a846ea99adf01bfce65836] 162.253.55.123 "GET /v2.0/subnets?id=729e0e7a-720f-4919-b42f-863ae66fa4ef HTTP/1.1" status: 200 len: 872 time: 0.0520561
2026-08-28 05:25:48.167 9 INFO neutron.wsgi [req-1efbbcbf-d43c-43f9-9d53-cd5f4bc3de47 req-2012239f-9234-4cdb-b1ca-b9e0bbc051df b9841e8f6874420a8ae0a69bd992783b 8a524d51fcc54ccab2715a9b8ec55a31 - - 913595b709a846ea99adf01bfce65836 913595b709a846ea99adf01bfce65836] 162.253.55.123 "GET /v2.0/ports?network_id=cf8ffeb8-b604-43e6-a952-be60d1c1227d&device_owner=network%3Adhcp HTTP/1.1" status: 200 len: 210 time: 0.0157804
2026-08-28 05:25:48.247 9 INFO neutron.wsgi [req-1efbbcbf-d43c-43f9-9d53-cd5f4bc3de47 req-7dfc1dad-197c-4afb-be74-5d3f69000f88 b9841e8f6874420a8ae0a69bd992783b 8a524d51fcc54ccab2715a9b8ec55a31 - - 913595b709a846ea99adf01bfce65836 913595b709a846ea99adf01bfce65836] 162.253.55.123 "GET /v2.0/networks/cf8ffeb8-b604-43e6-a952-be60d1c1227d?fields=segments HTTP/1.1" status: 200 len: 212 time: 0.0706110
2026-08-28 05:25:48.374 10 INFO neutron.db.ovn_revision_numbers_db [None req-f84be3f7-9fdb-4447-b791-ad79db33cb4d 24fb877770e64985be61a083961145be c0ba8887e78841e0835db2337bee866a - - default default] Successfully bumped revision number for resource 469ffea0-64d8-4e42-9f69-4f3774f0a0d8 (type: floatingips) to 1
2026-08-28 05:25:48.396 10 INFO neutron.db.ovn_revision_numbers_db [None req-01e5c81b-a554-48db-a5f4-3a2e613417c3 - - - - - -] Successfully bumped revision number for resource 29986287-60d8-4f96-9485-f779b071d167 (type: ports) to 2
2026-08-28 05:25:48.463 9 INFO neutron.wsgi [req-1efbbcbf-d43c-43f9-9d53-cd5f4bc3de47 req-4bebdf2f-6a42-4f26-80b3-097fdb8dd857 b9841e8f6874420a8ae0a69bd992783b 8a524d51fcc54ccab2715a9b8ec55a31 - - 913595b709a846ea99adf01bfce65836 913595b709a846ea99adf01bfce65836] 162.253.55.123 "GET /v2.0/networks/cf8ffeb8-b604-43e6-a952-be60d1c1227d?fields=provider%3Aphysical_network&fields=provider%3Anetwork_type HTTP/1.1" status: 200 len: 277 time: 0.2049377
2026-08-28 05:25:48.481 9 INFO neutron.db.ovn_revision_numbers_db [None req-bf4582b6-c1b3-46da-bac0-412675c18bf0 - - - - - -] Successfully bumped revision number for resource b0de842f-9c6f-4add-b537-a8f0a9a5cfff (type: router_ports) to 4
2026-08-28 05:25:48.603 10 INFO neutron.db.ovn_revision_numbers_db [None req-f84be3f7-9fdb-4447-b791-ad79db33cb4d 24fb877770e64985be61a083961145be c0ba8887e78841e0835db2337bee866a - - default default] Successfully bumped revision number for resource 469ffea0-64d8-4e42-9f69-4f3774f0a0d8 (type: floatingips) to 2
2026-08-28 05:25:48.682 10 INFO neutron.wsgi [None req-f84be3f7-9fdb-4447-b791-ad79db33cb4d 24fb877770e64985be61a083961145be c0ba8887e78841e0835db2337bee866a - - default default] 10.0.0.220 "PUT /v2.0/floatingips/469ffea0-64d8-4e42-9f69-4f3774f0a0d8 HTTP/1.1" status: 200 len: 1049 time: 1.4279926
2026-08-28 05:25:48.799 10 INFO neutron.db.ovn_revision_numbers_db [None req-bed44e26-d7a4-4a36-99fc-bcd5bb2fbada 511b4e370867442780eeb182d49315a4 e5d84ec93a4c4c658096169b04f88d23 - - default default] Successfully bumped revision number for resource 90e80c20-7e48-47aa-9955-a5a08b23b516 (type: router_ports) to 1
2026-08-28 05:25:48.812 9 INFO neutron.wsgi [req-cd6ecdc2-3dc5-4424-b7ad-7cb837fc39bc req-f1c180fc-186e-4548-9223-56fcabb08423 24fb877770e64985be61a083961145be c0ba8887e78841e0835db2337bee866a - - default default] 10.0.0.213 "GET /v2.0/ports?device_id=1856a655-00cd-4e4d-8580-000b2421c7a5 HTTP/1.1" status: 200 len: 1170 time: 0.0439019
2026-08-28 05:25:48.836 10 INFO neutron.wsgi [req-48f00a11-990b-4da7-a84e-304b0f9f60e5 req-2c179891-72fb-48dc-9995-32651ebef684 fcbf92f5d1024f0fbddd02870f74d6a1 5301d30c2fb0479ca079bceb4d81b161 - - default default] 10.0.0.213 "GET /v2.0/ports?device_id=164095ed-4a9b-4bb1-abc8-26f7ec8bca18 HTTP/1.1" status: 200 len: 1168 time: 0.2033756
2026-08-28 05:25:48.857 9 INFO neutron.wsgi [req-cd6ecdc2-3dc5-4424-b7ad-7cb837fc39bc req-3bd016d2-a7e0-4bcd-b185-e6fdaf09ff78 24fb877770e64985be61a083961145be c0ba8887e78841e0835db2337bee866a - - default default] 10.0.0.213 "GET /v2.0/security-groups?id=2c9f3afe-05d1-43bd-98a4-7dadf02d1f15&fields=id&fields=name HTTP/1.1" status: 200 len: 313 time: 0.0369520
2026-08-28 05:25:48.922 10 INFO neutron.wsgi [req-48f00a11-990b-4da7-a84e-304b0f9f60e5 req-dcef1096-951e-4e40-b311-768ca6221fea fcbf92f5d1024f0fbddd02870f74d6a1 5301d30c2fb0479ca079bceb4d81b161 - - default default] 10.0.0.213 "GET /v2.0/security-groups?id=ba857cae-9161-4cea-9b5b-f179354cf0c7&fields=id&fields=name HTTP/1.1" status: 200 len: 313 time: 0.0751867
2026-08-28 05:25:48.950 10 INFO neutron.db.ovn_revision_numbers_db [None req-01e5c81b-a554-48db-a5f4-3a2e613417c3 - - - - - -] Successfully bumped revision number for resource 29986287-60d8-4f96-9485-f779b071d167 (type: ports) to 4
2026-08-28 05:25:48.976 10 INFO neutron.plugins.ml2.drivers.ovn.mech_driver.mech_driver [None req-ecca0a14-0421-4d1a-be91-9b3190cdbe4c - - - - - -] OVN reports status up for port: 992669c3-64bb-4874-b812-03e48e7e215c
2026-08-28 05:25:49.005 10 INFO neutron.plugins.ml2.plugin [None req-ecca0a14-0421-4d1a-be91-9b3190cdbe4c - - - - - -] Attempt 1 to provision port 992669c3-64bb-4874-b812-03e48e7e215c
2026-08-28 05:25:49.036 10 INFO neutron.db.ovn_revision_numbers_db [None req-245c2834-e39e-42b1-8ab3-0a6f0de61215 511b4e370867442780eeb182d49315a4 e5d84ec93a4c4c658096169b04f88d23 - - default default] Successfully bumped revision number for resource 992669c3-64bb-4874-b812-03e48e7e215c (type: router_ports) to 1
2026-08-28 05:25:49.118 10 INFO neutron.db.ovn_revision_numbers_db [None req-bed44e26-d7a4-4a36-99fc-bcd5bb2fbada 511b4e370867442780eeb182d49315a4 e5d84ec93a4c4c658096169b04f88d23 - - default default] Successfully bumped revision number for resource 90e80c20-7e48-47aa-9955-a5a08b23b516 (type: ports) to 1
2026-08-28 05:25:49.301 9 INFO neutron.wsgi [req-f8cdfbfc-f81e-47f7-8aa9-0215e4811281 req-604be9c3-ba9a-403a-a646-560d88c52905 b9841e8f6874420a8ae0a69bd992783b 8a524d51fcc54ccab2715a9b8ec55a31 - - 913595b709a846ea99adf01bfce65836 913595b709a846ea99adf01bfce65836] 162.253.55.123 "GET /v2.0/ports?tenant_id=c0ba8887e78841e0835db2337bee866a&device_id=1856a655-00cd-4e4d-8580-000b2421c7a5 HTTP/1.1" status: 200 len: 1409 time: 0.0347197
2026-08-28 05:25:49.303 10 INFO neutron.notifiers.nova [-] Nova event matching ['req-d478c065-7bae-41c3-bbb2-5bd56d4162a7'] response: {'name': 'network-changed', 'server_uuid': '1856a655-00cd-4e4d-8580-000b2421c7a5', 'tag': '84fc9a98-41cd-4cd0-a333-63867d997ace', 'status': 'completed', 'code': 200}
2026-08-28 05:25:49.363 9 INFO neutron.wsgi [req-f8cdfbfc-f81e-47f7-8aa9-0215e4811281 req-103e3042-3ce6-469e-8612-7c89c946ebd6 b9841e8f6874420a8ae0a69bd992783b 8a524d51fcc54ccab2715a9b8ec55a31 - - 913595b709a846ea99adf01bfce65836 913595b709a846ea99adf01bfce65836] 162.253.55.123 "GET /v2.0/networks?id=a1cd07ed-a6fc-4816-9916-33213655683e HTTP/1.1" status: 200 len: 968 time: 0.0579209
2026-08-28 05:25:49.443 9 INFO neutron.plugins.ml2.drivers.ovn.mech_driver.mech_driver [None req-4e676577-71a5-40a5-8711-631704a4b1f0 - - - - - -] OVN reports status up for port: 90e80c20-7e48-47aa-9955-a5a08b23b516
2026-08-28 05:25:49.458 9 INFO neutron.wsgi [req-f8cdfbfc-f81e-47f7-8aa9-0215e4811281 req-112bbef2-7ba1-40f6-926e-bb2b16221a91 b9841e8f6874420a8ae0a69bd992783b 8a524d51fcc54ccab2715a9b8ec55a31 - - 913595b709a846ea99adf01bfce65836 913595b709a846ea99adf01bfce65836] 162.253.55.123 "GET /v2.0/floatingips?fixed_ip_address=10.100.0.5&port_id=84fc9a98-41cd-4cd0-a333-63867d997ace HTTP/1.1" status: 200 len: 1059 time: 0.0897393
2026-08-28 05:25:49.458 9 INFO neutron.plugins.ml2.plugin [None req-4e676577-71a5-40a5-8711-631704a4b1f0 - - - - - -] Attempt 1 to provision port 90e80c20-7e48-47aa-9955-a5a08b23b516
2026-08-28 05:25:49.468 10 WARNING neutron.scheduler.dhcp_agent_scheduler [None req-bed44e26-d7a4-4a36-99fc-bcd5bb2fbada 511b4e370867442780eeb182d49315a4 e5d84ec93a4c4c658096169b04f88d23 - - default default] No more DHCP agents /var/lib/openstack/lib/python3.10/site-packages/pycadf/identifier.py:71: UserWarning: Invalid uuid: neutron. To ensure interoperability, identifiers should be a valid uuid. warnings.warn(('Invalid uuid: %s. To ensure interoperability, '
2026-08-28 05:25:49.476 10 WARNING neutron.api.rpc.agentnotifiers.dhcp_rpc_agent_api [None req-bed44e26-d7a4-4a36-99fc-bcd5bb2fbada 511b4e370867442780eeb182d49315a4 e5d84ec93a4c4c658096169b04f88d23 - - default default] Unable to schedule network 60c18e78-7a09-4ecb-8477-b285e8212cc0: no agents available; will retry on subsequent port and subnet creation events.
2026-08-28 05:25:49.480 10 INFO neutron.wsgi [req-f0d0a541-a346-4f2d-ba27-16b58f4e2fab req-6f2ba9b0-f237-45f7-82bf-74580520af20 24fb877770e64985be61a083961145be c0ba8887e78841e0835db2337bee866a - - default default] 10.0.0.213 "GET /v2.0/ports?device_id=1856a655-00cd-4e4d-8580-000b2421c7a5 HTTP/1.1" status: 200 len: 1170 time: 0.1785789
2026-08-28 05:25:49.494 9 INFO neutron.notifiers.nova [-] Nova event matching ['req-ee42ebf8-2075-49c4-8346-e718443d602d'] response: {'name': 'network-changed', 'server_uuid': '164095ed-4a9b-4bb1-abc8-26f7ec8bca18', 'tag': '39534ea7-236a-46a9-96fd-02905495edca', 'status': 'completed', 'code': 200}
2026-08-28 05:25:49.503 9 INFO neutron.wsgi [req-f8cdfbfc-f81e-47f7-8aa9-0215e4811281 req-15984451-92c2-45b5-9d46-20f22ccba1a2 b9841e8f6874420a8ae0a69bd992783b 8a524d51fcc54ccab2715a9b8ec55a31 - - 913595b709a846ea99adf01bfce65836 913595b709a846ea99adf01bfce65836] 162.253.55.123 "GET /v2.0/subnets?id=65ded70c-66bb-40c6-9b85-63c35af9c15f HTTP/1.1" status: 200 len: 863 time: 0.0356123
2026-08-28 05:25:49.516 10 INFO neutron.db.ovn_revision_numbers_db [None req-245c2834-e39e-42b1-8ab3-0a6f0de61215 511b4e370867442780eeb182d49315a4 e5d84ec93a4c4c658096169b04f88d23 - - default default] Successfully bumped revision number for resource 992669c3-64bb-4874-b812-03e48e7e215c (type: ports) to 1
2026-08-28 05:25:49.543 9 INFO neutron.wsgi [req-f8cdfbfc-f81e-47f7-8aa9-0215e4811281 req-17b9f562-162f-428a-b9bd-1c0a39ef153e b9841e8f6874420a8ae0a69bd992783b 8a524d51fcc54ccab2715a9b8ec55a31 - - 913595b709a846ea99adf01bfce65836 913595b709a846ea99adf01bfce65836] 162.253.55.123 "GET /v2.0/ports?network_id=a1cd07ed-a6fc-4816-9916-33213655683e&device_owner=network%3Adhcp HTTP/1.1" status: 200 len: 210 time: 0.0258074
2026-08-28 05:25:49.556 9 INFO neutron.wsgi [req-cb75e471-4228-42aa-9b86-d56a4acd742e req-963a5493-a393-49cd-af28-540fee4aebb9 b9841e8f6874420a8ae0a69bd992783b 8a524d51fcc54ccab2715a9b8ec55a31 - - 913595b709a846ea99adf01bfce65836 913595b709a846ea99adf01bfce65836] 162.253.55.123 "GET /v2.0/ports?tenant_id=5301d30c2fb0479ca079bceb4d81b161&device_id=164095ed-4a9b-4bb1-abc8-26f7ec8bca18 HTTP/1.1" status: 200 len: 1407 time: 0.0374272
2026-08-28 05:25:49.609 10 INFO neutron.wsgi [req-f0d0a541-a346-4f2d-ba27-16b58f4e2fab req-4fa0f3b3-06ea-479b-9b7b-3a56f2f841ff 24fb877770e64985be61a083961145be c0ba8887e78841e0835db2337bee866a - - default default] 10.0.0.213 "GET /v2.0/security-groups?id=2c9f3afe-05d1-43bd-98a4-7dadf02d1f15&fields=id&fields=name HTTP/1.1" status: 200 len: 313 time: 0.1072998
2026-08-28 05:25:49.643 9 INFO neutron.wsgi [req-f8cdfbfc-f81e-47f7-8aa9-0215e4811281 req-b35e6089-e184-479f-8d10-17ef234ea120 b9841e8f6874420a8ae0a69bd992783b 8a524d51fcc54ccab2715a9b8ec55a31 - - 913595b709a846ea99adf01bfce65836 913595b709a846ea99adf01bfce65836] 162.253.55.123 "GET /v2.0/networks/a1cd07ed-a6fc-4816-9916-33213655683e?fields=segments HTTP/1.1" status: 200 len: 212 time: 0.0944481
2026-08-28 05:25:49.668 9 INFO neutron.wsgi [req-cb75e471-4228-42aa-9b86-d56a4acd742e req-5463dda6-093b-4c15-8a0d-26e44c7a5c6e b9841e8f6874420a8ae0a69bd992783b 8a524d51fcc54ccab2715a9b8ec55a31 - - 913595b709a846ea99adf01bfce65836 913595b709a846ea99adf01bfce65836] 162.253.55.123 "GET /v2.0/networks?id=cf8ffeb8-b604-43e6-a952-be60d1c1227d HTTP/1.1" status: 200 len: 977 time: 0.1048136
2026-08-28 05:25:49.674 10 WARNING neutron.scheduler.dhcp_agent_scheduler [None req-245c2834-e39e-42b1-8ab3-0a6f0de61215 511b4e370867442780eeb182d49315a4 e5d84ec93a4c4c658096169b04f88d23 - - default default] No more DHCP agents
2026-08-28 05:25:49.677 10 INFO neutron.db.ovn_revision_numbers_db [None req-01e5c81b-a554-48db-a5f4-3a2e613417c3 - - - - - -] Successfully bumped revision number for resource 29986287-60d8-4f96-9485-f779b071d167 (type: router_ports) to 4
2026-08-28 05:25:49.678 10 WARNING neutron.api.rpc.agentnotifiers.dhcp_rpc_agent_api [None req-245c2834-e39e-42b1-8ab3-0a6f0de61215 511b4e370867442780eeb182d49315a4 e5d84ec93a4c4c658096169b04f88d23 - - default default] Unable to schedule network bbd024b2-0bdb-4443-8e4b-64c0877d76c4: no agents available; will retry on subsequent port and subnet creation events.
2026-08-28 05:25:49.718 9 INFO neutron.wsgi [req-cb75e471-4228-42aa-9b86-d56a4acd742e req-14bf2aef-2e2e-4ad3-965d-45ea554a88de b9841e8f6874420a8ae0a69bd992783b 8a524d51fcc54ccab2715a9b8ec55a31 - - 913595b709a846ea99adf01bfce65836 913595b709a846ea99adf01bfce65836] 162.253.55.123 "GET /v2.0/floatingips?fixed_ip_address=10.100.0.6&port_id=39534ea7-236a-46a9-96fd-02905495edca HTTP/1.1" status: 200 len: 217 time: 0.0457520
2026-08-28 05:25:49.784 10 INFO neutron.db.ovn_revision_numbers_db [None req-ecca0a14-0421-4d1a-be91-9b3190cdbe4c - - - - - -] Successfully bumped revision number for resource 992669c3-64bb-4874-b812-03e48e7e215c (type: ports) to 2
2026-08-28 05:25:49.786 9 INFO neutron.wsgi [req-d639ad65-e57e-460c-9105-4532c70356f7 req-33cbbb4d-4dea-48cb-8e78-39a989e01cba 24fb877770e64985be61a083961145be c0ba8887e78841e0835db2337bee866a - - default default] 162.253.55.123 "GET /v2.0/ports?device_id=1856a655-00cd-4e4d-8580-000b2421c7a5 HTTP/1.1" status: 200 len: 1170 time: 0.0957227
2026-08-28 05:25:49.795 9 INFO neutron.wsgi [req-f8cdfbfc-f81e-47f7-8aa9-0215e4811281 req-675e81ad-f7b2-4f9f-9867-c5acabec0c50 b9841e8f6874420a8ae0a69bd992783b 8a524d51fcc54ccab2715a9b8ec55a31 - - 913595b709a846ea99adf01bfce65836 913595b709a846ea99adf01bfce65836] 162.253.55.123 "GET /v2.0/networks/a1cd07ed-a6fc-4816-9916-33213655683e?fields=provider%3Aphysical_network&fields=provider%3Anetwork_type HTTP/1.1" status: 200 len: 277 time: 0.1439805
2026-08-28 05:25:49.802 9 INFO neutron.wsgi [req-cb75e471-4228-42aa-9b86-d56a4acd742e req-058d63ce-56df-4a1c-a2f5-91009177d2c8 b9841e8f6874420a8ae0a69bd992783b 8a524d51fcc54ccab2715a9b8ec55a31 - - 913595b709a846ea99adf01bfce65836 913595b709a846ea99adf01bfce65836] 162.253.55.123 "GET /v2.0/subnets?id=729e0e7a-720f-4919-b42f-863ae66fa4ef HTTP/1.1" status: 200 len: 872 time: 0.0759695
2026-08-28 05:25:49.840 9 INFO neutron.wsgi [req-cb75e471-4228-42aa-9b86-d56a4acd742e req-1c318af3-916b-44ee-957c-a7484ae3cbdf b9841e8f6874420a8ae0a69bd992783b 8a524d51fcc54ccab2715a9b8ec55a31 - - 913595b709a846ea99adf01bfce65836 913595b709a846ea99adf01bfce65836] 162.253.55.123 "GET /v2.0/ports?network_id=cf8ffeb8-b604-43e6-a952-be60d1c1227d&device_owner=network%3Adhcp HTTP/1.1" status: 200 len: 210 time: 0.0309663
2026-08-28 05:25:49.931 9 INFO neutron.wsgi [req-cb75e471-4228-42aa-9b86-d56a4acd742e req-84d04730-9214-4212-b0f5-341b477709ad b9841e8f6874420a8ae0a69bd992783b 8a524d51fcc54ccab2715a9b8ec55a31 - - 913595b709a846ea99adf01bfce65836 913595b709a846ea99adf01bfce65836] 162.253.55.123 "GET /v2.0/networks/cf8ffeb8-b604-43e6-a952-be60d1c1227d?fields=segments HTTP/1.1" status: 200 len: 212 time: 0.0835063
2026-08-28 05:25:49.994 10 INFO neutron.db.ovn_revision_numbers_db [None req-ecca0a14-0421-4d1a-be91-9b3190cdbe4c - - - - - -] Successfully bumped revision number for resource 992669c3-64bb-4874-b812-03e48e7e215c (type: router_ports) to 2
2026-08-28 05:25:50.009 9 INFO neutron.db.ovn_revision_numbers_db [None req-4e676577-71a5-40a5-8711-631704a4b1f0 - - - - - -] Successfully bumped revision number for resource 90e80c20-7e48-47aa-9955-a5a08b23b516 (type: ports) to 2
2026-08-28 05:25:50.020 9 INFO neutron.wsgi [req-cb75e471-4228-42aa-9b86-d56a4acd742e req-52dffd2b-aaee-4948-89dc-61718007057d b9841e8f6874420a8ae0a69bd992783b 8a524d51fcc54ccab2715a9b8ec55a31 - - 913595b709a846ea99adf01bfce65836 913595b709a846ea99adf01bfce65836] 162.253.55.123 "GET /v2.0/networks/cf8ffeb8-b604-43e6-a952-be60d1c1227d?fields=provider%3Aphysical_network&fields=provider%3Anetwork_type HTTP/1.1" status: 200 len: 277 time: 0.0798714
2026-08-28 05:25:50.319 9 INFO neutron.wsgi [req-37f10f03-59bd-4cba-ae44-c218949c4a12 req-dfd3d5bb-0b30-4752-97ca-4c93a9333006 fcbf92f5d1024f0fbddd02870f74d6a1 5301d30c2fb0479ca079bceb4d81b161 - - default default] 10.0.0.213 "GET /v2.0/ports?device_id=164095ed-4a9b-4bb1-abc8-26f7ec8bca18 HTTP/1.1" status: 200 len: 1168 time: 0.2972770
2026-08-28 05:25:50.402 9 INFO neutron.wsgi [req-37f10f03-59bd-4cba-ae44-c218949c4a12 req-183cd4ec-c1b2-4adf-b623-d05a263d081f fcbf92f5d1024f0fbddd02870f74d6a1 5301d30c2fb0479ca079bceb4d81b161 - - default default] 10.0.0.213 "GET /v2.0/security-groups?id=ba857cae-9161-4cea-9b5b-f179354cf0c7&fields=id&fields=name HTTP/1.1" status: 200 len: 313 time: 0.0668447
2026-08-28 05:25:50.411 9 INFO neutron.db.ovn_revision_numbers_db [None req-4e676577-71a5-40a5-8711-631704a4b1f0 - - - - - -] Successfully bumped revision number for resource 90e80c20-7e48-47aa-9955-a5a08b23b516 (type: router_ports) to 2
2026-08-28 05:25:50.466 9 INFO neutron.db.l3_db [req-d639ad65-e57e-460c-9105-4532c70356f7 req-00d5b253-e951-41da-9c19-e4a159f470ce 24fb877770e64985be61a083961145be c0ba8887e78841e0835db2337bee866a - - default default] Floating IP 469ffea0-64d8-4e42-9f69-4f3774f0a0d8 disassociated. External IP: 10.96.250.213, port: 84fc9a98-41cd-4cd0-a333-63867d997ace.
2026-08-28 05:25:50.689 9 INFO neutron.wsgi [req-d639ad65-e57e-460c-9105-4532c70356f7 req-00d5b253-e951-41da-9c19-e4a159f470ce 24fb877770e64985be61a083961145be c0ba8887e78841e0835db2337bee866a - - default default] 162.253.55.123 "DELETE /v2.0/ports/84fc9a98-41cd-4cd0-a333-63867d997ace HTTP/1.1" status: 204 len: 173 time: 0.8850391
2026-08-28 05:25:50.803 10 INFO neutron.wsgi [req-c0eb9fea-9f3e-430c-94cb-4188e76eafd1 req-eaf34e1e-1909-4d55-b323-ce0c7daedc7a 24fb877770e64985be61a083961145be c0ba8887e78841e0835db2337bee866a - - default default] 10.0.0.213 "GET /v2.0/ports?device_id=1856a655-00cd-4e4d-8580-000b2421c7a5 HTTP/1.1" status: 200 len: 210 time: 0.0395460
2026-08-28 05:25:50.901 10 INFO neutron.wsgi [None req-bed44e26-d7a4-4a36-99fc-bcd5bb2fbada 511b4e370867442780eeb182d49315a4 e5d84ec93a4c4c658096169b04f88d23 - - default default] 10.0.0.220 "PUT /v2.0/routers/7a1699a1-231e-4dee-8f59-9bff5a5d5fef/add_router_interface HTTP/1.1" status: 200 len: 503 time: 4.6864209
2026-08-28 05:25:50.947 10 INFO neutron.db.ovn_revision_numbers_db [None req-245c2834-e39e-42b1-8ab3-0a6f0de61215 511b4e370867442780eeb182d49315a4 e5d84ec93a4c4c658096169b04f88d23 - - default default] Successfully bumped revision number for resource 992669c3-64bb-4874-b812-03e48e7e215c (type: router_ports) to 2
2026-08-28 05:25:50.949 10 INFO neutron.wsgi [None req-245c2834-e39e-42b1-8ab3-0a6f0de61215 511b4e370867442780eeb182d49315a4 e5d84ec93a4c4c658096169b04f88d23 - - default default] 10.0.0.220 "PUT /v2.0/routers/1e3e8d81-b05f-4653-b5c6-bf66c8973a90/add_router_interface HTTP/1.1" status: 200 len: 503 time: 4.4438856
2026-08-28 05:25:51.532 9 INFO neutron.db.ovn_revision_numbers_db [None req-9871cd13-da29-413e-b7ed-ba451096c28c ad43808257124dc7bb3a5d8c27e17000 5f5b85a46aeb456896516ce46d410882 - - default default] Successfully bumped revision number for resource f2bd7937-6361-4fac-9c3b-1aeceea79817 (type: security_groups) to 1
2026-08-28 05:25:51.560 9 INFO neutron.db.ovn_revision_numbers_db [None req-9871cd13-da29-413e-b7ed-ba451096c28c ad43808257124dc7bb3a5d8c27e17000 5f5b85a46aeb456896516ce46d410882 - - default default] Successfully bumped revision number for resource 2d5debbb-4da1-4c8a-9864-28ab42de08a6 (type: security_group_rules) to 0
2026-08-28 05:25:51.573 9 INFO neutron.wsgi [req-148a23d8-f502-48f9-9427-ee984b756bfc req-886766b7-041e-4a9e-8e2a-fa6fd4fa178c fcbf92f5d1024f0fbddd02870f74d6a1 5301d30c2fb0479ca079bceb4d81b161 - - default default] 10.0.0.213 "GET /v2.0/ports?device_id=164095ed-4a9b-4bb1-abc8-26f7ec8bca18 HTTP/1.1" status: 200 len: 1168 time: 0.0861340
2026-08-28 05:25:51.578 9 INFO neutron.notifiers.nova [-] Nova event matching ['req-217d2ba8-c9d9-4506-9cd7-5fe1cf25cdb7'] response: {'server_uuid': '1856a655-00cd-4e4d-8580-000b2421c7a5', 'name': 'network-vif-deleted', 'tag': '84fc9a98-41cd-4cd0-a333-63867d997ace', 'status': 'completed', 'code': 200}
2026-08-28 05:25:51.594 9 INFO neutron.db.ovn_revision_numbers_db [None req-9871cd13-da29-413e-b7ed-ba451096c28c ad43808257124dc7bb3a5d8c27e17000 5f5b85a46aeb456896516ce46d410882 - - default default] Successfully bumped revision number for resource 707b671b-937a-469d-8604-62322c6d179b (type: security_group_rules) to 0
2026-08-28 05:25:51.617 9 INFO neutron.wsgi [None req-9871cd13-da29-413e-b7ed-ba451096c28c ad43808257124dc7bb3a5d8c27e17000 5f5b85a46aeb456896516ce46d410882 - - default default] 10.0.0.220 "POST /v2.0/security-groups HTTP/1.1" status: 201 len: 1795 time: 0.2623618
2026-08-28 05:25:51.619 10 INFO neutron.db.ovn_revision_numbers_db [None req-de476cb0-f749-4961-8317-335651d74336 7260064eb2f2407782905d42653160fa 2187f65d9ff840f2bbd65ffbee9fde5a - - default default] Successfully bumped revision number for resource 869b3c3d-b84f-4aba-863c-488f3f5d40bc (type: security_groups) to 1
2026-08-28 05:25:51.630 9 INFO neutron.wsgi [req-148a23d8-f502-48f9-9427-ee984b756bfc req-4aa3e88b-0fd7-46a2-9d12-2eb5255aa5f8 fcbf92f5d1024f0fbddd02870f74d6a1 5301d30c2fb0479ca079bceb4d81b161 - - default default] 10.0.0.213 "GET /v2.0/security-groups?id=ba857cae-9161-4cea-9b5b-f179354cf0c7&fields=id&fields=name HTTP/1.1" status: 200 len: 313 time: 0.0496106
2026-08-28 05:25:51.652 10 INFO neutron.db.ovn_revision_numbers_db [None req-de476cb0-f749-4961-8317-335651d74336 7260064eb2f2407782905d42653160fa 2187f65d9ff840f2bbd65ffbee9fde5a - - default default] Successfully bumped revision number for resource 0612f7d3-41a6-48fd-92fa-35eaae365e26 (type: security_group_rules) to 0
2026-08-28 05:25:51.680 10 INFO neutron.db.ovn_revision_numbers_db [None req-de476cb0-f749-4961-8317-335651d74336 7260064eb2f2407782905d42653160fa 2187f65d9ff840f2bbd65ffbee9fde5a - - default default] Successfully bumped revision number for resource f0e3b66a-1c42-4f27-a4e1-7558c43f2291 (type: security_group_rules) to 0
2026-08-28 05:25:51.711 10 INFO neutron.wsgi [None req-de476cb0-f749-4961-8317-335651d74336 7260064eb2f2407782905d42653160fa 2187f65d9ff840f2bbd65ffbee9fde5a - - default default] 10.0.0.220 "POST /v2.0/security-groups HTTP/1.1" status: 201 len: 1795 time: 0.2544439
2026-08-28 05:25:51.800 10 INFO neutron.db.ovn_revision_numbers_db [None req-d1ebf076-4099-497d-8168-3773a7493424 ad43808257124dc7bb3a5d8c27e17000 5f5b85a46aeb456896516ce46d410882 - - default default] Successfully bumped revision number for resource 8277144c-8345-4f2e-ba4a-769de48a3aeb (type: security_group_rules) to 0
2026-08-28 05:25:51.825 10 INFO neutron.wsgi [None req-d1ebf076-4099-497d-8168-3773a7493424 ad43808257124dc7bb3a5d8c27e17000 5f5b85a46aeb456896516ce46d410882 - - default default] 10.0.0.220 "POST /v2.0/security-group-rules HTTP/1.1" status: 201 len: 764 time: 0.2035148
2026-08-28 05:25:51.873 9 INFO neutron.db.ovn_revision_numbers_db [None req-51aa92cf-2d53-422a-b202-ad1995240f68 7260064eb2f2407782905d42653160fa 2187f65d9ff840f2bbd65ffbee9fde5a - - default default] Successfully bumped revision number for resource 56c33ede-d507-41e5-9508-911f41341cb8 (type: security_group_rules) to 0
2026-08-28 05:25:51.901 9 INFO neutron.wsgi [None req-51aa92cf-2d53-422a-b202-ad1995240f68 7260064eb2f2407782905d42653160fa 2187f65d9ff840f2bbd65ffbee9fde5a - - default default] 10.0.0.220 "POST /v2.0/security-group-rules HTTP/1.1" status: 201 len: 764 time: 0.1830692
2026-08-28 05:25:51.978 10 INFO neutron.db.ovn_revision_numbers_db [None req-4cfeea69-f24a-41ff-93c2-1426c1526948 ad43808257124dc7bb3a5d8c27e17000 5f5b85a46aeb456896516ce46d410882 - - default default] Successfully bumped revision number for resource e966cfb8-f3e5-45a0-991e-b3fc28a3fd6b (type: security_group_rules) to 0
2026-08-28 05:25:52.009 9 INFO neutron.db.ovn_revision_numbers_db [None req-0cb43612-bdbe-4074-b9c9-ad11c2e71eb9 7260064eb2f2407782905d42653160fa 2187f65d9ff840f2bbd65ffbee9fde5a - - default default] Successfully bumped revision number for resource 0b0b86ed-9d76-4851-bb3f-05702b8fba31 (type: security_group_rules) to 0
2026-08-28 05:25:52.012 10 INFO neutron.wsgi [None req-4cfeea69-f24a-41ff-93c2-1426c1526948 ad43808257124dc7bb3a5d8c27e17000 5f5b85a46aeb456896516ce46d410882 - - default default] 10.0.0.220 "POST /v2.0/security-group-rules HTTP/1.1" status: 201 len: 769 time: 0.1811447
2026-08-28 05:25:52.034 9 INFO neutron.wsgi [None req-0cb43612-bdbe-4074-b9c9-ad11c2e71eb9 7260064eb2f2407782905d42653160fa 2187f65d9ff840f2bbd65ffbee9fde5a - - default default] 10.0.0.220 "POST /v2.0/security-group-rules HTTP/1.1" status: 201 len: 769 time: 0.1274986
2026-08-28 05:25:52.074 10 INFO neutron.wsgi [None req-882c4dca-a08a-48d5-9a61-13d553ce2da5 24fb877770e64985be61a083961145be c0ba8887e78841e0835db2337bee866a - - default default] 10.0.0.220 "DELETE /v2.0/security-groups/2c9f3afe-05d1-43bd-98a4-7dadf02d1f15 HTTP/1.1" status: 204 len: 168 time: 0.1668248
2026-08-28 05:25:52.092 10 INFO neutron.api.v2.resource [None req-34e77570-b8c9-4d0f-bc31-870958040531 24fb877770e64985be61a083961145be c0ba8887e78841e0835db2337bee866a - - default default] show failed (client error): The resource could not be found.
2026-08-28 05:25:52.093 10 INFO neutron.wsgi [None req-34e77570-b8c9-4d0f-bc31-870958040531 24fb877770e64985be61a083961145be c0ba8887e78841e0835db2337bee866a - - default default] 10.0.0.220 "GET /v2.0/security-groups/2c9f3afe-05d1-43bd-98a4-7dadf02d1f15 HTTP/1.1" status: 404 len: 347 time: 0.0128031
2026-08-28 05:25:52.286 9 WARNING neutron.scheduler.dhcp_agent_scheduler [None req-66ad7bea-1182-4219-8633-62b7087fb2bb 7260064eb2f2407782905d42653160fa 2187f65d9ff840f2bbd65ffbee9fde5a - - default default] No more DHCP agents
2026-08-28 05:25:52.287 9 WARNING neutron.api.rpc.agentnotifiers.dhcp_rpc_agent_api [None req-66ad7bea-1182-4219-8633-62b7087fb2bb 7260064eb2f2407782905d42653160fa 2187f65d9ff840f2bbd65ffbee9fde5a - - default default] Unable to schedule network b18332a6-3dd8-43bf-849f-49ff62392820: no agents available; will retry on subsequent port and subnet creation events.
2026-08-28 05:25:52.534 10 WARNING neutron.scheduler.dhcp_agent_scheduler [None req-ab2a9dd3-bc8a-465f-8c22-ad80c344d28a ad43808257124dc7bb3a5d8c27e17000 5f5b85a46aeb456896516ce46d410882 - - default default] No more DHCP agents
2026-08-28 05:25:52.538 10 WARNING neutron.api.rpc.agentnotifiers.dhcp_rpc_agent_api [None req-ab2a9dd3-bc8a-465f-8c22-ad80c344d28a ad43808257124dc7bb3a5d8c27e17000 5f5b85a46aeb456896516ce46d410882 - - default default] Unable to schedule network b18332a6-3dd8-43bf-849f-49ff62392820: no agents available; will retry on subsequent port and subnet creation events.
2026-08-28 05:25:52.540 9 INFO neutron.db.ovn_revision_numbers_db [None req-66ad7bea-1182-4219-8633-62b7087fb2bb 7260064eb2f2407782905d42653160fa 2187f65d9ff840f2bbd65ffbee9fde5a - - default default] Successfully bumped revision number for resource 317eaf12-fbab-4bf2-bd5a-9abce3b7f487 (type: floatingips) to 0
2026-08-28 05:25:52.558 9 INFO neutron.wsgi [None req-66ad7bea-1182-4219-8633-62b7087fb2bb 7260064eb2f2407782905d42653160fa 2187f65d9ff840f2bbd65ffbee9fde5a - - default default] 10.0.0.220 "POST /v2.0/floatingips HTTP/1.1" status: 201 len: 751 time: 0.5193028
2026-08-28 05:25:52.726 10 INFO neutron.wsgi [None req-b17f5fd7-242f-4f55-8390-3abf5b5b1534 24fb877770e64985be61a083961145be c0ba8887e78841e0835db2337bee866a - - default default] 10.0.0.220 "DELETE /v2.0/floatingips/469ffea0-64d8-4e42-9f69-4f3774f0a0d8 HTTP/1.1" status: 204 len: 168 time: 0.6272964
2026-08-28 05:25:52.809 10 INFO neutron.wsgi [req-3e7be32e-4d54-4cfc-bbe5-9452380d5ce9 req-f5ddf8e3-cd35-435c-a627-88b0e7f30943 fcbf92f5d1024f0fbddd02870f74d6a1 5301d30c2fb0479ca079bceb4d81b161 - - default default] 10.0.0.213 "GET /v2.0/ports?device_id=164095ed-4a9b-4bb1-abc8-26f7ec8bca18 HTTP/1.1" status: 200 len: 1168 time: 0.0720782
2026-08-28 05:25:52.869 10 INFO neutron.wsgi [req-3e7be32e-4d54-4cfc-bbe5-9452380d5ce9 req-6c7b97a9-e873-4b17-a1f0-8a5bcb54473b fcbf92f5d1024f0fbddd02870f74d6a1 5301d30c2fb0479ca079bceb4d81b161 - - default default] 10.0.0.213 "GET /v2.0/security-groups?id=ba857cae-9161-4cea-9b5b-f179354cf0c7&fields=id&fields=name HTTP/1.1" status: 200 len: 313 time: 0.0505688
2026-08-28 05:25:52.980 10 INFO neutron.db.ovn_revision_numbers_db [None req-ab2a9dd3-bc8a-465f-8c22-ad80c344d28a ad43808257124dc7bb3a5d8c27e17000 5f5b85a46aeb456896516ce46d410882 - - default default] Successfully bumped revision number for resource 2406a07e-442e-4914-a4fe-f9e1aec71076 (type: floatingips) to 0
2026-08-28 05:25:52.997 10 INFO neutron.wsgi [None req-ab2a9dd3-bc8a-465f-8c22-ad80c344d28a ad43808257124dc7bb3a5d8c27e17000 5f5b85a46aeb456896516ce46d410882 - - default default] 10.0.0.220 "POST /v2.0/floatingips HTTP/1.1" status: 201 len: 751 time: 0.9804399
2026-08-28 05:25:53.060 9 INFO neutron.wsgi [req-b5ba5fd5-e74a-4f97-9396-cded510dd27d req-338cc234-1398-4d10-b35e-3763f5e335e1 7260064eb2f2407782905d42653160fa 2187f65d9ff840f2bbd65ffbee9fde5a - - default default] 10.0.0.213 "GET /v2.0/security-groups?name=tempest-securitygroup--745327107&fields=id&tenant_id=2187f65d9ff840f2bbd65ffbee9fde5a HTTP/1.1" status: 200 len: 267 time: 0.0844848
2026-08-28 05:25:53.139 9 INFO neutron.wsgi [req-b5ba5fd5-e74a-4f97-9396-cded510dd27d req-882c48cf-25b9-418a-99cb-1f2bf849fc93 7260064eb2f2407782905d42653160fa 2187f65d9ff840f2bbd65ffbee9fde5a - - default default] 10.0.0.213 "GET /v2.0/networks?id=bbd024b2-0bdb-4443-8e4b-64c0877d76c4 HTTP/1.1" status: 200 len: 874 time: 0.0700843
2026-08-28 05:25:53.155 9 INFO neutron.wsgi [req-b5ba5fd5-e74a-4f97-9396-cded510dd27d req-46da5933-60c7-4d31-abc4-755de835542a 7260064eb2f2407782905d42653160fa 2187f65d9ff840f2bbd65ffbee9fde5a - - default default] 10.0.0.213 "GET /v2.0/quotas/2187f65d9ff840f2bbd65ffbee9fde5a HTTP/1.1" status: 200 len: 386 time: 0.0090547
2026-08-28 05:25:53.206 10 INFO neutron.wsgi [-] 10.0.0.136 "GET / HTTP/1.1" status: 200 len: 247 time: 0.0012085
2026-08-28 05:25:53.207 10 INFO neutron.wsgi [-] 10.0.0.136 "GET / HTTP/1.1" status: 200 len: 247 time: 0.0007944
2026-08-28 05:25:53.259 9 INFO neutron.wsgi [req-b5ba5fd5-e74a-4f97-9396-cded510dd27d req-d136377e-bf7f-47a8-af62-1fb9e85f2a66 7260064eb2f2407782905d42653160fa 2187f65d9ff840f2bbd65ffbee9fde5a - - default default] 10.0.0.213 "GET /v2.0/ports?tenant_id=2187f65d9ff840f2bbd65ffbee9fde5a&fields=id HTTP/1.1" status: 200 len: 302 time: 0.0969493
2026-08-28 05:25:53.327 9 INFO neutron.wsgi [req-b5ba5fd5-e74a-4f97-9396-cded510dd27d req-89ba2ed7-af1d-4647-9a06-2d5bf6a009c8 b9841e8f6874420a8ae0a69bd992783b 8a524d51fcc54ccab2715a9b8ec55a31 - - 913595b709a846ea99adf01bfce65836 913595b709a846ea99adf01bfce65836] 10.0.0.213 "GET /v2.0/networks/bbd024b2-0bdb-4443-8e4b-64c0877d76c4?fields=segments HTTP/1.1" status: 200 len: 212 time: 0.0496659
2026-08-28 05:25:53.381 9 INFO neutron.wsgi [req-b5ba5fd5-e74a-4f97-9396-cded510dd27d req-2f48a335-98e6-4cb6-8fab-6695181ab763 b9841e8f6874420a8ae0a69bd992783b 8a524d51fcc54ccab2715a9b8ec55a31 - - 913595b709a846ea99adf01bfce65836 913595b709a846ea99adf01bfce65836] 10.0.0.213 "GET /v2.0/networks/bbd024b2-0bdb-4443-8e4b-64c0877d76c4?fields=provider%3Aphysical_network&fields=provider%3Anetwork_type HTTP/1.1" status: 200 len: 277 time: 0.0449626
2026-08-28 05:25:53.518 10 INFO neutron.wsgi [req-e962dc31-7ca4-4490-ba77-fe509fcd3d1e req-f9d6310b-73a1-4b99-b07a-92fd82f17393 ad43808257124dc7bb3a5d8c27e17000 5f5b85a46aeb456896516ce46d410882 - - default default] 10.0.0.213 "GET /v2.0/security-groups?name=tempest-securitygroup--1509241163&fields=id&tenant_id=5f5b85a46aeb456896516ce46d410882 HTTP/1.1" status: 200 len: 267 time: 0.0607064
2026-08-28 05:25:53.554 9 INFO neutron.wsgi [req-dd430394-cefd-43ac-9484-cee3160f6320 req-08097f43-c1c3-4d48-bfe7-60cadb79ef73 7260064eb2f2407782905d42653160fa 2187f65d9ff840f2bbd65ffbee9fde5a - - default default] 10.0.0.213 "GET /v2.0/ports?device_id=b38d7a4c-b6f7-410b-adc8-5f79147c8322 HTTP/1.1" status: 200 len: 210 time: 0.0333655
2026-08-28 05:25:53.609 10 INFO neutron.wsgi [req-e962dc31-7ca4-4490-ba77-fe509fcd3d1e req-57a72a1a-4a6e-412c-8f31-62e1dda3d9a0 ad43808257124dc7bb3a5d8c27e17000 5f5b85a46aeb456896516ce46d410882 - - default default] 10.0.0.213 "GET /v2.0/networks?id=60c18e78-7a09-4ecb-8477-b285e8212cc0 HTTP/1.1" status: 200 len: 882 time: 0.0826874
2026-08-28 05:25:53.631 10 INFO neutron.wsgi [req-e962dc31-7ca4-4490-ba77-fe509fcd3d1e req-0527eaed-bf05-4971-84f7-3b0b9dddfde2 ad43808257124dc7bb3a5d8c27e17000 5f5b85a46aeb456896516ce46d410882 - - default default] 10.0.0.213 "GET /v2.0/quotas/5f5b85a46aeb456896516ce46d410882 HTTP/1.1" status: 200 len: 386 time: 0.0151811
2026-08-28 05:25:53.883 10 INFO neutron.wsgi [req-e962dc31-7ca4-4490-ba77-fe509fcd3d1e req-03a9b2ec-dde0-4fa9-902b-c290dd7b711c ad43808257124dc7bb3a5d8c27e17000 5f5b85a46aeb456896516ce46d410882 - - default default] 10.0.0.213 "GET /v2.0/ports?tenant_id=5f5b85a46aeb456896516ce46d410882&fields=id HTTP/1.1" status: 200 len: 302 time: 0.2447481
2026-08-28 05:25:53.963 10 INFO neutron.wsgi [req-e962dc31-7ca4-4490-ba77-fe509fcd3d1e req-ecda6d9d-6ce2-40ae-8c7e-8645c6fdb930 b9841e8f6874420a8ae0a69bd992783b 8a524d51fcc54ccab2715a9b8ec55a31 - - 913595b709a846ea99adf01bfce65836 913595b709a846ea99adf01bfce65836] 10.0.0.213 "GET /v2.0/networks/60c18e78-7a09-4ecb-8477-b285e8212cc0?fields=segments HTTP/1.1" status: 200 len: 212 time: 0.0655551
2026-08-28 05:25:54.009 9 INFO neutron.wsgi [req-14d20f31-9e0b-4f82-bd52-d5cf476aeabe req-883e3697-f83e-49c1-b5ea-a8bbbc46faec fcbf92f5d1024f0fbddd02870f74d6a1 5301d30c2fb0479ca079bceb4d81b161 - - default default] 10.0.0.213 "GET /v2.0/ports?device_id=164095ed-4a9b-4bb1-abc8-26f7ec8bca18 HTTP/1.1" status: 200 len: 1168 time: 0.0475941
2026-08-28 05:25:54.035 10 INFO neutron.wsgi [req-e962dc31-7ca4-4490-ba77-fe509fcd3d1e req-c4af6daa-f996-4da4-9d53-5752a8bc4ab9 b9841e8f6874420a8ae0a69bd992783b 8a524d51fcc54ccab2715a9b8ec55a31 - - 913595b709a846ea99adf01bfce65836 913595b709a846ea99adf01bfce65836] 10.0.0.213 "GET /v2.0/networks/60c18e78-7a09-4ecb-8477-b285e8212cc0?fields=provider%3Aphysical_network&fields=provider%3Anetwork_type HTTP/1.1" status: 200 len: 277 time: 0.0646412
2026-08-28 05:25:54.052 9 INFO neutron.wsgi [req-14d20f31-9e0b-4f82-bd52-d5cf476aeabe req-9f448d17-452f-4d35-91cc-55e6701db00d fcbf92f5d1024f0fbddd02870f74d6a1 5301d30c2fb0479ca079bceb4d81b161 - - default default] 10.0.0.213 "GET /v2.0/security-groups?id=ba857cae-9161-4cea-9b5b-f179354cf0c7&fields=id&fields=name HTTP/1.1" status: 200 len: 313 time: 0.0346055
2026-08-28 05:25:54.110 10 INFO neutron.wsgi [None req-42d039f5-4470-49d7-9f9b-28cbf3e2a5a4 511b4e370867442780eeb182d49315a4 e5d84ec93a4c4c658096169b04f88d23 - - default default] 10.0.0.220 "PUT /v2.0/routers/d5c328a3-6b59-4489-9fb0-b05163272704/remove_router_interface HTTP/1.1" status: 200 len: 503 time: 1.3777761
2026-08-28 05:25:54.180 9 INFO neutron.wsgi [req-2d4c3c9d-aee3-4bb9-b1a4-c13bd8855cdd req-776d66f8-9d1c-4e60-8e6e-d3dcde184a9b ad43808257124dc7bb3a5d8c27e17000 5f5b85a46aeb456896516ce46d410882 - - default default] 10.0.0.213 "GET /v2.0/ports?device_id=9a240fe3-9b4b-413f-9ce9-fafb9f579a87 HTTP/1.1" status: 200 len: 210 time: 0.0324571
2026-08-28 05:25:54.580 9 INFO neutron.wsgi [req-b5ba5fd5-e74a-4f97-9396-cded510dd27d req-8386aeed-70de-48e2-a28e-a7c378bb2170 7260064eb2f2407782905d42653160fa 2187f65d9ff840f2bbd65ffbee9fde5a - - default default] 162.253.55.123 "GET /v2.0/networks?id=bbd024b2-0bdb-4443-8e4b-64c0877d76c4 HTTP/1.1" status: 200 len: 874 time: 0.0909531 /var/lib/openstack/lib/python3.10/site-packages/pycadf/identifier.py:71: UserWarning: Invalid uuid: neutron. To ensure interoperability, identifiers should be a valid uuid. warnings.warn(('Invalid uuid: %s. To ensure interoperability, '
2026-08-28 05:25:54.685 9 INFO neutron.wsgi [req-b5ba5fd5-e74a-4f97-9396-cded510dd27d req-2232b004-a8e2-4d7f-a97c-9acf47667b53 7260064eb2f2407782905d42653160fa 2187f65d9ff840f2bbd65ffbee9fde5a - - default default] 162.253.55.123 "GET /v2.0/security-groups?fields=id&fields=name&tenant_id=2187f65d9ff840f2bbd65ffbee9fde5a HTTP/1.1" status: 200 len: 379 time: 0.0950091
2026-08-28 05:25:54.708 10 INFO neutron.wsgi [req-33c1bdc1-0f37-4059-a1f4-b4ec8ceeeaf1 req-66551e34-ae0a-48b8-a80e-e85af2196c23 7260064eb2f2407782905d42653160fa 2187f65d9ff840f2bbd65ffbee9fde5a - - default default] 10.0.0.213 "GET /v2.0/ports?device_id=b38d7a4c-b6f7-410b-adc8-5f79147c8322 HTTP/1.1" status: 200 len: 210 time: 0.0430629
2026-08-28 05:25:54.858 9 INFO neutron.wsgi [None req-629dfd3e-4d48-47f8-a3f9-000d0063f36b 511b4e370867442780eeb182d49315a4 e5d84ec93a4c4c658096169b04f88d23 - - default default] 10.0.0.220 "DELETE /v2.0/routers/d5c328a3-6b59-4489-9fb0-b05163272704 HTTP/1.1" status: 204 len: 168 time: 0.7432604
2026-08-28 05:25:54.922 10 WARNING neutron.plugins.ml2.drivers.ovn.mech_driver.ovsdb.ovn_client [None req-ecca0a14-0421-4d1a-be91-9b3190cdbe4c - - - - - -] No hosting information found for port 992669c3-64bb-4874-b812-03e48e7e215c: RuntimeError: No hosting information found for port 992669c3-64bb-4874-b812-03e48e7e215c
2026-08-28 05:25:55.154 10 INFO neutron.wsgi [None req-85a429bb-9c27-422b-9819-5037b0fc3910 511b4e370867442780eeb182d49315a4 e5d84ec93a4c4c658096169b04f88d23 - - default default] 10.0.0.220 "DELETE /v2.0/subnets/65ded70c-66bb-40c6-9b85-63c35af9c15f HTTP/1.1" status: 204 len: 168 time: 0.2911892
2026-08-28 05:25:55.196 9 INFO neutron.wsgi [req-5d27b769-25d0-4092-9ef9-3d813cb91928 req-ff370d18-38ed-448f-9c72-7233f292cb26 fcbf92f5d1024f0fbddd02870f74d6a1 5301d30c2fb0479ca079bceb4d81b161 - - default default] 10.0.0.213 "GET /v2.0/ports?device_id=164095ed-4a9b-4bb1-abc8-26f7ec8bca18 HTTP/1.1" status: 200 len: 1168 time: 0.0568652 /var/lib/openstack/lib/python3.10/site-packages/pycadf/identifier.py:71: UserWarning: Invalid uuid: neutron. To ensure interoperability, identifiers should be a valid uuid. warnings.warn(('Invalid uuid: %s. To ensure interoperability, '
2026-08-28 05:25:55.248 9 WARNING neutron.scheduler.dhcp_agent_scheduler [req-b5ba5fd5-e74a-4f97-9396-cded510dd27d req-737fb476-f7d1-4281-ad01-9af6d834a1ec 7260064eb2f2407782905d42653160fa 2187f65d9ff840f2bbd65ffbee9fde5a - - default default] No more DHCP agents
