2026-08-28 05:26:02.174 10 INFO neutron.wsgi [None req-ecf58f44-e3b2-4822-a95e-b2c73f6bfd9c 511b4e370867442780eeb182d49315a4 e5d84ec93a4c4c658096169b04f88d23 - - default default] 10.0.0.220 "PUT /v2.0/routers/3069bb46-17c6-494e-b2e3-df0556d9c959/remove_router_interface HTTP/1.1" status: 200 len: 503 time: 1.0937185 /var/lib/openstack/lib/python3.10/site-packages/pycadf/identifier.py:71: UserWarning: Invalid uuid: neutron. To ensure interoperability, identifiers should be a valid uuid. warnings.warn(('Invalid uuid: %s. To ensure interoperability, '
2026-08-28 05:26:02.191 9 INFO neutron.wsgi [req-00a064b7-bfb4-49b0-898f-3740fb6afae8 req-dc75c4ed-00de-4cc1-b4ca-4c078142860a b9841e8f6874420a8ae0a69bd992783b 8a524d51fcc54ccab2715a9b8ec55a31 - - 913595b709a846ea99adf01bfce65836 913595b709a846ea99adf01bfce65836] 162.253.55.123 "GET /v2.0/networks/60c18e78-7a09-4ecb-8477-b285e8212cc0?fields=segments HTTP/1.1" status: 200 len: 212 time: 0.0970516
2026-08-28 05:26:02.218 9 INFO neutron.wsgi [req-464b6a7c-7995-4d04-a560-41f2c69ac2d2 req-8e1476bb-37dd-4f51-ba56-1551c39b0b4b b9841e8f6874420a8ae0a69bd992783b 8a524d51fcc54ccab2715a9b8ec55a31 - - 913595b709a846ea99adf01bfce65836 913595b709a846ea99adf01bfce65836] 162.253.55.123 "GET /v2.0/ports?tenant_id=2187f65d9ff840f2bbd65ffbee9fde5a&device_id=b38d7a4c-b6f7-410b-adc8-5f79147c8322 HTTP/1.1" status: 200 len: 1413 time: 0.0379364
2026-08-28 05:26:02.306 9 INFO neutron.wsgi [req-00a064b7-bfb4-49b0-898f-3740fb6afae8 req-3f10be4d-4207-40a1-bc3a-f575cca77aea b9841e8f6874420a8ae0a69bd992783b 8a524d51fcc54ccab2715a9b8ec55a31 - - 913595b709a846ea99adf01bfce65836 913595b709a846ea99adf01bfce65836] 162.253.55.123 "GET /v2.0/networks/60c18e78-7a09-4ecb-8477-b285e8212cc0?fields=provider%3Aphysical_network&fields=provider%3Anetwork_type HTTP/1.1" status: 200 len: 277 time: 0.1080391
2026-08-28 05:26:02.325 9 INFO neutron.wsgi [req-464b6a7c-7995-4d04-a560-41f2c69ac2d2 req-834e207d-ab66-4c51-a342-e13aaf7e5d29 b9841e8f6874420a8ae0a69bd992783b 8a524d51fcc54ccab2715a9b8ec55a31 - - 913595b709a846ea99adf01bfce65836 913595b709a846ea99adf01bfce65836] 162.253.55.123 "GET /v2.0/networks?id=bbd024b2-0bdb-4443-8e4b-64c0877d76c4 HTTP/1.1" status: 200 len: 971 time: 0.0952256
2026-08-28 05:26:02.381 9 INFO neutron.wsgi [req-464b6a7c-7995-4d04-a560-41f2c69ac2d2 req-bcba63d7-df62-48b9-9187-c5a152efafaf b9841e8f6874420a8ae0a69bd992783b 8a524d51fcc54ccab2715a9b8ec55a31 - - 913595b709a846ea99adf01bfce65836 913595b709a846ea99adf01bfce65836] 162.253.55.123 "GET /v2.0/floatingips?fixed_ip_address=10.100.0.12&port_id=663e0c0a-22ab-42f9-8285-8096470a7899 HTTP/1.1" status: 200 len: 1060 time: 0.0482342
2026-08-28 05:26:02.422 9 INFO neutron.wsgi [req-464b6a7c-7995-4d04-a560-41f2c69ac2d2 req-522d9039-02d3-478f-9a85-3cb92ce3130a b9841e8f6874420a8ae0a69bd992783b 8a524d51fcc54ccab2715a9b8ec55a31 - - 913595b709a846ea99adf01bfce65836 913595b709a846ea99adf01bfce65836] 162.253.55.123 "GET /v2.0/subnets?id=d9a509c0-5f14-4de6-a62a-aeff5208cd1f HTTP/1.1" status: 200 len: 868 time: 0.0290575
2026-08-28 05:26:02.454 9 INFO neutron.wsgi [req-464b6a7c-7995-4d04-a560-41f2c69ac2d2 req-4f315400-73da-49b7-baa9-cef6908b2648 b9841e8f6874420a8ae0a69bd992783b 8a524d51fcc54ccab2715a9b8ec55a31 - - 913595b709a846ea99adf01bfce65836 913595b709a846ea99adf01bfce65836] 162.253.55.123 "GET /v2.0/ports?network_id=bbd024b2-0bdb-4443-8e4b-64c0877d76c4&device_owner=network%3Adhcp HTTP/1.1" status: 200 len: 210 time: 0.0234478
2026-08-28 05:26:02.540 9 INFO neutron.wsgi [req-464b6a7c-7995-4d04-a560-41f2c69ac2d2 req-2e544226-6adf-4f9e-b7b9-50af4b5834ca b9841e8f6874420a8ae0a69bd992783b 8a524d51fcc54ccab2715a9b8ec55a31 - - 913595b709a846ea99adf01bfce65836 913595b709a846ea99adf01bfce65836] 162.253.55.123 "GET /v2.0/networks/bbd024b2-0bdb-4443-8e4b-64c0877d76c4?fields=segments HTTP/1.1" status: 200 len: 212 time: 0.0789680
2026-08-28 05:26:02.600 9 INFO neutron.wsgi [req-464b6a7c-7995-4d04-a560-41f2c69ac2d2 req-40d33490-4f3a-41b2-9a28-ca64d36bf8b3 b9841e8f6874420a8ae0a69bd992783b 8a524d51fcc54ccab2715a9b8ec55a31 - - 913595b709a846ea99adf01bfce65836 913595b709a846ea99adf01bfce65836] 162.253.55.123 "GET /v2.0/networks/bbd024b2-0bdb-4443-8e4b-64c0877d76c4?fields=provider%3Aphysical_network&fields=provider%3Anetwork_type HTTP/1.1" status: 200 len: 277 time: 0.0535257
2026-08-28 05:26:02.742 10 INFO neutron.wsgi [None req-5e4fc864-ebbe-479d-9bff-7c47867755fb 511b4e370867442780eeb182d49315a4 e5d84ec93a4c4c658096169b04f88d23 - - default default] 10.0.0.220 "DELETE /v2.0/routers/3069bb46-17c6-494e-b2e3-df0556d9c959 HTTP/1.1" status: 204 len: 168 time: 0.5605958
2026-08-28 05:26:02.918 10 INFO neutron.wsgi [None req-51c0871c-b50b-4b10-b89b-d9baf6b4bcaa 511b4e370867442780eeb182d49315a4 e5d84ec93a4c4c658096169b04f88d23 - - default default] 10.0.0.220 "DELETE /v2.0/subnets/729e0e7a-720f-4919-b42f-863ae66fa4ef HTTP/1.1" status: 204 len: 168 time: 0.1686597
2026-08-28 05:26:03.226 10 INFO neutron.services.segments.plugin [-] Segment b87304d6-5218-40c5-9c26-06982b7c74ac resource provider aggregate not found
2026-08-28 05:26:03.231 10 INFO neutron.services.segments.plugin [-] Segment b87304d6-5218-40c5-9c26-06982b7c74ac resource provider aggregate not found
2026-08-28 05:26:03.239 10 INFO neutron.services.segments.plugin [-] Segment b87304d6-5218-40c5-9c26-06982b7c74ac resource provider not found; error: Placement Client Error (4xx): {"errors": [{"status": 404, "title": "Not Found", "detail": "The resource could not be found.\n\n No resource provider with uuid b87304d6-5218-40c5-9c26-06982b7c74ac found for delete ", "request_id": "req-994184be-fb7b-4c4e-b7c7-ef46de4cd909"}]}
2026-08-28 05:26:03.248 10 INFO neutron.services.segments.plugin [-] Segment b87304d6-5218-40c5-9c26-06982b7c74ac resource provider not found; error: Placement Client Error (4xx): {"errors": [{"status": 404, "title": "Not Found", "detail": "The resource could not be found.\n\n No resource provider with uuid b87304d6-5218-40c5-9c26-06982b7c74ac found for delete ", "request_id": "req-ba222857-6e07-42c6-9ba8-594cc39b43b8"}]}
2026-08-28 05:26:03.266 10 INFO neutron.wsgi [None req-60215756-2405-4577-bfd9-33edcffda5b4 511b4e370867442780eeb182d49315a4 e5d84ec93a4c4c658096169b04f88d23 - - default default] 10.0.0.220 "DELETE /v2.0/networks/cf8ffeb8-b604-43e6-a952-be60d1c1227d HTTP/1.1" status: 204 len: 168 time: 0.3436592
2026-08-28 05:26:03.560 9 INFO neutron.wsgi [None req-c0f5e2c6-b305-4c3d-a50a-7dea11d0a34b 511b4e370867442780eeb182d49315a4 e5d84ec93a4c4c658096169b04f88d23 - - default default] 10.0.0.220 "GET /v2.0/security-groups?tenant_id=5301d30c2fb0479ca079bceb4d81b161&name=default HTTP/1.1" status: 200 len: 2992 time: 0.0485055
2026-08-28 05:26:03.816 9 INFO neutron.wsgi [None req-bfec9a88-63e5-4a54-9699-e6557b10ec99 511b4e370867442780eeb182d49315a4 e5d84ec93a4c4c658096169b04f88d23 - - default default] 10.0.0.220 "DELETE /v2.0/security-groups/812184a1-aec9-406b-b9e7-883d0131c165 HTTP/1.1" status: 204 len: 168 time: 0.2500043
2026-08-28 05:26:05.409 10 INFO neutron.db.ovn_revision_numbers_db [None req-96c840f8-b7fc-4850-9295-fbdd5c5c3d45 511b4e370867442780eeb182d49315a4 e5d84ec93a4c4c658096169b04f88d23 - - default default] Successfully bumped revision number for resource be69de26-31ed-426b-b914-5db3ca5f6c70 (type: security_groups) to 1
2026-08-28 05:26:05.432 10 INFO neutron.db.ovn_revision_numbers_db [None req-96c840f8-b7fc-4850-9295-fbdd5c5c3d45 511b4e370867442780eeb182d49315a4 e5d84ec93a4c4c658096169b04f88d23 - - default default] Successfully bumped revision number for resource 58c52019-8070-4d0a-950d-5756003acbb6 (type: security_group_rules) to 0
2026-08-28 05:26:05.452 10 INFO neutron.db.ovn_revision_numbers_db [None req-96c840f8-b7fc-4850-9295-fbdd5c5c3d45 511b4e370867442780eeb182d49315a4 e5d84ec93a4c4c658096169b04f88d23 - - default default] Successfully bumped revision number for resource 7af52fb8-38a3-4a08-b5da-1061523acaa0 (type: security_group_rules) to 0
2026-08-28 05:26:05.475 10 INFO neutron.db.ovn_revision_numbers_db [None req-96c840f8-b7fc-4850-9295-fbdd5c5c3d45 511b4e370867442780eeb182d49315a4 e5d84ec93a4c4c658096169b04f88d23 - - default default] Successfully bumped revision number for resource 9478eb61-97cc-4008-942c-9879dbcc09a7 (type: security_group_rules) to 0
2026-08-28 05:26:05.497 10 INFO neutron.db.ovn_revision_numbers_db [None req-96c840f8-b7fc-4850-9295-fbdd5c5c3d45 511b4e370867442780eeb182d49315a4 e5d84ec93a4c4c658096169b04f88d23 - - default default] Successfully bumped revision number for resource f21f1b46-6a75-4041-8622-d3ccdaa95efc (type: security_group_rules) to 0
2026-08-28 05:26:05.534 10 INFO neutron.wsgi [None req-96c840f8-b7fc-4850-9295-fbdd5c5c3d45 511b4e370867442780eeb182d49315a4 e5d84ec93a4c4c658096169b04f88d23 - - default default] 10.0.0.220 "GET /v2.0/security-groups?tenant_id=f8dc08376fa6469ebf2d29ef09ca399d&name=default HTTP/1.1" status: 200 len: 2996 time: 0.4378934
2026-08-28 05:26:05.776 10 INFO neutron.wsgi [None req-7cc7bd6b-31b2-47e0-93e5-ba0b3942572b 511b4e370867442780eeb182d49315a4 e5d84ec93a4c4c658096169b04f88d23 - - default default] 10.0.0.220 "DELETE /v2.0/security-groups/be69de26-31ed-426b-b914-5db3ca5f6c70 HTTP/1.1" status: 204 len: 168 time: 0.2353139
2026-08-28 05:26:06.030 9 INFO neutron.db.ovn_revision_numbers_db [None req-1a80f885-c20d-4cdc-8c5e-1dc0f2542f6d 511b4e370867442780eeb182d49315a4 e5d84ec93a4c4c658096169b04f88d23 - - default default] Successfully bumped revision number for resource 4f273a84-a8f5-4824-8bdc-098e54bb29e9 (type: security_groups) to 1
2026-08-28 05:26:06.046 9 INFO neutron.db.ovn_revision_numbers_db [None req-1a80f885-c20d-4cdc-8c5e-1dc0f2542f6d 511b4e370867442780eeb182d49315a4 e5d84ec93a4c4c658096169b04f88d23 - - default default] Successfully bumped revision number for resource 330791e4-26f3-4367-a0cb-ba6311b882e5 (type: security_group_rules) to 0
2026-08-28 05:26:06.062 9 INFO neutron.db.ovn_revision_numbers_db [None req-1a80f885-c20d-4cdc-8c5e-1dc0f2542f6d 511b4e370867442780eeb182d49315a4 e5d84ec93a4c4c658096169b04f88d23 - - default default] Successfully bumped revision number for resource 53b354e5-5745-4fd4-b9a1-bf85f74aab93 (type: security_group_rules) to 0
2026-08-28 05:26:06.077 9 INFO neutron.db.ovn_revision_numbers_db [None req-1a80f885-c20d-4cdc-8c5e-1dc0f2542f6d 511b4e370867442780eeb182d49315a4 e5d84ec93a4c4c658096169b04f88d23 - - default default] Successfully bumped revision number for resource a31445c2-1cb1-487f-837a-c4efe2ee15bb (type: security_group_rules) to 0
2026-08-28 05:26:06.093 9 INFO neutron.db.ovn_revision_numbers_db [None req-1a80f885-c20d-4cdc-8c5e-1dc0f2542f6d 511b4e370867442780eeb182d49315a4 e5d84ec93a4c4c658096169b04f88d23 - - default default] Successfully bumped revision number for resource cabd5046-a995-41a9-b0ed-29d81e710b3d (type: security_group_rules) to 0
2026-08-28 05:26:06.114 9 INFO neutron.wsgi [None req-1a80f885-c20d-4cdc-8c5e-1dc0f2542f6d 511b4e370867442780eeb182d49315a4 e5d84ec93a4c4c658096169b04f88d23 - - default default] 10.0.0.220 "GET /v2.0/security-groups?tenant_id=00d1febd0f6840049cb0dac26ac4c46c&name=default HTTP/1.1" status: 200 len: 2996 time: 0.2180233
2026-08-28 05:26:06.134 9 INFO neutron.db.ovn_revision_numbers_db [None req-cb7b01df-6d2b-4ec2-b53a-a0acdbf36963 511b4e370867442780eeb182d49315a4 e5d84ec93a4c4c658096169b04f88d23 - - default default] Successfully bumped revision number for resource 3915b5be-a813-4dc8-84a6-74e48c5ce268 (type: security_groups) to 1
2026-08-28 05:26:06.145 9 INFO neutron.db.ovn_revision_numbers_db [None req-cb7b01df-6d2b-4ec2-b53a-a0acdbf36963 511b4e370867442780eeb182d49315a4 e5d84ec93a4c4c658096169b04f88d23 - - default default] Successfully bumped revision number for resource 0444f6af-1516-45db-bbf4-d8e5d0ea0921 (type: security_group_rules) to 0
2026-08-28 05:26:06.157 9 INFO neutron.db.ovn_revision_numbers_db [None req-cb7b01df-6d2b-4ec2-b53a-a0acdbf36963 511b4e370867442780eeb182d49315a4 e5d84ec93a4c4c658096169b04f88d23 - - default default] Successfully bumped revision number for resource 0ad31a96-43f5-4cb7-91f2-2a9a69c69182 (type: security_group_rules) to 0
2026-08-28 05:26:06.170 9 INFO neutron.db.ovn_revision_numbers_db [None req-cb7b01df-6d2b-4ec2-b53a-a0acdbf36963 511b4e370867442780eeb182d49315a4 e5d84ec93a4c4c658096169b04f88d23 - - default default] Successfully bumped revision number for resource 53025f01-1c8e-4d59-85ff-eaa28c1a1a4a (type: security_group_rules) to 0
2026-08-28 05:26:06.181 9 INFO neutron.db.ovn_revision_numbers_db [None req-cb7b01df-6d2b-4ec2-b53a-a0acdbf36963 511b4e370867442780eeb182d49315a4 e5d84ec93a4c4c658096169b04f88d23 - - default default] Successfully bumped revision number for resource cbd6726f-99c7-4a51-82aa-6ed3f85d4349 (type: security_group_rules) to 0
2026-08-28 05:26:06.230 9 INFO neutron.db.segments_db [None req-cb7b01df-6d2b-4ec2-b53a-a0acdbf36963 511b4e370867442780eeb182d49315a4 e5d84ec93a4c4c658096169b04f88d23 - - default default] Added segment d68eb704-ace9-4686-9a17-9688905ce1ff of type geneve for network 500c19c6-f1c6-457c-b294-4d8fa0b9e00a
2026-08-28 05:26:06.351 9 INFO neutron.db.ovn_revision_numbers_db [None req-cb7b01df-6d2b-4ec2-b53a-a0acdbf36963 511b4e370867442780eeb182d49315a4 e5d84ec93a4c4c658096169b04f88d23 - - default default] Successfully bumped revision number for resource 500c19c6-f1c6-457c-b294-4d8fa0b9e00a (type: networks) to 1
2026-08-28 05:26:06.375 10 INFO neutron.wsgi [None req-8705a91f-7c7d-4384-98a2-ae171ed6ab60 511b4e370867442780eeb182d49315a4 e5d84ec93a4c4c658096169b04f88d23 - - default default] 10.0.0.220 "DELETE /v2.0/security-groups/4f273a84-a8f5-4824-8bdc-098e54bb29e9 HTTP/1.1" status: 204 len: 168 time: 0.2541251
2026-08-28 05:26:06.468 9 WARNING neutron.scheduler.dhcp_agent_scheduler [None req-cb7b01df-6d2b-4ec2-b53a-a0acdbf36963 511b4e370867442780eeb182d49315a4 e5d84ec93a4c4c658096169b04f88d23 - - default default] No more DHCP agents
2026-08-28 05:26:06.470 9 WARNING neutron.api.rpc.agentnotifiers.dhcp_rpc_agent_api [None req-cb7b01df-6d2b-4ec2-b53a-a0acdbf36963 511b4e370867442780eeb182d49315a4 e5d84ec93a4c4c658096169b04f88d23 - - default default] Unable to schedule network 500c19c6-f1c6-457c-b294-4d8fa0b9e00a: no agents available; will retry on subsequent port and subnet creation events.
2026-08-28 05:26:06.535 9 INFO neutron.db.ovn_revision_numbers_db [None req-cb7b01df-6d2b-4ec2-b53a-a0acdbf36963 511b4e370867442780eeb182d49315a4 e5d84ec93a4c4c658096169b04f88d23 - - default default] Successfully bumped revision number for resource a3bdbed1-126a-4b82-a722-1be11ae57591 (type: ports) to 1
2026-08-28 05:26:06.551 9 INFO neutron.wsgi [None req-cb7b01df-6d2b-4ec2-b53a-a0acdbf36963 511b4e370867442780eeb182d49315a4 e5d84ec93a4c4c658096169b04f88d23 - - default default] 10.0.0.220 "POST /v2.0/networks HTTP/1.1" status: 201 len: 946 time: 0.6877367
2026-08-28 05:26:06.631 9 INFO neutron.wsgi [req-a0c454de-7e56-4328-8d81-b7cd63645b5d req-1a341751-b106-4955-b828-1ebf8c9a3105 b9841e8f6874420a8ae0a69bd992783b 8a524d51fcc54ccab2715a9b8ec55a31 - - 913595b709a846ea99adf01bfce65836 913595b709a846ea99adf01bfce65836] 162.253.55.123 "GET /v2.0/ports?device_id=b38d7a4c-b6f7-410b-adc8-5f79147c8322&fields=binding%3Ahost_id&fields=binding%3Avif_type HTTP/1.1" status: 200 len: 265 time: 0.0371978
2026-08-28 05:26:06.717 9 INFO neutron.wsgi [req-a0c454de-7e56-4328-8d81-b7cd63645b5d req-ee4cf75d-5aeb-4164-9c3d-ac854bf9e463 b9841e8f6874420a8ae0a69bd992783b 8a524d51fcc54ccab2715a9b8ec55a31 - - 913595b709a846ea99adf01bfce65836 913595b709a846ea99adf01bfce65836] 162.253.55.123 "GET /v2.0/ports?tenant_id=2187f65d9ff840f2bbd65ffbee9fde5a&device_id=b38d7a4c-b6f7-410b-adc8-5f79147c8322 HTTP/1.1" status: 200 len: 1413 time: 0.0375066
2026-08-28 05:26:06.736 9 WARNING neutron.scheduler.dhcp_agent_scheduler [None req-e8951148-db4a-445b-af83-74f48fe8f1b1 511b4e370867442780eeb182d49315a4 e5d84ec93a4c4c658096169b04f88d23 - - default default] No more DHCP agents
2026-08-28 05:26:06.738 9 WARNING neutron.api.rpc.agentnotifiers.dhcp_rpc_agent_api [None req-e8951148-db4a-445b-af83-74f48fe8f1b1 511b4e370867442780eeb182d49315a4 e5d84ec93a4c4c658096169b04f88d23 - - default default] Unable to schedule network 500c19c6-f1c6-457c-b294-4d8fa0b9e00a: no agents available; will retry on subsequent port and subnet creation events.
2026-08-28 05:26:06.819 9 INFO neutron.wsgi [req-a0c454de-7e56-4328-8d81-b7cd63645b5d req-8e9a09ff-2cfb-4747-8f4b-868460dc0f8d b9841e8f6874420a8ae0a69bd992783b 8a524d51fcc54ccab2715a9b8ec55a31 - - 913595b709a846ea99adf01bfce65836 913595b709a846ea99adf01bfce65836] 162.253.55.123 "GET /v2.0/networks?id=bbd024b2-0bdb-4443-8e4b-64c0877d76c4 HTTP/1.1" status: 200 len: 971 time: 0.0673692
2026-08-28 05:26:06.868 9 INFO neutron.wsgi [req-a0c454de-7e56-4328-8d81-b7cd63645b5d req-dee92884-0bca-42e4-9aa4-b0836bec68ba b9841e8f6874420a8ae0a69bd992783b 8a524d51fcc54ccab2715a9b8ec55a31 - - 913595b709a846ea99adf01bfce65836 913595b709a846ea99adf01bfce65836] 162.253.55.123 "GET /v2.0/floatingips?fixed_ip_address=10.100.0.12&port_id=663e0c0a-22ab-42f9-8285-8096470a7899 HTTP/1.1" status: 200 len: 1060 time: 0.0416813
2026-08-28 05:26:06.905 9 INFO neutron.wsgi [req-a0c454de-7e56-4328-8d81-b7cd63645b5d req-bae0cd7d-3779-43e8-9ab4-e42b6c362b10 b9841e8f6874420a8ae0a69bd992783b 8a524d51fcc54ccab2715a9b8ec55a31 - - 913595b709a846ea99adf01bfce65836 913595b709a846ea99adf01bfce65836] 162.253.55.123 "GET /v2.0/subnets?id=d9a509c0-5f14-4de6-a62a-aeff5208cd1f HTTP/1.1" status: 200 len: 868 time: 0.0304186
2026-08-28 05:26:06.931 9 INFO neutron.wsgi [req-a0c454de-7e56-4328-8d81-b7cd63645b5d req-1889359f-48ba-4ba6-88ba-990818935d79 b9841e8f6874420a8ae0a69bd992783b 8a524d51fcc54ccab2715a9b8ec55a31 - - 913595b709a846ea99adf01bfce65836 913595b709a846ea99adf01bfce65836] 162.253.55.123 "GET /v2.0/ports?network_id=bbd024b2-0bdb-4443-8e4b-64c0877d76c4&device_owner=network%3Adhcp HTTP/1.1" status: 200 len: 210 time: 0.0184884
2026-08-28 05:26:06.998 9 INFO neutron.wsgi [req-a0c454de-7e56-4328-8d81-b7cd63645b5d req-858d4b23-d42d-4b05-9868-6ce5ee911878 b9841e8f6874420a8ae0a69bd992783b 8a524d51fcc54ccab2715a9b8ec55a31 - - 913595b709a846ea99adf01bfce65836 913595b709a846ea99adf01bfce65836] 162.253.55.123 "GET /v2.0/networks/bbd024b2-0bdb-4443-8e4b-64c0877d76c4?fields=segments HTTP/1.1" status: 200 len: 212 time: 0.0632334
2026-08-28 05:26:07.066 9 INFO neutron.wsgi [req-a0c454de-7e56-4328-8d81-b7cd63645b5d req-6d619e78-6aa9-4cd3-9c4a-3883812312dd b9841e8f6874420a8ae0a69bd992783b 8a524d51fcc54ccab2715a9b8ec55a31 - - 913595b709a846ea99adf01bfce65836 913595b709a846ea99adf01bfce65836] 162.253.55.123 "GET /v2.0/networks/bbd024b2-0bdb-4443-8e4b-64c0877d76c4?fields=provider%3Aphysical_network&fields=provider%3Anetwork_type HTTP/1.1" status: 200 len: 277 time: 0.0646241
2026-08-28 05:26:07.206 9 INFO neutron.db.ovn_revision_numbers_db [None req-e8951148-db4a-445b-af83-74f48fe8f1b1 511b4e370867442780eeb182d49315a4 e5d84ec93a4c4c658096169b04f88d23 - - default default] Successfully bumped revision number for resource a3bdbed1-126a-4b82-a722-1be11ae57591 (type: ports) to 2
2026-08-28 05:26:07.231 9 INFO neutron.db.ovn_revision_numbers_db [None req-e8951148-db4a-445b-af83-74f48fe8f1b1 511b4e370867442780eeb182d49315a4 e5d84ec93a4c4c658096169b04f88d23 - - default default] Successfully bumped revision number for resource 794a3afa-e540-47ea-8376-7a118d19b4c4 (type: subnets) to 0
2026-08-28 05:26:07.242 9 INFO neutron.wsgi [None req-e8951148-db4a-445b-af83-74f48fe8f1b1 511b4e370867442780eeb182d49315a4 e5d84ec93a4c4c658096169b04f88d23 - - default default] 10.0.0.220 "POST /v2.0/subnets HTTP/1.1" status: 201 len: 866 time: 0.6861832
2026-08-28 05:26:08.024 9 WARNING neutron.scheduler.dhcp_agent_scheduler [None req-9193dbf8-f43f-4c5d-bb15-fc36af59a290 511b4e370867442780eeb182d49315a4 e5d84ec93a4c4c658096169b04f88d23 - - default default] No more DHCP agents
2026-08-28 05:26:08.026 9 WARNING neutron.api.rpc.agentnotifiers.dhcp_rpc_agent_api [None req-9193dbf8-f43f-4c5d-bb15-fc36af59a290 511b4e370867442780eeb182d49315a4 e5d84ec93a4c4c658096169b04f88d23 - - default default] Unable to schedule network b18332a6-3dd8-43bf-849f-49ff62392820: no agents available; will retry on subsequent port and subnet creation events.
2026-08-28 05:26:08.207 9 INFO neutron.wsgi [-] 10.0.0.136 "GET / HTTP/1.1" status: 200 len: 247 time: 0.0023243
2026-08-28 05:26:08.208 10 INFO neutron.wsgi [-] 10.0.0.136 "GET / HTTP/1.1" status: 200 len: 247 time: 0.0028892
2026-08-28 05:26:08.213 9 INFO neutron.db.ovn_revision_numbers_db [None req-9193dbf8-f43f-4c5d-bb15-fc36af59a290 511b4e370867442780eeb182d49315a4 e5d84ec93a4c4c658096169b04f88d23 - - default default] Successfully bumped revision number for resource c37daf4f-4e99-4872-be45-0e7a46c234fb (type: ports) to 1
2026-08-28 05:26:08.866 10 INFO neutron.plugins.ml2.drivers.ovn.mech_driver.mech_driver [None req-ecca0a14-0421-4d1a-be91-9b3190cdbe4c - - - - - -] OVN reports status up for port: c37daf4f-4e99-4872-be45-0e7a46c234fb
2026-08-28 05:26:08.878 10 INFO neutron.plugins.ml2.drivers.ovn.mech_driver.ovsdb.ovsdb_monitor [None req-01e5c81b-a554-48db-a5f4-3a2e613417c3 - - - - - -] Router a329cb3c-7d12-4397-9155-7889abd18937 is bound to host instance
2026-08-28 05:26:08.880 10 INFO neutron.plugins.ml2.plugin [None req-ecca0a14-0421-4d1a-be91-9b3190cdbe4c - - - - - -] Attempt 1 to provision port c37daf4f-4e99-4872-be45-0e7a46c234fb
2026-08-28 05:26:08.914 9 INFO neutron.db.ovn_revision_numbers_db [None req-9193dbf8-f43f-4c5d-bb15-fc36af59a290 511b4e370867442780eeb182d49315a4 e5d84ec93a4c4c658096169b04f88d23 - - default default] Successfully bumped revision number for resource c37daf4f-4e99-4872-be45-0e7a46c234fb (type: router_ports) to 1
2026-08-28 05:26:09.027 9 INFO neutron.db.ovn_revision_numbers_db [None req-9193dbf8-f43f-4c5d-bb15-fc36af59a290 511b4e370867442780eeb182d49315a4 e5d84ec93a4c4c658096169b04f88d23 - - default default] Successfully bumped revision number for resource a329cb3c-7d12-4397-9155-7889abd18937 (type: routers) to 2
2026-08-28 05:26:09.045 9 INFO neutron.wsgi [None req-9193dbf8-f43f-4c5d-bb15-fc36af59a290 511b4e370867442780eeb182d49315a4 e5d84ec93a4c4c658096169b04f88d23 - - default default] 10.0.0.220 "POST /v2.0/routers HTTP/1.1" status: 201 len: 877 time: 1.7983847
2026-08-28 05:26:09.420 9 WARNING neutron.scheduler.dhcp_agent_scheduler [None req-551f3a64-dc7b-4262-abd2-66880d9cab2a 511b4e370867442780eeb182d49315a4 e5d84ec93a4c4c658096169b04f88d23 - - default default] No more DHCP agents
2026-08-28 05:26:09.423 9 WARNING neutron.api.rpc.agentnotifiers.dhcp_rpc_agent_api [None req-551f3a64-dc7b-4262-abd2-66880d9cab2a 511b4e370867442780eeb182d49315a4 e5d84ec93a4c4c658096169b04f88d23 - - default default] Unable to schedule network 500c19c6-f1c6-457c-b294-4d8fa0b9e00a: no agents available; will retry on subsequent port and subnet creation events.
2026-08-28 05:26:09.541 10 INFO neutron.db.ovn_revision_numbers_db [None req-01e5c81b-a554-48db-a5f4-3a2e613417c3 - - - - - -] Successfully bumped revision number for resource c37daf4f-4e99-4872-be45-0e7a46c234fb (type: ports) to 1
2026-08-28 05:26:09.556 9 INFO neutron.db.ovn_revision_numbers_db [None req-551f3a64-dc7b-4262-abd2-66880d9cab2a 511b4e370867442780eeb182d49315a4 e5d84ec93a4c4c658096169b04f88d23 - - default default] Successfully bumped revision number for resource ed58aaa0-53d9-490c-a15a-f8076cdb5e7f (type: ports) to 1
2026-08-28 05:26:09.918 10 INFO neutron.db.ovn_revision_numbers_db [None req-01e5c81b-a554-48db-a5f4-3a2e613417c3 - - - - - -] Successfully bumped revision number for resource c37daf4f-4e99-4872-be45-0e7a46c234fb (type: router_ports) to 3
2026-08-28 05:26:09.943 9 INFO neutron.db.ovn_revision_numbers_db [None req-551f3a64-dc7b-4262-abd2-66880d9cab2a 511b4e370867442780eeb182d49315a4 e5d84ec93a4c4c658096169b04f88d23 - - default default] Successfully bumped revision number for resource ed58aaa0-53d9-490c-a15a-f8076cdb5e7f (type: router_ports) to 1
2026-08-28 05:26:10.049 10 INFO neutron.db.ovn_revision_numbers_db [None req-01e5c81b-a554-48db-a5f4-3a2e613417c3 - - - - - -] Successfully bumped revision number for resource c37daf4f-4e99-4872-be45-0e7a46c234fb (type: ports) to 2
2026-08-28 05:26:10.068 9 INFO neutron.db.ovn_revision_numbers_db [None req-551f3a64-dc7b-4262-abd2-66880d9cab2a 511b4e370867442780eeb182d49315a4 e5d84ec93a4c4c658096169b04f88d23 - - default default] Successfully bumped revision number for resource ed58aaa0-53d9-490c-a15a-f8076cdb5e7f (type: ports) to 1
2026-08-28 05:26:10.133 9 WARNING neutron.scheduler.dhcp_agent_scheduler [None req-551f3a64-dc7b-4262-abd2-66880d9cab2a 511b4e370867442780eeb182d49315a4 e5d84ec93a4c4c658096169b04f88d23 - - default default] No more DHCP agents
2026-08-28 05:26:10.135 9 WARNING neutron.api.rpc.agentnotifiers.dhcp_rpc_agent_api [None req-551f3a64-dc7b-4262-abd2-66880d9cab2a 511b4e370867442780eeb182d49315a4 e5d84ec93a4c4c658096169b04f88d23 - - default default] Unable to schedule network 500c19c6-f1c6-457c-b294-4d8fa0b9e00a: no agents available; will retry on subsequent port and subnet creation events.
2026-08-28 05:26:10.304 10 INFO neutron.db.ovn_revision_numbers_db [None req-01e5c81b-a554-48db-a5f4-3a2e613417c3 - - - - - -] Successfully bumped revision number for resource c37daf4f-4e99-4872-be45-0e7a46c234fb (type: ports) to 4
2026-08-28 05:26:10.563 10 INFO neutron.db.ovn_revision_numbers_db [None req-01e5c81b-a554-48db-a5f4-3a2e613417c3 - - - - - -] Successfully bumped revision number for resource c37daf4f-4e99-4872-be45-0e7a46c234fb (type: router_ports) to 4
2026-08-28 05:26:10.670 9 INFO neutron.db.ovn_revision_numbers_db [None req-551f3a64-dc7b-4262-abd2-66880d9cab2a 511b4e370867442780eeb182d49315a4 e5d84ec93a4c4c658096169b04f88d23 - - default default] Successfully bumped revision number for resource ed58aaa0-53d9-490c-a15a-f8076cdb5e7f (type: router_ports) to 1
2026-08-28 05:26:10.672 9 INFO neutron.wsgi [None req-551f3a64-dc7b-4262-abd2-66880d9cab2a 511b4e370867442780eeb182d49315a4 e5d84ec93a4c4c658096169b04f88d23 - - default default] 10.0.0.220 "PUT /v2.0/routers/a329cb3c-7d12-4397-9155-7889abd18937/add_router_interface HTTP/1.1" status: 200 len: 503 time: 1.6214225
2026-08-28 05:26:10.754 10 INFO neutron.db.ovn_revision_numbers_db [None req-9a8bf4ec-7c79-4f88-aa9c-7642cdbf44ba 511b4e370867442780eeb182d49315a4 e5d84ec93a4c4c658096169b04f88d23 - - default default] Successfully bumped revision number for resource c7f2d4b6-0347-4d2c-9965-671b186c9a42 (type: security_groups) to 1
2026-08-28 05:26:10.782 10 INFO neutron.db.ovn_revision_numbers_db [None req-9a8bf4ec-7c79-4f88-aa9c-7642cdbf44ba 511b4e370867442780eeb182d49315a4 e5d84ec93a4c4c658096169b04f88d23 - - default default] Successfully bumped revision number for resource 5f7bca47-f063-4b04-a007-a5aa51357591 (type: security_group_rules) to 0
2026-08-28 05:26:10.805 10 INFO neutron.db.ovn_revision_numbers_db [None req-9a8bf4ec-7c79-4f88-aa9c-7642cdbf44ba 511b4e370867442780eeb182d49315a4 e5d84ec93a4c4c658096169b04f88d23 - - default default] Successfully bumped revision number for resource e6d693bc-24f8-4587-9f90-20a7582859ac (type: security_group_rules) to 0
2026-08-28 05:26:10.826 10 INFO neutron.db.ovn_revision_numbers_db [None req-9a8bf4ec-7c79-4f88-aa9c-7642cdbf44ba 511b4e370867442780eeb182d49315a4 e5d84ec93a4c4c658096169b04f88d23 - - default default] Successfully bumped revision number for resource e6f95785-276a-444e-a9a2-7975d962100f (type: security_group_rules) to 0
2026-08-28 05:26:10.838 10 INFO neutron.db.ovn_revision_numbers_db [None req-9a8bf4ec-7c79-4f88-aa9c-7642cdbf44ba 511b4e370867442780eeb182d49315a4 e5d84ec93a4c4c658096169b04f88d23 - - default default] Successfully bumped revision number for resource ec7d9009-4647-4fb2-85be-44f90a65c57c (type: security_group_rules) to 0
2026-08-28 05:26:10.868 10 INFO neutron.wsgi [None req-9a8bf4ec-7c79-4f88-aa9c-7642cdbf44ba 511b4e370867442780eeb182d49315a4 e5d84ec93a4c4c658096169b04f88d23 - - default default] 10.0.0.220 "GET /v2.0/security-groups?tenant_id=89aca7c5d84a4e2db4a264efbd1be780&name=default HTTP/1.1" status: 200 len: 2996 time: 0.4611626
2026-08-28 05:26:11.026 9 INFO neutron.wsgi [None req-9c6dceee-8b20-4a6e-9d36-f4bda8045cce 511b4e370867442780eeb182d49315a4 e5d84ec93a4c4c658096169b04f88d23 - - default default] 10.0.0.220 "DELETE /v2.0/security-groups/c7f2d4b6-0347-4d2c-9965-671b186c9a42 HTTP/1.1" status: 204 len: 168 time: 0.1491404
2026-08-28 05:26:11.197 10 INFO neutron.plugins.ml2.drivers.ovn.mech_driver.mech_driver [None req-ecca0a14-0421-4d1a-be91-9b3190cdbe4c - - - - - -] OVN reports status up for port: ed58aaa0-53d9-490c-a15a-f8076cdb5e7f
2026-08-28 05:26:11.203 10 INFO neutron.plugins.ml2.plugin [None req-ecca0a14-0421-4d1a-be91-9b3190cdbe4c - - - - - -] Attempt 1 to provision port ed58aaa0-53d9-490c-a15a-f8076cdb5e7f
2026-08-28 05:26:11.303 10 INFO neutron.db.ovn_revision_numbers_db [None req-aa323fce-fddd-4800-aca9-09b655b52412 511b4e370867442780eeb182d49315a4 e5d84ec93a4c4c658096169b04f88d23 - - default default] Successfully bumped revision number for resource 7bc3b35a-9425-414e-b2ed-a49085be7c2f (type: security_groups) to 1
2026-08-28 05:26:11.316 10 INFO neutron.db.ovn_revision_numbers_db [None req-aa323fce-fddd-4800-aca9-09b655b52412 511b4e370867442780eeb182d49315a4 e5d84ec93a4c4c658096169b04f88d23 - - default default] Successfully bumped revision number for resource 3cc9010c-65af-438c-a8ba-f85c0626c5b9 (type: security_group_rules) to 0
2026-08-28 05:26:11.339 10 INFO neutron.db.ovn_revision_numbers_db [None req-aa323fce-fddd-4800-aca9-09b655b52412 511b4e370867442780eeb182d49315a4 e5d84ec93a4c4c658096169b04f88d23 - - default default] Successfully bumped revision number for resource 41be3efd-65b5-47b7-87a5-d1097b1da83c (type: security_group_rules) to 0
2026-08-28 05:26:11.365 10 INFO neutron.db.ovn_revision_numbers_db [None req-aa323fce-fddd-4800-aca9-09b655b52412 511b4e370867442780eeb182d49315a4 e5d84ec93a4c4c658096169b04f88d23 - - default default] Successfully bumped revision number for resource 86784e88-2c27-4871-8162-9ecdacc9cebc (type: security_group_rules) to 0
2026-08-28 05:26:11.388 10 INFO neutron.db.ovn_revision_numbers_db [None req-aa323fce-fddd-4800-aca9-09b655b52412 511b4e370867442780eeb182d49315a4 e5d84ec93a4c4c658096169b04f88d23 - - default default] Successfully bumped revision number for resource c6afe909-8413-479e-a59d-a4fbfb32560e (type: security_group_rules) to 0
2026-08-28 05:26:11.421 10 INFO neutron.wsgi [None req-aa323fce-fddd-4800-aca9-09b655b52412 511b4e370867442780eeb182d49315a4 e5d84ec93a4c4c658096169b04f88d23 - - default default] 10.0.0.220 "GET /v2.0/security-groups?tenant_id=bda55f47f6744171a975fbc3f2d00de5&name=default HTTP/1.1" status: 200 len: 2996 time: 0.2523406
2026-08-28 05:26:11.510 10 INFO neutron.db.ovn_revision_numbers_db [None req-ecca0a14-0421-4d1a-be91-9b3190cdbe4c - - - - - -] Successfully bumped revision number for resource ed58aaa0-53d9-490c-a15a-f8076cdb5e7f (type: ports) to 2
2026-08-28 05:26:11.516 9 INFO neutron.db.ovn_revision_numbers_db [None req-563ab049-7a6a-419e-9b0d-2f538ef44893 4b06a0522a9c4931b0123b8d71b41412 acf2d867bbaf4a38a9fe95fda46434fa - - default default] Successfully bumped revision number for resource cea27480-def5-47d1-8c4b-e597fb13b02b (type: security_groups) to 1
2026-08-28 05:26:11.529 9 INFO neutron.db.ovn_revision_numbers_db [None req-563ab049-7a6a-419e-9b0d-2f538ef44893 4b06a0522a9c4931b0123b8d71b41412 acf2d867bbaf4a38a9fe95fda46434fa - - default default] Successfully bumped revision number for resource 42efc067-b93d-4ef4-acca-c97a66dddd67 (type: security_group_rules) to 0
2026-08-28 05:26:11.542 9 INFO neutron.db.ovn_revision_numbers_db [None req-563ab049-7a6a-419e-9b0d-2f538ef44893 4b06a0522a9c4931b0123b8d71b41412 acf2d867bbaf4a38a9fe95fda46434fa - - default default] Successfully bumped revision number for resource e2aea883-1625-44d2-a0f2-e3cfef88de1f (type: security_group_rules) to 0
2026-08-28 05:26:11.558 9 INFO neutron.wsgi [None req-563ab049-7a6a-419e-9b0d-2f538ef44893 4b06a0522a9c4931b0123b8d71b41412 acf2d867bbaf4a38a9fe95fda46434fa - - default default] 10.0.0.220 "POST /v2.0/security-groups HTTP/1.1" status: 201 len: 1797 time: 0.2051492
2026-08-28 05:26:11.650 10 INFO neutron.wsgi [req-47261d2a-5f7d-48ee-9f97-95f1ff9642cd req-d2c4dd0b-2f8e-4a01-bab4-9386b002025e b9841e8f6874420a8ae0a69bd992783b 8a524d51fcc54ccab2715a9b8ec55a31 - - 913595b709a846ea99adf01bfce65836 913595b709a846ea99adf01bfce65836] 10.0.0.80 "GET /v2.0/ports?device_id=b38d7a4c-b6f7-410b-adc8-5f79147c8322 HTTP/1.1" status: 200 len: 1413 time: 0.2574477
2026-08-28 05:26:11.651 10 INFO neutron.db.ovn_revision_numbers_db [None req-ecca0a14-0421-4d1a-be91-9b3190cdbe4c - - - - - -] Successfully bumped revision number for resource ed58aaa0-53d9-490c-a15a-f8076cdb5e7f (type: router_ports) to 2
2026-08-28 05:26:11.728 10 INFO neutron.wsgi [req-47261d2a-5f7d-48ee-9f97-95f1ff9642cd req-d1937e92-26e7-4d12-9c0b-253e30d886de b9841e8f6874420a8ae0a69bd992783b 8a524d51fcc54ccab2715a9b8ec55a31 - - 913595b709a846ea99adf01bfce65836 913595b709a846ea99adf01bfce65836] 10.0.0.80 "GET /v2.0/security-groups?id=869b3c3d-b84f-4aba-863c-488f3f5d40bc&fields=id&fields=name HTTP/1.1" status: 200 len: 312 time: 0.0646908
2026-08-28 05:26:11.829 9 INFO neutron.wsgi [req-caa1650a-3834-4c30-931d-9986951373fd req-d349c84d-4266-491f-a5c3-c5d05905a1c5 b9841e8f6874420a8ae0a69bd992783b 8a524d51fcc54ccab2715a9b8ec55a31 - - 913595b709a846ea99adf01bfce65836 913595b709a846ea99adf01bfce65836] 10.0.0.80 "GET /v2.0/ports?device_id=9a240fe3-9b4b-413f-9ce9-fafb9f579a87 HTTP/1.1" status: 200 len: 1409 time: 0.4254434
2026-08-28 05:26:11.857 9 INFO neutron.wsgi [None req-6e579abd-b849-48fb-8497-b5c12f0d9734 511b4e370867442780eeb182d49315a4 e5d84ec93a4c4c658096169b04f88d23 - - default default] 10.0.0.220 "DELETE /v2.0/security-groups/7bc3b35a-9425-414e-b2ed-a49085be7c2f HTTP/1.1" status: 204 len: 168 time: 0.4294116
2026-08-28 05:26:11.881 9 INFO neutron.wsgi [req-caa1650a-3834-4c30-931d-9986951373fd req-d86c70fd-5c61-47fc-bd03-c89a24aa0cab b9841e8f6874420a8ae0a69bd992783b 8a524d51fcc54ccab2715a9b8ec55a31 - - 913595b709a846ea99adf01bfce65836 913595b709a846ea99adf01bfce65836] 10.0.0.80 "GET /v2.0/security-groups?id=f2bd7937-6361-4fac-9c3b-1aeceea79817&fields=id&fields=name HTTP/1.1" status: 200 len: 313 time: 0.0433009
2026-08-28 05:26:11.896 9 INFO neutron.db.ovn_revision_numbers_db [None req-e485142f-490a-4837-93ed-a7929d0e0a2e 4b06a0522a9c4931b0123b8d71b41412 acf2d867bbaf4a38a9fe95fda46434fa - - default default] Successfully bumped revision number for resource 74647fbb-ff8c-492d-a67b-1760f7ac0f0e (type: security_group_rules) to 0
2026-08-28 05:26:11.929 9 INFO neutron.wsgi [None req-e485142f-490a-4837-93ed-a7929d0e0a2e 4b06a0522a9c4931b0123b8d71b41412 acf2d867bbaf4a38a9fe95fda46434fa - - default default] 10.0.0.220 "POST /v2.0/security-group-rules HTTP/1.1" status: 201 len: 764 time: 0.3597105
2026-08-28 05:26:12.108 9 INFO neutron.db.ovn_revision_numbers_db [None req-b53a1539-c947-42ba-86cb-dd1dbb05fe90 4b06a0522a9c4931b0123b8d71b41412 acf2d867bbaf4a38a9fe95fda46434fa - - default default] Successfully bumped revision number for resource 0a0fb8e1-9a3f-4203-a490-1a83d3664551 (type: security_group_rules) to 0
2026-08-28 05:26:12.166 9 INFO neutron.wsgi [None req-b53a1539-c947-42ba-86cb-dd1dbb05fe90 4b06a0522a9c4931b0123b8d71b41412 acf2d867bbaf4a38a9fe95fda46434fa - - default default] 10.0.0.220 "POST /v2.0/security-group-rules HTTP/1.1" status: 201 len: 769 time: 0.2327814
2026-08-28 05:26:12.416 9 WARNING neutron.scheduler.dhcp_agent_scheduler [None req-42c3d23f-5033-4b29-b327-3d1282543680 4b06a0522a9c4931b0123b8d71b41412 acf2d867bbaf4a38a9fe95fda46434fa - - default default] No more DHCP agents
2026-08-28 05:26:12.417 9 WARNING neutron.api.rpc.agentnotifiers.dhcp_rpc_agent_api [None req-42c3d23f-5033-4b29-b327-3d1282543680 4b06a0522a9c4931b0123b8d71b41412 acf2d867bbaf4a38a9fe95fda46434fa - - default default] Unable to schedule network b18332a6-3dd8-43bf-849f-49ff62392820: no agents available; will retry on subsequent port and subnet creation events.
2026-08-28 05:26:12.671 9 INFO neutron.db.ovn_revision_numbers_db [None req-42c3d23f-5033-4b29-b327-3d1282543680 4b06a0522a9c4931b0123b8d71b41412 acf2d867bbaf4a38a9fe95fda46434fa - - default default] Successfully bumped revision number for resource 110ccaf6-d075-46fb-b570-71160b750313 (type: floatingips) to 0
2026-08-28 05:26:12.687 9 INFO neutron.wsgi [None req-42c3d23f-5033-4b29-b327-3d1282543680 4b06a0522a9c4931b0123b8d71b41412 acf2d867bbaf4a38a9fe95fda46434fa - - default default] 10.0.0.220 "POST /v2.0/floatingips HTTP/1.1" status: 201 len: 751 time: 0.5155249
2026-08-28 05:26:13.199 9 INFO neutron.wsgi [req-0a005cc7-4bfc-4086-abe7-c4de02f158a7 req-facd095a-620b-4581-b054-1280c67b80ae 4b06a0522a9c4931b0123b8d71b41412 acf2d867bbaf4a38a9fe95fda46434fa - - default default] 10.0.0.213 "GET /v2.0/security-groups?name=tempest-securitygroup--1434271469&fields=id&tenant_id=acf2d867bbaf4a38a9fe95fda46434fa HTTP/1.1" status: 200 len: 267 time: 0.0477772
2026-08-28 05:26:13.288 9 INFO neutron.wsgi [req-0a005cc7-4bfc-4086-abe7-c4de02f158a7 req-48c19456-f66a-4282-b6c2-45286e4e136e 4b06a0522a9c4931b0123b8d71b41412 acf2d867bbaf4a38a9fe95fda46434fa - - default default] 10.0.0.213 "GET /v2.0/networks?id=500c19c6-f1c6-457c-b294-4d8fa0b9e00a HTTP/1.1" status: 200 len: 875 time: 0.0828748
2026-08-28 05:26:13.304 9 INFO neutron.wsgi [req-0a005cc7-4bfc-4086-abe7-c4de02f158a7 req-60d4b387-7429-4dbe-8480-0de60f62ec2c 4b06a0522a9c4931b0123b8d71b41412 acf2d867bbaf4a38a9fe95fda46434fa - - default default] 10.0.0.213 "GET /v2.0/quotas/acf2d867bbaf4a38a9fe95fda46434fa HTTP/1.1" status: 200 len: 386 time: 0.0092421
2026-08-28 05:26:13.423 9 INFO neutron.wsgi [req-0a005cc7-4bfc-4086-abe7-c4de02f158a7 req-5887ec92-a8ac-4a99-a8e3-6f0d994700e8 4b06a0522a9c4931b0123b8d71b41412 acf2d867bbaf4a38a9fe95fda46434fa - - default default] 10.0.0.213 "GET /v2.0/ports?tenant_id=acf2d867bbaf4a38a9fe95fda46434fa&fields=id HTTP/1.1" status: 200 len: 302 time: 0.1123867
2026-08-28 05:26:13.518 9 INFO neutron.wsgi [req-0a005cc7-4bfc-4086-abe7-c4de02f158a7 req-cd15385d-6e95-434b-96e7-206be4aa3e5c b9841e8f6874420a8ae0a69bd992783b 8a524d51fcc54ccab2715a9b8ec55a31 - - 913595b709a846ea99adf01bfce65836 913595b709a846ea99adf01bfce65836] 10.0.0.213 "GET /v2.0/networks/500c19c6-f1c6-457c-b294-4d8fa0b9e00a?fields=segments HTTP/1.1" status: 200 len: 212 time: 0.0749545
2026-08-28 05:26:13.571 9 INFO neutron.wsgi [req-0a005cc7-4bfc-4086-abe7-c4de02f158a7 req-bf3a235f-005c-48ee-a11f-066d23e9bbb1 b9841e8f6874420a8ae0a69bd992783b 8a524d51fcc54ccab2715a9b8ec55a31 - - 913595b709a846ea99adf01bfce65836 913595b709a846ea99adf01bfce65836] 10.0.0.213 "GET /v2.0/networks/500c19c6-f1c6-457c-b294-4d8fa0b9e00a?fields=provider%3Aphysical_network&fields=provider%3Anetwork_type HTTP/1.1" status: 200 len: 277 time: 0.0472457
2026-08-28 05:26:13.768 10 INFO neutron.wsgi [req-2eb7b6d2-e721-4ce2-84c7-58688567ea5b req-9040fc08-40d5-40dd-bac8-b2f75045f76a 4b06a0522a9c4931b0123b8d71b41412 acf2d867bbaf4a38a9fe95fda46434fa - - default default] 10.0.0.213 "GET /v2.0/ports?device_id=5733e05d-5053-4d9e-b30f-6d40b0b9c788 HTTP/1.1" status: 200 len: 210 time: 0.0220196
2026-08-28 05:26:14.565 9 INFO neutron.wsgi [req-0a005cc7-4bfc-4086-abe7-c4de02f158a7 req-57ce22ba-6e80-4b18-9f99-f5d8f420a59b 4b06a0522a9c4931b0123b8d71b41412 acf2d867bbaf4a38a9fe95fda46434fa - - default default] 162.253.55.123 "GET /v2.0/networks?id=500c19c6-f1c6-457c-b294-4d8fa0b9e00a HTTP/1.1" status: 200 len: 875 time: 0.0831368
2026-08-28 05:26:14.603 9 INFO neutron.wsgi [req-0a005cc7-4bfc-4086-abe7-c4de02f158a7 req-22d96a56-3f4a-4c62-8f42-362952525e31 4b06a0522a9c4931b0123b8d71b41412 acf2d867bbaf4a38a9fe95fda46434fa - - default default] 162.253.55.123 "GET /v2.0/security-groups?fields=id&fields=name&tenant_id=acf2d867bbaf4a38a9fe95fda46434fa HTTP/1.1" status: 200 len: 380 time: 0.0329340
2026-08-28 05:26:14.863 9 INFO neutron.wsgi [req-26be34a2-771c-4412-bb5d-a3df8a1b1ba2 req-7684928e-97f8-477c-8db2-461fb9e58df5 4b06a0522a9c4931b0123b8d71b41412 acf2d867bbaf4a38a9fe95fda46434fa - - default default] 10.0.0.213 "GET /v2.0/ports?device_id=5733e05d-5053-4d9e-b30f-6d40b0b9c788 HTTP/1.1" status: 200 len: 210 time: 0.0358441
2026-08-28 05:26:15.009 9 WARNING neutron.scheduler.dhcp_agent_scheduler [req-0a005cc7-4bfc-4086-abe7-c4de02f158a7 req-9711c930-5203-4a4f-853a-8eafa8e4f68e 4b06a0522a9c4931b0123b8d71b41412 acf2d867bbaf4a38a9fe95fda46434fa - - default default] No more DHCP agents
2026-08-28 05:26:15.010 9 WARNING neutron.api.rpc.agentnotifiers.dhcp_rpc_agent_api [req-0a005cc7-4bfc-4086-abe7-c4de02f158a7 req-9711c930-5203-4a4f-853a-8eafa8e4f68e 4b06a0522a9c4931b0123b8d71b41412 acf2d867bbaf4a38a9fe95fda46434fa - - default default] Unable to schedule network 500c19c6-f1c6-457c-b294-4d8fa0b9e00a: no agents available; will retry on subsequent port and subnet creation events.
2026-08-28 05:26:15.153 9 INFO neutron.db.ovn_revision_numbers_db [req-0a005cc7-4bfc-4086-abe7-c4de02f158a7 req-9711c930-5203-4a4f-853a-8eafa8e4f68e 4b06a0522a9c4931b0123b8d71b41412 acf2d867bbaf4a38a9fe95fda46434fa - - default default] Successfully bumped revision number for resource e47a6410-5141-4b6f-af9b-5d438b3e2a84 (type: ports) to 1
2026-08-28 05:26:15.183 9 INFO neutron.wsgi [req-0a005cc7-4bfc-4086-abe7-c4de02f158a7 req-9711c930-5203-4a4f-853a-8eafa8e4f68e 4b06a0522a9c4931b0123b8d71b41412 acf2d867bbaf4a38a9fe95fda46434fa - - default default] 162.253.55.123 "POST /v2.0/ports HTTP/1.1" status: 201 len: 1158 time: 0.5734725 /var/lib/openstack/lib/python3.10/site-packages/pycadf/identifier.py:71: UserWarning: Invalid uuid: neutron. To ensure interoperability, identifiers should be a valid uuid. warnings.warn(('Invalid uuid: %s. To ensure interoperability, '
2026-08-28 05:26:15.511 9 INFO neutron.db.ovn_revision_numbers_db [req-0a005cc7-4bfc-4086-abe7-c4de02f158a7 req-0aceef1b-11a9-4efd-83c1-55d93a17e4bf b9841e8f6874420a8ae0a69bd992783b 8a524d51fcc54ccab2715a9b8ec55a31 - - 913595b709a846ea99adf01bfce65836 913595b709a846ea99adf01bfce65836] Successfully bumped revision number for resource e47a6410-5141-4b6f-af9b-5d438b3e2a84 (type: ports) to 2
2026-08-28 05:26:15.796 9 INFO neutron.db.ovn_revision_numbers_db [req-0a005cc7-4bfc-4086-abe7-c4de02f158a7 req-0aceef1b-11a9-4efd-83c1-55d93a17e4bf b9841e8f6874420a8ae0a69bd992783b 8a524d51fcc54ccab2715a9b8ec55a31 - - 913595b709a846ea99adf01bfce65836 913595b709a846ea99adf01bfce65836] Successfully bumped revision number for resource e47a6410-5141-4b6f-af9b-5d438b3e2a84 (type: ports) to 2
2026-08-28 05:26:15.811 9 INFO neutron.wsgi [req-0a005cc7-4bfc-4086-abe7-c4de02f158a7 req-0aceef1b-11a9-4efd-83c1-55d93a17e4bf b9841e8f6874420a8ae0a69bd992783b 8a524d51fcc54ccab2715a9b8ec55a31 - - 913595b709a846ea99adf01bfce65836 913595b709a846ea99adf01bfce65836] 162.253.55.123 "PUT /v2.0/ports/e47a6410-5141-4b6f-af9b-5d438b3e2a84 HTTP/1.1" status: 200 len: 1376 time: 0.6197677 /var/lib/openstack/lib/python3.10/site-packages/pycadf/identifier.py:71: UserWarning: Invalid uuid: neutron. To ensure interoperability, identifiers should be a valid uuid. warnings.warn(('Invalid uuid: %s. To ensure interoperability, '
2026-08-28 05:26:15.858 9 INFO neutron.notifiers.nova [-] Nova event matching ['req-4f9059d9-17f8-4da6-84d3-ca68cc5d1882'] response: {'name': 'network-changed', 'server_uuid': '5733e05d-5053-4d9e-b30f-6d40b0b9c788', 'tag': 'e47a6410-5141-4b6f-af9b-5d438b3e2a84', 'status': 'completed', 'code': 200}
2026-08-28 05:26:15.884 9 INFO neutron.wsgi [req-0a005cc7-4bfc-4086-abe7-c4de02f158a7 req-90e4bf57-0634-4b3b-82d4-d23c382d2aaf b9841e8f6874420a8ae0a69bd992783b 8a524d51fcc54ccab2715a9b8ec55a31 - - 913595b709a846ea99adf01bfce65836 913595b709a846ea99adf01bfce65836] 162.253.55.123 "GET /v2.0/ports?tenant_id=acf2d867bbaf4a38a9fe95fda46434fa&device_id=5733e05d-5053-4d9e-b30f-6d40b0b9c788 HTTP/1.1" status: 200 len: 1407 time: 0.0384769
2026-08-28 05:26:15.918 9 INFO neutron.wsgi [req-0a005cc7-4bfc-4086-abe7-c4de02f158a7 req-03d021a4-bd8b-44b0-9af3-79376c31bb0e b9841e8f6874420a8ae0a69bd992783b 8a524d51fcc54ccab2715a9b8ec55a31 - - 913595b709a846ea99adf01bfce65836 913595b709a846ea99adf01bfce65836] 162.253.55.123 "GET /v2.0/floatingips?fixed_ip_address=10.100.0.7&port_id=e47a6410-5141-4b6f-af9b-5d438b3e2a84 HTTP/1.1" status: 200 len: 217 time: 0.0280118
2026-08-28 05:26:15.990 9 INFO neutron.wsgi [req-7390eecb-2d1a-4be4-bc6c-fa8b8f8b1e16 req-e7c3f7ec-4958-4a4a-9c56-fe4bf335dfd6 4b06a0522a9c4931b0123b8d71b41412 acf2d867bbaf4a38a9fe95fda46434fa - - default default] 10.0.0.213 "GET /v2.0/ports?device_id=5733e05d-5053-4d9e-b30f-6d40b0b9c788 HTTP/1.1" status: 200 len: 1168 time: 0.0531964
2026-08-28 05:26:15.996 9 INFO neutron.wsgi [req-0a005cc7-4bfc-4086-abe7-c4de02f158a7 req-235c1a35-8ef9-4f76-993b-abb5ffbbc0ed b9841e8f6874420a8ae0a69bd992783b 8a524d51fcc54ccab2715a9b8ec55a31 - - 913595b709a846ea99adf01bfce65836 913595b709a846ea99adf01bfce65836] 162.253.55.123 "GET /v2.0/subnets?id=794a3afa-e540-47ea-8376-7a118d19b4c4 HTTP/1.1" status: 200 len: 869 time: 0.0731549
2026-08-28 05:26:16.032 9 INFO neutron.wsgi [req-0a005cc7-4bfc-4086-abe7-c4de02f158a7 req-d7e67e46-d301-45c9-b44a-0369d2e7975f b9841e8f6874420a8ae0a69bd992783b 8a524d51fcc54ccab2715a9b8ec55a31 - - 913595b709a846ea99adf01bfce65836 913595b709a846ea99adf01bfce65836] 162.253.55.123 "GET /v2.0/ports?network_id=500c19c6-f1c6-457c-b294-4d8fa0b9e00a&device_owner=network%3Adhcp HTTP/1.1" status: 200 len: 210 time: 0.0239685
2026-08-28 05:26:16.059 9 INFO neutron.wsgi [req-7390eecb-2d1a-4be4-bc6c-fa8b8f8b1e16 req-25985d7d-2a16-4d22-814a-b480c26d5c1a 4b06a0522a9c4931b0123b8d71b41412 acf2d867bbaf4a38a9fe95fda46434fa - - default default] 10.0.0.213 "GET /v2.0/security-groups?id=cea27480-def5-47d1-8c4b-e597fb13b02b&fields=id&fields=name HTTP/1.1" status: 200 len: 313 time: 0.0579710
2026-08-28 05:26:16.094 9 INFO neutron.wsgi [req-0a005cc7-4bfc-4086-abe7-c4de02f158a7 req-4895ddf3-8907-4768-8e59-b5d1d7eee472 b9841e8f6874420a8ae0a69bd992783b 8a524d51fcc54ccab2715a9b8ec55a31 - - 913595b709a846ea99adf01bfce65836 913595b709a846ea99adf01bfce65836] 162.253.55.123 "GET /v2.0/networks/500c19c6-f1c6-457c-b294-4d8fa0b9e00a?fields=segments HTTP/1.1" status: 200 len: 212 time: 0.0548103
2026-08-28 05:26:16.141 10 INFO neutron.wsgi [req-83a36caf-3c5e-476e-ae63-8941a61c7444 req-2539b838-2195-483e-b713-f8fa2fd4d652 7260064eb2f2407782905d42653160fa 2187f65d9ff840f2bbd65ffbee9fde5a - - default default] 10.0.0.213 "GET /v2.0/ports?device_id=b38d7a4c-b6f7-410b-adc8-5f79147c8322 HTTP/1.1" status: 200 len: 1174 time: 0.1176252
2026-08-28 05:26:16.155 9 INFO neutron.wsgi [req-0a005cc7-4bfc-4086-abe7-c4de02f158a7 req-ce9a9c34-c2e5-4e60-ab5d-2610df64ced5 b9841e8f6874420a8ae0a69bd992783b 8a524d51fcc54ccab2715a9b8ec55a31 - - 913595b709a846ea99adf01bfce65836 913595b709a846ea99adf01bfce65836] 162.253.55.123 "GET /v2.0/networks/500c19c6-f1c6-457c-b294-4d8fa0b9e00a?fields=provider%3Aphysical_network&fields=provider%3Anetwork_type HTTP/1.1" status: 200 len: 277 time: 0.0541553
2026-08-28 05:26:16.176 10 INFO neutron.wsgi [req-83a36caf-3c5e-476e-ae63-8941a61c7444 req-d83f87e6-9147-4a7e-82b2-7d4787bc3383 7260064eb2f2407782905d42653160fa 2187f65d9ff840f2bbd65ffbee9fde5a - - default default] 10.0.0.213 "GET /v2.0/security-groups?id=869b3c3d-b84f-4aba-863c-488f3f5d40bc&fields=id&fields=name HTTP/1.1" status: 200 len: 312 time: 0.0273271
2026-08-28 05:26:16.222 9 INFO neutron.wsgi [req-0cdf7812-a7f7-4477-8cca-ea70de83f80e req-6e083d7f-0085-4753-bb66-73ae3b66f6dc b9841e8f6874420a8ae0a69bd992783b 8a524d51fcc54ccab2715a9b8ec55a31 - - 913595b709a846ea99adf01bfce65836 913595b709a846ea99adf01bfce65836] 162.253.55.123 "GET /v2.0/ports?tenant_id=acf2d867bbaf4a38a9fe95fda46434fa&device_id=5733e05d-5053-4d9e-b30f-6d40b0b9c788 HTTP/1.1" status: 200 len: 1407 time: 0.0296452
2026-08-28 05:26:16.310 9 INFO neutron.wsgi [req-0cdf7812-a7f7-4477-8cca-ea70de83f80e req-cf0193c9-60ea-4081-bd5f-40287b7d899a b9841e8f6874420a8ae0a69bd992783b 8a524d51fcc54ccab2715a9b8ec55a31 - - 913595b709a846ea99adf01bfce65836 913595b709a846ea99adf01bfce65836] 162.253.55.123 "GET /v2.0/networks?id=500c19c6-f1c6-457c-b294-4d8fa0b9e00a HTTP/1.1" status: 200 len: 974 time: 0.0773666
2026-08-28 05:26:16.338 9 INFO neutron.wsgi [req-0cdf7812-a7f7-4477-8cca-ea70de83f80e req-99f59d32-a299-40a7-8eab-99342dafcea7 b9841e8f6874420a8ae0a69bd992783b 8a524d51fcc54ccab2715a9b8ec55a31 - - 913595b709a846ea99adf01bfce65836 913595b709a846ea99adf01bfce65836] 162.253.55.123 "GET /v2.0/floatingips?fixed_ip_address=10.100.0.7&port_id=e47a6410-5141-4b6f-af9b-5d438b3e2a84 HTTP/1.1" status: 200 len: 217 time: 0.0179739
2026-08-28 05:26:16.370 9 INFO neutron.wsgi [req-81f39407-4357-42f6-be35-3dce36aefcaa req-8b0c7dda-44a4-4096-8cf1-86d4a50bb475 7260064eb2f2407782905d42653160fa 2187f65d9ff840f2bbd65ffbee9fde5a - - default default] 10.0.0.213 "GET /v2.0/ports?device_id=b38d7a4c-b6f7-410b-adc8-5f79147c8322 HTTP/1.1" status: 200 len: 1174 time: 0.1058493
2026-08-28 05:26:16.391 9 INFO neutron.wsgi [req-0cdf7812-a7f7-4477-8cca-ea70de83f80e req-5fd35772-808c-4d35-a013-efaa540d6b1f b9841e8f6874420a8ae0a69bd992783b 8a524d51fcc54ccab2715a9b8ec55a31 - - 913595b709a846ea99adf01bfce65836 913595b709a846ea99adf01bfce65836] 162.253.55.123 "GET /v2.0/subnets?id=794a3afa-e540-47ea-8376-7a118d19b4c4 HTTP/1.1" status: 200 len: 869 time: 0.0461774
2026-08-28 05:26:16.412 9 INFO neutron.wsgi [req-0cdf7812-a7f7-4477-8cca-ea70de83f80e req-63995887-16f1-443a-94d0-d01256482f06 b9841e8f6874420a8ae0a69bd992783b 8a524d51fcc54ccab2715a9b8ec55a31 - - 913595b709a846ea99adf01bfce65836 913595b709a846ea99adf01bfce65836] 162.253.55.123 "GET /v2.0/ports?network_id=500c19c6-f1c6-457c-b294-4d8fa0b9e00a&device_owner=network%3Adhcp HTTP/1.1" status: 200 len: 210 time: 0.0173681
