2026-08-28 05:26:52.619 10 INFO neutron.wsgi [None req-0405fd12-8579-4075-8344-e21c2a3aec13 69903337a5544c8095ef90d0d43a4330 6149209c97184e77a581083805804b65 - - default default] 10.0.0.220 "DELETE /v2.0/networks/baf60764-43a3-4d95-83f0-499038cf1401 HTTP/1.1" status: 204 len: 168 time: 0.9372890
2026-08-28 05:26:52.637 10 INFO neutron.pecan_wsgi.hooks.translation [None req-2d23dd15-dca2-4e64-b4b9-1c4f61d46a31 69903337a5544c8095ef90d0d43a4330 6149209c97184e77a581083805804b65 - - default default] DELETE failed (client error): The resource could not be found.
2026-08-28 05:26:52.639 10 INFO neutron.wsgi [None req-2d23dd15-dca2-4e64-b4b9-1c4f61d46a31 69903337a5544c8095ef90d0d43a4330 6149209c97184e77a581083805804b65 - - default default] 10.0.0.220 "DELETE /v2.0/networks/baf60764-43a3-4d95-83f0-499038cf1401 HTTP/1.1" status: 404 len: 339 time: 0.0148799
2026-08-28 05:26:52.714 9 INFO neutron.wsgi [None req-044d9dbf-a6d0-4092-b129-0a3c1c531031 3f4220b7f5be4df082a820b482d822cf a7e17ccd84984096a94ee4321a8baf48 - - default default] 10.0.0.220 "GET /v2.0/networks HTTP/1.1" status: 200 len: 845 time: 0.3296843
2026-08-28 05:26:52.751 10 INFO neutron.wsgi [None req-a94b3cd3-7dc0-4372-9201-7cce4ccdb7bc 69903337a5544c8095ef90d0d43a4330 6149209c97184e77a581083805804b65 - - default default] 10.0.0.220 "GET /v2.0/networks?router%3Aexternal=True HTTP/1.1" status: 200 len: 845 time: 0.1016178
2026-08-28 05:26:52.799 10 INFO neutron.wsgi [None req-1ba7f415-043a-4957-bbcb-9b5e164b5e17 69903337a5544c8095ef90d0d43a4330 6149209c97184e77a581083805804b65 - - default default] 10.0.0.220 "GET /v2.0/subnets?network_id=b18332a6-3dd8-43bf-849f-49ff62392820 HTTP/1.1" status: 200 len: 820 time: 0.0423479
2026-08-28 05:26:52.808 10 INFO neutron.wsgi [None req-b44bbd34-67d8-49da-a0d1-a361cf1be96b 69903337a5544c8095ef90d0d43a4330 6149209c97184e77a581083805804b65 - - default default] 10.0.0.220 "GET /v2.0/extensions HTTP/1.1" status: 200 len: 16520 time: 0.0047140
2026-08-28 05:26:52.848 9 INFO neutron.db.segments_db [None req-ad17556e-f530-470d-9115-95afff3d8e73 3f4220b7f5be4df082a820b482d822cf a7e17ccd84984096a94ee4321a8baf48 - - default default] Added segment 2098b960-16f0-4eb9-ad11-0a7332b301e5 of type geneve for network 31ca6d78-231e-4745-a567-2bf03e46624d
2026-08-28 05:26:52.858 10 INFO neutron.wsgi [None req-53b4557b-e41f-425a-9365-f443af7f2129 511b4e370867442780eeb182d49315a4 e5d84ec93a4c4c658096169b04f88d23 - - default default] 10.0.0.220 "DELETE /v2.0/security-groups/986a54b3-37fd-496c-8a79-34979efbac69 HTTP/1.1" status: 204 len: 168 time: 0.2707603
2026-08-28 05:26:52.907 9 INFO neutron.wsgi [None req-9455c861-beb1-4233-bd8d-1ef78f41c338 69903337a5544c8095ef90d0d43a4330 6149209c97184e77a581083805804b65 - - default default] 10.0.0.220 "GET /v2.0/networks HTTP/1.1" status: 200 len: 1508 time: 0.0917485
2026-08-28 05:26:52.976 10 INFO neutron.wsgi [None req-2da0a6ee-6474-42a4-8f23-646a19a1496c 69903337a5544c8095ef90d0d43a4330 6149209c97184e77a581083805804b65 - - default default] 10.0.0.220 "GET /v2.0/subnets HTTP/1.1" status: 200 len: 1460 time: 0.0606840
2026-08-28 05:26:52.994 9 INFO neutron.db.ovn_revision_numbers_db [None req-ad17556e-f530-470d-9115-95afff3d8e73 3f4220b7f5be4df082a820b482d822cf a7e17ccd84984096a94ee4321a8baf48 - - default default] Successfully bumped revision number for resource 31ca6d78-231e-4745-a567-2bf03e46624d (type: networks) to 1
2026-08-28 05:26:53.064 10 INFO neutron.wsgi [None req-0bcca40f-6c2f-45c9-b981-4162a0d4a96d 69903337a5544c8095ef90d0d43a4330 6149209c97184e77a581083805804b65 - - default default] 10.0.0.220 "GET /v2.0/networks/1028b967-5801-4de8-b80d-7036f31bd127 HTTP/1.1" status: 200 len: 867 time: 0.0802834
2026-08-28 05:26:53.123 10 INFO neutron.wsgi [None req-9d0b6b6a-e729-49fb-9773-f800c7838dc6 69903337a5544c8095ef90d0d43a4330 6149209c97184e77a581083805804b65 - - default default] 10.0.0.220 "GET /v2.0/subnets/a2a132b0-1a36-408d-9f94-91cce32a3f3c HTTP/1.1" status: 200 len: 843 time: 0.0521276
2026-08-28 05:26:53.146 10 INFO neutron.pecan_wsgi.hooks.translation [None req-6e4b9d1e-e0e2-48ee-8098-8d5ab0fd29ae 69903337a5544c8095ef90d0d43a4330 6149209c97184e77a581083805804b65 - - default default] DELETE failed (client error): The resource could not be found.
2026-08-28 05:26:53.148 10 INFO neutron.wsgi [None req-6e4b9d1e-e0e2-48ee-8098-8d5ab0fd29ae 69903337a5544c8095ef90d0d43a4330 6149209c97184e77a581083805804b65 - - default default] 10.0.0.220 "DELETE /v2.0/subnets/ab7fca84-ffcf-4dd6-8f70-ba4efd43bea4 HTTP/1.1" status: 404 len: 337 time: 0.0167141
2026-08-28 05:26:53.164 10 INFO neutron.pecan_wsgi.hooks.translation [None req-4192fdaf-d740-4ad1-976c-ff50825e32ae 69903337a5544c8095ef90d0d43a4330 6149209c97184e77a581083805804b65 - - default default] DELETE failed (client error): The resource could not be found.
2026-08-28 05:26:53.166 10 INFO neutron.wsgi [None req-4192fdaf-d740-4ad1-976c-ff50825e32ae 69903337a5544c8095ef90d0d43a4330 6149209c97184e77a581083805804b65 - - default default] 10.0.0.220 "DELETE /v2.0/networks/baf60764-43a3-4d95-83f0-499038cf1401 HTTP/1.1" status: 404 len: 339 time: 0.0134749
2026-08-28 05:26:53.186 9 WARNING neutron.scheduler.dhcp_agent_scheduler [None req-ad17556e-f530-470d-9115-95afff3d8e73 3f4220b7f5be4df082a820b482d822cf a7e17ccd84984096a94ee4321a8baf48 - - default default] No more DHCP agents
2026-08-28 05:26:53.187 9 WARNING neutron.api.rpc.agentnotifiers.dhcp_rpc_agent_api [None req-ad17556e-f530-470d-9115-95afff3d8e73 3f4220b7f5be4df082a820b482d822cf a7e17ccd84984096a94ee4321a8baf48 - - default default] Unable to schedule network 31ca6d78-231e-4745-a567-2bf03e46624d: no agents available; will retry on subsequent port and subnet creation events.
2026-08-28 05:26:53.206 9 INFO neutron.wsgi [-] 10.0.0.136 "GET / HTTP/1.1" status: 200 len: 247 time: 0.0014203
2026-08-28 05:26:53.207 10 INFO neutron.wsgi [-] 10.0.0.136 "GET / HTTP/1.1" status: 200 len: 247 time: 0.0019424
2026-08-28 05:26:53.265 9 INFO neutron.db.ovn_revision_numbers_db [None req-ad17556e-f530-470d-9115-95afff3d8e73 3f4220b7f5be4df082a820b482d822cf a7e17ccd84984096a94ee4321a8baf48 - - default default] Successfully bumped revision number for resource 946a9543-53a9-40ee-8408-f64c4375d818 (type: ports) to 1
2026-08-28 05:26:53.293 9 INFO neutron.wsgi [None req-ad17556e-f530-470d-9115-95afff3d8e73 3f4220b7f5be4df082a820b482d822cf a7e17ccd84984096a94ee4321a8baf48 - - default default] 10.0.0.220 "POST /v2.0/networks HTTP/1.1" status: 201 len: 852 time: 0.5705507
2026-08-28 05:26:53.402 9 INFO neutron.db.segments_db [None req-40a8df22-2831-4ff9-a99c-f21e8f3d5e41 3f4220b7f5be4df082a820b482d822cf a7e17ccd84984096a94ee4321a8baf48 - - default default] Added segment fce2c6aa-d342-49f2-87d8-0517e8764067 of type geneve for network c031cbff-3e53-4dc1-a33e-104afc955ba9
2026-08-28 05:26:53.505 10 INFO neutron.wsgi [None req-410b8b31-5f70-4658-94c3-963a8d3d58b2 69903337a5544c8095ef90d0d43a4330 6149209c97184e77a581083805804b65 - - default default] 10.0.0.220 "DELETE /v2.0/subnets/a2a132b0-1a36-408d-9f94-91cce32a3f3c HTTP/1.1" status: 204 len: 168 time: 0.3352396
2026-08-28 05:26:53.539 9 INFO neutron.db.ovn_revision_numbers_db [None req-40a8df22-2831-4ff9-a99c-f21e8f3d5e41 3f4220b7f5be4df082a820b482d822cf a7e17ccd84984096a94ee4321a8baf48 - - default default] Successfully bumped revision number for resource c031cbff-3e53-4dc1-a33e-104afc955ba9 (type: networks) to 1
2026-08-28 05:26:53.751 9 WARNING neutron.scheduler.dhcp_agent_scheduler [None req-40a8df22-2831-4ff9-a99c-f21e8f3d5e41 3f4220b7f5be4df082a820b482d822cf a7e17ccd84984096a94ee4321a8baf48 - - default default] No more DHCP agents
2026-08-28 05:26:53.757 9 WARNING neutron.api.rpc.agentnotifiers.dhcp_rpc_agent_api [None req-40a8df22-2831-4ff9-a99c-f21e8f3d5e41 3f4220b7f5be4df082a820b482d822cf a7e17ccd84984096a94ee4321a8baf48 - - default default] Unable to schedule network c031cbff-3e53-4dc1-a33e-104afc955ba9: no agents available; will retry on subsequent port and subnet creation events.
2026-08-28 05:26:53.842 9 INFO neutron.db.ovn_revision_numbers_db [None req-40a8df22-2831-4ff9-a99c-f21e8f3d5e41 3f4220b7f5be4df082a820b482d822cf a7e17ccd84984096a94ee4321a8baf48 - - default default] Successfully bumped revision number for resource 1386a8eb-7ab4-47a9-b0e2-9a9e9ec77e8c (type: ports) to 1
2026-08-28 05:26:53.872 9 INFO neutron.wsgi [None req-40a8df22-2831-4ff9-a99c-f21e8f3d5e41 3f4220b7f5be4df082a820b482d822cf a7e17ccd84984096a94ee4321a8baf48 - - default default] 10.0.0.220 "POST /v2.0/networks HTTP/1.1" status: 201 len: 852 time: 0.5700824
2026-08-28 05:26:53.934 9 INFO neutron.services.segments.plugin [-] Segment 73ae6beb-b1f2-44ca-8b83-abe44f6432d7 resource provider aggregate not found
2026-08-28 05:26:53.940 9 INFO neutron.services.segments.plugin [-] Segment 73ae6beb-b1f2-44ca-8b83-abe44f6432d7 resource provider aggregate not found
2026-08-28 05:26:53.954 9 INFO neutron.services.segments.plugin [-] Segment 73ae6beb-b1f2-44ca-8b83-abe44f6432d7 resource provider not found; error: Placement Client Error (4xx): {"errors": [{"status": 404, "title": "Not Found", "detail": "The resource could not be found.\n\n No resource provider with uuid 73ae6beb-b1f2-44ca-8b83-abe44f6432d7 found for delete ", "request_id": "req-fae985d1-bac0-4033-b656-383c8cc54af7"}]}
2026-08-28 05:26:53.957 9 INFO neutron.services.segments.plugin [-] Segment 73ae6beb-b1f2-44ca-8b83-abe44f6432d7 resource provider not found; error: Placement Client Error (4xx): {"errors": [{"status": 404, "title": "Not Found", "detail": "The resource could not be found.\n\n No resource provider with uuid 73ae6beb-b1f2-44ca-8b83-abe44f6432d7 found for delete ", "request_id": "req-141a987b-1e37-4eda-820b-eeedc9a32d08"}]}
2026-08-28 05:26:53.971 9 INFO neutron.wsgi [None req-9a480b57-c835-4e7e-96b4-cb4c1ea5cd30 69903337a5544c8095ef90d0d43a4330 6149209c97184e77a581083805804b65 - - default default] 10.0.0.220 "DELETE /v2.0/networks/1028b967-5801-4de8-b80d-7036f31bd127 HTTP/1.1" status: 204 len: 168 time: 0.4594066
2026-08-28 05:26:54.287 10 WARNING neutron.scheduler.dhcp_agent_scheduler [None req-44849a62-b98a-401f-9c57-65bec95a9443 3f4220b7f5be4df082a820b482d822cf a7e17ccd84984096a94ee4321a8baf48 - - default default] No more DHCP agents
2026-08-28 05:26:54.289 10 WARNING neutron.api.rpc.agentnotifiers.dhcp_rpc_agent_api [None req-44849a62-b98a-401f-9c57-65bec95a9443 3f4220b7f5be4df082a820b482d822cf a7e17ccd84984096a94ee4321a8baf48 - - default default] Unable to schedule network 31ca6d78-231e-4745-a567-2bf03e46624d: no agents available; will retry on subsequent port and subnet creation events.
2026-08-28 05:26:54.363 10 INFO neutron.services.segments.plugin [-] Segment ce6a9838-b1a6-4eb6-aa8d-38ef2cc54916 resource provider aggregate not found
2026-08-28 05:26:54.373 10 INFO neutron.db.ovn_revision_numbers_db [None req-44849a62-b98a-401f-9c57-65bec95a9443 3f4220b7f5be4df082a820b482d822cf a7e17ccd84984096a94ee4321a8baf48 - - default default] Successfully bumped revision number for resource f4a97cea-f63f-460e-8b7a-a1e02789c3aa (type: ports) to 1
2026-08-28 05:26:54.382 10 INFO neutron.services.segments.plugin [-] Segment ce6a9838-b1a6-4eb6-aa8d-38ef2cc54916 resource provider not found; error: Placement Client Error (4xx): {"errors": [{"status": 404, "title": "Not Found", "detail": "The resource could not be found.\n\n No resource provider with uuid ce6a9838-b1a6-4eb6-aa8d-38ef2cc54916 found for delete ", "request_id": "req-a1896c13-abe7-48c1-a46c-87d67ace435c"}]}
2026-08-28 05:26:54.383 10 INFO neutron.services.segments.plugin [-] Segment ce6a9838-b1a6-4eb6-aa8d-38ef2cc54916 resource provider aggregate not found
2026-08-28 05:26:54.401 10 INFO neutron.services.segments.plugin [-] Segment ce6a9838-b1a6-4eb6-aa8d-38ef2cc54916 resource provider not found; error: Placement Client Error (4xx): {"errors": [{"status": 404, "title": "Not Found", "detail": "The resource could not be found.\n\n No resource provider with uuid ce6a9838-b1a6-4eb6-aa8d-38ef2cc54916 found for delete ", "request_id": "req-5d8f05d7-50b9-48bc-94f5-f48616322db5"}]}
2026-08-28 05:26:54.403 10 WARNING neutron.scheduler.dhcp_agent_scheduler [None req-44849a62-b98a-401f-9c57-65bec95a9443 3f4220b7f5be4df082a820b482d822cf a7e17ccd84984096a94ee4321a8baf48 - - default default] No more DHCP agents
2026-08-28 05:26:54.404 10 WARNING neutron.api.rpc.agentnotifiers.dhcp_rpc_agent_api [None req-44849a62-b98a-401f-9c57-65bec95a9443 3f4220b7f5be4df082a820b482d822cf a7e17ccd84984096a94ee4321a8baf48 - - default default] Unable to schedule network c031cbff-3e53-4dc1-a33e-104afc955ba9: no agents available; will retry on subsequent port and subnet creation events.
2026-08-28 05:26:54.498 10 INFO neutron.db.ovn_revision_numbers_db [None req-44849a62-b98a-401f-9c57-65bec95a9443 3f4220b7f5be4df082a820b482d822cf a7e17ccd84984096a94ee4321a8baf48 - - default default] Successfully bumped revision number for resource ea15f384-1294-4d6c-8cb9-f3ae0c55fb4e (type: ports) to 1
2026-08-28 05:26:54.537 10 INFO neutron.wsgi [None req-44849a62-b98a-401f-9c57-65bec95a9443 3f4220b7f5be4df082a820b482d822cf a7e17ccd84984096a94ee4321a8baf48 - - default default] 10.0.0.220 "POST /v2.0/ports HTTP/1.1" status: 201 len: 1705 time: 0.6587996
2026-08-28 05:26:54.673 9 INFO neutron.wsgi [None req-db5c7a2e-2467-4535-b22d-0e6b0254f73b 3f4220b7f5be4df082a820b482d822cf a7e17ccd84984096a94ee4321a8baf48 - - default default] 10.0.0.220 "GET /v2.0/ports HTTP/1.1" status: 200 len: 3212 time: 0.1305652
2026-08-28 05:26:54.730 9 INFO neutron.wsgi [None req-0edddb35-2402-49be-82b2-6ac2ec8295a8 511b4e370867442780eeb182d49315a4 e5d84ec93a4c4c658096169b04f88d23 - - default default] 10.0.0.220 "GET /v2.0/security-groups?tenant_id=6149209c97184e77a581083805804b65&name=default HTTP/1.1" status: 200 len: 2996 time: 0.2094555
2026-08-28 05:26:54.926 9 INFO neutron.wsgi [None req-cf98cd15-5610-4685-b24f-1fe182f5d561 3f4220b7f5be4df082a820b482d822cf a7e17ccd84984096a94ee4321a8baf48 - - default default] 10.0.0.220 "DELETE /v2.0/ports/f4a97cea-f63f-460e-8b7a-a1e02789c3aa HTTP/1.1" status: 204 len: 168 time: 0.2467778 /var/lib/openstack/lib/python3.10/site-packages/pycadf/identifier.py:71: UserWarning: Invalid uuid: neutron. To ensure interoperability, identifiers should be a valid uuid. warnings.warn(('Invalid uuid: %s. To ensure interoperability, '
2026-08-28 05:26:54.996 9 INFO neutron.wsgi [None req-86480733-92de-4921-b35a-254a21537cd2 511b4e370867442780eeb182d49315a4 e5d84ec93a4c4c658096169b04f88d23 - - default default] 10.0.0.220 "DELETE /v2.0/security-groups/16684f94-eaa5-40f0-a940-fa4091ff77fb HTTP/1.1" status: 204 len: 168 time: 0.2602401
2026-08-28 05:26:55.169 10 INFO neutron.wsgi [None req-045ea283-c0a5-4a6a-8994-66047789f433 3f4220b7f5be4df082a820b482d822cf a7e17ccd84984096a94ee4321a8baf48 - - default default] 10.0.0.220 "DELETE /v2.0/ports/ea15f384-1294-4d6c-8cb9-f3ae0c55fb4e HTTP/1.1" status: 204 len: 168 time: 0.2370708
2026-08-28 05:26:55.276 10 INFO neutron.wsgi [None req-6bd5b00f-e07d-4bd4-8ab5-b6e0160f17a6 3f4220b7f5be4df082a820b482d822cf a7e17ccd84984096a94ee4321a8baf48 - - default default] 10.0.0.220 "GET /v2.0/ports HTTP/1.1" status: 200 len: 1718 time: 0.1008532
2026-08-28 05:26:55.384 10 INFO neutron.db.segments_db [None req-04a883d7-2a40-4865-905e-516428605c82 3f4220b7f5be4df082a820b482d822cf a7e17ccd84984096a94ee4321a8baf48 - - default default] Added segment 50bb247c-049b-40c0-8193-7d05cf087741 of type geneve for network 878bb840-39be-406c-852a-9e732413a5f1
2026-08-28 05:26:55.579 10 INFO neutron.db.ovn_revision_numbers_db [None req-04a883d7-2a40-4865-905e-516428605c82 3f4220b7f5be4df082a820b482d822cf a7e17ccd84984096a94ee4321a8baf48 - - default default] Successfully bumped revision number for resource 878bb840-39be-406c-852a-9e732413a5f1 (type: networks) to 1
2026-08-28 05:26:55.762 10 WARNING neutron.scheduler.dhcp_agent_scheduler [None req-04a883d7-2a40-4865-905e-516428605c82 3f4220b7f5be4df082a820b482d822cf a7e17ccd84984096a94ee4321a8baf48 - - default default] No more DHCP agents
2026-08-28 05:26:55.764 10 WARNING neutron.api.rpc.agentnotifiers.dhcp_rpc_agent_api [None req-04a883d7-2a40-4865-905e-516428605c82 3f4220b7f5be4df082a820b482d822cf a7e17ccd84984096a94ee4321a8baf48 - - default default] Unable to schedule network 878bb840-39be-406c-852a-9e732413a5f1: no agents available; will retry on subsequent port and subnet creation events.
2026-08-28 05:26:55.827 10 INFO neutron.db.ovn_revision_numbers_db [None req-04a883d7-2a40-4865-905e-516428605c82 3f4220b7f5be4df082a820b482d822cf a7e17ccd84984096a94ee4321a8baf48 - - default default] Successfully bumped revision number for resource e008c3fd-d1ed-48a9-9f1a-7df785ec9435 (type: ports) to 1
2026-08-28 05:26:55.843 10 INFO neutron.wsgi [None req-04a883d7-2a40-4865-905e-516428605c82 3f4220b7f5be4df082a820b482d822cf a7e17ccd84984096a94ee4321a8baf48 - - default default] 10.0.0.220 "POST /v2.0/networks HTTP/1.1" status: 201 len: 852 time: 0.5605896
2026-08-28 05:26:55.944 10 INFO neutron.db.segments_db [None req-469b2a27-45b5-4ee6-a9df-3fa0277b4a0f 3f4220b7f5be4df082a820b482d822cf a7e17ccd84984096a94ee4321a8baf48 - - default default] Added segment c432be2a-23eb-4f9b-897d-1c13bf4f091e of type geneve for network 0df53015-f9b7-42fa-ad49-331842c6750e
2026-08-28 05:26:56.165 10 INFO neutron.db.ovn_revision_numbers_db [None req-469b2a27-45b5-4ee6-a9df-3fa0277b4a0f 3f4220b7f5be4df082a820b482d822cf a7e17ccd84984096a94ee4321a8baf48 - - default default] Successfully bumped revision number for resource 0df53015-f9b7-42fa-ad49-331842c6750e (type: networks) to 1
2026-08-28 05:26:56.336 10 WARNING neutron.scheduler.dhcp_agent_scheduler [None req-469b2a27-45b5-4ee6-a9df-3fa0277b4a0f 3f4220b7f5be4df082a820b482d822cf a7e17ccd84984096a94ee4321a8baf48 - - default default] No more DHCP agents
2026-08-28 05:26:56.341 10 WARNING neutron.api.rpc.agentnotifiers.dhcp_rpc_agent_api [None req-469b2a27-45b5-4ee6-a9df-3fa0277b4a0f 3f4220b7f5be4df082a820b482d822cf a7e17ccd84984096a94ee4321a8baf48 - - default default] Unable to schedule network 0df53015-f9b7-42fa-ad49-331842c6750e: no agents available; will retry on subsequent port and subnet creation events.
2026-08-28 05:26:56.452 10 INFO neutron.db.ovn_revision_numbers_db [None req-469b2a27-45b5-4ee6-a9df-3fa0277b4a0f 3f4220b7f5be4df082a820b482d822cf a7e17ccd84984096a94ee4321a8baf48 - - default default] Successfully bumped revision number for resource 23dc431d-c3a0-42a6-b6c9-6560fcccf689 (type: ports) to 1
2026-08-28 05:26:56.484 10 INFO neutron.wsgi [None req-469b2a27-45b5-4ee6-a9df-3fa0277b4a0f 3f4220b7f5be4df082a820b482d822cf a7e17ccd84984096a94ee4321a8baf48 - - default default] 10.0.0.220 "POST /v2.0/networks HTTP/1.1" status: 201 len: 852 time: 0.6340115
2026-08-28 05:26:56.903 10 INFO neutron.db.ovn_revision_numbers_db [None req-7ed778ef-767d-42ca-ac60-dd8c8b8d2d5b 511b4e370867442780eeb182d49315a4 e5d84ec93a4c4c658096169b04f88d23 - - default default] Successfully bumped revision number for resource ba5ad840-24fa-4934-ab30-ed2444d7b83f (type: security_groups) to 1
2026-08-28 05:26:56.920 10 INFO neutron.db.ovn_revision_numbers_db [None req-7ed778ef-767d-42ca-ac60-dd8c8b8d2d5b 511b4e370867442780eeb182d49315a4 e5d84ec93a4c4c658096169b04f88d23 - - default default] Successfully bumped revision number for resource c0c49358-f4ec-43e9-99e1-4dc74cde181c (type: security_group_rules) to 0
2026-08-28 05:26:56.936 10 INFO neutron.db.ovn_revision_numbers_db [None req-7ed778ef-767d-42ca-ac60-dd8c8b8d2d5b 511b4e370867442780eeb182d49315a4 e5d84ec93a4c4c658096169b04f88d23 - - default default] Successfully bumped revision number for resource c4132ac9-6f4b-401c-92f5-c74edfb31502 (type: security_group_rules) to 0
2026-08-28 05:26:56.952 10 INFO neutron.db.ovn_revision_numbers_db [None req-7ed778ef-767d-42ca-ac60-dd8c8b8d2d5b 511b4e370867442780eeb182d49315a4 e5d84ec93a4c4c658096169b04f88d23 - - default default] Successfully bumped revision number for resource e04f9d62-6bea-4e5e-84b7-4a11756be144 (type: security_group_rules) to 0
2026-08-28 05:26:56.967 10 INFO neutron.db.ovn_revision_numbers_db [None req-7ed778ef-767d-42ca-ac60-dd8c8b8d2d5b 511b4e370867442780eeb182d49315a4 e5d84ec93a4c4c658096169b04f88d23 - - default default] Successfully bumped revision number for resource ff0f5c43-218a-4316-872d-439774e4cf40 (type: security_group_rules) to 0
2026-08-28 05:26:56.993 10 INFO neutron.wsgi [None req-7ed778ef-767d-42ca-ac60-dd8c8b8d2d5b 511b4e370867442780eeb182d49315a4 e5d84ec93a4c4c658096169b04f88d23 - - default default] 10.0.0.220 "GET /v2.0/security-groups?tenant_id=d02f360e168d4da8877c04d1e93b8c81&name=default HTTP/1.1" status: 200 len: 2996 time: 0.4907579
2026-08-28 05:26:57.187 10 INFO neutron.wsgi [None req-1f11ef1e-48e1-416a-a55a-0db28cff705c 511b4e370867442780eeb182d49315a4 e5d84ec93a4c4c658096169b04f88d23 - - default default] 10.0.0.220 "DELETE /v2.0/security-groups/ba5ad840-24fa-4934-ab30-ed2444d7b83f HTTP/1.1" status: 204 len: 168 time: 0.1855505
2026-08-28 05:26:57.375 10 INFO neutron.db.ovn_revision_numbers_db [None req-67ac3780-acb2-49c4-ac23-4b65d62a0765 686488c6bf3b498494e7679837c6b67b 65d3372fb0d54e84adb36a58d81c5b76 - - default default] Successfully bumped revision number for resource b868085e-b5cd-4131-bdec-af60ebc31585 (type: security_groups) to 1
2026-08-28 05:26:57.393 10 INFO neutron.db.ovn_revision_numbers_db [None req-67ac3780-acb2-49c4-ac23-4b65d62a0765 686488c6bf3b498494e7679837c6b67b 65d3372fb0d54e84adb36a58d81c5b76 - - default default] Successfully bumped revision number for resource 05943336-4107-4391-947b-9afcdd5e1e71 (type: security_group_rules) to 0
2026-08-28 05:26:57.411 10 INFO neutron.db.ovn_revision_numbers_db [None req-67ac3780-acb2-49c4-ac23-4b65d62a0765 686488c6bf3b498494e7679837c6b67b 65d3372fb0d54e84adb36a58d81c5b76 - - default default] Successfully bumped revision number for resource 26b3df93-48a2-4c5c-9cad-8a361003981a (type: security_group_rules) to 0
2026-08-28 05:26:57.413 9 WARNING neutron.scheduler.dhcp_agent_scheduler [None req-2951caa2-d339-4be3-9ec2-a46ab51e749e 3f4220b7f5be4df082a820b482d822cf a7e17ccd84984096a94ee4321a8baf48 - - default default] No more DHCP agents
2026-08-28 05:26:57.414 9 WARNING neutron.api.rpc.agentnotifiers.dhcp_rpc_agent_api [None req-2951caa2-d339-4be3-9ec2-a46ab51e749e 3f4220b7f5be4df082a820b482d822cf a7e17ccd84984096a94ee4321a8baf48 - - default default] Unable to schedule network 878bb840-39be-406c-852a-9e732413a5f1: no agents available; will retry on subsequent port and subnet creation events.
2026-08-28 05:26:57.426 10 INFO neutron.db.ovn_revision_numbers_db [None req-67ac3780-acb2-49c4-ac23-4b65d62a0765 686488c6bf3b498494e7679837c6b67b 65d3372fb0d54e84adb36a58d81c5b76 - - default default] Successfully bumped revision number for resource 61b27444-9f5e-460f-97bc-073b8f447a41 (type: security_group_rules) to 0
2026-08-28 05:26:57.440 10 INFO neutron.db.ovn_revision_numbers_db [None req-67ac3780-acb2-49c4-ac23-4b65d62a0765 686488c6bf3b498494e7679837c6b67b 65d3372fb0d54e84adb36a58d81c5b76 - - default default] Successfully bumped revision number for resource d7fe38a4-47bc-46b6-a6e8-a370349e10bc (type: security_group_rules) to 0
2026-08-28 05:26:57.442 9 INFO neutron.db.ovn_revision_numbers_db [None req-2951caa2-d339-4be3-9ec2-a46ab51e749e 3f4220b7f5be4df082a820b482d822cf a7e17ccd84984096a94ee4321a8baf48 - - default default] Successfully bumped revision number for resource 66e35228-9af5-41dc-9418-9d818cbb884e (type: subnets) to 0
2026-08-28 05:26:57.457 9 WARNING neutron.scheduler.dhcp_agent_scheduler [None req-2951caa2-d339-4be3-9ec2-a46ab51e749e 3f4220b7f5be4df082a820b482d822cf a7e17ccd84984096a94ee4321a8baf48 - - default default] No more DHCP agents
2026-08-28 05:26:57.459 9 WARNING neutron.api.rpc.agentnotifiers.dhcp_rpc_agent_api [None req-2951caa2-d339-4be3-9ec2-a46ab51e749e 3f4220b7f5be4df082a820b482d822cf a7e17ccd84984096a94ee4321a8baf48 - - default default] Unable to schedule network 0df53015-f9b7-42fa-ad49-331842c6750e: no agents available; will retry on subsequent port and subnet creation events.
2026-08-28 05:26:57.488 10 INFO neutron.db.ovn_revision_numbers_db [None req-67f75181-92dc-4195-adf8-5e99dd4a90d4 511b4e370867442780eeb182d49315a4 e5d84ec93a4c4c658096169b04f88d23 - - default default] Successfully bumped revision number for resource a6ea70c0-cc84-4258-8574-aa50e7792c1f (type: security_groups) to 1
2026-08-28 05:26:57.490 9 INFO neutron.db.ovn_revision_numbers_db [None req-2951caa2-d339-4be3-9ec2-a46ab51e749e 3f4220b7f5be4df082a820b482d822cf a7e17ccd84984096a94ee4321a8baf48 - - default default] Successfully bumped revision number for resource f41c7ea6-2dda-4496-a469-094effa745fd (type: subnets) to 0
2026-08-28 05:26:57.499 10 INFO neutron.db.segments_db [None req-67ac3780-acb2-49c4-ac23-4b65d62a0765 686488c6bf3b498494e7679837c6b67b 65d3372fb0d54e84adb36a58d81c5b76 - - default default] Added segment 63d2b6de-931f-4f3f-bc83-ff72136b7429 of type geneve for network c129cba3-4f16-49a3-b2b2-741927d9e0f0
2026-08-28 05:26:57.502 10 INFO neutron.db.ovn_revision_numbers_db [None req-67f75181-92dc-4195-adf8-5e99dd4a90d4 511b4e370867442780eeb182d49315a4 e5d84ec93a4c4c658096169b04f88d23 - - default default] Successfully bumped revision number for resource 0212f6c3-7db3-49f2-858e-6cbf67529316 (type: security_group_rules) to 0
2026-08-28 05:26:57.504 9 INFO neutron.wsgi [None req-2951caa2-d339-4be3-9ec2-a46ab51e749e 3f4220b7f5be4df082a820b482d822cf a7e17ccd84984096a94ee4321a8baf48 - - default default] 10.0.0.220 "POST /v2.0/subnets HTTP/1.1" status: 201 len: 1476 time: 0.5716553
2026-08-28 05:26:57.520 10 INFO neutron.db.ovn_revision_numbers_db [None req-67f75181-92dc-4195-adf8-5e99dd4a90d4 511b4e370867442780eeb182d49315a4 e5d84ec93a4c4c658096169b04f88d23 - - default default] Successfully bumped revision number for resource 0f465d43-deb2-490d-9bc7-fea709d0788d (type: security_group_rules) to 0
2026-08-28 05:26:57.538 10 INFO neutron.db.ovn_revision_numbers_db [None req-67f75181-92dc-4195-adf8-5e99dd4a90d4 511b4e370867442780eeb182d49315a4 e5d84ec93a4c4c658096169b04f88d23 - - default default] Successfully bumped revision number for resource db3396df-3685-49e3-a1db-0e98ac28cf85 (type: security_group_rules) to 0
2026-08-28 05:26:57.551 9 INFO neutron.wsgi [None req-33c7785f-574f-4b81-8d93-9348df9524bb 3f4220b7f5be4df082a820b482d822cf a7e17ccd84984096a94ee4321a8baf48 - - default default] 10.0.0.220 "GET /v2.0/subnets HTTP/1.1" status: 200 len: 2084 time: 0.0416508
2026-08-28 05:26:57.560 10 INFO neutron.db.ovn_revision_numbers_db [None req-67f75181-92dc-4195-adf8-5e99dd4a90d4 511b4e370867442780eeb182d49315a4 e5d84ec93a4c4c658096169b04f88d23 - - default default] Successfully bumped revision number for resource f4c3ba0e-c1c0-4d08-a42c-81cd02096fb8 (type: security_group_rules) to 0
2026-08-28 05:26:57.591 10 INFO neutron.wsgi [None req-67f75181-92dc-4195-adf8-5e99dd4a90d4 511b4e370867442780eeb182d49315a4 e5d84ec93a4c4c658096169b04f88d23 - - default default] 10.0.0.220 "GET /v2.0/security-groups?tenant_id=8528875a2e4e48b7b3b114c2e7482e5f&name=default HTTP/1.1" status: 200 len: 2996 time: 0.2037842
2026-08-28 05:26:57.631 10 INFO neutron.db.ovn_revision_numbers_db [None req-67ac3780-acb2-49c4-ac23-4b65d62a0765 686488c6bf3b498494e7679837c6b67b 65d3372fb0d54e84adb36a58d81c5b76 - - default default] Successfully bumped revision number for resource c129cba3-4f16-49a3-b2b2-741927d9e0f0 (type: networks) to 1
2026-08-28 05:26:57.843 10 WARNING neutron.scheduler.dhcp_agent_scheduler [None req-67ac3780-acb2-49c4-ac23-4b65d62a0765 686488c6bf3b498494e7679837c6b67b 65d3372fb0d54e84adb36a58d81c5b76 - - default default] No more DHCP agents
2026-08-28 05:26:57.845 10 WARNING neutron.api.rpc.agentnotifiers.dhcp_rpc_agent_api [None req-67ac3780-acb2-49c4-ac23-4b65d62a0765 686488c6bf3b498494e7679837c6b67b 65d3372fb0d54e84adb36a58d81c5b76 - - default default] Unable to schedule network c129cba3-4f16-49a3-b2b2-741927d9e0f0: no agents available; will retry on subsequent port and subnet creation events.
2026-08-28 05:26:57.849 9 INFO neutron.wsgi [None req-311e96e6-c6b9-4089-8bd8-4d2c2b3fec84 3f4220b7f5be4df082a820b482d822cf a7e17ccd84984096a94ee4321a8baf48 - - default default] 10.0.0.220 "DELETE /v2.0/subnets/66e35228-9af5-41dc-9418-9d818cbb884e HTTP/1.1" status: 204 len: 168 time: 0.2833657
2026-08-28 05:26:57.915 10 INFO neutron.db.ovn_revision_numbers_db [None req-67ac3780-acb2-49c4-ac23-4b65d62a0765 686488c6bf3b498494e7679837c6b67b 65d3372fb0d54e84adb36a58d81c5b76 - - default default] Successfully bumped revision number for resource 5c2e1d9b-bd9d-4419-a546-2cb7caa79f61 (type: ports) to 1
2026-08-28 05:26:57.930 10 INFO neutron.wsgi [None req-67ac3780-acb2-49c4-ac23-4b65d62a0765 686488c6bf3b498494e7679837c6b67b 65d3372fb0d54e84adb36a58d81c5b76 - - default default] 10.0.0.220 "POST /v2.0/networks HTTP/1.1" status: 201 len: 847 time: 0.8355365
2026-08-28 05:26:57.933 9 INFO neutron.wsgi [None req-43224ef0-5214-4f0e-bfe1-dfbfb6038bba 511b4e370867442780eeb182d49315a4 e5d84ec93a4c4c658096169b04f88d23 - - default default] 10.0.0.220 "DELETE /v2.0/security-groups/a6ea70c0-cc84-4258-8574-aa50e7792c1f HTTP/1.1" status: 204 len: 168 time: 0.3312275
2026-08-28 05:26:58.057 9 INFO neutron.wsgi [None req-2144feeb-5e18-48be-8bf2-7a618b43a221 3f4220b7f5be4df082a820b482d822cf a7e17ccd84984096a94ee4321a8baf48 - - default default] 10.0.0.220 "DELETE /v2.0/subnets/f41c7ea6-2dda-4496-a469-094effa745fd HTTP/1.1" status: 204 len: 168 time: 0.1951051
2026-08-28 05:26:58.102 9 INFO neutron.wsgi [None req-eaedd8f3-290b-4cb8-8038-dc57e1fc2719 3f4220b7f5be4df082a820b482d822cf a7e17ccd84984096a94ee4321a8baf48 - - default default] 10.0.0.220 "GET /v2.0/subnets HTTP/1.1" status: 200 len: 820 time: 0.0394406
2026-08-28 05:26:58.438 10 WARNING neutron.scheduler.dhcp_agent_scheduler [None req-9aab2a88-df60-4f2b-868d-81972b61bb1f 686488c6bf3b498494e7679837c6b67b 65d3372fb0d54e84adb36a58d81c5b76 - - default default] No more DHCP agents
2026-08-28 05:26:58.445 10 WARNING neutron.api.rpc.agentnotifiers.dhcp_rpc_agent_api [None req-9aab2a88-df60-4f2b-868d-81972b61bb1f 686488c6bf3b498494e7679837c6b67b 65d3372fb0d54e84adb36a58d81c5b76 - - default default] Unable to schedule network c129cba3-4f16-49a3-b2b2-741927d9e0f0: no agents available; will retry on subsequent port and subnet creation events.
2026-08-28 05:26:58.527 10 INFO neutron.db.ovn_revision_numbers_db [None req-9aab2a88-df60-4f2b-868d-81972b61bb1f 686488c6bf3b498494e7679837c6b67b 65d3372fb0d54e84adb36a58d81c5b76 - - default default] Successfully bumped revision number for resource e641d305-cee4-46f4-8165-7cb9a72a81df (type: ports) to 1
2026-08-28 05:26:58.552 10 INFO neutron.wsgi [None req-9aab2a88-df60-4f2b-868d-81972b61bb1f 686488c6bf3b498494e7679837c6b67b 65d3372fb0d54e84adb36a58d81c5b76 - - default default] 10.0.0.220 "POST /v2.0/ports HTTP/1.1" status: 201 len: 978 time: 0.6131949 /var/lib/openstack/lib/python3.10/site-packages/pycadf/identifier.py:71: UserWarning: Invalid uuid: neutron. To ensure interoperability, identifiers should be a valid uuid. warnings.warn(('Invalid uuid: %s. To ensure interoperability, '
2026-08-28 05:26:58.599 9 INFO neutron.services.segments.plugin [-] Segment c432be2a-23eb-4f9b-897d-1c13bf4f091e resource provider aggregate not found
2026-08-28 05:26:58.606 9 INFO neutron.services.segments.plugin [-] Segment c432be2a-23eb-4f9b-897d-1c13bf4f091e resource provider aggregate not found
2026-08-28 05:26:58.634 9 INFO neutron.services.segments.plugin [-] Segment c432be2a-23eb-4f9b-897d-1c13bf4f091e resource provider not found; error: Placement Client Error (4xx): {"errors": [{"status": 404, "title": "Not Found", "detail": "The resource could not be found.\n\n No resource provider with uuid c432be2a-23eb-4f9b-897d-1c13bf4f091e found for delete ", "request_id": "req-6b67725f-953e-4355-b2aa-556758484798"}]}
2026-08-28 05:26:58.647 10 INFO neutron.db.segments_db [None req-44893439-2f99-4c45-aea6-d2ac696c8a86 686488c6bf3b498494e7679837c6b67b 65d3372fb0d54e84adb36a58d81c5b76 - - default default] Added segment 5e7978b5-eb5b-4ef7-9626-7360662befe0 of type geneve for network 1ea3d0c2-a306-49ff-a5c0-87cedf8ce434
2026-08-28 05:26:58.652 9 INFO neutron.services.segments.plugin [-] Segment c432be2a-23eb-4f9b-897d-1c13bf4f091e resource provider not found; error: Placement Client Error (4xx): {"errors": [{"status": 404, "title": "Not Found", "detail": "The resource could not be found.\n\n No resource provider with uuid c432be2a-23eb-4f9b-897d-1c13bf4f091e found for delete ", "request_id": "req-6f73d8ba-db52-48e9-906b-59b038061328"}]}
2026-08-28 05:26:58.688 9 INFO neutron.wsgi [None req-8c5adc93-9118-4c28-92f7-98a4e8a4eda8 3f4220b7f5be4df082a820b482d822cf a7e17ccd84984096a94ee4321a8baf48 - - default default] 10.0.0.220 "DELETE /v2.0/networks/0df53015-f9b7-42fa-ad49-331842c6750e HTTP/1.1" status: 204 len: 168 time: 0.5735588
2026-08-28 05:26:58.831 10 INFO neutron.db.ovn_revision_numbers_db [None req-44893439-2f99-4c45-aea6-d2ac696c8a86 686488c6bf3b498494e7679837c6b67b 65d3372fb0d54e84adb36a58d81c5b76 - - default default] Successfully bumped revision number for resource 1ea3d0c2-a306-49ff-a5c0-87cedf8ce434 (type: networks) to 1
2026-08-28 05:26:59.011 10 WARNING neutron.scheduler.dhcp_agent_scheduler [None req-44893439-2f99-4c45-aea6-d2ac696c8a86 686488c6bf3b498494e7679837c6b67b 65d3372fb0d54e84adb36a58d81c5b76 - - default default] No more DHCP agents
2026-08-28 05:26:59.016 10 WARNING neutron.api.rpc.agentnotifiers.dhcp_rpc_agent_api [None req-44893439-2f99-4c45-aea6-d2ac696c8a86 686488c6bf3b498494e7679837c6b67b 65d3372fb0d54e84adb36a58d81c5b76 - - default default] Unable to schedule network 1ea3d0c2-a306-49ff-a5c0-87cedf8ce434: no agents available; will retry on subsequent port and subnet creation events.
2026-08-28 05:26:59.115 10 INFO neutron.db.ovn_revision_numbers_db [None req-44893439-2f99-4c45-aea6-d2ac696c8a86 686488c6bf3b498494e7679837c6b67b 65d3372fb0d54e84adb36a58d81c5b76 - - default default] Successfully bumped revision number for resource 16a11cb9-cc0f-47f9-9f0c-b7db6c71d0ac (type: ports) to 1
2026-08-28 05:26:59.149 10 INFO neutron.wsgi [None req-44893439-2f99-4c45-aea6-d2ac696c8a86 686488c6bf3b498494e7679837c6b67b 65d3372fb0d54e84adb36a58d81c5b76 - - default default] 10.0.0.220 "POST /v2.0/networks HTTP/1.1" status: 201 len: 834 time: 0.5927351
2026-08-28 05:26:59.151 10 INFO neutron.services.segments.plugin [-] Segment 50bb247c-049b-40c0-8193-7d05cf087741 resource provider aggregate not found
2026-08-28 05:26:59.156 10 INFO neutron.services.segments.plugin [-] Segment 50bb247c-049b-40c0-8193-7d05cf087741 resource provider aggregate not found
2026-08-28 05:26:59.173 10 INFO neutron.services.segments.plugin [-] Segment 50bb247c-049b-40c0-8193-7d05cf087741 resource provider not found; error: Placement Client Error (4xx): {"errors": [{"status": 404, "title": "Not Found", "detail": "The resource could not be found.\n\n No resource provider with uuid 50bb247c-049b-40c0-8193-7d05cf087741 found for delete ", "request_id": "req-8338bc8a-06f7-4f61-85bd-aba7f189cc97"}]}
2026-08-28 05:26:59.174 10 INFO neutron.services.segments.plugin [-] Segment 50bb247c-049b-40c0-8193-7d05cf087741 resource provider not found; error: Placement Client Error (4xx): {"errors": [{"status": 404, "title": "Not Found", "detail": "The resource could not be found.\n\n No resource provider with uuid 50bb247c-049b-40c0-8193-7d05cf087741 found for delete ", "request_id": "req-464aa3d1-1913-4731-8fee-71cb501c81df"}]}
2026-08-28 05:26:59.188 10 INFO neutron.wsgi [None req-203681bb-2b34-46ce-bf27-499078e3cd70 3f4220b7f5be4df082a820b482d822cf a7e17ccd84984096a94ee4321a8baf48 - - default default] 10.0.0.220 "DELETE /v2.0/networks/878bb840-39be-406c-852a-9e732413a5f1 HTTP/1.1" status: 204 len: 168 time: 0.4956622
2026-08-28 05:26:59.468 9 WARNING neutron.scheduler.dhcp_agent_scheduler [None req-d76d1ccd-cb13-40f6-aa65-93e4b863ddc7 686488c6bf3b498494e7679837c6b67b 65d3372fb0d54e84adb36a58d81c5b76 - - default default] No more DHCP agents
2026-08-28 05:26:59.470 9 WARNING neutron.api.rpc.agentnotifiers.dhcp_rpc_agent_api [None req-d76d1ccd-cb13-40f6-aa65-93e4b863ddc7 686488c6bf3b498494e7679837c6b67b 65d3372fb0d54e84adb36a58d81c5b76 - - default default] Unable to schedule network 1ea3d0c2-a306-49ff-a5c0-87cedf8ce434: no agents available; will retry on subsequent port and subnet creation events.
2026-08-28 05:26:59.531 9 INFO neutron.db.ovn_revision_numbers_db [None req-d76d1ccd-cb13-40f6-aa65-93e4b863ddc7 686488c6bf3b498494e7679837c6b67b 65d3372fb0d54e84adb36a58d81c5b76 - - default default] Successfully bumped revision number for resource db64565b-80d9-41ee-a0bb-0a491b6a73c8 (type: subnets) to 0
2026-08-28 05:26:59.552 9 INFO neutron.wsgi [None req-d76d1ccd-cb13-40f6-aa65-93e4b863ddc7 686488c6bf3b498494e7679837c6b67b 65d3372fb0d54e84adb36a58d81c5b76 - - default default] 10.0.0.220 "POST /v2.0/subnets HTTP/1.1" status: 201 len: 821 time: 0.3955853
2026-08-28 05:26:59.558 10 INFO neutron.wsgi [None req-23a56747-9997-493b-976c-337132a84c4d 3f4220b7f5be4df082a820b482d822cf a7e17ccd84984096a94ee4321a8baf48 - - default default] 10.0.0.220 "DELETE /v2.0/networks/c031cbff-3e53-4dc1-a33e-104afc955ba9 HTTP/1.1" status: 204 len: 168 time: 0.3649497
2026-08-28 05:26:59.859 9 WARNING neutron.scheduler.dhcp_agent_scheduler [None req-8c45b643-19c5-4ebe-a44d-eabb48357085 686488c6bf3b498494e7679837c6b67b 65d3372fb0d54e84adb36a58d81c5b76 - - default default] No more DHCP agents
2026-08-28 05:26:59.861 9 WARNING neutron.api.rpc.agentnotifiers.dhcp_rpc_agent_api [None req-8c45b643-19c5-4ebe-a44d-eabb48357085 686488c6bf3b498494e7679837c6b67b 65d3372fb0d54e84adb36a58d81c5b76 - - default default] Unable to schedule network 1ea3d0c2-a306-49ff-a5c0-87cedf8ce434: no agents available; will retry on subsequent port and subnet creation events.
2026-08-28 05:26:59.917 10 INFO neutron.wsgi [None req-6aa08e54-027b-47e7-9a85-d4f2bcbd18e7 3f4220b7f5be4df082a820b482d822cf a7e17ccd84984096a94ee4321a8baf48 - - default default] 10.0.0.220 "DELETE /v2.0/networks/31ca6d78-231e-4745-a567-2bf03e46624d HTTP/1.1" status: 204 len: 168 time: 0.3538504 /var/lib/openstack/lib/python3.10/site-packages/pycadf/identifier.py:71: UserWarning: Invalid uuid: neutron. To ensure interoperability, identifiers should be a valid uuid. warnings.warn(('Invalid uuid: %s. To ensure interoperability, '
2026-08-28 05:27:00.046 9 INFO neutron.db.ovn_revision_numbers_db [None req-8c45b643-19c5-4ebe-a44d-eabb48357085 686488c6bf3b498494e7679837c6b67b 65d3372fb0d54e84adb36a58d81c5b76 - - default default] Successfully bumped revision number for resource b33e0ffe-44a3-42ce-99f1-3e78cca0a8ae (type: ports) to 1
2026-08-28 05:27:00.073 9 INFO neutron.wsgi [None req-8c45b643-19c5-4ebe-a44d-eabb48357085 686488c6bf3b498494e7679837c6b67b 65d3372fb0d54e84adb36a58d81c5b76 - - default default] 10.0.0.220 "POST /v2.0/ports HTTP/1.1" status: 201 len: 1160 time: 0.5144610
2026-08-28 05:27:00.149 9 INFO neutron.db.ovn_revision_numbers_db [None req-fd7111b5-a56f-48b2-b1e9-863b55adc1f0 511b4e370867442780eeb182d49315a4 e5d84ec93a4c4c658096169b04f88d23 - - default default] Successfully bumped revision number for resource e9ce3a21-b217-4c2a-9e0b-31a9c842eaa4 (type: security_groups) to 1
2026-08-28 05:27:00.163 9 INFO neutron.db.ovn_revision_numbers_db [None req-fd7111b5-a56f-48b2-b1e9-863b55adc1f0 511b4e370867442780eeb182d49315a4 e5d84ec93a4c4c658096169b04f88d23 - - default default] Successfully bumped revision number for resource 3b13db8f-d7cf-415e-84a1-a48b61f394e7 (type: security_group_rules) to 0
2026-08-28 05:27:00.187 9 INFO neutron.db.ovn_revision_numbers_db [None req-fd7111b5-a56f-48b2-b1e9-863b55adc1f0 511b4e370867442780eeb182d49315a4 e5d84ec93a4c4c658096169b04f88d23 - - default default] Successfully bumped revision number for resource 51089015-0d5b-44ca-9709-4f1f7ef6889a (type: security_group_rules) to 0
2026-08-28 05:27:00.203 9 INFO neutron.db.ovn_revision_numbers_db [None req-fd7111b5-a56f-48b2-b1e9-863b55adc1f0 511b4e370867442780eeb182d49315a4 e5d84ec93a4c4c658096169b04f88d23 - - default default] Successfully bumped revision number for resource 7e429f42-893c-4c6d-a20f-d629d6dfd178 (type: security_group_rules) to 0
2026-08-28 05:27:00.229 9 INFO neutron.db.ovn_revision_numbers_db [None req-fd7111b5-a56f-48b2-b1e9-863b55adc1f0 511b4e370867442780eeb182d49315a4 e5d84ec93a4c4c658096169b04f88d23 - - default default] Successfully bumped revision number for resource e95040a3-4f28-4637-bc67-3f70bbceae9c (type: security_group_rules) to 0
2026-08-28 05:27:00.256 9 INFO neutron.wsgi [None req-fd7111b5-a56f-48b2-b1e9-863b55adc1f0 511b4e370867442780eeb182d49315a4 e5d84ec93a4c4c658096169b04f88d23 - - default default] 10.0.0.220 "GET /v2.0/security-groups?tenant_id=636deb224c4e4703bdfc4066e3b121b1&name=default HTTP/1.1" status: 200 len: 2996 time: 0.5581210
2026-08-28 05:27:00.334 9 INFO neutron.wsgi [None req-0238b456-2914-4295-a8aa-87d4de1f366a 686488c6bf3b498494e7679837c6b67b 65d3372fb0d54e84adb36a58d81c5b76 - - default default] 10.0.0.220 "DELETE /v2.0/ports/b33e0ffe-44a3-42ce-99f1-3e78cca0a8ae HTTP/1.1" status: 204 len: 168 time: 0.2554345
2026-08-28 05:27:00.358 10 INFO neutron.pecan_wsgi.hooks.translation [None req-bd7248ef-b0bf-4344-b2c8-dd79c8c58a3a 686488c6bf3b498494e7679837c6b67b 65d3372fb0d54e84adb36a58d81c5b76 - - default default] DELETE failed (client error): The resource could not be found.
2026-08-28 05:27:00.361 10 INFO neutron.wsgi [None req-bd7248ef-b0bf-4344-b2c8-dd79c8c58a3a 686488c6bf3b498494e7679837c6b67b 65d3372fb0d54e84adb36a58d81c5b76 - - default default] 10.0.0.220 "DELETE /v2.0/ports/b33e0ffe-44a3-42ce-99f1-3e78cca0a8ae HTTP/1.1" status: 404 len: 333 time: 0.0213089
2026-08-28 05:27:00.381 10 INFO neutron.pecan_wsgi.hooks.translation [None req-fb91817d-83ee-4162-9f89-7547f2ed2046 686488c6bf3b498494e7679837c6b67b 65d3372fb0d54e84adb36a58d81c5b76 - - default default] GET failed (client error): The resource could not be found.
2026-08-28 05:27:00.382 10 INFO neutron.wsgi [None req-fb91817d-83ee-4162-9f89-7547f2ed2046 686488c6bf3b498494e7679837c6b67b 65d3372fb0d54e84adb36a58d81c5b76 - - default default] 10.0.0.220 "GET /v2.0/ports/b33e0ffe-44a3-42ce-99f1-3e78cca0a8ae HTTP/1.1" status: 404 len: 333 time: 0.0173683
2026-08-28 05:27:00.496 10 INFO neutron.wsgi [None req-b911d09c-04c6-41f7-a9cd-6a239845b178 511b4e370867442780eeb182d49315a4 e5d84ec93a4c4c658096169b04f88d23 - - default default] 10.0.0.220 "DELETE /v2.0/security-groups/e9ce3a21-b217-4c2a-9e0b-31a9c842eaa4 HTTP/1.1" status: 204 len: 168 time: 0.2345634
2026-08-28 05:27:00.569 9 INFO neutron.wsgi [None req-24555202-c393-42e0-bf03-365d0ba229d3 686488c6bf3b498494e7679837c6b67b 65d3372fb0d54e84adb36a58d81c5b76 - - default default] 10.0.0.220 "DELETE /v2.0/subnets/db64565b-80d9-41ee-a0bb-0a491b6a73c8 HTTP/1.1" status: 204 len: 168 time: 0.1820641
2026-08-28 05:27:00.789 10 INFO neutron.wsgi [None req-da1ee49e-fdde-431a-9963-4fe06f18a3a0 511b4e370867442780eeb182d49315a4 e5d84ec93a4c4c658096169b04f88d23 - - default default] 10.0.0.220 "GET /v2.0/security-groups?tenant_id=a7e17ccd84984096a94ee4321a8baf48&name=default HTTP/1.1" status: 200 len: 2996 time: 0.3043034
2026-08-28 05:27:00.818 9 INFO neutron.db.ovn_revision_numbers_db [None req-d254438d-54d9-4273-bce6-961732d54ecc 511b4e370867442780eeb182d49315a4 e5d84ec93a4c4c658096169b04f88d23 - - default default] Successfully bumped revision number for resource 90642cc1-f76f-4acc-883a-cd301abe21b7 (type: security_groups) to 1
2026-08-28 05:27:00.837 9 INFO neutron.db.ovn_revision_numbers_db [None req-d254438d-54d9-4273-bce6-961732d54ecc 511b4e370867442780eeb182d49315a4 e5d84ec93a4c4c658096169b04f88d23 - - default default] Successfully bumped revision number for resource 058bb2dc-94b4-436a-baa6-6723710a7657 (type: security_group_rules) to 0
2026-08-28 05:27:00.852 9 INFO neutron.db.ovn_revision_numbers_db [None req-d254438d-54d9-4273-bce6-961732d54ecc 511b4e370867442780eeb182d49315a4 e5d84ec93a4c4c658096169b04f88d23 - - default default] Successfully bumped revision number for resource b29b3bf7-5a1c-4643-b37d-a04e362f0918 (type: security_group_rules) to 0
2026-08-28 05:27:00.880 9 INFO neutron.db.ovn_revision_numbers_db [None req-d254438d-54d9-4273-bce6-961732d54ecc 511b4e370867442780eeb182d49315a4 e5d84ec93a4c4c658096169b04f88d23 - - default default] Successfully bumped revision number for resource c34cb28d-1d84-4089-8298-834e23c7a292 (type: security_group_rules) to 0
2026-08-28 05:27:00.908 9 INFO neutron.db.ovn_revision_numbers_db [None req-d254438d-54d9-4273-bce6-961732d54ecc 511b4e370867442780eeb182d49315a4 e5d84ec93a4c4c658096169b04f88d23 - - default default] Successfully bumped revision number for resource e7728ee4-522d-49b9-91ba-8bed894aa12e (type: security_group_rules) to 0
2026-08-28 05:27:00.929 9 INFO neutron.wsgi [None req-d254438d-54d9-4273-bce6-961732d54ecc 511b4e370867442780eeb182d49315a4 e5d84ec93a4c4c658096169b04f88d23 - - default default] 10.0.0.220 "GET /v2.0/security-groups?tenant_id=2733ce3da7834411bd35df18702a5f6e&name=default HTTP/1.1" status: 200 len: 2996 time: 0.3020682
2026-08-28 05:27:00.981 9 INFO neutron.services.segments.plugin [-] Segment 5e7978b5-eb5b-4ef7-9626-7360662befe0 resource provider aggregate not found
2026-08-28 05:27:00.986 9 INFO neutron.services.segments.plugin [-] Segment 5e7978b5-eb5b-4ef7-9626-7360662befe0 resource provider aggregate not found
2026-08-28 05:27:01.005 9 INFO neutron.services.segments.plugin [-] Segment 5e7978b5-eb5b-4ef7-9626-7360662befe0 resource provider not found; error: Placement Client Error (4xx): {"errors": [{"status": 404, "title": "Not Found", "detail": "The resource could not be found.\n\n No resource provider with uuid 5e7978b5-eb5b-4ef7-9626-7360662befe0 found for delete ", "request_id": "req-2e4f64df-249e-4ff8-8084-4933f8a23bd4"}]}
2026-08-28 05:27:01.005 9 INFO neutron.services.segments.plugin [-] Segment 5e7978b5-eb5b-4ef7-9626-7360662befe0 resource provider not found; error: Placement Client Error (4xx): {"errors": [{"status": 404, "title": "Not Found", "detail": "The resource could not be found.\n\n No resource provider with uuid 5e7978b5-eb5b-4ef7-9626-7360662befe0 found for delete ", "request_id": "req-ef4a01ca-3474-49b3-a350-f1313119f64d"}]}
2026-08-28 05:27:01.029 10 INFO neutron.wsgi [None req-9b1eb725-5fa8-4ad2-b6c4-1e6f7c5f66f9 511b4e370867442780eeb182d49315a4 e5d84ec93a4c4c658096169b04f88d23 - - default default] 10.0.0.220 "DELETE /v2.0/security-groups/7ea6c948-1783-4aa6-a0c2-0f5be98c5560 HTTP/1.1" status: 204 len: 168 time: 0.2358863
2026-08-28 05:27:01.033 9 INFO neutron.wsgi [None req-904d0642-e349-4a7f-9099-1317033fbd7c 686488c6bf3b498494e7679837c6b67b 65d3372fb0d54e84adb36a58d81c5b76 - - default default] 10.0.0.220 "DELETE /v2.0/networks/1ea3d0c2-a306-49ff-a5c0-87cedf8ce434 HTTP/1.1" status: 204 len: 168 time: 0.4553680
2026-08-28 05:27:01.155 9 INFO neutron.db.segments_db [None req-29277ee9-6536-4565-ae76-46da4a93377f 686488c6bf3b498494e7679837c6b67b 65d3372fb0d54e84adb36a58d81c5b76 - - default default] Added segment c10fa06c-0ac0-4fe9-b853-f475f9b5ca30 of type geneve for network c8c9e524-7453-4a05-b4dd-e98ff0525811
2026-08-28 05:27:01.160 10 INFO neutron.wsgi [None req-e31f0c32-33a5-4695-bb26-c851f23879d5 511b4e370867442780eeb182d49315a4 e5d84ec93a4c4c658096169b04f88d23 - - default default] 10.0.0.220 "DELETE /v2.0/security-groups/90642cc1-f76f-4acc-883a-cd301abe21b7 HTTP/1.1" status: 204 len: 168 time: 0.2208583
2026-08-28 05:27:01.196 10 INFO neutron.services.segments.plugin [-] Segment fce2c6aa-d342-49f2-87d8-0517e8764067 resource provider aggregate not found
2026-08-28 05:27:01.206 10 INFO neutron.services.segments.plugin [-] Segment fce2c6aa-d342-49f2-87d8-0517e8764067 resource provider aggregate not found
2026-08-28 05:27:01.222 10 INFO neutron.services.segments.plugin [-] Segment fce2c6aa-d342-49f2-87d8-0517e8764067 resource provider not found; error: Placement Client Error (4xx): {"errors": [{"status": 404, "title": "Not Found", "detail": "The resource could not be found.\n\n No resource provider with uuid fce2c6aa-d342-49f2-87d8-0517e8764067 found for delete ", "request_id": "req-ac44532d-d895-4700-a2c1-5754792807db"}]}
2026-08-28 05:27:01.229 10 INFO neutron.services.segments.plugin [-] Segment fce2c6aa-d342-49f2-87d8-0517e8764067 resource provider not found; error: Placement Client Error (4xx): {"errors": [{"status": 404, "title": "Not Found", "detail": "The resource could not be found.\n\n No resource provider with uuid fce2c6aa-d342-49f2-87d8-0517e8764067 found for delete ", "request_id": "req-22affd4b-2aa5-4b19-8d8f-58bed75467f3"}]}
2026-08-28 05:27:01.246 10 INFO neutron.services.segments.plugin [-] Segment 2098b960-16f0-4eb9-ad11-0a7332b301e5 resource provider aggregate not found
2026-08-28 05:27:01.252 10 INFO neutron.services.segments.plugin [-] Segment 2098b960-16f0-4eb9-ad11-0a7332b301e5 resource provider aggregate not found
2026-08-28 05:27:01.263 10 INFO neutron.services.segments.plugin [-] Segment 2098b960-16f0-4eb9-ad11-0a7332b301e5 resource provider not found; error: Placement Client Error (4xx): {"errors": [{"status": 404, "title": "Not Found", "detail": "The resource could not be found.\n\n No resource provider with uuid 2098b960-16f0-4eb9-ad11-0a7332b301e5 found for delete ", "request_id": "req-b79b0d16-7781-4ad1-9125-32b248708fce"}]}
2026-08-28 05:27:01.271 10 INFO neutron.services.segments.plugin [-] Segment 2098b960-16f0-4eb9-ad11-0a7332b301e5 resource provider not found; error: Placement Client Error (4xx): {"errors": [{"status": 404, "title": "Not Found", "detail": "The resource could not be found.\n\n No resource provider with uuid 2098b960-16f0-4eb9-ad11-0a7332b301e5 found for delete ", "request_id": "req-c476f83f-e087-4906-9b4d-c22d75c3df9b"}]}
2026-08-28 05:27:01.310 9 INFO neutron.db.ovn_revision_numbers_db [None req-29277ee9-6536-4565-ae76-46da4a93377f 686488c6bf3b498494e7679837c6b67b 65d3372fb0d54e84adb36a58d81c5b76 - - default default] Successfully bumped revision number for resource c8c9e524-7453-4a05-b4dd-e98ff0525811 (type: networks) to 1
