Aug 25 00:35:36.008673 np0000191039 devstack@neutron-api.service[101588]: DEBUG ovsdbapp.backend.ovs_idl [None req-94ad5f95-3302-4748-bc48-b09eab6a463b None None] Created schema index Meter.name {{(pid=101588) autocreate_indices /opt/stack/data/venv/lib/python3.12/site-packages/ovsdbapp/backend/ovs_idl/__init__.py:106}}
Aug 25 00:35:36.008673 np0000191039 devstack@neutron-api.service[101588]: DEBUG ovsdbapp.backend.ovs_idl [None req-94ad5f95-3302-4748-bc48-b09eab6a463b None None] Created schema index Load_Balancer_Group.name {{(pid=101588) autocreate_indices /opt/stack/data/venv/lib/python3.12/site-packages/ovsdbapp/backend/ovs_idl/__init__.py:106}}
Aug 25 00:35:36.008909 np0000191039 devstack@neutron-api.service[101588]: DEBUG ovsdbapp.backend.ovs_idl [None req-94ad5f95-3302-4748-bc48-b09eab6a463b None None] Created schema index HA_Chassis_Group.name {{(pid=101588) autocreate_indices /opt/stack/data/venv/lib/python3.12/site-packages/ovsdbapp/backend/ovs_idl/__init__.py:106}}
Aug 25 00:35:36.008909 np0000191039 devstack@neutron-api.service[101588]: DEBUG ovsdbapp.backend.ovs_idl [None req-94ad5f95-3302-4748-bc48-b09eab6a463b None None] Created schema index Address_Set.name {{(pid=101588) autocreate_indices /opt/stack/data/venv/lib/python3.12/site-packages/ovsdbapp/backend/ovs_idl/__init__.py:106}}
Aug 25 00:35:36.008909 np0000191039 devstack@neutron-api.service[101588]: DEBUG ovsdbapp.backend.ovs_idl [None req-94ad5f95-3302-4748-bc48-b09eab6a463b None None] Created schema index Connection.target {{(pid=101588) autocreate_indices /opt/stack/data/venv/lib/python3.12/site-packages/ovsdbapp/backend/ovs_idl/__init__.py:106}}
Aug 25 00:35:36.008909 np0000191039 devstack@neutron-api.service[101588]: DEBUG ovsdbapp.backend.ovs_idl [None req-94ad5f95-3302-4748-bc48-b09eab6a463b None None] Created schema index Gateway_Chassis.name {{(pid=101588) autocreate_indices /opt/stack/data/venv/lib/python3.12/site-packages/ovsdbapp/backend/ovs_idl/__init__.py:106}}
Aug 25 00:35:36.008909 np0000191039 devstack@neutron-api.service[101588]: DEBUG ovsdbapp.backend.ovs_idl [None req-94ad5f95-3302-4748-bc48-b09eab6a463b None None] Created schema index Mirror.name {{(pid=101588) autocreate_indices /opt/stack/data/venv/lib/python3.12/site-packages/ovsdbapp/backend/ovs_idl/__init__.py:106}}
Aug 25 00:35:36.009104 np0000191039 devstack@neutron-api.service[101588]: DEBUG ovsdbapp.backend.ovs_idl [None req-94ad5f95-3302-4748-bc48-b09eab6a463b None None] Created schema index Chassis_Template_Var.chassis {{(pid=101588) autocreate_indices /opt/stack/data/venv/lib/python3.12/site-packages/ovsdbapp/backend/ovs_idl/__init__.py:106}}
Aug 25 00:35:36.009104 np0000191039 devstack@neutron-api.service[101588]: DEBUG ovsdbapp.backend.ovs_idl [None req-94ad5f95-3302-4748-bc48-b09eab6a463b None None] Created schema index Logical_Router_Port.name {{(pid=101588) autocreate_indices /opt/stack/data/venv/lib/python3.12/site-packages/ovsdbapp/backend/ovs_idl/__init__.py:106}}
Aug 25 00:35:36.009285 np0000191039 devstack@neutron-api.service[101585]: DEBUG neutron.api.extensions [None req-de44c375-e4ec-40da-88ec-e32799d54179 None None] Extended resource: address-groups {{(pid=101585) __init__ /opt/stack/neutron/neutron/api/extensions.py:156}}
Aug 25 00:35:36.009629 np0000191039 devstack@neutron-api.service[101588]: DEBUG ovsdbapp.backend.ovs_idl [None req-94ad5f95-3302-4748-bc48-b09eab6a463b None None] Created schema index Port_Group.name {{(pid=101588) autocreate_indices /opt/stack/data/venv/lib/python3.12/site-packages/ovsdbapp/backend/ovs_idl/__init__.py:106}}
Aug 25 00:35:36.009855 np0000191039 devstack@neutron-api.service[101588]: DEBUG ovsdbapp.backend.ovs_idl [None req-94ad5f95-3302-4748-bc48-b09eab6a463b None None] Created schema index Logical_Switch_Port.name {{(pid=101588) autocreate_indices /opt/stack/data/venv/lib/python3.12/site-packages/ovsdbapp/backend/ovs_idl/__init__.py:106}}
Aug 25 00:35:36.010262 np0000191039 devstack@neutron-api.service[101585]: DEBUG neutron.api.extensions [None req-de44c375-e4ec-40da-88ec-e32799d54179 None None] Extended resource: address-scopes {{(pid=101585) __init__ /opt/stack/neutron/neutron/api/extensions.py:156}}
Aug 25 00:35:36.013764 np0000191039 devstack@neutron-api.service[101585]: DEBUG neutron.api.extensions [None req-de44c375-e4ec-40da-88ec-e32799d54179 None None] Extended resource: agents {{(pid=101585) __init__ /opt/stack/neutron/neutron/api/extensions.py:156}}
Aug 25 00:35:36.013764 np0000191039 devstack@neutron-api.service[101585]: DEBUG neutron.api.extensions [None req-de44c375-e4ec-40da-88ec-e32799d54179 None None] Extended resource: auto-allocated-topology {{(pid=101585) __init__ /opt/stack/neutron/neutron/api/extensions.py:156}}
Aug 25 00:35:36.013764 np0000191039 devstack@neutron-api.service[101585]: DEBUG neutron.api.extensions [None req-de44c375-e4ec-40da-88ec-e32799d54179 None None] Extended resource: availability_zones {{(pid=101585) __init__ /opt/stack/neutron/neutron/api/extensions.py:156}}
Aug 25 00:35:36.013764 np0000191039 devstack@neutron-api.service[101585]: DEBUG neutron.api.extensions [None req-de44c375-e4ec-40da-88ec-e32799d54179 None None] Extended resource: dhcp-networks {{(pid=101585) __init__ /opt/stack/neutron/neutron/api/extensions.py:156}}
Aug 25 00:35:36.013764 np0000191039 devstack@neutron-api.service[101585]: DEBUG neutron.api.extensions [None req-de44c375-e4ec-40da-88ec-e32799d54179 None None] Extended resource: dhcp-agents {{(pid=101585) __init__ /opt/stack/neutron/neutron/api/extensions.py:156}}
Aug 25 00:35:36.013987 np0000191039 devstack@neutron-api.service[101588]: INFO ovsdbapp.backend.ovs_idl.vlog [None req-94ad5f95-3302-4748-bc48-b09eab6a463b None None] ssl:199.204.45.74:6641: connecting...
Aug 25 00:35:36.014107 np0000191039 devstack@neutron-api.service[101585]: DEBUG neutron.api.extensions [None req-de44c375-e4ec-40da-88ec-e32799d54179 None None] Extended resource: routers {{(pid=101585) __init__ /opt/stack/neutron/neutron/api/extensions.py:156}}
Aug 25 00:35:36.015867 np0000191039 devstack@neutron-api.service[101585]: DEBUG neutron.api.extensions [None req-de44c375-e4ec-40da-88ec-e32799d54179 None None] Extended resource: flavors {{(pid=101585) __init__ /opt/stack/neutron/neutron/api/extensions.py:156}}
Aug 25 00:35:36.016364 np0000191039 devstack@neutron-api.service[101585]: DEBUG neutron.api.extensions [None req-de44c375-e4ec-40da-88ec-e32799d54179 None None] Extended resource: service_profiles {{(pid=101585) __init__ /opt/stack/neutron/neutron/api/extensions.py:156}}
Aug 25 00:35:36.016936 np0000191039 devstack@neutron-api.service[101585]: DEBUG neutron.api.extensions [None req-de44c375-e4ec-40da-88ec-e32799d54179 None None] Extended resource: next_providers {{(pid=101585) __init__ /opt/stack/neutron/neutron/api/extensions.py:156}}
Aug 25 00:35:36.017669 np0000191039 devstack@neutron-api.service[101585]: DEBUG neutron.api.extensions [None req-de44c375-e4ec-40da-88ec-e32799d54179 None None] Extended resource: service_profiles {{(pid=101585) __init__ /opt/stack/neutron/neutron/api/extensions.py:156}}
Aug 25 00:35:36.018034 np0000191039 devstack@neutron-api.service[101588]: INFO ovsdbapp.backend.ovs_idl.vlog [None req-94ad5f95-3302-4748-bc48-b09eab6a463b None None] ssl:199.204.45.74:6641: connected
Aug 25 00:35:36.018577 np0000191039 devstack@neutron-api.service[101585]: DEBUG neutron.api.extensions [None req-de44c375-e4ec-40da-88ec-e32799d54179 None None] Extended resource: floatingip-pools {{(pid=101585) __init__ /opt/stack/neutron/neutron/api/extensions.py:156}}
Aug 25 00:35:36.019331 np0000191039 devstack@neutron-api.service[101585]: DEBUG neutron.api.extensions [None req-de44c375-e4ec-40da-88ec-e32799d54179 None None] Extended resource: routers {{(pid=101585) __init__ /opt/stack/neutron/neutron/api/extensions.py:156}}
Aug 25 00:35:36.020635 np0000191039 devstack@neutron-api.service[101585]: DEBUG neutron.api.extensions [None req-de44c375-e4ec-40da-88ec-e32799d54179 None None] Extended resource: floatingips {{(pid=101585) __init__ /opt/stack/neutron/neutron/api/extensions.py:156}}
Aug 25 00:35:36.021239 np0000191039 devstack@neutron-api.service[101585]: DEBUG neutron.api.extensions [None req-de44c375-e4ec-40da-88ec-e32799d54179 None None] Extended resource: l3-routers {{(pid=101585) __init__ /opt/stack/neutron/neutron/api/extensions.py:156}}
Aug 25 00:35:36.022105 np0000191039 devstack@neutron-api.service[101585]: DEBUG neutron.api.extensions [None req-de44c375-e4ec-40da-88ec-e32799d54179 None None] Extended resource: l3-agents {{(pid=101585) __init__ /opt/stack/neutron/neutron/api/extensions.py:156}}
Aug 25 00:35:36.023696 np0000191039 devstack@neutron-api.service[101585]: DEBUG neutron.api.extensions [None req-de44c375-e4ec-40da-88ec-e32799d54179 None None] Extended resource: network-ip-availabilities {{(pid=101585) __init__ /opt/stack/neutron/neutron/api/extensions.py:156}}
Aug 25 00:35:36.023696 np0000191039 devstack@neutron-api.service[101585]: DEBUG neutron.api.extensions [None req-de44c375-e4ec-40da-88ec-e32799d54179 None None] Extended resource: network-ip-availabilities {{(pid=101585) __init__ /opt/stack/neutron/neutron/api/extensions.py:156}}
Aug 25 00:35:36.024283 np0000191039 devstack@neutron-api.service[101585]: DEBUG neutron.api.extensions [None req-de44c375-e4ec-40da-88ec-e32799d54179 None None] Extended resource: bindings {{(pid=101585) __init__ /opt/stack/neutron/neutron/api/extensions.py:156}}
Aug 25 00:35:36.025377 np0000191039 devstack@neutron-api.service[101585]: DEBUG neutron.api.extensions [None req-de44c375-e4ec-40da-88ec-e32799d54179 None None] Extended resource: quotas {{(pid=101585) __init__ /opt/stack/neutron/neutron/api/extensions.py:156}}
Aug 25 00:35:36.026350 np0000191039 devstack@neutron-api.service[101585]: DEBUG neutron.api.extensions [None req-de44c375-e4ec-40da-88ec-e32799d54179 None None] Extended resource: quotas {{(pid=101585) __init__ /opt/stack/neutron/neutron/api/extensions.py:156}}
Aug 25 00:35:36.027398 np0000191039 devstack@neutron-api.service[101585]: DEBUG neutron.api.extensions [None req-de44c375-e4ec-40da-88ec-e32799d54179 None None] Extended resource: rbac-policies {{(pid=101585) __init__ /opt/stack/neutron/neutron/api/extensions.py:156}}
Aug 25 00:35:36.030815 np0000191039 devstack@neutron-api.service[101585]: DEBUG neutron.api.extensions [None req-de44c375-e4ec-40da-88ec-e32799d54179 None None] Extended resource: default-security-group-rules {{(pid=101585) __init__ /opt/stack/neutron/neutron/api/extensions.py:156}}
Aug 25 00:35:36.030815 np0000191039 devstack@neutron-api.service[101585]: DEBUG neutron.api.extensions [None req-de44c375-e4ec-40da-88ec-e32799d54179 None None] Extended resource: security-groups-default-statefulness {{(pid=101585) __init__ /opt/stack/neutron/neutron/api/extensions.py:156}}
Aug 25 00:35:36.031058 np0000191039 devstack@neutron-api.service[101586]: DEBUG ovsdbapp.backend.ovs_idl [None req-74ffcb6c-65e0-4234-bbb8-777a0989b1ac None None] Created lookup_table index Logical_Switch.name {{(pid=101586) autocreate_indices /opt/stack/data/venv/lib/python3.12/site-packages/ovsdbapp/backend/ovs_idl/__init__.py:87}}
Aug 25 00:35:36.031058 np0000191039 devstack@neutron-api.service[101586]: DEBUG ovsdbapp.backend.ovs_idl [None req-74ffcb6c-65e0-4234-bbb8-777a0989b1ac None None] Created lookup_table index Logical_Router.name {{(pid=101586) autocreate_indices /opt/stack/data/venv/lib/python3.12/site-packages/ovsdbapp/backend/ovs_idl/__init__.py:87}}
Aug 25 00:35:36.031058 np0000191039 devstack@neutron-api.service[101586]: DEBUG ovsdbapp.backend.ovs_idl [None req-74ffcb6c-65e0-4234-bbb8-777a0989b1ac None None] Created lookup_table index Load_Balancer.name {{(pid=101586) autocreate_indices /opt/stack/data/venv/lib/python3.12/site-packages/ovsdbapp/backend/ovs_idl/__init__.py:87}}
Aug 25 00:35:36.031196 np0000191039 devstack@neutron-api.service[101585]: DEBUG neutron.api.extensions [None req-de44c375-e4ec-40da-88ec-e32799d54179 None None] Extended resource: security-groups {{(pid=101585) __init__ /opt/stack/neutron/neutron/api/extensions.py:156}}
Aug 25 00:35:36.031255 np0000191039 devstack@neutron-api.service[101586]: DEBUG ovsdbapp.backend.ovs_idl [None req-74ffcb6c-65e0-4234-bbb8-777a0989b1ac None None] Created schema index Copp.name {{(pid=101586) autocreate_indices /opt/stack/data/venv/lib/python3.12/site-packages/ovsdbapp/backend/ovs_idl/__init__.py:106}}
Aug 25 00:35:36.031255 np0000191039 devstack@neutron-api.service[101586]: DEBUG ovsdbapp.backend.ovs_idl [None req-74ffcb6c-65e0-4234-bbb8-777a0989b1ac None None] Created schema index Meter.name {{(pid=101586) autocreate_indices /opt/stack/data/venv/lib/python3.12/site-packages/ovsdbapp/backend/ovs_idl/__init__.py:106}}
Aug 25 00:35:36.031255 np0000191039 devstack@neutron-api.service[101586]: DEBUG ovsdbapp.backend.ovs_idl [None req-74ffcb6c-65e0-4234-bbb8-777a0989b1ac None None] Created schema index Load_Balancer_Group.name {{(pid=101586) autocreate_indices /opt/stack/data/venv/lib/python3.12/site-packages/ovsdbapp/backend/ovs_idl/__init__.py:106}}
Aug 25 00:35:36.031255 np0000191039 devstack@neutron-api.service[101586]: DEBUG ovsdbapp.backend.ovs_idl [None req-74ffcb6c-65e0-4234-bbb8-777a0989b1ac None None] Created schema index HA_Chassis_Group.name {{(pid=101586) autocreate_indices /opt/stack/data/venv/lib/python3.12/site-packages/ovsdbapp/backend/ovs_idl/__init__.py:106}}
Aug 25 00:35:36.031255 np0000191039 devstack@neutron-api.service[101586]: DEBUG ovsdbapp.backend.ovs_idl [None req-74ffcb6c-65e0-4234-bbb8-777a0989b1ac None None] Created schema index Address_Set.name {{(pid=101586) autocreate_indices /opt/stack/data/venv/lib/python3.12/site-packages/ovsdbapp/backend/ovs_idl/__init__.py:106}}
Aug 25 00:35:36.031393 np0000191039 devstack@neutron-api.service[101585]: DEBUG neutron.api.extensions [None req-de44c375-e4ec-40da-88ec-e32799d54179 None None] Extended resource: security-group-rules {{(pid=101585) __init__ /opt/stack/neutron/neutron/api/extensions.py:156}}
Aug 25 00:35:36.031457 np0000191039 devstack@neutron-api.service[101586]: DEBUG ovsdbapp.backend.ovs_idl [None req-74ffcb6c-65e0-4234-bbb8-777a0989b1ac None None] Created schema index Connection.target {{(pid=101586) autocreate_indices /opt/stack/data/venv/lib/python3.12/site-packages/ovsdbapp/backend/ovs_idl/__init__.py:106}}
Aug 25 00:35:36.031457 np0000191039 devstack@neutron-api.service[101586]: DEBUG ovsdbapp.backend.ovs_idl [None req-74ffcb6c-65e0-4234-bbb8-777a0989b1ac None None] Created schema index Gateway_Chassis.name {{(pid=101586) autocreate_indices /opt/stack/data/venv/lib/python3.12/site-packages/ovsdbapp/backend/ovs_idl/__init__.py:106}}
Aug 25 00:35:36.031457 np0000191039 devstack@neutron-api.service[101586]: DEBUG ovsdbapp.backend.ovs_idl [None req-74ffcb6c-65e0-4234-bbb8-777a0989b1ac None None] Created schema index Mirror.name {{(pid=101586) autocreate_indices /opt/stack/data/venv/lib/python3.12/site-packages/ovsdbapp/backend/ovs_idl/__init__.py:106}}
Aug 25 00:35:36.031457 np0000191039 devstack@neutron-api.service[101586]: DEBUG ovsdbapp.backend.ovs_idl [None req-74ffcb6c-65e0-4234-bbb8-777a0989b1ac None None] Created schema index Chassis_Template_Var.chassis {{(pid=101586) autocreate_indices /opt/stack/data/venv/lib/python3.12/site-packages/ovsdbapp/backend/ovs_idl/__init__.py:106}}
Aug 25 00:35:36.031457 np0000191039 devstack@neutron-api.service[101586]: DEBUG ovsdbapp.backend.ovs_idl [None req-74ffcb6c-65e0-4234-bbb8-777a0989b1ac None None] Created schema index Logical_Router_Port.name {{(pid=101586) autocreate_indices /opt/stack/data/venv/lib/python3.12/site-packages/ovsdbapp/backend/ovs_idl/__init__.py:106}}
Aug 25 00:35:36.031457 np0000191039 devstack@neutron-api.service[101586]: DEBUG ovsdbapp.backend.ovs_idl [None req-74ffcb6c-65e0-4234-bbb8-777a0989b1ac None None] Created schema index Port_Group.name {{(pid=101586) autocreate_indices /opt/stack/data/venv/lib/python3.12/site-packages/ovsdbapp/backend/ovs_idl/__init__.py:106}}
Aug 25 00:35:36.031622 np0000191039 devstack@neutron-api.service[101585]: DEBUG neutron.api.extensions [None req-de44c375-e4ec-40da-88ec-e32799d54179 None None] Extended resource: service-providers {{(pid=101585) __init__ /opt/stack/neutron/neutron/api/extensions.py:156}}
Aug 25 00:35:36.031696 np0000191039 devstack@neutron-api.service[101586]: DEBUG ovsdbapp.backend.ovs_idl [None req-74ffcb6c-65e0-4234-bbb8-777a0989b1ac None None] Created schema index Logical_Switch_Port.name {{(pid=101586) autocreate_indices /opt/stack/data/venv/lib/python3.12/site-packages/ovsdbapp/backend/ovs_idl/__init__.py:106}}
Aug 25 00:35:36.031757 np0000191039 devstack@neutron-api.service[101585]: DEBUG neutron.api.extensions [None req-de44c375-e4ec-40da-88ec-e32799d54179 None None] Extended resource: subnetpools {{(pid=101585) __init__ /opt/stack/neutron/neutron/api/extensions.py:156}}
Aug 25 00:35:36.031757 np0000191039 devstack@neutron-api.service[101585]: DEBUG neutron.api.extensions [None req-de44c375-e4ec-40da-88ec-e32799d54179 None None] Extended resource: subnetpools {{(pid=101585) __init__ /opt/stack/neutron/neutron/api/extensions.py:156}}
Aug 25 00:35:36.031916 np0000191039 devstack@neutron-api.service[101585]: DEBUG neutron.api.extensions [None req-de44c375-e4ec-40da-88ec-e32799d54179 None None] Extended resource: tags {{(pid=101585) __init__ /opt/stack/neutron/neutron/api/extensions.py:156}}
Aug 25 00:35:36.033229 np0000191039 devstack@neutron-api.service[101585]: DEBUG neutron.api.extensions [None req-de44c375-e4ec-40da-88ec-e32799d54179 None None] Extended resource: tags {{(pid=101585) __init__ /opt/stack/neutron/neutron/api/extensions.py:156}}
Aug 25 00:35:36.034106 np0000191039 devstack@neutron-api.service[101585]: DEBUG neutron.api.extensions [None req-de44c375-e4ec-40da-88ec-e32799d54179 None None] Extended resource: tags {{(pid=101585) __init__ /opt/stack/neutron/neutron/api/extensions.py:156}}
Aug 25 00:35:36.034977 np0000191039 devstack@neutron-api.service[101585]: DEBUG neutron.api.extensions [None req-de44c375-e4ec-40da-88ec-e32799d54179 None None] Extended resource: tags {{(pid=101585) __init__ /opt/stack/neutron/neutron/api/extensions.py:156}}
Aug 25 00:35:36.035874 np0000191039 devstack@neutron-api.service[101585]: DEBUG neutron.api.extensions [None req-de44c375-e4ec-40da-88ec-e32799d54179 None None] Extended resource: tags {{(pid=101585) __init__ /opt/stack/neutron/neutron/api/extensions.py:156}}
Aug 25 00:35:36.036290 np0000191039 devstack@neutron-api.service[101586]: INFO ovsdbapp.backend.ovs_idl.vlog [None req-74ffcb6c-65e0-4234-bbb8-777a0989b1ac None None] ssl:199.204.45.74:6641: connecting...
Aug 25 00:35:36.036836 np0000191039 devstack@neutron-api.service[101585]: DEBUG neutron.api.extensions [None req-de44c375-e4ec-40da-88ec-e32799d54179 None None] Extended resource: tags {{(pid=101585) __init__ /opt/stack/neutron/neutron/api/extensions.py:156}}
Aug 25 00:35:36.037986 np0000191039 devstack@neutron-api.service[101585]: DEBUG neutron.api.extensions [None req-de44c375-e4ec-40da-88ec-e32799d54179 None None] Extended resource: tags {{(pid=101585) __init__ /opt/stack/neutron/neutron/api/extensions.py:156}}
Aug 25 00:35:36.039596 np0000191039 devstack@neutron-api.service[101585]: DEBUG neutron.api.extensions [None req-de44c375-e4ec-40da-88ec-e32799d54179 None None] Extended resource: tags {{(pid=101585) __init__ /opt/stack/neutron/neutron/api/extensions.py:156}}
Aug 25 00:35:36.040481 np0000191039 devstack@neutron-api.service[101585]: DEBUG neutron.api.extensions [None req-de44c375-e4ec-40da-88ec-e32799d54179 None None] Extended resource: tags {{(pid=101585) __init__ /opt/stack/neutron/neutron/api/extensions.py:156}}
Aug 25 00:35:36.041335 np0000191039 devstack@neutron-api.service[101585]: DEBUG neutron.api.extensions [None req-de44c375-e4ec-40da-88ec-e32799d54179 None None] Extended resource: tags {{(pid=101585) __init__ /opt/stack/neutron/neutron/api/extensions.py:156}}
Aug 25 00:35:36.042537 np0000191039 devstack@neutron-api.service[101586]: INFO ovsdbapp.backend.ovs_idl.vlog [None req-74ffcb6c-65e0-4234-bbb8-777a0989b1ac None None] ssl:199.204.45.74:6641: connected
Aug 25 00:35:36.051679 np0000191039 devstack@neutron-api.service[101588]: DEBUG neutron.common.ovn.hash_ring_manager [None req-94ad5f95-3302-4748-bc48-b09eab6a463b None None] Disallow caching, nodes 3<4 {{(pid=101588) _wait_startup_before_caching /opt/stack/neutron/neutron/common/ovn/hash_ring_manager.py:79}}
Aug 25 00:35:36.053171 np0000191039 devstack@neutron-api.service[101585]: DEBUG neutron_lib.callbacks.manager [None req-de44c375-e4ec-40da-88ec-e32799d54179 None None] Publish callbacks ['neutron.plugins.ml2.drivers.ovn.mech_driver.mech_driver.OVNMechanismDriver.pre_fork_initialize-960466'] for process (None), before_spawn {{(pid=101585) _notify_loop /opt/stack/data/venv/lib/python3.12/site-packages/neutron_lib/callbacks/manager.py:184}}
Aug 25 00:35:36.054038 np0000191039 devstack@neutron-api.service[101585]: DEBUG oslo_concurrency.processutils [None req-de44c375-e4ec-40da-88ec-e32799d54179 None None] Running cmd (subprocess): ovsdb-client transact ssl:199.204.45.74:6641 --timeout 180 -p /opt/stack/data/CA/int-ca/private/devstack-cert.key -c /opt/stack/data/CA/int-ca/devstack-cert.crt -C /opt/stack/data/CA/int-ca/ca-chain.pem ["OVN_Northbound", {"op": "wait", "timeout": 0, "table": "Port_Group", "where": [["name", "==", "neutron_pg_drop"]], "until": "==", "rows": []}, {"op": "insert", "table": "ACL", "row": {"action": "drop", "direction": "to-lport", "match": "outport == @neutron_pg_drop && ip", "priority": 1000}, "uuid-name": "droptoport"}, {"op": "insert", "table": "ACL", "row": {"action": "drop", "direction": "from-lport", "match": "inport == @neutron_pg_drop && ip", "priority": 1000}, "uuid-name": "dropfromport"}, {"op": "insert", "table": "Port_Group", "row": {"name": "neutron_pg_drop", "acls": ["set", [["named-uuid", "droptoport"], ["named-uuid", "dropfromport"]]]}}] {{(pid=101585) execute /opt/stack/data/venv/lib/python3.12/site-packages/oslo_concurrency/processutils.py:440}}
Aug 25 00:35:36.056077 np0000191039 devstack@neutron-api.service[101588]: DEBUG neutron.common.ovn.hash_ring_manager [None req-94ad5f95-3302-4748-bc48-b09eab6a463b None None] Hash Ring loaded. 3 active nodes. 0 offline nodes {{(pid=101588) _load_hash_ring /opt/stack/neutron/neutron/common/ovn/hash_ring_manager.py:110}}
Aug 25 00:35:36.056207 np0000191039 devstack@neutron-api.service[101588]: DEBUG neutron.plugins.ml2.drivers.ovn.mech_driver.ovsdb.ovsdb_monitor [None req-94ad5f95-3302-4748-bc48-b09eab6a463b None None] Hash Ring: Node da3163e69ac7593391ab618f167e5cea (host: np0000191039) handling event "create" for row 22db7a11-3e29-45ed-8364-50fb9803dbf3 (table: ACL) {{(pid=101588) notify /opt/stack/neutron/neutron/plugins/ml2/drivers/ovn/mech_driver/ovsdb/ovsdb_monitor.py:1099}}
Aug 25 00:35:36.062454 np0000191039 devstack@neutron-api.service[101588]: DEBUG neutron.common.ovn.hash_ring_manager [None req-94ad5f95-3302-4748-bc48-b09eab6a463b None None] Hash Ring loaded. 3 active nodes. 0 offline nodes {{(pid=101588) _load_hash_ring /opt/stack/neutron/neutron/common/ovn/hash_ring_manager.py:110}}
Aug 25 00:35:36.062647 np0000191039 devstack@neutron-api.service[101588]: DEBUG neutron.plugins.ml2.drivers.ovn.mech_driver.ovsdb.ovsdb_monitor [None req-94ad5f95-3302-4748-bc48-b09eab6a463b None None] Hash Ring: Node da3163e69ac7593391ab618f167e5cea (host: np0000191039) handling event "create" for row 409f8fba-a299-43cc-acce-c138aa472fa2 (table: ACL) {{(pid=101588) notify /opt/stack/neutron/neutron/plugins/ml2/drivers/ovn/mech_driver/ovsdb/ovsdb_monitor.py:1099}}
Aug 25 00:35:36.067495 np0000191039 devstack@neutron-api.service[101588]: DEBUG neutron.common.ovn.hash_ring_manager [None req-94ad5f95-3302-4748-bc48-b09eab6a463b None None] Hash Ring loaded. 3 active nodes. 0 offline nodes {{(pid=101588) _load_hash_ring /opt/stack/neutron/neutron/common/ovn/hash_ring_manager.py:110}}
Aug 25 00:35:36.074635 np0000191039 devstack@neutron-api.service[101588]: DEBUG neutron.common.ovn.hash_ring_manager [None req-94ad5f95-3302-4748-bc48-b09eab6a463b None None] Hash Ring loaded. 3 active nodes. 0 offline nodes {{(pid=101588) _load_hash_ring /opt/stack/neutron/neutron/common/ovn/hash_ring_manager.py:110}}
Aug 25 00:35:36.074787 np0000191039 devstack@neutron-api.service[101588]: DEBUG neutron.plugins.ml2.drivers.ovn.mech_driver.ovsdb.ovsdb_monitor [None req-94ad5f95-3302-4748-bc48-b09eab6a463b None None] Hash Ring: Node da3163e69ac7593391ab618f167e5cea (host: np0000191039) handling event "create" for row e399a8f9-5a3c-43fc-b6e3-1599f606b590 (table: ACL) {{(pid=101588) notify /opt/stack/neutron/neutron/plugins/ml2/drivers/ovn/mech_driver/ovsdb/ovsdb_monitor.py:1099}}
Aug 25 00:35:36.080538 np0000191039 devstack@neutron-api.service[101588]: DEBUG neutron.common.ovn.hash_ring_manager [None req-94ad5f95-3302-4748-bc48-b09eab6a463b None None] Hash Ring loaded. 3 active nodes. 0 offline nodes {{(pid=101588) _load_hash_ring /opt/stack/neutron/neutron/common/ovn/hash_ring_manager.py:110}}
Aug 25 00:35:36.085744 np0000191039 devstack@neutron-api.service[101588]: DEBUG neutron.common.ovn.hash_ring_manager [None req-94ad5f95-3302-4748-bc48-b09eab6a463b None None] Hash Ring loaded. 3 active nodes. 0 offline nodes {{(pid=101588) _load_hash_ring /opt/stack/neutron/neutron/common/ovn/hash_ring_manager.py:110}}
Aug 25 00:35:36.088607 np0000191039 devstack@neutron-api.service[101585]: DEBUG oslo_concurrency.processutils [None req-de44c375-e4ec-40da-88ec-e32799d54179 None None] CMD "ovsdb-client transact ssl:199.204.45.74:6641 --timeout 180 -p /opt/stack/data/CA/int-ca/private/devstack-cert.key -c /opt/stack/data/CA/int-ca/devstack-cert.crt -C /opt/stack/data/CA/int-ca/ca-chain.pem ["OVN_Northbound", {"op": "wait", "timeout": 0, "table": "Port_Group", "where": [["name", "==", "neutron_pg_drop"]], "until": "==", "rows": []}, {"op": "insert", "table": "ACL", "row": {"action": "drop", "direction": "to-lport", "match": "outport == @neutron_pg_drop && ip", "priority": 1000}, "uuid-name": "droptoport"}, {"op": "insert", "table": "ACL", "row": {"action": "drop", "direction": "from-lport", "match": "inport == @neutron_pg_drop && ip", "priority": 1000}, "uuid-name": "dropfromport"}, {"op": "insert", "table": "Port_Group", "row": {"name": "neutron_pg_drop", "acls": ["set", [["named-uuid", "droptoport"], ["named-uuid", "dropfromport"]]]}}]" returned: 0 in 0.035s {{(pid=101585) execute /opt/stack/data/venv/lib/python3.12/site-packages/oslo_concurrency/processutils.py:468}}
Aug 25 00:35:36.089164 np0000191039 devstack@neutron-api.service[101585]: DEBUG neutron_lib.callbacks.manager [None req-de44c375-e4ec-40da-88ec-e32799d54179 None None] Publish callbacks ['neutron.plugins.ml2.drivers.ovn.mech_driver.mech_driver.OVNMechanismDriver.post_fork_initialize-960442', 'neutron.services.pvlan.drivers.ovn.driver._initialize_pvlan_pg_drop-8124592788140', 'neutron.services.ovn_l3.plugin.OVNL3RouterPlugin._post_fork_initialize-574098'] for process (None), after_init {{(pid=101585) _notify_loop /opt/stack/data/venv/lib/python3.12/site-packages/neutron_lib/callbacks/manager.py:184}}
Aug 25 00:35:36.089552 np0000191039 devstack@neutron-api.service[101585]: DEBUG oslo_concurrency.lockutils [None req-de44c375-e4ec-40da-88ec-e32799d54179 None None] Acquiring lock "singleton_lock" {{(pid=101585) lock /opt/stack/data/venv/lib/python3.12/site-packages/oslo_concurrency/lockutils.py:396}}
Aug 25 00:35:36.089760 np0000191039 devstack@neutron-api.service[101585]: DEBUG oslo_concurrency.lockutils [None req-de44c375-e4ec-40da-88ec-e32799d54179 None None] Acquired lock "singleton_lock" {{(pid=101585) lock /opt/stack/data/venv/lib/python3.12/site-packages/oslo_concurrency/lockutils.py:399}}
Aug 25 00:35:36.089959 np0000191039 devstack@neutron-api.service[101586]: DEBUG neutron.common.ovn.hash_ring_manager [None req-74ffcb6c-65e0-4234-bbb8-777a0989b1ac None None] Disallow caching, nodes 3<4 {{(pid=101586) _wait_startup_before_caching /opt/stack/neutron/neutron/common/ovn/hash_ring_manager.py:79}}
Aug 25 00:35:36.090026 np0000191039 devstack@neutron-api.service[101585]: DEBUG oslo_concurrency.lockutils [None req-de44c375-e4ec-40da-88ec-e32799d54179 None None] Releasing lock "singleton_lock" {{(pid=101585) lock /opt/stack/data/venv/lib/python3.12/site-packages/oslo_concurrency/lockutils.py:419}}
Aug 25 00:35:36.091116 np0000191039 devstack@neutron-api.service[101588]: DEBUG neutron.common.ovn.hash_ring_manager [None req-94ad5f95-3302-4748-bc48-b09eab6a463b None None] Hash Ring loaded. 3 active nodes. 0 offline nodes {{(pid=101588) _load_hash_ring /opt/stack/neutron/neutron/common/ovn/hash_ring_manager.py:110}}
Aug 25 00:35:36.091180 np0000191039 devstack@neutron-api.service[101588]: DEBUG neutron.plugins.ml2.drivers.ovn.mech_driver.ovsdb.ovsdb_monitor [None req-94ad5f95-3302-4748-bc48-b09eab6a463b None None] Hash Ring: Node da3163e69ac7593391ab618f167e5cea (host: np0000191039) handling event "create" for row e1f43183-faa4-4cf4-9e1e-12fbc105db3d (table: Port_Group) {{(pid=101588) notify /opt/stack/neutron/neutron/plugins/ml2/drivers/ovn/mech_driver/ovsdb/ovsdb_monitor.py:1099}}
Aug 25 00:35:36.092363 np0000191039 devstack@neutron-api.service[101585]: DEBUG neutron.plugins.ml2.drivers.ovn.mech_driver.mech_driver [None req-de44c375-e4ec-40da-88ec-e32799d54179 None None] Hash Ring setup using WSGI start time 2026-08-25 00:35:35+00:00 {{(pid=101585) _init_hash_ring /opt/stack/neutron/neutron/plugins/ml2/drivers/ovn/mech_driver/mech_driver.py:382}}
Aug 25 00:35:36.094237 np0000191039 devstack@neutron-api.service[101586]: DEBUG neutron.common.ovn.hash_ring_manager [None req-74ffcb6c-65e0-4234-bbb8-777a0989b1ac None None] Hash Ring loaded. 3 active nodes. 0 offline nodes {{(pid=101586) _load_hash_ring /opt/stack/neutron/neutron/common/ovn/hash_ring_manager.py:110}}
Aug 25 00:35:36.097622 np0000191039 devstack@neutron-api.service[101588]: DEBUG neutron.common.ovn.hash_ring_manager [None req-94ad5f95-3302-4748-bc48-b09eab6a463b None None] Hash Ring loaded. 3 active nodes. 0 offline nodes {{(pid=101588) _load_hash_ring /opt/stack/neutron/neutron/common/ovn/hash_ring_manager.py:110}}
Aug 25 00:35:36.098585 np0000191039 devstack@neutron-api.service[101585]: INFO neutron.db.ovn_hash_ring_db [None req-de44c375-e4ec-40da-88ec-e32799d54179 None None] Nodes from host "np0000191039" and group "mechanism_driver" removed from the Hash Ring created at 2026-08-25 00:35:35+00:00
Aug 25 00:35:36.102074 np0000191039 devstack@neutron-api.service[101586]: DEBUG neutron.common.ovn.hash_ring_manager [None req-74ffcb6c-65e0-4234-bbb8-777a0989b1ac None None] Hash Ring loaded. 3 active nodes. 0 offline nodes {{(pid=101586) _load_hash_ring /opt/stack/neutron/neutron/common/ovn/hash_ring_manager.py:110}}
Aug 25 00:35:36.106222 np0000191039 devstack@neutron-api.service[101588]: DEBUG neutron.common.ovn.hash_ring_manager [None req-94ad5f95-3302-4748-bc48-b09eab6a463b None None] Hash Ring loaded. 3 active nodes. 0 offline nodes {{(pid=101588) _load_hash_ring /opt/stack/neutron/neutron/common/ovn/hash_ring_manager.py:110}}
Aug 25 00:35:36.106443 np0000191039 devstack@neutron-api.service[101588]: DEBUG neutron.plugins.ml2.drivers.ovn.mech_driver.ovsdb.ovsdb_monitor [None req-94ad5f95-3302-4748-bc48-b09eab6a463b None None] Hash Ring: Node da3163e69ac7593391ab618f167e5cea (host: np0000191039) handling event "create" for row 729206d0-cc96-4c94-b3a0-09dac7b72e1e (table: SSL) {{(pid=101588) notify /opt/stack/neutron/neutron/plugins/ml2/drivers/ovn/mech_driver/ovsdb/ovsdb_monitor.py:1099}}
Aug 25 00:35:36.107199 np0000191039 devstack@neutron-api.service[101586]: DEBUG neutron.common.ovn.hash_ring_manager [None req-74ffcb6c-65e0-4234-bbb8-777a0989b1ac None None] Hash Ring loaded. 3 active nodes. 0 offline nodes {{(pid=101586) _load_hash_ring /opt/stack/neutron/neutron/common/ovn/hash_ring_manager.py:110}}
Aug 25 00:35:36.107425 np0000191039 devstack@neutron-api.service[101586]: DEBUG neutron.plugins.ml2.drivers.ovn.mech_driver.ovsdb.ovsdb_monitor [None req-74ffcb6c-65e0-4234-bbb8-777a0989b1ac None None] Hash Ring: Node addab388f7925bcda4851f995908673a (host: np0000191039) handling event "create" for row 9db906a3-d8ca-42be-b1a6-50472ef8f08f (table: ACL) {{(pid=101586) notify /opt/stack/neutron/neutron/plugins/ml2/drivers/ovn/mech_driver/ovsdb/ovsdb_monitor.py:1099}}
Aug 25 00:35:36.107981 np0000191039 devstack@neutron-api.service[101588]: INFO neutron.plugins.ml2.drivers.ovn.mech_driver.ovsdb.impl_idl_ovn [None req-94ad5f95-3302-4748-bc48-b09eab6a463b None None] Getting OvsdbSbOvnIdl for WorkerService with retry
Aug 25 00:35:36.108172 np0000191039 devstack@neutron-api.service[101585]: INFO neutron.db.ovn_hash_ring_db [None req-de44c375-e4ec-40da-88ec-e32799d54179 None None] Node 77e7c98ed74056c08d5b7b6d88af004b from host "np0000191039" and group "mechanism_driver" added to the Hash Ring
Aug 25 00:35:36.111460 np0000191039 devstack@neutron-api.service[101585]: DEBUG neutron.plugins.ml2.drivers.ovn.mech_driver.mech_driver [None req-de44c375-e4ec-40da-88ec-e32799d54179 None None] Hash Ring setup, this worker has detected 4 OVN hash ring registers in the database {{(pid=101585) _init_hash_ring /opt/stack/neutron/neutron/plugins/ml2/drivers/ovn/mech_driver/mech_driver.py:392}}
Aug 25 00:35:36.115703 np0000191039 devstack@neutron-api.service[101586]: DEBUG neutron.common.ovn.hash_ring_manager [None req-74ffcb6c-65e0-4234-bbb8-777a0989b1ac None None] Hash Ring loaded. 3 active nodes. 0 offline nodes {{(pid=101586) _load_hash_ring /opt/stack/neutron/neutron/common/ovn/hash_ring_manager.py:110}}
Aug 25 00:35:36.118388 np0000191039 devstack@neutron-api.service[101585]: DEBUG neutron.plugins.ml2.drivers.ovn.mech_driver.ovsdb.maintenance [None req-de44c375-e4ec-40da-88ec-e32799d54179 None None] Periodic task found: HashRingHealthCheckPeriodics.touch_hash_ring_node {{(pid=101585) add_periodics /opt/stack/neutron/neutron/plugins/ml2/drivers/ovn/mech_driver/ovsdb/maintenance.py:151}}
Aug 25 00:35:36.119704 np0000191039 devstack@neutron-api.service[101585]: INFO neutron.plugins.ml2.drivers.ovn.mech_driver.mech_driver [None req-de44c375-e4ec-40da-88ec-e32799d54179 None None] Hash Ring probing thread for node 77e7c98ed74056c08d5b7b6d88af004b has started
Aug 25 00:35:36.120300 np0000191039 devstack@neutron-api.service[101585]: INFO neutron.plugins.ml2.drivers.ovn.mech_driver.ovsdb.impl_idl_ovn [None req-de44c375-e4ec-40da-88ec-e32799d54179 None None] Getting OvsdbNbOvnIdl for WorkerService with retry
Aug 25 00:35:36.120931 np0000191039 devstack@neutron-api.service[101586]: DEBUG neutron.common.ovn.hash_ring_manager [None req-74ffcb6c-65e0-4234-bbb8-777a0989b1ac None None] Hash Ring loaded. 4 active nodes. 0 offline nodes {{(pid=101586) _load_hash_ring /opt/stack/neutron/neutron/common/ovn/hash_ring_manager.py:110}}
Aug 25 00:35:36.123358 np0000191039 devstack@neutron-api.service[101586]: DEBUG neutron.common.ovn.hash_ring_manager [None req-74ffcb6c-65e0-4234-bbb8-777a0989b1ac None None] Allow caching, nodes 4>=4 {{(pid=101586) _wait_startup_before_caching /opt/stack/neutron/neutron/common/ovn/hash_ring_manager.py:71}}
Aug 25 00:35:36.123358 np0000191039 devstack@neutron-api.service[101586]: DEBUG neutron.plugins.ml2.drivers.ovn.mech_driver.ovsdb.ovsdb_monitor [None req-74ffcb6c-65e0-4234-bbb8-777a0989b1ac None None] Hash Ring: Node addab388f7925bcda4851f995908673a (host: np0000191039) handling event "create" for row 800c369c-9b05-474b-bcc3-081e816aa31c (table: NB_Global) {{(pid=101586) notify /opt/stack/neutron/neutron/plugins/ml2/drivers/ovn/mech_driver/ovsdb/ovsdb_monitor.py:1099}}
Aug 25 00:35:36.123862 np0000191039 devstack@neutron-api.service[101586]: DEBUG neutron.plugins.ml2.drivers.ovn.mech_driver.ovsdb.ovsdb_monitor [None req-74ffcb6c-65e0-4234-bbb8-777a0989b1ac None None] Hash Ring: Node addab388f7925bcda4851f995908673a (host: np0000191039) handling event "create" for row fca30103-f273-423a-997d-8c2aaddac97f (table: Port_Group) {{(pid=101586) notify /opt/stack/neutron/neutron/plugins/ml2/drivers/ovn/mech_driver/ovsdb/ovsdb_monitor.py:1099}}
Aug 25 00:35:36.124903 np0000191039 devstack@neutron-api.service[101586]: INFO neutron.plugins.ml2.drivers.ovn.mech_driver.ovsdb.impl_idl_ovn [None req-74ffcb6c-65e0-4234-bbb8-777a0989b1ac None None] Getting OvsdbSbOvnIdl for WorkerService with retry
Aug 25 00:35:36.143579 np0000191039 devstack@neutron-api.service[101588]: DEBUG ovsdbapp.backend.ovs_idl [None req-94ad5f95-3302-4748-bc48-b09eab6a463b None None] Created lookup_table index Chassis.name {{(pid=101588) autocreate_indices /opt/stack/data/venv/lib/python3.12/site-packages/ovsdbapp/backend/ovs_idl/__init__.py:87}}
Aug 25 00:35:36.143704 np0000191039 devstack@neutron-api.service[101588]: DEBUG ovsdbapp.backend.ovs_idl [None req-94ad5f95-3302-4748-bc48-b09eab6a463b None None] Created lookup_table index Port_Binding.logical_port {{(pid=101588) autocreate_indices /opt/stack/data/venv/lib/python3.12/site-packages/ovsdbapp/backend/ovs_idl/__init__.py:87}}
Aug 25 00:35:36.143753 np0000191039 devstack@neutron-api.service[101588]: DEBUG ovsdbapp.backend.ovs_idl [None req-94ad5f95-3302-4748-bc48-b09eab6a463b None None] Created schema index Chassis_Private.name {{(pid=101588) autocreate_indices /opt/stack/data/venv/lib/python3.12/site-packages/ovsdbapp/backend/ovs_idl/__init__.py:106}}
Aug 25 00:35:36.143879 np0000191039 devstack@neutron-api.service[101588]: DEBUG ovsdbapp.backend.ovs_idl [None req-94ad5f95-3302-4748-bc48-b09eab6a463b None None] Created schema index Datapath_Binding.tunnel_key {{(pid=101588) autocreate_indices /opt/stack/data/venv/lib/python3.12/site-packages/ovsdbapp/backend/ovs_idl/__init__.py:106}}
Aug 25 00:35:36.146195 np0000191039 devstack@neutron-api.service[101588]: INFO ovsdbapp.backend.ovs_idl.vlog [None req-94ad5f95-3302-4748-bc48-b09eab6a463b None None] ssl:199.204.45.74:6642: connecting...
Aug 25 00:35:36.150861 np0000191039 devstack@neutron-api.service[101588]: INFO ovsdbapp.backend.ovs_idl.vlog [None req-94ad5f95-3302-4748-bc48-b09eab6a463b None None] ssl:199.204.45.74:6642: connected
Aug 25 00:35:36.153849 np0000191039 devstack@neutron-api.service[101586]: DEBUG ovsdbapp.backend.ovs_idl [None req-74ffcb6c-65e0-4234-bbb8-777a0989b1ac None None] Created lookup_table index Chassis.name {{(pid=101586) autocreate_indices /opt/stack/data/venv/lib/python3.12/site-packages/ovsdbapp/backend/ovs_idl/__init__.py:87}}
Aug 25 00:35:36.153849 np0000191039 devstack@neutron-api.service[101586]: DEBUG ovsdbapp.backend.ovs_idl [None req-74ffcb6c-65e0-4234-bbb8-777a0989b1ac None None] Created lookup_table index Port_Binding.logical_port {{(pid=101586) autocreate_indices /opt/stack/data/venv/lib/python3.12/site-packages/ovsdbapp/backend/ovs_idl/__init__.py:87}}
Aug 25 00:35:36.154038 np0000191039 devstack@neutron-api.service[101586]: DEBUG ovsdbapp.backend.ovs_idl [None req-74ffcb6c-65e0-4234-bbb8-777a0989b1ac None None] Created schema index Chassis_Private.name {{(pid=101586) autocreate_indices /opt/stack/data/venv/lib/python3.12/site-packages/ovsdbapp/backend/ovs_idl/__init__.py:106}}
Aug 25 00:35:36.154038 np0000191039 devstack@neutron-api.service[101586]: DEBUG ovsdbapp.backend.ovs_idl [None req-74ffcb6c-65e0-4234-bbb8-777a0989b1ac None None] Created schema index Datapath_Binding.tunnel_key {{(pid=101586) autocreate_indices /opt/stack/data/venv/lib/python3.12/site-packages/ovsdbapp/backend/ovs_idl/__init__.py:106}}
Aug 25 00:35:36.156172 np0000191039 devstack@neutron-api.service[101586]: INFO ovsdbapp.backend.ovs_idl.vlog [None req-74ffcb6c-65e0-4234-bbb8-777a0989b1ac None None] ssl:199.204.45.74:6642: connecting...
Aug 25 00:35:36.161161 np0000191039 devstack@neutron-api.service[101586]: INFO ovsdbapp.backend.ovs_idl.vlog [None req-74ffcb6c-65e0-4234-bbb8-777a0989b1ac None None] ssl:199.204.45.74:6642: connected
Aug 25 00:35:36.165451 np0000191039 devstack@neutron-api.service[101585]: DEBUG ovsdbapp.backend.ovs_idl [None req-de44c375-e4ec-40da-88ec-e32799d54179 None None] Created lookup_table index Logical_Switch.name {{(pid=101585) autocreate_indices /opt/stack/data/venv/lib/python3.12/site-packages/ovsdbapp/backend/ovs_idl/__init__.py:87}}
Aug 25 00:35:36.165540 np0000191039 devstack@neutron-api.service[101585]: DEBUG ovsdbapp.backend.ovs_idl [None req-de44c375-e4ec-40da-88ec-e32799d54179 None None] Created lookup_table index Logical_Router.name {{(pid=101585) autocreate_indices /opt/stack/data/venv/lib/python3.12/site-packages/ovsdbapp/backend/ovs_idl/__init__.py:87}}
Aug 25 00:35:36.165634 np0000191039 devstack@neutron-api.service[101585]: DEBUG ovsdbapp.backend.ovs_idl [None req-de44c375-e4ec-40da-88ec-e32799d54179 None None] Created lookup_table index Load_Balancer.name {{(pid=101585) autocreate_indices /opt/stack/data/venv/lib/python3.12/site-packages/ovsdbapp/backend/ovs_idl/__init__.py:87}}
Aug 25 00:35:36.165746 np0000191039 devstack@neutron-api.service[101585]: DEBUG ovsdbapp.backend.ovs_idl [None req-de44c375-e4ec-40da-88ec-e32799d54179 None None] Created schema index Copp.name {{(pid=101585) autocreate_indices /opt/stack/data/venv/lib/python3.12/site-packages/ovsdbapp/backend/ovs_idl/__init__.py:106}}
Aug 25 00:35:36.165786 np0000191039 devstack@neutron-api.service[101585]: DEBUG ovsdbapp.backend.ovs_idl [None req-de44c375-e4ec-40da-88ec-e32799d54179 None None] Created schema index Meter.name {{(pid=101585) autocreate_indices /opt/stack/data/venv/lib/python3.12/site-packages/ovsdbapp/backend/ovs_idl/__init__.py:106}}
Aug 25 00:35:36.165895 np0000191039 devstack@neutron-api.service[101585]: DEBUG ovsdbapp.backend.ovs_idl [None req-de44c375-e4ec-40da-88ec-e32799d54179 None None] Created schema index Load_Balancer_Group.name {{(pid=101585) autocreate_indices /opt/stack/data/venv/lib/python3.12/site-packages/ovsdbapp/backend/ovs_idl/__init__.py:106}}
Aug 25 00:35:36.165980 np0000191039 devstack@neutron-api.service[101585]: DEBUG ovsdbapp.backend.ovs_idl [None req-de44c375-e4ec-40da-88ec-e32799d54179 None None] Created schema index HA_Chassis_Group.name {{(pid=101585) autocreate_indices /opt/stack/data/venv/lib/python3.12/site-packages/ovsdbapp/backend/ovs_idl/__init__.py:106}}
Aug 25 00:35:36.166068 np0000191039 devstack@neutron-api.service[101585]: DEBUG ovsdbapp.backend.ovs_idl [None req-de44c375-e4ec-40da-88ec-e32799d54179 None None] Created schema index Address_Set.name {{(pid=101585) autocreate_indices /opt/stack/data/venv/lib/python3.12/site-packages/ovsdbapp/backend/ovs_idl/__init__.py:106}}
Aug 25 00:35:36.166159 np0000191039 devstack@neutron-api.service[101585]: DEBUG ovsdbapp.backend.ovs_idl [None req-de44c375-e4ec-40da-88ec-e32799d54179 None None] Created schema index Connection.target {{(pid=101585) autocreate_indices /opt/stack/data/venv/lib/python3.12/site-packages/ovsdbapp/backend/ovs_idl/__init__.py:106}}
Aug 25 00:35:36.166255 np0000191039 devstack@neutron-api.service[101585]: DEBUG ovsdbapp.backend.ovs_idl [None req-de44c375-e4ec-40da-88ec-e32799d54179 None None] Created schema index Gateway_Chassis.name {{(pid=101585) autocreate_indices /opt/stack/data/venv/lib/python3.12/site-packages/ovsdbapp/backend/ovs_idl/__init__.py:106}}
Aug 25 00:35:36.166346 np0000191039 devstack@neutron-api.service[101585]: DEBUG ovsdbapp.backend.ovs_idl [None req-de44c375-e4ec-40da-88ec-e32799d54179 None None] Created schema index Mirror.name {{(pid=101585) autocreate_indices /opt/stack/data/venv/lib/python3.12/site-packages/ovsdbapp/backend/ovs_idl/__init__.py:106}}
Aug 25 00:35:36.166436 np0000191039 devstack@neutron-api.service[101585]: DEBUG ovsdbapp.backend.ovs_idl [None req-de44c375-e4ec-40da-88ec-e32799d54179 None None] Created schema index Chassis_Template_Var.chassis {{(pid=101585) autocreate_indices /opt/stack/data/venv/lib/python3.12/site-packages/ovsdbapp/backend/ovs_idl/__init__.py:106}}
Aug 25 00:35:36.166709 np0000191039 devstack@neutron-api.service[101585]: DEBUG ovsdbapp.backend.ovs_idl [None req-de44c375-e4ec-40da-88ec-e32799d54179 None None] Created schema index Logical_Router_Port.name {{(pid=101585) autocreate_indices /opt/stack/data/venv/lib/python3.12/site-packages/ovsdbapp/backend/ovs_idl/__init__.py:106}}
Aug 25 00:35:36.166709 np0000191039 devstack@neutron-api.service[101585]: DEBUG ovsdbapp.backend.ovs_idl [None req-de44c375-e4ec-40da-88ec-e32799d54179 None None] Created schema index Port_Group.name {{(pid=101585) autocreate_indices /opt/stack/data/venv/lib/python3.12/site-packages/ovsdbapp/backend/ovs_idl/__init__.py:106}}
Aug 25 00:35:36.166709 np0000191039 devstack@neutron-api.service[101585]: DEBUG ovsdbapp.backend.ovs_idl [None req-de44c375-e4ec-40da-88ec-e32799d54179 None None] Created schema index Logical_Switch_Port.name {{(pid=101585) autocreate_indices /opt/stack/data/venv/lib/python3.12/site-packages/ovsdbapp/backend/ovs_idl/__init__.py:106}}
Aug 25 00:35:36.168859 np0000191039 devstack@neutron-api.service[101585]: INFO ovsdbapp.backend.ovs_idl.vlog [None req-de44c375-e4ec-40da-88ec-e32799d54179 None None] ssl:199.204.45.74:6641: connecting...
Aug 25 00:35:36.174794 np0000191039 devstack@neutron-api.service[101585]: INFO ovsdbapp.backend.ovs_idl.vlog [None req-de44c375-e4ec-40da-88ec-e32799d54179 None None] ssl:199.204.45.74:6641: connected
Aug 25 00:35:36.182916 np0000191039 devstack@neutron-api.service[101588]: DEBUG neutron.common.ovn.hash_ring_manager [None req-94ad5f95-3302-4748-bc48-b09eab6a463b None None] Allow caching, nodes 4>=4 {{(pid=101588) _wait_startup_before_caching /opt/stack/neutron/neutron/common/ovn/hash_ring_manager.py:71}}
Aug 25 00:35:36.187877 np0000191039 devstack@neutron-api.service[101588]: DEBUG neutron.common.ovn.hash_ring_manager [None req-94ad5f95-3302-4748-bc48-b09eab6a463b None None] Hash Ring loaded. 4 active nodes. 0 offline nodes {{(pid=101588) _load_hash_ring /opt/stack/neutron/neutron/common/ovn/hash_ring_manager.py:110}}
Aug 25 00:35:36.188073 np0000191039 devstack@neutron-api.service[101588]: DEBUG neutron.plugins.ml2.drivers.ovn.mech_driver.ovsdb.ovsdb_monitor [None req-94ad5f95-3302-4748-bc48-b09eab6a463b None None] Hash Ring: Node da3163e69ac7593391ab618f167e5cea (host: np0000191039) handling event "create" for row 22586477-75f4-4149-98ae-70f796741874 (table: Chassis) {{(pid=101588) notify /opt/stack/neutron/neutron/plugins/ml2/drivers/ovn/mech_driver/ovsdb/ovsdb_monitor.py:1099}}
Aug 25 00:35:36.189226 np0000191039 devstack@neutron-api.service[101588]: DEBUG ovsdbapp.backend.ovs_idl.event [None req-94ad5f95-3302-4748-bc48-b09eab6a463b None None] Matched CREATE: ChassisBandwidthConfigEvent(events=('create', 'update'), table='Chassis', conditions=None, old_conditions=None), priority=20 to row=Chassis(uuid=22586477-75f4-4149-98ae-70f796741874, encaps=[336d9a58-4481-467a-b653-5be4ea97ea29], external_ids={}, hostname='np0000191039', name='4220e286-e126-4fc7-9c10-208f3a8896c7', nb_cfg=0, other_config={'ct-commit-nat-v2': 'true', 'ct-commit-to-zone': 'true', 'ct-next-zone': 'true', 'ct-no-masked-label': 'true', 'ct-state-save': 'true', 'datapath-type': 'system', 'fdb-timestamp': 'true', 'iface-types': 'afxdp,afxdp-nonpmd,bareudp,erspan,geneve,gre,gtpu,internal,ip6erspan,ip6gre,lisp,patch,srv6,stt,system,tap,vxlan', 'is-interconn': 'false', 'ls-dpg-column': 'true', 'mac-binding-timestamp': 'true', 'ovn-bridge-mappings': 'public:br-ex', 'ovn-chassis-mac-mappings': '', 'ovn-cms-options': 'enable-chassis-as-gw', 'ovn-ct-lb-related': 'true', 'ovn-enable-lflow-cache': 'true', 'ovn-limit-lflow-cache': '', 'ovn-memlimit-lflow-cache-kb': '', 'ovn-monitor-all': 'false', 'ovn-trim-limit-lflow-cache': '', 'ovn-trim-timeout-ms': '', 'ovn-trim-wmark-perc-lflow-cache': '', 'port-up-notif': 'true'}, transport_zones=[], vtep_logical_switches=[]) old= {{(pid=101588) matches /opt/stack/data/venv/lib/python3.12/site-packages/ovsdbapp/backend/ovs_idl/event.py:55}}
Aug 25 00:35:36.189818 np0000191039 devstack@neutron-api.service[101586]: DEBUG neutron.common.ovn.hash_ring_manager [None req-74ffcb6c-65e0-4234-bbb8-777a0989b1ac None None] Allow caching, nodes 4>=4 {{(pid=101586) _wait_startup_before_caching /opt/stack/neutron/neutron/common/ovn/hash_ring_manager.py:71}}
Aug 25 00:35:36.190225 np0000191039 devstack@neutron-api.service[101588]: DEBUG ovsdbapp.backend.ovs_idl.event [None req-94ad5f95-3302-4748-bc48-b09eab6a463b None None] Matched CREATE: ChassisAgentWriteEvent(events=('create', 'update'), table='Chassis_Private', conditions=None, old_conditions=None), priority=20 to row=Chassis_Private(uuid=82c2aafa-3e53-4ef9-8c40-4cd343dda2da, chassis=22586477-75f4-4149-98ae-70f796741874, external_ids={'neutron:ovn-bridge': 'br-int', 'neutron:ovn-neutron-agent-id': 'bf28ccde-340a-5307-b1af-4e9fc100d8af', 'neutron:ovn-neutron-agent-sb-cfg': '0'}, name='4220e286-e126-4fc7-9c10-208f3a8896c7', nb_cfg=0, nb_cfg_timestamp=0) old= {{(pid=101588) matches /opt/stack/data/venv/lib/python3.12/site-packages/ovsdbapp/backend/ovs_idl/event.py:55}}
Aug 25 00:35:36.190794 np0000191039 devstack@neutron-api.service[101588]: DEBUG ovsdbapp.backend.ovs_idl.event [None req-94ad5f95-3302-4748-bc48-b09eab6a463b None None] Matched CREATE: ChassisOVNAgentWriteEvent(events=('create', 'update'), table='Chassis_Private', conditions=None, old_conditions=None), priority=20 to row=Chassis_Private(uuid=82c2aafa-3e53-4ef9-8c40-4cd343dda2da, chassis=22586477-75f4-4149-98ae-70f796741874, external_ids={'neutron:ovn-bridge': 'br-int', 'neutron:ovn-neutron-agent-id': 'bf28ccde-340a-5307-b1af-4e9fc100d8af', 'neutron:ovn-neutron-agent-sb-cfg': '0'}, name='4220e286-e126-4fc7-9c10-208f3a8896c7', nb_cfg=0, nb_cfg_timestamp=0) old= {{(pid=101588) matches /opt/stack/data/venv/lib/python3.12/site-packages/ovsdbapp/backend/ovs_idl/event.py:55}}
