Aug 25 00:35:35.742371 np0000191039 devstack@neutron-api.service[101586]: DEBUG neutron_lib.callbacks.manager [None req-74ffcb6c-65e0-4234-bbb8-777a0989b1ac None None] Subscribe: > port after_delete 55550000, False {{(pid=101586) subscribe /opt/stack/data/venv/lib/python3.12/site-packages/neutron_lib/callbacks/manager.py:52}}
Aug 25 00:35:35.742371 np0000191039 devstack@neutron-api.service[101586]: DEBUG neutron_lib.callbacks.manager [None req-74ffcb6c-65e0-4234-bbb8-777a0989b1ac None None] Subscribe: > subnet after_create 55550000, False {{(pid=101586) subscribe /opt/stack/data/venv/lib/python3.12/site-packages/neutron_lib/callbacks/manager.py:52}}
Aug 25 00:35:35.742507 np0000191039 devstack@neutron-api.service[101585]: DEBUG neutron.api.extensions [None req-de44c375-e4ec-40da-88ec-e32799d54179 None None] Ext name="Logging API Extension" alias="logging" description="Provides a logging API for resources such as security group and firewall." updated="2017-01-01T10:00:00-00:00" {{(pid=101585) _check_extension /opt/stack/neutron/neutron/api/extensions.py:415}}
Aug 25 00:35:35.742636 np0000191039 devstack@neutron-api.service[101586]: DEBUG neutron_lib.callbacks.manager [None req-74ffcb6c-65e0-4234-bbb8-777a0989b1ac None None] Subscribe: > subnet after_update 55550000, False {{(pid=101586) subscribe /opt/stack/data/venv/lib/python3.12/site-packages/neutron_lib/callbacks/manager.py:52}}
Aug 25 00:35:35.742636 np0000191039 devstack@neutron-api.service[101586]: DEBUG neutron_lib.callbacks.manager [None req-74ffcb6c-65e0-4234-bbb8-777a0989b1ac None None] Subscribe: > subnet after_delete 55550000, False {{(pid=101586) subscribe /opt/stack/data/venv/lib/python3.12/site-packages/neutron_lib/callbacks/manager.py:52}}
Aug 25 00:35:35.742733 np0000191039 devstack@neutron-api.service[101585]: INFO neutron.api.extensions [None req-de44c375-e4ec-40da-88ec-e32799d54179 None None] Extension logging not supported by any of loaded plugins
Aug 25 00:35:35.742733 np0000191039 devstack@neutron-api.service[101585]: DEBUG neutron.api.extensions [None req-de44c375-e4ec-40da-88ec-e32799d54179 None None] Loading extension file: metering.py {{(pid=101585) _load_all_extensions_from_path /opt/stack/neutron/neutron/api/extensions.py:449}}
Aug 25 00:35:35.742818 np0000191039 devstack@neutron-api.service[101586]: DEBUG neutron_lib.callbacks.manager [None req-74ffcb6c-65e0-4234-bbb8-777a0989b1ac None None] Subscribe: > network after_create 55550000, False {{(pid=101586) subscribe /opt/stack/data/venv/lib/python3.12/site-packages/neutron_lib/callbacks/manager.py:52}}
Aug 25 00:35:35.742818 np0000191039 devstack@neutron-api.service[101586]: DEBUG neutron_lib.callbacks.manager [None req-74ffcb6c-65e0-4234-bbb8-777a0989b1ac None None] Subscribe: > network after_update 55550000, False {{(pid=101586) subscribe /opt/stack/data/venv/lib/python3.12/site-packages/neutron_lib/callbacks/manager.py:52}}
Aug 25 00:35:35.742945 np0000191039 devstack@neutron-api.service[101586]: DEBUG neutron_lib.callbacks.manager [None req-74ffcb6c-65e0-4234-bbb8-777a0989b1ac None None] Subscribe: > network after_delete 55550000, False {{(pid=101586) subscribe /opt/stack/data/venv/lib/python3.12/site-packages/neutron_lib/callbacks/manager.py:52}}
Aug 25 00:35:35.742945 np0000191039 devstack@neutron-api.service[101586]: DEBUG neutron_lib.callbacks.manager [None req-74ffcb6c-65e0-4234-bbb8-777a0989b1ac None None] Subscribe: > security_group after_create 55550000, False {{(pid=101586) subscribe /opt/stack/data/venv/lib/python3.12/site-packages/neutron_lib/callbacks/manager.py:52}}
Aug 25 00:35:35.743079 np0000191039 devstack@neutron-api.service[101585]: DEBUG neutron.api.extensions [None req-de44c375-e4ec-40da-88ec-e32799d54179 None None] Ext name="Neutron Metering" alias="metering" description="Neutron Metering extension." updated="2013-06-12T10:00:00-00:00" {{(pid=101585) _check_extension /opt/stack/neutron/neutron/api/extensions.py:415}}
Aug 25 00:35:35.743199 np0000191039 devstack@neutron-api.service[101586]: DEBUG neutron_lib.callbacks.manager [None req-74ffcb6c-65e0-4234-bbb8-777a0989b1ac None None] Subscribe: > security_group after_update 55550000, False {{(pid=101586) subscribe /opt/stack/data/venv/lib/python3.12/site-packages/neutron_lib/callbacks/manager.py:52}}
Aug 25 00:35:35.743199 np0000191039 devstack@neutron-api.service[101586]: DEBUG neutron_lib.callbacks.manager [None req-74ffcb6c-65e0-4234-bbb8-777a0989b1ac None None] Subscribe: > security_group after_delete 55550000, False {{(pid=101586) subscribe /opt/stack/data/venv/lib/python3.12/site-packages/neutron_lib/callbacks/manager.py:52}}
Aug 25 00:35:35.743343 np0000191039 devstack@neutron-api.service[101585]: INFO neutron.api.extensions [None req-de44c375-e4ec-40da-88ec-e32799d54179 None None] Extension metering not supported by any of loaded plugins
Aug 25 00:35:35.743463 np0000191039 devstack@neutron-api.service[101586]: DEBUG neutron_lib.callbacks.manager [None req-74ffcb6c-65e0-4234-bbb8-777a0989b1ac None None] Subscribe: > security_group_rule after_create 55550000, False {{(pid=101586) subscribe /opt/stack/data/venv/lib/python3.12/site-packages/neutron_lib/callbacks/manager.py:52}}
Aug 25 00:35:35.743586 np0000191039 devstack@neutron-api.service[101585]: DEBUG neutron.api.extensions [None req-de44c375-e4ec-40da-88ec-e32799d54179 None None] Loading extension file: metering_source_and_destination_fields.py {{(pid=101585) _load_all_extensions_from_path /opt/stack/neutron/neutron/api/extensions.py:449}}
Aug 25 00:35:35.743722 np0000191039 devstack@neutron-api.service[101586]: DEBUG neutron_lib.callbacks.manager [None req-74ffcb6c-65e0-4234-bbb8-777a0989b1ac None None] Subscribe: > security_group_rule after_update 55550000, False {{(pid=101586) subscribe /opt/stack/data/venv/lib/python3.12/site-packages/neutron_lib/callbacks/manager.py:52}}
Aug 25 00:35:35.743722 np0000191039 devstack@neutron-api.service[101586]: DEBUG neutron_lib.callbacks.manager [None req-74ffcb6c-65e0-4234-bbb8-777a0989b1ac None None] Subscribe: > security_group_rule after_delete 55550000, False {{(pid=101586) subscribe /opt/stack/data/venv/lib/python3.12/site-packages/neutron_lib/callbacks/manager.py:52}}
Aug 25 00:35:35.743870 np0000191039 devstack@neutron-api.service[101585]: DEBUG neutron.api.extensions [None req-de44c375-e4ec-40da-88ec-e32799d54179 None None] Ext name="Neutron Metering with source and destination filtering" alias="metering_source_and_destination_fields" description="Neutron Metering extension that enables the use of source and destination IP prefixes to create metering label rules." updated="2020-08-21T08:12:00-00:00" {{(pid=101585) _check_extension /opt/stack/neutron/neutron/api/extensions.py:415}}
Aug 25 00:35:35.743992 np0000191039 devstack@neutron-api.service[101586]: DEBUG neutron_lib.callbacks.manager [None req-74ffcb6c-65e0-4234-bbb8-777a0989b1ac None None] Subscribe: > address_group after_create 55550000, False {{(pid=101586) subscribe /opt/stack/data/venv/lib/python3.12/site-packages/neutron_lib/callbacks/manager.py:52}}
Aug 25 00:35:35.743992 np0000191039 devstack@neutron-api.service[101586]: DEBUG neutron_lib.callbacks.manager [None req-74ffcb6c-65e0-4234-bbb8-777a0989b1ac None None] Subscribe: > address_group after_update 55550000, False {{(pid=101586) subscribe /opt/stack/data/venv/lib/python3.12/site-packages/neutron_lib/callbacks/manager.py:52}}
Aug 25 00:35:35.744112 np0000191039 devstack@neutron-api.service[101585]: INFO neutron.api.extensions [None req-de44c375-e4ec-40da-88ec-e32799d54179 None None] Extension metering_source_and_destination_fields not supported by any of loaded plugins
Aug 25 00:35:35.744234 np0000191039 devstack@neutron-api.service[101586]: DEBUG neutron_lib.callbacks.manager [None req-74ffcb6c-65e0-4234-bbb8-777a0989b1ac None None] Subscribe: > address_group after_delete 55550000, False {{(pid=101586) subscribe /opt/stack/data/venv/lib/python3.12/site-packages/neutron_lib/callbacks/manager.py:52}}
Aug 25 00:35:35.744346 np0000191039 devstack@neutron-api.service[101585]: DEBUG neutron.api.extensions [None req-de44c375-e4ec-40da-88ec-e32799d54179 None None] Loading extension file: multiprovidernet.py {{(pid=101585) _load_all_extensions_from_path /opt/stack/neutron/neutron/api/extensions.py:449}}
Aug 25 00:35:35.744471 np0000191039 devstack@neutron-api.service[101586]: DEBUG neutron.plugins.ml2.ovo_rpc [None req-74ffcb6c-65e0-4234-bbb8-777a0989b1ac None None] ML2 OVO RPC backend initialized. {{(pid=101586) __init__ /opt/stack/neutron/neutron/plugins/ml2/ovo_rpc.py:117}}
Aug 25 00:35:35.744796 np0000191039 devstack@neutron-api.service[101585]: DEBUG neutron.api.extensions [None req-de44c375-e4ec-40da-88ec-e32799d54179 None None] Ext name="Multi Provider Network" alias="multi-provider" description="Expose mapping of virtual networks to multiple physical networks" updated="2013-06-27T10:00:00-00:00" {{(pid=101585) _check_extension /opt/stack/neutron/neutron/api/extensions.py:415}}
Aug 25 00:35:35.744796 np0000191039 devstack@neutron-api.service[101585]: INFO neutron.api.extensions [None req-de44c375-e4ec-40da-88ec-e32799d54179 None None] Loaded extension: multi-provider
Aug 25 00:35:35.744796 np0000191039 devstack@neutron-api.service[101585]: DEBUG neutron.api.extensions [None req-de44c375-e4ec-40da-88ec-e32799d54179 None None] Loading extension file: netmtu.py {{(pid=101585) _load_all_extensions_from_path /opt/stack/neutron/neutron/api/extensions.py:449}}
Aug 25 00:35:35.744796 np0000191039 devstack@neutron-api.service[101585]: DEBUG neutron.api.extensions [None req-de44c375-e4ec-40da-88ec-e32799d54179 None None] Ext name="Network MTU" alias="net-mtu" description="Provides MTU attribute for a network resource." updated="2015-03-25T10:00:00-00:00" {{(pid=101585) _check_extension /opt/stack/neutron/neutron/api/extensions.py:415}}
Aug 25 00:35:35.744997 np0000191039 devstack@neutron-api.service[101586]: INFO neutron.quota [None req-74ffcb6c-65e0-4234-bbb8-777a0989b1ac None None] Loaded quota_driver: .
Aug 25 00:35:35.744997 np0000191039 devstack@neutron-api.service[101586]: INFO neutron.plugins.ml2.plugin [None req-74ffcb6c-65e0-4234-bbb8-777a0989b1ac None None] Modular L2 Plugin initialization complete
Aug 25 00:35:35.745115 np0000191039 devstack@neutron-api.service[101585]: INFO neutron.api.extensions [None req-de44c375-e4ec-40da-88ec-e32799d54179 None None] Loaded extension: net-mtu
Aug 25 00:35:35.745115 np0000191039 devstack@neutron-api.service[101585]: DEBUG neutron.api.extensions [None req-de44c375-e4ec-40da-88ec-e32799d54179 None None] Loading extension file: netmtu_writable.py {{(pid=101585) _load_all_extensions_from_path /opt/stack/neutron/neutron/api/extensions.py:449}}
Aug 25 00:35:35.745235 np0000191039 devstack@neutron-api.service[101586]: DEBUG neutron.manager [None req-74ffcb6c-65e0-4234-bbb8-777a0989b1ac None None] Loading services supported by the core plugin {{(pid=101586) _load_services_from_core_plugin /opt/stack/neutron/neutron/manager.py:167}}
Aug 25 00:35:35.745235 np0000191039 devstack@neutron-api.service[101586]: INFO neutron.plugins.ml2.managers [None req-74ffcb6c-65e0-4234-bbb8-777a0989b1ac None None] Got port-security extension from driver 'port_security'
Aug 25 00:35:35.745370 np0000191039 devstack@neutron-api.service[101585]: DEBUG neutron.api.extensions [None req-de44c375-e4ec-40da-88ec-e32799d54179 None None] Ext name="Network MTU (writable)" alias="net-mtu-writable" description="Provides a writable MTU attribute for a network resource." updated="2017-07-12T00:00:00-00:00" {{(pid=101585) _check_extension /opt/stack/neutron/neutron/api/extensions.py:415}}
Aug 25 00:35:35.745510 np0000191039 devstack@neutron-api.service[101586]: DEBUG neutron.manager [None req-74ffcb6c-65e0-4234-bbb8-777a0989b1ac None None] Loading service plugins: ['ovn-router', 'auto_allocate', 'tag', 'timestamp', 'network_ip_availability', 'flavors', 'revisions'] {{(pid=101586) _load_service_plugins /opt/stack/neutron/neutron/manager.py:192}}
Aug 25 00:35:35.745610 np0000191039 devstack@neutron-api.service[101585]: INFO neutron.api.extensions [None req-de44c375-e4ec-40da-88ec-e32799d54179 None None] Loaded extension: net-mtu-writable
Aug 25 00:35:35.745742 np0000191039 devstack@neutron-api.service[101586]: INFO neutron.manager [None req-74ffcb6c-65e0-4234-bbb8-777a0989b1ac None None] Loading Plugin: ovn-router
Aug 25 00:35:35.745835 np0000191039 devstack@neutron-api.service[101585]: DEBUG neutron.api.extensions [None req-de44c375-e4ec-40da-88ec-e32799d54179 None None] Loading extension file: network_availability_zone.py {{(pid=101585) _load_all_extensions_from_path /opt/stack/neutron/neutron/api/extensions.py:449}}
Aug 25 00:35:35.745835 np0000191039 devstack@neutron-api.service[101585]: DEBUG neutron.api.extensions [None req-de44c375-e4ec-40da-88ec-e32799d54179 None None] Ext name="Network Availability Zone" alias="network_availability_zone" description="Availability zone support for network." updated="2015-01-01T10:00:00-00:00" {{(pid=101585) _check_extension /opt/stack/neutron/neutron/api/extensions.py:415}}
Aug 25 00:35:35.745835 np0000191039 devstack@neutron-api.service[101585]: INFO neutron.api.extensions [None req-de44c375-e4ec-40da-88ec-e32799d54179 None None] Loaded extension: network_availability_zone
Aug 25 00:35:35.745835 np0000191039 devstack@neutron-api.service[101585]: DEBUG neutron.api.extensions [None req-de44c375-e4ec-40da-88ec-e32799d54179 None None] Loading extension file: network_ha.py {{(pid=101585) _load_all_extensions_from_path /opt/stack/neutron/neutron/api/extensions.py:449}}
Aug 25 00:35:35.746129 np0000191039 devstack@neutron-api.service[101585]: DEBUG neutron.api.extensions [None req-de44c375-e4ec-40da-88ec-e32799d54179 None None] Ext name="Network HA creation flag" alias="network_ha" description="Network high availability creation flag." updated="2023-04-27T10:00:00-00:00" {{(pid=101585) _check_extension /opt/stack/neutron/neutron/api/extensions.py:415}}
Aug 25 00:35:35.746344 np0000191039 devstack@neutron-api.service[101585]: INFO neutron.api.extensions [None req-de44c375-e4ec-40da-88ec-e32799d54179 None None] Extension network_ha not supported by any of loaded plugins
Aug 25 00:35:35.746459 np0000191039 devstack@neutron-api.service[101585]: DEBUG neutron.api.extensions [None req-de44c375-e4ec-40da-88ec-e32799d54179 None None] Loading extension file: network_ip_availability.py {{(pid=101585) _load_all_extensions_from_path /opt/stack/neutron/neutron/api/extensions.py:449}}
Aug 25 00:35:35.746834 np0000191039 devstack@neutron-api.service[101585]: DEBUG neutron.api.extensions [None req-de44c375-e4ec-40da-88ec-e32799d54179 None None] Ext name="Network IP Availability" alias="network-ip-availability" description="Provides IP availability data for each network and subnet." updated="2015-09-24T00:00:00-00:00" {{(pid=101585) _check_extension /opt/stack/neutron/neutron/api/extensions.py:415}}
Aug 25 00:35:35.747059 np0000191039 devstack@neutron-api.service[101585]: INFO neutron.api.extensions [None req-de44c375-e4ec-40da-88ec-e32799d54179 None None] Loaded extension: network-ip-availability
Aug 25 00:35:35.747173 np0000191039 devstack@neutron-api.service[101585]: DEBUG neutron.api.extensions [None req-de44c375-e4ec-40da-88ec-e32799d54179 None None] Loading extension file: network_ip_availability_details.py {{(pid=101585) _load_all_extensions_from_path /opt/stack/neutron/neutron/api/extensions.py:449}}
Aug 25 00:35:35.747460 np0000191039 devstack@neutron-api.service[101585]: DEBUG neutron.api.extensions [None req-de44c375-e4ec-40da-88ec-e32799d54179 None None] Ext name="Network IP Availability Details Extension" alias="network-ip-availability-details" description="Add ip_availability_details attribute to network-ip-availabilities resource." updated="2025-10-31T00:00:00-00:00" {{(pid=101585) _check_extension /opt/stack/neutron/neutron/api/extensions.py:415}}
Aug 25 00:35:35.747684 np0000191039 devstack@neutron-api.service[101585]: INFO neutron.api.extensions [None req-de44c375-e4ec-40da-88ec-e32799d54179 None None] Loaded extension: network-ip-availability-details
Aug 25 00:35:35.747817 np0000191039 devstack@neutron-api.service[101585]: DEBUG neutron.api.extensions [None req-de44c375-e4ec-40da-88ec-e32799d54179 None None] Loading extension file: network_segment_range.py {{(pid=101585) _load_all_extensions_from_path /opt/stack/neutron/neutron/api/extensions.py:449}}
Aug 25 00:35:35.748194 np0000191039 devstack@neutron-api.service[101585]: DEBUG neutron.api.extensions [None req-de44c375-e4ec-40da-88ec-e32799d54179 None None] Ext name="Neutron Network Segment Range" alias="network-segment-range" description="Provides support for the network segment range management" updated="2018-11-29T00:00:00-00:00" {{(pid=101585) _check_extension /opt/stack/neutron/neutron/api/extensions.py:415}}
Aug 25 00:35:35.748410 np0000191039 devstack@neutron-api.service[101585]: INFO neutron.api.extensions [None req-de44c375-e4ec-40da-88ec-e32799d54179 None None] Extension network-segment-range not supported by any of loaded plugins
Aug 25 00:35:35.748503 np0000191039 devstack@neutron-api.service[101585]: DEBUG neutron.api.extensions [None req-de44c375-e4ec-40da-88ec-e32799d54179 None None] Loading extension file: ovn_bgp.py {{(pid=101585) _load_all_extensions_from_path /opt/stack/neutron/neutron/api/extensions.py:449}}
Aug 25 00:35:35.748824 np0000191039 devstack@neutron-api.service[101585]: DEBUG neutron.api.extensions [None req-de44c375-e4ec-40da-88ec-e32799d54179 None None] Ext name="OVN BGP" alias="ovn-bgp" description="Subnet extension to support OVN BGP route leaking" updated="2026-07-20T00:00:00-00:00" {{(pid=101585) _check_extension /opt/stack/neutron/neutron/api/extensions.py:415}}
Aug 25 00:35:35.748987 np0000191039 devstack@neutron-api.service[101585]: INFO neutron.api.extensions [None req-de44c375-e4ec-40da-88ec-e32799d54179 None None] Extension ovn-bgp not supported by any of loaded plugins
Aug 25 00:35:35.749076 np0000191039 devstack@neutron-api.service[101585]: DEBUG neutron.api.extensions [None req-de44c375-e4ec-40da-88ec-e32799d54179 None None] Loading extension file: pagination.py {{(pid=101585) _load_all_extensions_from_path /opt/stack/neutron/neutron/api/extensions.py:449}}
Aug 25 00:35:35.749465 np0000191039 devstack@neutron-api.service[101585]: DEBUG neutron.api.extensions [None req-de44c375-e4ec-40da-88ec-e32799d54179 None None] Ext name="Pagination support" alias="pagination" description="Extension that indicates that pagination is enabled." updated="2016-06-12T00:00:00-00:00" {{(pid=101585) _check_extension /opt/stack/neutron/neutron/api/extensions.py:415}}
Aug 25 00:35:35.749465 np0000191039 devstack@neutron-api.service[101585]: INFO neutron.api.extensions [None req-de44c375-e4ec-40da-88ec-e32799d54179 None None] Loaded extension: pagination
Aug 25 00:35:35.749584 np0000191039 devstack@neutron-api.service[101585]: DEBUG neutron.api.extensions [None req-de44c375-e4ec-40da-88ec-e32799d54179 None None] Loading extension file: port_device_profile.py {{(pid=101585) _load_all_extensions_from_path /opt/stack/neutron/neutron/api/extensions.py:449}}
Aug 25 00:35:35.749873 np0000191039 devstack@neutron-api.service[101585]: DEBUG neutron.api.extensions [None req-de44c375-e4ec-40da-88ec-e32799d54179 None None] Ext name="Port device profile" alias="port-device-profile" description="Expose the port device profile (Cyborg)" updated="2020-12-17T10:00:00-00:00" {{(pid=101585) _check_extension /opt/stack/neutron/neutron/api/extensions.py:415}}
Aug 25 00:35:35.750099 np0000191039 devstack@neutron-api.service[101585]: INFO neutron.api.extensions [None req-de44c375-e4ec-40da-88ec-e32799d54179 None None] Loaded extension: port-device-profile
Aug 25 00:35:35.750194 np0000191039 devstack@neutron-api.service[101585]: DEBUG neutron.api.extensions [None req-de44c375-e4ec-40da-88ec-e32799d54179 None None] Loading extension file: port_hardware_offload_type.py {{(pid=101585) _load_all_extensions_from_path /opt/stack/neutron/neutron/api/extensions.py:449}}
Aug 25 00:35:35.750448 np0000191039 devstack@neutron-api.service[101585]: DEBUG neutron.api.extensions [None req-de44c375-e4ec-40da-88ec-e32799d54179 None None] Ext name="Port hardware offload" alias="port-hardware-offload-type" description="Expose port hardware offload extension" updated="2023-05-09T10:00:00-00:00" {{(pid=101585) _check_extension /opt/stack/neutron/neutron/api/extensions.py:415}}
Aug 25 00:35:35.750672 np0000191039 devstack@neutron-api.service[101585]: INFO neutron.api.extensions [None req-de44c375-e4ec-40da-88ec-e32799d54179 None None] Extension port-hardware-offload-type not supported by any of loaded plugins
Aug 25 00:35:35.750763 np0000191039 devstack@neutron-api.service[101585]: DEBUG neutron.api.extensions [None req-de44c375-e4ec-40da-88ec-e32799d54179 None None] Loading extension file: port_hint_ovs_tx_steering.py {{(pid=101585) _load_all_extensions_from_path /opt/stack/neutron/neutron/api/extensions.py:449}}
Aug 25 00:35:35.751060 np0000191039 devstack@neutron-api.service[101585]: DEBUG neutron.api.extensions [None req-de44c375-e4ec-40da-88ec-e32799d54179 None None] Ext name="Port hint: Open vSwitch Tx steering" alias="port-hint-ovs-tx-steering" description="Enable Port hint: Open vSwitch Tx steering" updated="2023-01-01T00:00:00-00:00" {{(pid=101585) _check_extension /opt/stack/neutron/neutron/api/extensions.py:415}}
Aug 25 00:35:35.751225 np0000191039 devstack@neutron-api.service[101585]: INFO neutron.api.extensions [None req-de44c375-e4ec-40da-88ec-e32799d54179 None None] Extension port-hint-ovs-tx-steering not supported by any of loaded plugins
Aug 25 00:35:35.751359 np0000191039 devstack@neutron-api.service[101585]: DEBUG neutron.api.extensions [None req-de44c375-e4ec-40da-88ec-e32799d54179 None None] Loading extension file: port_hints.py {{(pid=101585) _load_all_extensions_from_path /opt/stack/neutron/neutron/api/extensions.py:449}}
Aug 25 00:35:35.751750 np0000191039 devstack@neutron-api.service[101585]: DEBUG neutron.api.extensions [None req-de44c375-e4ec-40da-88ec-e32799d54179 None None] Ext name="Port hints" alias="port-hints" description="Backend specific port hints to allow backend specific tuning" updated="2023-01-01T00:00:00-00:00" {{(pid=101585) _check_extension /opt/stack/neutron/neutron/api/extensions.py:415}}
Aug 25 00:35:35.751853 np0000191039 devstack@neutron-api.service[101585]: INFO neutron.api.extensions [None req-de44c375-e4ec-40da-88ec-e32799d54179 None None] Extension port-hints not supported by any of loaded plugins
Aug 25 00:35:35.751952 np0000191039 devstack@neutron-api.service[101585]: DEBUG neutron.api.extensions [None req-de44c375-e4ec-40da-88ec-e32799d54179 None None] Loading extension file: port_mac_address_override.py {{(pid=101585) _load_all_extensions_from_path /opt/stack/neutron/neutron/api/extensions.py:449}}
Aug 25 00:35:35.752221 np0000191039 devstack@neutron-api.service[101585]: DEBUG neutron.api.extensions [None req-de44c375-e4ec-40da-88ec-e32799d54179 None None] Ext name="Neutron Port MAC address override" alias="port-mac-override" description="Allow overriding the MAC address of a direct-physical Port via the active binding profile" updated="2022-03-18T10:00:00-00:00" {{(pid=101585) _check_extension /opt/stack/neutron/neutron/api/extensions.py:415}}
Aug 25 00:35:35.752446 np0000191039 devstack@neutron-api.service[101585]: INFO neutron.api.extensions [None req-de44c375-e4ec-40da-88ec-e32799d54179 None None] Extension port-mac-override not supported by any of loaded plugins
Aug 25 00:35:35.752527 np0000191039 devstack@neutron-api.service[101585]: DEBUG neutron.api.extensions [None req-de44c375-e4ec-40da-88ec-e32799d54179 None None] Loading extension file: port_mac_address_regenerate.py {{(pid=101585) _load_all_extensions_from_path /opt/stack/neutron/neutron/api/extensions.py:449}}
Aug 25 00:35:35.752827 np0000191039 devstack@neutron-api.service[101585]: DEBUG neutron.api.extensions [None req-de44c375-e4ec-40da-88ec-e32799d54179 None None] Ext name="Neutron Port MAC address regenerate" alias="port-mac-address-regenerate" description="Network port MAC address regenerate" updated="2018-05-03T10:00:00-00:00" {{(pid=101585) _check_extension /opt/stack/neutron/neutron/api/extensions.py:415}}
Aug 25 00:35:35.753026 np0000191039 devstack@neutron-api.service[101585]: INFO neutron.api.extensions [None req-de44c375-e4ec-40da-88ec-e32799d54179 None None] Loaded extension: port-mac-address-regenerate
Aug 25 00:35:35.753147 np0000191039 devstack@neutron-api.service[101585]: DEBUG neutron.api.extensions [None req-de44c375-e4ec-40da-88ec-e32799d54179 None None] Loading extension file: port_numa_affinity_policy.py {{(pid=101585) _load_all_extensions_from_path /opt/stack/neutron/neutron/api/extensions.py:449}}
Aug 25 00:35:35.753470 np0000191039 devstack@neutron-api.service[101585]: DEBUG neutron.api.extensions [None req-de44c375-e4ec-40da-88ec-e32799d54179 None None] Ext name="Port NUMA affinity policy" alias="port-numa-affinity-policy" description="Expose the port NUMA affinity policy" updated="2020-07-08T10:00:00-00:00" {{(pid=101585) _check_extension /opt/stack/neutron/neutron/api/extensions.py:415}}
Aug 25 00:35:35.753689 np0000191039 devstack@neutron-api.service[101585]: INFO neutron.api.extensions [None req-de44c375-e4ec-40da-88ec-e32799d54179 None None] Loaded extension: port-numa-affinity-policy
Aug 25 00:35:35.753800 np0000191039 devstack@neutron-api.service[101585]: DEBUG neutron.api.extensions [None req-de44c375-e4ec-40da-88ec-e32799d54179 None None] Loading extension file: port_numa_affinity_policy_socket.py {{(pid=101585) _load_all_extensions_from_path /opt/stack/neutron/neutron/api/extensions.py:449}}
Aug 25 00:35:35.754135 np0000191039 devstack@neutron-api.service[101585]: DEBUG neutron.api.extensions [None req-de44c375-e4ec-40da-88ec-e32799d54179 None None] Ext name="Port NUMA affinity policy "socket"" alias="port-numa-affinity-policy-socket" description="Adds "socket" to the supported port NUMA affinity policies" updated="2024-02-09T10:00:00-00:00" {{(pid=101585) _check_extension /opt/stack/neutron/neutron/api/extensions.py:415}}
Aug 25 00:35:35.754309 np0000191039 devstack@neutron-api.service[101585]: INFO neutron.api.extensions [None req-de44c375-e4ec-40da-88ec-e32799d54179 None None] Loaded extension: port-numa-affinity-policy-socket
Aug 25 00:35:35.754391 np0000191039 devstack@neutron-api.service[101585]: DEBUG neutron.api.extensions [None req-de44c375-e4ec-40da-88ec-e32799d54179 None None] Loading extension file: port_resource_request.py {{(pid=101585) _load_all_extensions_from_path /opt/stack/neutron/neutron/api/extensions.py:449}}
Aug 25 00:35:35.754571 np0000191039 devstack@neutron-api.service[101586]: DEBUG neutron_lib.callbacks.manager [None req-74ffcb6c-65e0-4234-bbb8-777a0989b1ac None None] Subscribe: > router before_delete 55550000, False {{(pid=101586) subscribe /opt/stack/data/venv/lib/python3.12/site-packages/neutron_lib/callbacks/manager.py:52}}
Aug 25 00:35:35.754628 np0000191039 devstack@neutron-api.service[101585]: DEBUG neutron.api.extensions [None req-de44c375-e4ec-40da-88ec-e32799d54179 None None] Ext name="Port Resource Request" alias="port-resource-request" description="Expose resource request to Port" updated="2018-05-08T10:00:00-00:00" {{(pid=101585) _check_extension /opt/stack/neutron/neutron/api/extensions.py:415}}
Aug 25 00:35:35.754726 np0000191039 devstack@neutron-api.service[101586]: DEBUG neutron_lib.callbacks.manager [None req-74ffcb6c-65e0-4234-bbb8-777a0989b1ac None None] Subscribe: port before_update 55550000, False {{(pid=101586) subscribe /opt/stack/data/venv/lib/python3.12/site-packages/neutron_lib/callbacks/manager.py:52}}
Aug 25 00:35:35.754823 np0000191039 devstack@neutron-api.service[101585]: INFO neutron.api.extensions [None req-de44c375-e4ec-40da-88ec-e32799d54179 None None] Extension port-resource-request not supported by any of loaded plugins
Aug 25 00:35:35.754878 np0000191039 devstack@neutron-api.service[101586]: DEBUG neutron_lib.callbacks.manager [None req-74ffcb6c-65e0-4234-bbb8-777a0989b1ac None None] Subscribe: port after_update 55550000, False {{(pid=101586) subscribe /opt/stack/data/venv/lib/python3.12/site-packages/neutron_lib/callbacks/manager.py:52}}
Aug 25 00:35:35.754940 np0000191039 devstack@neutron-api.service[101585]: DEBUG neutron.api.extensions [None req-de44c375-e4ec-40da-88ec-e32799d54179 None None] Loading extension file: port_resource_request_groups.py {{(pid=101585) _load_all_extensions_from_path /opt/stack/neutron/neutron/api/extensions.py:449}}
Aug 25 00:35:35.755002 np0000191039 devstack@neutron-api.service[101586]: DEBUG neutron_lib.callbacks.manager [None req-74ffcb6c-65e0-4234-bbb8-777a0989b1ac None None] Subscribe: > port precommit_delete 55550000, False {{(pid=101586) subscribe /opt/stack/data/venv/lib/python3.12/site-packages/neutron_lib/callbacks/manager.py:52}}
Aug 25 00:35:35.755002 np0000191039 devstack@neutron-api.service[101586]: DEBUG neutron_lib.callbacks.manager [None req-74ffcb6c-65e0-4234-bbb8-777a0989b1ac None None] Subscribe: port before_update 55550000, False {{(pid=101586) subscribe /opt/stack/data/venv/lib/python3.12/site-packages/neutron_lib/callbacks/manager.py:52}}
Aug 25 00:35:35.755142 np0000191039 devstack@neutron-api.service[101586]: DEBUG neutron_lib.callbacks.manager [None req-74ffcb6c-65e0-4234-bbb8-777a0989b1ac None None] Subscribe: port before_delete 55550000, False {{(pid=101586) subscribe /opt/stack/data/venv/lib/python3.12/site-packages/neutron_lib/callbacks/manager.py:52}}
Aug 25 00:35:35.755201 np0000191039 devstack@neutron-api.service[101585]: DEBUG neutron.api.extensions [None req-de44c375-e4ec-40da-88ec-e32799d54179 None None] Ext name="Port Resource Request Groups" alias="port-resource-request-groups" description="Support requesting multiple groups of resources and traits from the same RP subtree in resource_request" updated="2021-08-02T10:00:00-00:00" {{(pid=101585) _check_extension /opt/stack/neutron/neutron/api/extensions.py:415}}
Aug 25 00:35:35.755272 np0000191039 devstack@neutron-api.service[101586]: DEBUG neutron_lib.callbacks.manager [None req-74ffcb6c-65e0-4234-bbb8-777a0989b1ac None None] Subscribe: > router precommit_create 55550000, False {{(pid=101586) subscribe /opt/stack/data/venv/lib/python3.12/site-packages/neutron_lib/callbacks/manager.py:52}}
Aug 25 00:35:35.755272 np0000191039 devstack@neutron-api.service[101586]: DEBUG neutron_lib.callbacks.manager [None req-74ffcb6c-65e0-4234-bbb8-777a0989b1ac None None] Subscribe: > router precommit_create 55550000, False {{(pid=101586) subscribe /opt/stack/data/venv/lib/python3.12/site-packages/neutron_lib/callbacks/manager.py:52}}
Aug 25 00:35:35.755356 np0000191039 devstack@neutron-api.service[101585]: INFO neutron.api.extensions [None req-de44c375-e4ec-40da-88ec-e32799d54179 None None] Extension port-resource-request-groups not supported by any of loaded plugins
Aug 25 00:35:35.755417 np0000191039 devstack@neutron-api.service[101586]: DEBUG neutron_lib.callbacks.manager [None req-74ffcb6c-65e0-4234-bbb8-777a0989b1ac None None] Subscribe: > router precommit_update 55550000, False {{(pid=101586) subscribe /opt/stack/data/venv/lib/python3.12/site-packages/neutron_lib/callbacks/manager.py:52}}
Aug 25 00:35:35.755480 np0000191039 devstack@neutron-api.service[101585]: DEBUG neutron.api.extensions [None req-de44c375-e4ec-40da-88ec-e32799d54179 None None] Loading extension file: port_trusted_vif.py {{(pid=101585) _load_all_extensions_from_path /opt/stack/neutron/neutron/api/extensions.py:449}}
Aug 25 00:35:35.755541 np0000191039 devstack@neutron-api.service[101586]: DEBUG neutron_lib.callbacks.manager [None req-74ffcb6c-65e0-4234-bbb8-777a0989b1ac None None] Subscribe: subnet after_update 55550000, False {{(pid=101586) subscribe /opt/stack/data/venv/lib/python3.12/site-packages/neutron_lib/callbacks/manager.py:52}}
Aug 25 00:35:35.755624 np0000191039 devstack@neutron-api.service[101585]: DEBUG neutron.api.extensions [None req-de44c375-e4ec-40da-88ec-e32799d54179 None None] Ext name="Port trusted vif" alias="port-trusted-vif" description="Expose port 'trusted' attribute in the API" updated="2024-07-10T10:00:00-00:00" {{(pid=101585) _check_extension /opt/stack/neutron/neutron/api/extensions.py:415}}
Aug 25 00:35:35.755727 np0000191039 devstack@neutron-api.service[101586]: DEBUG neutron.quota.resource_registry [None req-74ffcb6c-65e0-4234-bbb8-777a0989b1ac None None] Tracking information for resource: router configured {{(pid=101586) set_tracked_resource /opt/stack/neutron/neutron/quota/resource_registry.py:203}}
Aug 25 00:35:35.755798 np0000191039 devstack@neutron-api.service[101586]: DEBUG neutron.quota.resource_registry [None req-74ffcb6c-65e0-4234-bbb8-777a0989b1ac None None] Tracking information for resource: floatingip configured {{(pid=101586) set_tracked_resource /opt/stack/neutron/neutron/quota/resource_registry.py:203}}
Aug 25 00:35:35.755853 np0000191039 devstack@neutron-api.service[101585]: INFO neutron.api.extensions [None req-de44c375-e4ec-40da-88ec-e32799d54179 None None] Extension port-trusted-vif not supported by any of loaded plugins
Aug 25 00:35:35.755909 np0000191039 devstack@neutron-api.service[101586]: INFO neutron.services.ovn_l3.plugin [None req-74ffcb6c-65e0-4234-bbb8-777a0989b1ac None None] Starting OVNL3RouterPlugin
Aug 25 00:35:35.755964 np0000191039 devstack@neutron-api.service[101585]: DEBUG neutron.api.extensions [None req-de44c375-e4ec-40da-88ec-e32799d54179 None None] Loading extension file: portbindings.py {{(pid=101585) _load_all_extensions_from_path /opt/stack/neutron/neutron/api/extensions.py:449}}
Aug 25 00:35:35.756108 np0000191039 devstack@neutron-api.service[101586]: DEBUG neutron_lib.callbacks.manager [None req-74ffcb6c-65e0-4234-bbb8-777a0989b1ac None None] Subscribe: > port_forwarding_plugin after_init 55550000, False {{(pid=101586) subscribe /opt/stack/data/venv/lib/python3.12/site-packages/neutron_lib/callbacks/manager.py:52}}
Aug 25 00:35:35.756172 np0000191039 devstack@neutron-api.service[101585]: DEBUG neutron.api.extensions [None req-de44c375-e4ec-40da-88ec-e32799d54179 None None] Ext name="Port Binding" alias="binding" description="Expose port bindings of a virtual port to external application" updated="2014-02-03T10:00:00-00:00" {{(pid=101585) _check_extension /opt/stack/neutron/neutron/api/extensions.py:415}}
Aug 25 00:35:35.756289 np0000191039 devstack@neutron-api.service[101586]: DEBUG neutron_lib.callbacks.manager [None req-74ffcb6c-65e0-4234-bbb8-777a0989b1ac None None] Subscribe: > router before_create 55550100, False {{(pid=101586) subscribe /opt/stack/data/venv/lib/python3.12/site-packages/neutron_lib/callbacks/manager.py:52}}
Aug 25 00:35:35.756347 np0000191039 devstack@neutron-api.service[101585]: INFO neutron.api.extensions [None req-de44c375-e4ec-40da-88ec-e32799d54179 None None] Loaded extension: binding
Aug 25 00:35:35.756402 np0000191039 devstack@neutron-api.service[101586]: DEBUG neutron_lib.callbacks.manager [None req-74ffcb6c-65e0-4234-bbb8-777a0989b1ac None None] Subscribe: > router precommit_delete 55550100, False {{(pid=101586) subscribe /opt/stack/data/venv/lib/python3.12/site-packages/neutron_lib/callbacks/manager.py:52}}
Aug 25 00:35:35.756461 np0000191039 devstack@neutron-api.service[101585]: DEBUG neutron.api.extensions [None req-de44c375-e4ec-40da-88ec-e32799d54179 None None] Loading extension file: portbindings_extended.py {{(pid=101585) _load_all_extensions_from_path /opt/stack/neutron/neutron/api/extensions.py:449}}
Aug 25 00:35:35.756551 np0000191039 devstack@neutron-api.service[101586]: DEBUG neutron_lib.callbacks.manager [None req-74ffcb6c-65e0-4234-bbb8-777a0989b1ac None None] Subscribe: > router precommit_create 55550100, False {{(pid=101586) subscribe /opt/stack/data/venv/lib/python3.12/site-packages/neutron_lib/callbacks/manager.py:52}}
Aug 25 00:35:35.756551 np0000191039 devstack@neutron-api.service[101586]: DEBUG neutron_lib.callbacks.manager [None req-74ffcb6c-65e0-4234-bbb8-777a0989b1ac None None] Subscribe: > router precommit_update 55550100, False {{(pid=101586) subscribe /opt/stack/data/venv/lib/python3.12/site-packages/neutron_lib/callbacks/manager.py:52}}
Aug 25 00:35:35.756787 np0000191039 devstack@neutron-api.service[101585]: DEBUG neutron.api.extensions [None req-de44c375-e4ec-40da-88ec-e32799d54179 None None] Ext name="Port Bindings Extended" alias="binding-extended" description="Expose port bindings of a virtual port to external application" updated="2017-07-17T10:00:00-00:00" {{(pid=101585) _check_extension /opt/stack/neutron/neutron/api/extensions.py:415}}
Aug 25 00:35:35.756876 np0000191039 devstack@neutron-api.service[101585]: INFO neutron.api.extensions [None req-de44c375-e4ec-40da-88ec-e32799d54179 None None] Loaded extension: binding-extended
Aug 25 00:35:35.756989 np0000191039 devstack@neutron-api.service[101585]: DEBUG neutron.api.extensions [None req-de44c375-e4ec-40da-88ec-e32799d54179 None None] Loading extension file: portsecurity.py {{(pid=101585) _load_all_extensions_from_path /opt/stack/neutron/neutron/api/extensions.py:449}}
Aug 25 00:35:35.757233 np0000191039 devstack@neutron-api.service[101585]: DEBUG neutron.api.extensions [None req-de44c375-e4ec-40da-88ec-e32799d54179 None None] Ext name="Port Security" alias="port-security" description="Provides port security" updated="2012-07-23T10:00:00-00:00" {{(pid=101585) _check_extension /opt/stack/neutron/neutron/api/extensions.py:415}}
Aug 25 00:35:35.757440 np0000191039 devstack@neutron-api.service[101585]: INFO neutron.api.extensions [None req-de44c375-e4ec-40da-88ec-e32799d54179 None None] Loaded extension: port-security
Aug 25 00:35:35.757531 np0000191039 devstack@neutron-api.service[101585]: DEBUG neutron.api.extensions [None req-de44c375-e4ec-40da-88ec-e32799d54179 None None] Loading extension file: project_id.py {{(pid=101585) _load_all_extensions_from_path /opt/stack/neutron/neutron/api/extensions.py:449}}
Aug 25 00:35:35.758006 np0000191039 devstack@neutron-api.service[101585]: DEBUG neutron.api.extensions [None req-de44c375-e4ec-40da-88ec-e32799d54179 None None] Ext name="project_id field enabled" alias="project-id" description="Extension that indicates that project_id field is enabled." updated="2016-09-09T09:09:09-09:09" {{(pid=101585) _check_extension /opt/stack/neutron/neutron/api/extensions.py:415}}
Aug 25 00:35:35.758096 np0000191039 devstack@neutron-api.service[101585]: INFO neutron.api.extensions [None req-de44c375-e4ec-40da-88ec-e32799d54179 None None] Loaded extension: project-id
Aug 25 00:35:35.758207 np0000191039 devstack@neutron-api.service[101585]: DEBUG neutron.api.extensions [None req-de44c375-e4ec-40da-88ec-e32799d54179 None None] Loading extension file: providernet.py {{(pid=101585) _load_all_extensions_from_path /opt/stack/neutron/neutron/api/extensions.py:449}}
Aug 25 00:35:35.758565 np0000191039 devstack@neutron-api.service[101585]: DEBUG neutron.api.extensions [None req-de44c375-e4ec-40da-88ec-e32799d54179 None None] Ext name="Provider Network" alias="provider" description="Expose mapping of virtual networks to physical networks" updated="2012-09-07T10:00:00-00:00" {{(pid=101585) _check_extension /opt/stack/neutron/neutron/api/extensions.py:415}}
Aug 25 00:35:35.758565 np0000191039 devstack@neutron-api.service[101585]: INFO neutron.api.extensions [None req-de44c375-e4ec-40da-88ec-e32799d54179 None None] Loaded extension: provider
Aug 25 00:35:35.758811 np0000191039 devstack@neutron-api.service[101585]: DEBUG neutron.api.extensions [None req-de44c375-e4ec-40da-88ec-e32799d54179 None None] Loading extension file: pvlan.py {{(pid=101585) _load_all_extensions_from_path /opt/stack/neutron/neutron/api/extensions.py:449}}
Aug 25 00:35:35.759044 np0000191039 devstack@neutron-api.service[101585]: DEBUG neutron.api.extensions [None req-de44c375-e4ec-40da-88ec-e32799d54179 None None] Ext name="Private VLAN" alias="pvlan" description="The Private VLAN semantics extension." updated="2026-02-03T10:00:00-00:00" {{(pid=101585) _check_extension /opt/stack/neutron/neutron/api/extensions.py:415}}
Aug 25 00:35:35.759369 np0000191039 devstack@neutron-api.service[101585]: INFO neutron.api.extensions [None req-de44c375-e4ec-40da-88ec-e32799d54179 None None] Extension pvlan not supported by any of loaded plugins
Aug 25 00:35:35.759369 np0000191039 devstack@neutron-api.service[101585]: DEBUG neutron.api.extensions [None req-de44c375-e4ec-40da-88ec-e32799d54179 None None] Loading extension file: qinq.py {{(pid=101585) _load_all_extensions_from_path /opt/stack/neutron/neutron/api/extensions.py:449}}
Aug 25 00:35:35.759645 np0000191039 devstack@neutron-api.service[101585]: DEBUG neutron.api.extensions [None req-de44c375-e4ec-40da-88ec-e32799d54179 None None] Ext name="QinQ networks" alias="qinq" description="Expose network 'qinq' attribute in the API. This allows to configure network to allow vlan in vlan configuration using 0x88a8 ethertype (QinQ)." updated="2024-12-02T10:00:00-00:00" {{(pid=101585) _check_extension /opt/stack/neutron/neutron/api/extensions.py:415}}
Aug 25 00:35:35.759645 np0000191039 devstack@neutron-api.service[101585]: INFO neutron.api.extensions [None req-de44c375-e4ec-40da-88ec-e32799d54179 None None] Loaded extension: qinq
Aug 25 00:35:35.759926 np0000191039 devstack@neutron-api.service[101585]: DEBUG neutron.api.extensions [None req-de44c375-e4ec-40da-88ec-e32799d54179 None None] Loading extension file: qos.py {{(pid=101585) _load_all_extensions_from_path /opt/stack/neutron/neutron/api/extensions.py:449}}
Aug 25 00:35:35.760425 np0000191039 devstack@neutron-api.service[101586]: DEBUG neutron.services.provider_configuration [None req-74ffcb6c-65e0-4234-bbb8-777a0989b1ac None None] Service providers = [] {{(pid=101586) parse_service_provider_opt /opt/stack/neutron/neutron/services/provider_configuration.py:170}}
Aug 25 00:35:35.760425 np0000191039 devstack@neutron-api.service[101586]: DEBUG neutron.db.servicetype_db [None req-74ffcb6c-65e0-4234-bbb8-777a0989b1ac None None] Adding provider configuration for service L3_ROUTER_NAT {{(pid=101586) add_provider_configuration /opt/stack/neutron/neutron/db/servicetype_db.py:45}}
Aug 25 00:35:35.760891 np0000191039 devstack@neutron-api.service[101585]: DEBUG neutron.api.extensions [None req-de44c375-e4ec-40da-88ec-e32799d54179 None None] Ext name="Quality of Service" alias="qos" description="The Quality of Service extension." updated="2015-06-08T10:00:00-00:00" {{(pid=101585) _check_extension /opt/stack/neutron/neutron/api/extensions.py:415}}
Aug 25 00:35:35.760891 np0000191039 devstack@neutron-api.service[101585]: INFO neutron.api.extensions [None req-de44c375-e4ec-40da-88ec-e32799d54179 None None] Extension qos not supported by any of loaded plugins
Aug 25 00:35:35.760891 np0000191039 devstack@neutron-api.service[101585]: DEBUG neutron.api.extensions [None req-de44c375-e4ec-40da-88ec-e32799d54179 None None] Loading extension file: qos_bw_limit_direction.py {{(pid=101585) _load_all_extensions_from_path /opt/stack/neutron/neutron/api/extensions.py:449}}
Aug 25 00:35:35.761182 np0000191039 devstack@neutron-api.service[101585]: DEBUG neutron.api.extensions [None req-de44c375-e4ec-40da-88ec-e32799d54179 None None] Ext name="Direction for QoS bandwidth limit rule" alias="qos-bw-limit-direction" description="Allow to configure QoS bandwidth limit rule with specific direction: ingress or egress" updated="2017-04-10T10:00:00-00:00" {{(pid=101585) _check_extension /opt/stack/neutron/neutron/api/extensions.py:415}}
Aug 25 00:35:35.761296 np0000191039 devstack@neutron-api.service[101586]: DEBUG neutron_lib.callbacks.manager [None req-74ffcb6c-65e0-4234-bbb8-777a0989b1ac None None] Subscribe: > router precommit_create 55549900, False {{(pid=101586) subscribe /opt/stack/data/venv/lib/python3.12/site-packages/neutron_lib/callbacks/manager.py:52}}
Aug 25 00:35:35.761350 np0000191039 devstack@neutron-api.service[101585]: INFO neutron.api.extensions [None req-de44c375-e4ec-40da-88ec-e32799d54179 None None] Extension qos-bw-limit-direction not supported by any of loaded plugins
Aug 25 00:35:35.761404 np0000191039 devstack@neutron-api.service[101586]: DEBUG neutron_lib.callbacks.manager [None req-74ffcb6c-65e0-4234-bbb8-777a0989b1ac None None] Subscribe: > router_interface after_create 55550000, False {{(pid=101586) subscribe /opt/stack/data/venv/lib/python3.12/site-packages/neutron_lib/callbacks/manager.py:52}}
Aug 25 00:35:35.761462 np0000191039 devstack@neutron-api.service[101585]: DEBUG neutron.api.extensions [None req-de44c375-e4ec-40da-88ec-e32799d54179 None None] Loading extension file: qos_bw_minimum_ingress.py {{(pid=101585) _load_all_extensions_from_path /opt/stack/neutron/neutron/api/extensions.py:449}}
Aug 25 00:35:35.761762 np0000191039 devstack@neutron-api.service[101586]: DEBUG neutron_lib.callbacks.manager [None req-74ffcb6c-65e0-4234-bbb8-777a0989b1ac None None] Subscribe: > floatingip after_create 55550000, False {{(pid=101586) subscribe /opt/stack/data/venv/lib/python3.12/site-packages/neutron_lib/callbacks/manager.py:52}}
Aug 25 00:35:35.761762 np0000191039 devstack@neutron-api.service[101586]: DEBUG neutron_lib.callbacks.manager [None req-74ffcb6c-65e0-4234-bbb8-777a0989b1ac None None] Subscribe: > floatingip precommit_create 55550000, False {{(pid=101586) subscribe /opt/stack/data/venv/lib/python3.12/site-packages/neutron_lib/callbacks/manager.py:52}}
Aug 25 00:35:35.761942 np0000191039 devstack@neutron-api.service[101585]: DEBUG neutron.api.extensions [None req-de44c375-e4ec-40da-88ec-e32799d54179 None None] Ext name="Ingress direction for QoS minimum bandwidth rule" alias="qos-bw-minimum-ingress" description="Allow to configure QoS minumum bandwidth rule with ingress direction." updated="2018-07-09T10:00:00-00:00" {{(pid=101585) _check_extension /opt/stack/neutron/neutron/api/extensions.py:415}}
Aug 25 00:35:35.762067 np0000191039 devstack@neutron-api.service[101586]: DEBUG neutron_lib.callbacks.manager [None req-74ffcb6c-65e0-4234-bbb8-777a0989b1ac None None] Subscribe: > floatingip precommit_update 55550000, False {{(pid=101586) subscribe /opt/stack/data/venv/lib/python3.12/site-packages/neutron_lib/callbacks/manager.py:52}}
Aug 25 00:35:35.762067 np0000191039 devstack@neutron-api.service[101586]: DEBUG neutron_lib.callbacks.manager [None req-74ffcb6c-65e0-4234-bbb8-777a0989b1ac None None] Subscribe: > floatingip after_delete 55550000, False {{(pid=101586) subscribe /opt/stack/data/venv/lib/python3.12/site-packages/neutron_lib/callbacks/manager.py:52}}
Aug 25 00:35:35.762182 np0000191039 devstack@neutron-api.service[101585]: INFO neutron.api.extensions [None req-de44c375-e4ec-40da-88ec-e32799d54179 None None] Extension qos-bw-minimum-ingress not supported by any of loaded plugins
Aug 25 00:35:35.762284 np0000191039 devstack@neutron-api.service[101586]: DEBUG neutron_lib.callbacks.manager [None req-74ffcb6c-65e0-4234-bbb8-777a0989b1ac None None] Subscribe: > floatingip after_status_update 55550000, False {{(pid=101586) subscribe /opt/stack/data/venv/lib/python3.12/site-packages/neutron_lib/callbacks/manager.py:52}}
Aug 25 00:35:35.762383 np0000191039 devstack@neutron-api.service[101585]: DEBUG neutron.api.extensions [None req-de44c375-e4ec-40da-88ec-e32799d54179 None None] Loading extension file: qos_default.py {{(pid=101585) _load_all_extensions_from_path /opt/stack/neutron/neutron/api/extensions.py:449}}
Aug 25 00:35:35.762471 np0000191039 devstack@neutron-api.service[101586]: DEBUG neutron_lib.callbacks.manager [None req-74ffcb6c-65e0-4234-bbb8-777a0989b1ac None None] Subscribe: > floatingip after_update 55550000, False {{(pid=101586) subscribe /opt/stack/data/venv/lib/python3.12/site-packages/neutron_lib/callbacks/manager.py:52}}
Aug 25 00:35:35.762471 np0000191039 devstack@neutron-api.service[101586]: DEBUG neutron_lib.callbacks.manager [None req-74ffcb6c-65e0-4234-bbb8-777a0989b1ac None None] Subscribe: > port_forwarding after_create 55550000, False {{(pid=101586) subscribe /opt/stack/data/venv/lib/python3.12/site-packages/neutron_lib/callbacks/manager.py:52}}
Aug 25 00:35:35.762596 np0000191039 devstack@neutron-api.service[101585]: DEBUG neutron.api.extensions [None req-de44c375-e4ec-40da-88ec-e32799d54179 None None] Ext name="QoS default policy" alias="qos-default" description="Expose the QoS default policy per project" updated="2017-041-06T10:00:00-00:00" {{(pid=101585) _check_extension /opt/stack/neutron/neutron/api/extensions.py:415}}
Aug 25 00:35:35.762685 np0000191039 devstack@neutron-api.service[101586]: DEBUG neutron_lib.callbacks.manager [None req-74ffcb6c-65e0-4234-bbb8-777a0989b1ac None None] Subscribe: > router_interface after_delete 55550000, False {{(pid=101586) subscribe /opt/stack/data/venv/lib/python3.12/site-packages/neutron_lib/callbacks/manager.py:52}}
Aug 25 00:35:35.762685 np0000191039 devstack@neutron-api.service[101586]: DEBUG neutron_lib.callbacks.manager [None req-74ffcb6c-65e0-4234-bbb8-777a0989b1ac None None] Subscribe: > router after_create 55550000, False {{(pid=101586) subscribe /opt/stack/data/venv/lib/python3.12/site-packages/neutron_lib/callbacks/manager.py:52}}
Aug 25 00:35:35.762822 np0000191039 devstack@neutron-api.service[101585]: INFO neutron.api.extensions [None req-de44c375-e4ec-40da-88ec-e32799d54179 None None] Extension qos-default not supported by any of loaded plugins
Aug 25 00:35:35.763134 np0000191039 devstack@neutron-api.service[101586]: DEBUG neutron_lib.callbacks.manager [None req-74ffcb6c-65e0-4234-bbb8-777a0989b1ac None None] Subscribe: > router precommit_create 55550000, False {{(pid=101586) subscribe /opt/stack/data/venv/lib/python3.12/site-packages/neutron_lib/callbacks/manager.py:52}}
