May 04 07:52:43.396208 np0000171540 nova-conductor[111801]: DEBUG cotyledon.oslo_config_glue [-] vmware.task_poll_interval = 0.5 {{(pid=111801) log_opt_values /opt/stack/data/venv/lib/python3.12/site-packages/oslo_config/cfg.py:3006}}
May 04 07:52:43.396208 np0000171540 nova-conductor[111801]: DEBUG cotyledon.oslo_config_glue [-] vmware.use_linked_clone = True {{(pid=111801) log_opt_values /opt/stack/data/venv/lib/python3.12/site-packages/oslo_config/cfg.py:3006}}
May 04 07:52:43.396208 np0000171540 nova-conductor[111801]: DEBUG cotyledon.oslo_config_glue [-] vmware.vnc_keymap = en-us {{(pid=111801) log_opt_values /opt/stack/data/venv/lib/python3.12/site-packages/oslo_config/cfg.py:3006}}
May 04 07:52:43.396444 np0000171540 nova-conductor[111801]: DEBUG cotyledon.oslo_config_glue [-] vmware.vnc_port = 5900 {{(pid=111801) log_opt_values /opt/stack/data/venv/lib/python3.12/site-packages/oslo_config/cfg.py:3006}}
May 04 07:52:43.396444 np0000171540 nova-conductor[111801]: DEBUG cotyledon.oslo_config_glue [-] vmware.vnc_port_total = 10000 {{(pid=111801) log_opt_values /opt/stack/data/venv/lib/python3.12/site-packages/oslo_config/cfg.py:3006}}
May 04 07:52:43.396444 np0000171540 nova-conductor[111801]: DEBUG cotyledon.oslo_config_glue [-] vnc.auth_schemes = ['none'] {{(pid=111801) log_opt_values /opt/stack/data/venv/lib/python3.12/site-packages/oslo_config/cfg.py:3006}}
May 04 07:52:43.396444 np0000171540 nova-conductor[111801]: DEBUG cotyledon.oslo_config_glue [-] vnc.enabled = True {{(pid=111801) log_opt_values /opt/stack/data/venv/lib/python3.12/site-packages/oslo_config/cfg.py:3006}}
May 04 07:52:43.396444 np0000171540 nova-conductor[111801]: DEBUG cotyledon.oslo_config_glue [-] vnc.novncproxy_base_url = http://127.0.0.1:6080/vnc_auto.html {{(pid=111801) log_opt_values /opt/stack/data/venv/lib/python3.12/site-packages/oslo_config/cfg.py:3006}}
May 04 07:52:43.396444 np0000171540 nova-conductor[111801]: DEBUG cotyledon.oslo_config_glue [-] vnc.novncproxy_host = 0.0.0.0 {{(pid=111801) log_opt_values /opt/stack/data/venv/lib/python3.12/site-packages/oslo_config/cfg.py:3006}}
May 04 07:52:43.396444 np0000171540 nova-conductor[111801]: DEBUG cotyledon.oslo_config_glue [-] vnc.novncproxy_port = 6080 {{(pid=111801) log_opt_values /opt/stack/data/venv/lib/python3.12/site-packages/oslo_config/cfg.py:3006}}
May 04 07:52:43.396444 np0000171540 nova-conductor[111801]: DEBUG cotyledon.oslo_config_glue [-] vnc.server_listen = 127.0.0.1 {{(pid=111801) log_opt_values /opt/stack/data/venv/lib/python3.12/site-packages/oslo_config/cfg.py:3006}}
May 04 07:52:43.396444 np0000171540 nova-conductor[111801]: DEBUG cotyledon.oslo_config_glue [-] vnc.server_proxyclient_address = 127.0.0.1 {{(pid=111801) log_opt_values /opt/stack/data/venv/lib/python3.12/site-packages/oslo_config/cfg.py:3006}}
May 04 07:52:43.396651 np0000171540 nova-conductor[111801]: DEBUG cotyledon.oslo_config_glue [-] vnc.vencrypt_ca_certs = None {{(pid=111801) log_opt_values /opt/stack/data/venv/lib/python3.12/site-packages/oslo_config/cfg.py:3006}}
May 04 07:52:43.396651 np0000171540 nova-conductor[111801]: DEBUG cotyledon.oslo_config_glue [-] vnc.vencrypt_client_cert = None {{(pid=111801) log_opt_values /opt/stack/data/venv/lib/python3.12/site-packages/oslo_config/cfg.py:3006}}
May 04 07:52:43.396651 np0000171540 nova-conductor[111801]: DEBUG cotyledon.oslo_config_glue [-] vnc.vencrypt_client_key = None {{(pid=111801) log_opt_values /opt/stack/data/venv/lib/python3.12/site-packages/oslo_config/cfg.py:3006}}
May 04 07:52:43.396651 np0000171540 nova-conductor[111801]: DEBUG cotyledon.oslo_config_glue [-] workarounds.disable_compute_service_check_for_ffu = False {{(pid=111801) log_opt_values /opt/stack/data/venv/lib/python3.12/site-packages/oslo_config/cfg.py:3006}}
May 04 07:52:43.396651 np0000171540 nova-conductor[111801]: DEBUG cotyledon.oslo_config_glue [-] workarounds.disable_deep_image_inspection = False {{(pid=111801) log_opt_values /opt/stack/data/venv/lib/python3.12/site-packages/oslo_config/cfg.py:3006}}
May 04 07:52:43.396651 np0000171540 nova-conductor[111801]: DEBUG cotyledon.oslo_config_glue [-] workarounds.disable_fallback_pcpu_query = False {{(pid=111801) log_opt_values /opt/stack/data/venv/lib/python3.12/site-packages/oslo_config/cfg.py:3006}}
May 04 07:52:43.396651 np0000171540 nova-conductor[111801]: DEBUG cotyledon.oslo_config_glue [-] workarounds.disable_group_policy_check_upcall = False {{(pid=111801) log_opt_values /opt/stack/data/venv/lib/python3.12/site-packages/oslo_config/cfg.py:3006}}
May 04 07:52:43.396651 np0000171540 nova-conductor[111801]: DEBUG cotyledon.oslo_config_glue [-] workarounds.disable_libvirt_livesnapshot = False {{(pid=111801) log_opt_values /opt/stack/data/venv/lib/python3.12/site-packages/oslo_config/cfg.py:3006}}
May 04 07:52:43.396651 np0000171540 nova-conductor[111801]: DEBUG cotyledon.oslo_config_glue [-] workarounds.disable_rootwrap = False {{(pid=111801) log_opt_values /opt/stack/data/venv/lib/python3.12/site-packages/oslo_config/cfg.py:3006}}
May 04 07:52:43.396870 np0000171540 nova-conductor[111801]: DEBUG cotyledon.oslo_config_glue [-] workarounds.enable_numa_live_migration = False {{(pid=111801) log_opt_values /opt/stack/data/venv/lib/python3.12/site-packages/oslo_config/cfg.py:3006}}
May 04 07:52:43.396870 np0000171540 nova-conductor[111801]: DEBUG cotyledon.oslo_config_glue [-] workarounds.enable_qemu_monitor_announce_self = False {{(pid=111801) log_opt_values /opt/stack/data/venv/lib/python3.12/site-packages/oslo_config/cfg.py:3006}}
May 04 07:52:43.396870 np0000171540 nova-conductor[111801]: DEBUG cotyledon.oslo_config_glue [-] workarounds.ensure_libvirt_rbd_instance_dir_cleanup = False {{(pid=111801) log_opt_values /opt/stack/data/venv/lib/python3.12/site-packages/oslo_config/cfg.py:3006}}
May 04 07:52:43.396870 np0000171540 nova-conductor[111801]: DEBUG cotyledon.oslo_config_glue [-] workarounds.handle_virt_lifecycle_events = True {{(pid=111801) log_opt_values /opt/stack/data/venv/lib/python3.12/site-packages/oslo_config/cfg.py:3006}}
May 04 07:52:43.396870 np0000171540 nova-conductor[111801]: DEBUG cotyledon.oslo_config_glue [-] workarounds.libvirt_disable_apic = False {{(pid=111801) log_opt_values /opt/stack/data/venv/lib/python3.12/site-packages/oslo_config/cfg.py:3006}}
May 04 07:52:43.396870 np0000171540 nova-conductor[111801]: DEBUG cotyledon.oslo_config_glue [-] workarounds.never_download_image_if_on_rbd = False {{(pid=111801) log_opt_values /opt/stack/data/venv/lib/python3.12/site-packages/oslo_config/cfg.py:3006}}
May 04 07:52:43.396870 np0000171540 nova-conductor[111801]: DEBUG cotyledon.oslo_config_glue [-] workarounds.qemu_monitor_announce_self_count = 3 {{(pid=111801) log_opt_values /opt/stack/data/venv/lib/python3.12/site-packages/oslo_config/cfg.py:3006}}
May 04 07:52:43.396870 np0000171540 nova-conductor[111801]: DEBUG cotyledon.oslo_config_glue [-] workarounds.qemu_monitor_announce_self_interval = 1 {{(pid=111801) log_opt_values /opt/stack/data/venv/lib/python3.12/site-packages/oslo_config/cfg.py:3006}}
May 04 07:52:43.396870 np0000171540 nova-conductor[111801]: DEBUG cotyledon.oslo_config_glue [-] workarounds.reserve_disk_resource_for_image_cache = False {{(pid=111801) log_opt_values /opt/stack/data/venv/lib/python3.12/site-packages/oslo_config/cfg.py:3006}}
May 04 07:52:43.397086 np0000171540 nova-conductor[111801]: DEBUG cotyledon.oslo_config_glue [-] workarounds.skip_cpu_compare_at_startup = False {{(pid=111801) log_opt_values /opt/stack/data/venv/lib/python3.12/site-packages/oslo_config/cfg.py:3006}}
May 04 07:52:43.397086 np0000171540 nova-conductor[111801]: DEBUG cotyledon.oslo_config_glue [-] workarounds.skip_cpu_compare_on_dest = False {{(pid=111801) log_opt_values /opt/stack/data/venv/lib/python3.12/site-packages/oslo_config/cfg.py:3006}}
May 04 07:52:43.397086 np0000171540 nova-conductor[111801]: DEBUG cotyledon.oslo_config_glue [-] workarounds.skip_hypervisor_version_check_on_lm = False {{(pid=111801) log_opt_values /opt/stack/data/venv/lib/python3.12/site-packages/oslo_config/cfg.py:3006}}
May 04 07:52:43.397086 np0000171540 nova-conductor[111801]: DEBUG cotyledon.oslo_config_glue [-] workarounds.skip_reserve_in_use_ironic_nodes = False {{(pid=111801) log_opt_values /opt/stack/data/venv/lib/python3.12/site-packages/oslo_config/cfg.py:3006}}
May 04 07:52:43.397086 np0000171540 nova-conductor[111801]: DEBUG cotyledon.oslo_config_glue [-] workarounds.unified_limits_count_pcpu_as_vcpu = False {{(pid=111801) log_opt_values /opt/stack/data/venv/lib/python3.12/site-packages/oslo_config/cfg.py:3006}}
May 04 07:52:43.397086 np0000171540 nova-conductor[111801]: DEBUG cotyledon.oslo_config_glue [-] workarounds.wait_for_vif_plugged_event_during_hard_reboot = [] {{(pid=111801) log_opt_values /opt/stack/data/venv/lib/python3.12/site-packages/oslo_config/cfg.py:3006}}
May 04 07:52:43.397086 np0000171540 nova-conductor[111801]: DEBUG cotyledon.oslo_config_glue [-] wsgi.api_paste_config = /etc/nova/api-paste.ini {{(pid=111801) log_opt_values /opt/stack/data/venv/lib/python3.12/site-packages/oslo_config/cfg.py:3006}}
May 04 07:52:43.397086 np0000171540 nova-conductor[111801]: DEBUG cotyledon.oslo_config_glue [-] wsgi.secure_proxy_ssl_header = None {{(pid=111801) log_opt_values /opt/stack/data/venv/lib/python3.12/site-packages/oslo_config/cfg.py:3006}}
May 04 07:52:43.397086 np0000171540 nova-conductor[111801]: DEBUG cotyledon.oslo_config_glue [-] zvm.ca_file = None {{(pid=111801) log_opt_values /opt/stack/data/venv/lib/python3.12/site-packages/oslo_config/cfg.py:3006}}
May 04 07:52:43.397316 np0000171540 nova-conductor[111816]: INFO dbcounter [None req-fffa0a2a-3ffe-4e54-9e91-a0e4c653a945 None None] Registered counter for database nova_cell0
May 04 07:52:43.397346 np0000171540 nova-conductor[111801]: DEBUG cotyledon.oslo_config_glue [-] zvm.cloud_connector_url = None {{(pid=111801) log_opt_values /opt/stack/data/venv/lib/python3.12/site-packages/oslo_config/cfg.py:3006}}
May 04 07:52:43.397346 np0000171540 nova-conductor[111801]: DEBUG cotyledon.oslo_config_glue [-] zvm.image_tmp_path = /opt/stack/data/nova/images {{(pid=111801) log_opt_values /opt/stack/data/venv/lib/python3.12/site-packages/oslo_config/cfg.py:3006}}
May 04 07:52:43.397346 np0000171540 nova-conductor[111801]: DEBUG cotyledon.oslo_config_glue [-] zvm.reachable_timeout = 300 {{(pid=111801) log_opt_values /opt/stack/data/venv/lib/python3.12/site-packages/oslo_config/cfg.py:3006}}
May 04 07:52:43.397346 np0000171540 nova-conductor[111801]: DEBUG cotyledon.oslo_config_glue [-] oslo_versionedobjects.fatal_exception_format_errors = False {{(pid=111801) log_opt_values /opt/stack/data/venv/lib/python3.12/site-packages/oslo_config/cfg.py:3006}}
May 04 07:52:43.397346 np0000171540 nova-conductor[111801]: DEBUG cotyledon.oslo_config_glue [-] oslo_middleware.http_basic_auth_user_file = /etc/htpasswd {{(pid=111801) log_opt_values /opt/stack/data/venv/lib/python3.12/site-packages/oslo_config/cfg.py:3006}}
May 04 07:52:43.397346 np0000171540 nova-conductor[111801]: DEBUG cotyledon.oslo_config_glue [-] profiler.connection_string = messaging:// {{(pid=111801) log_opt_values /opt/stack/data/venv/lib/python3.12/site-packages/oslo_config/cfg.py:3006}}
May 04 07:52:43.397346 np0000171540 nova-conductor[111801]: DEBUG cotyledon.oslo_config_glue [-] profiler.enabled = False {{(pid=111801) log_opt_values /opt/stack/data/venv/lib/python3.12/site-packages/oslo_config/cfg.py:3006}}
May 04 07:52:43.397346 np0000171540 nova-conductor[111801]: DEBUG cotyledon.oslo_config_glue [-] profiler.es_doc_type = notification {{(pid=111801) log_opt_values /opt/stack/data/venv/lib/python3.12/site-packages/oslo_config/cfg.py:3006}}
May 04 07:52:43.397346 np0000171540 nova-conductor[111801]: DEBUG cotyledon.oslo_config_glue [-] profiler.es_scroll_size = 10000 {{(pid=111801) log_opt_values /opt/stack/data/venv/lib/python3.12/site-packages/oslo_config/cfg.py:3006}}
May 04 07:52:43.397562 np0000171540 nova-conductor[111801]: DEBUG cotyledon.oslo_config_glue [-] profiler.es_scroll_time = 2m {{(pid=111801) log_opt_values /opt/stack/data/venv/lib/python3.12/site-packages/oslo_config/cfg.py:3006}}
May 04 07:52:43.397562 np0000171540 nova-conductor[111801]: DEBUG cotyledon.oslo_config_glue [-] profiler.filter_error_trace = False {{(pid=111801) log_opt_values /opt/stack/data/venv/lib/python3.12/site-packages/oslo_config/cfg.py:3006}}
May 04 07:52:43.397562 np0000171540 nova-conductor[111801]: DEBUG cotyledon.oslo_config_glue [-] profiler.hmac_keys = **** {{(pid=111801) log_opt_values /opt/stack/data/venv/lib/python3.12/site-packages/oslo_config/cfg.py:3006}}
May 04 07:52:43.397562 np0000171540 nova-conductor[111801]: DEBUG cotyledon.oslo_config_glue [-] profiler.sentinel_service_name = mymaster {{(pid=111801) log_opt_values /opt/stack/data/venv/lib/python3.12/site-packages/oslo_config/cfg.py:3006}}
May 04 07:52:43.397562 np0000171540 nova-conductor[111801]: DEBUG cotyledon.oslo_config_glue [-] profiler.socket_timeout = 0.1 {{(pid=111801) log_opt_values /opt/stack/data/venv/lib/python3.12/site-packages/oslo_config/cfg.py:3006}}
May 04 07:52:43.397562 np0000171540 nova-conductor[111801]: DEBUG cotyledon.oslo_config_glue [-] profiler.trace_requests = False {{(pid=111801) log_opt_values /opt/stack/data/venv/lib/python3.12/site-packages/oslo_config/cfg.py:3006}}
May 04 07:52:43.397562 np0000171540 nova-conductor[111801]: DEBUG cotyledon.oslo_config_glue [-] profiler.trace_sqlalchemy = False {{(pid=111801) log_opt_values /opt/stack/data/venv/lib/python3.12/site-packages/oslo_config/cfg.py:3006}}
May 04 07:52:43.397562 np0000171540 nova-conductor[111801]: DEBUG cotyledon.oslo_config_glue [-] profiler_jaeger.process_tags = {} {{(pid=111801) log_opt_values /opt/stack/data/venv/lib/python3.12/site-packages/oslo_config/cfg.py:3006}}
May 04 07:52:43.397562 np0000171540 nova-conductor[111801]: DEBUG cotyledon.oslo_config_glue [-] profiler_jaeger.service_name_prefix = None {{(pid=111801) log_opt_values /opt/stack/data/venv/lib/python3.12/site-packages/oslo_config/cfg.py:3006}}
May 04 07:52:43.397781 np0000171540 nova-conductor[111801]: DEBUG cotyledon.oslo_config_glue [-] profiler_otlp.service_name_prefix = None {{(pid=111801) log_opt_values /opt/stack/data/venv/lib/python3.12/site-packages/oslo_config/cfg.py:3006}}
May 04 07:52:43.397781 np0000171540 nova-conductor[111801]: DEBUG cotyledon.oslo_config_glue [-] oslo_messaging_rabbit.amqp_auto_delete = False {{(pid=111801) log_opt_values /opt/stack/data/venv/lib/python3.12/site-packages/oslo_config/cfg.py:3006}}
May 04 07:52:43.397781 np0000171540 nova-conductor[111801]: DEBUG cotyledon.oslo_config_glue [-] oslo_messaging_rabbit.amqp_durable_queues = False {{(pid=111801) log_opt_values /opt/stack/data/venv/lib/python3.12/site-packages/oslo_config/cfg.py:3006}}
May 04 07:52:43.397781 np0000171540 nova-conductor[111801]: DEBUG cotyledon.oslo_config_glue [-] oslo_messaging_rabbit.conn_pool_min_size = 2 {{(pid=111801) log_opt_values /opt/stack/data/venv/lib/python3.12/site-packages/oslo_config/cfg.py:3006}}
May 04 07:52:43.397781 np0000171540 nova-conductor[111801]: DEBUG cotyledon.oslo_config_glue [-] oslo_messaging_rabbit.conn_pool_ttl = 1200 {{(pid=111801) log_opt_values /opt/stack/data/venv/lib/python3.12/site-packages/oslo_config/cfg.py:3006}}
May 04 07:52:43.397781 np0000171540 nova-conductor[111801]: DEBUG cotyledon.oslo_config_glue [-] oslo_messaging_rabbit.direct_mandatory_flag = True {{(pid=111801) log_opt_values /opt/stack/data/venv/lib/python3.12/site-packages/oslo_config/cfg.py:3006}}
May 04 07:52:43.397781 np0000171540 nova-conductor[111801]: DEBUG cotyledon.oslo_config_glue [-] oslo_messaging_rabbit.enable_cancel_on_failover = False {{(pid=111801) log_opt_values /opt/stack/data/venv/lib/python3.12/site-packages/oslo_config/cfg.py:3006}}
May 04 07:52:43.397781 np0000171540 nova-conductor[111801]: DEBUG cotyledon.oslo_config_glue [-] oslo_messaging_rabbit.heartbeat_in_pthread = False {{(pid=111801) log_opt_values /opt/stack/data/venv/lib/python3.12/site-packages/oslo_config/cfg.py:3006}}
May 04 07:52:43.397781 np0000171540 nova-conductor[111801]: DEBUG cotyledon.oslo_config_glue [-] oslo_messaging_rabbit.heartbeat_rate = 3 {{(pid=111801) log_opt_values /opt/stack/data/venv/lib/python3.12/site-packages/oslo_config/cfg.py:3006}}
May 04 07:52:43.397994 np0000171540 nova-conductor[111801]: DEBUG cotyledon.oslo_config_glue [-] oslo_messaging_rabbit.heartbeat_timeout_threshold = 60 {{(pid=111801) log_opt_values /opt/stack/data/venv/lib/python3.12/site-packages/oslo_config/cfg.py:3006}}
May 04 07:52:43.397994 np0000171540 nova-conductor[111801]: DEBUG cotyledon.oslo_config_glue [-] oslo_messaging_rabbit.hostname = np0000171540 {{(pid=111801) log_opt_values /opt/stack/data/venv/lib/python3.12/site-packages/oslo_config/cfg.py:3006}}
May 04 07:52:43.397994 np0000171540 nova-conductor[111801]: DEBUG cotyledon.oslo_config_glue [-] oslo_messaging_rabbit.kombu_compression = None {{(pid=111801) log_opt_values /opt/stack/data/venv/lib/python3.12/site-packages/oslo_config/cfg.py:3006}}
May 04 07:52:43.397994 np0000171540 nova-conductor[111801]: DEBUG cotyledon.oslo_config_glue [-] oslo_messaging_rabbit.kombu_failover_strategy = round-robin {{(pid=111801) log_opt_values /opt/stack/data/venv/lib/python3.12/site-packages/oslo_config/cfg.py:3006}}
May 04 07:52:43.397994 np0000171540 nova-conductor[111801]: DEBUG cotyledon.oslo_config_glue [-] oslo_messaging_rabbit.kombu_missing_consumer_retry_timeout = 60 {{(pid=111801) log_opt_values /opt/stack/data/venv/lib/python3.12/site-packages/oslo_config/cfg.py:3006}}
May 04 07:52:43.397994 np0000171540 nova-conductor[111801]: DEBUG cotyledon.oslo_config_glue [-] oslo_messaging_rabbit.kombu_reconnect_delay = 1.0 {{(pid=111801) log_opt_values /opt/stack/data/venv/lib/python3.12/site-packages/oslo_config/cfg.py:3006}}
May 04 07:52:43.397994 np0000171540 nova-conductor[111801]: DEBUG cotyledon.oslo_config_glue [-] oslo_messaging_rabbit.kombu_reconnect_splay = 0.0 {{(pid=111801) log_opt_values /opt/stack/data/venv/lib/python3.12/site-packages/oslo_config/cfg.py:3006}}
May 04 07:52:43.397994 np0000171540 nova-conductor[111801]: DEBUG cotyledon.oslo_config_glue [-] oslo_messaging_rabbit.processname = nova-conductor {{(pid=111801) log_opt_values /opt/stack/data/venv/lib/python3.12/site-packages/oslo_config/cfg.py:3006}}
May 04 07:52:43.398177 np0000171540 nova-conductor[111801]: DEBUG cotyledon.oslo_config_glue [-] oslo_messaging_rabbit.rabbit_ha_queues = False {{(pid=111801) log_opt_values /opt/stack/data/venv/lib/python3.12/site-packages/oslo_config/cfg.py:3006}}
May 04 07:52:43.398177 np0000171540 nova-conductor[111801]: DEBUG cotyledon.oslo_config_glue [-] oslo_messaging_rabbit.rabbit_interval_max = 30 {{(pid=111801) log_opt_values /opt/stack/data/venv/lib/python3.12/site-packages/oslo_config/cfg.py:3006}}
May 04 07:52:43.398177 np0000171540 nova-conductor[111801]: DEBUG cotyledon.oslo_config_glue [-] oslo_messaging_rabbit.rabbit_login_method = AMQPLAIN {{(pid=111801) log_opt_values /opt/stack/data/venv/lib/python3.12/site-packages/oslo_config/cfg.py:3006}}
May 04 07:52:43.398177 np0000171540 nova-conductor[111801]: DEBUG cotyledon.oslo_config_glue [-] oslo_messaging_rabbit.rabbit_qos_prefetch_count = 0 {{(pid=111801) log_opt_values /opt/stack/data/venv/lib/python3.12/site-packages/oslo_config/cfg.py:3006}}
May 04 07:52:43.398177 np0000171540 nova-conductor[111801]: DEBUG cotyledon.oslo_config_glue [-] oslo_messaging_rabbit.rabbit_quorum_delivery_limit = 0 {{(pid=111801) log_opt_values /opt/stack/data/venv/lib/python3.12/site-packages/oslo_config/cfg.py:3006}}
May 04 07:52:43.398177 np0000171540 nova-conductor[111801]: DEBUG cotyledon.oslo_config_glue [-] oslo_messaging_rabbit.rabbit_quorum_max_memory_bytes = 0 {{(pid=111801) log_opt_values /opt/stack/data/venv/lib/python3.12/site-packages/oslo_config/cfg.py:3006}}
May 04 07:52:43.398177 np0000171540 nova-conductor[111801]: DEBUG cotyledon.oslo_config_glue [-] oslo_messaging_rabbit.rabbit_quorum_max_memory_length = 0 {{(pid=111801) log_opt_values /opt/stack/data/venv/lib/python3.12/site-packages/oslo_config/cfg.py:3006}}
May 04 07:52:43.398177 np0000171540 nova-conductor[111801]: DEBUG cotyledon.oslo_config_glue [-] oslo_messaging_rabbit.rabbit_quorum_queue = False {{(pid=111801) log_opt_values /opt/stack/data/venv/lib/python3.12/site-packages/oslo_config/cfg.py:3006}}
May 04 07:52:43.398385 np0000171540 nova-conductor[111801]: DEBUG cotyledon.oslo_config_glue [-] oslo_messaging_rabbit.rabbit_retry_backoff = 2 {{(pid=111801) log_opt_values /opt/stack/data/venv/lib/python3.12/site-packages/oslo_config/cfg.py:3006}}
May 04 07:52:43.398385 np0000171540 nova-conductor[111801]: DEBUG cotyledon.oslo_config_glue [-] oslo_messaging_rabbit.rabbit_retry_interval = 1 {{(pid=111801) log_opt_values /opt/stack/data/venv/lib/python3.12/site-packages/oslo_config/cfg.py:3006}}
May 04 07:52:43.398385 np0000171540 nova-conductor[111801]: DEBUG cotyledon.oslo_config_glue [-] oslo_messaging_rabbit.rabbit_stream_fanout = False {{(pid=111801) log_opt_values /opt/stack/data/venv/lib/python3.12/site-packages/oslo_config/cfg.py:3006}}
May 04 07:52:43.398385 np0000171540 nova-conductor[111801]: DEBUG cotyledon.oslo_config_glue [-] oslo_messaging_rabbit.rabbit_transient_queues_ttl = 1800 {{(pid=111801) log_opt_values /opt/stack/data/venv/lib/python3.12/site-packages/oslo_config/cfg.py:3006}}
May 04 07:52:43.398385 np0000171540 nova-conductor[111801]: DEBUG cotyledon.oslo_config_glue [-] oslo_messaging_rabbit.rabbit_transient_quorum_queue = False {{(pid=111801) log_opt_values /opt/stack/data/venv/lib/python3.12/site-packages/oslo_config/cfg.py:3006}}
May 04 07:52:43.398385 np0000171540 nova-conductor[111801]: DEBUG cotyledon.oslo_config_glue [-] oslo_messaging_rabbit.rpc_conn_pool_size = 30 {{(pid=111801) log_opt_values /opt/stack/data/venv/lib/python3.12/site-packages/oslo_config/cfg.py:3006}}
May 04 07:52:43.398385 np0000171540 nova-conductor[111801]: DEBUG cotyledon.oslo_config_glue [-] oslo_messaging_rabbit.ssl = False {{(pid=111801) log_opt_values /opt/stack/data/venv/lib/python3.12/site-packages/oslo_config/cfg.py:3006}}
May 04 07:52:43.398385 np0000171540 nova-conductor[111801]: DEBUG cotyledon.oslo_config_glue [-] oslo_messaging_rabbit.ssl_ca_file = {{(pid=111801) log_opt_values /opt/stack/data/venv/lib/python3.12/site-packages/oslo_config/cfg.py:3006}}
May 04 07:52:43.398385 np0000171540 nova-conductor[111801]: DEBUG cotyledon.oslo_config_glue [-] oslo_messaging_rabbit.ssl_cert_file = {{(pid=111801) log_opt_values /opt/stack/data/venv/lib/python3.12/site-packages/oslo_config/cfg.py:3006}}
May 04 07:52:43.398617 np0000171540 nova-conductor[111801]: DEBUG cotyledon.oslo_config_glue [-] oslo_messaging_rabbit.ssl_enforce_fips_mode = False {{(pid=111801) log_opt_values /opt/stack/data/venv/lib/python3.12/site-packages/oslo_config/cfg.py:3006}}
May 04 07:52:43.398617 np0000171540 nova-conductor[111801]: DEBUG cotyledon.oslo_config_glue [-] oslo_messaging_rabbit.ssl_key_file = {{(pid=111801) log_opt_values /opt/stack/data/venv/lib/python3.12/site-packages/oslo_config/cfg.py:3006}}
May 04 07:52:43.398617 np0000171540 nova-conductor[111801]: DEBUG cotyledon.oslo_config_glue [-] oslo_messaging_rabbit.ssl_version = {{(pid=111801) log_opt_values /opt/stack/data/venv/lib/python3.12/site-packages/oslo_config/cfg.py:3006}}
May 04 07:52:43.398617 np0000171540 nova-conductor[111801]: DEBUG cotyledon.oslo_config_glue [-] oslo_messaging_rabbit.use_queue_manager = False {{(pid=111801) log_opt_values /opt/stack/data/venv/lib/python3.12/site-packages/oslo_config/cfg.py:3006}}
May 04 07:52:43.398617 np0000171540 nova-conductor[111801]: DEBUG cotyledon.oslo_config_glue [-] oslo_messaging_notifications.driver = ['messagingv2'] {{(pid=111801) log_opt_values /opt/stack/data/venv/lib/python3.12/site-packages/oslo_config/cfg.py:3006}}
May 04 07:52:43.398617 np0000171540 nova-conductor[111801]: DEBUG cotyledon.oslo_config_glue [-] oslo_messaging_notifications.retry = -1 {{(pid=111801) log_opt_values /opt/stack/data/venv/lib/python3.12/site-packages/oslo_config/cfg.py:3006}}
May 04 07:52:43.398617 np0000171540 nova-conductor[111801]: DEBUG cotyledon.oslo_config_glue [-] oslo_messaging_notifications.topics = ['notifications'] {{(pid=111801) log_opt_values /opt/stack/data/venv/lib/python3.12/site-packages/oslo_config/cfg.py:3006}}
May 04 07:52:43.398617 np0000171540 nova-conductor[111801]: DEBUG cotyledon.oslo_config_glue [-] oslo_messaging_notifications.transport_url = **** {{(pid=111801) log_opt_values /opt/stack/data/venv/lib/python3.12/site-packages/oslo_config/cfg.py:3006}}
May 04 07:52:43.398617 np0000171540 nova-conductor[111801]: DEBUG cotyledon.oslo_config_glue [-] oslo_limit.auth_section = None {{(pid=111801) log_opt_values /opt/stack/data/venv/lib/python3.12/site-packages/oslo_config/cfg.py:3006}}
May 04 07:52:43.398885 np0000171540 nova-conductor[111801]: DEBUG cotyledon.oslo_config_glue [-] oslo_limit.auth_type = None {{(pid=111801) log_opt_values /opt/stack/data/venv/lib/python3.12/site-packages/oslo_config/cfg.py:3006}}
May 04 07:52:43.398885 np0000171540 nova-conductor[111801]: DEBUG cotyledon.oslo_config_glue [-] oslo_limit.cafile = None {{(pid=111801) log_opt_values /opt/stack/data/venv/lib/python3.12/site-packages/oslo_config/cfg.py:3006}}
May 04 07:52:43.398885 np0000171540 nova-conductor[111801]: DEBUG cotyledon.oslo_config_glue [-] oslo_limit.certfile = None {{(pid=111801) log_opt_values /opt/stack/data/venv/lib/python3.12/site-packages/oslo_config/cfg.py:3006}}
May 04 07:52:43.398885 np0000171540 nova-conductor[111801]: DEBUG cotyledon.oslo_config_glue [-] oslo_limit.collect_timing = False {{(pid=111801) log_opt_values /opt/stack/data/venv/lib/python3.12/site-packages/oslo_config/cfg.py:3006}}
May 04 07:52:43.398885 np0000171540 nova-conductor[111801]: DEBUG cotyledon.oslo_config_glue [-] oslo_limit.connect_retries = None {{(pid=111801) log_opt_values /opt/stack/data/venv/lib/python3.12/site-packages/oslo_config/cfg.py:3006}}
May 04 07:52:43.398885 np0000171540 nova-conductor[111801]: DEBUG cotyledon.oslo_config_glue [-] oslo_limit.connect_retry_delay = None {{(pid=111801) log_opt_values /opt/stack/data/venv/lib/python3.12/site-packages/oslo_config/cfg.py:3006}}
May 04 07:52:43.398885 np0000171540 nova-conductor[111801]: DEBUG cotyledon.oslo_config_glue [-] oslo_limit.endpoint_id = None {{(pid=111801) log_opt_values /opt/stack/data/venv/lib/python3.12/site-packages/oslo_config/cfg.py:3006}}
May 04 07:52:43.398885 np0000171540 nova-conductor[111801]: DEBUG cotyledon.oslo_config_glue [-] oslo_limit.endpoint_interface = public {{(pid=111801) log_opt_values /opt/stack/data/venv/lib/python3.12/site-packages/oslo_config/cfg.py:3006}}
May 04 07:52:43.398885 np0000171540 nova-conductor[111801]: DEBUG cotyledon.oslo_config_glue [-] oslo_limit.endpoint_override = None {{(pid=111801) log_opt_values /opt/stack/data/venv/lib/python3.12/site-packages/oslo_config/cfg.py:3006}}
May 04 07:52:43.399107 np0000171540 nova-conductor[111808]: DEBUG dbcounter [-] [111808] Writer thread running {{(pid=111808) stat_writer /opt/stack/data/venv/lib/python3.12/site-packages/dbcounter.py:102}}
May 04 07:52:43.399144 np0000171540 nova-conductor[111801]: DEBUG cotyledon.oslo_config_glue [-] oslo_limit.endpoint_region_name = None {{(pid=111801) log_opt_values /opt/stack/data/venv/lib/python3.12/site-packages/oslo_config/cfg.py:3006}}
May 04 07:52:43.399144 np0000171540 nova-conductor[111801]: DEBUG cotyledon.oslo_config_glue [-] oslo_limit.endpoint_service_name = None {{(pid=111801) log_opt_values /opt/stack/data/venv/lib/python3.12/site-packages/oslo_config/cfg.py:3006}}
May 04 07:52:43.399144 np0000171540 nova-conductor[111801]: DEBUG cotyledon.oslo_config_glue [-] oslo_limit.endpoint_service_type = None {{(pid=111801) log_opt_values /opt/stack/data/venv/lib/python3.12/site-packages/oslo_config/cfg.py:3006}}
May 04 07:52:43.399144 np0000171540 nova-conductor[111801]: DEBUG cotyledon.oslo_config_glue [-] oslo_limit.insecure = False {{(pid=111801) log_opt_values /opt/stack/data/venv/lib/python3.12/site-packages/oslo_config/cfg.py:3006}}
May 04 07:52:43.399144 np0000171540 nova-conductor[111801]: DEBUG cotyledon.oslo_config_glue [-] oslo_limit.keyfile = None {{(pid=111801) log_opt_values /opt/stack/data/venv/lib/python3.12/site-packages/oslo_config/cfg.py:3006}}
May 04 07:52:43.399144 np0000171540 nova-conductor[111801]: DEBUG cotyledon.oslo_config_glue [-] oslo_limit.max_version = None {{(pid=111801) log_opt_values /opt/stack/data/venv/lib/python3.12/site-packages/oslo_config/cfg.py:3006}}
May 04 07:52:43.399144 np0000171540 nova-conductor[111801]: DEBUG cotyledon.oslo_config_glue [-] oslo_limit.min_version = None {{(pid=111801) log_opt_values /opt/stack/data/venv/lib/python3.12/site-packages/oslo_config/cfg.py:3006}}
May 04 07:52:43.399144 np0000171540 nova-conductor[111801]: DEBUG cotyledon.oslo_config_glue [-] oslo_limit.region_name = None {{(pid=111801) log_opt_values /opt/stack/data/venv/lib/python3.12/site-packages/oslo_config/cfg.py:3006}}
May 04 07:52:43.399144 np0000171540 nova-conductor[111801]: DEBUG cotyledon.oslo_config_glue [-] oslo_limit.retriable_status_codes = None {{(pid=111801) log_opt_values /opt/stack/data/venv/lib/python3.12/site-packages/oslo_config/cfg.py:3006}}
May 04 07:52:43.399378 np0000171540 nova-conductor[111801]: DEBUG cotyledon.oslo_config_glue [-] oslo_limit.service_name = None {{(pid=111801) log_opt_values /opt/stack/data/venv/lib/python3.12/site-packages/oslo_config/cfg.py:3006}}
May 04 07:52:43.399378 np0000171540 nova-conductor[111801]: DEBUG cotyledon.oslo_config_glue [-] oslo_limit.service_type = None {{(pid=111801) log_opt_values /opt/stack/data/venv/lib/python3.12/site-packages/oslo_config/cfg.py:3006}}
May 04 07:52:43.399378 np0000171540 nova-conductor[111801]: DEBUG cotyledon.oslo_config_glue [-] oslo_limit.split_loggers = False {{(pid=111801) log_opt_values /opt/stack/data/venv/lib/python3.12/site-packages/oslo_config/cfg.py:3006}}
May 04 07:52:43.399378 np0000171540 nova-conductor[111801]: DEBUG cotyledon.oslo_config_glue [-] oslo_limit.status_code_retries = None {{(pid=111801) log_opt_values /opt/stack/data/venv/lib/python3.12/site-packages/oslo_config/cfg.py:3006}}
May 04 07:52:43.399378 np0000171540 nova-conductor[111801]: DEBUG cotyledon.oslo_config_glue [-] oslo_limit.status_code_retry_delay = None {{(pid=111801) log_opt_values /opt/stack/data/venv/lib/python3.12/site-packages/oslo_config/cfg.py:3006}}
May 04 07:52:43.399378 np0000171540 nova-conductor[111801]: DEBUG cotyledon.oslo_config_glue [-] oslo_limit.timeout = None {{(pid=111801) log_opt_values /opt/stack/data/venv/lib/python3.12/site-packages/oslo_config/cfg.py:3006}}
May 04 07:52:43.399378 np0000171540 nova-conductor[111801]: DEBUG cotyledon.oslo_config_glue [-] oslo_limit.valid_interfaces = None {{(pid=111801) log_opt_values /opt/stack/data/venv/lib/python3.12/site-packages/oslo_config/cfg.py:3006}}
May 04 07:52:43.399378 np0000171540 nova-conductor[111801]: DEBUG cotyledon.oslo_config_glue [-] oslo_limit.version = None {{(pid=111801) log_opt_values /opt/stack/data/venv/lib/python3.12/site-packages/oslo_config/cfg.py:3006}}
May 04 07:52:43.399378 np0000171540 nova-conductor[111801]: DEBUG cotyledon.oslo_config_glue [-] oslo_reports.file_event_handler = None {{(pid=111801) log_opt_values /opt/stack/data/venv/lib/python3.12/site-packages/oslo_config/cfg.py:3006}}
May 04 07:52:43.399584 np0000171540 nova-conductor[111801]: DEBUG cotyledon.oslo_config_glue [-] oslo_reports.file_event_handler_interval = 1 {{(pid=111801) log_opt_values /opt/stack/data/venv/lib/python3.12/site-packages/oslo_config/cfg.py:3006}}
May 04 07:52:43.399584 np0000171540 nova-conductor[111801]: DEBUG cotyledon.oslo_config_glue [-] oslo_reports.log_dir = None {{(pid=111801) log_opt_values /opt/stack/data/venv/lib/python3.12/site-packages/oslo_config/cfg.py:3006}}
May 04 07:52:43.399584 np0000171540 nova-conductor[111801]: DEBUG cotyledon.oslo_config_glue [-] ******************************************************************************** {{(pid=111801) log_opt_values /opt/stack/data/venv/lib/python3.12/site-packages/oslo_config/cfg.py:3013}}
May 04 07:52:43.399584 np0000171540 nova-conductor[111801]: DEBUG cotyledon._service_worker [-] Run service ServiceWrapper(1) [111801] {{(pid=111801) wait_forever /opt/stack/data/venv/lib/python3.12/site-packages/cotyledon/_service_worker.py:218}}
May 04 07:52:43.399685 np0000171540 nova-conductor[111808]: DEBUG nova.service [None req-be5cac61-f698-47c3-986b-4604cd026584 None None] Creating RPC server for service: nova-conductor on topic: conductor {{(pid=111808) start /opt/stack/nova/nova/service.py:195}}
May 04 07:52:43.399714 np0000171540 nova-conductor[111801]: INFO nova.service [-] Starting conductor node (version 33.1.0)
May 04 07:52:43.399741 np0000171540 nova-conductor[111816]: DEBUG oslo_db.sqlalchemy.engines [None req-fffa0a2a-3ffe-4e54-9e91-a0e4c653a945 None None] MySQL server mode set to STRICT_TRANS_TABLES,STRICT_ALL_TABLES,NO_ZERO_IN_DATE,NO_ZERO_DATE,ERROR_FOR_DIVISION_BY_ZERO,TRADITIONAL,NO_ENGINE_SUBSTITUTION {{(pid=111816) _check_effective_sql_mode /opt/stack/data/venv/lib/python3.12/site-packages/oslo_db/sqlalchemy/engines.py:325}}
May 04 07:52:43.399770 np0000171540 nova-conductor[111801]: INFO dbcounter [None req-91d2f726-a229-444e-869f-e22fe3a312fe None None] Registered counter for database nova_cell0
May 04 07:52:43.407076 np0000171540 nova-conductor[111816]: DEBUG dbcounter [-] [111816] Writer thread running {{(pid=111816) stat_writer /opt/stack/data/venv/lib/python3.12/site-packages/dbcounter.py:102}}
May 04 07:52:43.407194 np0000171540 nova-conductor[111791]: DEBUG nova.service [None req-6b18e2b9-706a-4f63-9660-bbdad465bc2b None None] Join ServiceGroup membership for this service conductor {{(pid=111791) start /opt/stack/nova/nova/service.py:221}}
May 04 07:52:43.407486 np0000171540 nova-conductor[111791]: DEBUG nova.servicegroup.drivers.db [None req-6b18e2b9-706a-4f63-9660-bbdad465bc2b None None] DB_Driver: join new ServiceGroup member np0000171540 to the conductor group, service = {{(pid=111791) join /opt/stack/nova/nova/servicegroup/drivers/db.py:44}}
May 04 07:52:43.408263 np0000171540 nova-conductor[111808]: DEBUG nova.service [None req-be5cac61-f698-47c3-986b-4604cd026584 None None] Join ServiceGroup membership for this service conductor {{(pid=111808) start /opt/stack/nova/nova/service.py:221}}
May 04 07:52:43.408634 np0000171540 nova-conductor[111808]: DEBUG nova.servicegroup.drivers.db [None req-be5cac61-f698-47c3-986b-4604cd026584 None None] DB_Driver: join new ServiceGroup member np0000171540 to the conductor group, service = {{(pid=111808) join /opt/stack/nova/nova/servicegroup/drivers/db.py:44}}
May 04 07:52:43.408719 np0000171540 nova-conductor[111801]: DEBUG oslo_db.sqlalchemy.engines [None req-91d2f726-a229-444e-869f-e22fe3a312fe None None] MySQL server mode set to STRICT_TRANS_TABLES,STRICT_ALL_TABLES,NO_ZERO_IN_DATE,NO_ZERO_DATE,ERROR_FOR_DIVISION_BY_ZERO,TRADITIONAL,NO_ENGINE_SUBSTITUTION {{(pid=111801) _check_effective_sql_mode /opt/stack/data/venv/lib/python3.12/site-packages/oslo_db/sqlalchemy/engines.py:325}}
May 04 07:52:43.409859 np0000171540 nova-conductor[111816]: DEBUG nova.service [None req-fffa0a2a-3ffe-4e54-9e91-a0e4c653a945 None None] Creating RPC server for service: nova-conductor on topic: conductor {{(pid=111816) start /opt/stack/nova/nova/service.py:195}}
May 04 07:52:43.422027 np0000171540 nova-conductor[111801]: DEBUG dbcounter [-] [111801] Writer thread running {{(pid=111801) stat_writer /opt/stack/data/venv/lib/python3.12/site-packages/dbcounter.py:102}}
May 04 07:52:43.424836 np0000171540 nova-conductor[111801]: DEBUG nova.service [None req-91d2f726-a229-444e-869f-e22fe3a312fe None None] Creating RPC server for service: nova-conductor on topic: conductor {{(pid=111801) start /opt/stack/nova/nova/service.py:195}}
May 04 07:52:43.427865 np0000171540 nova-conductor[111816]: DEBUG nova.service [None req-fffa0a2a-3ffe-4e54-9e91-a0e4c653a945 None None] Join ServiceGroup membership for this service conductor {{(pid=111816) start /opt/stack/nova/nova/service.py:221}}
May 04 07:52:43.428109 np0000171540 nova-conductor[111816]: DEBUG nova.servicegroup.drivers.db [None req-fffa0a2a-3ffe-4e54-9e91-a0e4c653a945 None None] DB_Driver: join new ServiceGroup member np0000171540 to the conductor group, service = {{(pid=111816) join /opt/stack/nova/nova/servicegroup/drivers/db.py:44}}
May 04 07:52:43.445489 np0000171540 nova-conductor[111801]: DEBUG nova.service [None req-91d2f726-a229-444e-869f-e22fe3a312fe None None] Join ServiceGroup membership for this service conductor {{(pid=111801) start /opt/stack/nova/nova/service.py:221}}
May 04 07:52:43.445833 np0000171540 nova-conductor[111801]: DEBUG nova.servicegroup.drivers.db [None req-91d2f726-a229-444e-869f-e22fe3a312fe None None] DB_Driver: join new ServiceGroup member np0000171540 to the conductor group, service = {{(pid=111801) join /opt/stack/nova/nova/servicegroup/drivers/db.py:44}}
May 04 07:52:45.430920 np0000171540 nova-conductor[111816]: DEBUG oslo.service.backend._threading.loopingcall [None req-459188d9-0a99-424d-8764-67643407252f None None] Dynamic interval looping call 'nova.service.Service.periodic_tasks' sleeping for 60.00 seconds {{(pid=111816) _run_loop /opt/stack/data/venv/lib/python3.12/site-packages/oslo_service/backend/_threading/loopingcall.py:125}}
May 04 07:52:48.428249 np0000171540 nova-conductor[111791]: DEBUG oslo.service.backend._threading.loopingcall [-] Fixed interval looping call 'nova.servicegroup.drivers.db.DbDriver._report_state' sleeping for 119.98 seconds {{(pid=111791) _run_loop /opt/stack/data/venv/lib/python3.12/site-packages/oslo_service/backend/_threading/loopingcall.py:125}}
May 04 07:52:48.430141 np0000171540 nova-conductor[111808]: DEBUG oslo.service.backend._threading.loopingcall [-] Fixed interval looping call 'nova.servicegroup.drivers.db.DbDriver._report_state' sleeping for 119.98 seconds {{(pid=111808) _run_loop /opt/stack/data/venv/lib/python3.12/site-packages/oslo_service/backend/_threading/loopingcall.py:125}}
May 04 07:52:48.443173 np0000171540 nova-conductor[111816]: DEBUG oslo.service.backend._threading.loopingcall [-] Fixed interval looping call 'nova.servicegroup.drivers.db.DbDriver._report_state' sleeping for 119.99 seconds {{(pid=111816) _run_loop /opt/stack/data/venv/lib/python3.12/site-packages/oslo_service/backend/_threading/loopingcall.py:125}}
May 04 07:52:48.462668 np0000171540 nova-conductor[111801]: DEBUG oslo.service.backend._threading.loopingcall [-] Fixed interval looping call 'nova.servicegroup.drivers.db.DbDriver._report_state' sleeping for 119.99 seconds {{(pid=111801) _run_loop /opt/stack/data/venv/lib/python3.12/site-packages/oslo_service/backend/_threading/loopingcall.py:125}}
May 04 07:52:51.412478 np0000171540 nova-conductor[111808]: DEBUG oslo.service.backend._threading.loopingcall [None req-625a8020-1e54-43ca-95f1-29d63b08d657 None None] Dynamic interval looping call 'nova.service.Service.periodic_tasks' sleeping for 60.00 seconds {{(pid=111808) _run_loop /opt/stack/data/venv/lib/python3.12/site-packages/oslo_service/backend/_threading/loopingcall.py:125}}
May 04 07:52:52.040459 np0000171540 nova-conductor[111015]: DEBUG dbcounter [-] [111015] Writing DB stats nova_api:SELECT=1 {{(pid=111015) stat_writer /opt/stack/data/venv/lib/python3.12/site-packages/dbcounter.py:115}}
May 04 07:52:52.142629 np0000171540 nova-conductor[111015]: DEBUG dbcounter [-] [111015] Writing DB stats nova_cell0:SELECT=1 {{(pid=111015) stat_writer /opt/stack/data/venv/lib/python3.12/site-packages/dbcounter.py:115}}
May 04 07:52:52.144200 np0000171540 nova-conductor[111015]: DEBUG dbcounter [-] [111015] Writing DB stats nova_cell1:SELECT=1 {{(pid=111015) stat_writer /opt/stack/data/venv/lib/python3.12/site-packages/dbcounter.py:115}}
May 04 07:52:58.421699 np0000171540 nova-conductor[111791]: DEBUG dbcounter [-] [111791] Writing DB stats nova_cell0:SELECT=4,nova_cell0:INSERT=1,nova_cell0:UPDATE=1 {{(pid=111791) stat_writer /opt/stack/data/venv/lib/python3.12/site-packages/dbcounter.py:115}}
May 04 07:52:58.428314 np0000171540 nova-conductor[111808]: DEBUG dbcounter [-] [111808] Writing DB stats nova_cell0:SELECT=3,nova_cell0:UPDATE=1 {{(pid=111808) stat_writer /opt/stack/data/venv/lib/python3.12/site-packages/dbcounter.py:115}}
May 04 07:52:58.440365 np0000171540 nova-conductor[111816]: DEBUG dbcounter [-] [111816] Writing DB stats nova_cell0:SELECT=3 {{(pid=111816) stat_writer /opt/stack/data/venv/lib/python3.12/site-packages/dbcounter.py:115}}
May 04 07:52:58.458341 np0000171540 nova-conductor[111801]: DEBUG dbcounter [-] [111801] Writing DB stats nova_cell0:SELECT=3 {{(pid=111801) stat_writer /opt/stack/data/venv/lib/python3.12/site-packages/dbcounter.py:115}}
May 04 07:53:16.410554 np0000171540 nova-conductor[111791]: DEBUG oslo.service.backend._threading.loopingcall [None req-8cacc02c-3efa-4701-b674-13410c24e87a None None] Dynamic interval looping call 'nova.service.Service.periodic_tasks' sleeping for 60.00 seconds {{(pid=111791) _run_loop /opt/stack/data/venv/lib/python3.12/site-packages/oslo_service/backend/_threading/loopingcall.py:125}}
May 04 07:53:43.450503 np0000171540 nova-conductor[111801]: DEBUG oslo.service.backend._threading.loopingcall [None req-c95f2de4-d9b4-4376-9956-898a3b419168 None None] Dynamic interval looping call 'nova.service.Service.periodic_tasks' sleeping for 60.00 seconds {{(pid=111801) _run_loop /opt/stack/data/venv/lib/python3.12/site-packages/oslo_service/backend/_threading/loopingcall.py:125}}
May 04 07:53:45.431787 np0000171540 nova-conductor[111816]: DEBUG oslo.service.backend._threading.loopingcall [None req-459188d9-0a99-424d-8764-67643407252f None None] Dynamic interval looping call 'nova.service.Service.periodic_tasks' sleeping for 60.00 seconds {{(pid=111816) _run_loop /opt/stack/data/venv/lib/python3.12/site-packages/oslo_service/backend/_threading/loopingcall.py:125}}
May 04 07:53:51.413450 np0000171540 nova-conductor[111808]: DEBUG oslo.service.backend._threading.loopingcall [None req-625a8020-1e54-43ca-95f1-29d63b08d657 None None] Dynamic interval looping call 'nova.service.Service.periodic_tasks' sleeping for 60.00 seconds {{(pid=111808) _run_loop /opt/stack/data/venv/lib/python3.12/site-packages/oslo_service/backend/_threading/loopingcall.py:125}}
May 04 07:54:16.411360 np0000171540 nova-conductor[111791]: DEBUG oslo.service.backend._threading.loopingcall [None req-8cacc02c-3efa-4701-b674-13410c24e87a None None] Dynamic interval looping call 'nova.service.Service.periodic_tasks' sleeping for 60.00 seconds {{(pid=111791) _run_loop /opt/stack/data/venv/lib/python3.12/site-packages/oslo_service/backend/_threading/loopingcall.py:125}}
May 04 07:54:43.451477 np0000171540 nova-conductor[111801]: DEBUG oslo.service.backend._threading.loopingcall [None req-c95f2de4-d9b4-4376-9956-898a3b419168 None None] Dynamic interval looping call 'nova.service.Service.periodic_tasks' sleeping for 60.00 seconds {{(pid=111801) _run_loop /opt/stack/data/venv/lib/python3.12/site-packages/oslo_service/backend/_threading/loopingcall.py:125}}
May 04 07:54:45.432634 np0000171540 nova-conductor[111816]: DEBUG oslo.service.backend._threading.loopingcall [None req-459188d9-0a99-424d-8764-67643407252f None None] Dynamic interval looping call 'nova.service.Service.periodic_tasks' sleeping for 60.00 seconds {{(pid=111816) _run_loop /opt/stack/data/venv/lib/python3.12/site-packages/oslo_service/backend/_threading/loopingcall.py:125}}
May 04 07:54:48.421449 np0000171540 nova-conductor[111791]: DEBUG oslo.service.backend._threading.loopingcall [-] Fixed interval looping call 'nova.servicegroup.drivers.db.DbDriver._report_state' sleeping for 119.99 seconds {{(pid=111791) _run_loop /opt/stack/data/venv/lib/python3.12/site-packages/oslo_service/backend/_threading/loopingcall.py:125}}
May 04 07:54:48.422336 np0000171540 nova-conductor[111808]: DEBUG oslo.service.backend._threading.loopingcall [-] Fixed interval looping call 'nova.servicegroup.drivers.db.DbDriver._report_state' sleeping for 119.99 seconds {{(pid=111808) _run_loop /opt/stack/data/venv/lib/python3.12/site-packages/oslo_service/backend/_threading/loopingcall.py:125}}
May 04 07:54:48.437438 np0000171540 nova-conductor[111816]: DEBUG oslo.service.backend._threading.loopingcall [-] Fixed interval looping call 'nova.servicegroup.drivers.db.DbDriver._report_state' sleeping for 120.00 seconds {{(pid=111816) _run_loop /opt/stack/data/venv/lib/python3.12/site-packages/oslo_service/backend/_threading/loopingcall.py:125}}
May 04 07:54:48.458959 np0000171540 nova-conductor[111801]: DEBUG oslo.service.backend._threading.loopingcall [-] Fixed interval looping call 'nova.servicegroup.drivers.db.DbDriver._report_state' sleeping for 119.99 seconds {{(pid=111801) _run_loop /opt/stack/data/venv/lib/python3.12/site-packages/oslo_service/backend/_threading/loopingcall.py:125}}
May 04 07:54:51.414647 np0000171540 nova-conductor[111808]: DEBUG oslo.service.backend._threading.loopingcall [None req-625a8020-1e54-43ca-95f1-29d63b08d657 None None] Dynamic interval looping call 'nova.service.Service.periodic_tasks' sleeping for 60.00 seconds {{(pid=111808) _run_loop /opt/stack/data/venv/lib/python3.12/site-packages/oslo_service/backend/_threading/loopingcall.py:125}}
May 04 07:54:58.414453 np0000171540 nova-conductor[111791]: DEBUG dbcounter [-] [111791] Writing DB stats nova_cell0:SELECT=1,nova_cell0:UPDATE=1 {{(pid=111791) stat_writer /opt/stack/data/venv/lib/python3.12/site-packages/dbcounter.py:115}}
May 04 07:54:58.415458 np0000171540 nova-conductor[111808]: DEBUG dbcounter [-] [111808] Writing DB stats nova_cell0:SELECT=1,nova_cell0:UPDATE=1 {{(pid=111808) stat_writer /opt/stack/data/venv/lib/python3.12/site-packages/dbcounter.py:115}}
May 04 07:54:58.435482 np0000171540 nova-conductor[111816]: DEBUG dbcounter [-] [111816] Writing DB stats nova_cell0:SELECT=1 {{(pid=111816) stat_writer /opt/stack/data/venv/lib/python3.12/site-packages/dbcounter.py:115}}
May 04 07:54:58.455780 np0000171540 nova-conductor[111801]: DEBUG dbcounter [-] [111801] Writing DB stats nova_cell0:SELECT=1 {{(pid=111801) stat_writer /opt/stack/data/venv/lib/python3.12/site-packages/dbcounter.py:115}}
May 04 07:55:16.411997 np0000171540 nova-conductor[111791]: DEBUG oslo.service.backend._threading.loopingcall [None req-8cacc02c-3efa-4701-b674-13410c24e87a None None] Dynamic interval looping call 'nova.service.Service.periodic_tasks' sleeping for 60.00 seconds {{(pid=111791) _run_loop /opt/stack/data/venv/lib/python3.12/site-packages/oslo_service/backend/_threading/loopingcall.py:125}}
May 04 07:55:43.453159 np0000171540 nova-conductor[111801]: DEBUG oslo.service.backend._threading.loopingcall [None req-c95f2de4-d9b4-4376-9956-898a3b419168 None None] Dynamic interval looping call 'nova.service.Service.periodic_tasks' sleeping for 60.00 seconds {{(pid=111801) _run_loop /opt/stack/data/venv/lib/python3.12/site-packages/oslo_service/backend/_threading/loopingcall.py:125}}
May 04 07:55:45.433378 np0000171540 nova-conductor[111816]: DEBUG oslo.service.backend._threading.loopingcall [None req-459188d9-0a99-424d-8764-67643407252f None None] Dynamic interval looping call 'nova.service.Service.periodic_tasks' sleeping for 60.00 seconds {{(pid=111816) _run_loop /opt/stack/data/venv/lib/python3.12/site-packages/oslo_service/backend/_threading/loopingcall.py:125}}
May 04 07:55:51.415341 np0000171540 nova-conductor[111808]: DEBUG oslo.service.backend._threading.loopingcall [None req-625a8020-1e54-43ca-95f1-29d63b08d657 None None] Dynamic interval looping call 'nova.service.Service.periodic_tasks' sleeping for 60.00 seconds {{(pid=111808) _run_loop /opt/stack/data/venv/lib/python3.12/site-packages/oslo_service/backend/_threading/loopingcall.py:125}}
May 04 07:56:16.412911 np0000171540 nova-conductor[111791]: DEBUG oslo.service.backend._threading.loopingcall [None req-8cacc02c-3efa-4701-b674-13410c24e87a None None] Dynamic interval looping call 'nova.service.Service.periodic_tasks' sleeping for 60.00 seconds {{(pid=111791) _run_loop /opt/stack/data/venv/lib/python3.12/site-packages/oslo_service/backend/_threading/loopingcall.py:125}}
May 04 07:56:43.453909 np0000171540 nova-conductor[111801]: DEBUG oslo.service.backend._threading.loopingcall [None req-c95f2de4-d9b4-4376-9956-898a3b419168 None None] Dynamic interval looping call 'nova.service.Service.periodic_tasks' sleeping for 60.00 seconds {{(pid=111801) _run_loop /opt/stack/data/venv/lib/python3.12/site-packages/oslo_service/backend/_threading/loopingcall.py:125}}
May 04 07:56:45.434130 np0000171540 nova-conductor[111816]: DEBUG oslo.service.backend._threading.loopingcall [None req-459188d9-0a99-424d-8764-67643407252f None None] Dynamic interval looping call 'nova.service.Service.periodic_tasks' sleeping for 60.00 seconds {{(pid=111816) _run_loop /opt/stack/data/venv/lib/python3.12/site-packages/oslo_service/backend/_threading/loopingcall.py:125}}
May 04 07:56:48.422720 np0000171540 nova-conductor[111791]: DEBUG oslo.service.backend._threading.loopingcall [-] Fixed interval looping call 'nova.servicegroup.drivers.db.DbDriver._report_state' sleeping for 119.99 seconds {{(pid=111791) _run_loop /opt/stack/data/venv/lib/python3.12/site-packages/oslo_service/backend/_threading/loopingcall.py:125}}
May 04 07:56:48.423777 np0000171540 nova-conductor[111808]: DEBUG oslo.service.backend._threading.loopingcall [-] Fixed interval looping call 'nova.servicegroup.drivers.db.DbDriver._report_state' sleeping for 119.99 seconds {{(pid=111808) _run_loop /opt/stack/data/venv/lib/python3.12/site-packages/oslo_service/backend/_threading/loopingcall.py:125}}
