2026-05-20 04:21:02.923 10 INFO neutron.wsgi [None req-4b723796-f47f-43c8-adc2-b826e0692323 2f24a31e7361484a926d42e268766599 15af51f74f724241b5d8abfac3bb90ff - - default default] 10.0.0.99 "POST /v2.0/routers HTTP/1.1" status: 201 len: 876 time: 2.2112069
2026-05-20 04:21:03.068 9 INFO neutron.db.ovn_revision_numbers_db [None req-79b2f961-6bc8-48af-a135-6d8c46a514a7 2f24a31e7361484a926d42e268766599 15af51f74f724241b5d8abfac3bb90ff - - default default] Successfully bumped revision number for resource e3281525-dbe7-4089-92ce-66c258f2f414 (type: ports) to 1
2026-05-20 04:21:03.092 10 INFO neutron.db.ovn_revision_numbers_db [None req-7a39bb2b-d630-4b56-8170-c3243514196c 2f24a31e7361484a926d42e268766599 15af51f74f724241b5d8abfac3bb90ff - - default default] Successfully bumped revision number for resource 2b00321b-dcde-47a0-a13b-09d89c58e64d (type: ports) to 1
2026-05-20 04:21:03.121 10 INFO neutron.wsgi [None req-7a39bb2b-d630-4b56-8170-c3243514196c 2f24a31e7361484a926d42e268766599 15af51f74f724241b5d8abfac3bb90ff - - default default] 10.0.0.99 "POST /v2.0/networks HTTP/1.1" status: 201 len: 951 time: 1.6034083
2026-05-20 04:21:03.438 10 INFO neutron.db.ovn_revision_numbers_db [None req-a459d305-6d98-43d2-812c-ce847b04baff - - - - - -] Successfully bumped revision number for resource 7f3d4512-1a43-4784-a12c-7b3fc196419a (type: ports) to 1
2026-05-20 04:21:03.448 9 INFO neutron.db.ovn_revision_numbers_db [None req-56fb77bd-2cd0-498b-85aa-42e48deac407 - - - - - -] Successfully bumped revision number for resource e9f9d0b3-18b2-4803-b5ab-93b9d3d086fb (type: router_ports) to 3
2026-05-20 04:21:03.486 10 WARNING neutron.scheduler.dhcp_agent_scheduler [None req-75f4ff5e-a66e-4800-9144-784c50d0b302 2f24a31e7361484a926d42e268766599 15af51f74f724241b5d8abfac3bb90ff - - default default] No more DHCP agents
2026-05-20 04:21:03.490 10 WARNING neutron.api.rpc.agentnotifiers.dhcp_rpc_agent_api [None req-75f4ff5e-a66e-4800-9144-784c50d0b302 2f24a31e7361484a926d42e268766599 15af51f74f724241b5d8abfac3bb90ff - - default default] Unable to schedule network 7e821baf-07b3-4bac-af84-85ecf4f191cf: no agents available; will retry on subsequent port and subnet creation events.
2026-05-20 04:21:03.587 9 WARNING neutron.scheduler.dhcp_agent_scheduler [None req-d7fa31a6-a2c2-4312-ba86-04b8595ea233 2f24a31e7361484a926d42e268766599 15af51f74f724241b5d8abfac3bb90ff - - default default] No more DHCP agents
2026-05-20 04:21:03.599 9 WARNING neutron.api.rpc.agentnotifiers.dhcp_rpc_agent_api [None req-d7fa31a6-a2c2-4312-ba86-04b8595ea233 2f24a31e7361484a926d42e268766599 15af51f74f724241b5d8abfac3bb90ff - - default default] Unable to schedule network 6ce74a71-dd2b-41af-812f-42a6d8465272: no agents available; will retry on subsequent port and subnet creation events.
2026-05-20 04:21:03.658 10 INFO neutron.db.ovn_revision_numbers_db [None req-75f4ff5e-a66e-4800-9144-784c50d0b302 2f24a31e7361484a926d42e268766599 15af51f74f724241b5d8abfac3bb90ff - - default default] Successfully bumped revision number for resource 50cc8917-2fe8-4a21-b8f8-e23c51f14e2a (type: ports) to 1
2026-05-20 04:21:03.737 9 WARNING neutron.scheduler.dhcp_agent_scheduler [None req-78854f63-cddf-45d7-bf4f-ed99dace899e 2f24a31e7361484a926d42e268766599 15af51f74f724241b5d8abfac3bb90ff - - default default] No more DHCP agents
2026-05-20 04:21:03.746 9 WARNING neutron.api.rpc.agentnotifiers.dhcp_rpc_agent_api [None req-78854f63-cddf-45d7-bf4f-ed99dace899e 2f24a31e7361484a926d42e268766599 15af51f74f724241b5d8abfac3bb90ff - - default default] Unable to schedule network 777a77b8-6b16-4cb2-9ce8-00a499b1544e: no agents available; will retry on subsequent port and subnet creation events.
2026-05-20 04:21:03.787 9 INFO neutron.db.ovn_revision_numbers_db [None req-56fb77bd-2cd0-498b-85aa-42e48deac407 - - - - - -] Successfully bumped revision number for resource e9f9d0b3-18b2-4803-b5ab-93b9d3d086fb (type: ports) to 2
2026-05-20 04:21:03.890 10 INFO neutron.db.ovn_revision_numbers_db [None req-a459d305-6d98-43d2-812c-ce847b04baff - - - - - -] Successfully bumped revision number for resource 7f3d4512-1a43-4784-a12c-7b3fc196419a (type: router_ports) to 3
2026-05-20 04:21:04.072 10 INFO neutron.db.ovn_revision_numbers_db [None req-a459d305-6d98-43d2-812c-ce847b04baff - - - - - -] Successfully bumped revision number for resource 7f3d4512-1a43-4784-a12c-7b3fc196419a (type: ports) to 2
2026-05-20 04:21:04.149 9 INFO neutron.db.ovn_revision_numbers_db [None req-78854f63-cddf-45d7-bf4f-ed99dace899e 2f24a31e7361484a926d42e268766599 15af51f74f724241b5d8abfac3bb90ff - - default default] Successfully bumped revision number for resource 30f4aa22-bf3a-42c1-b30a-ce174f44f141 (type: ports) to 1
2026-05-20 04:21:04.215 9 INFO neutron.db.ovn_revision_numbers_db [None req-79b2f961-6bc8-48af-a135-6d8c46a514a7 2f24a31e7361484a926d42e268766599 15af51f74f724241b5d8abfac3bb90ff - - default default] Successfully bumped revision number for resource e3281525-dbe7-4089-92ce-66c258f2f414 (type: router_ports) to 1
2026-05-20 04:21:04.332 10 INFO neutron.db.ovn_revision_numbers_db [None req-75f4ff5e-a66e-4800-9144-784c50d0b302 2f24a31e7361484a926d42e268766599 15af51f74f724241b5d8abfac3bb90ff - - default default] Successfully bumped revision number for resource 50cc8917-2fe8-4a21-b8f8-e23c51f14e2a (type: router_ports) to 1
2026-05-20 04:21:04.388 10 INFO neutron.db.ovn_revision_numbers_db [None req-a459d305-6d98-43d2-812c-ce847b04baff - - - - - -] Successfully bumped revision number for resource 7f3d4512-1a43-4784-a12c-7b3fc196419a (type: ports) to 4
2026-05-20 04:21:04.503 10 INFO neutron.db.ovn_revision_numbers_db [None req-75f4ff5e-a66e-4800-9144-784c50d0b302 2f24a31e7361484a926d42e268766599 15af51f74f724241b5d8abfac3bb90ff - - default default] Successfully bumped revision number for resource 50cc8917-2fe8-4a21-b8f8-e23c51f14e2a (type: ports) to 1
2026-05-20 04:21:04.568 9 INFO neutron.db.ovn_revision_numbers_db [None req-56fb77bd-2cd0-498b-85aa-42e48deac407 - - - - - -] Successfully bumped revision number for resource e9f9d0b3-18b2-4803-b5ab-93b9d3d086fb (type: ports) to 4
2026-05-20 04:21:04.636 9 INFO neutron.db.ovn_revision_numbers_db [None req-79b2f961-6bc8-48af-a135-6d8c46a514a7 2f24a31e7361484a926d42e268766599 15af51f74f724241b5d8abfac3bb90ff - - default default] Successfully bumped revision number for resource e3281525-dbe7-4089-92ce-66c258f2f414 (type: ports) to 1
2026-05-20 04:21:04.703 10 WARNING neutron.scheduler.dhcp_agent_scheduler [None req-75f4ff5e-a66e-4800-9144-784c50d0b302 2f24a31e7361484a926d42e268766599 15af51f74f724241b5d8abfac3bb90ff - - default default] No more DHCP agents
2026-05-20 04:21:04.707 10 WARNING neutron.api.rpc.agentnotifiers.dhcp_rpc_agent_api [None req-75f4ff5e-a66e-4800-9144-784c50d0b302 2f24a31e7361484a926d42e268766599 15af51f74f724241b5d8abfac3bb90ff - - default default] Unable to schedule network 7e821baf-07b3-4bac-af84-85ecf4f191cf: no agents available; will retry on subsequent port and subnet creation events.
2026-05-20 04:21:04.779 10 INFO neutron.db.ovn_revision_numbers_db [None req-a459d305-6d98-43d2-812c-ce847b04baff - - - - - -] Successfully bumped revision number for resource 7f3d4512-1a43-4784-a12c-7b3fc196419a (type: router_ports) to 4
2026-05-20 04:21:04.826 9 INFO neutron.db.ovn_revision_numbers_db [None req-d7fa31a6-a2c2-4312-ba86-04b8595ea233 2f24a31e7361484a926d42e268766599 15af51f74f724241b5d8abfac3bb90ff - - default default] Successfully bumped revision number for resource 2b00321b-dcde-47a0-a13b-09d89c58e64d (type: ports) to 2
2026-05-20 04:21:04.835 9 WARNING neutron.scheduler.dhcp_agent_scheduler [None req-79b2f961-6bc8-48af-a135-6d8c46a514a7 2f24a31e7361484a926d42e268766599 15af51f74f724241b5d8abfac3bb90ff - - default default] No more DHCP agents
2026-05-20 04:21:04.850 9 WARNING neutron.api.rpc.agentnotifiers.dhcp_rpc_agent_api [None req-79b2f961-6bc8-48af-a135-6d8c46a514a7 2f24a31e7361484a926d42e268766599 15af51f74f724241b5d8abfac3bb90ff - - default default] Unable to schedule network 1f2059eb-b7d6-45bf-93cd-2a1f87a46243: no agents available; will retry on subsequent port and subnet creation events.
2026-05-20 04:21:04.930 9 INFO neutron.db.ovn_revision_numbers_db [None req-d7fa31a6-a2c2-4312-ba86-04b8595ea233 2f24a31e7361484a926d42e268766599 15af51f74f724241b5d8abfac3bb90ff - - default default] Successfully bumped revision number for resource ce2a45fe-1d1e-4fc0-88aa-be86767785f6 (type: subnets) to 0
2026-05-20 04:21:04.988 9 INFO neutron.wsgi [None req-d7fa31a6-a2c2-4312-ba86-04b8595ea233 2f24a31e7361484a926d42e268766599 15af51f74f724241b5d8abfac3bb90ff - - default default] 10.0.0.99 "POST /v2.0/subnets HTTP/1.1" status: 201 len: 871 time: 1.8513463
2026-05-20 04:21:05.283 9 INFO neutron.db.ovn_revision_numbers_db [None req-56fb77bd-2cd0-498b-85aa-42e48deac407 - - - - - -] Successfully bumped revision number for resource e9f9d0b3-18b2-4803-b5ab-93b9d3d086fb (type: router_ports) to 4
2026-05-20 04:21:05.284 9 INFO neutron.plugins.ml2.drivers.ovn.mech_driver.mech_driver [None req-81c5e094-bb6d-41a5-9d80-80da556afc5e - - - - - -] OVN reports status up for port: e16e521e-47f3-46dd-9989-2a9e86c55b29
2026-05-20 04:21:05.341 9 INFO neutron.plugins.ml2.plugin [None req-81c5e094-bb6d-41a5-9d80-80da556afc5e - - - - - -] Attempt 1 to provision port e16e521e-47f3-46dd-9989-2a9e86c55b29
2026-05-20 04:21:05.371 10 INFO neutron.db.ovn_revision_numbers_db [None req-75f4ff5e-a66e-4800-9144-784c50d0b302 2f24a31e7361484a926d42e268766599 15af51f74f724241b5d8abfac3bb90ff - - default default] Successfully bumped revision number for resource 50cc8917-2fe8-4a21-b8f8-e23c51f14e2a (type: router_ports) to 1
2026-05-20 04:21:05.373 10 INFO neutron.wsgi [None req-75f4ff5e-a66e-4800-9144-784c50d0b302 2f24a31e7361484a926d42e268766599 15af51f74f724241b5d8abfac3bb90ff - - default default] 10.0.0.99 "PUT /v2.0/routers/803a90c4-100e-4c16-8ec6-7ac7393ae8f1/add_router_interface HTTP/1.1" status: 200 len: 503 time: 2.4375303
2026-05-20 04:21:05.376 9 INFO neutron.plugins.ml2.drivers.ovn.mech_driver.ovsdb.ovsdb_monitor [None req-56fb77bd-2cd0-498b-85aa-42e48deac407 - - - - - -] Router ffff0269-aae8-48e4-bbab-b78cad7bc63c is bound to host instance
2026-05-20 04:21:05.390 9 INFO neutron.db.ovn_revision_numbers_db [None req-78854f63-cddf-45d7-bf4f-ed99dace899e 2f24a31e7361484a926d42e268766599 15af51f74f724241b5d8abfac3bb90ff - - default default] Successfully bumped revision number for resource 30f4aa22-bf3a-42c1-b30a-ce174f44f141 (type: router_ports) to 1
2026-05-20 04:21:05.782 9 INFO neutron.db.ovn_revision_numbers_db [None req-78854f63-cddf-45d7-bf4f-ed99dace899e 2f24a31e7361484a926d42e268766599 15af51f74f724241b5d8abfac3bb90ff - - default default] Successfully bumped revision number for resource 30f4aa22-bf3a-42c1-b30a-ce174f44f141 (type: ports) to 1
2026-05-20 04:21:06.013 10 INFO neutron.db.ovn_revision_numbers_db [None req-6a0a2c0e-1030-4561-adc1-c7fce78e53c0 9c5db57a9337490d8bd327c137ce090c 1b6aca0cdb194704b7e4319689f9bd5c - - default default] Successfully bumped revision number for resource 95793e59-4241-4d1f-bf07-87cad269319e (type: security_groups) to 1
2026-05-20 04:21:06.039 10 INFO neutron.db.ovn_revision_numbers_db [None req-6a0a2c0e-1030-4561-adc1-c7fce78e53c0 9c5db57a9337490d8bd327c137ce090c 1b6aca0cdb194704b7e4319689f9bd5c - - default default] Successfully bumped revision number for resource e2bd086f-c576-43bd-8f69-e43312295f2a (type: security_group_rules) to 0
2026-05-20 04:21:06.059 10 INFO neutron.db.ovn_revision_numbers_db [None req-6a0a2c0e-1030-4561-adc1-c7fce78e53c0 9c5db57a9337490d8bd327c137ce090c 1b6aca0cdb194704b7e4319689f9bd5c - - default default] Successfully bumped revision number for resource fe8a5cd8-5d43-4429-af58-436471f62f5e (type: security_group_rules) to 0
2026-05-20 04:21:06.078 10 INFO neutron.wsgi [None req-6a0a2c0e-1030-4561-adc1-c7fce78e53c0 9c5db57a9337490d8bd327c137ce090c 1b6aca0cdb194704b7e4319689f9bd5c - - default default] 10.0.0.99 "POST /v2.0/security-groups HTTP/1.1" status: 201 len: 1794 time: 0.1657336
2026-05-20 04:21:06.092 9 WARNING neutron.scheduler.dhcp_agent_scheduler [None req-78854f63-cddf-45d7-bf4f-ed99dace899e 2f24a31e7361484a926d42e268766599 15af51f74f724241b5d8abfac3bb90ff - - default default] No more DHCP agents
2026-05-20 04:21:06.099 9 WARNING neutron.api.rpc.agentnotifiers.dhcp_rpc_agent_api [None req-78854f63-cddf-45d7-bf4f-ed99dace899e 2f24a31e7361484a926d42e268766599 15af51f74f724241b5d8abfac3bb90ff - - default default] Unable to schedule network 777a77b8-6b16-4cb2-9ce8-00a499b1544e: no agents available; will retry on subsequent port and subnet creation events.
2026-05-20 04:21:06.191 10 INFO neutron.db.ovn_revision_numbers_db [None req-1f0f4d32-32f2-4adb-a8bd-93dd7bf682a6 9c5db57a9337490d8bd327c137ce090c 1b6aca0cdb194704b7e4319689f9bd5c - - default default] Successfully bumped revision number for resource 5587b4c3-5586-4cb7-96d1-df9767b5a638 (type: security_group_rules) to 0
2026-05-20 04:21:06.216 10 INFO neutron.wsgi [None req-1f0f4d32-32f2-4adb-a8bd-93dd7bf682a6 9c5db57a9337490d8bd327c137ce090c 1b6aca0cdb194704b7e4319689f9bd5c - - default default] 10.0.0.99 "POST /v2.0/security-group-rules HTTP/1.1" status: 201 len: 764 time: 0.1333792
2026-05-20 04:21:06.304 9 WARNING neutron.scheduler.dhcp_agent_scheduler [None req-b2b8f7a0-6674-4379-bf19-2c065aa8240c 2f24a31e7361484a926d42e268766599 15af51f74f724241b5d8abfac3bb90ff - - default default] No more DHCP agents
2026-05-20 04:21:06.309 9 WARNING neutron.api.rpc.agentnotifiers.dhcp_rpc_agent_api [None req-b2b8f7a0-6674-4379-bf19-2c065aa8240c 2f24a31e7361484a926d42e268766599 15af51f74f724241b5d8abfac3bb90ff - - default default] Unable to schedule network db57a76f-9faa-48e4-bf2e-a7fa9e8dc65e: no agents available; will retry on subsequent port and subnet creation events.
2026-05-20 04:21:06.324 10 INFO neutron.db.ovn_revision_numbers_db [None req-0a949c05-4cc0-4e8d-89f1-bb3c4a1e9e1e 9c5db57a9337490d8bd327c137ce090c 1b6aca0cdb194704b7e4319689f9bd5c - - default default] Successfully bumped revision number for resource 19241d9f-e63b-4987-b15e-cdb1a5b4ad23 (type: security_group_rules) to 0
2026-05-20 04:21:06.346 10 INFO neutron.wsgi [None req-0a949c05-4cc0-4e8d-89f1-bb3c4a1e9e1e 9c5db57a9337490d8bd327c137ce090c 1b6aca0cdb194704b7e4319689f9bd5c - - default default] 10.0.0.99 "POST /v2.0/security-group-rules HTTP/1.1" status: 201 len: 769 time: 0.1251297
2026-05-20 04:21:06.640 9 INFO neutron.db.ovn_revision_numbers_db [None req-79b2f961-6bc8-48af-a135-6d8c46a514a7 2f24a31e7361484a926d42e268766599 15af51f74f724241b5d8abfac3bb90ff - - default default] Successfully bumped revision number for resource e3281525-dbe7-4089-92ce-66c258f2f414 (type: router_ports) to 1
2026-05-20 04:21:06.642 9 INFO neutron.wsgi [None req-79b2f961-6bc8-48af-a135-6d8c46a514a7 2f24a31e7361484a926d42e268766599 15af51f74f724241b5d8abfac3bb90ff - - default default] 10.0.0.99 "PUT /v2.0/routers/c13c18e6-ac4d-49af-9edb-3a3cf9daa346/add_router_interface HTTP/1.1" status: 200 len: 503 time: 4.4484360
2026-05-20 04:21:06.649 9 INFO neutron.db.ovn_revision_numbers_db [None req-b2b8f7a0-6674-4379-bf19-2c065aa8240c 2f24a31e7361484a926d42e268766599 15af51f74f724241b5d8abfac3bb90ff - - default default] Successfully bumped revision number for resource 16f21ad2-a35f-4e3e-a9aa-9157d89eb0f3 (type: ports) to 1
2026-05-20 04:21:06.744 10 WARNING neutron.scheduler.dhcp_agent_scheduler [None req-846a8d1c-f542-45f7-b7bf-760219a37fa5 9c5db57a9337490d8bd327c137ce090c 1b6aca0cdb194704b7e4319689f9bd5c - - default default] No more DHCP agents
2026-05-20 04:21:06.747 10 WARNING neutron.api.rpc.agentnotifiers.dhcp_rpc_agent_api [None req-846a8d1c-f542-45f7-b7bf-760219a37fa5 9c5db57a9337490d8bd327c137ce090c 1b6aca0cdb194704b7e4319689f9bd5c - - default default] Unable to schedule network db57a76f-9faa-48e4-bf2e-a7fa9e8dc65e: no agents available; will retry on subsequent port and subnet creation events.
2026-05-20 04:21:06.886 9 INFO neutron.db.ovn_revision_numbers_db [None req-56fb77bd-2cd0-498b-85aa-42e48deac407 - - - - - -] Successfully bumped revision number for resource e16e521e-47f3-46dd-9989-2a9e86c55b29 (type: ports) to 1
2026-05-20 04:21:07.040 10 INFO neutron.db.ovn_revision_numbers_db [None req-846a8d1c-f542-45f7-b7bf-760219a37fa5 9c5db57a9337490d8bd327c137ce090c 1b6aca0cdb194704b7e4319689f9bd5c - - default default] Successfully bumped revision number for resource ae82dc90-5701-4dfa-8411-4b6f6a25b29a (type: floatingips) to 0
2026-05-20 04:21:07.061 10 INFO neutron.wsgi [None req-846a8d1c-f542-45f7-b7bf-760219a37fa5 9c5db57a9337490d8bd327c137ce090c 1b6aca0cdb194704b7e4319689f9bd5c - - default default] 10.0.0.99 "POST /v2.0/floatingips HTTP/1.1" status: 201 len: 751 time: 0.7093453
2026-05-20 04:21:07.247 10 INFO neutron.db.ovn_revision_numbers_db [None req-a726204d-9524-4a51-a479-fc06db74672b d2bae9b9969d4be2ad494ba6a3bf53f8 44823dd764104dc39b052b9a5732a814 - - default default] Successfully bumped revision number for resource cc44096b-2e25-495f-a371-f0d1710ae795 (type: security_groups) to 1
2026-05-20 04:21:07.263 10 INFO neutron.db.ovn_revision_numbers_db [None req-a726204d-9524-4a51-a479-fc06db74672b d2bae9b9969d4be2ad494ba6a3bf53f8 44823dd764104dc39b052b9a5732a814 - - default default] Successfully bumped revision number for resource 06d5ceee-b8eb-413f-a630-e71674cb8923 (type: security_group_rules) to 0
2026-05-20 04:21:07.277 10 INFO neutron.db.ovn_revision_numbers_db [None req-a726204d-9524-4a51-a479-fc06db74672b d2bae9b9969d4be2ad494ba6a3bf53f8 44823dd764104dc39b052b9a5732a814 - - default default] Successfully bumped revision number for resource 70ed0c4a-ccb0-488b-b5eb-4a0dacb8e253 (type: security_group_rules) to 0
2026-05-20 04:21:07.297 10 INFO neutron.wsgi [None req-a726204d-9524-4a51-a479-fc06db74672b d2bae9b9969d4be2ad494ba6a3bf53f8 44823dd764104dc39b052b9a5732a814 - - default default] 10.0.0.99 "POST /v2.0/security-groups HTTP/1.1" status: 201 len: 1796 time: 0.1611750
2026-05-20 04:21:07.413 10 INFO neutron.db.ovn_revision_numbers_db [None req-732f67ee-f112-44e3-8d51-0d1c06d357b8 d2bae9b9969d4be2ad494ba6a3bf53f8 44823dd764104dc39b052b9a5732a814 - - default default] Successfully bumped revision number for resource 59c69ac4-66a8-4b73-a502-80b5a7f8671b (type: security_group_rules) to 0
2026-05-20 04:21:07.435 10 INFO neutron.wsgi [None req-732f67ee-f112-44e3-8d51-0d1c06d357b8 d2bae9b9969d4be2ad494ba6a3bf53f8 44823dd764104dc39b052b9a5732a814 - - default default] 10.0.0.99 "POST /v2.0/security-group-rules HTTP/1.1" status: 201 len: 764 time: 0.1329863
2026-05-20 04:21:07.619 10 INFO neutron.db.ovn_revision_numbers_db [None req-6a79ddee-df2c-40f6-9e68-d84494dc8770 d2bae9b9969d4be2ad494ba6a3bf53f8 44823dd764104dc39b052b9a5732a814 - - default default] Successfully bumped revision number for resource 5139ed36-71b0-4259-b888-1926f0a583f4 (type: security_group_rules) to 0
2026-05-20 04:21:07.640 10 INFO neutron.wsgi [None req-6a79ddee-df2c-40f6-9e68-d84494dc8770 d2bae9b9969d4be2ad494ba6a3bf53f8 44823dd764104dc39b052b9a5732a814 - - default default] 10.0.0.99 "POST /v2.0/security-group-rules HTTP/1.1" status: 201 len: 769 time: 0.1992254
2026-05-20 04:21:07.644 9 INFO neutron.db.ovn_revision_numbers_db [None req-56fb77bd-2cd0-498b-85aa-42e48deac407 - - - - - -] Successfully bumped revision number for resource e16e521e-47f3-46dd-9989-2a9e86c55b29 (type: router_ports) to 3
2026-05-20 04:21:07.740 9 INFO neutron.db.ovn_revision_numbers_db [None req-78854f63-cddf-45d7-bf4f-ed99dace899e 2f24a31e7361484a926d42e268766599 15af51f74f724241b5d8abfac3bb90ff - - default default] Successfully bumped revision number for resource 30f4aa22-bf3a-42c1-b30a-ce174f44f141 (type: router_ports) to 1
2026-05-20 04:21:07.742 9 INFO neutron.wsgi [None req-78854f63-cddf-45d7-bf4f-ed99dace899e 2f24a31e7361484a926d42e268766599 15af51f74f724241b5d8abfac3bb90ff - - default default] 10.0.0.99 "PUT /v2.0/routers/ffff0269-aae8-48e4-bbab-b78cad7bc63c/add_router_interface HTTP/1.1" status: 200 len: 503 time: 5.0056760
2026-05-20 04:21:07.878 10 INFO neutron.plugins.ml2.drivers.ovn.mech_driver.mech_driver [None req-eed3d43e-3b7c-4c7b-a6bf-fd72d4da65f6 - - - - - -] OVN reports status up for port: 16f21ad2-a35f-4e3e-a9aa-9157d89eb0f3
2026-05-20 04:21:07.895 10 INFO neutron.plugins.ml2.plugin [None req-eed3d43e-3b7c-4c7b-a6bf-fd72d4da65f6 - - - - - -] Attempt 1 to provision port 16f21ad2-a35f-4e3e-a9aa-9157d89eb0f3
2026-05-20 04:21:07.910 9 INFO neutron.db.ovn_revision_numbers_db [None req-56fb77bd-2cd0-498b-85aa-42e48deac407 - - - - - -] Successfully bumped revision number for resource e16e521e-47f3-46dd-9989-2a9e86c55b29 (type: ports) to 2
2026-05-20 04:21:07.912 9 INFO neutron.db.ovn_revision_numbers_db [None req-b2b8f7a0-6674-4379-bf19-2c065aa8240c 2f24a31e7361484a926d42e268766599 15af51f74f724241b5d8abfac3bb90ff - - default default] Successfully bumped revision number for resource 16f21ad2-a35f-4e3e-a9aa-9157d89eb0f3 (type: router_ports) to 1
2026-05-20 04:21:07.956 10 WARNING neutron.scheduler.dhcp_agent_scheduler [None req-da8b9fba-e08c-4ae5-8936-c954802b4283 d2bae9b9969d4be2ad494ba6a3bf53f8 44823dd764104dc39b052b9a5732a814 - - default default] No more DHCP agents
2026-05-20 04:21:07.964 10 WARNING neutron.api.rpc.agentnotifiers.dhcp_rpc_agent_api [None req-da8b9fba-e08c-4ae5-8936-c954802b4283 d2bae9b9969d4be2ad494ba6a3bf53f8 44823dd764104dc39b052b9a5732a814 - - default default] Unable to schedule network db57a76f-9faa-48e4-bf2e-a7fa9e8dc65e: no agents available; will retry on subsequent port and subnet creation events.
2026-05-20 04:21:07.985 9 INFO neutron.db.ovn_revision_numbers_db [None req-b2b8f7a0-6674-4379-bf19-2c065aa8240c 2f24a31e7361484a926d42e268766599 15af51f74f724241b5d8abfac3bb90ff - - default default] Successfully bumped revision number for resource 659e5668-c9ca-4abe-aa88-0f40ea25b3eb (type: routers) to 2
2026-05-20 04:21:08.002 9 INFO neutron.wsgi [None req-b2b8f7a0-6674-4379-bf19-2c065aa8240c 2f24a31e7361484a926d42e268766599 15af51f74f724241b5d8abfac3bb90ff - - default default] 10.0.0.99 "POST /v2.0/routers HTTP/1.1" status: 201 len: 882 time: 3.0022607
2026-05-20 04:21:08.032 10 INFO neutron.wsgi [req-484bd05f-5f79-4fcc-8d04-4c30ee390843 req-e850ec43-d233-49be-991d-7fab21e78b70 9c5db57a9337490d8bd327c137ce090c 1b6aca0cdb194704b7e4319689f9bd5c - - default default] 10.0.0.136 "GET /v2.0/security-groups?name=tempest-securitygroup--803918031&fields=id&tenant_id=1b6aca0cdb194704b7e4319689f9bd5c HTTP/1.1" status: 200 len: 267 time: 0.0657330
2026-05-20 04:21:08.160 10 INFO neutron.wsgi [req-484bd05f-5f79-4fcc-8d04-4c30ee390843 req-4dcf766d-4c6f-4917-9976-0ac9427249a8 9c5db57a9337490d8bd327c137ce090c 1b6aca0cdb194704b7e4319689f9bd5c - - default default] 10.0.0.136 "GET /v2.0/networks?id=7e821baf-07b3-4bac-af84-85ecf4f191cf HTTP/1.1" status: 200 len: 874 time: 0.1183114
2026-05-20 04:21:08.180 10 INFO neutron.wsgi [req-484bd05f-5f79-4fcc-8d04-4c30ee390843 req-d7018303-ceb2-4f75-bcc2-bd7398d29e87 9c5db57a9337490d8bd327c137ce090c 1b6aca0cdb194704b7e4319689f9bd5c - - default default] 10.0.0.136 "GET /v2.0/quotas/1b6aca0cdb194704b7e4319689f9bd5c HTTP/1.1" status: 200 len: 386 time: 0.0117688
2026-05-20 04:21:08.258 9 INFO neutron.db.ovn_revision_numbers_db [None req-56fb77bd-2cd0-498b-85aa-42e48deac407 - - - - - -] Successfully bumped revision number for resource e16e521e-47f3-46dd-9989-2a9e86c55b29 (type: ports) to 4
2026-05-20 04:21:08.303 10 INFO neutron.wsgi [req-484bd05f-5f79-4fcc-8d04-4c30ee390843 req-2e41018a-fcb5-4b43-a062-1a129f653744 9c5db57a9337490d8bd327c137ce090c 1b6aca0cdb194704b7e4319689f9bd5c - - default default] 10.0.0.136 "GET /v2.0/ports?tenant_id=1b6aca0cdb194704b7e4319689f9bd5c&fields=id HTTP/1.1" status: 200 len: 302 time: 0.1080627
2026-05-20 04:21:08.340 10 INFO neutron.db.ovn_revision_numbers_db [None req-da8b9fba-e08c-4ae5-8936-c954802b4283 d2bae9b9969d4be2ad494ba6a3bf53f8 44823dd764104dc39b052b9a5732a814 - - default default] Successfully bumped revision number for resource c40a4c70-e8a6-4fb0-8571-7c8696950e45 (type: floatingips) to 0
2026-05-20 04:21:08.357 10 INFO neutron.wsgi [None req-da8b9fba-e08c-4ae5-8936-c954802b4283 d2bae9b9969d4be2ad494ba6a3bf53f8 44823dd764104dc39b052b9a5732a814 - - default default] 10.0.0.99 "POST /v2.0/floatingips HTTP/1.1" status: 201 len: 751 time: 0.7121472
2026-05-20 04:21:08.387 9 INFO neutron.plugins.ml2.drivers.ovn.mech_driver.mech_driver [None req-81c5e094-bb6d-41a5-9d80-80da556afc5e - - - - - -] OVN reports status up for port: 7f3d4512-1a43-4784-a12c-7b3fc196419a
2026-05-20 04:21:08.406 9 INFO neutron.plugins.ml2.plugin [None req-81c5e094-bb6d-41a5-9d80-80da556afc5e - - - - - -] Attempt 1 to provision port 7f3d4512-1a43-4784-a12c-7b3fc196419a
2026-05-20 04:21:08.546 9 INFO neutron.plugins.ml2.drivers.ovn.mech_driver.mech_driver [None req-81c5e094-bb6d-41a5-9d80-80da556afc5e - - - - - -] OVN reports status up for port: e3281525-dbe7-4089-92ce-66c258f2f414
2026-05-20 04:21:08.659 9 INFO neutron.plugins.ml2.plugin [None req-81c5e094-bb6d-41a5-9d80-80da556afc5e - - - - - -] Attempt 1 to provision port e3281525-dbe7-4089-92ce-66c258f2f414
2026-05-20 04:21:08.722 10 INFO neutron.wsgi [req-484bd05f-5f79-4fcc-8d04-4c30ee390843 req-4d28b3f9-41b6-450d-8ecf-08203d53fea0 e4f70518d8ff4da2a1cf3bb1440028c3 5ca49b4e25f7453da29fb66c3786bfed - - 89aa15eb3226486a8b596588dd15fb76 89aa15eb3226486a8b596588dd15fb76] 10.0.0.136 "GET /v2.0/extensions HTTP/1.1" status: 200 len: 16525 time: 0.0586801
2026-05-20 04:21:08.732 9 WARNING neutron.scheduler.dhcp_agent_scheduler [None req-b647507d-9e58-4532-a598-ef7afc2e1706 2f24a31e7361484a926d42e268766599 15af51f74f724241b5d8abfac3bb90ff - - default default] No more DHCP agents
2026-05-20 04:21:08.734 9 WARNING neutron.api.rpc.agentnotifiers.dhcp_rpc_agent_api [None req-b647507d-9e58-4532-a598-ef7afc2e1706 2f24a31e7361484a926d42e268766599 15af51f74f724241b5d8abfac3bb90ff - - default default] Unable to schedule network 6ce74a71-dd2b-41af-812f-42a6d8465272: no agents available; will retry on subsequent port and subnet creation events.
2026-05-20 04:21:08.737 10 INFO neutron.db.ovn_revision_numbers_db [req-f6df665d-5cba-42f8-a616-c9d9f3050d7c req-ab5eb16d-85be-4e41-b679-5ac30707cb79 47e3293318fd4dbc89e791ef07de0fff 70bf0f3d598e409f87fbb3639813f018 - - default default] Successfully bumped revision number for resource b9aa3226-2835-4826-9d7c-afa828c92af7 (type: security_groups) to 1
2026-05-20 04:21:08.746 9 INFO neutron.db.ovn_revision_numbers_db [None req-56fb77bd-2cd0-498b-85aa-42e48deac407 - - - - - -] Successfully bumped revision number for resource e16e521e-47f3-46dd-9989-2a9e86c55b29 (type: router_ports) to 4
2026-05-20 04:21:08.790 9 INFO neutron.plugins.ml2.drivers.ovn.mech_driver.ovsdb.ovsdb_monitor [None req-56fb77bd-2cd0-498b-85aa-42e48deac407 - - - - - -] Router 659e5668-c9ca-4abe-aa88-0f40ea25b3eb is bound to host instance
2026-05-20 04:21:08.868 10 INFO neutron.db.ovn_revision_numbers_db [req-f6df665d-5cba-42f8-a616-c9d9f3050d7c req-ab5eb16d-85be-4e41-b679-5ac30707cb79 47e3293318fd4dbc89e791ef07de0fff 70bf0f3d598e409f87fbb3639813f018 - - default default] Successfully bumped revision number for resource 319cd9c9-dc0c-4981-b135-e0bc67725e13 (type: security_group_rules) to 0
2026-05-20 04:21:08.886 10 INFO neutron.db.ovn_revision_numbers_db [req-f6df665d-5cba-42f8-a616-c9d9f3050d7c req-ab5eb16d-85be-4e41-b679-5ac30707cb79 47e3293318fd4dbc89e791ef07de0fff 70bf0f3d598e409f87fbb3639813f018 - - default default] Successfully bumped revision number for resource fb66db3a-c031-4781-bfa5-85febf068d31 (type: security_group_rules) to 0
2026-05-20 04:21:08.903 10 INFO neutron.wsgi [req-484bd05f-5f79-4fcc-8d04-4c30ee390843 req-62fbd231-f3a8-440a-97d2-3ed0e76b5a39 e4f70518d8ff4da2a1cf3bb1440028c3 5ca49b4e25f7453da29fb66c3786bfed - - 89aa15eb3226486a8b596588dd15fb76 89aa15eb3226486a8b596588dd15fb76] 10.0.0.136 "GET /v2.0/networks/7e821baf-07b3-4bac-af84-85ecf4f191cf?fields=segments HTTP/1.1" status: 200 len: 212 time: 0.1725993
2026-05-20 04:21:08.907 10 INFO neutron.wsgi [req-f6df665d-5cba-42f8-a616-c9d9f3050d7c req-ab5eb16d-85be-4e41-b679-5ac30707cb79 47e3293318fd4dbc89e791ef07de0fff 70bf0f3d598e409f87fbb3639813f018 - - default default] 10.0.0.136 "POST /v2.0/security-groups HTTP/1.1" status: 201 len: 1822 time: 0.3444779
2026-05-20 04:21:08.983 10 INFO neutron.wsgi [req-484bd05f-5f79-4fcc-8d04-4c30ee390843 req-35ba57ca-432d-40e5-a517-e60c5f9d38c6 e4f70518d8ff4da2a1cf3bb1440028c3 5ca49b4e25f7453da29fb66c3786bfed - - 89aa15eb3226486a8b596588dd15fb76 89aa15eb3226486a8b596588dd15fb76] 10.0.0.136 "GET /v2.0/networks/7e821baf-07b3-4bac-af84-85ecf4f191cf?fields=provider%3Aphysical_network&fields=provider%3Anetwork_type HTTP/1.1" status: 200 len: 277 time: 0.0634909
2026-05-20 04:21:09.004 9 INFO neutron.db.ovn_revision_numbers_db [None req-b647507d-9e58-4532-a598-ef7afc2e1706 2f24a31e7361484a926d42e268766599 15af51f74f724241b5d8abfac3bb90ff - - default default] Successfully bumped revision number for resource 546c614f-bac5-4d22-a37f-8b2fd977d477 (type: ports) to 1
2026-05-20 04:21:09.017 10 INFO neutron.wsgi [req-fda9d908-dd8e-4eb7-b922-1129f226f41b req-c9ee3a29-f862-471d-8d65-afa1d068ac0e d2bae9b9969d4be2ad494ba6a3bf53f8 44823dd764104dc39b052b9a5732a814 - - default default] 10.0.0.136 "GET /v2.0/security-groups?name=tempest-securitygroup--460148321&fields=id&tenant_id=44823dd764104dc39b052b9a5732a814 HTTP/1.1" status: 200 len: 267 time: 0.0330102
2026-05-20 04:21:09.102 10 INFO neutron.wsgi [req-fda9d908-dd8e-4eb7-b922-1129f226f41b req-11d1e563-fa9a-439a-83df-65d1a705360e d2bae9b9969d4be2ad494ba6a3bf53f8 44823dd764104dc39b052b9a5732a814 - - default default] 10.0.0.136 "GET /v2.0/networks?id=1f2059eb-b7d6-45bf-93cd-2a1f87a46243 HTTP/1.1" status: 200 len: 868 time: 0.0784416
2026-05-20 04:21:09.117 10 INFO neutron.wsgi [req-fda9d908-dd8e-4eb7-b922-1129f226f41b req-cd94f60a-22fc-4ede-ae1d-4d3b3ebfa929 d2bae9b9969d4be2ad494ba6a3bf53f8 44823dd764104dc39b052b9a5732a814 - - default default] 10.0.0.136 "GET /v2.0/quotas/44823dd764104dc39b052b9a5732a814 HTTP/1.1" status: 200 len: 386 time: 0.0090921
2026-05-20 04:21:09.131 9 INFO neutron.db.ovn_revision_numbers_db [None req-81c5e094-bb6d-41a5-9d80-80da556afc5e - - - - - -] Successfully bumped revision number for resource e3281525-dbe7-4089-92ce-66c258f2f414 (type: ports) to 2
2026-05-20 04:21:09.222 10 INFO neutron.wsgi [req-fda9d908-dd8e-4eb7-b922-1129f226f41b req-16d6e3d4-de76-40fe-b928-c4ca14b06bf8 d2bae9b9969d4be2ad494ba6a3bf53f8 44823dd764104dc39b052b9a5732a814 - - default default] 10.0.0.136 "GET /v2.0/ports?tenant_id=44823dd764104dc39b052b9a5732a814&fields=id HTTP/1.1" status: 200 len: 302 time: 0.1004236
2026-05-20 04:21:09.273 10 INFO neutron.db.ovn_revision_numbers_db [req-1b1b052d-d63a-4c41-9932-e8cff1db226e req-018ad0c4-945f-46f1-889d-e71791dbb1df 47e3293318fd4dbc89e791ef07de0fff 70bf0f3d598e409f87fbb3639813f018 - - default default] Successfully bumped revision number for resource d5c23d11-73c1-4848-a887-c49d0c6b2d47 (type: security_groups) to 1
2026-05-20 04:21:09.286 10 INFO neutron.db.ovn_revision_numbers_db [req-1b1b052d-d63a-4c41-9932-e8cff1db226e req-018ad0c4-945f-46f1-889d-e71791dbb1df 47e3293318fd4dbc89e791ef07de0fff 70bf0f3d598e409f87fbb3639813f018 - - default default] Successfully bumped revision number for resource 7b9b815d-73ff-4b7c-991c-a496a4e22d91 (type: security_group_rules) to 0
2026-05-20 04:21:09.318 10 INFO neutron.db.ovn_revision_numbers_db [req-1b1b052d-d63a-4c41-9932-e8cff1db226e req-018ad0c4-945f-46f1-889d-e71791dbb1df 47e3293318fd4dbc89e791ef07de0fff 70bf0f3d598e409f87fbb3639813f018 - - default default] Successfully bumped revision number for resource acf50423-adc1-4e53-af91-1c42993e77da (type: security_group_rules) to 0
2026-05-20 04:21:09.336 10 INFO neutron.wsgi [req-1b1b052d-d63a-4c41-9932-e8cff1db226e req-018ad0c4-945f-46f1-889d-e71791dbb1df 47e3293318fd4dbc89e791ef07de0fff 70bf0f3d598e409f87fbb3639813f018 - - default default] 10.0.0.136 "POST /v2.0/security-groups HTTP/1.1" status: 201 len: 1822 time: 0.1835141
2026-05-20 04:21:09.377 9 INFO neutron.db.ovn_revision_numbers_db [None req-81c5e094-bb6d-41a5-9d80-80da556afc5e - - - - - -] Successfully bumped revision number for resource e3281525-dbe7-4089-92ce-66c258f2f414 (type: router_ports) to 2
2026-05-20 04:21:09.408 10 INFO neutron.wsgi [req-40f9cd8c-29fc-4bfc-b4d7-4f5a3246e09c req-5e6b9335-e180-409c-9f28-b24c90d8430d 9c5db57a9337490d8bd327c137ce090c 1b6aca0cdb194704b7e4319689f9bd5c - - default default] 10.0.0.136 "GET /v2.0/ports?device_id=6f691576-c4d3-4c79-9f77-13d6ab78c165 HTTP/1.1" status: 200 len: 210 time: 0.0362263
2026-05-20 04:21:09.539 10 INFO neutron.db.ovn_revision_numbers_db [req-4715b7f1-ed7a-4889-8896-1437fcbad4f8 req-97fd0177-c822-462a-b277-da106d2e5678 47e3293318fd4dbc89e791ef07de0fff 70bf0f3d598e409f87fbb3639813f018 - - default default] Successfully bumped revision number for resource f740e042-6374-4a33-a35c-8f2c023c5862 (type: security_groups) to 1
2026-05-20 04:21:09.560 10 INFO neutron.db.ovn_revision_numbers_db [req-4715b7f1-ed7a-4889-8896-1437fcbad4f8 req-97fd0177-c822-462a-b277-da106d2e5678 47e3293318fd4dbc89e791ef07de0fff 70bf0f3d598e409f87fbb3639813f018 - - default default] Successfully bumped revision number for resource 11e924e8-07ce-4201-86e1-42a8277df0ca (type: security_group_rules) to 0
2026-05-20 04:21:09.579 10 INFO neutron.db.ovn_revision_numbers_db [req-4715b7f1-ed7a-4889-8896-1437fcbad4f8 req-97fd0177-c822-462a-b277-da106d2e5678 47e3293318fd4dbc89e791ef07de0fff 70bf0f3d598e409f87fbb3639813f018 - - default default] Successfully bumped revision number for resource 9e59389f-87f9-41d2-b5c8-6a7330d61a25 (type: security_group_rules) to 0
2026-05-20 04:21:09.597 10 INFO neutron.wsgi [req-fda9d908-dd8e-4eb7-b922-1129f226f41b req-fc1bee6d-774e-46ba-9e02-0d870ace138f e4f70518d8ff4da2a1cf3bb1440028c3 5ca49b4e25f7453da29fb66c3786bfed - - 89aa15eb3226486a8b596588dd15fb76 89aa15eb3226486a8b596588dd15fb76] 10.0.0.136 "GET /v2.0/extensions HTTP/1.1" status: 200 len: 16525 time: 0.0485978
2026-05-20 04:21:09.602 10 INFO neutron.wsgi [req-4715b7f1-ed7a-4889-8896-1437fcbad4f8 req-97fd0177-c822-462a-b277-da106d2e5678 47e3293318fd4dbc89e791ef07de0fff 70bf0f3d598e409f87fbb3639813f018 - - default default] 10.0.0.136 "POST /v2.0/security-groups HTTP/1.1" status: 201 len: 1822 time: 0.1702890
2026-05-20 04:21:09.706 10 INFO neutron.wsgi [req-fda9d908-dd8e-4eb7-b922-1129f226f41b req-55ee2b2b-59c3-4606-80d8-64283eac7ed3 e4f70518d8ff4da2a1cf3bb1440028c3 5ca49b4e25f7453da29fb66c3786bfed - - 89aa15eb3226486a8b596588dd15fb76 89aa15eb3226486a8b596588dd15fb76] 10.0.0.136 "GET /v2.0/networks/1f2059eb-b7d6-45bf-93cd-2a1f87a46243?fields=segments HTTP/1.1" status: 200 len: 212 time: 0.1007450
2026-05-20 04:21:09.714 10 INFO neutron.wsgi [req-4c3f5af3-eb9c-4fb4-8cad-7032d6938927 req-b33ec112-6a6d-4c07-abf3-e4320ba02e74 47e3293318fd4dbc89e791ef07de0fff 70bf0f3d598e409f87fbb3639813f018 - - default default] 10.0.0.136 "GET /v2.0/security-groups?tenant_id=70bf0f3d598e409f87fbb3639813f018 HTTP/1.1" status: 200 len: 7794 time: 0.0828629
2026-05-20 04:21:09.762 10 INFO neutron.wsgi [req-4c3f5af3-eb9c-4fb4-8cad-7032d6938927 req-d9a459f9-edb0-4c7e-997c-b5a9eb029397 47e3293318fd4dbc89e791ef07de0fff 70bf0f3d598e409f87fbb3639813f018 - - default default] 10.0.0.136 "GET /v2.0/security-groups/a70e4ca8-3691-4bdd-adcd-41ca56b42657 HTTP/1.1" status: 200 len: 2994 time: 0.0424099
2026-05-20 04:21:09.764 9 INFO neutron.db.ovn_revision_numbers_db [None req-56fb77bd-2cd0-498b-85aa-42e48deac407 - - - - - -] Successfully bumped revision number for resource 16f21ad2-a35f-4e3e-a9aa-9157d89eb0f3 (type: ports) to 1
2026-05-20 04:21:09.782 10 INFO neutron.wsgi [req-fda9d908-dd8e-4eb7-b922-1129f226f41b req-7c518686-2913-4787-9d32-65c4fc9b2253 e4f70518d8ff4da2a1cf3bb1440028c3 5ca49b4e25f7453da29fb66c3786bfed - - 89aa15eb3226486a8b596588dd15fb76 89aa15eb3226486a8b596588dd15fb76] 10.0.0.136 "GET /v2.0/networks/1f2059eb-b7d6-45bf-93cd-2a1f87a46243?fields=provider%3Aphysical_network&fields=provider%3Anetwork_type HTTP/1.1" status: 200 len: 277 time: 0.0682552
2026-05-20 04:21:09.795 9 INFO neutron.db.ovn_revision_numbers_db [None req-b647507d-9e58-4532-a598-ef7afc2e1706 2f24a31e7361484a926d42e268766599 15af51f74f724241b5d8abfac3bb90ff - - default default] Successfully bumped revision number for resource 546c614f-bac5-4d22-a37f-8b2fd977d477 (type: router_ports) to 1
2026-05-20 04:21:09.809 10 INFO neutron.wsgi [req-4c3f5af3-eb9c-4fb4-8cad-7032d6938927 req-f195674c-1a34-46d4-ae44-60cd3640e4e0 47e3293318fd4dbc89e791ef07de0fff 70bf0f3d598e409f87fbb3639813f018 - - default default] 10.0.0.136 "GET /v2.0/security-groups/a70e4ca8-3691-4bdd-adcd-41ca56b42657 HTTP/1.1" status: 200 len: 2994 time: 0.0353167
2026-05-20 04:21:09.893 10 INFO neutron.wsgi [req-93a9082d-4a08-445c-b818-863c93008e45 req-99532a9b-84de-4b90-b9d2-6fde4fde1714 47e3293318fd4dbc89e791ef07de0fff 70bf0f3d598e409f87fbb3639813f018 - - default default] 10.0.0.136 "GET /v2.0/security-groups/b9aa3226-2835-4826-9d7c-afa828c92af7 HTTP/1.1" status: 200 len: 1817 time: 0.0503204
2026-05-20 04:21:09.982 9 INFO neutron.db.ovn_revision_numbers_db [None req-b647507d-9e58-4532-a598-ef7afc2e1706 2f24a31e7361484a926d42e268766599 15af51f74f724241b5d8abfac3bb90ff - - default default] Successfully bumped revision number for resource 546c614f-bac5-4d22-a37f-8b2fd977d477 (type: ports) to 1
2026-05-20 04:21:09.993 10 INFO neutron.wsgi [req-48ea3ec3-fcd5-405f-9dee-a13a4853d176 req-2ab9c48f-830c-48a4-9056-3266464937e0 d2bae9b9969d4be2ad494ba6a3bf53f8 44823dd764104dc39b052b9a5732a814 - - default default] 10.0.0.136 "GET /v2.0/ports?device_id=2b7c7e7e-06b1-4a25-b58d-7118dec30a8e HTTP/1.1" status: 200 len: 210 time: 0.0249484
2026-05-20 04:21:10.055 10 INFO neutron.wsgi [req-93a9082d-4a08-445c-b818-863c93008e45 req-402f6b4f-1979-4590-aaea-ab79e6fca6e6 47e3293318fd4dbc89e791ef07de0fff 70bf0f3d598e409f87fbb3639813f018 - - default default] 10.0.0.136 "DELETE /v2.0/security-groups/b9aa3226-2835-4826-9d7c-afa828c92af7 HTTP/1.1" status: 204 len: 173 time: 0.1524489
2026-05-20 04:21:10.076 9 WARNING neutron.scheduler.dhcp_agent_scheduler [None req-b647507d-9e58-4532-a598-ef7afc2e1706 2f24a31e7361484a926d42e268766599 15af51f74f724241b5d8abfac3bb90ff - - default default] No more DHCP agents
2026-05-20 04:21:10.079 9 WARNING neutron.api.rpc.agentnotifiers.dhcp_rpc_agent_api [None req-b647507d-9e58-4532-a598-ef7afc2e1706 2f24a31e7361484a926d42e268766599 15af51f74f724241b5d8abfac3bb90ff - - default default] Unable to schedule network 6ce74a71-dd2b-41af-812f-42a6d8465272: no agents available; will retry on subsequent port and subnet creation events.
2026-05-20 04:21:10.091 10 INFO neutron.api.v2.resource [req-f8898b36-b52c-4802-8a29-67660037c520 req-9c7dd087-108c-49b2-a648-ac2a64594993 47e3293318fd4dbc89e791ef07de0fff 70bf0f3d598e409f87fbb3639813f018 - - default default] show failed (client error): The resource could not be found.
2026-05-20 04:21:10.092 10 INFO neutron.wsgi [req-f8898b36-b52c-4802-8a29-67660037c520 req-9c7dd087-108c-49b2-a648-ac2a64594993 47e3293318fd4dbc89e791ef07de0fff 70bf0f3d598e409f87fbb3639813f018 - - default default] 10.0.0.136 "GET /v2.0/security-groups/b9aa3226-2835-4826-9d7c-afa828c92af7 HTTP/1.1" status: 404 len: 352 time: 0.0147910
2026-05-20 04:21:10.150 9 INFO neutron.db.ovn_revision_numbers_db [None req-56fb77bd-2cd0-498b-85aa-42e48deac407 - - - - - -] Successfully bumped revision number for resource 16f21ad2-a35f-4e3e-a9aa-9157d89eb0f3 (type: router_ports) to 3
2026-05-20 04:21:10.164 10 INFO neutron.wsgi [req-29159708-efda-4681-909d-58da98be707d req-1968e896-93bb-402c-9e3a-e3f2c1d7c207 47e3293318fd4dbc89e791ef07de0fff 70bf0f3d598e409f87fbb3639813f018 - - default default] 10.0.0.136 "GET /v2.0/security-groups/d5c23d11-73c1-4848-a887-c49d0c6b2d47 HTTP/1.1" status: 200 len: 1817 time: 0.0342023
2026-05-20 04:21:10.274 10 INFO neutron.wsgi [req-29159708-efda-4681-909d-58da98be707d req-020d2766-1716-4c38-8cba-ea5dbab22479 47e3293318fd4dbc89e791ef07de0fff 70bf0f3d598e409f87fbb3639813f018 - - default default] 10.0.0.136 "DELETE /v2.0/security-groups/d5c23d11-73c1-4848-a887-c49d0c6b2d47 HTTP/1.1" status: 204 len: 173 time: 0.1029592
2026-05-20 04:21:10.303 9 INFO neutron.db.ovn_revision_numbers_db [None req-56fb77bd-2cd0-498b-85aa-42e48deac407 - - - - - -] Successfully bumped revision number for resource 16f21ad2-a35f-4e3e-a9aa-9157d89eb0f3 (type: ports) to 2
2026-05-20 04:21:10.308 10 INFO neutron.api.v2.resource [req-6d5627c8-6f00-4b01-8204-12a01f5d1f03 req-4d87f49d-927a-4e9e-8059-caabc93113b6 47e3293318fd4dbc89e791ef07de0fff 70bf0f3d598e409f87fbb3639813f018 - - default default] show failed (client error): The resource could not be found.
2026-05-20 04:21:10.309 10 INFO neutron.wsgi [req-6d5627c8-6f00-4b01-8204-12a01f5d1f03 req-4d87f49d-927a-4e9e-8059-caabc93113b6 47e3293318fd4dbc89e791ef07de0fff 70bf0f3d598e409f87fbb3639813f018 - - default default] 10.0.0.136 "GET /v2.0/security-groups/d5c23d11-73c1-4848-a887-c49d0c6b2d47 HTTP/1.1" status: 404 len: 352 time: 0.0124559
2026-05-20 04:21:10.377 10 INFO neutron.wsgi [req-0ac0e0cd-3178-4a82-89fa-9f2aad306b58 req-546f000f-b3ee-4894-b297-5eb6ca5ce892 47e3293318fd4dbc89e791ef07de0fff 70bf0f3d598e409f87fbb3639813f018 - - default default] 10.0.0.136 "GET /v2.0/security-groups/f740e042-6374-4a33-a35c-8f2c023c5862 HTTP/1.1" status: 200 len: 1817 time: 0.0444217
2026-05-20 04:21:10.491 10 INFO neutron.wsgi [req-0ac0e0cd-3178-4a82-89fa-9f2aad306b58 req-3aa18ccf-5501-46e0-87d4-5a26ee639fc9 47e3293318fd4dbc89e791ef07de0fff 70bf0f3d598e409f87fbb3639813f018 - - default default] 10.0.0.136 "DELETE /v2.0/security-groups/f740e042-6374-4a33-a35c-8f2c023c5862 HTTP/1.1" status: 204 len: 173 time: 0.1078455
2026-05-20 04:21:10.522 10 INFO neutron.plugins.ml2.drivers.ovn.mech_driver.mech_driver [None req-eed3d43e-3b7c-4c7b-a6bf-fd72d4da65f6 - - - - - -] OVN reports status up for port: 546c614f-bac5-4d22-a37f-8b2fd977d477
2026-05-20 04:21:10.526 10 INFO neutron.api.v2.resource [req-b2b43537-dc0d-45ad-aaac-16a90dec0c47 req-0b2fdf6b-2b9d-4416-9d75-326ef0604221 47e3293318fd4dbc89e791ef07de0fff 70bf0f3d598e409f87fbb3639813f018 - - default default] show failed (client error): The resource could not be found.
2026-05-20 04:21:10.527 10 INFO neutron.wsgi [req-b2b43537-dc0d-45ad-aaac-16a90dec0c47 req-0b2fdf6b-2b9d-4416-9d75-326ef0604221 47e3293318fd4dbc89e791ef07de0fff 70bf0f3d598e409f87fbb3639813f018 - - default default] 10.0.0.136 "GET /v2.0/security-groups/f740e042-6374-4a33-a35c-8f2c023c5862 HTTP/1.1" status: 404 len: 352 time: 0.0165584
2026-05-20 04:21:10.529 10 INFO neutron.plugins.ml2.plugin [None req-eed3d43e-3b7c-4c7b-a6bf-fd72d4da65f6 - - - - - -] Attempt 1 to provision port 546c614f-bac5-4d22-a37f-8b2fd977d477
2026-05-20 04:21:10.605 10 INFO neutron.wsgi [req-e6970ea8-369c-4385-ba88-4e02d3e4e2f1 req-ce9b4569-9fcb-479b-aaff-0151947dc259 47e3293318fd4dbc89e791ef07de0fff 70bf0f3d598e409f87fbb3639813f018 - - default default] 10.0.0.136 "GET /v2.0/security-groups?tenant_id=70bf0f3d598e409f87fbb3639813f018 HTTP/1.1" status: 200 len: 2997 time: 0.0579181
2026-05-20 04:21:10.662 10 INFO neutron.wsgi [req-b11ede0f-b528-4379-bd91-b2a7718d260c req-e2a63468-1a5c-4f54-996a-a227f6388d68 9c5db57a9337490d8bd327c137ce090c 1b6aca0cdb194704b7e4319689f9bd5c - - default default] 10.0.0.136 "GET /v2.0/ports?device_id=6f691576-c4d3-4c79-9f77-13d6ab78c165 HTTP/1.1" status: 200 len: 210 time: 0.0269547
2026-05-20 04:21:10.706 9 INFO neutron.db.ovn_revision_numbers_db [None req-56fb77bd-2cd0-498b-85aa-42e48deac407 - - - - - -] Successfully bumped revision number for resource 16f21ad2-a35f-4e3e-a9aa-9157d89eb0f3 (type: ports) to 4
2026-05-20 04:21:10.706 10 INFO neutron.wsgi [req-e6970ea8-369c-4385-ba88-4e02d3e4e2f1 req-9347d58c-2d00-48b8-9fab-40c58f2aee0f 47e3293318fd4dbc89e791ef07de0fff 70bf0f3d598e409f87fbb3639813f018 - - default default] 10.0.0.136 "GET /v2.0/security-groups/a70e4ca8-3691-4bdd-adcd-41ca56b42657 HTTP/1.1" status: 200 len: 2994 time: 0.0904338
2026-05-20 04:21:10.771 10 INFO neutron.wsgi [req-484bd05f-5f79-4fcc-8d04-4c30ee390843 req-854d29d2-e2fe-4f07-ae60-91a4ed230189 9c5db57a9337490d8bd327c137ce090c 1b6aca0cdb194704b7e4319689f9bd5c - - default default] 199.204.45.244 "GET /v2.0/networks?id=7e821baf-07b3-4bac-af84-85ecf4f191cf HTTP/1.1" status: 200 len: 874 time: 0.1395400
2026-05-20 04:21:10.790 10 INFO neutron.wsgi [req-e6970ea8-369c-4385-ba88-4e02d3e4e2f1 req-16da72fc-9a3d-44e0-950c-b509bc5e2045 47e3293318fd4dbc89e791ef07de0fff 70bf0f3d598e409f87fbb3639813f018 - - default default] 10.0.0.136 "GET /v2.0/security-groups/a70e4ca8-3691-4bdd-adcd-41ca56b42657 HTTP/1.1" status: 200 len: 2994 time: 0.0756762
2026-05-20 04:21:10.838 10 INFO neutron.api.v2.resource [req-3f6c45b7-3bca-43f5-b9da-619f959ad249 req-a86280c7-a8fd-477b-8c88-15ad9b57bf34 47e3293318fd4dbc89e791ef07de0fff 70bf0f3d598e409f87fbb3639813f018 - - default default] show failed (client error): The resource could not be found.
2026-05-20 04:21:10.839 10 INFO neutron.wsgi [req-3f6c45b7-3bca-43f5-b9da-619f959ad249 req-a86280c7-a8fd-477b-8c88-15ad9b57bf34 47e3293318fd4dbc89e791ef07de0fff 70bf0f3d598e409f87fbb3639813f018 - - default default] 10.0.0.136 "GET /v2.0/security-groups/f740e042-6374-4a33-a35c-8f2c023c5862 HTTP/1.1" status: 404 len: 352 time: 0.0140250
2026-05-20 04:21:10.884 10 INFO neutron.wsgi [req-484bd05f-5f79-4fcc-8d04-4c30ee390843 req-42d78fc2-adc2-4bf6-be46-bedabc808f98 9c5db57a9337490d8bd327c137ce090c 1b6aca0cdb194704b7e4319689f9bd5c - - default default] 199.204.45.244 "GET /v2.0/security-groups?fields=id&fields=name&tenant_id=1b6aca0cdb194704b7e4319689f9bd5c HTTP/1.1" status: 200 len: 379 time: 0.0867672
2026-05-20 04:21:10.886 10 INFO neutron.api.v2.resource [req-bb9b15b4-8ec3-46b2-a02d-92b665f118c9 req-375c0261-e410-4031-8996-61a65eac4737 47e3293318fd4dbc89e791ef07de0fff 70bf0f3d598e409f87fbb3639813f018 - - default default] show failed (client error): The resource could not be found.
2026-05-20 04:21:10.887 10 INFO neutron.wsgi [req-bb9b15b4-8ec3-46b2-a02d-92b665f118c9 req-375c0261-e410-4031-8996-61a65eac4737 47e3293318fd4dbc89e791ef07de0fff 70bf0f3d598e409f87fbb3639813f018 - - default default] 10.0.0.136 "GET /v2.0/security-groups/d5c23d11-73c1-4848-a887-c49d0c6b2d47 HTTP/1.1" status: 404 len: 352 time: 0.0239227
2026-05-20 04:21:10.954 10 INFO neutron.api.v2.resource [req-9fda7447-12ae-4dad-a02b-b65d12edbeab req-f1190a97-0b7a-42cf-a9f6-f30578bc8244 47e3293318fd4dbc89e791ef07de0fff 70bf0f3d598e409f87fbb3639813f018 - - default default] show failed (client error): The resource could not be found.
2026-05-20 04:21:10.956 10 INFO neutron.wsgi [req-9fda7447-12ae-4dad-a02b-b65d12edbeab req-f1190a97-0b7a-42cf-a9f6-f30578bc8244 47e3293318fd4dbc89e791ef07de0fff 70bf0f3d598e409f87fbb3639813f018 - - default default] 10.0.0.136 "GET /v2.0/security-groups/b9aa3226-2835-4826-9d7c-afa828c92af7 HTTP/1.1" status: 404 len: 352 time: 0.0421410
2026-05-20 04:21:11.049 10 INFO neutron.db.ovn_revision_numbers_db [None req-eed3d43e-3b7c-4c7b-a6bf-fd72d4da65f6 - - - - - -] Successfully bumped revision number for resource 546c614f-bac5-4d22-a37f-8b2fd977d477 (type: ports) to 2
2026-05-20 04:21:11.120 9 INFO neutron.db.ovn_revision_numbers_db [None req-56fb77bd-2cd0-498b-85aa-42e48deac407 - - - - - -] Successfully bumped revision number for resource 16f21ad2-a35f-4e3e-a9aa-9157d89eb0f3 (type: router_ports) to 4
2026-05-20 04:21:11.237 9 INFO neutron.db.ovn_revision_numbers_db [None req-b647507d-9e58-4532-a598-ef7afc2e1706 2f24a31e7361484a926d42e268766599 15af51f74f724241b5d8abfac3bb90ff - - default default] Successfully bumped revision number for resource 546c614f-bac5-4d22-a37f-8b2fd977d477 (type: router_ports) to 1
2026-05-20 04:21:11.239 9 INFO neutron.wsgi [None req-b647507d-9e58-4532-a598-ef7afc2e1706 2f24a31e7361484a926d42e268766599 15af51f74f724241b5d8abfac3bb90ff - - default default] 10.0.0.99 "PUT /v2.0/routers/659e5668-c9ca-4abe-aa88-0f40ea25b3eb/add_router_interface HTTP/1.1" status: 200 len: 503 time: 3.2250838
2026-05-20 04:21:11.254 9 INFO neutron.wsgi [req-fda9d908-dd8e-4eb7-b922-1129f226f41b req-d7a1d4a9-43ff-48da-b825-3568271d1c2e d2bae9b9969d4be2ad494ba6a3bf53f8 44823dd764104dc39b052b9a5732a814 - - default default] 199.204.45.244 "GET /v2.0/networks?id=1f2059eb-b7d6-45bf-93cd-2a1f87a46243 HTTP/1.1" status: 200 len: 868 time: 0.1134531
2026-05-20 04:21:11.310 9 INFO neutron.wsgi [req-fda9d908-dd8e-4eb7-b922-1129f226f41b req-df49e255-1217-49eb-aea2-a8a21b0c4aa1 d2bae9b9969d4be2ad494ba6a3bf53f8 44823dd764104dc39b052b9a5732a814 - - default default] 199.204.45.244 "GET /v2.0/security-groups?fields=id&fields=name&tenant_id=44823dd764104dc39b052b9a5732a814 HTTP/1.1" status: 200 len: 379 time: 0.0432603
2026-05-20 04:21:11.399 10 INFO neutron.wsgi [req-09d8a30d-6a25-4eaf-b1d0-75f23c8f4a97 req-9e3ec678-dc91-44ca-88e0-e19ba02b6c65 d2bae9b9969d4be2ad494ba6a3bf53f8 44823dd764104dc39b052b9a5732a814 - - default default] 10.0.0.136 "GET /v2.0/ports?device_id=2b7c7e7e-06b1-4a25-b58d-7118dec30a8e HTTP/1.1" status: 200 len: 210 time: 0.0530293
2026-05-20 04:21:11.531 10 INFO neutron.db.ovn_revision_numbers_db [None req-eed3d43e-3b7c-4c7b-a6bf-fd72d4da65f6 - - - - - -] Successfully bumped revision number for resource 546c614f-bac5-4d22-a37f-8b2fd977d477 (type: router_ports) to 2
2026-05-20 04:21:11.678 10 WARNING neutron.scheduler.dhcp_agent_scheduler [req-484bd05f-5f79-4fcc-8d04-4c30ee390843 req-98cc5c7e-d570-4446-a77d-59333ddb377c 9c5db57a9337490d8bd327c137ce090c 1b6aca0cdb194704b7e4319689f9bd5c - - default default] No more DHCP agents
