2026-05-20 04:05:40.977 9 INFO neutron.wsgi [None req-22cab2d7-48bc-403d-a361-2889c9a27f9e e2958d9139a44f8f8ccb3e7cae788c92 5ca49b4e25f7453da29fb66c3786bfed - - 89aa15eb3226486a8b596588dd15fb76 89aa15eb3226486a8b596588dd15fb76] 199.204.45.244 "GET /v2.0/networks?tenant_id=5ca49b4e25f7453da29fb66c3786bfed&shared=False HTTP/1.1" status: 200 len: 213 time: 0.1537950
2026-05-20 04:05:41.056 9 INFO neutron.db.segments_db [None req-d32aded7-91fe-48b7-96d0-d2383ea738c5 e2958d9139a44f8f8ccb3e7cae788c92 5ca49b4e25f7453da29fb66c3786bfed - - 89aa15eb3226486a8b596588dd15fb76 89aa15eb3226486a8b596588dd15fb76] Added segment ff250d4a-431f-4a7f-aee0-a7d5869d3f60 of type geneve for network a6f0a1fe-1935-4d08-8efe-bed9141e644a
2026-05-20 04:05:41.246 9 INFO neutron.db.ovn_revision_numbers_db [None req-d32aded7-91fe-48b7-96d0-d2383ea738c5 e2958d9139a44f8f8ccb3e7cae788c92 5ca49b4e25f7453da29fb66c3786bfed - - 89aa15eb3226486a8b596588dd15fb76 89aa15eb3226486a8b596588dd15fb76] Successfully bumped revision number for resource a6f0a1fe-1935-4d08-8efe-bed9141e644a (type: networks) to 1
2026-05-20 04:05:41.433 9 WARNING neutron.scheduler.dhcp_agent_scheduler [None req-d32aded7-91fe-48b7-96d0-d2383ea738c5 e2958d9139a44f8f8ccb3e7cae788c92 5ca49b4e25f7453da29fb66c3786bfed - - 89aa15eb3226486a8b596588dd15fb76 89aa15eb3226486a8b596588dd15fb76] No more DHCP agents
2026-05-20 04:05:41.438 9 WARNING neutron.api.rpc.agentnotifiers.dhcp_rpc_agent_api [None req-d32aded7-91fe-48b7-96d0-d2383ea738c5 e2958d9139a44f8f8ccb3e7cae788c92 5ca49b4e25f7453da29fb66c3786bfed - - 89aa15eb3226486a8b596588dd15fb76 89aa15eb3226486a8b596588dd15fb76] Unable to schedule network a6f0a1fe-1935-4d08-8efe-bed9141e644a: no agents available; will retry on subsequent port and subnet creation events.
2026-05-20 04:05:41.526 9 INFO neutron.db.ovn_revision_numbers_db [None req-d32aded7-91fe-48b7-96d0-d2383ea738c5 e2958d9139a44f8f8ccb3e7cae788c92 5ca49b4e25f7453da29fb66c3786bfed - - 89aa15eb3226486a8b596588dd15fb76 89aa15eb3226486a8b596588dd15fb76] Successfully bumped revision number for resource 57b1b262-2ac0-46fc-b2a3-088207851bab (type: ports) to 1
2026-05-20 04:05:41.549 9 INFO neutron.wsgi [None req-d32aded7-91fe-48b7-96d0-d2383ea738c5 e2958d9139a44f8f8ccb3e7cae788c92 5ca49b4e25f7453da29fb66c3786bfed - - 89aa15eb3226486a8b596588dd15fb76 89aa15eb3226486a8b596588dd15fb76] 199.204.45.244 "POST /v2.0/networks HTTP/1.1" status: 201 len: 924 time: 0.5636184
2026-05-20 04:05:41.587 9 INFO neutron.wsgi [None req-17325ffa-ddc2-450d-8078-c43fa3823be3 e2958d9139a44f8f8ccb3e7cae788c92 5ca49b4e25f7453da29fb66c3786bfed - - 89aa15eb3226486a8b596588dd15fb76 89aa15eb3226486a8b596588dd15fb76] 199.204.45.244 "GET /v2.0/ports?device_id=manila-share&binding%3Ahost_id=instance HTTP/1.1" status: 200 len: 210 time: 0.0302052
2026-05-20 04:05:41.603 9 INFO neutron.wsgi [None req-5c2535cb-3f4b-4280-bfdc-2e35d64fed47 e2958d9139a44f8f8ccb3e7cae788c92 5ca49b4e25f7453da29fb66c3786bfed - - 89aa15eb3226486a8b596588dd15fb76 89aa15eb3226486a8b596588dd15fb76] 199.204.45.244 "GET /v2.0/extensions HTTP/1.1" status: 200 len: 16525 time: 0.0095084
2026-05-20 04:05:41.850 9 WARNING neutron.scheduler.dhcp_agent_scheduler [None req-049e7d69-3fb0-40c3-839f-2a7e8d5e2697 e2958d9139a44f8f8ccb3e7cae788c92 5ca49b4e25f7453da29fb66c3786bfed - - 89aa15eb3226486a8b596588dd15fb76 89aa15eb3226486a8b596588dd15fb76] No more DHCP agents
2026-05-20 04:05:41.852 9 WARNING neutron.api.rpc.agentnotifiers.dhcp_rpc_agent_api [None req-049e7d69-3fb0-40c3-839f-2a7e8d5e2697 e2958d9139a44f8f8ccb3e7cae788c92 5ca49b4e25f7453da29fb66c3786bfed - - 89aa15eb3226486a8b596588dd15fb76 89aa15eb3226486a8b596588dd15fb76] Unable to schedule network a6f0a1fe-1935-4d08-8efe-bed9141e644a: no agents available; will retry on subsequent port and subnet creation events.
2026-05-20 04:05:42.035 9 INFO neutron.db.ovn_revision_numbers_db [None req-049e7d69-3fb0-40c3-839f-2a7e8d5e2697 e2958d9139a44f8f8ccb3e7cae788c92 5ca49b4e25f7453da29fb66c3786bfed - - 89aa15eb3226486a8b596588dd15fb76 89aa15eb3226486a8b596588dd15fb76] Successfully bumped revision number for resource 23b17295-5936-49ea-806e-b0cec4bc0d50 (type: ports) to 1
2026-05-20 04:05:42.249 9 INFO neutron.db.ovn_revision_numbers_db [None req-049e7d69-3fb0-40c3-839f-2a7e8d5e2697 e2958d9139a44f8f8ccb3e7cae788c92 5ca49b4e25f7453da29fb66c3786bfed - - 89aa15eb3226486a8b596588dd15fb76 89aa15eb3226486a8b596588dd15fb76] Successfully bumped revision number for resource 23b17295-5936-49ea-806e-b0cec4bc0d50 (type: ports) to 1
2026-05-20 04:05:42.295 9 INFO neutron.wsgi [None req-049e7d69-3fb0-40c3-839f-2a7e8d5e2697 e2958d9139a44f8f8ccb3e7cae788c92 5ca49b4e25f7453da29fb66c3786bfed - - 89aa15eb3226486a8b596588dd15fb76 89aa15eb3226486a8b596588dd15fb76] 199.204.45.244 "POST /v2.0/ports HTTP/1.1" status: 201 len: 1144 time: 0.6852360
2026-05-20 04:05:42.365 9 INFO neutron.wsgi [None req-254d7249-7d30-4ce2-b7b0-e4485b1d59d1 e2958d9139a44f8f8ccb3e7cae788c92 5ca49b4e25f7453da29fb66c3786bfed - - 89aa15eb3226486a8b596588dd15fb76 89aa15eb3226486a8b596588dd15fb76] 199.204.45.244 "GET /v2.0/networks/a6f0a1fe-1935-4d08-8efe-bed9141e644a HTTP/1.1" status: 200 len: 906 time: 0.0609388
2026-05-20 04:05:42.612 9 INFO neutron.wsgi [-] 10.0.0.42 "GET / HTTP/1.1" status: 200 len: 247 time: 0.0018637
2026-05-20 04:05:42.613 10 INFO neutron.wsgi [-] 10.0.0.42 "GET / HTTP/1.1" status: 200 len: 247 time: 0.0028429
2026-05-20 04:05:43.170 10 INFO neutron.plugins.ml2.drivers.ovn.mech_driver.mech_driver [None req-eed3d43e-3b7c-4c7b-a6bf-fd72d4da65f6 - - - - - -] OVN reports status up for port: 23b17295-5936-49ea-806e-b0cec4bc0d50
2026-05-20 04:05:43.213 10 INFO neutron.plugins.ml2.plugin [None req-eed3d43e-3b7c-4c7b-a6bf-fd72d4da65f6 - - - - - -] Attempt 1 to provision port 23b17295-5936-49ea-806e-b0cec4bc0d50
2026-05-20 04:05:43.476 10 INFO neutron.db.ovn_revision_numbers_db [None req-eed3d43e-3b7c-4c7b-a6bf-fd72d4da65f6 - - - - - -] Successfully bumped revision number for resource 23b17295-5936-49ea-806e-b0cec4bc0d50 (type: ports) to 3
2026-05-20 04:05:44.795 9 INFO neutron.wsgi [None req-76a5eb72-03cd-4993-89aa-9ae72cde0ca7 e2958d9139a44f8f8ccb3e7cae788c92 5ca49b4e25f7453da29fb66c3786bfed - - 89aa15eb3226486a8b596588dd15fb76 89aa15eb3226486a8b596588dd15fb76] 199.204.45.244 "GET /v2.0/ports?device_id=manila-share&binding%3Ahost_id=instance HTTP/1.1" status: 200 len: 1172 time: 0.0381265
2026-05-20 04:05:44.846 9 INFO neutron.wsgi [None req-31061185-4a75-4223-af07-eb139256a95d e2958d9139a44f8f8ccb3e7cae788c92 5ca49b4e25f7453da29fb66c3786bfed - - 89aa15eb3226486a8b596588dd15fb76 89aa15eb3226486a8b596588dd15fb76] 199.204.45.244 "GET /v2.0/networks/a6f0a1fe-1935-4d08-8efe-bed9141e644a HTTP/1.1" status: 200 len: 906 time: 0.0428147
2026-05-20 04:05:57.613 10 INFO neutron.wsgi [-] 10.0.0.42 "GET / HTTP/1.1" status: 200 len: 247 time: 0.0024221
2026-05-20 04:05:57.612 9 INFO neutron.wsgi [-] 10.0.0.42 "GET / HTTP/1.1" status: 200 len: 247 time: 0.0027089
2026-05-20 04:06:08.385 10 INFO neutron.wsgi [None req-86392c71-93aa-439a-83d2-28502a9f1ddc 2f24a31e7361484a926d42e268766599 15af51f74f724241b5d8abfac3bb90ff - - default default] 199.204.45.244,10.0.0.42 "GET /v2.0/quotas/5ca49b4e25f7453da29fb66c3786bfed HTTP/1.1" status: 200 len: 362 time: 0.0155809 /var/lib/openstack/lib/python3.10/site-packages/neutron/extensions/quotasv2.py:140: UserWarning: Neutron quota engine will require "--force" parameter to set a quota limit without checking the resource usage. warnings.warn('Neutron quota engine will require "--force" '
2026-05-20 04:06:08.815 10 INFO neutron.wsgi [None req-75b2cf5e-bda5-4b1b-82de-2cee651c3c79 2f24a31e7361484a926d42e268766599 15af51f74f724241b5d8abfac3bb90ff - - default default] 199.204.45.244,10.0.0.42 "PUT /v2.0/quotas/5ca49b4e25f7453da29fb66c3786bfed HTTP/1.1" status: 200 len: 361 time: 0.0342641
2026-05-20 04:06:09.151 10 INFO neutron.wsgi [None req-d0bb8b21-291a-4492-9fcc-9d423008759a 2f24a31e7361484a926d42e268766599 15af51f74f724241b5d8abfac3bb90ff - - default default] 199.204.45.244,10.0.0.42 "GET /v2.0/quotas/5ca49b4e25f7453da29fb66c3786bfed HTTP/1.1" status: 200 len: 361 time: 0.0115621
2026-05-20 04:06:12.612 10 INFO neutron.wsgi [-] 10.0.0.42 "GET / HTTP/1.1" status: 200 len: 247 time: 0.0019026
2026-05-20 04:06:12.613 9 INFO neutron.wsgi [-] 10.0.0.42 "GET / HTTP/1.1" status: 200 len: 247 time: 0.0023990
2026-05-20 04:06:27.612 9 INFO neutron.wsgi [-] 10.0.0.42 "GET / HTTP/1.1" status: 200 len: 247 time: 0.0019090
2026-05-20 04:06:27.615 10 INFO neutron.wsgi [-] 10.0.0.42 "GET / HTTP/1.1" status: 200 len: 247 time: 0.0043693
2026-05-20 04:06:42.612 10 INFO neutron.wsgi [-] 10.0.0.42 "GET / HTTP/1.1" status: 200 len: 247 time: 0.0022874
2026-05-20 04:06:42.615 10 INFO neutron.wsgi [-] 10.0.0.42 "GET / HTTP/1.1" status: 200 len: 247 time: 0.0023718
2026-05-20 04:06:57.613 10 INFO neutron.wsgi [-] 10.0.0.42 "GET / HTTP/1.1" status: 200 len: 247 time: 0.0022929
2026-05-20 04:06:57.613 9 INFO neutron.wsgi [-] 10.0.0.42 "GET / HTTP/1.1" status: 200 len: 247 time: 0.0025504
2026-05-20 04:07:07.877 15 INFO neutron.db.ovn_revision_numbers_db [None req-c4cff1c6-0279-4a0d-a4c1-137595b426c5 - - - - - -] Successfully bumped revision number for resource b2786a1f-2d83-4e97-8204-e4de91ba074b (type: security_groups) to 5
2026-05-20 04:07:07.877 15 INFO neutron.plugins.ml2.drivers.ovn.mech_driver.ovsdb.maintenance [None req-c4cff1c6-0279-4a0d-a4c1-137595b426c5 - - - - - -] Maintenance task: Synchronization finished (took 0.05 seconds)
2026-05-20 04:07:12.613 9 INFO neutron.wsgi [-] 10.0.0.42 "GET / HTTP/1.1" status: 200 len: 247 time: 0.0029271
2026-05-20 04:07:12.615 10 INFO neutron.wsgi [-] 10.0.0.42 "GET / HTTP/1.1" status: 200 len: 247 time: 0.0045540 /var/lib/openstack/lib/python3.10/site-packages/pycadf/identifier.py:71: UserWarning: Invalid uuid: neutron. To ensure interoperability, identifiers should be a valid uuid. warnings.warn(('Invalid uuid: %s. To ensure interoperability, '
2026-05-20 04:07:19.024 10 INFO neutron.wsgi [None req-45ce882b-4c81-4954-bae6-b24e07766c36 2f24a31e7361484a926d42e268766599 15af51f74f724241b5d8abfac3bb90ff - - default default] 10.0.0.64 "GET /v2.0/security-groups HTTP/1.1" status: 200 len: 16799 time: 0.2311738
2026-05-20 04:07:19.067 10 INFO neutron.wsgi [None req-c1541857-a4c0-4fb8-9122-508f0ad5ae7f 2f24a31e7361484a926d42e268766599 15af51f74f724241b5d8abfac3bb90ff - - default default] 10.0.0.64 "GET /v2.0/floatingips HTTP/1.1" status: 200 len: 193 time: 0.0332959
2026-05-20 04:07:19.107 10 INFO neutron.wsgi [None req-af0b41e6-ceba-4dc8-9070-3b8f26d953c8 2f24a31e7361484a926d42e268766599 15af51f74f724241b5d8abfac3bb90ff - - default default] 10.0.0.64 "GET /v2.0/agents HTTP/1.1" status: 200 len: 997 time: 0.0387444
2026-05-20 04:07:19.214 10 INFO neutron.wsgi [None req-ff8a85f4-8cab-4478-96ff-fbbf5d58c2ee 2f24a31e7361484a926d42e268766599 15af51f74f724241b5d8abfac3bb90ff - - default default] 10.0.0.64 "GET /v2.0/subnets HTTP/1.1" status: 200 len: 1437 time: 0.1060050
2026-05-20 04:07:19.226 10 INFO neutron.wsgi [None req-8c41b648-3473-4106-a435-4548db772cdd 2f24a31e7361484a926d42e268766599 15af51f74f724241b5d8abfac3bb90ff - - default default] 10.0.0.64 "GET /v2.0/subnetpools HTTP/1.1" status: 200 len: 193 time: 0.0110204
2026-05-20 04:07:19.263 10 INFO neutron.wsgi [None req-38072a90-98be-4fec-bfdf-108adb6d56af 2f24a31e7361484a926d42e268766599 15af51f74f724241b5d8abfac3bb90ff - - default default] 10.0.0.64 "GET /v2.0/ports HTTP/1.1" status: 200 len: 5347 time: 0.0359523
2026-05-20 04:07:19.323 10 INFO neutron.wsgi [None req-5563d05c-0482-48c5-9c02-efef92dfabf4 2f24a31e7361484a926d42e268766599 15af51f74f724241b5d8abfac3bb90ff - - default default] 10.0.0.64 "GET /v2.0/networks HTTP/1.1" status: 200 len: 2349 time: 0.0558681
2026-05-20 04:07:19.355 10 INFO neutron.wsgi [None req-8ca2ef5f-b52e-4d25-b1bf-8740b0988f4d 2f24a31e7361484a926d42e268766599 15af51f74f724241b5d8abfac3bb90ff - - default default] 10.0.0.64 "GET /v2.0/subnets HTTP/1.1" status: 200 len: 1437 time: 0.0287976
2026-05-20 04:07:19.390 10 INFO neutron.wsgi [None req-df3c78d6-19b9-4dc8-aab8-ddc9ecc857ff 2f24a31e7361484a926d42e268766599 15af51f74f724241b5d8abfac3bb90ff - - default default] 10.0.0.64 "GET /v2.0/routers HTTP/1.1" status: 200 len: 189 time: 0.0337431
2026-05-20 04:07:19.403 10 INFO neutron.wsgi [None req-a6a11238-efb9-4b75-b760-60db621712c0 2f24a31e7361484a926d42e268766599 15af51f74f724241b5d8abfac3bb90ff - - default default] 10.0.0.64 "GET /v2.0/agents?binary=ovn-controller HTTP/1.1" status: 200 len: 591 time: 0.0110238
2026-05-20 04:07:19.418 10 INFO neutron.wsgi [None req-69beaff1-1918-4588-b06b-93abf40cc9ba 2f24a31e7361484a926d42e268766599 15af51f74f724241b5d8abfac3bb90ff - - default default] 10.0.0.64 "GET /v2.0/network-ip-availabilities HTTP/1.1" status: 200 len: 1280 time: 0.0138967
2026-05-20 04:07:27.612 10 INFO neutron.wsgi [-] 10.0.0.42 "GET / HTTP/1.1" status: 200 len: 247 time: 0.0019560
2026-05-20 04:07:27.614 10 INFO neutron.wsgi [-] 10.0.0.42 "GET / HTTP/1.1" status: 200 len: 247 time: 0.0012753
2026-05-20 04:07:42.613 9 INFO neutron.wsgi [-] 10.0.0.42 "GET / HTTP/1.1" status: 200 len: 247 time: 0.0025856
2026-05-20 04:07:42.613 10 INFO neutron.wsgi [-] 10.0.0.42 "GET / HTTP/1.1" status: 200 len: 247 time: 0.0025232
2026-05-20 04:07:57.612 10 INFO neutron.wsgi [-] 10.0.0.42 "GET / HTTP/1.1" status: 200 len: 247 time: 0.0021281
2026-05-20 04:07:57.614 10 INFO neutron.wsgi [-] 10.0.0.42 "GET / HTTP/1.1" status: 200 len: 247 time: 0.0011640
2026-05-20 04:08:12.611 10 INFO neutron.wsgi [-] 10.0.0.42 "GET / HTTP/1.1" status: 200 len: 247 time: 0.0017588
2026-05-20 04:08:12.614 9 INFO neutron.wsgi [-] 10.0.0.42 "GET / HTTP/1.1" status: 200 len: 247 time: 0.0037675
2026-05-20 04:08:18.788 10 INFO neutron.wsgi [None req-89281088-e4c6-44e1-ae9e-8141de1cd15a 2f24a31e7361484a926d42e268766599 15af51f74f724241b5d8abfac3bb90ff - - default default] 10.0.0.64 "GET /v2.0/network-ip-availabilities HTTP/1.1" status: 200 len: 1280 time: 0.0522888
2026-05-20 04:08:18.820 10 INFO neutron.wsgi [None req-3179d2cf-aa49-4a84-8ff1-845ef388ffaf 2f24a31e7361484a926d42e268766599 15af51f74f724241b5d8abfac3bb90ff - - default default] 10.0.0.64 "GET /v2.0/subnets HTTP/1.1" status: 200 len: 1437 time: 0.0307515
2026-05-20 04:08:18.829 10 INFO neutron.wsgi [None req-8db136ae-d5a5-4b5e-89b2-08de80865cea 2f24a31e7361484a926d42e268766599 15af51f74f724241b5d8abfac3bb90ff - - default default] 10.0.0.64 "GET /v2.0/subnetpools HTTP/1.1" status: 200 len: 193 time: 0.0076063
2026-05-20 04:08:18.847 10 INFO neutron.wsgi [None req-870efcff-2d4d-466d-89e9-970e32f8cb3f 2f24a31e7361484a926d42e268766599 15af51f74f724241b5d8abfac3bb90ff - - default default] 10.0.0.64 "GET /v2.0/floatingips HTTP/1.1" status: 200 len: 193 time: 0.0174153
2026-05-20 04:08:18.888 10 INFO neutron.wsgi [None req-4c3e24ed-d030-485b-8418-88764ad0dc8a 2f24a31e7361484a926d42e268766599 15af51f74f724241b5d8abfac3bb90ff - - default default] 10.0.0.64 "GET /v2.0/security-groups HTTP/1.1" status: 200 len: 16799 time: 0.0404274
2026-05-20 04:08:18.919 10 INFO neutron.wsgi [None req-b0291be1-94bd-405d-80f0-f681b576d0ec 2f24a31e7361484a926d42e268766599 15af51f74f724241b5d8abfac3bb90ff - - default default] 10.0.0.64 "GET /v2.0/subnets HTTP/1.1" status: 200 len: 1437 time: 0.0258210
2026-05-20 04:08:18.948 10 INFO neutron.wsgi [None req-b71c2321-0cd5-4605-bfc9-bb3d57028d9b 2f24a31e7361484a926d42e268766599 15af51f74f724241b5d8abfac3bb90ff - - default default] 10.0.0.64 "GET /v2.0/agents HTTP/1.1" status: 200 len: 997 time: 0.0271327
2026-05-20 04:08:18.967 10 INFO neutron.wsgi [None req-657aef2e-c9af-421e-a116-16aa8154611d 2f24a31e7361484a926d42e268766599 15af51f74f724241b5d8abfac3bb90ff - - default default] 10.0.0.64 "GET /v2.0/routers HTTP/1.1" status: 200 len: 189 time: 0.0186756
2026-05-20 04:08:18.976 10 INFO neutron.wsgi [None req-4fed38ef-d71d-4cec-954c-7d5c7bba8882 2f24a31e7361484a926d42e268766599 15af51f74f724241b5d8abfac3bb90ff - - default default] 10.0.0.64 "GET /v2.0/agents?binary=ovn-controller HTTP/1.1" status: 200 len: 591 time: 0.0084088
2026-05-20 04:08:19.018 10 INFO neutron.wsgi [None req-2050dcaf-53a3-42c9-855d-2ae2dc5a8800 2f24a31e7361484a926d42e268766599 15af51f74f724241b5d8abfac3bb90ff - - default default] 10.0.0.64 "GET /v2.0/ports HTTP/1.1" status: 200 len: 5347 time: 0.0409729
2026-05-20 04:08:19.083 10 INFO neutron.wsgi [None req-27a1c075-e78c-4ea6-8535-a567ab10e3db 2f24a31e7361484a926d42e268766599 15af51f74f724241b5d8abfac3bb90ff - - default default] 10.0.0.64 "GET /v2.0/networks HTTP/1.1" status: 200 len: 2349 time: 0.0593476
2026-05-20 04:08:27.613 10 INFO neutron.wsgi [-] 10.0.0.42 "GET / HTTP/1.1" status: 200 len: 247 time: 0.0025754
2026-05-20 04:08:27.617 10 INFO neutron.wsgi [-] 10.0.0.42 "GET / HTTP/1.1" status: 200 len: 247 time: 0.0028589
2026-05-20 04:08:42.612 10 INFO neutron.wsgi [-] 10.0.0.42 "GET / HTTP/1.1" status: 200 len: 247 time: 0.0016985
2026-05-20 04:08:42.614 9 INFO neutron.wsgi [-] 10.0.0.42 "GET / HTTP/1.1" status: 200 len: 247 time: 0.0032353
2026-05-20 04:08:57.611 10 INFO neutron.wsgi [-] 10.0.0.42 "GET / HTTP/1.1" status: 200 len: 247 time: 0.0020413
2026-05-20 04:08:57.612 10 INFO neutron.wsgi [-] 10.0.0.42 "GET / HTTP/1.1" status: 200 len: 247 time: 0.0008748
2026-05-20 04:09:12.613 10 INFO neutron.wsgi [-] 10.0.0.42 "GET / HTTP/1.1" status: 200 len: 247 time: 0.0025938
2026-05-20 04:09:12.616 10 INFO neutron.wsgi [-] 10.0.0.42 "GET / HTTP/1.1" status: 200 len: 247 time: 0.0022051
2026-05-20 04:09:18.799 10 INFO neutron.wsgi [None req-97a0aad6-546c-4eae-bdfb-f4b0db2b67a5 2f24a31e7361484a926d42e268766599 15af51f74f724241b5d8abfac3bb90ff - - default default] 10.0.0.64 "GET /v2.0/floatingips HTTP/1.1" status: 200 len: 193 time: 0.0695932
2026-05-20 04:09:18.817 10 INFO neutron.wsgi [None req-0ecc5584-583c-40da-86d2-6fb50fcbe842 2f24a31e7361484a926d42e268766599 15af51f74f724241b5d8abfac3bb90ff - - default default] 10.0.0.64 "GET /v2.0/routers HTTP/1.1" status: 200 len: 189 time: 0.0173552
2026-05-20 04:09:18.869 10 INFO neutron.wsgi [None req-2c7f5dbc-710b-4f45-a8d5-e5fbc4c117d8 2f24a31e7361484a926d42e268766599 15af51f74f724241b5d8abfac3bb90ff - - default default] 10.0.0.64 "GET /v2.0/agents?binary=ovn-controller HTTP/1.1" status: 200 len: 591 time: 0.0510395
2026-05-20 04:09:18.880 10 INFO neutron.wsgi [None req-d79c5724-c684-4ff3-849c-05b15bbea9b7 2f24a31e7361484a926d42e268766599 15af51f74f724241b5d8abfac3bb90ff - - default default] 10.0.0.64 "GET /v2.0/agents HTTP/1.1" status: 200 len: 997 time: 0.0089872
2026-05-20 04:09:18.889 10 INFO neutron.wsgi [None req-ba7f0613-8545-4943-b124-cd416a04e4e8 2f24a31e7361484a926d42e268766599 15af51f74f724241b5d8abfac3bb90ff - - default default] 10.0.0.64 "GET /v2.0/network-ip-availabilities HTTP/1.1" status: 200 len: 1280 time: 0.0085618
2026-05-20 04:09:18.925 10 INFO neutron.wsgi [None req-1e4ffad4-50d2-4984-ac48-b1eab93bfdf7 2f24a31e7361484a926d42e268766599 15af51f74f724241b5d8abfac3bb90ff - - default default] 10.0.0.64 "GET /v2.0/subnets HTTP/1.1" status: 200 len: 1437 time: 0.0341611
2026-05-20 04:09:18.934 10 INFO neutron.wsgi [None req-3b3a6487-6812-4bba-94cb-d8b9fd68f495 2f24a31e7361484a926d42e268766599 15af51f74f724241b5d8abfac3bb90ff - - default default] 10.0.0.64 "GET /v2.0/subnetpools HTTP/1.1" status: 200 len: 193 time: 0.0081570
2026-05-20 04:09:18.986 10 INFO neutron.wsgi [None req-b93a4506-3511-4ef3-8202-86136f2bc261 2f24a31e7361484a926d42e268766599 15af51f74f724241b5d8abfac3bb90ff - - default default] 10.0.0.64 "GET /v2.0/ports HTTP/1.1" status: 200 len: 5347 time: 0.0515056
2026-05-20 04:09:19.103 10 INFO neutron.wsgi [None req-a9f976c0-f328-4664-a9ee-f0ed895ebc67 2f24a31e7361484a926d42e268766599 15af51f74f724241b5d8abfac3bb90ff - - default default] 10.0.0.64 "GET /v2.0/networks HTTP/1.1" status: 200 len: 2349 time: 0.1130855
2026-05-20 04:09:19.149 10 INFO neutron.wsgi [None req-12cfc810-17e0-4a2f-b0df-650e53c45fd7 2f24a31e7361484a926d42e268766599 15af51f74f724241b5d8abfac3bb90ff - - default default] 10.0.0.64 "GET /v2.0/security-groups HTTP/1.1" status: 200 len: 16799 time: 0.0435209
2026-05-20 04:09:19.196 10 INFO neutron.wsgi [None req-b4ff18c3-19c9-4a89-a26f-88de9086c795 2f24a31e7361484a926d42e268766599 15af51f74f724241b5d8abfac3bb90ff - - default default] 10.0.0.64 "GET /v2.0/subnets HTTP/1.1" status: 200 len: 1437 time: 0.0387328
2026-05-20 04:09:27.613 9 INFO neutron.wsgi [-] 10.0.0.42 "GET / HTTP/1.1" status: 200 len: 247 time: 0.0025086
2026-05-20 04:09:27.613 10 INFO neutron.wsgi [-] 10.0.0.42 "GET / HTTP/1.1" status: 200 len: 247 time: 0.0024791
2026-05-20 04:09:42.612 9 INFO neutron.wsgi [-] 10.0.0.42 "GET / HTTP/1.1" status: 200 len: 247 time: 0.0023735
2026-05-20 04:09:42.613 10 INFO neutron.wsgi [-] 10.0.0.42 "GET / HTTP/1.1" status: 200 len: 247 time: 0.0026789
2026-05-20 04:09:57.613 9 INFO neutron.wsgi [-] 10.0.0.42 "GET / HTTP/1.1" status: 200 len: 247 time: 0.0026400
2026-05-20 04:09:57.613 10 INFO neutron.wsgi [-] 10.0.0.42 "GET / HTTP/1.1" status: 200 len: 247 time: 0.0024858
2026-05-20 04:10:12.612 10 INFO neutron.wsgi [-] 10.0.0.42 "GET / HTTP/1.1" status: 200 len: 247 time: 0.0020587
2026-05-20 04:10:12.613 9 INFO neutron.wsgi [-] 10.0.0.42 "GET / HTTP/1.1" status: 200 len: 247 time: 0.0027783
2026-05-20 04:10:18.804 10 INFO neutron.wsgi [None req-ddfb4fbf-c98c-47ba-bc61-320592e398a7 2f24a31e7361484a926d42e268766599 15af51f74f724241b5d8abfac3bb90ff - - default default] 10.0.0.64 "GET /v2.0/floatingips HTTP/1.1" status: 200 len: 193 time: 0.0697317
2026-05-20 04:10:18.839 10 INFO neutron.wsgi [None req-68ab59ce-df5c-4bea-aef8-7299f997fb1b 2f24a31e7361484a926d42e268766599 15af51f74f724241b5d8abfac3bb90ff - - default default] 10.0.0.64 "GET /v2.0/subnets HTTP/1.1" status: 200 len: 1437 time: 0.0343482
2026-05-20 04:10:18.851 10 INFO neutron.wsgi [None req-8c874982-b24c-4875-b0eb-42613dbfcedb 2f24a31e7361484a926d42e268766599 15af51f74f724241b5d8abfac3bb90ff - - default default] 10.0.0.64 "GET /v2.0/subnetpools HTTP/1.1" status: 200 len: 193 time: 0.0099769
2026-05-20 04:10:18.914 10 INFO neutron.wsgi [None req-833279f4-0d15-446b-bf60-36ebfa3e1f15 2f24a31e7361484a926d42e268766599 15af51f74f724241b5d8abfac3bb90ff - - default default] 10.0.0.64 "GET /v2.0/networks HTTP/1.1" status: 200 len: 2349 time: 0.0619247
2026-05-20 04:10:18.927 10 INFO neutron.wsgi [None req-44fcfc32-cb27-4c0d-b11e-859ca85c9855 2f24a31e7361484a926d42e268766599 15af51f74f724241b5d8abfac3bb90ff - - default default] 10.0.0.64 "GET /v2.0/network-ip-availabilities HTTP/1.1" status: 200 len: 1280 time: 0.0110068
2026-05-20 04:10:18.960 10 INFO neutron.wsgi [None req-0bc99a76-9534-466e-8197-024f89b6d5a7 2f24a31e7361484a926d42e268766599 15af51f74f724241b5d8abfac3bb90ff - - default default] 10.0.0.64 "GET /v2.0/ports HTTP/1.1" status: 200 len: 5347 time: 0.0310719
2026-05-20 04:10:19.008 10 INFO neutron.wsgi [None req-01fc91f1-e711-41d0-8328-263e80747a79 2f24a31e7361484a926d42e268766599 15af51f74f724241b5d8abfac3bb90ff - - default default] 10.0.0.64 "GET /v2.0/security-groups HTTP/1.1" status: 200 len: 16799 time: 0.0435779
2026-05-20 04:10:19.055 10 INFO neutron.wsgi [None req-3047af89-5c8e-4c58-ad85-cec85cef139c 2f24a31e7361484a926d42e268766599 15af51f74f724241b5d8abfac3bb90ff - - default default] 10.0.0.64 "GET /v2.0/subnets HTTP/1.1" status: 200 len: 1437 time: 0.0389531
2026-05-20 04:10:19.079 10 INFO neutron.wsgi [None req-91824861-e0a5-4a8a-871c-574ea3654097 2f24a31e7361484a926d42e268766599 15af51f74f724241b5d8abfac3bb90ff - - default default] 10.0.0.64 "GET /v2.0/routers HTTP/1.1" status: 200 len: 189 time: 0.0222032
2026-05-20 04:10:19.114 10 INFO neutron.wsgi [None req-d681bfbd-2068-4739-bdd1-9058214aec41 2f24a31e7361484a926d42e268766599 15af51f74f724241b5d8abfac3bb90ff - - default default] 10.0.0.64 "GET /v2.0/agents?binary=ovn-controller HTTP/1.1" status: 200 len: 591 time: 0.0348127
2026-05-20 04:10:19.125 10 INFO neutron.wsgi [None req-e1d4504c-96f3-4dd6-98e8-dca12d394369 2f24a31e7361484a926d42e268766599 15af51f74f724241b5d8abfac3bb90ff - - default default] 10.0.0.64 "GET /v2.0/agents HTTP/1.1" status: 200 len: 997 time: 0.0091844
2026-05-20 04:10:27.613 10 INFO neutron.wsgi [-] 10.0.0.42 "GET / HTTP/1.1" status: 200 len: 247 time: 0.0025373
2026-05-20 04:10:27.614 9 INFO neutron.wsgi [-] 10.0.0.42 "GET / HTTP/1.1" status: 200 len: 247 time: 0.0037830
2026-05-20 04:10:42.611 10 INFO neutron.wsgi [-] 10.0.0.42 "GET / HTTP/1.1" status: 200 len: 247 time: 0.0016487
2026-05-20 04:10:42.619 10 INFO neutron.wsgi [-] 10.0.0.42 "GET / HTTP/1.1" status: 200 len: 247 time: 0.0066755
2026-05-20 04:10:57.614 10 INFO neutron.wsgi [-] 10.0.0.42 "GET / HTTP/1.1" status: 200 len: 247 time: 0.0033040
2026-05-20 04:10:57.614 9 INFO neutron.wsgi [-] 10.0.0.42 "GET / HTTP/1.1" status: 200 len: 247 time: 0.0044293
2026-05-20 04:11:12.613 10 INFO neutron.wsgi [-] 10.0.0.42 "GET / HTTP/1.1" status: 200 len: 247 time: 0.0023561
2026-05-20 04:11:12.616 10 INFO neutron.wsgi [-] 10.0.0.42 "GET / HTTP/1.1" status: 200 len: 247 time: 0.0019817
2026-05-20 04:11:18.801 10 INFO neutron.wsgi [None req-012cca51-c0fb-4628-a396-4e2be368412b 2f24a31e7361484a926d42e268766599 15af51f74f724241b5d8abfac3bb90ff - - default default] 10.0.0.64 "GET /v2.0/floatingips HTTP/1.1" status: 200 len: 193 time: 0.0656710
2026-05-20 04:11:18.863 10 INFO neutron.wsgi [None req-61fee7bd-16d4-4dd2-9b1e-efbd8de56279 2f24a31e7361484a926d42e268766599 15af51f74f724241b5d8abfac3bb90ff - - default default] 10.0.0.64 "GET /v2.0/networks HTTP/1.1" status: 200 len: 2349 time: 0.0607316
2026-05-20 04:11:18.898 10 INFO neutron.wsgi [None req-f20c41e1-2594-4662-a2a3-4a25b2be4678 2f24a31e7361484a926d42e268766599 15af51f74f724241b5d8abfac3bb90ff - - default default] 10.0.0.64 "GET /v2.0/subnets HTTP/1.1" status: 200 len: 1437 time: 0.0320055
2026-05-20 04:11:18.933 10 INFO neutron.wsgi [None req-2a758efc-3c1b-4578-8c1a-1ea51903fcc8 2f24a31e7361484a926d42e268766599 15af51f74f724241b5d8abfac3bb90ff - - default default] 10.0.0.64 "GET /v2.0/agents HTTP/1.1" status: 200 len: 997 time: 0.0343754
2026-05-20 04:11:18.987 10 INFO neutron.wsgi [None req-07c1fee7-5306-4c2a-9081-2a508d82911e 2f24a31e7361484a926d42e268766599 15af51f74f724241b5d8abfac3bb90ff - - default default] 10.0.0.64 "GET /v2.0/security-groups HTTP/1.1" status: 200 len: 16799 time: 0.0531678
2026-05-20 04:11:19.029 10 INFO neutron.wsgi [None req-35f53343-6dc0-47a4-b1cd-a442e1ac883a 2f24a31e7361484a926d42e268766599 15af51f74f724241b5d8abfac3bb90ff - - default default] 10.0.0.64 "GET /v2.0/ports HTTP/1.1" status: 200 len: 5347 time: 0.0353963
2026-05-20 04:11:19.050 10 INFO neutron.wsgi [None req-05abb37c-464f-4867-9ebd-db42181a1128 2f24a31e7361484a926d42e268766599 15af51f74f724241b5d8abfac3bb90ff - - default default] 10.0.0.64 "GET /v2.0/routers HTTP/1.1" status: 200 len: 189 time: 0.0180621
2026-05-20 04:11:19.058 10 INFO neutron.wsgi [None req-92771dfd-ee5c-4376-9812-874c7ef9b0be 2f24a31e7361484a926d42e268766599 15af51f74f724241b5d8abfac3bb90ff - - default default] 10.0.0.64 "GET /v2.0/agents?binary=ovn-controller HTTP/1.1" status: 200 len: 591 time: 0.0081260
2026-05-20 04:11:19.067 10 INFO neutron.wsgi [None req-d82d7f09-6751-47da-b245-17320181bf9c 2f24a31e7361484a926d42e268766599 15af51f74f724241b5d8abfac3bb90ff - - default default] 10.0.0.64 "GET /v2.0/network-ip-availabilities HTTP/1.1" status: 200 len: 1280 time: 0.0079205
2026-05-20 04:11:19.101 10 INFO neutron.wsgi [None req-cecaaf15-87e2-4f4c-9281-f98c84e515a0 2f24a31e7361484a926d42e268766599 15af51f74f724241b5d8abfac3bb90ff - - default default] 10.0.0.64 "GET /v2.0/subnets HTTP/1.1" status: 200 len: 1437 time: 0.0331476
2026-05-20 04:11:19.111 10 INFO neutron.wsgi [None req-d2458a35-a624-4047-9ab7-67c374c4159d 2f24a31e7361484a926d42e268766599 15af51f74f724241b5d8abfac3bb90ff - - default default] 10.0.0.64 "GET /v2.0/subnetpools HTTP/1.1" status: 200 len: 193 time: 0.0089133
2026-05-20 04:11:27.612 9 INFO neutron.wsgi [-] 10.0.0.42 "GET / HTTP/1.1" status: 200 len: 247 time: 0.0017338
2026-05-20 04:11:27.613 10 INFO neutron.wsgi [-] 10.0.0.42 "GET / HTTP/1.1" status: 200 len: 247 time: 0.0023115
2026-05-20 04:11:42.612 9 INFO neutron.wsgi [-] 10.0.0.42 "GET / HTTP/1.1" status: 200 len: 247 time: 0.0021684
2026-05-20 04:11:42.612 10 INFO neutron.wsgi [-] 10.0.0.42 "GET / HTTP/1.1" status: 200 len: 247 time: 0.0025373
2026-05-20 04:11:57.612 10 INFO neutron.wsgi [-] 10.0.0.42 "GET / HTTP/1.1" status: 200 len: 247 time: 0.0022233
2026-05-20 04:11:57.613 10 INFO neutron.wsgi [-] 10.0.0.42 "GET / HTTP/1.1" status: 200 len: 247 time: 0.0011258
2026-05-20 04:12:12.613 9 INFO neutron.wsgi [-] 10.0.0.42 "GET / HTTP/1.1" status: 200 len: 247 time: 0.0024359
2026-05-20 04:12:12.613 10 INFO neutron.wsgi [-] 10.0.0.42 "GET / HTTP/1.1" status: 200 len: 247 time: 0.0025301
2026-05-20 04:12:18.803 10 INFO neutron.wsgi [None req-5eebc6eb-ebb7-4bca-85bf-284f64e10167 2f24a31e7361484a926d42e268766599 15af51f74f724241b5d8abfac3bb90ff - - default default] 10.0.0.64 "GET /v2.0/floatingips HTTP/1.1" status: 200 len: 193 time: 0.0609362
2026-05-20 04:12:18.845 10 INFO neutron.wsgi [None req-e84f1aea-fc9f-49bd-9a67-476722042b45 2f24a31e7361484a926d42e268766599 15af51f74f724241b5d8abfac3bb90ff - - default default] 10.0.0.64 "GET /v2.0/agents HTTP/1.1" status: 200 len: 997 time: 0.0407586
2026-05-20 04:12:18.861 10 INFO neutron.wsgi [None req-1160ad1d-aa6a-4b90-8779-2c4a621c9ded 2f24a31e7361484a926d42e268766599 15af51f74f724241b5d8abfac3bb90ff - - default default] 10.0.0.64 "GET /v2.0/network-ip-availabilities HTTP/1.1" status: 200 len: 1280 time: 0.0151622
2026-05-20 04:12:18.897 10 INFO neutron.wsgi [None req-11ab0f68-75e8-4762-93f4-0d72d15f5696 2f24a31e7361484a926d42e268766599 15af51f74f724241b5d8abfac3bb90ff - - default default] 10.0.0.64 "GET /v2.0/subnets HTTP/1.1" status: 200 len: 1437 time: 0.0347168
2026-05-20 04:12:18.910 10 INFO neutron.wsgi [None req-00d7e940-f300-48ea-9275-976547ba5795 2f24a31e7361484a926d42e268766599 15af51f74f724241b5d8abfac3bb90ff - - default default] 10.0.0.64 "GET /v2.0/subnetpools HTTP/1.1" status: 200 len: 193 time: 0.0110130
2026-05-20 04:12:18.978 10 INFO neutron.wsgi [None req-0691403b-d66a-423b-9ab1-cc6f038d748a 2f24a31e7361484a926d42e268766599 15af51f74f724241b5d8abfac3bb90ff - - default default] 10.0.0.64 "GET /v2.0/networks HTTP/1.1" status: 200 len: 2349 time: 0.0676637
2026-05-20 04:12:19.068 10 INFO neutron.wsgi [None req-0b07bc01-e82b-44be-a366-8033be4af5d0 2f24a31e7361484a926d42e268766599 15af51f74f724241b5d8abfac3bb90ff - - default default] 10.0.0.64 "GET /v2.0/routers HTTP/1.1" status: 200 len: 189 time: 0.0878592
2026-05-20 04:12:19.077 10 INFO neutron.wsgi [None req-8eee1fcd-985e-487f-8a20-9c8f880e4ec8 2f24a31e7361484a926d42e268766599 15af51f74f724241b5d8abfac3bb90ff - - default default] 10.0.0.64 "GET /v2.0/agents?binary=ovn-controller HTTP/1.1" status: 200 len: 591 time: 0.0086768
2026-05-20 04:12:19.120 10 INFO neutron.wsgi [None req-7f5df70c-0d0e-4647-a44c-209a63423922 2f24a31e7361484a926d42e268766599 15af51f74f724241b5d8abfac3bb90ff - - default default] 10.0.0.64 "GET /v2.0/security-groups HTTP/1.1" status: 200 len: 16799 time: 0.0423524
2026-05-20 04:12:19.157 10 INFO neutron.wsgi [None req-1e892de9-123d-4993-a2c8-016db058c211 2f24a31e7361484a926d42e268766599 15af51f74f724241b5d8abfac3bb90ff - - default default] 10.0.0.64 "GET /v2.0/ports HTTP/1.1" status: 200 len: 5347 time: 0.0307930
2026-05-20 04:12:19.195 10 INFO neutron.wsgi [None req-96aa029d-69c9-48b6-a2b6-ad6bc04dd6a8 2f24a31e7361484a926d42e268766599 15af51f74f724241b5d8abfac3bb90ff - - default default] 10.0.0.64 "GET /v2.0/subnets HTTP/1.1" status: 200 len: 1437 time: 0.0335934
2026-05-20 04:12:27.612 10 INFO neutron.wsgi [-] 10.0.0.42 "GET / HTTP/1.1" status: 200 len: 247 time: 0.0024364
2026-05-20 04:12:27.613 9 INFO neutron.wsgi [-] 10.0.0.42 "GET / HTTP/1.1" status: 200 len: 247 time: 0.0030682
2026-05-20 04:12:42.612 9 INFO neutron.wsgi [-] 10.0.0.42 "GET / HTTP/1.1" status: 200 len: 247 time: 0.0025153
2026-05-20 04:12:42.613 10 INFO neutron.wsgi [-] 10.0.0.42 "GET / HTTP/1.1" status: 200 len: 247 time: 0.0024242
2026-05-20 04:12:57.612 10 INFO neutron.wsgi [-] 10.0.0.42 "GET / HTTP/1.1" status: 200 len: 247 time: 0.0026660
2026-05-20 04:12:57.615 9 INFO neutron.wsgi [-] 10.0.0.42 "GET / HTTP/1.1" status: 200 len: 247 time: 0.0026312
2026-05-20 04:13:12.613 9 INFO neutron.wsgi [-] 10.0.0.42 "GET / HTTP/1.1" status: 200 len: 247 time: 0.0028400
2026-05-20 04:13:12.617 9 INFO neutron.wsgi [-] 10.0.0.42 "GET / HTTP/1.1" status: 200 len: 247 time: 0.0022109
2026-05-20 04:13:18.823 10 INFO neutron.wsgi [None req-5eaf9e7f-d60f-4eac-99c3-0f9994a7c964 2f24a31e7361484a926d42e268766599 15af51f74f724241b5d8abfac3bb90ff - - default default] 10.0.0.64 "GET /v2.0/ports HTTP/1.1" status: 200 len: 5347 time: 0.0761957
2026-05-20 04:13:18.841 10 INFO neutron.wsgi [None req-cd2c2f98-edcb-4d7c-8564-39194b642361 2f24a31e7361484a926d42e268766599 15af51f74f724241b5d8abfac3bb90ff - - default default] 10.0.0.64 "GET /v2.0/network-ip-availabilities HTTP/1.1" status: 200 len: 1280 time: 0.0134687
2026-05-20 04:13:18.874 10 INFO neutron.wsgi [None req-dccf6bbb-333e-4d53-a57e-8eedeffd286b 2f24a31e7361484a926d42e268766599 15af51f74f724241b5d8abfac3bb90ff - - default default] 10.0.0.64 "GET /v2.0/agents HTTP/1.1" status: 200 len: 997 time: 0.0314155
2026-05-20 04:13:18.892 10 INFO neutron.wsgi [None req-46fae657-bfa8-4a6f-bdec-2d24530bc3e1 2f24a31e7361484a926d42e268766599 15af51f74f724241b5d8abfac3bb90ff - - default default] 10.0.0.64 "GET /v2.0/floatingips HTTP/1.1" status: 200 len: 193 time: 0.0175388
2026-05-20 04:13:18.946 10 INFO neutron.wsgi [None req-70e34b4c-7c5e-4331-af36-3bb4cfe902a5 2f24a31e7361484a926d42e268766599 15af51f74f724241b5d8abfac3bb90ff - - default default] 10.0.0.64 "GET /v2.0/networks HTTP/1.1" status: 200 len: 2349 time: 0.0533412
2026-05-20 04:13:18.971 10 INFO neutron.wsgi [None req-20e3687d-c4df-4b65-9a5f-b4a5b35d7450 2f24a31e7361484a926d42e268766599 15af51f74f724241b5d8abfac3bb90ff - - default default] 10.0.0.64 "GET /v2.0/routers HTTP/1.1" status: 200 len: 189 time: 0.0215876
2026-05-20 04:13:18.980 10 INFO neutron.wsgi [None req-10d05818-e788-419d-8b20-9ff6a69f1cfd 2f24a31e7361484a926d42e268766599 15af51f74f724241b5d8abfac3bb90ff - - default default] 10.0.0.64 "GET /v2.0/agents?binary=ovn-controller HTTP/1.1" status: 200 len: 591 time: 0.0078681
2026-05-20 04:13:19.015 10 INFO neutron.wsgi [None req-d0e40135-8bde-4fe6-b507-2942f8b2727b 2f24a31e7361484a926d42e268766599 15af51f74f724241b5d8abfac3bb90ff - - default default] 10.0.0.64 "GET /v2.0/subnets HTTP/1.1" status: 200 len: 1437 time: 0.0338430
2026-05-20 04:13:19.025 10 INFO neutron.wsgi [None req-32da4695-471d-463f-a175-8399a6073ddc 2f24a31e7361484a926d42e268766599 15af51f74f724241b5d8abfac3bb90ff - - default default] 10.0.0.64 "GET /v2.0/subnetpools HTTP/1.1" status: 200 len: 193 time: 0.0083067
2026-05-20 04:13:19.057 10 INFO neutron.wsgi [None req-c6eea4b8-1a0a-429c-ae0b-2def8584e673 2f24a31e7361484a926d42e268766599 15af51f74f724241b5d8abfac3bb90ff - - default default] 10.0.0.64 "GET /v2.0/security-groups HTTP/1.1" status: 200 len: 16799 time: 0.0318720
2026-05-20 04:13:19.090 10 INFO neutron.wsgi [None req-708b34f2-958e-4527-a922-fa07a7091e4b 2f24a31e7361484a926d42e268766599 15af51f74f724241b5d8abfac3bb90ff - - default default] 10.0.0.64 "GET /v2.0/subnets HTTP/1.1" status: 200 len: 1437 time: 0.0266676
2026-05-20 04:13:27.612 9 INFO neutron.wsgi [-] 10.0.0.42 "GET / HTTP/1.1" status: 200 len: 247 time: 0.0025618
2026-05-20 04:13:27.612 10 INFO neutron.wsgi [-] 10.0.0.42 "GET / HTTP/1.1" status: 200 len: 247 time: 0.0026238
2026-05-20 04:13:42.611 9 INFO neutron.wsgi [-] 10.0.0.42 "GET / HTTP/1.1" status: 200 len: 247 time: 0.0016365
2026-05-20 04:13:42.611 10 INFO neutron.wsgi [-] 10.0.0.42 "GET / HTTP/1.1" status: 200 len: 247 time: 0.0017798
2026-05-20 04:13:57.613 10 INFO neutron.wsgi [-] 10.0.0.42 "GET / HTTP/1.1" status: 200 len: 247 time: 0.0024898
2026-05-20 04:13:57.614 9 INFO neutron.wsgi [-] 10.0.0.42 "GET / HTTP/1.1" status: 200 len: 247 time: 0.0030181
2026-05-20 04:14:12.611 9 INFO neutron.wsgi [-] 10.0.0.42 "GET / HTTP/1.1" status: 200 len: 247 time: 0.0017343
2026-05-20 04:14:12.613 10 INFO neutron.wsgi [-] 10.0.0.42 "GET / HTTP/1.1" status: 200 len: 247 time: 0.0036170
2026-05-20 04:14:18.876 10 INFO neutron.wsgi [None req-77bb6b34-ef04-41b4-b6a1-e680334dcf0c 2f24a31e7361484a926d42e268766599 15af51f74f724241b5d8abfac3bb90ff - - default default] 10.0.0.64 "GET /v2.0/networks HTTP/1.1" status: 200 len: 2349 time: 0.1173496
2026-05-20 04:14:18.942 10 INFO neutron.wsgi [None req-e8b7cae2-621d-42c7-a532-e55658189746 2f24a31e7361484a926d42e268766599 15af51f74f724241b5d8abfac3bb90ff - - default default] 10.0.0.64 "GET /v2.0/security-groups HTTP/1.1" status: 200 len: 16799 time: 0.0639622
2026-05-20 04:14:18.996 10 INFO neutron.wsgi [None req-4caf7319-550a-42b9-9a2f-76277fcc18e5 2f24a31e7361484a926d42e268766599 15af51f74f724241b5d8abfac3bb90ff - - default default] 10.0.0.64 "GET /v2.0/agents HTTP/1.1" status: 200 len: 997 time: 0.0463946
2026-05-20 04:14:19.015 10 INFO neutron.wsgi [None req-28eada38-678e-4f0e-9950-df077af1d37a 2f24a31e7361484a926d42e268766599 15af51f74f724241b5d8abfac3bb90ff - - default default] 10.0.0.64 "GET /v2.0/floatingips HTTP/1.1" status: 200 len: 193 time: 0.0177515
2026-05-20 04:14:19.045 10 INFO neutron.wsgi [None req-96716c42-7b56-4eb9-8716-e7c3a7bd05bb 2f24a31e7361484a926d42e268766599 15af51f74f724241b5d8abfac3bb90ff - - default default] 10.0.0.64 "GET /v2.0/subnets HTTP/1.1" status: 200 len: 1437 time: 0.0295126
2026-05-20 04:14:19.079 10 INFO neutron.wsgi [None req-bf7f51b9-7237-44a6-874a-120bdf77102b 2f24a31e7361484a926d42e268766599 15af51f74f724241b5d8abfac3bb90ff - - default default] 10.0.0.64 "GET /v2.0/ports HTTP/1.1" status: 200 len: 5347 time: 0.0327535
2026-05-20 04:14:19.101 10 INFO neutron.wsgi [None req-0252051b-5c0b-4b27-9743-0cbd925a4bf4 2f24a31e7361484a926d42e268766599 15af51f74f724241b5d8abfac3bb90ff - - default default] 10.0.0.64 "GET /v2.0/routers HTTP/1.1" status: 200 len: 189 time: 0.0190825
2026-05-20 04:14:19.110 10 INFO neutron.wsgi [None req-b5ced10e-83fe-498d-8b31-53c0e72f430b 2f24a31e7361484a926d42e268766599 15af51f74f724241b5d8abfac3bb90ff - - default default] 10.0.0.64 "GET /v2.0/agents?binary=ovn-controller HTTP/1.1" status: 200 len: 591 time: 0.0081873
2026-05-20 04:14:19.120 10 INFO neutron.wsgi [None req-efdcf2a9-1864-47d8-a73a-12599e1489e6 2f24a31e7361484a926d42e268766599 15af51f74f724241b5d8abfac3bb90ff - - default default] 10.0.0.64 "GET /v2.0/network-ip-availabilities HTTP/1.1" status: 200 len: 1280 time: 0.0090730
2026-05-20 04:14:19.144 10 INFO neutron.wsgi [None req-c45fc26d-8cd8-43bc-842c-817b057bd6a6 2f24a31e7361484a926d42e268766599 15af51f74f724241b5d8abfac3bb90ff - - default default] 10.0.0.64 "GET /v2.0/subnets HTTP/1.1" status: 200 len: 1437 time: 0.0230994
2026-05-20 04:14:19.153 10 INFO neutron.wsgi [None req-4ccb2ac2-7a32-4408-9afa-053052657f5e 2f24a31e7361484a926d42e268766599 15af51f74f724241b5d8abfac3bb90ff - - default default] 10.0.0.64 "GET /v2.0/subnetpools HTTP/1.1" status: 200 len: 193 time: 0.0083053
2026-05-20 04:14:27.612 9 INFO neutron.wsgi [-] 10.0.0.42 "GET / HTTP/1.1" status: 200 len: 247 time: 0.0024703
2026-05-20 04:14:27.615 10 INFO neutron.wsgi [-] 10.0.0.42 "GET / HTTP/1.1" status: 200 len: 247 time: 0.0022938
2026-05-20 04:14:42.613 9 INFO neutron.wsgi [-] 10.0.0.42 "GET / HTTP/1.1" status: 200 len: 247 time: 0.0019639
2026-05-20 04:14:42.614 10 INFO neutron.wsgi [-] 10.0.0.42 "GET / HTTP/1.1" status: 200 len: 247 time: 0.0031402
2026-05-20 04:14:57.613 9 INFO neutron.wsgi [-] 10.0.0.42 "GET / HTTP/1.1" status: 200 len: 247 time: 0.0027232
2026-05-20 04:14:57.618 10 INFO neutron.wsgi [-] 10.0.0.42 "GET / HTTP/1.1" status: 200 len: 247 time: 0.0075958
2026-05-20 04:15:12.611 9 INFO neutron.wsgi [-] 10.0.0.42 "GET / HTTP/1.1" status: 200 len: 247 time: 0.0017381
2026-05-20 04:15:12.611 10 INFO neutron.wsgi [-] 10.0.0.42 "GET / HTTP/1.1" status: 200 len: 247 time: 0.0018308
2026-05-20 04:15:18.788 10 INFO neutron.wsgi [None req-1d1a2d3d-00b6-4b9c-acf5-bb72280569ce 2f24a31e7361484a926d42e268766599 15af51f74f724241b5d8abfac3bb90ff - - default default] 10.0.0.64 "GET /v2.0/ports HTTP/1.1" status: 200 len: 5347 time: 0.0714021
2026-05-20 04:15:18.818 10 INFO neutron.wsgi [None req-093d81d2-1b5a-4b46-b056-422456848cd5 2f24a31e7361484a926d42e268766599 15af51f74f724241b5d8abfac3bb90ff - - default default] 10.0.0.64 "GET /v2.0/routers HTTP/1.1" status: 200 len: 189 time: 0.0247126
2026-05-20 04:15:18.860 10 INFO neutron.wsgi [None req-64ee3886-d234-4606-8892-a250d25a4199 2f24a31e7361484a926d42e268766599 15af51f74f724241b5d8abfac3bb90ff - - default default] 10.0.0.64 "GET /v2.0/agents?binary=ovn-controller HTTP/1.1" status: 200 len: 591 time: 0.0414567
2026-05-20 04:15:18.871 10 INFO neutron.wsgi [None req-9474aa64-b7f3-4070-a451-8bf339bcd2b1 2f24a31e7361484a926d42e268766599 15af51f74f724241b5d8abfac3bb90ff - - default default] 10.0.0.64 "GET /v2.0/network-ip-availabilities HTTP/1.1" status: 200 len: 1280 time: 0.0097640
2026-05-20 04:15:18.927 10 INFO neutron.wsgi [None req-c534baba-6d69-4043-b15e-509c61c36214 2f24a31e7361484a926d42e268766599 15af51f74f724241b5d8abfac3bb90ff - - default default] 10.0.0.64 "GET /v2.0/security-groups HTTP/1.1" status: 200 len: 16799 time: 0.0553212
2026-05-20 04:15:18.961 10 INFO neutron.wsgi [None req-d5984564-8158-4e87-8879-a94fe20e8c93 2f24a31e7361484a926d42e268766599 15af51f74f724241b5d8abfac3bb90ff - - default default] 10.0.0.64 "GET /v2.0/subnets HTTP/1.1" status: 200 len: 1437 time: 0.0282900
2026-05-20 04:15:19.026 10 INFO neutron.wsgi [None req-b3102a1e-4829-411e-a0a5-21d48aa34c1f 2f24a31e7361484a926d42e268766599 15af51f74f724241b5d8abfac3bb90ff - - default default] 10.0.0.64 "GET /v2.0/networks HTTP/1.1" status: 200 len: 2349 time: 0.0646064
2026-05-20 04:15:19.065 10 INFO neutron.wsgi [None req-ec47b618-671b-4885-aff1-aa20cc0025b3 2f24a31e7361484a926d42e268766599 15af51f74f724241b5d8abfac3bb90ff - - default default] 10.0.0.64 "GET /v2.0/subnets HTTP/1.1" status: 200 len: 1437 time: 0.0355222
2026-05-20 04:15:19.075 10 INFO neutron.wsgi [None req-5f3525bc-57ea-49d9-a66d-92898433b59c 2f24a31e7361484a926d42e268766599 15af51f74f724241b5d8abfac3bb90ff - - default default] 10.0.0.64 "GET /v2.0/subnetpools HTTP/1.1" status: 200 len: 193 time: 0.0085211
2026-05-20 04:15:19.095 10 INFO neutron.wsgi [None req-5c121200-6b3b-4ab3-a82f-42f58d96c067 2f24a31e7361484a926d42e268766599 15af51f74f724241b5d8abfac3bb90ff - - default default] 10.0.0.64 "GET /v2.0/floatingips HTTP/1.1" status: 200 len: 193 time: 0.0185542
2026-05-20 04:15:19.104 10 INFO neutron.wsgi [None req-33fedc1f-a910-4f5f-9665-6e27fe27d7e4 2f24a31e7361484a926d42e268766599 15af51f74f724241b5d8abfac3bb90ff - - default default] 10.0.0.64 "GET /v2.0/agents HTTP/1.1" status: 200 len: 997 time: 0.0086105
2026-05-20 04:15:27.612 9 INFO neutron.wsgi [-] 10.0.0.42 "GET / HTTP/1.1" status: 200 len: 247 time: 0.0015423
2026-05-20 04:15:27.613 9 INFO neutron.wsgi [-] 10.0.0.42 "GET / HTTP/1.1" status: 200 len: 247 time: 0.0010817
2026-05-20 04:15:42.611 10 INFO neutron.wsgi [-] 10.0.0.42 "GET / HTTP/1.1" status: 200 len: 247 time: 0.0017476
2026-05-20 04:15:42.612 9 INFO neutron.wsgi [-] 10.0.0.42 "GET / HTTP/1.1" status: 200 len: 247 time: 0.0026436
2026-05-20 04:15:57.613 10 INFO neutron.wsgi [-] 10.0.0.42 "GET / HTTP/1.1" status: 200 len: 247 time: 0.0029585
2026-05-20 04:15:57.613 9 INFO neutron.wsgi [-] 10.0.0.42 "GET / HTTP/1.1" status: 200 len: 247 time: 0.0033338
2026-05-20 04:16:12.613 9 INFO neutron.wsgi [-] 10.0.0.42 "GET / HTTP/1.1" status: 200 len: 247 time: 0.0015779
2026-05-20 04:16:12.613 10 INFO neutron.wsgi [-] 10.0.0.42 "GET / HTTP/1.1" status: 200 len: 247 time: 0.0020635
2026-05-20 04:16:19.068 10 INFO neutron.wsgi [None req-0b5efb6a-e9f3-4b92-a5e8-3d5adbec41f7 2f24a31e7361484a926d42e268766599 15af51f74f724241b5d8abfac3bb90ff - - default default] 10.0.0.64 "GET /v2.0/subnets HTTP/1.1" status: 200 len: 1437 time: 0.1688294
2026-05-20 04:16:19.100 10 INFO neutron.wsgi [None req-66788ea1-3d5e-4d10-af61-56db6e28c62c 2f24a31e7361484a926d42e268766599 15af51f74f724241b5d8abfac3bb90ff - - default default] 10.0.0.64 "GET /v2.0/routers HTTP/1.1" status: 200 len: 189 time: 0.0312417
2026-05-20 04:16:19.129 10 INFO neutron.wsgi [None req-4299e563-ea1b-4fdb-a389-9e0d899d30b4 2f24a31e7361484a926d42e268766599 15af51f74f724241b5d8abfac3bb90ff - - default default] 10.0.0.64 "GET /v2.0/agents?binary=ovn-controller HTTP/1.1" status: 200 len: 591 time: 0.0286653
2026-05-20 04:16:19.140 10 INFO neutron.wsgi [None req-fbf2c1c3-c7be-4a22-9d30-b8c2fde5a828 2f24a31e7361484a926d42e268766599 15af51f74f724241b5d8abfac3bb90ff - - default default] 10.0.0.64 "GET /v2.0/network-ip-availabilities HTTP/1.1" status: 200 len: 1280 time: 0.0098326
2026-05-20 04:16:19.155 10 INFO neutron.wsgi [None req-64ef5540-0ea5-474f-a3e6-25bd7f788efd 2f24a31e7361484a926d42e268766599 15af51f74f724241b5d8abfac3bb90ff - - default default] 10.0.0.64 "GET /v2.0/floatingips HTTP/1.1" status: 200 len: 193 time: 0.0144069
2026-05-20 04:16:19.212 10 INFO neutron.wsgi [None req-799308a1-3ede-4af2-80ad-af56c943e4f7 2f24a31e7361484a926d42e268766599 15af51f74f724241b5d8abfac3bb90ff - - default default] 10.0.0.64 "GET /v2.0/networks HTTP/1.1" status: 200 len: 2349 time: 0.0555339
2026-05-20 04:16:19.248 10 INFO neutron.wsgi [None req-cb535dd5-3442-406a-a9d4-40ee7fc5db36 2f24a31e7361484a926d42e268766599 15af51f74f724241b5d8abfac3bb90ff - - default default] 10.0.0.64 "GET /v2.0/subnets HTTP/1.1" status: 200 len: 1437 time: 0.0341556
2026-05-20 04:16:19.264 10 INFO neutron.wsgi [None req-5e6ddd35-867e-4dfe-a2af-8a6461468e46 2f24a31e7361484a926d42e268766599 15af51f74f724241b5d8abfac3bb90ff - - default default] 10.0.0.64 "GET /v2.0/subnetpools HTTP/1.1" status: 200 len: 193 time: 0.0154741
2026-05-20 04:16:19.297 10 INFO neutron.wsgi [None req-b343fa2e-35df-435c-996f-135d01491d8e 2f24a31e7361484a926d42e268766599 15af51f74f724241b5d8abfac3bb90ff - - default default] 10.0.0.64 "GET /v2.0/ports HTTP/1.1" status: 200 len: 5347 time: 0.0312998
2026-05-20 04:16:19.315 10 INFO neutron.wsgi [None req-69c6fb50-f42f-40f4-8e8e-c22ca720642b 2f24a31e7361484a926d42e268766599 15af51f74f724241b5d8abfac3bb90ff - - default default] 10.0.0.64 "GET /v2.0/agents HTTP/1.1" status: 200 len: 997 time: 0.0140944
2026-05-20 04:16:19.371 10 INFO neutron.wsgi [None req-a7da7137-c39d-4660-bf3b-37679faebb53 2f24a31e7361484a926d42e268766599 15af51f74f724241b5d8abfac3bb90ff - - default default] 10.0.0.64 "GET /v2.0/security-groups HTTP/1.1" status: 200 len: 16799 time: 0.0548439
2026-05-20 04:16:27.611 10 INFO neutron.wsgi [-] 10.0.0.42 "GET / HTTP/1.1" status: 200 len: 247 time: 0.0016274
2026-05-20 04:16:27.613 9 INFO neutron.wsgi [-] 10.0.0.42 "GET / HTTP/1.1" status: 200 len: 247 time: 0.0025818
2026-05-20 04:16:42.611 10 INFO neutron.wsgi [-] 10.0.0.42 "GET / HTTP/1.1" status: 200 len: 247 time: 0.0013213
2026-05-20 04:16:42.612 9 INFO neutron.wsgi [-] 10.0.0.42 "GET / HTTP/1.1" status: 200 len: 247 time: 0.0017354
2026-05-20 04:16:57.613 9 INFO neutron.wsgi [-] 10.0.0.42 "GET / HTTP/1.1" status: 200 len: 247 time: 0.0025256
2026-05-20 04:16:57.619 10 INFO neutron.wsgi [-] 10.0.0.42 "GET / HTTP/1.1" status: 200 len: 247 time: 0.0080659
2026-05-20 04:17:09.294 9 INFO neutron.wsgi [None req-a8c461cd-bfb1-4c0d-8178-d02e00151d38 2f24a31e7361484a926d42e268766599 15af51f74f724241b5d8abfac3bb90ff - - default default] 199.204.45.244,10.0.0.42 "GET /v2.0/networks HTTP/1.1" status: 200 len: 2349 time: 0.1258230
2026-05-20 04:17:10.386 10 INFO neutron.wsgi [None req-32c145f3-a04c-4f41-9c40-2981b906184a 2f24a31e7361484a926d42e268766599 15af51f74f724241b5d8abfac3bb90ff - - default default] 199.204.45.244,10.0.0.42 "GET /v2.0/subnets HTTP/1.1" status: 200 len: 1437 time: 0.0729582
2026-05-20 04:17:10.439 10 INFO neutron.wsgi [None req-464dc71c-3b26-440c-9068-bd451e98942d 2f24a31e7361484a926d42e268766599 15af51f74f724241b5d8abfac3bb90ff - - default default] 199.204.45.244,10.0.0.42 "GET /v2.0/networks HTTP/1.1" status: 200 len: 2349 time: 0.0461619
2026-05-20 04:17:12.612 10 INFO neutron.wsgi [-] 10.0.0.42 "GET / HTTP/1.1" status: 200 len: 247 time: 0.0023458
2026-05-20 04:17:12.612 9 INFO neutron.wsgi [-] 10.0.0.42 "GET / HTTP/1.1" status: 200 len: 247 time: 0.0025387
2026-05-20 04:17:18.808 10 INFO neutron.wsgi [None req-9f1d4887-b423-4d2e-966b-f4e547031282 2f24a31e7361484a926d42e268766599 15af51f74f724241b5d8abfac3bb90ff - - default default] 10.0.0.64 "GET /v2.0/agents HTTP/1.1" status: 200 len: 997 time: 0.0802817
2026-05-20 04:17:18.852 10 INFO neutron.wsgi [None req-43f453de-a6e9-4f4f-a80b-1103139ba52a 2f24a31e7361484a926d42e268766599 15af51f74f724241b5d8abfac3bb90ff - - default default] 10.0.0.64 "GET /v2.0/subnets HTTP/1.1" status: 200 len: 1437 time: 0.0404477
2026-05-20 04:17:18.860 10 INFO neutron.wsgi [None req-00ff2683-c56b-4fb5-84c9-932c00b8acfe 2f24a31e7361484a926d42e268766599 15af51f74f724241b5d8abfac3bb90ff - - default default] 10.0.0.64 "GET /v2.0/subnetpools HTTP/1.1" status: 200 len: 193 time: 0.0075955
2026-05-20 04:17:18.892 10 INFO neutron.wsgi [None req-37db612d-d23c-4e7e-b2f5-ed099703b4f4 2f24a31e7361484a926d42e268766599 15af51f74f724241b5d8abfac3bb90ff - - default default] 10.0.0.64 "GET /v2.0/subnets HTTP/1.1" status: 200 len: 1437 time: 0.0292196
2026-05-20 04:17:18.912 10 INFO neutron.wsgi [None req-76ffc145-af37-4a30-ada5-8d2cf9955e4c 2f24a31e7361484a926d42e268766599 15af51f74f724241b5d8abfac3bb90ff - - default default] 10.0.0.64 "GET /v2.0/floatingips HTTP/1.1" status: 200 len: 193 time: 0.0188015
2026-05-20 04:17:18.921 10 INFO neutron.wsgi [None req-a1aec173-018a-4b6f-adc7-027c4171a411 2f24a31e7361484a926d42e268766599 15af51f74f724241b5d8abfac3bb90ff - - default default] 10.0.0.64 "GET /v2.0/network-ip-availabilities HTTP/1.1" status: 200 len: 1280 time: 0.0083752
