2026-05-20 04:24:26.080 10 INFO neutron.wsgi [None req-aa36858d-8654-46e9-992d-e0a985257561 aef1e4c9a1b24a018e93e02bd1f4e69e 07ae767a464347dc9840ccf5d4b387a1 - - default default] 10.0.0.99 "PUT /v2.0/routers/09102110-15dd-437c-b9b5-362906ac9d6c/tags HTTP/1.1" status: 200 len: 218 time: 0.0634110
2026-05-20 04:24:26.121 10 INFO neutron.wsgi [None req-5f580331-a837-404b-9eec-542563bd8720 6e81e2d098cf46c8a0889c93c98fa31d 9348ac5c23f64478ac05b3fb2d942816 - - default default] 10.0.0.99 "POST /v2.0/qos/policies HTTP/1.1" status: 201 len: 558 time: 0.0491576
2026-05-20 04:24:26.133 9 INFO neutron.wsgi [None req-c219d972-e422-4e81-9497-60f8fb0d9a25 aef1e4c9a1b24a018e93e02bd1f4e69e 07ae767a464347dc9840ccf5d4b387a1 - - default default] 10.0.0.99 "GET /v2.0/routers/09102110-15dd-437c-b9b5-362906ac9d6c/tags HTTP/1.1" status: 200 len: 218 time: 0.0468526
2026-05-20 04:24:26.201 9 INFO neutron.wsgi [None req-c5aa509d-f004-48ea-bfd1-6f95a854bf8d 2f24a31e7361484a926d42e268766599 15af51f74f724241b5d8abfac3bb90ff - - default default] 10.0.0.99 "DELETE /v2.0/security-groups/a6fd2c61-764e-452e-9575-83877a68fe74 HTTP/1.1" status: 204 len: 168 time: 0.3227785
2026-05-20 04:24:26.208 9 INFO neutron.wsgi [None req-55600e65-2aa1-432a-8f49-4d6d4ecb52ed 6e81e2d098cf46c8a0889c93c98fa31d 9348ac5c23f64478ac05b3fb2d942816 - - default default] 10.0.0.99 "POST /v2.0/qos/policies HTTP/1.1" status: 201 len: 558 time: 0.0820146
2026-05-20 04:24:26.210 9 INFO neutron.wsgi [None req-ccccf45a-52dc-4562-8e42-5763087885e1 aef1e4c9a1b24a018e93e02bd1f4e69e 07ae767a464347dc9840ccf5d4b387a1 - - default default] 10.0.0.99 "PUT /v2.0/routers/09102110-15dd-437c-b9b5-362906ac9d6c/tags/green HTTP/1.1" status: 201 len: 201 time: 0.0713868
2026-05-20 04:24:26.233 9 INFO neutron.wsgi [None req-f383b9d4-a3e6-45ef-98bf-d7214b9f83cb 6e81e2d098cf46c8a0889c93c98fa31d 9348ac5c23f64478ac05b3fb2d942816 - - default default] 10.0.0.99 "PUT /v2.0/policies/8964592c-bc1e-41fc-8088-f2c208850429/tags HTTP/1.1" status: 200 len: 210 time: 0.0203645
2026-05-20 04:24:26.258 9 INFO neutron.wsgi [None req-892d7d8b-5a04-4f27-944c-197fa38ae2ef 6e81e2d098cf46c8a0889c93c98fa31d 9348ac5c23f64478ac05b3fb2d942816 - - default default] 10.0.0.99 "PUT /v2.0/policies/31d40778-e54e-4f0f-b26b-7b794f6bdf06/tags HTTP/1.1" status: 200 len: 218 time: 0.0201395
2026-05-20 04:24:26.263 10 INFO neutron.wsgi [None req-1db44c09-6939-4f26-bcbe-dd8a93cc51f9 aef1e4c9a1b24a018e93e02bd1f4e69e 07ae767a464347dc9840ccf5d4b387a1 - - default default] 10.0.0.99 "GET /v2.0/routers/09102110-15dd-437c-b9b5-362906ac9d6c/tags HTTP/1.1" status: 200 len: 227 time: 0.0462060
2026-05-20 04:24:26.286 9 INFO neutron.wsgi [None req-f80d708b-1de7-404b-916d-4611ac4236b0 6e81e2d098cf46c8a0889c93c98fa31d 9348ac5c23f64478ac05b3fb2d942816 - - default default] 10.0.0.99 "PUT /v2.0/policies/311c2c3e-1595-4e5a-b56b-b6cfe8ea6d2b/tags HTTP/1.1" status: 200 len: 227 time: 0.0239582
2026-05-20 04:24:26.321 10 INFO neutron.wsgi [None req-875c785b-9f05-4f26-b141-544ce7f4d2d1 aef1e4c9a1b24a018e93e02bd1f4e69e 07ae767a464347dc9840ccf5d4b387a1 - - default default] 10.0.0.99 "PUT /v2.0/routers/09102110-15dd-437c-b9b5-362906ac9d6c/tags/red HTTP/1.1" status: 201 len: 201 time: 0.0539317
2026-05-20 04:24:26.324 10 INFO neutron.wsgi [None req-eaf16f03-2f64-4fb7-932d-fb78543fe25e 2f24a31e7361484a926d42e268766599 15af51f74f724241b5d8abfac3bb90ff - - default default] 10.0.0.99 "DELETE /v2.0/security-groups/79e300d9-919c-49bb-b630-e3d755834df7 HTTP/1.1" status: 204 len: 168 time: 0.2418432
2026-05-20 04:24:26.328 10 INFO neutron.wsgi [None req-83c5f165-ac3d-4b4e-b544-a39f86f44f5a 6e81e2d098cf46c8a0889c93c98fa31d 9348ac5c23f64478ac05b3fb2d942816 - - default default] 10.0.0.99 "PUT /v2.0/policies/57251ec1-f88d-4ec0-9c3f-321f817b877a/tags HTTP/1.1" status: 200 len: 212 time: 0.0373695
2026-05-20 04:24:26.367 10 INFO neutron.wsgi [None req-9b5fe8fd-4398-4f42-8615-60d921b2fcd8 aef1e4c9a1b24a018e93e02bd1f4e69e 07ae767a464347dc9840ccf5d4b387a1 - - default default] 10.0.0.99 "GET /v2.0/routers/09102110-15dd-437c-b9b5-362906ac9d6c/tags HTTP/1.1" status: 200 len: 227 time: 0.0415616
2026-05-20 04:24:26.427 10 INFO neutron.wsgi [None req-8c145d35-96fe-484a-9e3b-1470d07d589c aef1e4c9a1b24a018e93e02bd1f4e69e 07ae767a464347dc9840ccf5d4b387a1 - - default default] 10.0.0.99 "PUT /v2.0/routers/09102110-15dd-437c-b9b5-362906ac9d6c/tags/black.or.white HTTP/1.1" status: 201 len: 201 time: 0.0532300
2026-05-20 04:24:26.479 10 INFO neutron.wsgi [None req-5dcc1093-6e18-4295-8cd4-c1d4704a61ee aef1e4c9a1b24a018e93e02bd1f4e69e 07ae767a464347dc9840ccf5d4b387a1 - - default default] 10.0.0.99 "GET /v2.0/routers/09102110-15dd-437c-b9b5-362906ac9d6c/tags HTTP/1.1" status: 200 len: 245 time: 0.0464187
2026-05-20 04:24:26.550 10 INFO neutron.wsgi [None req-91ba00fb-a0ca-4cb4-95c6-d6dd6799fc4e aef1e4c9a1b24a018e93e02bd1f4e69e 07ae767a464347dc9840ccf5d4b387a1 - - default default] 10.0.0.99 "PUT /v2.0/routers/09102110-15dd-437c-b9b5-362906ac9d6c/tags HTTP/1.1" status: 200 len: 230 time: 0.0667717
2026-05-20 04:24:26.596 10 INFO neutron.wsgi [None req-6c8e5f7f-d7d1-46f7-a31e-4f448667056b aef1e4c9a1b24a018e93e02bd1f4e69e 07ae767a464347dc9840ccf5d4b387a1 - - default default] 10.0.0.99 "GET /v2.0/routers/09102110-15dd-437c-b9b5-362906ac9d6c/tags HTTP/1.1" status: 200 len: 230 time: 0.0415852
2026-05-20 04:24:26.628 9 INFO neutron.db.ovn_revision_numbers_db [None req-00c4e013-6c0b-458a-bac5-ef431dc43997 2f24a31e7361484a926d42e268766599 15af51f74f724241b5d8abfac3bb90ff - - default default] Successfully bumped revision number for resource 7ecaa182-add9-4392-9644-0b02bd7e447b (type: security_groups) to 1
2026-05-20 04:24:26.643 9 INFO neutron.db.ovn_revision_numbers_db [None req-00c4e013-6c0b-458a-bac5-ef431dc43997 2f24a31e7361484a926d42e268766599 15af51f74f724241b5d8abfac3bb90ff - - default default] Successfully bumped revision number for resource 1fb90770-49da-4485-bbea-f2a7ae39b4ce (type: security_group_rules) to 0
2026-05-20 04:24:26.650 10 INFO neutron.wsgi [None req-15005b7e-6072-4df8-9770-e6f8a71d6dad aef1e4c9a1b24a018e93e02bd1f4e69e 07ae767a464347dc9840ccf5d4b387a1 - - default default] 10.0.0.99 "GET /v2.0/routers/09102110-15dd-437c-b9b5-362906ac9d6c/tags/red HTTP/1.1" status: 204 len: 168 time: 0.0491016
2026-05-20 04:24:26.658 9 INFO neutron.db.ovn_revision_numbers_db [None req-00c4e013-6c0b-458a-bac5-ef431dc43997 2f24a31e7361484a926d42e268766599 15af51f74f724241b5d8abfac3bb90ff - - default default] Successfully bumped revision number for resource 7446c3cf-ea9c-43ab-b91b-5e19b8fb59de (type: security_group_rules) to 0
2026-05-20 04:24:26.672 9 INFO neutron.db.ovn_revision_numbers_db [None req-00c4e013-6c0b-458a-bac5-ef431dc43997 2f24a31e7361484a926d42e268766599 15af51f74f724241b5d8abfac3bb90ff - - default default] Successfully bumped revision number for resource 7cb3f9b0-113f-439f-96e0-b1644f919da7 (type: security_group_rules) to 0
2026-05-20 04:24:26.686 9 INFO neutron.db.ovn_revision_numbers_db [None req-00c4e013-6c0b-458a-bac5-ef431dc43997 2f24a31e7361484a926d42e268766599 15af51f74f724241b5d8abfac3bb90ff - - default default] Successfully bumped revision number for resource bf870e1f-aa6b-4b84-92f0-b6d34a09196c (type: security_group_rules) to 0
2026-05-20 04:24:26.698 10 INFO neutron.api.v2.resource [None req-86f3f033-49f1-4a31-addc-ec1f2c88dffb aef1e4c9a1b24a018e93e02bd1f4e69e 07ae767a464347dc9840ccf5d4b387a1 - - default default] show failed (client error): The resource could not be found.
2026-05-20 04:24:26.700 10 INFO neutron.wsgi [None req-86f3f033-49f1-4a31-addc-ec1f2c88dffb aef1e4c9a1b24a018e93e02bd1f4e69e 07ae767a464347dc9840ccf5d4b387a1 - - default default] 10.0.0.99 "GET /v2.0/routers/09102110-15dd-437c-b9b5-362906ac9d6c/tags/green HTTP/1.1" status: 404 len: 299 time: 0.0447152
2026-05-20 04:24:26.718 9 INFO neutron.wsgi [None req-00c4e013-6c0b-458a-bac5-ef431dc43997 2f24a31e7361484a926d42e268766599 15af51f74f724241b5d8abfac3bb90ff - - default default] 10.0.0.99 "GET /v2.0/security-groups?tenant_id=6c41407093c7489e8b8419412a999666&name=default HTTP/1.1" status: 200 len: 2996 time: 0.2148125
2026-05-20 04:24:26.763 10 INFO neutron.wsgi [None req-79295d40-f0ec-495a-8886-d6e5f94a2791 aef1e4c9a1b24a018e93e02bd1f4e69e 07ae767a464347dc9840ccf5d4b387a1 - - default default] 10.0.0.99 "DELETE /v2.0/routers/09102110-15dd-437c-b9b5-362906ac9d6c/tags/red HTTP/1.1" status: 204 len: 168 time: 0.0587478
2026-05-20 04:24:26.814 9 INFO neutron.wsgi [None req-7b75ffe6-7fc9-43c8-8c3b-91741168aef5 aef1e4c9a1b24a018e93e02bd1f4e69e 07ae767a464347dc9840ccf5d4b387a1 - - default default] 10.0.0.99 "GET /v2.0/routers/09102110-15dd-437c-b9b5-362906ac9d6c/tags HTTP/1.1" status: 200 len: 223 time: 0.0437005
2026-05-20 04:24:26.861 10 INFO neutron.wsgi [None req-d1107f52-7042-4eba-89db-8421715b7604 df60d5a146b24126a573e4db62789c13 211812fbeb32492fb115d1d7dab10f12 - - default default] 10.0.0.99 "GET /v2.0/qos/policies?tags=red HTTP/1.1" status: 200 len: 1296 time: 0.1608703
2026-05-20 04:24:26.884 9 INFO neutron.api.v2.resource [None req-3f063a5b-9445-468c-8f8f-0b614060b5db aef1e4c9a1b24a018e93e02bd1f4e69e 07ae767a464347dc9840ccf5d4b387a1 - - default default] delete failed (client error): The resource could not be found.
2026-05-20 04:24:26.885 9 INFO neutron.wsgi [None req-3f063a5b-9445-468c-8f8f-0b614060b5db aef1e4c9a1b24a018e93e02bd1f4e69e 07ae767a464347dc9840ccf5d4b387a1 - - default default] 10.0.0.99 "DELETE /v2.0/routers/09102110-15dd-437c-b9b5-362906ac9d6c/tags/green HTTP/1.1" status: 404 len: 299 time: 0.0630741
2026-05-20 04:24:26.931 9 INFO neutron.wsgi [None req-554ff770-6f1b-441c-a9ea-e6988cff4122 df60d5a146b24126a573e4db62789c13 211812fbeb32492fb115d1d7dab10f12 - - default default] 10.0.0.99 "GET /v2.0/qos/policies?tags=red%2Cblue HTTP/1.1" status: 200 len: 941 time: 0.0665350
2026-05-20 04:24:26.975 10 INFO neutron.wsgi [None req-ea12f128-c8aa-44e0-8e7a-d767e1feec36 aef1e4c9a1b24a018e93e02bd1f4e69e 07ae767a464347dc9840ccf5d4b387a1 - - default default] 10.0.0.99 "DELETE /v2.0/routers/09102110-15dd-437c-b9b5-362906ac9d6c/tags HTTP/1.1" status: 204 len: 168 time: 0.0806627
2026-05-20 04:24:26.987 9 INFO neutron.wsgi [None req-3af63483-7d87-4cc6-b98c-91b8f137bad4 2f24a31e7361484a926d42e268766599 15af51f74f724241b5d8abfac3bb90ff - - default default] 10.0.0.99 "DELETE /v2.0/security-groups/7ecaa182-add9-4392-9644-0b02bd7e447b HTTP/1.1" status: 204 len: 168 time: 0.2637341
2026-05-20 04:24:27.008 9 INFO neutron.wsgi [None req-2b4123b7-8b33-484e-a576-535f92d476a2 df60d5a146b24126a573e4db62789c13 211812fbeb32492fb115d1d7dab10f12 - - default default] 10.0.0.99 "GET /v2.0/qos/policies?tags-any=blue HTTP/1.1" status: 200 len: 941 time: 0.0724125
2026-05-20 04:24:27.023 10 INFO neutron.wsgi [None req-2105d3cc-48a9-4d19-a8f3-575a28794323 aef1e4c9a1b24a018e93e02bd1f4e69e 07ae767a464347dc9840ccf5d4b387a1 - - default default] 10.0.0.99 "GET /v2.0/routers/09102110-15dd-437c-b9b5-362906ac9d6c/tags HTTP/1.1" status: 200 len: 205 time: 0.0438025
2026-05-20 04:24:27.078 9 INFO neutron.wsgi [None req-a999e545-7288-47a1-972e-87f5f3165855 df60d5a146b24126a573e4db62789c13 211812fbeb32492fb115d1d7dab10f12 - - default default] 10.0.0.99 "GET /v2.0/qos/policies?tags-any=red%2Cblue HTTP/1.1" status: 200 len: 1296 time: 0.0652452
2026-05-20 04:24:27.083 10 INFO neutron.wsgi [None req-d544f428-5125-4e9e-8fee-1efa3c4c62e1 aef1e4c9a1b24a018e93e02bd1f4e69e 07ae767a464347dc9840ccf5d4b387a1 - - default default] 10.0.0.99 "GET /v2.0/routers/09102110-15dd-437c-b9b5-362906ac9d6c HTTP/1.1" status: 200 len: 655 time: 0.0467677
2026-05-20 04:24:27.133 9 INFO neutron.wsgi [None req-0019414d-00c1-48da-903a-a62b14d20248 df60d5a146b24126a573e4db62789c13 211812fbeb32492fb115d1d7dab10f12 - - default default] 10.0.0.99 "GET /v2.0/qos/policies?not-tags=red HTTP/1.1" status: 200 len: 913 time: 0.0500615
2026-05-20 04:24:27.208 9 INFO neutron.wsgi [None req-222cf286-f9e1-470b-a659-332ac93de9ac df60d5a146b24126a573e4db62789c13 211812fbeb32492fb115d1d7dab10f12 - - default default] 10.0.0.99 "GET /v2.0/qos/policies?not-tags=red%2Cblue HTTP/1.1" status: 200 len: 1268 time: 0.0696154
2026-05-20 04:24:27.285 9 INFO neutron.wsgi [None req-5cd14a8d-4d94-4e1d-9e94-fbd8b2742cc2 df60d5a146b24126a573e4db62789c13 211812fbeb32492fb115d1d7dab10f12 - - default default] 10.0.0.99 "GET /v2.0/qos/policies?not-tags-any=blue HTTP/1.1" status: 200 len: 1268 time: 0.0705523
2026-05-20 04:24:27.314 10 INFO neutron.db.ovn_revision_numbers_db [None req-7d286fd6-21df-4c04-b4c3-7ac9adbefa86 2f24a31e7361484a926d42e268766599 15af51f74f724241b5d8abfac3bb90ff - - default default] Successfully bumped revision number for resource ca7f39f7-228c-424a-90eb-240ca50161cb (type: security_groups) to 1
2026-05-20 04:24:27.335 9 INFO neutron.wsgi [None req-40b15a9b-357d-4a5b-a7bf-49596fc141b1 df60d5a146b24126a573e4db62789c13 211812fbeb32492fb115d1d7dab10f12 - - default default] 10.0.0.99 "GET /v2.0/qos/policies?not-tags-any=red%2Cblue HTTP/1.1" status: 200 len: 913 time: 0.0448513
2026-05-20 04:24:27.345 10 INFO neutron.db.ovn_revision_numbers_db [None req-7d286fd6-21df-4c04-b4c3-7ac9adbefa86 2f24a31e7361484a926d42e268766599 15af51f74f724241b5d8abfac3bb90ff - - default default] Successfully bumped revision number for resource 0563ca73-c7b4-412e-80ac-dc80ee934990 (type: security_group_rules) to 0
2026-05-20 04:24:27.368 10 INFO neutron.db.ovn_revision_numbers_db [None req-7d286fd6-21df-4c04-b4c3-7ac9adbefa86 2f24a31e7361484a926d42e268766599 15af51f74f724241b5d8abfac3bb90ff - - default default] Successfully bumped revision number for resource 3d73ff90-eca9-42b3-8457-7460fbb2dcd2 (type: security_group_rules) to 0
2026-05-20 04:24:27.395 9 INFO neutron.wsgi [None req-8c30fa71-c802-4ee8-ae61-d64bc8276a75 6e81e2d098cf46c8a0889c93c98fa31d 9348ac5c23f64478ac05b3fb2d942816 - - default default] 10.0.0.99 "DELETE /v2.0/qos/policies/8964592c-bc1e-41fc-8088-f2c208850429 HTTP/1.1" status: 204 len: 168 time: 0.0546887
2026-05-20 04:24:27.402 10 INFO neutron.db.ovn_revision_numbers_db [None req-7d286fd6-21df-4c04-b4c3-7ac9adbefa86 2f24a31e7361484a926d42e268766599 15af51f74f724241b5d8abfac3bb90ff - - default default] Successfully bumped revision number for resource b2582f79-9746-4ede-8f51-42b7cf89f4f9 (type: security_group_rules) to 0
2026-05-20 04:24:27.446 10 INFO neutron.db.ovn_revision_numbers_db [None req-7d286fd6-21df-4c04-b4c3-7ac9adbefa86 2f24a31e7361484a926d42e268766599 15af51f74f724241b5d8abfac3bb90ff - - default default] Successfully bumped revision number for resource fc746b5d-98ae-4dd5-b1fe-bf41f092acf7 (type: security_group_rules) to 0
2026-05-20 04:24:27.485 10 INFO neutron.wsgi [None req-7d286fd6-21df-4c04-b4c3-7ac9adbefa86 2f24a31e7361484a926d42e268766599 15af51f74f724241b5d8abfac3bb90ff - - default default] 10.0.0.99 "GET /v2.0/security-groups?tenant_id=8ad2a12e68ea44babd2b4c38c4b234d5&name=default HTTP/1.1" status: 200 len: 2996 time: 0.3918324
2026-05-20 04:24:27.529 10 INFO neutron.wsgi [None req-1fa96343-e373-4dec-be3b-2848b549114b 6e81e2d098cf46c8a0889c93c98fa31d 9348ac5c23f64478ac05b3fb2d942816 - - default default] 10.0.0.99 "DELETE /v2.0/qos/policies/31d40778-e54e-4f0f-b26b-7b794f6bdf06 HTTP/1.1" status: 204 len: 168 time: 0.1281979
2026-05-20 04:24:27.530 10 INFO neutron.db.ovn_revision_numbers_db [None req-f337d6c4-2fe8-414c-b07a-36c293b38851 aef1e4c9a1b24a018e93e02bd1f4e69e 07ae767a464347dc9840ccf5d4b387a1 - - default default] Successfully bumped revision number for resource 09102110-15dd-437c-b9b5-362906ac9d6c (type: routers) to 7
2026-05-20 04:24:27.533 10 INFO neutron.wsgi [None req-f337d6c4-2fe8-414c-b07a-36c293b38851 aef1e4c9a1b24a018e93e02bd1f4e69e 07ae767a464347dc9840ccf5d4b387a1 - - default default] 10.0.0.99 "PUT /v2.0/routers/09102110-15dd-437c-b9b5-362906ac9d6c HTTP/1.1" status: 200 len: 655 time: 0.4457903
2026-05-20 04:24:27.561 10 INFO neutron.wsgi [None req-67036872-9a14-4bd2-988f-106e5bd2d0ff aef1e4c9a1b24a018e93e02bd1f4e69e 07ae767a464347dc9840ccf5d4b387a1 - - default default] 10.0.0.99 "GET /v2.0/ports?device_id=09102110-15dd-437c-b9b5-362906ac9d6c HTTP/1.1" status: 200 len: 205 time: 0.0236950
2026-05-20 04:24:27.610 9 INFO neutron.wsgi [None req-f4ad4d41-6967-43b6-a1c4-9bdbd9351aaf 6e81e2d098cf46c8a0889c93c98fa31d 9348ac5c23f64478ac05b3fb2d942816 - - default default] 10.0.0.99 "DELETE /v2.0/qos/policies/311c2c3e-1595-4e5a-b56b-b6cfe8ea6d2b HTTP/1.1" status: 204 len: 168 time: 0.0756269
2026-05-20 04:24:27.611 10 INFO neutron.wsgi [-] 10.0.0.42 "GET / HTTP/1.1" status: 200 len: 247 time: 0.0013008
2026-05-20 04:24:27.613 10 INFO neutron.wsgi [-] 10.0.0.42 "GET / HTTP/1.1" status: 200 len: 247 time: 0.0009251
2026-05-20 04:24:27.702 9 INFO neutron.wsgi [None req-30fbcfe8-de3f-4dc1-becd-467436eb08d0 6e81e2d098cf46c8a0889c93c98fa31d 9348ac5c23f64478ac05b3fb2d942816 - - default default] 10.0.0.99 "DELETE /v2.0/qos/policies/57251ec1-f88d-4ec0-9c3f-321f817b877a HTTP/1.1" status: 204 len: 168 time: 0.0844848
2026-05-20 04:24:27.733 9 INFO neutron.wsgi [None req-ce38f9ae-ad1c-43e2-8834-d252d5e03af8 2f24a31e7361484a926d42e268766599 15af51f74f724241b5d8abfac3bb90ff - - default default] 10.0.0.99 "DELETE /v2.0/security-groups/ca7f39f7-228c-424a-90eb-240ca50161cb HTTP/1.1" status: 204 len: 168 time: 0.2415836
2026-05-20 04:24:27.798 10 INFO neutron.wsgi [None req-16025b98-16a1-458c-aab2-8b669a726054 aef1e4c9a1b24a018e93e02bd1f4e69e 07ae767a464347dc9840ccf5d4b387a1 - - default default] 10.0.0.99 "DELETE /v2.0/routers/09102110-15dd-437c-b9b5-362906ac9d6c HTTP/1.1" status: 204 len: 168 time: 0.2325809
2026-05-20 04:24:27.805 10 INFO neutron.wsgi [None req-21b2e67a-72b2-489f-8630-bad24747961a 6e81e2d098cf46c8a0889c93c98fa31d 9348ac5c23f64478ac05b3fb2d942816 - - default default] 10.0.0.99 "DELETE /v2.0/qos/policies/57c7c656-97c4-4cee-a035-a19f9c9ba2ac HTTP/1.1" status: 204 len: 168 time: 0.0957687
2026-05-20 04:24:28.631 10 INFO neutron.db.ovn_revision_numbers_db [None req-eaeb9443-b20e-46af-8d57-165e8ad7538c 2f24a31e7361484a926d42e268766599 15af51f74f724241b5d8abfac3bb90ff - - default default] Successfully bumped revision number for resource 18909489-1b1e-49ea-b294-c561afdb5f38 (type: security_groups) to 1
2026-05-20 04:24:28.645 10 INFO neutron.db.ovn_revision_numbers_db [None req-eaeb9443-b20e-46af-8d57-165e8ad7538c 2f24a31e7361484a926d42e268766599 15af51f74f724241b5d8abfac3bb90ff - - default default] Successfully bumped revision number for resource 0d9a5e69-1eb1-4d3c-8a70-cf43d28bbb05 (type: security_group_rules) to 0
2026-05-20 04:24:28.663 10 INFO neutron.db.ovn_revision_numbers_db [None req-eaeb9443-b20e-46af-8d57-165e8ad7538c 2f24a31e7361484a926d42e268766599 15af51f74f724241b5d8abfac3bb90ff - - default default] Successfully bumped revision number for resource 7574d819-b04c-48c5-b39d-cfdaf88c593e (type: security_group_rules) to 0
2026-05-20 04:24:28.677 10 INFO neutron.db.ovn_revision_numbers_db [None req-eaeb9443-b20e-46af-8d57-165e8ad7538c 2f24a31e7361484a926d42e268766599 15af51f74f724241b5d8abfac3bb90ff - - default default] Successfully bumped revision number for resource 7fae9798-c57f-4a2e-a107-4307bac85c77 (type: security_group_rules) to 0
2026-05-20 04:24:28.688 9 INFO neutron.db.ovn_revision_numbers_db [None req-4847a4bb-c5ba-45a3-b172-ca72d2667cab 2f24a31e7361484a926d42e268766599 15af51f74f724241b5d8abfac3bb90ff - - default default] Successfully bumped revision number for resource 4220f00d-60c2-4676-b129-5ad3c7e9a8a8 (type: security_groups) to 1
2026-05-20 04:24:28.693 10 INFO neutron.db.ovn_revision_numbers_db [None req-eaeb9443-b20e-46af-8d57-165e8ad7538c 2f24a31e7361484a926d42e268766599 15af51f74f724241b5d8abfac3bb90ff - - default default] Successfully bumped revision number for resource 916bda53-9ce4-4b4e-aa5b-749e5d632a5b (type: security_group_rules) to 0
2026-05-20 04:24:28.707 9 INFO neutron.db.ovn_revision_numbers_db [None req-4847a4bb-c5ba-45a3-b172-ca72d2667cab 2f24a31e7361484a926d42e268766599 15af51f74f724241b5d8abfac3bb90ff - - default default] Successfully bumped revision number for resource 1acaf4d7-d6e3-4776-8c81-11d1177dd1eb (type: security_group_rules) to 0
2026-05-20 04:24:28.716 10 INFO neutron.wsgi [None req-eaeb9443-b20e-46af-8d57-165e8ad7538c 2f24a31e7361484a926d42e268766599 15af51f74f724241b5d8abfac3bb90ff - - default default] 10.0.0.99 "GET /v2.0/security-groups?tenant_id=1fdc47c631ec48369675f5969244e29b&name=default HTTP/1.1" status: 200 len: 2996 time: 0.3062916
2026-05-20 04:24:28.726 9 INFO neutron.db.ovn_revision_numbers_db [None req-4847a4bb-c5ba-45a3-b172-ca72d2667cab 2f24a31e7361484a926d42e268766599 15af51f74f724241b5d8abfac3bb90ff - - default default] Successfully bumped revision number for resource 2531f4a3-fc30-40a0-8cd1-e4e9cc36b975 (type: security_group_rules) to 0
2026-05-20 04:24:28.750 9 INFO neutron.db.ovn_revision_numbers_db [None req-4847a4bb-c5ba-45a3-b172-ca72d2667cab 2f24a31e7361484a926d42e268766599 15af51f74f724241b5d8abfac3bb90ff - - default default] Successfully bumped revision number for resource 576c8e08-dcea-4459-8371-21200057d05d (type: security_group_rules) to 0
2026-05-20 04:24:28.769 9 INFO neutron.db.ovn_revision_numbers_db [None req-4847a4bb-c5ba-45a3-b172-ca72d2667cab 2f24a31e7361484a926d42e268766599 15af51f74f724241b5d8abfac3bb90ff - - default default] Successfully bumped revision number for resource e312620c-ffdf-4556-825f-69d04a8ae4bd (type: security_group_rules) to 0
2026-05-20 04:24:28.796 9 INFO neutron.wsgi [None req-4847a4bb-c5ba-45a3-b172-ca72d2667cab 2f24a31e7361484a926d42e268766599 15af51f74f724241b5d8abfac3bb90ff - - default default] 10.0.0.99 "GET /v2.0/security-groups?tenant_id=012462488e6941b5b82cca220301827a&name=default HTTP/1.1" status: 200 len: 2996 time: 0.3337579
2026-05-20 04:24:28.835 9 INFO neutron.db.ovn_revision_numbers_db [None req-307a1531-1696-4adc-8f98-d512759f8acf 2f24a31e7361484a926d42e268766599 15af51f74f724241b5d8abfac3bb90ff - - default default] Successfully bumped revision number for resource ed756720-1c5f-48fe-ad9b-70843b5fbd86 (type: security_groups) to 1
2026-05-20 04:24:28.854 9 INFO neutron.db.ovn_revision_numbers_db [None req-307a1531-1696-4adc-8f98-d512759f8acf 2f24a31e7361484a926d42e268766599 15af51f74f724241b5d8abfac3bb90ff - - default default] Successfully bumped revision number for resource 9c76aa3b-e40d-4a84-9c5b-39d7485259d0 (type: security_group_rules) to 0
2026-05-20 04:24:28.870 9 INFO neutron.db.ovn_revision_numbers_db [None req-307a1531-1696-4adc-8f98-d512759f8acf 2f24a31e7361484a926d42e268766599 15af51f74f724241b5d8abfac3bb90ff - - default default] Successfully bumped revision number for resource d11eacfa-5dc3-4777-bf7e-236c2a0d8c2a (type: security_group_rules) to 0
2026-05-20 04:24:28.892 9 INFO neutron.db.ovn_revision_numbers_db [None req-307a1531-1696-4adc-8f98-d512759f8acf 2f24a31e7361484a926d42e268766599 15af51f74f724241b5d8abfac3bb90ff - - default default] Successfully bumped revision number for resource d5d7ca6e-14dd-4680-a50b-a3e62e196ef0 (type: security_group_rules) to 0
2026-05-20 04:24:28.905 9 INFO neutron.db.ovn_revision_numbers_db [None req-307a1531-1696-4adc-8f98-d512759f8acf 2f24a31e7361484a926d42e268766599 15af51f74f724241b5d8abfac3bb90ff - - default default] Successfully bumped revision number for resource e1145dcb-5b7e-4142-8c84-5a587b55c432 (type: security_group_rules) to 0
2026-05-20 04:24:28.932 9 INFO neutron.wsgi [None req-307a1531-1696-4adc-8f98-d512759f8acf 2f24a31e7361484a926d42e268766599 15af51f74f724241b5d8abfac3bb90ff - - default default] 10.0.0.99 "GET /v2.0/security-groups?tenant_id=7af951504cf0402bb6a13cf4516368d5&name=default HTTP/1.1" status: 200 len: 2996 time: 0.3270843
2026-05-20 04:24:29.033 9 INFO neutron.wsgi [None req-c2e03f03-c28f-47a7-939e-a3c87152863a 2f24a31e7361484a926d42e268766599 15af51f74f724241b5d8abfac3bb90ff - - default default] 10.0.0.99 "DELETE /v2.0/security-groups/4220f00d-60c2-4676-b129-5ad3c7e9a8a8 HTTP/1.1" status: 204 len: 168 time: 0.2286577
2026-05-20 04:24:29.138 10 INFO neutron.wsgi [None req-c626a921-2109-41e6-8f8d-7217fa512ca4 2f24a31e7361484a926d42e268766599 15af51f74f724241b5d8abfac3bb90ff - - default default] 10.0.0.99 "DELETE /v2.0/security-groups/18909489-1b1e-49ea-b294-c561afdb5f38 HTTP/1.1" status: 204 len: 168 time: 0.4153879
2026-05-20 04:24:29.157 9 INFO neutron.wsgi [None req-c7c08604-9721-4ebb-ba28-fb30cfb29f43 2f24a31e7361484a926d42e268766599 15af51f74f724241b5d8abfac3bb90ff - - default default] 10.0.0.99 "DELETE /v2.0/security-groups/ed756720-1c5f-48fe-ad9b-70843b5fbd86 HTTP/1.1" status: 204 len: 168 time: 0.2192624
2026-05-20 04:24:29.418 9 INFO neutron.db.ovn_revision_numbers_db [None req-e0cbaace-eed6-4154-9e13-50cf13ab5c13 2f24a31e7361484a926d42e268766599 15af51f74f724241b5d8abfac3bb90ff - - default default] Successfully bumped revision number for resource a0474445-71d6-4196-8893-22421cca1f48 (type: security_groups) to 1
2026-05-20 04:24:29.441 9 INFO neutron.db.ovn_revision_numbers_db [None req-e0cbaace-eed6-4154-9e13-50cf13ab5c13 2f24a31e7361484a926d42e268766599 15af51f74f724241b5d8abfac3bb90ff - - default default] Successfully bumped revision number for resource 2580b269-3830-4827-aea9-96bc5cc2872b (type: security_group_rules) to 0
2026-05-20 04:24:29.463 9 INFO neutron.db.ovn_revision_numbers_db [None req-e0cbaace-eed6-4154-9e13-50cf13ab5c13 2f24a31e7361484a926d42e268766599 15af51f74f724241b5d8abfac3bb90ff - - default default] Successfully bumped revision number for resource 33c73133-9eb1-431e-a2df-bd6f7c9aec87 (type: security_group_rules) to 0
2026-05-20 04:24:29.485 9 INFO neutron.db.ovn_revision_numbers_db [None req-e0cbaace-eed6-4154-9e13-50cf13ab5c13 2f24a31e7361484a926d42e268766599 15af51f74f724241b5d8abfac3bb90ff - - default default] Successfully bumped revision number for resource 6bb0ba6e-05e0-4220-9091-e4047414ba11 (type: security_group_rules) to 0
2026-05-20 04:24:29.493 9 INFO neutron.db.ovn_revision_numbers_db [None req-c1186faf-d50e-44d3-8f35-b85b17c47787 2f24a31e7361484a926d42e268766599 15af51f74f724241b5d8abfac3bb90ff - - default default] Successfully bumped revision number for resource 37411ec4-0348-45b2-bd63-62ad3f6bf20d (type: security_groups) to 1
2026-05-20 04:24:29.508 9 INFO neutron.db.ovn_revision_numbers_db [None req-e0cbaace-eed6-4154-9e13-50cf13ab5c13 2f24a31e7361484a926d42e268766599 15af51f74f724241b5d8abfac3bb90ff - - default default] Successfully bumped revision number for resource dd2f988e-4e28-4056-b001-4bc71c631179 (type: security_group_rules) to 0
2026-05-20 04:24:29.519 9 INFO neutron.db.ovn_revision_numbers_db [None req-c1186faf-d50e-44d3-8f35-b85b17c47787 2f24a31e7361484a926d42e268766599 15af51f74f724241b5d8abfac3bb90ff - - default default] Successfully bumped revision number for resource 6dc43934-55af-47ea-bbd8-e73905d82009 (type: security_group_rules) to 0
2026-05-20 04:24:29.535 9 INFO neutron.wsgi [None req-e0cbaace-eed6-4154-9e13-50cf13ab5c13 2f24a31e7361484a926d42e268766599 15af51f74f724241b5d8abfac3bb90ff - - default default] 10.0.0.99 "GET /v2.0/security-groups?tenant_id=211812fbeb32492fb115d1d7dab10f12&name=default HTTP/1.1" status: 200 len: 2996 time: 0.2460926
2026-05-20 04:24:29.544 9 INFO neutron.db.ovn_revision_numbers_db [None req-c1186faf-d50e-44d3-8f35-b85b17c47787 2f24a31e7361484a926d42e268766599 15af51f74f724241b5d8abfac3bb90ff - - default default] Successfully bumped revision number for resource b0e1bb64-1117-47cb-a327-a7502ccbb9f4 (type: security_group_rules) to 0
2026-05-20 04:24:29.565 9 INFO neutron.db.ovn_revision_numbers_db [None req-c1186faf-d50e-44d3-8f35-b85b17c47787 2f24a31e7361484a926d42e268766599 15af51f74f724241b5d8abfac3bb90ff - - default default] Successfully bumped revision number for resource b2e86c3b-3f6c-44e2-9122-18b148812a18 (type: security_group_rules) to 0
2026-05-20 04:24:29.589 9 INFO neutron.db.ovn_revision_numbers_db [None req-c1186faf-d50e-44d3-8f35-b85b17c47787 2f24a31e7361484a926d42e268766599 15af51f74f724241b5d8abfac3bb90ff - - default default] Successfully bumped revision number for resource faa7c43a-31b2-46fa-ad5c-8396c8623645 (type: security_group_rules) to 0
2026-05-20 04:24:29.620 9 INFO neutron.wsgi [None req-c1186faf-d50e-44d3-8f35-b85b17c47787 2f24a31e7361484a926d42e268766599 15af51f74f724241b5d8abfac3bb90ff - - default default] 10.0.0.99 "GET /v2.0/security-groups?tenant_id=07ae767a464347dc9840ccf5d4b387a1&name=default HTTP/1.1" status: 200 len: 2996 time: 0.2633197
2026-05-20 04:24:29.794 9 INFO neutron.wsgi [None req-8f39a8a7-815d-41fa-bbc8-969e9984e8b2 2f24a31e7361484a926d42e268766599 15af51f74f724241b5d8abfac3bb90ff - - default default] 10.0.0.99 "DELETE /v2.0/security-groups/a0474445-71d6-4196-8893-22421cca1f48 HTTP/1.1" status: 204 len: 168 time: 0.2543540
2026-05-20 04:24:29.848 9 INFO neutron.wsgi [None req-27890f07-dc02-4d33-8ece-fb7a66570c1a 2f24a31e7361484a926d42e268766599 15af51f74f724241b5d8abfac3bb90ff - - default default] 10.0.0.99 "DELETE /v2.0/security-groups/37411ec4-0348-45b2-bd63-62ad3f6bf20d HTTP/1.1" status: 204 len: 168 time: 0.2233968
2026-05-20 04:24:30.053 10 INFO neutron.db.ovn_revision_numbers_db [None req-e8d77fa9-7ece-4469-9e6e-24831b551b36 2f24a31e7361484a926d42e268766599 15af51f74f724241b5d8abfac3bb90ff - - default default] Successfully bumped revision number for resource e85069df-4619-4d8f-a870-8e141c853af3 (type: security_groups) to 1
2026-05-20 04:24:30.068 10 INFO neutron.db.ovn_revision_numbers_db [None req-e8d77fa9-7ece-4469-9e6e-24831b551b36 2f24a31e7361484a926d42e268766599 15af51f74f724241b5d8abfac3bb90ff - - default default] Successfully bumped revision number for resource 05b0f14b-8f2d-47e3-ad36-6656aba15993 (type: security_group_rules) to 0
2026-05-20 04:24:30.084 10 INFO neutron.db.ovn_revision_numbers_db [None req-e8d77fa9-7ece-4469-9e6e-24831b551b36 2f24a31e7361484a926d42e268766599 15af51f74f724241b5d8abfac3bb90ff - - default default] Successfully bumped revision number for resource 282e14ca-8ce3-4b28-ac25-7c87f3cd882b (type: security_group_rules) to 0
2026-05-20 04:24:30.100 10 INFO neutron.db.ovn_revision_numbers_db [None req-e8d77fa9-7ece-4469-9e6e-24831b551b36 2f24a31e7361484a926d42e268766599 15af51f74f724241b5d8abfac3bb90ff - - default default] Successfully bumped revision number for resource 432c0f93-4dc4-4378-9b9d-250c15c07c71 (type: security_group_rules) to 0
2026-05-20 04:24:30.118 10 INFO neutron.db.ovn_revision_numbers_db [None req-e8d77fa9-7ece-4469-9e6e-24831b551b36 2f24a31e7361484a926d42e268766599 15af51f74f724241b5d8abfac3bb90ff - - default default] Successfully bumped revision number for resource 8a271d90-e8be-4623-a835-25548bfbc402 (type: security_group_rules) to 0
2026-05-20 04:24:30.143 10 INFO neutron.wsgi [None req-e8d77fa9-7ece-4469-9e6e-24831b551b36 2f24a31e7361484a926d42e268766599 15af51f74f724241b5d8abfac3bb90ff - - default default] 10.0.0.99 "GET /v2.0/security-groups?tenant_id=9348ac5c23f64478ac05b3fb2d942816&name=default HTTP/1.1" status: 200 len: 2996 time: 0.2241843
2026-05-20 04:24:30.359 10 INFO neutron.wsgi [None req-bffb367d-7144-43bb-8d6f-ced3ee189684 2f24a31e7361484a926d42e268766599 15af51f74f724241b5d8abfac3bb90ff - - default default] 10.0.0.99 "DELETE /v2.0/security-groups/e85069df-4619-4d8f-a870-8e141c853af3 HTTP/1.1" status: 204 len: 168 time: 0.2121944
2026-05-20 04:24:32.081 10 INFO neutron.wsgi [None req-a9095272-a310-42e2-ac9a-1e7a85998edb 46da97177fd34fc1a628a0fe4244cb92 7cca5d5743934e6ba6e0d3c16cf4a4af - - default default] 10.0.0.99 "POST /v2.0/subnetpools HTTP/1.1" status: 201 len: 715 time: 0.1643577
2026-05-20 04:24:32.157 10 INFO neutron.wsgi [None req-4fb04b22-7c18-47e1-8271-5b62692dae64 46da97177fd34fc1a628a0fe4244cb92 7cca5d5743934e6ba6e0d3c16cf4a4af - - default default] 10.0.0.99 "POST /v2.0/subnetpools HTTP/1.1" status: 201 len: 715 time: 0.0690958
2026-05-20 04:24:32.210 10 INFO neutron.wsgi [None req-5786bec0-980d-4991-9c7e-ebb2d8263e15 46da97177fd34fc1a628a0fe4244cb92 7cca5d5743934e6ba6e0d3c16cf4a4af - - default default] 10.0.0.99 "POST /v2.0/subnetpools HTTP/1.1" status: 201 len: 715 time: 0.0482306
2026-05-20 04:24:32.267 10 INFO neutron.wsgi [None req-6512aa30-7bfe-4483-ac54-11775dd576bc 46da97177fd34fc1a628a0fe4244cb92 7cca5d5743934e6ba6e0d3c16cf4a4af - - default default] 10.0.0.99 "POST /v2.0/subnetpools HTTP/1.1" status: 201 len: 715 time: 0.0516779
2026-05-20 04:24:32.328 10 INFO neutron.wsgi [None req-9e08bb9d-3a6b-497c-a5c5-62fe33c53b2c 46da97177fd34fc1a628a0fe4244cb92 7cca5d5743934e6ba6e0d3c16cf4a4af - - default default] 10.0.0.99 "POST /v2.0/subnetpools HTTP/1.1" status: 201 len: 715 time: 0.0563064
2026-05-20 04:24:32.375 10 INFO neutron.wsgi [None req-140cdc07-44af-47b1-8cd4-b430c98d5db7 46da97177fd34fc1a628a0fe4244cb92 7cca5d5743934e6ba6e0d3c16cf4a4af - - default default] 10.0.0.99 "PUT /v2.0/subnetpools/76080f9d-e01a-442e-bf9f-b99242f1854f/tags HTTP/1.1" status: 200 len: 210 time: 0.0419617
2026-05-20 04:24:32.415 10 INFO neutron.wsgi [None req-e9dc5258-e3fb-4777-a925-c5cf65d61777 46da97177fd34fc1a628a0fe4244cb92 7cca5d5743934e6ba6e0d3c16cf4a4af - - default default] 10.0.0.99 "PUT /v2.0/subnetpools/d86d62e9-b53f-4508-971e-afc0f282804c/tags HTTP/1.1" status: 200 len: 218 time: 0.0337205
2026-05-20 04:24:32.454 10 INFO neutron.wsgi [None req-005803f9-4290-49af-8b00-4d6a0b9c2c95 46da97177fd34fc1a628a0fe4244cb92 7cca5d5743934e6ba6e0d3c16cf4a4af - - default default] 10.0.0.99 "PUT /v2.0/subnetpools/6e21c17e-c844-4670-8375-a46a1b271f00/tags HTTP/1.1" status: 200 len: 227 time: 0.0337012
2026-05-20 04:24:32.498 10 INFO neutron.wsgi [None req-8c560b24-8156-477a-9070-9c83dc716012 46da97177fd34fc1a628a0fe4244cb92 7cca5d5743934e6ba6e0d3c16cf4a4af - - default default] 10.0.0.99 "PUT /v2.0/subnetpools/7977610b-3718-4ba5-9d75-55b1bfc297bf/tags HTTP/1.1" status: 200 len: 212 time: 0.0390725
2026-05-20 04:24:32.532 10 INFO neutron.wsgi [None req-cc534621-8155-4e13-8edd-0f1c0f279fe3 46da97177fd34fc1a628a0fe4244cb92 7cca5d5743934e6ba6e0d3c16cf4a4af - - default default] 10.0.0.99 "GET /v2.0/subnetpools?tags=red HTTP/1.1" status: 200 len: 1758 time: 0.0288572
2026-05-20 04:24:32.572 10 INFO neutron.wsgi [None req-7dd7b2ab-49a6-4d1e-ae01-b5f66ae4541b 46da97177fd34fc1a628a0fe4244cb92 7cca5d5743934e6ba6e0d3c16cf4a4af - - default default] 10.0.0.99 "GET /v2.0/subnetpools?tags=red%2Cblue HTTP/1.1" status: 200 len: 1251 time: 0.0312099
2026-05-20 04:24:32.604 10 INFO neutron.wsgi [None req-9a864f3d-14f4-4ea3-a2bc-5eb66ad977d7 46da97177fd34fc1a628a0fe4244cb92 7cca5d5743934e6ba6e0d3c16cf4a4af - - default default] 10.0.0.99 "GET /v2.0/subnetpools?tags-any=blue HTTP/1.1" status: 200 len: 1251 time: 0.0278232
2026-05-20 04:24:32.636 10 INFO neutron.wsgi [None req-9db00555-5383-42d1-8a12-3be58ae08b23 46da97177fd34fc1a628a0fe4244cb92 7cca5d5743934e6ba6e0d3c16cf4a4af - - default default] 10.0.0.99 "GET /v2.0/subnetpools?tags-any=red%2Cblue HTTP/1.1" status: 200 len: 1758 time: 0.0260689
2026-05-20 04:24:32.682 10 INFO neutron.wsgi [None req-a90f5804-fd02-498b-b6ca-4dfe595a8000 46da97177fd34fc1a628a0fe4244cb92 7cca5d5743934e6ba6e0d3c16cf4a4af - - default default] 10.0.0.99 "GET /v2.0/subnetpools?not-tags=red HTTP/1.1" status: 200 len: 1223 time: 0.0403070
2026-05-20 04:24:32.718 10 INFO neutron.wsgi [None req-bba166f5-b6d2-44a0-b545-1ea44756c888 46da97177fd34fc1a628a0fe4244cb92 7cca5d5743934e6ba6e0d3c16cf4a4af - - default default] 10.0.0.99 "GET /v2.0/subnetpools?not-tags=red%2Cblue HTTP/1.1" status: 200 len: 1730 time: 0.0322213
2026-05-20 04:24:32.760 9 INFO neutron.wsgi [None req-396014d6-78e7-4a6e-a65c-b6f9d3306183 46da97177fd34fc1a628a0fe4244cb92 7cca5d5743934e6ba6e0d3c16cf4a4af - - default default] 10.0.0.99 "GET /v2.0/subnetpools?not-tags-any=blue HTTP/1.1" status: 200 len: 1730 time: 0.0361729
2026-05-20 04:24:32.794 9 INFO neutron.wsgi [None req-0a57b202-b34f-4af0-90be-f183159df1ae 46da97177fd34fc1a628a0fe4244cb92 7cca5d5743934e6ba6e0d3c16cf4a4af - - default default] 10.0.0.99 "GET /v2.0/subnetpools?not-tags-any=red%2Cblue HTTP/1.1" status: 200 len: 1223 time: 0.0296712
2026-05-20 04:24:32.873 10 INFO neutron.wsgi [None req-a0ab638b-dabb-4a9f-950d-3d0e7928c5fe 46da97177fd34fc1a628a0fe4244cb92 7cca5d5743934e6ba6e0d3c16cf4a4af - - default default] 10.0.0.99 "DELETE /v2.0/subnetpools/76080f9d-e01a-442e-bf9f-b99242f1854f HTTP/1.1" status: 204 len: 168 time: 0.0715077
2026-05-20 04:24:32.940 10 INFO neutron.wsgi [None req-ff9b4e3e-2641-439d-95b3-d3cb3dbe76f7 46da97177fd34fc1a628a0fe4244cb92 7cca5d5743934e6ba6e0d3c16cf4a4af - - default default] 10.0.0.99 "DELETE /v2.0/subnetpools/d86d62e9-b53f-4508-971e-afc0f282804c HTTP/1.1" status: 204 len: 168 time: 0.0619893
2026-05-20 04:24:33.013 10 INFO neutron.wsgi [None req-ca3401a9-251d-48bb-8a14-d45c79f339ce 46da97177fd34fc1a628a0fe4244cb92 7cca5d5743934e6ba6e0d3c16cf4a4af - - default default] 10.0.0.99 "DELETE /v2.0/subnetpools/6e21c17e-c844-4670-8375-a46a1b271f00 HTTP/1.1" status: 204 len: 168 time: 0.0683417
2026-05-20 04:24:33.085 10 INFO neutron.wsgi [None req-36a01a48-3e24-4dd7-9045-f15bb7db4d28 46da97177fd34fc1a628a0fe4244cb92 7cca5d5743934e6ba6e0d3c16cf4a4af - - default default] 10.0.0.99 "DELETE /v2.0/subnetpools/7977610b-3718-4ba5-9d75-55b1bfc297bf HTTP/1.1" status: 204 len: 168 time: 0.0651684
2026-05-20 04:24:33.138 10 INFO neutron.wsgi [None req-73870bb8-21b3-4ee3-9711-fe2579d4bbd4 46da97177fd34fc1a628a0fe4244cb92 7cca5d5743934e6ba6e0d3c16cf4a4af - - default default] 10.0.0.99 "DELETE /v2.0/subnetpools/2a8f4c60-8648-4dc1-a5ed-7b2025e909bf HTTP/1.1" status: 204 len: 168 time: 0.0464771
2026-05-20 04:24:33.790 10 INFO neutron.db.ovn_revision_numbers_db [None req-8dc13892-20c4-4951-b856-12b1c653ee51 b3077ecdd4a74984b65a59f6cd639a42 f54cd05a49e04d72b61c86265ad8fa42 - - default default] Successfully bumped revision number for resource 7e6ab6a9-eeca-43d7-aaeb-b1f04e352bfa (type: security_groups) to 1
2026-05-20 04:24:33.806 10 INFO neutron.db.ovn_revision_numbers_db [None req-8dc13892-20c4-4951-b856-12b1c653ee51 b3077ecdd4a74984b65a59f6cd639a42 f54cd05a49e04d72b61c86265ad8fa42 - - default default] Successfully bumped revision number for resource 1fc0b087-cc75-4ff9-aa47-a09ebb781085 (type: security_group_rules) to 0
2026-05-20 04:24:33.821 10 INFO neutron.db.ovn_revision_numbers_db [None req-8dc13892-20c4-4951-b856-12b1c653ee51 b3077ecdd4a74984b65a59f6cd639a42 f54cd05a49e04d72b61c86265ad8fa42 - - default default] Successfully bumped revision number for resource ad6892d1-aebb-4893-bdd3-2f22089e7444 (type: security_group_rules) to 0
2026-05-20 04:24:33.837 10 INFO neutron.db.ovn_revision_numbers_db [None req-8dc13892-20c4-4951-b856-12b1c653ee51 b3077ecdd4a74984b65a59f6cd639a42 f54cd05a49e04d72b61c86265ad8fa42 - - default default] Successfully bumped revision number for resource c33a8251-c605-4f75-b82f-91aff5b459a7 (type: security_group_rules) to 0
2026-05-20 04:24:33.853 10 INFO neutron.db.ovn_revision_numbers_db [None req-8dc13892-20c4-4951-b856-12b1c653ee51 b3077ecdd4a74984b65a59f6cd639a42 f54cd05a49e04d72b61c86265ad8fa42 - - default default] Successfully bumped revision number for resource d775dea6-b41c-4179-883d-eccc83766c4e (type: security_group_rules) to 0
2026-05-20 04:24:33.906 10 INFO neutron.db.segments_db [None req-8dc13892-20c4-4951-b856-12b1c653ee51 b3077ecdd4a74984b65a59f6cd639a42 f54cd05a49e04d72b61c86265ad8fa42 - - default default] Added segment 6ffba5de-8ebd-4479-b2c4-65538865f21d of type geneve for network 7a7f9a56-7831-4887-b481-b780b0ad45fd
2026-05-20 04:24:34.076 10 INFO neutron.db.ovn_revision_numbers_db [None req-8dc13892-20c4-4951-b856-12b1c653ee51 b3077ecdd4a74984b65a59f6cd639a42 f54cd05a49e04d72b61c86265ad8fa42 - - default default] Successfully bumped revision number for resource 7a7f9a56-7831-4887-b481-b780b0ad45fd (type: networks) to 1
2026-05-20 04:24:34.251 10 WARNING neutron.scheduler.dhcp_agent_scheduler [None req-8dc13892-20c4-4951-b856-12b1c653ee51 b3077ecdd4a74984b65a59f6cd639a42 f54cd05a49e04d72b61c86265ad8fa42 - - default default] No more DHCP agents
2026-05-20 04:24:34.253 10 WARNING neutron.api.rpc.agentnotifiers.dhcp_rpc_agent_api [None req-8dc13892-20c4-4951-b856-12b1c653ee51 b3077ecdd4a74984b65a59f6cd639a42 f54cd05a49e04d72b61c86265ad8fa42 - - default default] Unable to schedule network 7a7f9a56-7831-4887-b481-b780b0ad45fd: no agents available; will retry on subsequent port and subnet creation events.
2026-05-20 04:24:34.342 10 INFO neutron.db.ovn_revision_numbers_db [None req-8dc13892-20c4-4951-b856-12b1c653ee51 b3077ecdd4a74984b65a59f6cd639a42 f54cd05a49e04d72b61c86265ad8fa42 - - default default] Successfully bumped revision number for resource 59633cfa-c006-4775-bc56-804cfdff4249 (type: ports) to 1
2026-05-20 04:24:34.364 10 INFO neutron.wsgi [None req-8dc13892-20c4-4951-b856-12b1c653ee51 b3077ecdd4a74984b65a59f6cd639a42 f54cd05a49e04d72b61c86265ad8fa42 - - default default] 10.0.0.99 "POST /v2.0/networks HTTP/1.1" status: 201 len: 929 time: 0.8950114
2026-05-20 04:24:34.474 9 INFO neutron.db.ovn_revision_numbers_db [None req-35e9a8db-6269-47ab-a48d-7f19bf35c0f2 2f24a31e7361484a926d42e268766599 15af51f74f724241b5d8abfac3bb90ff - - default default] Successfully bumped revision number for resource 82e59daf-6b36-4dd6-bf34-796cc5c24c2f (type: security_groups) to 1
2026-05-20 04:24:34.487 9 INFO neutron.db.ovn_revision_numbers_db [None req-35e9a8db-6269-47ab-a48d-7f19bf35c0f2 2f24a31e7361484a926d42e268766599 15af51f74f724241b5d8abfac3bb90ff - - default default] Successfully bumped revision number for resource 4532fa8f-4500-442c-842a-7b959d0b668b (type: security_group_rules) to 0
2026-05-20 04:24:34.501 9 INFO neutron.db.ovn_revision_numbers_db [None req-35e9a8db-6269-47ab-a48d-7f19bf35c0f2 2f24a31e7361484a926d42e268766599 15af51f74f724241b5d8abfac3bb90ff - - default default] Successfully bumped revision number for resource b3f98382-a4cc-4c65-8c16-fc24e0cfcc4c (type: security_group_rules) to 0
2026-05-20 04:24:34.509 10 WARNING neutron.scheduler.dhcp_agent_scheduler [None req-d73c96b3-6363-443c-ab8e-90152ee71e88 b3077ecdd4a74984b65a59f6cd639a42 f54cd05a49e04d72b61c86265ad8fa42 - - default default] No more DHCP agents
2026-05-20 04:24:34.512 10 WARNING neutron.api.rpc.agentnotifiers.dhcp_rpc_agent_api [None req-d73c96b3-6363-443c-ab8e-90152ee71e88 b3077ecdd4a74984b65a59f6cd639a42 f54cd05a49e04d72b61c86265ad8fa42 - - default default] Unable to schedule network 7a7f9a56-7831-4887-b481-b780b0ad45fd: no agents available; will retry on subsequent port and subnet creation events.
2026-05-20 04:24:34.514 9 INFO neutron.db.ovn_revision_numbers_db [None req-35e9a8db-6269-47ab-a48d-7f19bf35c0f2 2f24a31e7361484a926d42e268766599 15af51f74f724241b5d8abfac3bb90ff - - default default] Successfully bumped revision number for resource d69893ad-4317-4501-bd54-da4b06567f7a (type: security_group_rules) to 0
2026-05-20 04:24:34.527 9 INFO neutron.db.ovn_revision_numbers_db [None req-35e9a8db-6269-47ab-a48d-7f19bf35c0f2 2f24a31e7361484a926d42e268766599 15af51f74f724241b5d8abfac3bb90ff - - default default] Successfully bumped revision number for resource fec6025c-9660-449a-b0cd-7a0dd87ac317 (type: security_group_rules) to 0
2026-05-20 04:24:34.548 9 INFO neutron.wsgi [None req-35e9a8db-6269-47ab-a48d-7f19bf35c0f2 2f24a31e7361484a926d42e268766599 15af51f74f724241b5d8abfac3bb90ff - - default default] 10.0.0.99 "GET /v2.0/security-groups?tenant_id=7cca5d5743934e6ba6e0d3c16cf4a4af&name=default HTTP/1.1" status: 200 len: 2996 time: 0.4898813
2026-05-20 04:24:34.715 9 INFO neutron.wsgi [None req-c149794b-d69c-410a-8008-dae64356bc91 2f24a31e7361484a926d42e268766599 15af51f74f724241b5d8abfac3bb90ff - - default default] 10.0.0.99 "DELETE /v2.0/security-groups/82e59daf-6b36-4dd6-bf34-796cc5c24c2f HTTP/1.1" status: 204 len: 168 time: 0.1608641
2026-05-20 04:24:34.944 10 INFO neutron.db.ovn_revision_numbers_db [None req-919262f2-2d18-40ea-a95e-5dc25c807aec 2f24a31e7361484a926d42e268766599 15af51f74f724241b5d8abfac3bb90ff - - default default] Successfully bumped revision number for resource 874b76ee-82d8-49db-ab25-23583c799a8a (type: security_groups) to 1
2026-05-20 04:24:34.962 10 INFO neutron.db.ovn_revision_numbers_db [None req-919262f2-2d18-40ea-a95e-5dc25c807aec 2f24a31e7361484a926d42e268766599 15af51f74f724241b5d8abfac3bb90ff - - default default] Successfully bumped revision number for resource 45b3f109-028c-4e38-9be1-9a025c79bb84 (type: security_group_rules) to 0
2026-05-20 04:24:34.981 10 INFO neutron.db.ovn_revision_numbers_db [None req-919262f2-2d18-40ea-a95e-5dc25c807aec 2f24a31e7361484a926d42e268766599 15af51f74f724241b5d8abfac3bb90ff - - default default] Successfully bumped revision number for resource 7b84970f-be63-4d49-a24d-0bd6a3f946cd (type: security_group_rules) to 0
2026-05-20 04:24:34.987 9 INFO neutron.db.ovn_revision_numbers_db [None req-1e3f4c88-8b89-44f8-b868-c8a937aef85e 9b25c9c35ce94d37a491a6b5376df787 233371bc8009423984838341dded90dc - - default default] Successfully bumped revision number for resource 5fbcd75b-2505-4227-a145-80b096af60e3 (type: security_groups) to 1
2026-05-20 04:24:34.996 10 INFO neutron.db.ovn_revision_numbers_db [None req-d73c96b3-6363-443c-ab8e-90152ee71e88 b3077ecdd4a74984b65a59f6cd639a42 f54cd05a49e04d72b61c86265ad8fa42 - - default default] Successfully bumped revision number for resource 59633cfa-c006-4775-bc56-804cfdff4249 (type: ports) to 2
2026-05-20 04:24:34.997 10 INFO neutron.db.ovn_revision_numbers_db [None req-919262f2-2d18-40ea-a95e-5dc25c807aec 2f24a31e7361484a926d42e268766599 15af51f74f724241b5d8abfac3bb90ff - - default default] Successfully bumped revision number for resource 9613f937-7c56-422e-bdaf-e8b09c7ed538 (type: security_group_rules) to 0
2026-05-20 04:24:35.000 9 INFO neutron.db.ovn_revision_numbers_db [None req-1e3f4c88-8b89-44f8-b868-c8a937aef85e 9b25c9c35ce94d37a491a6b5376df787 233371bc8009423984838341dded90dc - - default default] Successfully bumped revision number for resource 42bc05b5-7011-418e-8fc5-d50c954031bb (type: security_group_rules) to 0
2026-05-20 04:24:35.013 9 INFO neutron.db.ovn_revision_numbers_db [None req-1e3f4c88-8b89-44f8-b868-c8a937aef85e 9b25c9c35ce94d37a491a6b5376df787 233371bc8009423984838341dded90dc - - default default] Successfully bumped revision number for resource 5ef21751-d3aa-4d1a-9d91-3ff6512a7c8e (type: security_group_rules) to 0
2026-05-20 04:24:35.018 10 INFO neutron.db.ovn_revision_numbers_db [None req-919262f2-2d18-40ea-a95e-5dc25c807aec 2f24a31e7361484a926d42e268766599 15af51f74f724241b5d8abfac3bb90ff - - default default] Successfully bumped revision number for resource e33e7452-0a14-4011-807d-70a3f2b43b23 (type: security_group_rules) to 0
2026-05-20 04:24:35.028 9 INFO neutron.db.ovn_revision_numbers_db [None req-1e3f4c88-8b89-44f8-b868-c8a937aef85e 9b25c9c35ce94d37a491a6b5376df787 233371bc8009423984838341dded90dc - - default default] Successfully bumped revision number for resource 84d61021-c5c5-4e68-8b1b-8312669b9671 (type: security_group_rules) to 0
2026-05-20 04:24:35.030 10 INFO neutron.db.ovn_revision_numbers_db [None req-d73c96b3-6363-443c-ab8e-90152ee71e88 b3077ecdd4a74984b65a59f6cd639a42 f54cd05a49e04d72b61c86265ad8fa42 - - default default] Successfully bumped revision number for resource 17b33f70-cd0a-41d3-a9af-1da4f1a40bd7 (type: subnets) to 0
2026-05-20 04:24:35.040 9 INFO neutron.db.ovn_revision_numbers_db [None req-1e3f4c88-8b89-44f8-b868-c8a937aef85e 9b25c9c35ce94d37a491a6b5376df787 233371bc8009423984838341dded90dc - - default default] Successfully bumped revision number for resource b3fd7109-8840-45e0-945b-f0ec5f2e2857 (type: security_group_rules) to 0
2026-05-20 04:24:35.044 10 INFO neutron.wsgi [None req-919262f2-2d18-40ea-a95e-5dc25c807aec 2f24a31e7361484a926d42e268766599 15af51f74f724241b5d8abfac3bb90ff - - default default] 10.0.0.99 "GET /v2.0/security-groups?tenant_id=c307de34b0794c3fb4f754921142d6ee&name=default HTTP/1.1" status: 200 len: 2996 time: 0.2447131
2026-05-20 04:24:35.050 10 INFO neutron.wsgi [None req-d73c96b3-6363-443c-ab8e-90152ee71e88 b3077ecdd4a74984b65a59f6cd639a42 f54cd05a49e04d72b61c86265ad8fa42 - - default default] 10.0.0.99 "POST /v2.0/subnets HTTP/1.1" status: 201 len: 819 time: 0.6813939
2026-05-20 04:24:35.060 9 WARNING neutron.api.v2.base [None req-ff3edbfc-3df6-49b2-8a8e-3d5ac43e0cf0 b3077ecdd4a74984b65a59f6cd639a42 f54cd05a49e04d72b61c86265ad8fa42 - - default default] An exception happened while processing the request body. The exception message is [Invalid input for target_tenant. Reason: 'None' is not a valid string.].: webob.exc.HTTPBadRequest: Invalid input for target_tenant. Reason: 'None' is not a valid string.
2026-05-20 04:24:35.061 9 INFO neutron.api.v2.resource [None req-ff3edbfc-3df6-49b2-8a8e-3d5ac43e0cf0 b3077ecdd4a74984b65a59f6cd639a42 f54cd05a49e04d72b61c86265ad8fa42 - - default default] create failed (client error): Invalid input for target_tenant. Reason: 'None' is not a valid string.
2026-05-20 04:24:35.062 9 INFO neutron.wsgi [None req-ff3edbfc-3df6-49b2-8a8e-3d5ac43e0cf0 b3077ecdd4a74984b65a59f6cd639a42 f54cd05a49e04d72b61c86265ad8fa42 - - default default] 10.0.0.99 "POST /v2.0/rbac-policies HTTP/1.1" status: 400 len: 346 time: 0.0070362
2026-05-20 04:24:35.102 9 INFO neutron.db.segments_db [None req-1e3f4c88-8b89-44f8-b868-c8a937aef85e 9b25c9c35ce94d37a491a6b5376df787 233371bc8009423984838341dded90dc - - default default] Added segment 1335a7d5-d0cc-482c-940c-2de84af954c8 of type geneve for network bb7919cc-d945-4657-b422-4d84b2d1a2d0
2026-05-20 04:24:35.235 10 INFO neutron.wsgi [None req-5a41f0a9-e22a-45f3-8cf1-3f12ceee7cbc 2f24a31e7361484a926d42e268766599 15af51f74f724241b5d8abfac3bb90ff - - default default] 10.0.0.99 "DELETE /v2.0/security-groups/874b76ee-82d8-49db-ab25-23583c799a8a HTTP/1.1" status: 204 len: 168 time: 0.1839204
2026-05-20 04:24:35.280 9 INFO neutron.db.ovn_revision_numbers_db [None req-1e3f4c88-8b89-44f8-b868-c8a937aef85e 9b25c9c35ce94d37a491a6b5376df787 233371bc8009423984838341dded90dc - - default default] Successfully bumped revision number for resource bb7919cc-d945-4657-b422-4d84b2d1a2d0 (type: networks) to 1
