2026-05-20 04:23:33.315 9 INFO neutron.services.segments.plugin [-] Segment 1972cb7d-f7e2-45b6-9233-f57cfb011aff resource provider aggregate not found
2026-05-20 04:23:33.316 10 INFO neutron.db.ovn_revision_numbers_db [None req-62dea8ba-2638-42a1-ab2a-323c796f4fc8 7e9f362b08f840aeb70f35db27d0efed b9fcdca5a7744f4996241176f49692a2 - - default default] Successfully bumped revision number for resource 6bddaaf1-e999-404f-b258-c74376f5507f (type: security_group_rules) to 0
2026-05-20 04:23:33.324 9 INFO neutron.services.segments.plugin [-] Segment 1972cb7d-f7e2-45b6-9233-f57cfb011aff resource provider aggregate not found
2026-05-20 04:23:33.335 9 INFO neutron.services.segments.plugin [-] Segment 1972cb7d-f7e2-45b6-9233-f57cfb011aff resource provider not found; error: Placement Client Error (4xx): {"errors": [{"status": 404, "title": "Not Found", "detail": "The resource could not be found.\n\n No resource provider with uuid 1972cb7d-f7e2-45b6-9233-f57cfb011aff found for delete ", "request_id": "req-80d2be56-259a-4083-8260-02dceb29e7ee"}]}
2026-05-20 04:23:33.341 9 INFO neutron.services.segments.plugin [-] Segment 1972cb7d-f7e2-45b6-9233-f57cfb011aff resource provider not found; error: Placement Client Error (4xx): {"errors": [{"status": 404, "title": "Not Found", "detail": "The resource could not be found.\n\n No resource provider with uuid 1972cb7d-f7e2-45b6-9233-f57cfb011aff found for delete ", "request_id": "req-777036cf-7506-4162-91d0-c44160c0a96b"}]}
2026-05-20 04:23:33.343 10 INFO neutron.wsgi [None req-62dea8ba-2638-42a1-ab2a-323c796f4fc8 7e9f362b08f840aeb70f35db27d0efed b9fcdca5a7744f4996241176f49692a2 - - default default] 10.0.0.99 "POST /v2.0/security-groups HTTP/1.1" status: 201 len: 1809 time: 0.1825521
2026-05-20 04:23:33.349 9 INFO neutron.services.segments.plugin [-] Segment 5f0167dc-0410-4738-b090-4d6600645bdb resource provider aggregate not found
2026-05-20 04:23:33.363 9 INFO neutron.services.segments.plugin [-] Segment 5f0167dc-0410-4738-b090-4d6600645bdb resource provider aggregate not found
2026-05-20 04:23:33.370 9 INFO neutron.services.segments.plugin [-] Segment 5f0167dc-0410-4738-b090-4d6600645bdb resource provider not found; error: Placement Client Error (4xx): {"errors": [{"status": 404, "title": "Not Found", "detail": "The resource could not be found.\n\n No resource provider with uuid 5f0167dc-0410-4738-b090-4d6600645bdb found for delete ", "request_id": "req-f249aa87-da78-4d2c-bd31-e6906ca0ecfe"}]}
2026-05-20 04:23:33.381 9 INFO neutron.services.segments.plugin [-] Segment 5f0167dc-0410-4738-b090-4d6600645bdb resource provider not found; error: Placement Client Error (4xx): {"errors": [{"status": 404, "title": "Not Found", "detail": "The resource could not be found.\n\n No resource provider with uuid 5f0167dc-0410-4738-b090-4d6600645bdb found for delete ", "request_id": "req-50ec22b1-8e9a-4de1-9a2a-80189a08d76b"}]}
2026-05-20 04:23:33.389 10 INFO neutron.wsgi [req-112ca428-a66f-4694-96e6-624690296ad7 req-efab8847-75cd-45ee-921e-5eb6fba7b4a7 df014c09aa7c40dd861fa433456bbb6d 1adf2d4fa83d4be7b78efa6dc9ff0c06 - - default default] 10.0.0.136 "GET /v2.0/ports?device_id=b8c886cd-b695-4fd9-8050-8fd8d08a0745 HTTP/1.1" status: 200 len: 1168 time: 0.0404069
2026-05-20 04:23:33.439 10 INFO neutron.wsgi [req-112ca428-a66f-4694-96e6-624690296ad7 req-99446c0c-7862-4994-9741-da68ebc32380 df014c09aa7c40dd861fa433456bbb6d 1adf2d4fa83d4be7b78efa6dc9ff0c06 - - default default] 10.0.0.136 "GET /v2.0/security-groups?id=3f6a0e65-7fc4-4757-8712-edf4d243bfe8&fields=id&fields=name HTTP/1.1" status: 200 len: 313 time: 0.0413582
2026-05-20 04:23:33.492 9 INFO neutron.db.ovn_revision_numbers_db [None req-e121fad3-da56-4002-8add-7f2bfb691fa8 7e9f362b08f840aeb70f35db27d0efed b9fcdca5a7744f4996241176f49692a2 - - default default] Successfully bumped revision number for resource 1b8b1441-8273-43cf-ba7b-7724e3bfe4be (type: security_group_rules) to 0
2026-05-20 04:23:33.517 9 INFO neutron.wsgi [None req-e121fad3-da56-4002-8add-7f2bfb691fa8 7e9f362b08f840aeb70f35db27d0efed b9fcdca5a7744f4996241176f49692a2 - - default default] 10.0.0.99 "POST /v2.0/security-group-rules HTTP/1.1" status: 201 len: 764 time: 0.1618433
2026-05-20 04:23:33.645 10 INFO neutron.db.ovn_revision_numbers_db [None req-546fab14-2d9e-4784-ab42-25b458f5008e 7e9f362b08f840aeb70f35db27d0efed b9fcdca5a7744f4996241176f49692a2 - - default default] Successfully bumped revision number for resource aca80c29-a6bb-454a-bf41-8c4153279bcb (type: security_group_rules) to 0
2026-05-20 04:23:33.667 10 INFO neutron.wsgi [None req-546fab14-2d9e-4784-ab42-25b458f5008e 7e9f362b08f840aeb70f35db27d0efed b9fcdca5a7744f4996241176f49692a2 - - default default] 10.0.0.99 "POST /v2.0/security-group-rules HTTP/1.1" status: 201 len: 763 time: 0.1459069
2026-05-20 04:23:33.805 9 INFO neutron.db.ovn_revision_numbers_db [None req-0d417f87-1ff2-4b7b-82dc-0fbc15c08689 7e9f362b08f840aeb70f35db27d0efed b9fcdca5a7744f4996241176f49692a2 - - default default] Successfully bumped revision number for resource 06cae759-105f-43a7-a775-20797cfdd4ff (type: security_group_rules) to 0
2026-05-20 04:23:33.822 9 INFO neutron.db.ovn_revision_numbers_db [None req-c24e6b2c-40fd-4a71-b5b2-5f0b940c7255 2f24a31e7361484a926d42e268766599 15af51f74f724241b5d8abfac3bb90ff - - default default] Successfully bumped revision number for resource ab20f6bf-1dc7-4211-b90b-e0e3dc583d70 (type: security_groups) to 1
2026-05-20 04:23:33.841 9 INFO neutron.db.ovn_revision_numbers_db [None req-c24e6b2c-40fd-4a71-b5b2-5f0b940c7255 2f24a31e7361484a926d42e268766599 15af51f74f724241b5d8abfac3bb90ff - - default default] Successfully bumped revision number for resource 064db3b7-6745-42dc-b602-8450388c077a (type: security_group_rules) to 0
2026-05-20 04:23:33.849 9 INFO neutron.wsgi [None req-0d417f87-1ff2-4b7b-82dc-0fbc15c08689 7e9f362b08f840aeb70f35db27d0efed b9fcdca5a7744f4996241176f49692a2 - - default default] 10.0.0.99 "POST /v2.0/security-group-rules HTTP/1.1" status: 201 len: 769 time: 0.1774726
2026-05-20 04:23:33.870 9 INFO neutron.db.ovn_revision_numbers_db [None req-c24e6b2c-40fd-4a71-b5b2-5f0b940c7255 2f24a31e7361484a926d42e268766599 15af51f74f724241b5d8abfac3bb90ff - - default default] Successfully bumped revision number for resource 25220fb2-be8f-4e8f-aeef-14407afffc74 (type: security_group_rules) to 0
2026-05-20 04:23:33.901 9 INFO neutron.db.ovn_revision_numbers_db [None req-c24e6b2c-40fd-4a71-b5b2-5f0b940c7255 2f24a31e7361484a926d42e268766599 15af51f74f724241b5d8abfac3bb90ff - - default default] Successfully bumped revision number for resource 851d9d72-bb06-4e0f-ad65-94d0054a1816 (type: security_group_rules) to 0
2026-05-20 04:23:33.926 9 INFO neutron.db.ovn_revision_numbers_db [None req-c24e6b2c-40fd-4a71-b5b2-5f0b940c7255 2f24a31e7361484a926d42e268766599 15af51f74f724241b5d8abfac3bb90ff - - default default] Successfully bumped revision number for resource f07b50cb-9d7f-41d9-80ad-1a07335bbf61 (type: security_group_rules) to 0
2026-05-20 04:23:33.956 9 INFO neutron.wsgi [None req-c24e6b2c-40fd-4a71-b5b2-5f0b940c7255 2f24a31e7361484a926d42e268766599 15af51f74f724241b5d8abfac3bb90ff - - default default] 10.0.0.99 "GET /v2.0/security-groups?tenant_id=1170c714abc740a1a0a73f90b4a667dd&name=default HTTP/1.1" status: 200 len: 2996 time: 0.3648486
2026-05-20 04:23:34.019 10 INFO neutron.db.ovn_revision_numbers_db [None req-baa81748-305e-4f03-a925-81900b427bd8 7e9f362b08f840aeb70f35db27d0efed b9fcdca5a7744f4996241176f49692a2 - - default default] Successfully bumped revision number for resource 6cbbcf23-6a04-452f-b95e-bc3ac6b042c4 (type: security_group_rules) to 0
2026-05-20 04:23:34.051 10 INFO neutron.wsgi [None req-baa81748-305e-4f03-a925-81900b427bd8 7e9f362b08f840aeb70f35db27d0efed b9fcdca5a7744f4996241176f49692a2 - - default default] 10.0.0.99 "POST /v2.0/security-group-rules HTTP/1.1" status: 201 len: 768 time: 0.1976292
2026-05-20 04:23:34.083 10 INFO neutron.db.securitygroups_db [None req-7b82ec4b-85af-445c-be03-9a8470e299ba 7e9f362b08f840aeb70f35db27d0efed b9fcdca5a7744f4996241176f49692a2 - - default default] Project b9fcdca5a7744f4996241176f49692a2 added a security group rule with legacy IPv6 ICMP protocol name icmp, ipv6-icmp should be used instead. It was automatically converted.
2026-05-20 04:23:34.195 10 INFO neutron.db.ovn_revision_numbers_db [None req-7b82ec4b-85af-445c-be03-9a8470e299ba 7e9f362b08f840aeb70f35db27d0efed b9fcdca5a7744f4996241176f49692a2 - - default default] Successfully bumped revision number for resource 8d8dbdb7-bba5-4ebb-a431-45b32751cf49 (type: security_group_rules) to 0
2026-05-20 04:23:34.217 10 INFO neutron.wsgi [None req-805c936f-35f1-4867-be20-085838a8108f 2f24a31e7361484a926d42e268766599 15af51f74f724241b5d8abfac3bb90ff - - default default] 10.0.0.99 "DELETE /v2.0/security-groups/ab20f6bf-1dc7-4211-b90b-e0e3dc583d70 HTTP/1.1" status: 204 len: 168 time: 0.2527239
2026-05-20 04:23:34.235 10 INFO neutron.wsgi [None req-7b82ec4b-85af-445c-be03-9a8470e299ba 7e9f362b08f840aeb70f35db27d0efed b9fcdca5a7744f4996241176f49692a2 - - default default] 10.0.0.99 "POST /v2.0/security-group-rules HTTP/1.1" status: 201 len: 774 time: 0.1788421
2026-05-20 04:23:34.264 10 INFO neutron.db.securitygroups_db [None req-5bbd7357-ded5-4280-979f-6edcdec6dbfa 7e9f362b08f840aeb70f35db27d0efed b9fcdca5a7744f4996241176f49692a2 - - default default] Project b9fcdca5a7744f4996241176f49692a2 added a security group rule with legacy IPv6 ICMP protocol name icmp, ipv6-icmp should be used instead. It was automatically converted.
2026-05-20 04:23:34.370 10 INFO neutron.db.ovn_revision_numbers_db [None req-5bbd7357-ded5-4280-979f-6edcdec6dbfa 7e9f362b08f840aeb70f35db27d0efed b9fcdca5a7744f4996241176f49692a2 - - default default] Successfully bumped revision number for resource 635e9ca7-5f0d-4e33-9b4c-eda7032cca3c (type: security_group_rules) to 0
2026-05-20 04:23:34.407 10 INFO neutron.wsgi [None req-5bbd7357-ded5-4280-979f-6edcdec6dbfa 7e9f362b08f840aeb70f35db27d0efed b9fcdca5a7744f4996241176f49692a2 - - default default] 10.0.0.99 "POST /v2.0/security-group-rules HTTP/1.1" status: 201 len: 773 time: 0.1667337
2026-05-20 04:23:34.437 9 INFO neutron.wsgi [None req-b773e2eb-9014-4123-a92d-756c6d9af413 2f24a31e7361484a926d42e268766599 15af51f74f724241b5d8abfac3bb90ff - - default default] 10.0.0.99 "GET /v2.0/security-groups?tenant_id=9d92221239234833882628e6248b2934&name=default HTTP/1.1" status: 200 len: 2996 time: 0.0601118
2026-05-20 04:23:34.553 10 INFO neutron.wsgi [req-9a407304-1f9c-495a-a956-408260963991 req-5a33d156-48cb-46d4-891e-95cedc3b1a97 df014c09aa7c40dd861fa433456bbb6d 1adf2d4fa83d4be7b78efa6dc9ff0c06 - - default default] 10.0.0.136 "GET /v2.0/ports?device_id=b8c886cd-b695-4fd9-8050-8fd8d08a0745 HTTP/1.1" status: 200 len: 1168 time: 0.0484080
2026-05-20 04:23:34.606 10 INFO neutron.wsgi [req-9a407304-1f9c-495a-a956-408260963991 req-9a1ef7f8-da97-466b-b326-30838cc80d6e df014c09aa7c40dd861fa433456bbb6d 1adf2d4fa83d4be7b78efa6dc9ff0c06 - - default default] 10.0.0.136 "GET /v2.0/security-groups?id=3f6a0e65-7fc4-4757-8712-edf4d243bfe8&fields=id&fields=name HTTP/1.1" status: 200 len: 313 time: 0.0394580
2026-05-20 04:23:34.630 9 INFO neutron.wsgi [None req-c296eee9-9524-4b77-ada0-6e4e2099e66c 2f24a31e7361484a926d42e268766599 15af51f74f724241b5d8abfac3bb90ff - - default default] 10.0.0.99 "DELETE /v2.0/security-groups/3a47225a-8076-4eea-904a-81f60c60975d HTTP/1.1" status: 204 len: 168 time: 0.1877041
2026-05-20 04:23:34.848 10 INFO neutron.db.ovn_revision_numbers_db [None req-2506e0ab-ebf1-4968-8fdf-3d8721c238ff 02165ad3c1e4464094c179230a75f66c 0860e5436f1c4e6ca19ffee18501fb17 - - default default] Successfully bumped revision number for resource 0666f427-909c-4038-8f84-dac117bb8b49 (type: security_groups) to 1
2026-05-20 04:23:34.873 10 INFO neutron.db.ovn_revision_numbers_db [None req-2506e0ab-ebf1-4968-8fdf-3d8721c238ff 02165ad3c1e4464094c179230a75f66c 0860e5436f1c4e6ca19ffee18501fb17 - - default default] Successfully bumped revision number for resource 48e41f0e-79cb-4e1f-a168-7e9b77cae75d (type: security_group_rules) to 0
2026-05-20 04:23:34.892 10 INFO neutron.db.ovn_revision_numbers_db [None req-a439201c-90b4-45f2-ad2b-c7543ab22f9c 2f24a31e7361484a926d42e268766599 15af51f74f724241b5d8abfac3bb90ff - - default default] Successfully bumped revision number for resource 808ec334-c3f7-46bb-86bd-3beb2d687ae7 (type: security_groups) to 1
2026-05-20 04:23:34.893 10 INFO neutron.db.ovn_revision_numbers_db [None req-2506e0ab-ebf1-4968-8fdf-3d8721c238ff 02165ad3c1e4464094c179230a75f66c 0860e5436f1c4e6ca19ffee18501fb17 - - default default] Successfully bumped revision number for resource 4d506ecc-503e-4ae2-a58f-54a174692dce (type: security_group_rules) to 0
2026-05-20 04:23:34.908 10 INFO neutron.db.ovn_revision_numbers_db [None req-a439201c-90b4-45f2-ad2b-c7543ab22f9c 2f24a31e7361484a926d42e268766599 15af51f74f724241b5d8abfac3bb90ff - - default default] Successfully bumped revision number for resource 4e386b2f-4ad3-4f7c-ad16-e851d67fedf9 (type: security_group_rules) to 0
2026-05-20 04:23:34.910 10 INFO neutron.db.ovn_revision_numbers_db [None req-2506e0ab-ebf1-4968-8fdf-3d8721c238ff 02165ad3c1e4464094c179230a75f66c 0860e5436f1c4e6ca19ffee18501fb17 - - default default] Successfully bumped revision number for resource b68786b6-de01-479d-8e3d-686d7d0c3c40 (type: security_group_rules) to 0
2026-05-20 04:23:34.925 10 INFO neutron.db.ovn_revision_numbers_db [None req-a439201c-90b4-45f2-ad2b-c7543ab22f9c 2f24a31e7361484a926d42e268766599 15af51f74f724241b5d8abfac3bb90ff - - default default] Successfully bumped revision number for resource 572dd06b-c2b4-435b-a0d8-a45b9b6e4464 (type: security_group_rules) to 0
2026-05-20 04:23:34.927 10 INFO neutron.db.ovn_revision_numbers_db [None req-2506e0ab-ebf1-4968-8fdf-3d8721c238ff 02165ad3c1e4464094c179230a75f66c 0860e5436f1c4e6ca19ffee18501fb17 - - default default] Successfully bumped revision number for resource d0be454c-e8e4-4062-bb5b-cc7e714e4924 (type: security_group_rules) to 0
2026-05-20 04:23:34.944 9 INFO neutron.db.ovn_revision_numbers_db [None req-47aa000d-fb88-4c94-8521-baa27c68652d 7e9f362b08f840aeb70f35db27d0efed b9fcdca5a7744f4996241176f49692a2 - - default default] Successfully bumped revision number for resource d5d42741-1287-4174-96b3-3f709734f670 (type: security_groups) to 1
2026-05-20 04:23:34.948 10 INFO neutron.db.ovn_revision_numbers_db [None req-a439201c-90b4-45f2-ad2b-c7543ab22f9c 2f24a31e7361484a926d42e268766599 15af51f74f724241b5d8abfac3bb90ff - - default default] Successfully bumped revision number for resource 94851fba-2a8d-42e4-bff0-e615de204069 (type: security_group_rules) to 0
2026-05-20 04:23:34.957 9 INFO neutron.db.ovn_revision_numbers_db [None req-47aa000d-fb88-4c94-8521-baa27c68652d 7e9f362b08f840aeb70f35db27d0efed b9fcdca5a7744f4996241176f49692a2 - - default default] Successfully bumped revision number for resource 2904e4fe-fb2c-4eda-a91d-0597ff638f2f (type: security_group_rules) to 0
2026-05-20 04:23:34.960 10 INFO neutron.db.ovn_revision_numbers_db [None req-a439201c-90b4-45f2-ad2b-c7543ab22f9c 2f24a31e7361484a926d42e268766599 15af51f74f724241b5d8abfac3bb90ff - - default default] Successfully bumped revision number for resource d0a16bce-4380-4136-ad48-0a6117295c49 (type: security_group_rules) to 0
2026-05-20 04:23:34.972 9 INFO neutron.db.ovn_revision_numbers_db [None req-47aa000d-fb88-4c94-8521-baa27c68652d 7e9f362b08f840aeb70f35db27d0efed b9fcdca5a7744f4996241176f49692a2 - - default default] Successfully bumped revision number for resource b5b6b370-72a2-487a-b11f-fa718f356e96 (type: security_group_rules) to 0
2026-05-20 04:23:34.986 10 INFO neutron.wsgi [None req-a439201c-90b4-45f2-ad2b-c7543ab22f9c 2f24a31e7361484a926d42e268766599 15af51f74f724241b5d8abfac3bb90ff - - default default] 10.0.0.99 "GET /v2.0/security-groups?tenant_id=aa9bb4828ef24022be334ec05a32fc88&name=default HTTP/1.1" status: 200 len: 2996 time: 0.2244871
2026-05-20 04:23:34.988 10 INFO neutron.db.segments_db [None req-2506e0ab-ebf1-4968-8fdf-3d8721c238ff 02165ad3c1e4464094c179230a75f66c 0860e5436f1c4e6ca19ffee18501fb17 - - default default] Added segment cc95501e-cf16-4dff-9135-07f096f8c170 of type geneve for network 570c53ab-68c5-4641-924c-da263d9319e4
2026-05-20 04:23:34.993 9 INFO neutron.wsgi [None req-47aa000d-fb88-4c94-8521-baa27c68652d 7e9f362b08f840aeb70f35db27d0efed b9fcdca5a7744f4996241176f49692a2 - - default default] 10.0.0.99 "POST /v2.0/security-groups HTTP/1.1" status: 201 len: 1795 time: 0.1666372
2026-05-20 04:23:35.149 10 INFO neutron.db.ovn_revision_numbers_db [None req-2506e0ab-ebf1-4968-8fdf-3d8721c238ff 02165ad3c1e4464094c179230a75f66c 0860e5436f1c4e6ca19ffee18501fb17 - - default default] Successfully bumped revision number for resource 570c53ab-68c5-4641-924c-da263d9319e4 (type: networks) to 1
2026-05-20 04:23:35.175 10 INFO neutron.db.ovn_revision_numbers_db [None req-c53a6a24-9c41-43f8-b893-5d20f4713a09 7e9f362b08f840aeb70f35db27d0efed b9fcdca5a7744f4996241176f49692a2 - - default default] Successfully bumped revision number for resource 0f1906c3-f60e-47ee-b9d2-afe2c1da38a4 (type: security_group_rules) to 0
2026-05-20 04:23:35.187 9 INFO neutron.wsgi [None req-28ca1c5c-3ca2-4436-b8f0-76e5dfd70b20 2f24a31e7361484a926d42e268766599 15af51f74f724241b5d8abfac3bb90ff - - default default] 10.0.0.99 "DELETE /v2.0/security-groups/808ec334-c3f7-46bb-86bd-3beb2d687ae7 HTTP/1.1" status: 204 len: 168 time: 0.1908579
2026-05-20 04:23:35.216 10 INFO neutron.wsgi [None req-c53a6a24-9c41-43f8-b893-5d20f4713a09 7e9f362b08f840aeb70f35db27d0efed b9fcdca5a7744f4996241176f49692a2 - - default default] 10.0.0.99 "POST /v2.0/security-group-rules HTTP/1.1" status: 201 len: 764 time: 0.2148480
2026-05-20 04:23:35.331 10 WARNING neutron.scheduler.dhcp_agent_scheduler [None req-2506e0ab-ebf1-4968-8fdf-3d8721c238ff 02165ad3c1e4464094c179230a75f66c 0860e5436f1c4e6ca19ffee18501fb17 - - default default] No more DHCP agents
2026-05-20 04:23:35.335 10 WARNING neutron.api.rpc.agentnotifiers.dhcp_rpc_agent_api [None req-2506e0ab-ebf1-4968-8fdf-3d8721c238ff 02165ad3c1e4464094c179230a75f66c 0860e5436f1c4e6ca19ffee18501fb17 - - default default] Unable to schedule network 570c53ab-68c5-4641-924c-da263d9319e4: no agents available; will retry on subsequent port and subnet creation events.
2026-05-20 04:23:35.391 10 INFO neutron.db.ovn_revision_numbers_db [None req-4254248a-3aed-46d7-91b7-4987896f6a3f 7e9f362b08f840aeb70f35db27d0efed b9fcdca5a7744f4996241176f49692a2 - - default default] Successfully bumped revision number for resource 519d0ef8-79b8-4714-bf4c-b5d530f11bbd (type: security_group_rules) to 0
2026-05-20 04:23:35.423 10 INFO neutron.wsgi [None req-4254248a-3aed-46d7-91b7-4987896f6a3f 7e9f362b08f840aeb70f35db27d0efed b9fcdca5a7744f4996241176f49692a2 - - default default] 10.0.0.99 "POST /v2.0/security-group-rules HTTP/1.1" status: 201 len: 769 time: 0.2017248
2026-05-20 04:23:35.424 10 INFO neutron.db.ovn_revision_numbers_db [None req-2506e0ab-ebf1-4968-8fdf-3d8721c238ff 02165ad3c1e4464094c179230a75f66c 0860e5436f1c4e6ca19ffee18501fb17 - - default default] Successfully bumped revision number for resource df16ae30-aed6-4654-9431-1fd6a51902d3 (type: ports) to 1
2026-05-20 04:23:35.444 10 INFO neutron.wsgi [None req-2506e0ab-ebf1-4968-8fdf-3d8721c238ff 02165ad3c1e4464094c179230a75f66c 0860e5436f1c4e6ca19ffee18501fb17 - - default default] 10.0.0.99 "POST /v2.0/networks HTTP/1.1" status: 201 len: 828 time: 0.8882005
2026-05-20 04:23:35.537 10 INFO neutron.db.segments_db [None req-669f7581-7475-4fc3-bdbd-a2a44019995a 02165ad3c1e4464094c179230a75f66c 0860e5436f1c4e6ca19ffee18501fb17 - - default default] Added segment 987344ae-45d2-4d35-86f2-de8f5eaa4497 of type geneve for network 134abd4b-f35a-478c-a27e-5af3b4d5fb58
2026-05-20 04:23:35.693 9 WARNING neutron.scheduler.dhcp_agent_scheduler [None req-cd88f239-a78e-4b07-8ce4-6f35c6e9e7d5 7e9f362b08f840aeb70f35db27d0efed b9fcdca5a7744f4996241176f49692a2 - - default default] No more DHCP agents
2026-05-20 04:23:35.695 9 WARNING neutron.api.rpc.agentnotifiers.dhcp_rpc_agent_api [None req-cd88f239-a78e-4b07-8ce4-6f35c6e9e7d5 7e9f362b08f840aeb70f35db27d0efed b9fcdca5a7744f4996241176f49692a2 - - default default] Unable to schedule network db57a76f-9faa-48e4-bf2e-a7fa9e8dc65e: no agents available; will retry on subsequent port and subnet creation events.
2026-05-20 04:23:35.697 10 INFO neutron.db.ovn_revision_numbers_db [None req-669f7581-7475-4fc3-bdbd-a2a44019995a 02165ad3c1e4464094c179230a75f66c 0860e5436f1c4e6ca19ffee18501fb17 - - default default] Successfully bumped revision number for resource 134abd4b-f35a-478c-a27e-5af3b4d5fb58 (type: networks) to 1
2026-05-20 04:23:35.711 10 INFO neutron.wsgi [req-7a08ae43-938a-4c49-a60e-120265f9be9d req-a6c89e8a-3b66-463c-9d19-edc5a6092cd9 df014c09aa7c40dd861fa433456bbb6d 1adf2d4fa83d4be7b78efa6dc9ff0c06 - - default default] 10.0.0.136 "GET /v2.0/ports?device_id=b8c886cd-b695-4fd9-8050-8fd8d08a0745 HTTP/1.1" status: 200 len: 1168 time: 0.0392191
2026-05-20 04:23:35.767 10 INFO neutron.wsgi [req-7a08ae43-938a-4c49-a60e-120265f9be9d req-01b93a08-9105-4176-b53c-96140740fc8c df014c09aa7c40dd861fa433456bbb6d 1adf2d4fa83d4be7b78efa6dc9ff0c06 - - default default] 10.0.0.136 "GET /v2.0/security-groups?id=3f6a0e65-7fc4-4757-8712-edf4d243bfe8&fields=id&fields=name HTTP/1.1" status: 200 len: 313 time: 0.0474377
2026-05-20 04:23:35.869 10 WARNING neutron.scheduler.dhcp_agent_scheduler [None req-669f7581-7475-4fc3-bdbd-a2a44019995a 02165ad3c1e4464094c179230a75f66c 0860e5436f1c4e6ca19ffee18501fb17 - - default default] No more DHCP agents
2026-05-20 04:23:35.872 10 WARNING neutron.api.rpc.agentnotifiers.dhcp_rpc_agent_api [None req-669f7581-7475-4fc3-bdbd-a2a44019995a 02165ad3c1e4464094c179230a75f66c 0860e5436f1c4e6ca19ffee18501fb17 - - default default] Unable to schedule network 134abd4b-f35a-478c-a27e-5af3b4d5fb58: no agents available; will retry on subsequent port and subnet creation events.
2026-05-20 04:23:35.962 10 INFO neutron.db.ovn_revision_numbers_db [None req-669f7581-7475-4fc3-bdbd-a2a44019995a 02165ad3c1e4464094c179230a75f66c 0860e5436f1c4e6ca19ffee18501fb17 - - default default] Successfully bumped revision number for resource 08df19f3-5d29-44b8-9000-27c058760301 (type: ports) to 1
2026-05-20 04:23:35.984 10 INFO neutron.wsgi [None req-669f7581-7475-4fc3-bdbd-a2a44019995a 02165ad3c1e4464094c179230a75f66c 0860e5436f1c4e6ca19ffee18501fb17 - - default default] 10.0.0.99 "POST /v2.0/networks HTTP/1.1" status: 201 len: 829 time: 0.5347340
2026-05-20 04:23:36.028 9 INFO neutron.db.ovn_revision_numbers_db [None req-cd88f239-a78e-4b07-8ce4-6f35c6e9e7d5 7e9f362b08f840aeb70f35db27d0efed b9fcdca5a7744f4996241176f49692a2 - - default default] Successfully bumped revision number for resource f76cb41f-a117-46b2-a469-016e98fa0107 (type: floatingips) to 0
2026-05-20 04:23:36.043 9 INFO neutron.wsgi [None req-cd88f239-a78e-4b07-8ce4-6f35c6e9e7d5 7e9f362b08f840aeb70f35db27d0efed b9fcdca5a7744f4996241176f49692a2 - - default default] 10.0.0.99 "POST /v2.0/floatingips HTTP/1.1" status: 201 len: 751 time: 0.6146381
2026-05-20 04:23:36.158 10 INFO neutron.wsgi [req-af44a823-848b-4a68-bb57-2f6938f32be8 req-87c68ace-c88a-4b3f-83e9-9fd7e9b3be5f 7e9f362b08f840aeb70f35db27d0efed b9fcdca5a7744f4996241176f49692a2 - - default default] 10.0.0.136 "GET /v2.0/security-groups?name=tempest-secgroup-smoke-418516778&fields=id&tenant_id=b9fcdca5a7744f4996241176f49692a2 HTTP/1.1" status: 200 len: 267 time: 0.0416653
2026-05-20 04:23:36.224 10 INFO neutron.wsgi [req-af44a823-848b-4a68-bb57-2f6938f32be8 req-e87d6647-e7c9-40d8-87f8-8e83a7fb09ac 7e9f362b08f840aeb70f35db27d0efed b9fcdca5a7744f4996241176f49692a2 - - default default] 10.0.0.136 "GET /v2.0/security-groups?name=tempest-securitygroup--41756676&fields=id&tenant_id=b9fcdca5a7744f4996241176f49692a2 HTTP/1.1" status: 200 len: 267 time: 0.0526850
2026-05-20 04:23:36.257 10 WARNING neutron.scheduler.dhcp_agent_scheduler [None req-ed073c46-97d9-4259-9e59-afb96513ea1f 02165ad3c1e4464094c179230a75f66c 0860e5436f1c4e6ca19ffee18501fb17 - - default default] No more DHCP agents
2026-05-20 04:23:36.265 10 WARNING neutron.api.rpc.agentnotifiers.dhcp_rpc_agent_api [None req-ed073c46-97d9-4259-9e59-afb96513ea1f 02165ad3c1e4464094c179230a75f66c 0860e5436f1c4e6ca19ffee18501fb17 - - default default] Unable to schedule network 570c53ab-68c5-4641-924c-da263d9319e4: no agents available; will retry on subsequent port and subnet creation events.
2026-05-20 04:23:36.550 10 INFO neutron.wsgi [req-af44a823-848b-4a68-bb57-2f6938f32be8 req-a1d83370-0736-441a-b05a-3fd6df4c219b 7e9f362b08f840aeb70f35db27d0efed b9fcdca5a7744f4996241176f49692a2 - - default default] 10.0.0.136 "GET /v2.0/networks?id=a1a71b6e-b229-4413-becd-e62da21e7f04 HTTP/1.1" status: 200 len: 872 time: 0.3098531
2026-05-20 04:23:36.572 10 INFO neutron.wsgi [req-af44a823-848b-4a68-bb57-2f6938f32be8 req-0ae3289a-7e08-48f9-9a62-f4e041d2cbac 7e9f362b08f840aeb70f35db27d0efed b9fcdca5a7744f4996241176f49692a2 - - default default] 10.0.0.136 "GET /v2.0/quotas/b9fcdca5a7744f4996241176f49692a2 HTTP/1.1" status: 200 len: 386 time: 0.0132575
2026-05-20 04:23:36.691 10 INFO neutron.wsgi [req-af44a823-848b-4a68-bb57-2f6938f32be8 req-edd6ae06-bdc8-45e9-a050-b31946386d9f 7e9f362b08f840aeb70f35db27d0efed b9fcdca5a7744f4996241176f49692a2 - - default default] 10.0.0.136 "GET /v2.0/ports?tenant_id=b9fcdca5a7744f4996241176f49692a2&fields=id HTTP/1.1" status: 200 len: 302 time: 0.1114266
2026-05-20 04:23:36.777 10 INFO neutron.wsgi [req-af44a823-848b-4a68-bb57-2f6938f32be8 req-0cbd11d5-9aed-44bf-be8a-0aa7fb6ae3d0 e4f70518d8ff4da2a1cf3bb1440028c3 5ca49b4e25f7453da29fb66c3786bfed - - 89aa15eb3226486a8b596588dd15fb76 89aa15eb3226486a8b596588dd15fb76] 10.0.0.136 "GET /v2.0/networks/a1a71b6e-b229-4413-becd-e62da21e7f04?fields=segments HTTP/1.1" status: 200 len: 212 time: 0.0723920
2026-05-20 04:23:36.860 10 INFO neutron.wsgi [req-af44a823-848b-4a68-bb57-2f6938f32be8 req-4886f45b-dce0-452a-b865-5457afd6db40 e4f70518d8ff4da2a1cf3bb1440028c3 5ca49b4e25f7453da29fb66c3786bfed - - 89aa15eb3226486a8b596588dd15fb76 89aa15eb3226486a8b596588dd15fb76] 10.0.0.136 "GET /v2.0/networks/a1a71b6e-b229-4413-becd-e62da21e7f04?fields=provider%3Aphysical_network&fields=provider%3Anetwork_type HTTP/1.1" status: 200 len: 277 time: 0.0776837
2026-05-20 04:23:36.888 10 INFO neutron.wsgi [req-ec30ec92-e672-46ee-a7eb-1783a5211aca req-24dd13f2-8d62-48a7-b8b5-1324995fedf1 df014c09aa7c40dd861fa433456bbb6d 1adf2d4fa83d4be7b78efa6dc9ff0c06 - - default default] 10.0.0.136 "GET /v2.0/ports?device_id=b8c886cd-b695-4fd9-8050-8fd8d08a0745 HTTP/1.1" status: 200 len: 1168 time: 0.0567875
2026-05-20 04:23:36.951 10 INFO neutron.wsgi [req-ec30ec92-e672-46ee-a7eb-1783a5211aca req-616b7389-fb72-470b-b87e-c59577db0a2a df014c09aa7c40dd861fa433456bbb6d 1adf2d4fa83d4be7b78efa6dc9ff0c06 - - default default] 10.0.0.136 "GET /v2.0/security-groups?id=3f6a0e65-7fc4-4757-8712-edf4d243bfe8&fields=id&fields=name HTTP/1.1" status: 200 len: 313 time: 0.0539322
2026-05-20 04:23:37.021 10 INFO neutron.wsgi [req-f3197450-a0b3-4767-b3e4-91bcc4be9574 req-f70af514-7a03-485b-912d-0cc31bb1e7a9 7e9f362b08f840aeb70f35db27d0efed b9fcdca5a7744f4996241176f49692a2 - - default default] 10.0.0.136 "GET /v2.0/ports?device_id=f0aedb18-30d7-4909-8d31-fe448caef202 HTTP/1.1" status: 200 len: 210 time: 0.0209022
2026-05-20 04:23:37.099 10 INFO neutron.db.ovn_revision_numbers_db [None req-ed073c46-97d9-4259-9e59-afb96513ea1f 02165ad3c1e4464094c179230a75f66c 0860e5436f1c4e6ca19ffee18501fb17 - - default default] Successfully bumped revision number for resource df16ae30-aed6-4654-9431-1fd6a51902d3 (type: ports) to 2
2026-05-20 04:23:37.140 10 INFO neutron.db.ovn_revision_numbers_db [None req-ed073c46-97d9-4259-9e59-afb96513ea1f 02165ad3c1e4464094c179230a75f66c 0860e5436f1c4e6ca19ffee18501fb17 - - default default] Successfully bumped revision number for resource c3f4113b-82fe-4598-9410-8c278dd633d7 (type: subnets) to 0
2026-05-20 04:23:37.157 10 INFO neutron.wsgi [None req-ed073c46-97d9-4259-9e59-afb96513ea1f 02165ad3c1e4464094c179230a75f66c 0860e5436f1c4e6ca19ffee18501fb17 - - default default] 10.0.0.99 "POST /v2.0/subnets HTTP/1.1" status: 201 len: 801 time: 1.1678483
2026-05-20 04:23:37.323 9 WARNING neutron.plugins.ml2.drivers.ovn.mech_driver.ovsdb.ovn_client [None req-81c5e094-bb6d-41a5-9d80-80da556afc5e - - - - - -] No hosting information found for port 7712902b-f693-4219-bfcf-f1400e7b4ec3: RuntimeError: No hosting information found for port 7712902b-f693-4219-bfcf-f1400e7b4ec3
2026-05-20 04:23:37.372 9 INFO neutron.plugins.ml2.drivers.ovn.mech_driver.mech_driver [None req-81c5e094-bb6d-41a5-9d80-80da556afc5e - - - - - -] OVN reports status up for port: 97ff64a3-b487-4bbc-aacc-d1882b91f1fd
2026-05-20 04:23:37.397 9 INFO neutron.plugins.ml2.plugin [None req-81c5e094-bb6d-41a5-9d80-80da556afc5e - - - - - -] Attempt 1 to provision port 97ff64a3-b487-4bbc-aacc-d1882b91f1fd
2026-05-20 04:23:37.407 10 WARNING neutron.scheduler.dhcp_agent_scheduler [None req-75d128f1-6a3d-40f0-8104-ad8a7354a515 02165ad3c1e4464094c179230a75f66c 0860e5436f1c4e6ca19ffee18501fb17 - - default default] No more DHCP agents
2026-05-20 04:23:37.415 10 WARNING neutron.api.rpc.agentnotifiers.dhcp_rpc_agent_api [None req-75d128f1-6a3d-40f0-8104-ad8a7354a515 02165ad3c1e4464094c179230a75f66c 0860e5436f1c4e6ca19ffee18501fb17 - - default default] Unable to schedule network 134abd4b-f35a-478c-a27e-5af3b4d5fb58: no agents available; will retry on subsequent port and subnet creation events.
2026-05-20 04:23:37.598 10 WARNING neutron.plugins.ml2.drivers.ovn.mech_driver.ovsdb.ovn_client [None req-eed3d43e-3b7c-4c7b-a6bf-fd72d4da65f6 - - - - - -] No hosting information found for port 4a196d2d-4f22-4054-a488-b568c10ad936: RuntimeError: No hosting information found for port 4a196d2d-4f22-4054-a488-b568c10ad936
2026-05-20 04:23:37.598 10 INFO neutron.plugins.ml2.drivers.ovn.mech_driver.mech_driver [None req-eed3d43e-3b7c-4c7b-a6bf-fd72d4da65f6 - - - - - -] OVN reports status up for port: ada48ef2-d7c0-4408-bd8d-18c02328aa05
2026-05-20 04:23:37.614 10 INFO neutron.plugins.ml2.plugin [None req-eed3d43e-3b7c-4c7b-a6bf-fd72d4da65f6 - - - - - -] Attempt 1 to provision port ada48ef2-d7c0-4408-bd8d-18c02328aa05
2026-05-20 04:23:37.756 10 INFO neutron.notifiers.nova [-] Nova event matching ['req-a340a471-f6e9-4405-97d9-087cca53eba6'] response: {'server_uuid': 'b8c886cd-b695-4fd9-8050-8fd8d08a0745', 'name': 'network-vif-plugged', 'status': 'completed', 'tag': 'ada48ef2-d7c0-4408-bd8d-18c02328aa05', 'code': 200}
2026-05-20 04:23:37.855 10 INFO neutron.wsgi [req-af44a823-848b-4a68-bb57-2f6938f32be8 req-c98faf96-3d80-4b84-9099-7ef7f4f67771 7e9f362b08f840aeb70f35db27d0efed b9fcdca5a7744f4996241176f49692a2 - - default default] 199.204.45.244 "GET /v2.0/networks?id=a1a71b6e-b229-4413-becd-e62da21e7f04 HTTP/1.1" status: 200 len: 872 time: 0.1113539
2026-05-20 04:23:37.952 10 INFO neutron.wsgi [req-af44a823-848b-4a68-bb57-2f6938f32be8 req-aa48f8ab-ad99-40e8-9661-ad412b7c657f 7e9f362b08f840aeb70f35db27d0efed b9fcdca5a7744f4996241176f49692a2 - - default default] 199.204.45.244 "GET /v2.0/security-groups?fields=id&fields=name&tenant_id=b9fcdca5a7744f4996241176f49692a2 HTTP/1.1" status: 200 len: 470 time: 0.0900581
2026-05-20 04:23:38.128 10 INFO neutron.db.ovn_revision_numbers_db [None req-eed3d43e-3b7c-4c7b-a6bf-fd72d4da65f6 - - - - - -] Successfully bumped revision number for resource ada48ef2-d7c0-4408-bd8d-18c02328aa05 (type: ports) to 4
2026-05-20 04:23:38.136 10 INFO neutron.wsgi [req-696723d0-3c86-410b-b153-fa278d31f9ef req-ae6fa609-7833-41ac-8645-629c5c47545d 7e9f362b08f840aeb70f35db27d0efed b9fcdca5a7744f4996241176f49692a2 - - default default] 10.0.0.136 "GET /v2.0/ports?device_id=f0aedb18-30d7-4909-8d31-fe448caef202 HTTP/1.1" status: 200 len: 210 time: 0.0366952
2026-05-20 04:23:38.267 10 INFO neutron.wsgi [req-6809facf-c328-429d-8f62-07c130ea8819 req-7e71aa22-f7fe-48be-a60d-d66aa826c7b0 df014c09aa7c40dd861fa433456bbb6d 1adf2d4fa83d4be7b78efa6dc9ff0c06 - - default default] 10.0.0.136 "GET /v2.0/ports?device_id=b8c886cd-b695-4fd9-8050-8fd8d08a0745 HTTP/1.1" status: 200 len: 1170 time: 0.2195106 /var/lib/openstack/lib/python3.10/site-packages/pycadf/identifier.py:71: UserWarning: Invalid uuid: neutron. To ensure interoperability, identifiers should be a valid uuid. warnings.warn(('Invalid uuid: %s. To ensure interoperability, '
2026-05-20 04:23:38.305 10 INFO neutron.db.ovn_revision_numbers_db [None req-75d128f1-6a3d-40f0-8104-ad8a7354a515 02165ad3c1e4464094c179230a75f66c 0860e5436f1c4e6ca19ffee18501fb17 - - default default] Successfully bumped revision number for resource 08df19f3-5d29-44b8-9000-27c058760301 (type: ports) to 2
2026-05-20 04:23:38.344 10 INFO neutron.wsgi [req-6809facf-c328-429d-8f62-07c130ea8819 req-fc877e9c-325a-45d0-a87f-dfc9f9812af4 df014c09aa7c40dd861fa433456bbb6d 1adf2d4fa83d4be7b78efa6dc9ff0c06 - - default default] 10.0.0.136 "GET /v2.0/security-groups?id=3f6a0e65-7fc4-4757-8712-edf4d243bfe8&fields=id&fields=name HTTP/1.1" status: 200 len: 313 time: 0.0667310
2026-05-20 04:23:38.363 10 INFO neutron.db.ovn_revision_numbers_db [None req-75d128f1-6a3d-40f0-8104-ad8a7354a515 02165ad3c1e4464094c179230a75f66c 0860e5436f1c4e6ca19ffee18501fb17 - - default default] Successfully bumped revision number for resource e8296f35-6e7b-46cc-8ec2-187392d8ad25 (type: subnets) to 0
2026-05-20 04:23:38.389 10 INFO neutron.wsgi [None req-75d128f1-6a3d-40f0-8104-ad8a7354a515 02165ad3c1e4464094c179230a75f66c 0860e5436f1c4e6ca19ffee18501fb17 - - default default] 10.0.0.99 "POST /v2.0/subnets HTTP/1.1" status: 201 len: 801 time: 1.2254353
2026-05-20 04:23:38.449 10 INFO neutron.wsgi [req-8e1f2cf1-7061-4bf2-8c86-4ace4b8bb846 req-dd356df1-835a-4ea6-a770-d60ca365f0b5 df014c09aa7c40dd861fa433456bbb6d 1adf2d4fa83d4be7b78efa6dc9ff0c06 - - default default] 10.0.0.136 "GET /v2.0/ports?device_id=b8c886cd-b695-4fd9-8050-8fd8d08a0745 HTTP/1.1" status: 200 len: 1170 time: 0.0360160
2026-05-20 04:23:38.564 10 INFO neutron.wsgi [req-8e1f2cf1-7061-4bf2-8c86-4ace4b8bb846 req-e98d22df-f4ac-4a65-9033-81ca12a5284e df014c09aa7c40dd861fa433456bbb6d 1adf2d4fa83d4be7b78efa6dc9ff0c06 - - default default] 10.0.0.136 "GET /v2.0/security-groups?id=3f6a0e65-7fc4-4757-8712-edf4d243bfe8&fields=id&fields=name HTTP/1.1" status: 200 len: 313 time: 0.1057889
2026-05-20 04:23:38.593 10 WARNING neutron.scheduler.dhcp_agent_scheduler [req-af44a823-848b-4a68-bb57-2f6938f32be8 req-336aba49-01ae-4bb5-a8fa-1748a1214a19 7e9f362b08f840aeb70f35db27d0efed b9fcdca5a7744f4996241176f49692a2 - - default default] No more DHCP agents /var/lib/openstack/lib/python3.10/site-packages/pycadf/identifier.py:71: UserWarning: Invalid uuid: neutron. To ensure interoperability, identifiers should be a valid uuid. warnings.warn(('Invalid uuid: %s. To ensure interoperability, '
2026-05-20 04:23:38.600 10 WARNING neutron.api.rpc.agentnotifiers.dhcp_rpc_agent_api [req-af44a823-848b-4a68-bb57-2f6938f32be8 req-336aba49-01ae-4bb5-a8fa-1748a1214a19 7e9f362b08f840aeb70f35db27d0efed b9fcdca5a7744f4996241176f49692a2 - - default default] Unable to schedule network a1a71b6e-b229-4413-becd-e62da21e7f04: no agents available; will retry on subsequent port and subnet creation events.
2026-05-20 04:23:38.664 10 INFO neutron.wsgi [None req-36c3b2fc-d108-4d8a-a423-4f4a754d787e 950d40fc99124026aa822698b0877709 2be8d7df953240c980537824b518aa34 - - default default] 10.0.0.99 "GET /v2.0/ports?device_id=b8c886cd-b695-4fd9-8050-8fd8d08a0745 HTTP/1.1" status: 200 len: 1404 time: 0.0703619
2026-05-20 04:23:38.666 10 INFO neutron.db.ovn_revision_numbers_db [None req-e74f7e99-46f8-4b1e-a9c4-0f2c62926d2b 02165ad3c1e4464094c179230a75f66c 0860e5436f1c4e6ca19ffee18501fb17 - - default default] Successfully bumped revision number for resource 196b1cfa-1de0-4bb4-9d05-6349cbbd98c5 (type: routers) to 1
2026-05-20 04:23:38.695 10 INFO neutron.wsgi [None req-e74f7e99-46f8-4b1e-a9c4-0f2c62926d2b 02165ad3c1e4464094c179230a75f66c 0860e5436f1c4e6ca19ffee18501fb17 - - default default] 10.0.0.99 "POST /v2.0/routers HTTP/1.1" status: 201 len: 687 time: 0.3023789 /var/lib/openstack/lib/python3.10/site-packages/pycadf/identifier.py:71: UserWarning: Invalid uuid: neutron. To ensure interoperability, identifiers should be a valid uuid. warnings.warn(('Invalid uuid: %s. To ensure interoperability, '
2026-05-20 04:23:38.863 10 INFO neutron.db.ovn_revision_numbers_db [req-af44a823-848b-4a68-bb57-2f6938f32be8 req-336aba49-01ae-4bb5-a8fa-1748a1214a19 7e9f362b08f840aeb70f35db27d0efed b9fcdca5a7744f4996241176f49692a2 - - default default] Successfully bumped revision number for resource 19c316c3-002c-4676-9d5b-a73825eb8345 (type: ports) to 1
2026-05-20 04:23:38.901 10 INFO neutron.wsgi [req-af44a823-848b-4a68-bb57-2f6938f32be8 req-336aba49-01ae-4bb5-a8fa-1748a1214a19 7e9f362b08f840aeb70f35db27d0efed b9fcdca5a7744f4996241176f49692a2 - - default default] 199.204.45.244 "POST /v2.0/ports HTTP/1.1" status: 201 len: 1201 time: 0.9394245
2026-05-20 04:23:39.002 10 WARNING neutron.scheduler.dhcp_agent_scheduler [None req-9a6f5a9e-f73b-416d-8079-26c11be17184 df014c09aa7c40dd861fa433456bbb6d 1adf2d4fa83d4be7b78efa6dc9ff0c06 - - default default] No more DHCP agents
2026-05-20 04:23:39.004 10 WARNING neutron.api.rpc.agentnotifiers.dhcp_rpc_agent_api [None req-9a6f5a9e-f73b-416d-8079-26c11be17184 df014c09aa7c40dd861fa433456bbb6d 1adf2d4fa83d4be7b78efa6dc9ff0c06 - - default default] Unable to schedule network db57a76f-9faa-48e4-bf2e-a7fa9e8dc65e: no agents available; will retry on subsequent port and subnet creation events.
2026-05-20 04:23:39.141 9 WARNING neutron.scheduler.dhcp_agent_scheduler [None req-3c51103a-cc55-46fc-a005-4cfc72c1baa7 02165ad3c1e4464094c179230a75f66c 0860e5436f1c4e6ca19ffee18501fb17 - - default default] No more DHCP agents
2026-05-20 04:23:39.145 9 WARNING neutron.api.rpc.agentnotifiers.dhcp_rpc_agent_api [None req-3c51103a-cc55-46fc-a005-4cfc72c1baa7 02165ad3c1e4464094c179230a75f66c 0860e5436f1c4e6ca19ffee18501fb17 - - default default] Unable to schedule network 570c53ab-68c5-4641-924c-da263d9319e4: no agents available; will retry on subsequent port and subnet creation events.
2026-05-20 04:23:39.318 9 INFO neutron.db.ovn_revision_numbers_db [None req-3c51103a-cc55-46fc-a005-4cfc72c1baa7 02165ad3c1e4464094c179230a75f66c 0860e5436f1c4e6ca19ffee18501fb17 - - default default] Successfully bumped revision number for resource 1b1932e3-7bf9-417f-8e41-4aaf2e611f25 (type: ports) to 1
2026-05-20 04:23:39.424 10 INFO neutron.wsgi [req-22d6c7be-5c50-4808-b015-02f94c71c052 req-a5f89401-52cc-48af-a278-2556f7a6f7be 7e9f362b08f840aeb70f35db27d0efed b9fcdca5a7744f4996241176f49692a2 - - default default] 10.0.0.136 "GET /v2.0/ports?device_id=f0aedb18-30d7-4909-8d31-fe448caef202 HTTP/1.1" status: 200 len: 1200 time: 0.0505953
2026-05-20 04:23:39.537 10 INFO neutron.wsgi [req-22d6c7be-5c50-4808-b015-02f94c71c052 req-c1f28218-1833-46c4-ad07-1104d3865e26 7e9f362b08f840aeb70f35db27d0efed b9fcdca5a7744f4996241176f49692a2 - - default default] 10.0.0.136 "GET /v2.0/security-groups?id=d5d42741-1287-4174-96b3-3f709734f670&id=9c97e8b8-87ee-40fe-9580-7105f50a189e&fields=id&fields=name HTTP/1.1" status: 200 len: 403 time: 0.0978656
2026-05-20 04:23:39.689 9 INFO neutron.plugins.ml2.drivers.ovn.mech_driver.mech_driver [None req-81c5e094-bb6d-41a5-9d80-80da556afc5e - - - - - -] OVN reports status up for port: 1b1932e3-7bf9-417f-8e41-4aaf2e611f25
2026-05-20 04:23:39.701 9 INFO neutron.plugins.ml2.plugin [None req-81c5e094-bb6d-41a5-9d80-80da556afc5e - - - - - -] Attempt 1 to provision port 1b1932e3-7bf9-417f-8e41-4aaf2e611f25
2026-05-20 04:23:39.722 9 INFO neutron.db.ovn_revision_numbers_db [None req-3c51103a-cc55-46fc-a005-4cfc72c1baa7 02165ad3c1e4464094c179230a75f66c 0860e5436f1c4e6ca19ffee18501fb17 - - default default] Successfully bumped revision number for resource 1b1932e3-7bf9-417f-8e41-4aaf2e611f25 (type: router_ports) to 1
2026-05-20 04:23:39.743 10 INFO neutron.db.ovn_revision_numbers_db [req-af44a823-848b-4a68-bb57-2f6938f32be8 req-73a2006f-4b32-4fc0-a69d-7991f92d1509 e4f70518d8ff4da2a1cf3bb1440028c3 5ca49b4e25f7453da29fb66c3786bfed - - 89aa15eb3226486a8b596588dd15fb76 89aa15eb3226486a8b596588dd15fb76] Successfully bumped revision number for resource 19c316c3-002c-4676-9d5b-a73825eb8345 (type: ports) to 2
2026-05-20 04:23:39.794 10 INFO neutron.notifiers.nova [-] Nova event matching ['req-80475a3e-0bb9-4b8f-91ea-8ed279207f66'] response: {'server_uuid': 'b8c886cd-b695-4fd9-8050-8fd8d08a0745', 'name': 'network-vif-plugged', 'status': 'completed', 'tag': 'ada48ef2-d7c0-4408-bd8d-18c02328aa05', 'code': 200}
2026-05-20 04:23:39.807 10 INFO neutron.db.l3_db [None req-9a6f5a9e-f73b-416d-8079-26c11be17184 df014c09aa7c40dd861fa433456bbb6d 1adf2d4fa83d4be7b78efa6dc9ff0c06 - - default default] Floating IP aa1df3bf-f35c-4eeb-9d49-091f1553774c associated. External IP: 10.96.250.211, port: ada48ef2-d7c0-4408-bd8d-18c02328aa05.
2026-05-20 04:23:39.829 9 INFO neutron.db.ovn_revision_numbers_db [None req-bea62662-43c6-422c-8d56-412f883f2b88 df4b99d9385e493cb4b3e55b23d34dec a550ed7aa3bd434c9bc3b7748ffdc3ea - - default default] Successfully bumped revision number for resource a618e31b-7ecb-4eab-ac2c-4d2bb0a81620 (type: security_groups) to 1
2026-05-20 04:23:39.870 9 INFO neutron.db.ovn_revision_numbers_db [None req-bea62662-43c6-422c-8d56-412f883f2b88 df4b99d9385e493cb4b3e55b23d34dec a550ed7aa3bd434c9bc3b7748ffdc3ea - - default default] Successfully bumped revision number for resource 4cf76a81-59ca-4300-b12b-652ea568e565 (type: security_group_rules) to 0
2026-05-20 04:23:39.901 9 INFO neutron.db.ovn_revision_numbers_db [None req-bea62662-43c6-422c-8d56-412f883f2b88 df4b99d9385e493cb4b3e55b23d34dec a550ed7aa3bd434c9bc3b7748ffdc3ea - - default default] Successfully bumped revision number for resource 98486b73-6839-423f-a4d5-c72a2fe7469f (type: security_group_rules) to 0
2026-05-20 04:23:39.939 9 INFO neutron.db.ovn_revision_numbers_db [None req-bea62662-43c6-422c-8d56-412f883f2b88 df4b99d9385e493cb4b3e55b23d34dec a550ed7aa3bd434c9bc3b7748ffdc3ea - - default default] Successfully bumped revision number for resource f29e1738-08b8-4971-89f3-d71391b6f11a (type: security_group_rules) to 0
2026-05-20 04:23:39.945 9 INFO neutron.db.ovn_revision_numbers_db [None req-3c51103a-cc55-46fc-a005-4cfc72c1baa7 02165ad3c1e4464094c179230a75f66c 0860e5436f1c4e6ca19ffee18501fb17 - - default default] Successfully bumped revision number for resource 1b1932e3-7bf9-417f-8e41-4aaf2e611f25 (type: ports) to 1
2026-05-20 04:23:39.959 9 INFO neutron.db.ovn_revision_numbers_db [None req-bea62662-43c6-422c-8d56-412f883f2b88 df4b99d9385e493cb4b3e55b23d34dec a550ed7aa3bd434c9bc3b7748ffdc3ea - - default default] Successfully bumped revision number for resource fab52029-1d9b-4733-88aa-6a085e25f1e5 (type: security_group_rules) to 0
2026-05-20 04:23:40.050 10 INFO neutron.db.ovn_revision_numbers_db [req-af44a823-848b-4a68-bb57-2f6938f32be8 req-73a2006f-4b32-4fc0-a69d-7991f92d1509 e4f70518d8ff4da2a1cf3bb1440028c3 5ca49b4e25f7453da29fb66c3786bfed - - 89aa15eb3226486a8b596588dd15fb76 89aa15eb3226486a8b596588dd15fb76] Successfully bumped revision number for resource 19c316c3-002c-4676-9d5b-a73825eb8345 (type: ports) to 2
2026-05-20 04:23:40.083 10 INFO neutron.wsgi [req-af44a823-848b-4a68-bb57-2f6938f32be8 req-73a2006f-4b32-4fc0-a69d-7991f92d1509 e4f70518d8ff4da2a1cf3bb1440028c3 5ca49b4e25f7453da29fb66c3786bfed - - 89aa15eb3226486a8b596588dd15fb76 89aa15eb3226486a8b596588dd15fb76] 199.204.45.244 "PUT /v2.0/ports/19c316c3-002c-4676-9d5b-a73825eb8345 HTTP/1.1" status: 200 len: 1419 time: 1.1753399
2026-05-20 04:23:40.091 10 INFO neutron.db.ovn_revision_numbers_db [None req-9a6f5a9e-f73b-416d-8079-26c11be17184 df014c09aa7c40dd861fa433456bbb6d 1adf2d4fa83d4be7b78efa6dc9ff0c06 - - default default] Successfully bumped revision number for resource aa1df3bf-f35c-4eeb-9d49-091f1553774c (type: floatingips) to 0 /var/lib/openstack/lib/python3.10/site-packages/pycadf/identifier.py:71: UserWarning: Invalid uuid: neutron. To ensure interoperability, identifiers should be a valid uuid. warnings.warn(('Invalid uuid: %s. To ensure interoperability, '
2026-05-20 04:23:40.165 10 INFO neutron.wsgi [req-af44a823-848b-4a68-bb57-2f6938f32be8 req-5c217514-fcc2-4b9f-afea-02d609e69698 e4f70518d8ff4da2a1cf3bb1440028c3 5ca49b4e25f7453da29fb66c3786bfed - - 89aa15eb3226486a8b596588dd15fb76 89aa15eb3226486a8b596588dd15fb76] 199.204.45.244 "GET /v2.0/ports?tenant_id=b9fcdca5a7744f4996241176f49692a2&device_id=f0aedb18-30d7-4909-8d31-fe448caef202 HTTP/1.1" status: 200 len: 1450 time: 0.0427113
2026-05-20 04:23:40.190 10 INFO neutron.wsgi [req-af44a823-848b-4a68-bb57-2f6938f32be8 req-948b19cb-ebcf-44ab-95ff-54319092e620 e4f70518d8ff4da2a1cf3bb1440028c3 5ca49b4e25f7453da29fb66c3786bfed - - 89aa15eb3226486a8b596588dd15fb76 89aa15eb3226486a8b596588dd15fb76] 199.204.45.244 "GET /v2.0/floatingips?fixed_ip_address=10.100.0.13&port_id=19c316c3-002c-4676-9d5b-a73825eb8345 HTTP/1.1" status: 200 len: 217 time: 0.0207441
2026-05-20 04:23:40.241 10 INFO neutron.wsgi [req-af44a823-848b-4a68-bb57-2f6938f32be8 req-3a39f2c3-1d66-42a0-a4dc-9caaa8ddeef6 e4f70518d8ff4da2a1cf3bb1440028c3 5ca49b4e25f7453da29fb66c3786bfed - - 89aa15eb3226486a8b596588dd15fb76 89aa15eb3226486a8b596588dd15fb76] 199.204.45.244 "GET /v2.0/subnets?id=b1a2077f-6f17-4f9e-be91-deaddd9aa053 HTTP/1.1" status: 200 len: 866 time: 0.0448654
2026-05-20 04:23:40.255 10 INFO neutron.db.ovn_revision_numbers_db [None req-9a6f5a9e-f73b-416d-8079-26c11be17184 df014c09aa7c40dd861fa433456bbb6d 1adf2d4fa83d4be7b78efa6dc9ff0c06 - - default default] Successfully bumped revision number for resource aa1df3bf-f35c-4eeb-9d49-091f1553774c (type: floatingips) to 1
2026-05-20 04:23:40.268 10 INFO neutron.wsgi [req-af44a823-848b-4a68-bb57-2f6938f32be8 req-f1e245a5-1560-4bb9-afc8-a6b7a5d6e9f5 e4f70518d8ff4da2a1cf3bb1440028c3 5ca49b4e25f7453da29fb66c3786bfed - - 89aa15eb3226486a8b596588dd15fb76 89aa15eb3226486a8b596588dd15fb76] 199.204.45.244 "GET /v2.0/ports?network_id=a1a71b6e-b229-4413-becd-e62da21e7f04&device_owner=network%3Adhcp HTTP/1.1" status: 200 len: 210 time: 0.0184987
2026-05-20 04:23:40.317 10 INFO neutron.wsgi [None req-9a6f5a9e-f73b-416d-8079-26c11be17184 df014c09aa7c40dd861fa433456bbb6d 1adf2d4fa83d4be7b78efa6dc9ff0c06 - - default default] 10.0.0.99 "POST /v2.0/floatingips HTTP/1.1" status: 201 len: 1054 time: 1.6480718
2026-05-20 04:23:40.317 9 WARNING neutron.scheduler.dhcp_agent_scheduler [None req-3c51103a-cc55-46fc-a005-4cfc72c1baa7 02165ad3c1e4464094c179230a75f66c 0860e5436f1c4e6ca19ffee18501fb17 - - default default] No more DHCP agents
2026-05-20 04:23:40.321 9 WARNING neutron.api.rpc.agentnotifiers.dhcp_rpc_agent_api [None req-3c51103a-cc55-46fc-a005-4cfc72c1baa7 02165ad3c1e4464094c179230a75f66c 0860e5436f1c4e6ca19ffee18501fb17 - - default default] Unable to schedule network 570c53ab-68c5-4641-924c-da263d9319e4: no agents available; will retry on subsequent port and subnet creation events.
2026-05-20 04:23:40.340 10 INFO neutron.wsgi [req-af44a823-848b-4a68-bb57-2f6938f32be8 req-2a5b3c37-6146-4db2-9c0e-ceeab606e933 e4f70518d8ff4da2a1cf3bb1440028c3 5ca49b4e25f7453da29fb66c3786bfed - - 89aa15eb3226486a8b596588dd15fb76 89aa15eb3226486a8b596588dd15fb76] 199.204.45.244 "GET /v2.0/networks/a1a71b6e-b229-4413-becd-e62da21e7f04?fields=segments HTTP/1.1" status: 200 len: 212 time: 0.0633309
2026-05-20 04:23:40.358 9 INFO neutron.db.ovn_revision_numbers_db [None req-81c5e094-bb6d-41a5-9d80-80da556afc5e - - - - - -] Successfully bumped revision number for resource 1b1932e3-7bf9-417f-8e41-4aaf2e611f25 (type: ports) to 2
2026-05-20 04:23:40.391 9 INFO neutron.db.ovn_revision_numbers_db [None req-bea62662-43c6-422c-8d56-412f883f2b88 df4b99d9385e493cb4b3e55b23d34dec a550ed7aa3bd434c9bc3b7748ffdc3ea - - default default] Successfully bumped revision number for resource c861b2e0-10d2-41c8-8614-03f830fb4f43 (type: security_groups) to 1
2026-05-20 04:23:40.401 10 INFO neutron.wsgi [req-af44a823-848b-4a68-bb57-2f6938f32be8 req-fd44cacf-62fc-45ef-ad70-1ad058107953 e4f70518d8ff4da2a1cf3bb1440028c3 5ca49b4e25f7453da29fb66c3786bfed - - 89aa15eb3226486a8b596588dd15fb76 89aa15eb3226486a8b596588dd15fb76] 199.204.45.244 "GET /v2.0/networks/a1a71b6e-b229-4413-becd-e62da21e7f04?fields=provider%3Aphysical_network&fields=provider%3Anetwork_type HTTP/1.1" status: 200 len: 277 time: 0.0562847
2026-05-20 04:23:40.421 9 INFO neutron.wsgi [None req-20020cd7-63cc-420a-a011-cf8159aafe67 df014c09aa7c40dd861fa433456bbb6d 1adf2d4fa83d4be7b78efa6dc9ff0c06 - - default default] 10.0.0.99 "GET /v2.0/floatingips/aa1df3bf-f35c-4eeb-9d49-091f1553774c HTTP/1.1" status: 200 len: 1051 time: 0.0929263
2026-05-20 04:23:40.450 9 INFO neutron.db.ovn_revision_numbers_db [None req-bea62662-43c6-422c-8d56-412f883f2b88 df4b99d9385e493cb4b3e55b23d34dec a550ed7aa3bd434c9bc3b7748ffdc3ea - - default default] Successfully bumped revision number for resource 203e0b1f-b897-4638-bb4e-dfe34d7b9991 (type: security_group_rules) to 0
2026-05-20 04:23:40.488 9 INFO neutron.db.ovn_revision_numbers_db [None req-bea62662-43c6-422c-8d56-412f883f2b88 df4b99d9385e493cb4b3e55b23d34dec a550ed7aa3bd434c9bc3b7748ffdc3ea - - default default] Successfully bumped revision number for resource 67135cf9-1b63-48e7-a595-7e877d1b3e03 (type: security_group_rules) to 0
2026-05-20 04:23:40.527 9 INFO neutron.wsgi [None req-bea62662-43c6-422c-8d56-412f883f2b88 df4b99d9385e493cb4b3e55b23d34dec a550ed7aa3bd434c9bc3b7748ffdc3ea - - default default] 10.0.0.99 "POST /v2.0/security-groups HTTP/1.1" status: 201 len: 1737 time: 1.0629878
2026-05-20 04:23:40.573 10 INFO neutron.wsgi [req-df1c307a-b3ef-4a04-8d83-17c6e00ec7d5 req-a0a07901-de60-4c59-912e-b8a0f8307dac e4f70518d8ff4da2a1cf3bb1440028c3 5ca49b4e25f7453da29fb66c3786bfed - - 89aa15eb3226486a8b596588dd15fb76 89aa15eb3226486a8b596588dd15fb76] 199.204.45.244 "GET /v2.0/ports?device_id=f0aedb18-30d7-4909-8d31-fe448caef202 HTTP/1.1" status: 200 len: 1450 time: 0.0308845
