2026-05-20 04:17:18.942 10 INFO neutron.wsgi [None req-e818bfe3-aa45-4814-bced-112ee4674b19 2f24a31e7361484a926d42e268766599 15af51f74f724241b5d8abfac3bb90ff - - default default] 10.0.0.64 "GET /v2.0/routers HTTP/1.1" status: 200 len: 189 time: 0.0196114
2026-05-20 04:17:18.962 10 INFO neutron.wsgi [None req-61ba904f-e22f-405f-97ca-16cbd9c53a4d 2f24a31e7361484a926d42e268766599 15af51f74f724241b5d8abfac3bb90ff - - default default] 10.0.0.64 "GET /v2.0/agents?binary=ovn-controller HTTP/1.1" status: 200 len: 591 time: 0.0190215
2026-05-20 04:17:19.020 10 INFO neutron.wsgi [None req-c221ec2a-a609-4940-a855-7b7a9a5a304a 2f24a31e7361484a926d42e268766599 15af51f74f724241b5d8abfac3bb90ff - - default default] 10.0.0.64 "GET /v2.0/networks HTTP/1.1" status: 200 len: 2349 time: 0.0577836
2026-05-20 04:17:19.067 10 INFO neutron.wsgi [None req-d7398cea-f4b9-49dc-90ec-8793541a3760 2f24a31e7361484a926d42e268766599 15af51f74f724241b5d8abfac3bb90ff - - default default] 10.0.0.64 "GET /v2.0/security-groups HTTP/1.1" status: 200 len: 16799 time: 0.0442095
2026-05-20 04:17:19.104 10 INFO neutron.wsgi [None req-952f9db2-0f4e-4eeb-bc48-120030db085f 2f24a31e7361484a926d42e268766599 15af51f74f724241b5d8abfac3bb90ff - - default default] 10.0.0.64 "GET /v2.0/ports HTTP/1.1" status: 200 len: 5347 time: 0.0291998
2026-05-20 04:17:27.613 9 INFO neutron.wsgi [-] 10.0.0.42 "GET / HTTP/1.1" status: 200 len: 247 time: 0.0025809
2026-05-20 04:17:27.615 10 INFO neutron.wsgi [-] 10.0.0.42 "GET / HTTP/1.1" status: 200 len: 247 time: 0.0037742
2026-05-20 04:17:42.613 10 INFO neutron.wsgi [-] 10.0.0.42 "GET / HTTP/1.1" status: 200 len: 247 time: 0.0026584
2026-05-20 04:17:42.614 9 INFO neutron.wsgi [-] 10.0.0.42 "GET / HTTP/1.1" status: 200 len: 247 time: 0.0041363
2026-05-20 04:17:45.853 10 INFO neutron.wsgi [None req-71674ef1-0556-4c21-8f41-8b9e257d454b 2f24a31e7361484a926d42e268766599 15af51f74f724241b5d8abfac3bb90ff - - default default] 199.204.45.244,10.0.0.42 "GET /v2.0/networks HTTP/1.1" status: 200 len: 2349 time: 0.1294096
2026-05-20 04:17:46.758 9 INFO neutron.wsgi [None req-0576e524-05e5-475d-90d6-cac7a4cd6709 2f24a31e7361484a926d42e268766599 15af51f74f724241b5d8abfac3bb90ff - - default default] 199.204.45.244,10.0.0.42 "GET /v2.0/subnets HTTP/1.1" status: 200 len: 1437 time: 0.1030607
2026-05-20 04:17:46.817 9 INFO neutron.wsgi [None req-c0bb916e-7708-4bfb-b704-03bce07ad259 2f24a31e7361484a926d42e268766599 15af51f74f724241b5d8abfac3bb90ff - - default default] 199.204.45.244,10.0.0.42 "GET /v2.0/networks HTTP/1.1" status: 200 len: 2349 time: 0.0528517
2026-05-20 04:17:47.799 10 INFO neutron.wsgi [None req-e6cafb42-4e19-4744-8299-4d07dbe22978 2f24a31e7361484a926d42e268766599 15af51f74f724241b5d8abfac3bb90ff - - default default] 199.204.45.244,10.0.0.42 "GET /v2.0/security-groups?tenant_id=15af51f74f724241b5d8abfac3bb90ff HTTP/1.1" status: 200 len: 10157 time: 0.0847781
2026-05-20 04:17:48.791 10 INFO neutron.wsgi [None req-631d7f49-eb8a-4ff7-8364-d8a9aa1977c2 2f24a31e7361484a926d42e268766599 15af51f74f724241b5d8abfac3bb90ff - - default default] 199.204.45.244,10.0.0.42 "GET /v2.0/security-groups?tenant_id=15af51f74f724241b5d8abfac3bb90ff HTTP/1.1" status: 200 len: 10157 time: 0.0740762
2026-05-20 04:17:49.619 9 INFO neutron.wsgi [None req-40637b86-1559-409b-84ab-c046a545a399 2f24a31e7361484a926d42e268766599 15af51f74f724241b5d8abfac3bb90ff - - default default] 199.204.45.244,10.0.0.42 "GET /v2.0/security-groups?tenant_id=15af51f74f724241b5d8abfac3bb90ff HTTP/1.1" status: 200 len: 10157 time: 0.0750802
2026-05-20 04:17:50.492 10 INFO neutron.wsgi [None req-787b14d3-e0af-4e40-9b6e-dd21448487a8 2f24a31e7361484a926d42e268766599 15af51f74f724241b5d8abfac3bb90ff - - default default] 199.204.45.244,10.0.0.42 "GET /v2.0/security-groups?tenant_id=15af51f74f724241b5d8abfac3bb90ff HTTP/1.1" status: 200 len: 10157 time: 0.0801866
2026-05-20 04:17:51.297 10 INFO neutron.wsgi [None req-f60962bd-5e5f-4c75-b7b1-02a866289cac 2f24a31e7361484a926d42e268766599 15af51f74f724241b5d8abfac3bb90ff - - default default] 199.204.45.244,10.0.0.42 "GET /v2.0/security-groups?tenant_id=15af51f74f724241b5d8abfac3bb90ff HTTP/1.1" status: 200 len: 10157 time: 0.0813692
2026-05-20 04:17:52.198 9 INFO neutron.wsgi [None req-77473a38-2d6a-4236-b9a7-84e4558d8cd5 2f24a31e7361484a926d42e268766599 15af51f74f724241b5d8abfac3bb90ff - - default default] 199.204.45.244,10.0.0.42 "GET /v2.0/security-groups?tenant_id=15af51f74f724241b5d8abfac3bb90ff HTTP/1.1" status: 200 len: 10157 time: 0.1277690
2026-05-20 04:17:53.283 10 INFO neutron.wsgi [None req-b42e88ca-8c2f-4e0c-ac06-4df989692993 2f24a31e7361484a926d42e268766599 15af51f74f724241b5d8abfac3bb90ff - - default default] 199.204.45.244,10.0.0.42 "GET /v2.0/security-groups HTTP/1.1" status: 200 len: 16799 time: 0.0910294
2026-05-20 04:17:53.326 10 INFO neutron.wsgi [None req-60741fa4-a018-4377-ba60-b90ac9588460 2f24a31e7361484a926d42e268766599 15af51f74f724241b5d8abfac3bb90ff - - default default] 199.204.45.244,10.0.0.42 "GET /v2.0/ports HTTP/1.1" status: 200 len: 5347 time: 0.0338781
2026-05-20 04:17:57.613 9 INFO neutron.wsgi [-] 10.0.0.42 "GET / HTTP/1.1" status: 200 len: 247 time: 0.0025535
2026-05-20 04:17:57.613 10 INFO neutron.wsgi [-] 10.0.0.42 "GET / HTTP/1.1" status: 200 len: 247 time: 0.0031490
2026-05-20 04:17:59.684 9 INFO neutron.pecan_wsgi.hooks.translation [None req-08fa2d58-4e1b-4c7f-8f94-ba43cdd11e7e 2f24a31e7361484a926d42e268766599 15af51f74f724241b5d8abfac3bb90ff - - default default] GET failed (client error): The resource could not be found.
2026-05-20 04:17:59.686 9 INFO neutron.wsgi [None req-08fa2d58-4e1b-4c7f-8f94-ba43cdd11e7e 2f24a31e7361484a926d42e268766599 15af51f74f724241b5d8abfac3bb90ff - - default default] 199.204.45.244,10.0.0.42 "GET /v2.0/ports/octavia-health-manager-port-instance HTTP/1.1" status: 404 len: 314 time: 0.0578487
2026-05-20 04:17:59.722 9 INFO neutron.wsgi [None req-f30d0e7c-84be-4b2e-b294-8dbe5b849ed0 2f24a31e7361484a926d42e268766599 15af51f74f724241b5d8abfac3bb90ff - - default default] 199.204.45.244,10.0.0.42 "GET /v2.0/ports?name=octavia-health-manager-port-instance HTTP/1.1" status: 200 len: 1395 time: 0.0303187
2026-05-20 04:18:01.127 9 INFO neutron.wsgi [None req-af5a3001-57f3-452b-a7b6-6d58b6b75a06 2f24a31e7361484a926d42e268766599 15af51f74f724241b5d8abfac3bb90ff - - default default] 199.204.45.244,10.0.0.42 "GET /v2.0/ports HTTP/1.1" status: 200 len: 5347 time: 0.1129401
2026-05-20 04:18:02.131 10 INFO neutron.wsgi [None req-55724eba-8c36-4eb3-b939-faada346fb99 2f24a31e7361484a926d42e268766599 15af51f74f724241b5d8abfac3bb90ff - - default default] 199.204.45.244,10.0.0.42 "GET /v2.0/security-groups?tenant_id=15af51f74f724241b5d8abfac3bb90ff HTTP/1.1" status: 200 len: 10157 time: 0.0885351
2026-05-20 04:18:03.264 9 INFO neutron.wsgi [None req-c05871f4-64e3-4663-8db2-e81f2ce561a6 2f24a31e7361484a926d42e268766599 15af51f74f724241b5d8abfac3bb90ff - - default default] 199.204.45.244,10.0.0.42 "GET /v2.0/security-groups?tenant_id=15af51f74f724241b5d8abfac3bb90ff HTTP/1.1" status: 200 len: 10157 time: 0.0750401
2026-05-20 04:18:04.099 10 INFO neutron.wsgi [None req-8bd5b863-863e-4e9d-89e6-0b043ede887a 2f24a31e7361484a926d42e268766599 15af51f74f724241b5d8abfac3bb90ff - - default default] 199.204.45.244,10.0.0.42 "GET /v2.0/security-groups?tenant_id=15af51f74f724241b5d8abfac3bb90ff HTTP/1.1" status: 200 len: 10157 time: 0.0741389
2026-05-20 04:18:12.613 9 INFO neutron.wsgi [-] 10.0.0.42 "GET / HTTP/1.1" status: 200 len: 247 time: 0.0024416
2026-05-20 04:18:12.613 10 INFO neutron.wsgi [-] 10.0.0.42 "GET / HTTP/1.1" status: 200 len: 247 time: 0.0026801
2026-05-20 04:18:14.740 10 INFO neutron.wsgi [None req-45cdce38-d4ed-4644-901e-4aa5111ac881 2f24a31e7361484a926d42e268766599 15af51f74f724241b5d8abfac3bb90ff - - default default] 199.204.45.244,10.0.0.42 "GET /v2.0/quotas/15af51f74f724241b5d8abfac3bb90ff HTTP/1.1" status: 200 len: 361 time: 0.0114167
2026-05-20 04:18:18.888 10 INFO neutron.wsgi [None req-1cff3ff9-be88-4b7b-9a04-5bc1374670cc 2f24a31e7361484a926d42e268766599 15af51f74f724241b5d8abfac3bb90ff - - default default] 10.0.0.64 "GET /v2.0/routers HTTP/1.1" status: 200 len: 189 time: 0.1422341
2026-05-20 04:18:18.925 10 INFO neutron.wsgi [None req-552670bb-72a5-48e3-a8c3-f465150be205 2f24a31e7361484a926d42e268766599 15af51f74f724241b5d8abfac3bb90ff - - default default] 10.0.0.64 "GET /v2.0/agents?binary=ovn-controller HTTP/1.1" status: 200 len: 591 time: 0.0359378
2026-05-20 04:18:18.936 10 INFO neutron.wsgi [None req-9be6885e-d8ba-4a4c-af86-53b3277400db 2f24a31e7361484a926d42e268766599 15af51f74f724241b5d8abfac3bb90ff - - default default] 10.0.0.64 "GET /v2.0/agents HTTP/1.1" status: 200 len: 997 time: 0.0104713
2026-05-20 04:18:18.966 10 INFO neutron.wsgi [None req-dde8a538-00f2-4258-a2d4-77fab0cfdd0f 2f24a31e7361484a926d42e268766599 15af51f74f724241b5d8abfac3bb90ff - - default default] 10.0.0.64 "GET /v2.0/subnets HTTP/1.1" status: 200 len: 1437 time: 0.0290797
2026-05-20 04:18:18.976 10 INFO neutron.wsgi [None req-96c1d841-d388-48e2-8f06-2b660eb953d4 2f24a31e7361484a926d42e268766599 15af51f74f724241b5d8abfac3bb90ff - - default default] 10.0.0.64 "GET /v2.0/subnetpools HTTP/1.1" status: 200 len: 193 time: 0.0085719
2026-05-20 04:18:19.030 10 INFO neutron.wsgi [None req-13ffefc7-c018-4297-b4cf-acfb5c35ff30 2f24a31e7361484a926d42e268766599 15af51f74f724241b5d8abfac3bb90ff - - default default] 10.0.0.64 "GET /v2.0/security-groups HTTP/1.1" status: 200 len: 16799 time: 0.0531785
2026-05-20 04:18:19.053 10 INFO neutron.wsgi [None req-f131712f-c2ef-49ab-9ab2-ec8fe404e37b 2f24a31e7361484a926d42e268766599 15af51f74f724241b5d8abfac3bb90ff - - default default] 10.0.0.64 "GET /v2.0/network-ip-availabilities HTTP/1.1" status: 200 len: 1280 time: 0.0115297
2026-05-20 04:18:19.081 10 INFO neutron.wsgi [None req-f275ff33-221d-4d82-bf9a-92d29b72f26f 2f24a31e7361484a926d42e268766599 15af51f74f724241b5d8abfac3bb90ff - - default default] 10.0.0.64 "GET /v2.0/subnets HTTP/1.1" status: 200 len: 1437 time: 0.0269427
2026-05-20 04:18:19.100 10 INFO neutron.wsgi [None req-b25fa9c6-c4ff-4635-88ff-70e4e824e6d1 2f24a31e7361484a926d42e268766599 15af51f74f724241b5d8abfac3bb90ff - - default default] 10.0.0.64 "GET /v2.0/floatingips HTTP/1.1" status: 200 len: 193 time: 0.0187120
2026-05-20 04:18:19.158 10 INFO neutron.wsgi [None req-f0b57f73-56d4-4105-ba38-bd9c14562b95 2f24a31e7361484a926d42e268766599 15af51f74f724241b5d8abfac3bb90ff - - default default] 10.0.0.64 "GET /v2.0/networks HTTP/1.1" status: 200 len: 2349 time: 0.0566227
2026-05-20 04:18:19.190 10 INFO neutron.wsgi [None req-de645991-0e28-438e-a600-e175a71409b2 2f24a31e7361484a926d42e268766599 15af51f74f724241b5d8abfac3bb90ff - - default default] 10.0.0.64 "GET /v2.0/ports HTTP/1.1" status: 200 len: 5347 time: 0.0297313
2026-05-20 04:18:27.613 10 INFO neutron.wsgi [-] 10.0.0.42 "GET / HTTP/1.1" status: 200 len: 247 time: 0.0024118
2026-05-20 04:18:27.613 9 INFO neutron.wsgi [-] 10.0.0.42 "GET / HTTP/1.1" status: 200 len: 247 time: 0.0024271
2026-05-20 04:18:42.612 10 INFO neutron.wsgi [-] 10.0.0.42 "GET / HTTP/1.1" status: 200 len: 247 time: 0.0023184
2026-05-20 04:18:42.615 10 INFO neutron.wsgi [-] 10.0.0.42 "GET / HTTP/1.1" status: 200 len: 247 time: 0.0020959
2026-05-20 04:18:57.614 9 INFO neutron.wsgi [-] 10.0.0.42 "GET / HTTP/1.1" status: 200 len: 247 time: 0.0036364
2026-05-20 04:18:57.616 10 INFO neutron.wsgi [-] 10.0.0.42 "GET / HTTP/1.1" status: 200 len: 247 time: 0.0060921
2026-05-20 04:19:02.293 10 INFO neutron.wsgi [None req-ae129a98-8b68-43a3-ae91-860d7c3485f6 2f24a31e7361484a926d42e268766599 15af51f74f724241b5d8abfac3bb90ff - - default default] 199.204.45.244,10.0.0.42 "GET /v2.0/security-groups?tenant_id=5ca49b4e25f7453da29fb66c3786bfed HTTP/1.1" status: 200 len: 6838 time: 0.0884173
2026-05-20 04:19:03.212 10 INFO neutron.wsgi [None req-edb6e884-5303-4d82-ad7d-c830725e08ff 2f24a31e7361484a926d42e268766599 15af51f74f724241b5d8abfac3bb90ff - - default default] 199.204.45.244,10.0.0.42 "GET /v2.0/security-groups?tenant_id=5ca49b4e25f7453da29fb66c3786bfed HTTP/1.1" status: 200 len: 6838 time: 0.0725265
2026-05-20 04:19:04.071 9 INFO neutron.wsgi [None req-c98345df-4eb1-4488-a368-d5fae5f32120 2f24a31e7361484a926d42e268766599 15af51f74f724241b5d8abfac3bb90ff - - default default] 199.204.45.244,10.0.0.42 "GET /v2.0/security-groups?tenant_id=5ca49b4e25f7453da29fb66c3786bfed HTTP/1.1" status: 200 len: 6838 time: 0.0762913
2026-05-20 04:19:04.908 9 INFO neutron.wsgi [None req-44be01a3-bed5-47ac-8470-c93cc4d2705f 2f24a31e7361484a926d42e268766599 15af51f74f724241b5d8abfac3bb90ff - - default default] 199.204.45.244,10.0.0.42 "GET /v2.0/security-groups?tenant_id=5ca49b4e25f7453da29fb66c3786bfed HTTP/1.1" status: 200 len: 6838 time: 0.0749557
2026-05-20 04:19:05.820 10 INFO neutron.wsgi [None req-b0d18c25-a247-45f5-bc34-6e5c96cfaf6c 2f24a31e7361484a926d42e268766599 15af51f74f724241b5d8abfac3bb90ff - - default default] 199.204.45.244,10.0.0.42 "GET /v2.0/security-groups?tenant_id=5ca49b4e25f7453da29fb66c3786bfed HTTP/1.1" status: 200 len: 6838 time: 0.0794044
2026-05-20 04:19:12.611 9 INFO neutron.wsgi [-] 10.0.0.42 "GET / HTTP/1.1" status: 200 len: 247 time: 0.0013072
2026-05-20 04:19:12.612 10 INFO neutron.wsgi [-] 10.0.0.42 "GET / HTTP/1.1" status: 200 len: 247 time: 0.0022113
2026-05-20 04:19:12.767 10 INFO neutron.wsgi [None req-e6cfc3ca-edfc-4219-8e56-ff31ec76567f 2f24a31e7361484a926d42e268766599 15af51f74f724241b5d8abfac3bb90ff - - default default] 199.204.45.244,10.0.0.42 "GET /v2.0/quotas/5ca49b4e25f7453da29fb66c3786bfed HTTP/1.1" status: 200 len: 361 time: 0.0111661
2026-05-20 04:19:18.800 10 INFO neutron.wsgi [None req-798d69bf-dbfa-4263-93f9-0dfb62f10b0b 2f24a31e7361484a926d42e268766599 15af51f74f724241b5d8abfac3bb90ff - - default default] 10.0.0.64 "GET /v2.0/subnets HTTP/1.1" status: 200 len: 1437 time: 0.0795414
2026-05-20 04:19:18.861 10 INFO neutron.wsgi [None req-0a8e94bb-6797-47cc-8a52-c3087278a738 2f24a31e7361484a926d42e268766599 15af51f74f724241b5d8abfac3bb90ff - - default default] 10.0.0.64 "GET /v2.0/networks HTTP/1.1" status: 200 len: 2349 time: 0.0608256
2026-05-20 04:19:18.886 10 INFO neutron.wsgi [None req-23e30ab1-e800-48a0-8798-ad6827958493 2f24a31e7361484a926d42e268766599 15af51f74f724241b5d8abfac3bb90ff - - default default] 10.0.0.64 "GET /v2.0/routers HTTP/1.1" status: 200 len: 189 time: 0.0225003
2026-05-20 04:19:18.928 10 INFO neutron.wsgi [None req-bf7ef7b0-b850-4ac2-984d-f1525254a0da 2f24a31e7361484a926d42e268766599 15af51f74f724241b5d8abfac3bb90ff - - default default] 10.0.0.64 "GET /v2.0/agents?binary=ovn-controller HTTP/1.1" status: 200 len: 591 time: 0.0416887
2026-05-20 04:19:18.956 10 INFO neutron.wsgi [None req-f7e7a16a-6835-4258-be84-472817da95cf 2f24a31e7361484a926d42e268766599 15af51f74f724241b5d8abfac3bb90ff - - default default] 10.0.0.64 "GET /v2.0/subnets HTTP/1.1" status: 200 len: 1437 time: 0.0265982
2026-05-20 04:19:18.964 10 INFO neutron.wsgi [None req-e088e55a-ea2f-450d-8316-dfab70c76d5d 2f24a31e7361484a926d42e268766599 15af51f74f724241b5d8abfac3bb90ff - - default default] 10.0.0.64 "GET /v2.0/subnetpools HTTP/1.1" status: 200 len: 193 time: 0.0075593
2026-05-20 04:19:19.005 10 INFO neutron.wsgi [None req-7f28d6aa-960a-41b0-ac77-61f0bbfd57c2 2f24a31e7361484a926d42e268766599 15af51f74f724241b5d8abfac3bb90ff - - default default] 10.0.0.64 "GET /v2.0/security-groups HTTP/1.1" status: 200 len: 16799 time: 0.0406818
2026-05-20 04:19:19.038 10 INFO neutron.wsgi [None req-eab29c0f-dd13-49b1-b2f2-0142257d8eef 2f24a31e7361484a926d42e268766599 15af51f74f724241b5d8abfac3bb90ff - - default default] 10.0.0.64 "GET /v2.0/ports HTTP/1.1" status: 200 len: 5347 time: 0.0255232
2026-05-20 04:19:19.050 10 INFO neutron.wsgi [None req-310a8613-3c90-4db9-a2cf-9b28a3ffb608 2f24a31e7361484a926d42e268766599 15af51f74f724241b5d8abfac3bb90ff - - default default] 10.0.0.64 "GET /v2.0/network-ip-availabilities HTTP/1.1" status: 200 len: 1280 time: 0.0079932
2026-05-20 04:19:19.059 10 INFO neutron.wsgi [None req-aa013065-328b-4ece-b514-ee5e3d775a14 2f24a31e7361484a926d42e268766599 15af51f74f724241b5d8abfac3bb90ff - - default default] 10.0.0.64 "GET /v2.0/agents HTTP/1.1" status: 200 len: 997 time: 0.0080729
2026-05-20 04:19:19.080 10 INFO neutron.wsgi [None req-985f6fc7-0c11-45b2-9c1f-252e67ef121f 2f24a31e7361484a926d42e268766599 15af51f74f724241b5d8abfac3bb90ff - - default default] 10.0.0.64 "GET /v2.0/floatingips HTTP/1.1" status: 200 len: 193 time: 0.0195658
2026-05-20 04:19:27.612 9 INFO neutron.wsgi [-] 10.0.0.42 "GET / HTTP/1.1" status: 200 len: 247 time: 0.0024993
2026-05-20 04:19:27.612 10 INFO neutron.wsgi [-] 10.0.0.42 "GET / HTTP/1.1" status: 200 len: 247 time: 0.0027874
2026-05-20 04:19:42.612 9 INFO neutron.wsgi [-] 10.0.0.42 "GET / HTTP/1.1" status: 200 len: 247 time: 0.0023460
2026-05-20 04:19:42.613 10 INFO neutron.wsgi [-] 10.0.0.42 "GET / HTTP/1.1" status: 200 len: 247 time: 0.0029695
2026-05-20 04:19:57.613 9 INFO neutron.wsgi [-] 10.0.0.42 "GET / HTTP/1.1" status: 200 len: 247 time: 0.0026295
2026-05-20 04:19:57.616 9 INFO neutron.wsgi [-] 10.0.0.42 "GET / HTTP/1.1" status: 200 len: 247 time: 0.0024378
2026-05-20 04:20:03.355 9 INFO neutron.wsgi [None req-ee8ad93a-bc0e-471a-9a74-cc4cd23f0146 2f24a31e7361484a926d42e268766599 15af51f74f724241b5d8abfac3bb90ff - - default default] 199.204.45.244,10.0.0.42 "GET /v2.0/networks HTTP/1.1" status: 200 len: 2349 time: 0.1212115
2026-05-20 04:20:12.612 10 INFO neutron.wsgi [-] 10.0.0.42 "GET / HTTP/1.1" status: 200 len: 247 time: 0.0025523
2026-05-20 04:20:12.612 9 INFO neutron.wsgi [-] 10.0.0.42 "GET / HTTP/1.1" status: 200 len: 247 time: 0.0027318
2026-05-20 04:20:18.805 10 INFO neutron.wsgi [None req-cf64eae8-4e32-46ca-b38c-c47dfcfac7a6 2f24a31e7361484a926d42e268766599 15af51f74f724241b5d8abfac3bb90ff - - default default] 10.0.0.64 "GET /v2.0/routers HTTP/1.1" status: 200 len: 189 time: 0.0752347
2026-05-20 04:20:18.843 10 INFO neutron.wsgi [None req-1acc56e9-219e-4fa5-90bd-55533cc5ef15 2f24a31e7361484a926d42e268766599 15af51f74f724241b5d8abfac3bb90ff - - default default] 10.0.0.64 "GET /v2.0/agents?binary=ovn-controller HTTP/1.1" status: 200 len: 591 time: 0.0379868
2026-05-20 04:20:18.902 10 INFO neutron.wsgi [None req-1ce8f75b-e2ed-4d25-9838-1d75ed618f2c 2f24a31e7361484a926d42e268766599 15af51f74f724241b5d8abfac3bb90ff - - default default] 10.0.0.64 "GET /v2.0/networks HTTP/1.1" status: 200 len: 2349 time: 0.0572586
2026-05-20 04:20:18.939 10 INFO neutron.wsgi [None req-6674db77-37e7-407a-a3df-2a4480e7f66f 2f24a31e7361484a926d42e268766599 15af51f74f724241b5d8abfac3bb90ff - - default default] 10.0.0.64 "GET /v2.0/subnets HTTP/1.1" status: 200 len: 1437 time: 0.0342126
2026-05-20 04:20:18.949 10 INFO neutron.wsgi [None req-5e6c4b67-fd31-4ace-8440-888d186fb6f2 2f24a31e7361484a926d42e268766599 15af51f74f724241b5d8abfac3bb90ff - - default default] 10.0.0.64 "GET /v2.0/agents HTTP/1.1" status: 200 len: 997 time: 0.0086915
2026-05-20 04:20:18.958 10 INFO neutron.wsgi [None req-43fa8a8c-6f91-49c0-ae3a-683f930bcb7f 2f24a31e7361484a926d42e268766599 15af51f74f724241b5d8abfac3bb90ff - - default default] 10.0.0.64 "GET /v2.0/network-ip-availabilities HTTP/1.1" status: 200 len: 1280 time: 0.0077317
2026-05-20 04:20:18.994 10 INFO neutron.wsgi [None req-082fafcc-aa93-4082-b32a-ee12925f6e70 2f24a31e7361484a926d42e268766599 15af51f74f724241b5d8abfac3bb90ff - - default default] 10.0.0.64 "GET /v2.0/subnets HTTP/1.1" status: 200 len: 1437 time: 0.0355480
2026-05-20 04:20:19.004 10 INFO neutron.wsgi [None req-bd0d0aa5-73d7-4db5-9a25-b4ce98b4a152 2f24a31e7361484a926d42e268766599 15af51f74f724241b5d8abfac3bb90ff - - default default] 10.0.0.64 "GET /v2.0/subnetpools HTTP/1.1" status: 200 len: 193 time: 0.0079827
2026-05-20 04:20:19.020 10 INFO neutron.wsgi [None req-12651c21-9ada-4484-bfb0-64d1b4f8482b 2f24a31e7361484a926d42e268766599 15af51f74f724241b5d8abfac3bb90ff - - default default] 10.0.0.64 "GET /v2.0/floatingips HTTP/1.1" status: 200 len: 193 time: 0.0156577
2026-05-20 04:20:19.076 10 INFO neutron.wsgi [None req-c24931d1-26b2-4c7a-8aa9-6828ae5f0c3b 2f24a31e7361484a926d42e268766599 15af51f74f724241b5d8abfac3bb90ff - - default default] 10.0.0.64 "GET /v2.0/security-groups HTTP/1.1" status: 200 len: 16799 time: 0.0556505
2026-05-20 04:20:19.115 10 INFO neutron.wsgi [None req-99997371-437e-4c41-93ba-d9a1039af987 2f24a31e7361484a926d42e268766599 15af51f74f724241b5d8abfac3bb90ff - - default default] 10.0.0.64 "GET /v2.0/ports HTTP/1.1" status: 200 len: 5347 time: 0.0332813
2026-05-20 04:20:27.613 9 INFO neutron.wsgi [-] 10.0.0.42 "GET / HTTP/1.1" status: 200 len: 247 time: 0.0028112
2026-05-20 04:20:27.613 10 INFO neutron.wsgi [-] 10.0.0.42 "GET / HTTP/1.1" status: 200 len: 247 time: 0.0029614
2026-05-20 04:20:42.613 10 INFO neutron.wsgi [-] 10.0.0.42 "GET / HTTP/1.1" status: 200 len: 247 time: 0.0023818
2026-05-20 04:20:42.615 9 INFO neutron.wsgi [-] 10.0.0.42 "GET / HTTP/1.1" status: 200 len: 247 time: 0.0039864
2026-05-20 04:20:46.746 9 INFO neutron.wsgi [None req-522b661a-3a4a-420e-9712-2a5659b20b3c 2f24a31e7361484a926d42e268766599 15af51f74f724241b5d8abfac3bb90ff - - default default] 10.0.0.99 "GET /v2.0/networks HTTP/1.1" status: 200 len: 2368 time: 0.2954950
2026-05-20 04:20:47.902 9 INFO neutron.wsgi [None req-8441bc6d-65ac-4d1f-8434-134978f97fde 2f24a31e7361484a926d42e268766599 15af51f74f724241b5d8abfac3bb90ff - - default default] 10.0.0.99 "GET /v2.0/floatingips HTTP/1.1" status: 200 len: 212 time: 0.0365961
2026-05-20 04:20:47.938 9 INFO neutron.wsgi [None req-9482c5d5-8b34-43aa-955c-8da187f23a8e 2f24a31e7361484a926d42e268766599 15af51f74f724241b5d8abfac3bb90ff - - default default] 10.0.0.99 "GET /v2.0/routers HTTP/1.1" status: 200 len: 208 time: 0.0314255
2026-05-20 04:20:47.973 9 INFO neutron.wsgi [None req-bb5078a8-737f-489d-828b-e844a551d132 2f24a31e7361484a926d42e268766599 15af51f74f724241b5d8abfac3bb90ff - - default default] 10.0.0.99 "GET /v2.0/ports HTTP/1.1" status: 200 len: 5366 time: 0.0313077
2026-05-20 04:20:48.010 9 INFO neutron.wsgi [None req-69a92b89-f7b1-442d-8000-8e7c795a76f0 2f24a31e7361484a926d42e268766599 15af51f74f724241b5d8abfac3bb90ff - - default default] 10.0.0.99 "GET /v2.0/subnets HTTP/1.1" status: 200 len: 1456 time: 0.0321047
2026-05-20 04:20:48.070 9 INFO neutron.wsgi [None req-2aaf3c79-647c-455c-81be-3c17b2e1c685 2f24a31e7361484a926d42e268766599 15af51f74f724241b5d8abfac3bb90ff - - default default] 10.0.0.99 "GET /v2.0/networks HTTP/1.1" status: 200 len: 2368 time: 0.0559356
2026-05-20 04:20:48.121 9 INFO neutron.wsgi [None req-fed4150a-3ca7-4a0f-b9ae-ce317eeb29c6 2f24a31e7361484a926d42e268766599 15af51f74f724241b5d8abfac3bb90ff - - default default] 10.0.0.99 "GET /v2.0/security-groups HTTP/1.1" status: 200 len: 16818 time: 0.0461333
2026-05-20 04:20:48.137 9 INFO neutron.wsgi [None req-26383e4d-01d0-48ae-ad4a-5c0b9eabd0fa 2f24a31e7361484a926d42e268766599 15af51f74f724241b5d8abfac3bb90ff - - default default] 10.0.0.99 "GET /v2.0/subnetpools HTTP/1.1" status: 200 len: 212 time: 0.0103834
2026-05-20 04:20:57.612 10 INFO neutron.wsgi [-] 10.0.0.42 "GET / HTTP/1.1" status: 200 len: 247 time: 0.0016363
2026-05-20 04:20:57.614 9 INFO neutron.wsgi [-] 10.0.0.42 "GET / HTTP/1.1" status: 200 len: 247 time: 0.0029461
2026-05-20 04:20:58.733 10 INFO neutron.db.ovn_revision_numbers_db [None req-bc153102-e910-4c9d-814c-019118d5b503 2f24a31e7361484a926d42e268766599 15af51f74f724241b5d8abfac3bb90ff - - default default] Successfully bumped revision number for resource 8eb9ac07-77ab-4340-86c4-4c60bd9a3ab4 (type: security_groups) to 1
2026-05-20 04:20:58.735 10 INFO neutron.db.ovn_revision_numbers_db [None req-694ea80e-56f2-415b-bdc8-955be726d6fb 2f24a31e7361484a926d42e268766599 15af51f74f724241b5d8abfac3bb90ff - - default default] Successfully bumped revision number for resource 4ce2dcdb-ad58-4556-8729-0cbe1ecb49b6 (type: security_groups) to 1
2026-05-20 04:20:58.743 10 INFO neutron.db.ovn_revision_numbers_db [None req-ae556f6f-2a98-41a1-926b-829e3b33e5fd 2f24a31e7361484a926d42e268766599 15af51f74f724241b5d8abfac3bb90ff - - default default] Successfully bumped revision number for resource a70e4ca8-3691-4bdd-adcd-41ca56b42657 (type: security_groups) to 1
2026-05-20 04:20:58.753 10 INFO neutron.db.ovn_revision_numbers_db [None req-bc153102-e910-4c9d-814c-019118d5b503 2f24a31e7361484a926d42e268766599 15af51f74f724241b5d8abfac3bb90ff - - default default] Successfully bumped revision number for resource 0dd39818-6b96-4e56-a5cf-c8450fc7e29f (type: security_group_rules) to 0
2026-05-20 04:20:58.755 10 INFO neutron.db.ovn_revision_numbers_db [None req-694ea80e-56f2-415b-bdc8-955be726d6fb 2f24a31e7361484a926d42e268766599 15af51f74f724241b5d8abfac3bb90ff - - default default] Successfully bumped revision number for resource 45dc9bf5-2a56-44e2-ba7d-8333735e42bf (type: security_group_rules) to 0
2026-05-20 04:20:58.761 10 INFO neutron.db.ovn_revision_numbers_db [None req-ae556f6f-2a98-41a1-926b-829e3b33e5fd 2f24a31e7361484a926d42e268766599 15af51f74f724241b5d8abfac3bb90ff - - default default] Successfully bumped revision number for resource 0f25eebc-6bd1-4e84-b635-81ef1f1819ae (type: security_group_rules) to 0
2026-05-20 04:20:58.770 10 INFO neutron.db.ovn_revision_numbers_db [None req-694ea80e-56f2-415b-bdc8-955be726d6fb 2f24a31e7361484a926d42e268766599 15af51f74f724241b5d8abfac3bb90ff - - default default] Successfully bumped revision number for resource 8290ce0c-e1ec-4e0a-81ef-f951adc9efa9 (type: security_group_rules) to 0
2026-05-20 04:20:58.773 10 INFO neutron.db.ovn_revision_numbers_db [None req-bc153102-e910-4c9d-814c-019118d5b503 2f24a31e7361484a926d42e268766599 15af51f74f724241b5d8abfac3bb90ff - - default default] Successfully bumped revision number for resource 782776a2-80af-4e36-854e-e99a79cc057e (type: security_group_rules) to 0
2026-05-20 04:20:58.780 10 INFO neutron.db.ovn_revision_numbers_db [None req-ae556f6f-2a98-41a1-926b-829e3b33e5fd 2f24a31e7361484a926d42e268766599 15af51f74f724241b5d8abfac3bb90ff - - default default] Successfully bumped revision number for resource 2e526eb1-83a1-4a53-a26c-98b5028a0902 (type: security_group_rules) to 0
2026-05-20 04:20:58.785 10 INFO neutron.db.ovn_revision_numbers_db [None req-694ea80e-56f2-415b-bdc8-955be726d6fb 2f24a31e7361484a926d42e268766599 15af51f74f724241b5d8abfac3bb90ff - - default default] Successfully bumped revision number for resource 82c1f3eb-40f8-4bc3-8b2b-42771867ae3d (type: security_group_rules) to 0
2026-05-20 04:20:58.791 10 INFO neutron.db.ovn_revision_numbers_db [None req-bc153102-e910-4c9d-814c-019118d5b503 2f24a31e7361484a926d42e268766599 15af51f74f724241b5d8abfac3bb90ff - - default default] Successfully bumped revision number for resource a1720456-5afb-43e0-ac21-cbe25c653f30 (type: security_group_rules) to 0
2026-05-20 04:20:58.796 10 INFO neutron.db.ovn_revision_numbers_db [None req-ae556f6f-2a98-41a1-926b-829e3b33e5fd 2f24a31e7361484a926d42e268766599 15af51f74f724241b5d8abfac3bb90ff - - default default] Successfully bumped revision number for resource 59d4aa3a-5a3c-43fd-ba9c-2d3c887d4498 (type: security_group_rules) to 0
2026-05-20 04:20:58.801 10 INFO neutron.db.ovn_revision_numbers_db [None req-694ea80e-56f2-415b-bdc8-955be726d6fb 2f24a31e7361484a926d42e268766599 15af51f74f724241b5d8abfac3bb90ff - - default default] Successfully bumped revision number for resource b10e5514-1892-4f2f-b486-c96c5686a8c2 (type: security_group_rules) to 0
2026-05-20 04:20:58.807 10 INFO neutron.db.ovn_revision_numbers_db [None req-bc153102-e910-4c9d-814c-019118d5b503 2f24a31e7361484a926d42e268766599 15af51f74f724241b5d8abfac3bb90ff - - default default] Successfully bumped revision number for resource ce09f607-6e18-41a7-9de4-6814f3662d3e (type: security_group_rules) to 0
2026-05-20 04:20:58.818 10 INFO neutron.db.ovn_revision_numbers_db [None req-ae556f6f-2a98-41a1-926b-829e3b33e5fd 2f24a31e7361484a926d42e268766599 15af51f74f724241b5d8abfac3bb90ff - - default default] Successfully bumped revision number for resource 83311991-0fb5-474c-b86a-c4426051f256 (type: security_group_rules) to 0
2026-05-20 04:20:58.866 10 INFO neutron.db.segments_db [None req-694ea80e-56f2-415b-bdc8-955be726d6fb 2f24a31e7361484a926d42e268766599 15af51f74f724241b5d8abfac3bb90ff - - default default] Added segment ccf7e17c-2106-4e64-8d17-fb5c4d9339ee of type geneve for network 1f2059eb-b7d6-45bf-93cd-2a1f87a46243
2026-05-20 04:20:58.873 10 INFO neutron.db.segments_db [None req-ae556f6f-2a98-41a1-926b-829e3b33e5fd 2f24a31e7361484a926d42e268766599 15af51f74f724241b5d8abfac3bb90ff - - default default] Added segment 94f223e9-07ea-45a6-84a4-410831112084 of type geneve for network 777a77b8-6b16-4cb2-9ce8-00a499b1544e
2026-05-20 04:20:58.874 10 INFO neutron.db.segments_db [None req-bc153102-e910-4c9d-814c-019118d5b503 2f24a31e7361484a926d42e268766599 15af51f74f724241b5d8abfac3bb90ff - - default default] Added segment 80ad428a-1ab8-4da7-b579-e3251f336712 of type geneve for network 7e821baf-07b3-4bac-af84-85ecf4f191cf
2026-05-20 04:20:59.127 10 INFO neutron.db.ovn_revision_numbers_db [None req-694ea80e-56f2-415b-bdc8-955be726d6fb 2f24a31e7361484a926d42e268766599 15af51f74f724241b5d8abfac3bb90ff - - default default] Successfully bumped revision number for resource 1f2059eb-b7d6-45bf-93cd-2a1f87a46243 (type: networks) to 1
2026-05-20 04:20:59.131 10 INFO neutron.db.ovn_revision_numbers_db [None req-ae556f6f-2a98-41a1-926b-829e3b33e5fd 2f24a31e7361484a926d42e268766599 15af51f74f724241b5d8abfac3bb90ff - - default default] Successfully bumped revision number for resource 777a77b8-6b16-4cb2-9ce8-00a499b1544e (type: networks) to 1
2026-05-20 04:20:59.138 10 INFO neutron.db.ovn_revision_numbers_db [None req-bc153102-e910-4c9d-814c-019118d5b503 2f24a31e7361484a926d42e268766599 15af51f74f724241b5d8abfac3bb90ff - - default default] Successfully bumped revision number for resource 7e821baf-07b3-4bac-af84-85ecf4f191cf (type: networks) to 1
2026-05-20 04:20:59.307 9 INFO neutron.db.ovn_revision_numbers_db [None req-39e85c25-cf5b-4a04-87b9-8e978fb2466a 2f24a31e7361484a926d42e268766599 15af51f74f724241b5d8abfac3bb90ff - - default default] Successfully bumped revision number for resource de473d87-37bf-425d-8d4a-2a4ee05486cf (type: security_groups) to 1
2026-05-20 04:20:59.323 9 INFO neutron.db.ovn_revision_numbers_db [None req-39e85c25-cf5b-4a04-87b9-8e978fb2466a 2f24a31e7361484a926d42e268766599 15af51f74f724241b5d8abfac3bb90ff - - default default] Successfully bumped revision number for resource 030bb25d-937b-439a-8212-0bb4a8b2e059 (type: security_group_rules) to 0
2026-05-20 04:20:59.339 9 INFO neutron.db.ovn_revision_numbers_db [None req-39e85c25-cf5b-4a04-87b9-8e978fb2466a 2f24a31e7361484a926d42e268766599 15af51f74f724241b5d8abfac3bb90ff - - default default] Successfully bumped revision number for resource 58f7f17e-7ddc-4e99-967d-1ce9653cbf52 (type: security_group_rules) to 0
2026-05-20 04:20:59.352 9 INFO neutron.db.ovn_revision_numbers_db [None req-39e85c25-cf5b-4a04-87b9-8e978fb2466a 2f24a31e7361484a926d42e268766599 15af51f74f724241b5d8abfac3bb90ff - - default default] Successfully bumped revision number for resource 68b52678-3d88-4169-b93e-5ad3d8503efb (type: security_group_rules) to 0
2026-05-20 04:20:59.363 9 INFO neutron.db.ovn_revision_numbers_db [None req-39e85c25-cf5b-4a04-87b9-8e978fb2466a 2f24a31e7361484a926d42e268766599 15af51f74f724241b5d8abfac3bb90ff - - default default] Successfully bumped revision number for resource fcb98b4f-d684-48f7-bbdb-b7ddcb85e5ba (type: security_group_rules) to 0
2026-05-20 04:20:59.388 9 INFO neutron.wsgi [None req-39e85c25-cf5b-4a04-87b9-8e978fb2466a 2f24a31e7361484a926d42e268766599 15af51f74f724241b5d8abfac3bb90ff - - default default] 10.0.0.99 "GET /v2.0/security-groups?tenant_id=b2a1a2884df4420392ad7c0a097fa0a9&name=default HTTP/1.1" status: 200 len: 2992 time: 0.2839184
2026-05-20 04:20:59.463 10 WARNING neutron.scheduler.dhcp_agent_scheduler [None req-694ea80e-56f2-415b-bdc8-955be726d6fb 2f24a31e7361484a926d42e268766599 15af51f74f724241b5d8abfac3bb90ff - - default default] No more DHCP agents
2026-05-20 04:20:59.469 10 WARNING neutron.api.rpc.agentnotifiers.dhcp_rpc_agent_api [None req-694ea80e-56f2-415b-bdc8-955be726d6fb 2f24a31e7361484a926d42e268766599 15af51f74f724241b5d8abfac3bb90ff - - default default] Unable to schedule network 1f2059eb-b7d6-45bf-93cd-2a1f87a46243: no agents available; will retry on subsequent port and subnet creation events.
2026-05-20 04:20:59.486 10 WARNING neutron.scheduler.dhcp_agent_scheduler [None req-ae556f6f-2a98-41a1-926b-829e3b33e5fd 2f24a31e7361484a926d42e268766599 15af51f74f724241b5d8abfac3bb90ff - - default default] No more DHCP agents
2026-05-20 04:20:59.496 10 WARNING neutron.api.rpc.agentnotifiers.dhcp_rpc_agent_api [None req-ae556f6f-2a98-41a1-926b-829e3b33e5fd 2f24a31e7361484a926d42e268766599 15af51f74f724241b5d8abfac3bb90ff - - default default] Unable to schedule network 777a77b8-6b16-4cb2-9ce8-00a499b1544e: no agents available; will retry on subsequent port and subnet creation events.
2026-05-20 04:20:59.516 10 WARNING neutron.scheduler.dhcp_agent_scheduler [None req-bc153102-e910-4c9d-814c-019118d5b503 2f24a31e7361484a926d42e268766599 15af51f74f724241b5d8abfac3bb90ff - - default default] No more DHCP agents
2026-05-20 04:20:59.529 10 WARNING neutron.api.rpc.agentnotifiers.dhcp_rpc_agent_api [None req-bc153102-e910-4c9d-814c-019118d5b503 2f24a31e7361484a926d42e268766599 15af51f74f724241b5d8abfac3bb90ff - - default default] Unable to schedule network 7e821baf-07b3-4bac-af84-85ecf4f191cf: no agents available; will retry on subsequent port and subnet creation events.
2026-05-20 04:20:59.671 10 INFO neutron.db.ovn_revision_numbers_db [None req-694ea80e-56f2-415b-bdc8-955be726d6fb 2f24a31e7361484a926d42e268766599 15af51f74f724241b5d8abfac3bb90ff - - default default] Successfully bumped revision number for resource a7578f10-35dc-4f06-996e-f4a39cb92d53 (type: ports) to 1
2026-05-20 04:20:59.690 10 INFO neutron.db.ovn_revision_numbers_db [None req-ae556f6f-2a98-41a1-926b-829e3b33e5fd 2f24a31e7361484a926d42e268766599 15af51f74f724241b5d8abfac3bb90ff - - default default] Successfully bumped revision number for resource 42d9738d-71b8-4c34-acbf-fc87befa76b9 (type: ports) to 1
2026-05-20 04:20:59.696 10 INFO neutron.db.ovn_revision_numbers_db [None req-bc153102-e910-4c9d-814c-019118d5b503 2f24a31e7361484a926d42e268766599 15af51f74f724241b5d8abfac3bb90ff - - default default] Successfully bumped revision number for resource 9c8e959d-e9d2-4561-9b36-d78e784786de (type: ports) to 1
2026-05-20 04:20:59.704 10 INFO neutron.wsgi [None req-694ea80e-56f2-415b-bdc8-955be726d6fb 2f24a31e7361484a926d42e268766599 15af51f74f724241b5d8abfac3bb90ff - - default default] 10.0.0.99 "POST /v2.0/networks HTTP/1.1" status: 201 len: 939 time: 1.1714220
2026-05-20 04:20:59.721 10 INFO neutron.wsgi [None req-ae556f6f-2a98-41a1-926b-829e3b33e5fd 2f24a31e7361484a926d42e268766599 15af51f74f724241b5d8abfac3bb90ff - - default default] 10.0.0.99 "POST /v2.0/networks HTTP/1.1" status: 201 len: 947 time: 1.2461190
2026-05-20 04:20:59.732 10 INFO neutron.wsgi [None req-bc153102-e910-4c9d-814c-019118d5b503 2f24a31e7361484a926d42e268766599 15af51f74f724241b5d8abfac3bb90ff - - default default] 10.0.0.99 "POST /v2.0/networks HTTP/1.1" status: 201 len: 945 time: 1.2810268
2026-05-20 04:20:59.822 10 INFO neutron.wsgi [None req-82e5d156-8ffa-4c2f-bbc8-f04be21f539c 2f24a31e7361484a926d42e268766599 15af51f74f724241b5d8abfac3bb90ff - - default default] 10.0.0.99 "DELETE /v2.0/security-groups/de473d87-37bf-425d-8d4a-2a4ee05486cf HTTP/1.1" status: 204 len: 168 time: 0.4254048
2026-05-20 04:20:59.907 10 WARNING neutron.scheduler.dhcp_agent_scheduler [None req-604f7a69-3a71-4af1-8fb0-8db6fcb6bb5a 2f24a31e7361484a926d42e268766599 15af51f74f724241b5d8abfac3bb90ff - - default default] No more DHCP agents
2026-05-20 04:20:59.910 10 WARNING neutron.api.rpc.agentnotifiers.dhcp_rpc_agent_api [None req-604f7a69-3a71-4af1-8fb0-8db6fcb6bb5a 2f24a31e7361484a926d42e268766599 15af51f74f724241b5d8abfac3bb90ff - - default default] Unable to schedule network 1f2059eb-b7d6-45bf-93cd-2a1f87a46243: no agents available; will retry on subsequent port and subnet creation events.
2026-05-20 04:20:59.912 10 WARNING neutron.scheduler.dhcp_agent_scheduler [None req-bcb88bd4-7a1e-4b33-b171-2518aa347144 2f24a31e7361484a926d42e268766599 15af51f74f724241b5d8abfac3bb90ff - - default default] No more DHCP agents
2026-05-20 04:20:59.914 10 WARNING neutron.api.rpc.agentnotifiers.dhcp_rpc_agent_api [None req-bcb88bd4-7a1e-4b33-b171-2518aa347144 2f24a31e7361484a926d42e268766599 15af51f74f724241b5d8abfac3bb90ff - - default default] Unable to schedule network 7e821baf-07b3-4bac-af84-85ecf4f191cf: no agents available; will retry on subsequent port and subnet creation events.
2026-05-20 04:20:59.919 9 WARNING neutron.scheduler.dhcp_agent_scheduler [None req-1b3f2b15-f646-4700-8f54-8049af7bf02d 2f24a31e7361484a926d42e268766599 15af51f74f724241b5d8abfac3bb90ff - - default default] No more DHCP agents
2026-05-20 04:20:59.920 9 WARNING neutron.api.rpc.agentnotifiers.dhcp_rpc_agent_api [None req-1b3f2b15-f646-4700-8f54-8049af7bf02d 2f24a31e7361484a926d42e268766599 15af51f74f724241b5d8abfac3bb90ff - - default default] Unable to schedule network 777a77b8-6b16-4cb2-9ce8-00a499b1544e: no agents available; will retry on subsequent port and subnet creation events.
2026-05-20 04:21:00.551 9 INFO neutron.db.ovn_revision_numbers_db [None req-1b3f2b15-f646-4700-8f54-8049af7bf02d 2f24a31e7361484a926d42e268766599 15af51f74f724241b5d8abfac3bb90ff - - default default] Successfully bumped revision number for resource 42d9738d-71b8-4c34-acbf-fc87befa76b9 (type: ports) to 2
2026-05-20 04:21:00.596 10 INFO neutron.db.ovn_revision_numbers_db [None req-604f7a69-3a71-4af1-8fb0-8db6fcb6bb5a 2f24a31e7361484a926d42e268766599 15af51f74f724241b5d8abfac3bb90ff - - default default] Successfully bumped revision number for resource a7578f10-35dc-4f06-996e-f4a39cb92d53 (type: ports) to 2
2026-05-20 04:21:00.602 9 INFO neutron.db.ovn_revision_numbers_db [None req-1b3f2b15-f646-4700-8f54-8049af7bf02d 2f24a31e7361484a926d42e268766599 15af51f74f724241b5d8abfac3bb90ff - - default default] Successfully bumped revision number for resource 79a202a7-db27-429e-8fe9-3e4eb8c106a6 (type: subnets) to 0
2026-05-20 04:21:00.621 10 INFO neutron.db.ovn_revision_numbers_db [None req-bcb88bd4-7a1e-4b33-b171-2518aa347144 2f24a31e7361484a926d42e268766599 15af51f74f724241b5d8abfac3bb90ff - - default default] Successfully bumped revision number for resource 9c8e959d-e9d2-4561-9b36-d78e784786de (type: ports) to 2
2026-05-20 04:21:00.636 9 INFO neutron.wsgi [None req-1b3f2b15-f646-4700-8f54-8049af7bf02d 2f24a31e7361484a926d42e268766599 15af51f74f724241b5d8abfac3bb90ff - - default default] 10.0.0.99 "POST /v2.0/subnets HTTP/1.1" status: 201 len: 867 time: 0.9089129
2026-05-20 04:21:00.637 10 INFO neutron.db.ovn_revision_numbers_db [None req-604f7a69-3a71-4af1-8fb0-8db6fcb6bb5a 2f24a31e7361484a926d42e268766599 15af51f74f724241b5d8abfac3bb90ff - - default default] Successfully bumped revision number for resource 79fc0eca-5e2d-4d6f-b9b0-13d2db38fd0c (type: subnets) to 0
2026-05-20 04:21:00.659 10 INFO neutron.wsgi [None req-604f7a69-3a71-4af1-8fb0-8db6fcb6bb5a 2f24a31e7361484a926d42e268766599 15af51f74f724241b5d8abfac3bb90ff - - default default] 10.0.0.99 "POST /v2.0/subnets HTTP/1.1" status: 201 len: 859 time: 0.9482951
2026-05-20 04:21:00.672 10 INFO neutron.db.ovn_revision_numbers_db [None req-bcb88bd4-7a1e-4b33-b171-2518aa347144 2f24a31e7361484a926d42e268766599 15af51f74f724241b5d8abfac3bb90ff - - default default] Successfully bumped revision number for resource b8493e08-d41d-4dac-968c-e63da5d4d7bc (type: subnets) to 0
2026-05-20 04:21:00.706 10 INFO neutron.wsgi [None req-bcb88bd4-7a1e-4b33-b171-2518aa347144 2f24a31e7361484a926d42e268766599 15af51f74f724241b5d8abfac3bb90ff - - default default] 10.0.0.99 "POST /v2.0/subnets HTTP/1.1" status: 201 len: 865 time: 0.9684987
2026-05-20 04:21:01.189 9 WARNING neutron.scheduler.dhcp_agent_scheduler [None req-c1a31e16-9474-4099-a95e-9f08adda718c 2f24a31e7361484a926d42e268766599 15af51f74f724241b5d8abfac3bb90ff - - default default] No more DHCP agents
2026-05-20 04:21:01.192 9 WARNING neutron.api.rpc.agentnotifiers.dhcp_rpc_agent_api [None req-c1a31e16-9474-4099-a95e-9f08adda718c 2f24a31e7361484a926d42e268766599 15af51f74f724241b5d8abfac3bb90ff - - default default] Unable to schedule network db57a76f-9faa-48e4-bf2e-a7fa9e8dc65e: no agents available; will retry on subsequent port and subnet creation events.
2026-05-20 04:21:01.351 10 WARNING neutron.scheduler.dhcp_agent_scheduler [None req-15b642ba-10d2-43fe-9e4c-8023953f9651 2f24a31e7361484a926d42e268766599 15af51f74f724241b5d8abfac3bb90ff - - default default] No more DHCP agents
2026-05-20 04:21:01.352 9 INFO neutron.db.ovn_revision_numbers_db [None req-c1a31e16-9474-4099-a95e-9f08adda718c 2f24a31e7361484a926d42e268766599 15af51f74f724241b5d8abfac3bb90ff - - default default] Successfully bumped revision number for resource e9f9d0b3-18b2-4803-b5ab-93b9d3d086fb (type: ports) to 1
2026-05-20 04:21:01.354 10 WARNING neutron.api.rpc.agentnotifiers.dhcp_rpc_agent_api [None req-15b642ba-10d2-43fe-9e4c-8023953f9651 2f24a31e7361484a926d42e268766599 15af51f74f724241b5d8abfac3bb90ff - - default default] Unable to schedule network db57a76f-9faa-48e4-bf2e-a7fa9e8dc65e: no agents available; will retry on subsequent port and subnet creation events.
2026-05-20 04:21:01.399 10 WARNING neutron.scheduler.dhcp_agent_scheduler [None req-4b723796-f47f-43c8-adc2-b826e0692323 2f24a31e7361484a926d42e268766599 15af51f74f724241b5d8abfac3bb90ff - - default default] No more DHCP agents
2026-05-20 04:21:01.402 10 WARNING neutron.api.rpc.agentnotifiers.dhcp_rpc_agent_api [None req-4b723796-f47f-43c8-adc2-b826e0692323 2f24a31e7361484a926d42e268766599 15af51f74f724241b5d8abfac3bb90ff - - default default] Unable to schedule network db57a76f-9faa-48e4-bf2e-a7fa9e8dc65e: no agents available; will retry on subsequent port and subnet creation events.
2026-05-20 04:21:01.544 10 INFO neutron.db.ovn_revision_numbers_db [None req-15b642ba-10d2-43fe-9e4c-8023953f9651 2f24a31e7361484a926d42e268766599 15af51f74f724241b5d8abfac3bb90ff - - default default] Successfully bumped revision number for resource e16e521e-47f3-46dd-9989-2a9e86c55b29 (type: ports) to 1
2026-05-20 04:21:01.581 10 INFO neutron.db.ovn_revision_numbers_db [None req-4b723796-f47f-43c8-adc2-b826e0692323 2f24a31e7361484a926d42e268766599 15af51f74f724241b5d8abfac3bb90ff - - default default] Successfully bumped revision number for resource 7f3d4512-1a43-4784-a12c-7b3fc196419a (type: ports) to 1
2026-05-20 04:21:01.687 9 INFO neutron.plugins.ml2.drivers.ovn.mech_driver.ovsdb.extensions.qos [None req-c1a31e16-9474-4099-a95e-9f08adda718c 2f24a31e7361484a926d42e268766599 15af51f74f724241b5d8abfac3bb90ff - - default default] Starting OVNClientQosExtension
2026-05-20 04:21:01.997 10 INFO neutron.plugins.ml2.drivers.ovn.mech_driver.ovsdb.extensions.qos [None req-15b642ba-10d2-43fe-9e4c-8023953f9651 2f24a31e7361484a926d42e268766599 15af51f74f724241b5d8abfac3bb90ff - - default default] Starting OVNClientQosExtension
2026-05-20 04:21:01.997 9 INFO neutron.plugins.ml2.drivers.ovn.mech_driver.mech_driver [-] OVN reports status up for port: e9f9d0b3-18b2-4803-b5ab-93b9d3d086fb
2026-05-20 04:21:02.017 9 INFO neutron.plugins.ml2.drivers.ovn.mech_driver.ovsdb.ovsdb_monitor [-] Router c13c18e6-ac4d-49af-9edb-3a3cf9daa346 is bound to host instance
2026-05-20 04:21:02.028 9 INFO neutron.plugins.ml2.plugin [None req-81c5e094-bb6d-41a5-9d80-80da556afc5e - - - - - -] Attempt 1 to provision port e9f9d0b3-18b2-4803-b5ab-93b9d3d086fb
2026-05-20 04:21:02.028 10 INFO neutron.db.ovn_revision_numbers_db [None req-7a39bb2b-d630-4b56-8170-c3243514196c 2f24a31e7361484a926d42e268766599 15af51f74f724241b5d8abfac3bb90ff - - default default] Successfully bumped revision number for resource a43f8966-6e87-44e4-b7ce-5c13f76e9f3a (type: security_groups) to 1
2026-05-20 04:21:02.057 10 INFO neutron.db.ovn_revision_numbers_db [None req-7a39bb2b-d630-4b56-8170-c3243514196c 2f24a31e7361484a926d42e268766599 15af51f74f724241b5d8abfac3bb90ff - - default default] Successfully bumped revision number for resource 63348332-c35a-47cf-80ab-52fd5d2fe774 (type: security_group_rules) to 0
2026-05-20 04:21:02.065 9 INFO neutron.db.ovn_revision_numbers_db [None req-c1a31e16-9474-4099-a95e-9f08adda718c 2f24a31e7361484a926d42e268766599 15af51f74f724241b5d8abfac3bb90ff - - default default] Successfully bumped revision number for resource e9f9d0b3-18b2-4803-b5ab-93b9d3d086fb (type: router_ports) to 1
2026-05-20 04:21:02.097 10 INFO neutron.db.ovn_revision_numbers_db [None req-7a39bb2b-d630-4b56-8170-c3243514196c 2f24a31e7361484a926d42e268766599 15af51f74f724241b5d8abfac3bb90ff - - default default] Successfully bumped revision number for resource 87e28d4a-f3e7-4f40-baf3-6751b6138c5b (type: security_group_rules) to 0
2026-05-20 04:21:02.122 10 INFO neutron.db.ovn_revision_numbers_db [None req-7a39bb2b-d630-4b56-8170-c3243514196c 2f24a31e7361484a926d42e268766599 15af51f74f724241b5d8abfac3bb90ff - - default default] Successfully bumped revision number for resource 96e5a7b8-ee1a-4fbc-a1aa-9d7fb967dbb9 (type: security_group_rules) to 0
2026-05-20 04:21:02.149 10 INFO neutron.db.ovn_revision_numbers_db [None req-7a39bb2b-d630-4b56-8170-c3243514196c 2f24a31e7361484a926d42e268766599 15af51f74f724241b5d8abfac3bb90ff - - default default] Successfully bumped revision number for resource 9b80bb4b-9a12-455a-923a-47ba025561f4 (type: security_group_rules) to 0
2026-05-20 04:21:02.169 9 INFO neutron.db.ovn_revision_numbers_db [None req-c1a31e16-9474-4099-a95e-9f08adda718c 2f24a31e7361484a926d42e268766599 15af51f74f724241b5d8abfac3bb90ff - - default default] Successfully bumped revision number for resource c13c18e6-ac4d-49af-9edb-3a3cf9daa346 (type: routers) to 2
2026-05-20 04:21:02.188 9 INFO neutron.wsgi [None req-c1a31e16-9474-4099-a95e-9f08adda718c 2f24a31e7361484a926d42e268766599 15af51f74f724241b5d8abfac3bb90ff - - default default] 10.0.0.99 "POST /v2.0/routers HTTP/1.1" status: 201 len: 870 time: 1.5245187
2026-05-20 04:21:02.247 10 INFO neutron.db.segments_db [None req-7a39bb2b-d630-4b56-8170-c3243514196c 2f24a31e7361484a926d42e268766599 15af51f74f724241b5d8abfac3bb90ff - - default default] Added segment 35a1ec33-294a-4542-ac8e-10cd9542f4df of type geneve for network 6ce74a71-dd2b-41af-812f-42a6d8465272
2026-05-20 04:21:02.514 10 INFO neutron.db.ovn_revision_numbers_db [None req-7a39bb2b-d630-4b56-8170-c3243514196c 2f24a31e7361484a926d42e268766599 15af51f74f724241b5d8abfac3bb90ff - - default default] Successfully bumped revision number for resource 6ce74a71-dd2b-41af-812f-42a6d8465272 (type: networks) to 1
2026-05-20 04:21:02.559 10 INFO neutron.db.ovn_revision_numbers_db [None req-15b642ba-10d2-43fe-9e4c-8023953f9651 2f24a31e7361484a926d42e268766599 15af51f74f724241b5d8abfac3bb90ff - - default default] Successfully bumped revision number for resource e16e521e-47f3-46dd-9989-2a9e86c55b29 (type: router_ports) to 1
2026-05-20 04:21:02.620 10 INFO neutron.plugins.ml2.drivers.ovn.mech_driver.ovsdb.ovsdb_monitor [-] Router 803a90c4-100e-4c16-8ec6-7ac7393ae8f1 is bound to host instance
2026-05-20 04:21:02.697 10 INFO neutron.db.ovn_revision_numbers_db [None req-15b642ba-10d2-43fe-9e4c-8023953f9651 2f24a31e7361484a926d42e268766599 15af51f74f724241b5d8abfac3bb90ff - - default default] Successfully bumped revision number for resource ffff0269-aae8-48e4-bbab-b78cad7bc63c (type: routers) to 2
2026-05-20 04:21:02.700 10 INFO neutron.db.ovn_revision_numbers_db [None req-4b723796-f47f-43c8-adc2-b826e0692323 2f24a31e7361484a926d42e268766599 15af51f74f724241b5d8abfac3bb90ff - - default default] Successfully bumped revision number for resource 7f3d4512-1a43-4784-a12c-7b3fc196419a (type: router_ports) to 1
2026-05-20 04:21:02.730 10 INFO neutron.wsgi [None req-15b642ba-10d2-43fe-9e4c-8023953f9651 2f24a31e7361484a926d42e268766599 15af51f74f724241b5d8abfac3bb90ff - - default default] 10.0.0.99 "POST /v2.0/routers HTTP/1.1" status: 201 len: 878 time: 2.0884848
2026-05-20 04:21:02.796 9 INFO neutron.db.ovn_revision_numbers_db [None req-56fb77bd-2cd0-498b-85aa-42e48deac407 - - - - - -] Successfully bumped revision number for resource e9f9d0b3-18b2-4803-b5ab-93b9d3d086fb (type: ports) to 1
2026-05-20 04:21:02.798 9 WARNING neutron.scheduler.dhcp_agent_scheduler [None req-79b2f961-6bc8-48af-a135-6d8c46a514a7 2f24a31e7361484a926d42e268766599 15af51f74f724241b5d8abfac3bb90ff - - default default] No more DHCP agents
2026-05-20 04:21:02.799 9 WARNING neutron.api.rpc.agentnotifiers.dhcp_rpc_agent_api [None req-79b2f961-6bc8-48af-a135-6d8c46a514a7 2f24a31e7361484a926d42e268766599 15af51f74f724241b5d8abfac3bb90ff - - default default] Unable to schedule network 1f2059eb-b7d6-45bf-93cd-2a1f87a46243: no agents available; will retry on subsequent port and subnet creation events.
2026-05-20 04:21:02.896 10 INFO neutron.db.ovn_revision_numbers_db [None req-4b723796-f47f-43c8-adc2-b826e0692323 2f24a31e7361484a926d42e268766599 15af51f74f724241b5d8abfac3bb90ff - - default default] Successfully bumped revision number for resource 803a90c4-100e-4c16-8ec6-7ac7393ae8f1 (type: routers) to 2
2026-05-20 04:21:02.915 10 WARNING neutron.scheduler.dhcp_agent_scheduler [None req-7a39bb2b-d630-4b56-8170-c3243514196c 2f24a31e7361484a926d42e268766599 15af51f74f724241b5d8abfac3bb90ff - - default default] No more DHCP agents
2026-05-20 04:21:02.919 10 WARNING neutron.api.rpc.agentnotifiers.dhcp_rpc_agent_api [None req-7a39bb2b-d630-4b56-8170-c3243514196c 2f24a31e7361484a926d42e268766599 15af51f74f724241b5d8abfac3bb90ff - - default default] Unable to schedule network 6ce74a71-dd2b-41af-812f-42a6d8465272: no agents available; will retry on subsequent port and subnet creation events.
