2026-05-20 04:23:57.374 9 INFO neutron.wsgi [None req-83327cae-6e9c-4309-9770-2929888976f0 02165ad3c1e4464094c179230a75f66c 0860e5436f1c4e6ca19ffee18501fb17 - - default default] 10.0.0.99 "DELETE /v2.0/networks/efb69ed2-8988-4ef5-8860-5a00015f600b HTTP/1.1" status: 204 len: 168 time: 0.7366533 /var/lib/openstack/lib/python3.10/site-packages/pycadf/identifier.py:71: UserWarning: Invalid uuid: neutron. To ensure interoperability, identifiers should be a valid uuid. warnings.warn(('Invalid uuid: %s. To ensure interoperability, '
2026-05-20 04:23:57.475 10 INFO neutron.db.segments_db [None req-a4117651-1510-4310-85ba-b5e3af5a1a56 02165ad3c1e4464094c179230a75f66c 0860e5436f1c4e6ca19ffee18501fb17 - - default default] Added segment 40ae3c7b-4dc6-4762-b1f9-7a5950bc998b of type geneve for network d0cb485e-07fe-4fa3-904f-0d3890937bcb
2026-05-20 04:23:57.613 10 INFO neutron.wsgi [-] 10.0.0.42 "GET / HTTP/1.1" status: 200 len: 247 time: 0.0020821
2026-05-20 04:23:57.614 10 INFO neutron.wsgi [-] 10.0.0.42 "GET / HTTP/1.1" status: 200 len: 247 time: 0.0009723
2026-05-20 04:23:57.647 10 INFO neutron.db.ovn_revision_numbers_db [None req-a4117651-1510-4310-85ba-b5e3af5a1a56 02165ad3c1e4464094c179230a75f66c 0860e5436f1c4e6ca19ffee18501fb17 - - default default] Successfully bumped revision number for resource d0cb485e-07fe-4fa3-904f-0d3890937bcb (type: networks) to 1
2026-05-20 04:23:57.685 9 INFO neutron.db.ovn_revision_numbers_db [None req-2ea8ed35-b875-4a9b-a653-519592afef50 b93e60ed399a4b1b920314f48480315d ca876d392c474189bdea0c360020d538 - - default default] Successfully bumped revision number for resource 00ee6333-0fa9-4a26-972b-b706cb0b935d (type: ports) to 2
2026-05-20 04:23:57.726 9 INFO neutron.db.ovn_revision_numbers_db [None req-2ea8ed35-b875-4a9b-a653-519592afef50 b93e60ed399a4b1b920314f48480315d ca876d392c474189bdea0c360020d538 - - default default] Successfully bumped revision number for resource bd7f5f1d-8ff1-466a-a143-170f915ff1ff (type: subnets) to 0
2026-05-20 04:23:57.744 9 INFO neutron.wsgi [None req-2ea8ed35-b875-4a9b-a653-519592afef50 b93e60ed399a4b1b920314f48480315d ca876d392c474189bdea0c360020d538 - - default default] 10.0.0.99 "POST /v2.0/subnets HTTP/1.1" status: 201 len: 804 time: 1.2417116
2026-05-20 04:23:57.868 10 INFO neutron.db.segments_db [None req-284be009-51bc-47ee-adff-16348d67f53f b93e60ed399a4b1b920314f48480315d ca876d392c474189bdea0c360020d538 - - default default] Added segment b460a840-236d-4278-b7b8-4191d8e72f82 of type geneve for network c9151365-90b4-4c0e-b525-2a8bbc6ed92e
2026-05-20 04:23:57.877 10 WARNING neutron.scheduler.dhcp_agent_scheduler [None req-a4117651-1510-4310-85ba-b5e3af5a1a56 02165ad3c1e4464094c179230a75f66c 0860e5436f1c4e6ca19ffee18501fb17 - - default default] No more DHCP agents
2026-05-20 04:23:57.886 10 WARNING neutron.api.rpc.agentnotifiers.dhcp_rpc_agent_api [None req-a4117651-1510-4310-85ba-b5e3af5a1a56 02165ad3c1e4464094c179230a75f66c 0860e5436f1c4e6ca19ffee18501fb17 - - default default] Unable to schedule network d0cb485e-07fe-4fa3-904f-0d3890937bcb: no agents available; will retry on subsequent port and subnet creation events.
2026-05-20 04:23:58.009 10 INFO neutron.notifiers.nova [-] Nova event matching ['req-6acb9cdc-2757-414e-a77f-dbcc136ff5a0'] response: {'server_uuid': '2046e836-dc69-4b50-a326-fe9603d895ce', 'name': 'network-vif-plugged', 'status': 'completed', 'tag': 'a8ab92da-49ef-45b4-9dfd-9fe5307b6a07', 'code': 200}
2026-05-20 04:23:58.009 10 INFO neutron.notifiers.nova [-] Nova event matching ['req-6acb9cdc-2757-414e-a77f-dbcc136ff5a0'] response: {'server_uuid': '2046e836-dc69-4b50-a326-fe9603d895ce', 'name': 'network-vif-plugged', 'status': 'completed', 'tag': 'a8ab92da-49ef-45b4-9dfd-9fe5307b6a07', 'code': 200}
2026-05-20 04:23:58.061 10 INFO neutron.db.ovn_revision_numbers_db [None req-a4117651-1510-4310-85ba-b5e3af5a1a56 02165ad3c1e4464094c179230a75f66c 0860e5436f1c4e6ca19ffee18501fb17 - - default default] Successfully bumped revision number for resource 5c3cea68-f573-4e24-b23c-ee71a1a10b6a (type: ports) to 1
2026-05-20 04:23:58.126 9 WARNING neutron.plugins.ml2.drivers.ovn.mech_driver.ovsdb.ovn_client [None req-81c5e094-bb6d-41a5-9d80-80da556afc5e - - - - - -] No port found with ID f1c3d5fb-2007-4470-b9e4-0a0a0e1899b5: RuntimeError: No port found with ID f1c3d5fb-2007-4470-b9e4-0a0a0e1899b5
2026-05-20 04:23:58.132 10 INFO neutron.wsgi [req-910b27f0-c8bf-4695-9116-c0d0da911940 req-dac63485-8959-4d98-9b7f-d562450a660c df014c09aa7c40dd861fa433456bbb6d 1adf2d4fa83d4be7b78efa6dc9ff0c06 - - default default] 10.0.0.136 "GET /v2.0/ports?device_id=2046e836-dc69-4b50-a326-fe9603d895ce HTTP/1.1" status: 200 len: 1174 time: 0.1987629
2026-05-20 04:23:58.138 10 INFO neutron.wsgi [None req-a4117651-1510-4310-85ba-b5e3af5a1a56 02165ad3c1e4464094c179230a75f66c 0860e5436f1c4e6ca19ffee18501fb17 - - default default] 10.0.0.99 "POST /v2.0/networks HTTP/1.1" status: 201 len: 828 time: 0.7556853
2026-05-20 04:23:58.150 10 INFO neutron.db.ovn_revision_numbers_db [None req-284be009-51bc-47ee-adff-16348d67f53f b93e60ed399a4b1b920314f48480315d ca876d392c474189bdea0c360020d538 - - default default] Successfully bumped revision number for resource c9151365-90b4-4c0e-b525-2a8bbc6ed92e (type: networks) to 1
2026-05-20 04:23:58.186 10 INFO neutron.wsgi [req-910b27f0-c8bf-4695-9116-c0d0da911940 req-a172c245-67ff-4dc7-90a1-2cfe0c2402c6 df014c09aa7c40dd861fa433456bbb6d 1adf2d4fa83d4be7b78efa6dc9ff0c06 - - default default] 10.0.0.136 "GET /v2.0/security-groups?id=f7d8d98e-8c29-4bcd-a959-b7d26276d77d&fields=id&fields=name HTTP/1.1" status: 200 len: 313 time: 0.0470591
2026-05-20 04:23:58.345 10 WARNING neutron.scheduler.dhcp_agent_scheduler [None req-284be009-51bc-47ee-adff-16348d67f53f b93e60ed399a4b1b920314f48480315d ca876d392c474189bdea0c360020d538 - - default default] No more DHCP agents
2026-05-20 04:23:58.347 10 WARNING neutron.api.rpc.agentnotifiers.dhcp_rpc_agent_api [None req-284be009-51bc-47ee-adff-16348d67f53f b93e60ed399a4b1b920314f48480315d ca876d392c474189bdea0c360020d538 - - default default] Unable to schedule network c9151365-90b4-4c0e-b525-2a8bbc6ed92e: no agents available; will retry on subsequent port and subnet creation events.
2026-05-20 04:23:58.411 9 WARNING neutron.scheduler.dhcp_agent_scheduler [None req-def64e90-daa5-4f44-af38-cf3f79358132 02165ad3c1e4464094c179230a75f66c 0860e5436f1c4e6ca19ffee18501fb17 - - default default] No more DHCP agents
2026-05-20 04:23:58.413 9 WARNING neutron.api.rpc.agentnotifiers.dhcp_rpc_agent_api [None req-def64e90-daa5-4f44-af38-cf3f79358132 02165ad3c1e4464094c179230a75f66c 0860e5436f1c4e6ca19ffee18501fb17 - - default default] Unable to schedule network d0cb485e-07fe-4fa3-904f-0d3890937bcb: no agents available; will retry on subsequent port and subnet creation events.
2026-05-20 04:23:58.445 10 INFO neutron.db.ovn_revision_numbers_db [None req-284be009-51bc-47ee-adff-16348d67f53f b93e60ed399a4b1b920314f48480315d ca876d392c474189bdea0c360020d538 - - default default] Successfully bumped revision number for resource b243cb8f-b7e4-4c8f-b2dd-eb5189aee1b7 (type: ports) to 1
2026-05-20 04:23:58.474 10 INFO neutron.wsgi [None req-284be009-51bc-47ee-adff-16348d67f53f b93e60ed399a4b1b920314f48480315d ca876d392c474189bdea0c360020d538 - - default default] 10.0.0.99 "POST /v2.0/networks HTTP/1.1" status: 201 len: 831 time: 0.7250531
2026-05-20 04:23:58.738 10 WARNING neutron.scheduler.dhcp_agent_scheduler [None req-65774707-2a10-4842-b417-a722793a2aeb b93e60ed399a4b1b920314f48480315d ca876d392c474189bdea0c360020d538 - - default default] No more DHCP agents
2026-05-20 04:23:58.740 10 WARNING neutron.api.rpc.agentnotifiers.dhcp_rpc_agent_api [None req-65774707-2a10-4842-b417-a722793a2aeb b93e60ed399a4b1b920314f48480315d ca876d392c474189bdea0c360020d538 - - default default] Unable to schedule network c9151365-90b4-4c0e-b525-2a8bbc6ed92e: no agents available; will retry on subsequent port and subnet creation events.
2026-05-20 04:23:58.922 9 INFO neutron.db.ovn_revision_numbers_db [None req-def64e90-daa5-4f44-af38-cf3f79358132 02165ad3c1e4464094c179230a75f66c 0860e5436f1c4e6ca19ffee18501fb17 - - default default] Successfully bumped revision number for resource 5c3cea68-f573-4e24-b23c-ee71a1a10b6a (type: ports) to 2
2026-05-20 04:23:58.972 9 INFO neutron.db.ovn_revision_numbers_db [None req-def64e90-daa5-4f44-af38-cf3f79358132 02165ad3c1e4464094c179230a75f66c 0860e5436f1c4e6ca19ffee18501fb17 - - default default] Successfully bumped revision number for resource 84f6a9d7-63f2-43ad-b821-c706a2518ca1 (type: subnets) to 0
2026-05-20 04:23:58.988 9 INFO neutron.wsgi [None req-def64e90-daa5-4f44-af38-cf3f79358132 02165ad3c1e4464094c179230a75f66c 0860e5436f1c4e6ca19ffee18501fb17 - - default default] 10.0.0.99 "POST /v2.0/subnets HTTP/1.1" status: 201 len: 801 time: 0.8449187
2026-05-20 04:23:59.154 9 INFO neutron.db.ovn_revision_numbers_db [None req-74816c6f-ed52-419b-a64c-4b71148ae141 02165ad3c1e4464094c179230a75f66c 0860e5436f1c4e6ca19ffee18501fb17 - - default default] Successfully bumped revision number for resource 1d5dceb1-d738-4914-ab9e-9dac2e196a98 (type: routers) to 1
2026-05-20 04:23:59.169 9 INFO neutron.wsgi [None req-74816c6f-ed52-419b-a64c-4b71148ae141 02165ad3c1e4464094c179230a75f66c 0860e5436f1c4e6ca19ffee18501fb17 - - default default] 10.0.0.99 "POST /v2.0/routers HTTP/1.1" status: 201 len: 687 time: 0.1743538
2026-05-20 04:23:59.274 10 INFO neutron.db.ovn_revision_numbers_db [None req-65774707-2a10-4842-b417-a722793a2aeb b93e60ed399a4b1b920314f48480315d ca876d392c474189bdea0c360020d538 - - default default] Successfully bumped revision number for resource b243cb8f-b7e4-4c8f-b2dd-eb5189aee1b7 (type: ports) to 2
2026-05-20 04:23:59.296 10 INFO neutron.wsgi [req-0e754001-d3b4-49fa-91f6-4a0d009ca7af req-4aefa7ee-0159-445e-b25a-e26c01e408e9 df014c09aa7c40dd861fa433456bbb6d 1adf2d4fa83d4be7b78efa6dc9ff0c06 - - default default] 10.0.0.136 "GET /v2.0/ports?device_id=2046e836-dc69-4b50-a326-fe9603d895ce HTTP/1.1" status: 200 len: 1174 time: 0.0407386
2026-05-20 04:23:59.322 10 INFO neutron.db.ovn_revision_numbers_db [None req-65774707-2a10-4842-b417-a722793a2aeb b93e60ed399a4b1b920314f48480315d ca876d392c474189bdea0c360020d538 - - default default] Successfully bumped revision number for resource ebba56b1-ddaa-43f2-8da1-1ac6134e8371 (type: subnets) to 0
2026-05-20 04:23:59.341 10 INFO neutron.wsgi [None req-65774707-2a10-4842-b417-a722793a2aeb b93e60ed399a4b1b920314f48480315d ca876d392c474189bdea0c360020d538 - - default default] 10.0.0.99 "POST /v2.0/subnets HTTP/1.1" status: 201 len: 804 time: 0.8626626
2026-05-20 04:23:59.374 10 INFO neutron.wsgi [req-0e754001-d3b4-49fa-91f6-4a0d009ca7af req-4d66a507-d8b5-44a5-9de8-9c855b9b1194 df014c09aa7c40dd861fa433456bbb6d 1adf2d4fa83d4be7b78efa6dc9ff0c06 - - default default] 10.0.0.136 "GET /v2.0/security-groups?id=f7d8d98e-8c29-4bcd-a959-b7d26276d77d&fields=id&fields=name HTTP/1.1" status: 200 len: 313 time: 0.0701258
2026-05-20 04:23:59.408 10 INFO neutron.wsgi [None req-750dbc64-a513-4a30-8825-bb45bd53455b b93e60ed399a4b1b920314f48480315d ca876d392c474189bdea0c360020d538 - - default default] 10.0.0.99 "PUT /v2.0/subnets/a35556d3-0ff6-4ed5-953c-4308aa587b4c/tags HTTP/1.1" status: 200 len: 210 time: 0.0624881
2026-05-20 04:23:59.459 10 INFO neutron.wsgi [None req-a413bb3e-ebbe-4e11-891d-4a7123c4fdb8 b93e60ed399a4b1b920314f48480315d ca876d392c474189bdea0c360020d538 - - default default] 10.0.0.99 "PUT /v2.0/subnets/c82a6526-c4c1-46cc-8de4-165a00f8c5dc/tags HTTP/1.1" status: 200 len: 218 time: 0.0470326
2026-05-20 04:23:59.499 10 INFO neutron.wsgi [req-ca8fe19a-2b97-4cff-be0e-9db08d67b31b req-8a869a80-ea19-4306-a4f1-d468158c4750 df014c09aa7c40dd861fa433456bbb6d 1adf2d4fa83d4be7b78efa6dc9ff0c06 - - default default] 10.0.0.136 "GET /v2.0/ports?device_id=2046e836-dc69-4b50-a326-fe9603d895ce HTTP/1.1" status: 200 len: 1174 time: 0.0374019
2026-05-20 04:23:59.530 9 INFO neutron.wsgi [None req-76cbc600-71b3-4854-ab21-1623d1cb3ecd b93e60ed399a4b1b920314f48480315d ca876d392c474189bdea0c360020d538 - - default default] 10.0.0.99 "PUT /v2.0/subnets/ce387fe8-d7a1-40c0-b6ce-472b7cc4aba4/tags HTTP/1.1" status: 200 len: 227 time: 0.0671072
2026-05-20 04:23:59.543 10 INFO neutron.wsgi [req-ca8fe19a-2b97-4cff-be0e-9db08d67b31b req-994ae70a-45f0-4688-8f7e-42e8b81d9ef8 df014c09aa7c40dd861fa433456bbb6d 1adf2d4fa83d4be7b78efa6dc9ff0c06 - - default default] 10.0.0.136 "GET /v2.0/security-groups?id=f7d8d98e-8c29-4bcd-a959-b7d26276d77d&fields=id&fields=name HTTP/1.1" status: 200 len: 313 time: 0.0394931
2026-05-20 04:23:59.602 9 INFO neutron.wsgi [None req-80cc26aa-40fe-454a-b47d-b23c44c7a587 b93e60ed399a4b1b920314f48480315d ca876d392c474189bdea0c360020d538 - - default default] 10.0.0.99 "PUT /v2.0/subnets/bd7f5f1d-8ff1-466a-a143-170f915ff1ff/tags HTTP/1.1" status: 200 len: 212 time: 0.0635922
2026-05-20 04:23:59.609 9 INFO neutron.wsgi [None req-fae5ca15-f1f0-414e-9988-bd3ddc58f3c3 950d40fc99124026aa822698b0877709 2be8d7df953240c980537824b518aa34 - - default default] 10.0.0.99 "GET /v2.0/ports?device_id=2046e836-dc69-4b50-a326-fe9603d895ce HTTP/1.1" status: 200 len: 1408 time: 0.0401478
2026-05-20 04:23:59.675 10 INFO neutron.wsgi [None req-2df1d051-3c89-44c8-9e0a-a1fe8710cca5 b93e60ed399a4b1b920314f48480315d ca876d392c474189bdea0c360020d538 - - default default] 10.0.0.99 "GET /v2.0/subnets?tags=red HTTP/1.1" status: 200 len: 2027 time: 0.0658798
2026-05-20 04:23:59.708 9 WARNING neutron.scheduler.dhcp_agent_scheduler [None req-75af6dec-3d55-4c44-9490-ecc6d8b3e9ae 02165ad3c1e4464094c179230a75f66c 0860e5436f1c4e6ca19ffee18501fb17 - - default default] No more DHCP agents
2026-05-20 04:23:59.712 9 WARNING neutron.api.rpc.agentnotifiers.dhcp_rpc_agent_api [None req-75af6dec-3d55-4c44-9490-ecc6d8b3e9ae 02165ad3c1e4464094c179230a75f66c 0860e5436f1c4e6ca19ffee18501fb17 - - default default] Unable to schedule network d0cb485e-07fe-4fa3-904f-0d3890937bcb: no agents available; will retry on subsequent port and subnet creation events.
2026-05-20 04:23:59.746 10 INFO neutron.wsgi [None req-7b8e9336-802d-4ced-81f4-d262a2f6c133 b93e60ed399a4b1b920314f48480315d ca876d392c474189bdea0c360020d538 - - default default] 10.0.0.99 "GET /v2.0/subnets?tags=red%2Cblue HTTP/1.1" status: 200 len: 1430 time: 0.0648820
2026-05-20 04:23:59.807 10 INFO neutron.wsgi [None req-a45a165c-28d5-401c-81df-926bd0e3b42c b93e60ed399a4b1b920314f48480315d ca876d392c474189bdea0c360020d538 - - default default] 10.0.0.99 "GET /v2.0/subnets?tags-any=blue HTTP/1.1" status: 200 len: 1430 time: 0.0558016
2026-05-20 04:23:59.852 10 INFO neutron.wsgi [None req-4f02802e-ed22-430b-a900-3971380038df b93e60ed399a4b1b920314f48480315d ca876d392c474189bdea0c360020d538 - - default default] 10.0.0.99 "GET /v2.0/subnets?tags-any=red%2Cblue HTTP/1.1" status: 200 len: 2027 time: 0.0404704
2026-05-20 04:23:59.867 9 INFO neutron.db.l3_db [None req-e6d92b6b-62cc-4651-9dd9-7f133562cecf df014c09aa7c40dd861fa433456bbb6d 1adf2d4fa83d4be7b78efa6dc9ff0c06 - - default default] Floating IP aa1df3bf-f35c-4eeb-9d49-091f1553774c associated. External IP: 10.96.250.211, port: a8ab92da-49ef-45b4-9dfd-9fe5307b6a07.
2026-05-20 04:23:59.924 10 INFO neutron.wsgi [None req-42dba6fa-bd90-4973-9a3f-9e971c849dbe b93e60ed399a4b1b920314f48480315d ca876d392c474189bdea0c360020d538 - - default default] 10.0.0.99 "GET /v2.0/subnets?not-tags=red HTTP/1.1" status: 200 len: 2018 time: 0.0674331
2026-05-20 04:23:59.970 9 INFO neutron.db.ovn_revision_numbers_db [None req-75af6dec-3d55-4c44-9490-ecc6d8b3e9ae 02165ad3c1e4464094c179230a75f66c 0860e5436f1c4e6ca19ffee18501fb17 - - default default] Successfully bumped revision number for resource 8ea90722-57a8-440b-b306-622b815377c3 (type: ports) to 1
2026-05-20 04:24:00.030 9 INFO neutron.wsgi [None req-1976d70c-f640-46ab-8bc3-f443237ff9e6 b93e60ed399a4b1b920314f48480315d ca876d392c474189bdea0c360020d538 - - default default] 10.0.0.99 "GET /v2.0/subnets?not-tags=red%2Cblue HTTP/1.1" status: 200 len: 2615 time: 0.1012576
2026-05-20 04:24:00.105 10 INFO neutron.wsgi [None req-e6f3241a-05c9-448c-9ef5-d110ca2e3ef0 b93e60ed399a4b1b920314f48480315d ca876d392c474189bdea0c360020d538 - - default default] 10.0.0.99 "GET /v2.0/subnets?not-tags-any=blue HTTP/1.1" status: 200 len: 2615 time: 0.0685277
2026-05-20 04:24:00.161 10 INFO neutron.wsgi [None req-d8486b2b-a668-4e8a-a853-e71b0ff19efe b93e60ed399a4b1b920314f48480315d ca876d392c474189bdea0c360020d538 - - default default] 10.0.0.99 "GET /v2.0/subnets?not-tags-any=red%2Cblue HTTP/1.1" status: 200 len: 2018 time: 0.0479462
2026-05-20 04:24:00.176 9 INFO neutron.db.ovn_revision_numbers_db [None req-e6d92b6b-62cc-4651-9dd9-7f133562cecf df014c09aa7c40dd861fa433456bbb6d 1adf2d4fa83d4be7b78efa6dc9ff0c06 - - default default] Successfully bumped revision number for resource aa1df3bf-f35c-4eeb-9d49-091f1553774c (type: floatingips) to 4
2026-05-20 04:24:00.358 9 INFO neutron.db.ovn_revision_numbers_db [None req-e6d92b6b-62cc-4651-9dd9-7f133562cecf df014c09aa7c40dd861fa433456bbb6d 1adf2d4fa83d4be7b78efa6dc9ff0c06 - - default default] Successfully bumped revision number for resource aa1df3bf-f35c-4eeb-9d49-091f1553774c (type: floatingips) to 5
2026-05-20 04:24:00.378 10 INFO neutron.wsgi [None req-1398a0d8-3bee-4f93-bdfc-f84524de90ff b93e60ed399a4b1b920314f48480315d ca876d392c474189bdea0c360020d538 - - default default] 10.0.0.99 "DELETE /v2.0/subnets/a35556d3-0ff6-4ed5-953c-4308aa587b4c HTTP/1.1" status: 204 len: 168 time: 0.2097111
2026-05-20 04:24:00.386 9 INFO neutron.wsgi [None req-e6d92b6b-62cc-4651-9dd9-7f133562cecf df014c09aa7c40dd861fa433456bbb6d 1adf2d4fa83d4be7b78efa6dc9ff0c06 - - default default] 10.0.0.99 "PUT /v2.0/floatingips/aa1df3bf-f35c-4eeb-9d49-091f1553774c HTTP/1.1" status: 200 len: 1050 time: 0.7723696
2026-05-20 04:24:00.433 9 INFO neutron.notifiers.nova [-] Nova event matching ['req-e3b6e4ea-9879-454f-bae9-7c037d590dda'] response: {'name': 'network-changed', 'server_uuid': '2046e836-dc69-4b50-a326-fe9603d895ce', 'tag': 'a8ab92da-49ef-45b4-9dfd-9fe5307b6a07', 'status': 'completed', 'code': 200}
2026-05-20 04:24:00.447 10 INFO neutron.wsgi [None req-dfaf5261-ab3c-4cb3-b888-a6964a31fb69 df014c09aa7c40dd861fa433456bbb6d 1adf2d4fa83d4be7b78efa6dc9ff0c06 - - default default] 10.0.0.99 "GET /v2.0/floatingips/aa1df3bf-f35c-4eeb-9d49-091f1553774c HTTP/1.1" status: 200 len: 1052 time: 0.0456481
2026-05-20 04:24:00.494 10 INFO neutron.wsgi [req-9cb19e81-24f9-431d-ab8d-5a70fd59f29c req-27697c92-3505-40e5-8340-f84797f113ac e4f70518d8ff4da2a1cf3bb1440028c3 5ca49b4e25f7453da29fb66c3786bfed - - 89aa15eb3226486a8b596588dd15fb76 89aa15eb3226486a8b596588dd15fb76] 199.204.45.244 "GET /v2.0/ports?tenant_id=1adf2d4fa83d4be7b78efa6dc9ff0c06&device_id=2046e836-dc69-4b50-a326-fe9603d895ce HTTP/1.1" status: 200 len: 1413 time: 0.0363071
2026-05-20 04:24:00.524 10 INFO neutron.plugins.ml2.drivers.ovn.mech_driver.mech_driver [None req-eed3d43e-3b7c-4c7b-a6bf-fd72d4da65f6 - - - - - -] OVN reports status up for port: 8ea90722-57a8-440b-b306-622b815377c3
2026-05-20 04:24:00.545 9 INFO neutron.db.ovn_revision_numbers_db [None req-75af6dec-3d55-4c44-9490-ecc6d8b3e9ae 02165ad3c1e4464094c179230a75f66c 0860e5436f1c4e6ca19ffee18501fb17 - - default default] Successfully bumped revision number for resource 8ea90722-57a8-440b-b306-622b815377c3 (type: router_ports) to 1
2026-05-20 04:24:00.546 10 INFO neutron.plugins.ml2.plugin [None req-eed3d43e-3b7c-4c7b-a6bf-fd72d4da65f6 - - - - - -] Attempt 1 to provision port 8ea90722-57a8-440b-b306-622b815377c3
2026-05-20 04:24:00.605 10 INFO neutron.wsgi [req-9cb19e81-24f9-431d-ab8d-5a70fd59f29c req-2b871c57-0f91-4c94-9393-68b5acf7ae68 e4f70518d8ff4da2a1cf3bb1440028c3 5ca49b4e25f7453da29fb66c3786bfed - - 89aa15eb3226486a8b596588dd15fb76 89aa15eb3226486a8b596588dd15fb76] 199.204.45.244 "GET /v2.0/networks?id=25b8170c-374c-473a-ba21-e92eb31fdf3e HTTP/1.1" status: 200 len: 958 time: 0.1042128
2026-05-20 04:24:00.651 10 INFO neutron.wsgi [req-9cb19e81-24f9-431d-ab8d-5a70fd59f29c req-1c2e1e65-a40c-4aac-b8bb-9df34bfbbe5e e4f70518d8ff4da2a1cf3bb1440028c3 5ca49b4e25f7453da29fb66c3786bfed - - 89aa15eb3226486a8b596588dd15fb76 89aa15eb3226486a8b596588dd15fb76] 199.204.45.244 "GET /v2.0/floatingips?fixed_ip_address=10.100.0.12&port_id=a8ab92da-49ef-45b4-9dfd-9fe5307b6a07 HTTP/1.1" status: 200 len: 1060 time: 0.0398972
2026-05-20 04:24:00.715 9 INFO neutron.db.ovn_revision_numbers_db [None req-75af6dec-3d55-4c44-9490-ecc6d8b3e9ae 02165ad3c1e4464094c179230a75f66c 0860e5436f1c4e6ca19ffee18501fb17 - - default default] Successfully bumped revision number for resource 8ea90722-57a8-440b-b306-622b815377c3 (type: ports) to 1
2026-05-20 04:24:00.792 9 WARNING neutron.scheduler.dhcp_agent_scheduler [None req-75af6dec-3d55-4c44-9490-ecc6d8b3e9ae 02165ad3c1e4464094c179230a75f66c 0860e5436f1c4e6ca19ffee18501fb17 - - default default] No more DHCP agents
2026-05-20 04:24:00.795 9 WARNING neutron.api.rpc.agentnotifiers.dhcp_rpc_agent_api [None req-75af6dec-3d55-4c44-9490-ecc6d8b3e9ae 02165ad3c1e4464094c179230a75f66c 0860e5436f1c4e6ca19ffee18501fb17 - - default default] Unable to schedule network d0cb485e-07fe-4fa3-904f-0d3890937bcb: no agents available; will retry on subsequent port and subnet creation events.
2026-05-20 04:24:00.977 10 INFO neutron.wsgi [req-9cb19e81-24f9-431d-ab8d-5a70fd59f29c req-2d910836-a1c5-41a6-9aa2-1d89483babfb e4f70518d8ff4da2a1cf3bb1440028c3 5ca49b4e25f7453da29fb66c3786bfed - - 89aa15eb3226486a8b596588dd15fb76 89aa15eb3226486a8b596588dd15fb76] 199.204.45.244 "GET /v2.0/subnets?id=456cfd6c-7013-4fc6-b0f1-8b094dab15e8 HTTP/1.1" status: 200 len: 853 time: 0.3221824
2026-05-20 04:24:01.028 10 INFO neutron.wsgi [None req-d31c7fe4-dd13-4c07-b178-947203d3c283 b93e60ed399a4b1b920314f48480315d ca876d392c474189bdea0c360020d538 - - default default] 10.0.0.99 "DELETE /v2.0/subnets/c82a6526-c4c1-46cc-8de4-165a00f8c5dc HTTP/1.1" status: 204 len: 168 time: 0.6449060
2026-05-20 04:24:01.030 10 INFO neutron.wsgi [req-9cb19e81-24f9-431d-ab8d-5a70fd59f29c req-9e52e80f-5112-49ac-819f-1e7093f1155a e4f70518d8ff4da2a1cf3bb1440028c3 5ca49b4e25f7453da29fb66c3786bfed - - 89aa15eb3226486a8b596588dd15fb76 89aa15eb3226486a8b596588dd15fb76] 199.204.45.244 "GET /v2.0/ports?network_id=25b8170c-374c-473a-ba21-e92eb31fdf3e&device_owner=network%3Adhcp HTTP/1.1" status: 200 len: 210 time: 0.0433691
2026-05-20 04:24:01.133 10 INFO neutron.wsgi [req-8bc079f1-9731-4cf6-9332-d5aacac9835b req-9fe6a7d8-ea0c-45b3-b00d-9e0f073a08b5 7e9f362b08f840aeb70f35db27d0efed b9fcdca5a7744f4996241176f49692a2 - - default default] 10.0.0.136 "GET /v2.0/ports?device_id=f0aedb18-30d7-4909-8d31-fe448caef202 HTTP/1.1" status: 200 len: 1214 time: 0.1978910
2026-05-20 04:24:01.200 10 INFO neutron.wsgi [req-9cb19e81-24f9-431d-ab8d-5a70fd59f29c req-5fc51c48-a244-4bb0-9851-116867e461a7 e4f70518d8ff4da2a1cf3bb1440028c3 5ca49b4e25f7453da29fb66c3786bfed - - 89aa15eb3226486a8b596588dd15fb76 89aa15eb3226486a8b596588dd15fb76] 199.204.45.244 "GET /v2.0/networks/25b8170c-374c-473a-ba21-e92eb31fdf3e?fields=segments HTTP/1.1" status: 200 len: 212 time: 0.1598034
2026-05-20 04:24:01.241 9 INFO neutron.db.ovn_revision_numbers_db [None req-75af6dec-3d55-4c44-9490-ecc6d8b3e9ae 02165ad3c1e4464094c179230a75f66c 0860e5436f1c4e6ca19ffee18501fb17 - - default default] Successfully bumped revision number for resource 8ea90722-57a8-440b-b306-622b815377c3 (type: router_ports) to 1
2026-05-20 04:24:01.244 9 INFO neutron.wsgi [None req-75af6dec-3d55-4c44-9490-ecc6d8b3e9ae 02165ad3c1e4464094c179230a75f66c 0860e5436f1c4e6ca19ffee18501fb17 - - default default] 10.0.0.99 "PUT /v2.0/routers/1d5dceb1-d738-4914-ab9e-9dac2e196a98/add_router_interface HTTP/1.1" status: 200 len: 503 time: 2.0654249 /var/lib/openstack/lib/python3.10/site-packages/pycadf/identifier.py:71: UserWarning: Invalid uuid: neutron. To ensure interoperability, identifiers should be a valid uuid. warnings.warn(('Invalid uuid: %s. To ensure interoperability, '
2026-05-20 04:24:01.280 10 INFO neutron.wsgi [req-8bc079f1-9731-4cf6-9332-d5aacac9835b req-897f0d7c-50a7-458d-a302-c9d9c7063452 7e9f362b08f840aeb70f35db27d0efed b9fcdca5a7744f4996241176f49692a2 - - default default] 10.0.0.136 "GET /v2.0/security-groups?id=d5d42741-1287-4174-96b3-3f709734f670&id=9c97e8b8-87ee-40fe-9580-7105f50a189e&fields=id&fields=name HTTP/1.1" status: 200 len: 403 time: 0.1359167
2026-05-20 04:24:01.299 9 INFO neutron.wsgi [None req-37c83b2f-4442-4a7d-a034-d7453edc63d3 02165ad3c1e4464094c179230a75f66c 0860e5436f1c4e6ca19ffee18501fb17 - - default default] 10.0.0.99 "GET /v2.0/ports/8ea90722-57a8-440b-b306-622b815377c3 HTTP/1.1" status: 200 len: 1137 time: 0.0489464
2026-05-20 04:24:01.340 10 INFO neutron.wsgi [req-9cb19e81-24f9-431d-ab8d-5a70fd59f29c req-cce7c920-5fcc-4533-8db5-58898c9f8e17 e4f70518d8ff4da2a1cf3bb1440028c3 5ca49b4e25f7453da29fb66c3786bfed - - 89aa15eb3226486a8b596588dd15fb76 89aa15eb3226486a8b596588dd15fb76] 199.204.45.244 "GET /v2.0/networks/25b8170c-374c-473a-ba21-e92eb31fdf3e?fields=provider%3Aphysical_network&fields=provider%3Anetwork_type HTTP/1.1" status: 200 len: 277 time: 0.1331565
2026-05-20 04:24:01.352 9 INFO neutron.wsgi [None req-937716f0-4fa2-4682-8ebb-1e8dbe277d43 02165ad3c1e4464094c179230a75f66c 0860e5436f1c4e6ca19ffee18501fb17 - - default default] 10.0.0.99 "GET /v2.0/ports/8ea90722-57a8-440b-b306-622b815377c3 HTTP/1.1" status: 200 len: 1137 time: 0.0484772
2026-05-20 04:24:01.415 10 INFO neutron.db.ovn_revision_numbers_db [None req-eed3d43e-3b7c-4c7b-a6bf-fd72d4da65f6 - - - - - -] Successfully bumped revision number for resource 8ea90722-57a8-440b-b306-622b815377c3 (type: ports) to 2
2026-05-20 04:24:01.442 10 INFO neutron.wsgi [None req-a16e235a-1067-4172-9e76-2de7b089500f b93e60ed399a4b1b920314f48480315d ca876d392c474189bdea0c360020d538 - - default default] 10.0.0.99 "DELETE /v2.0/subnets/ce387fe8-d7a1-40c0-b6ce-472b7cc4aba4 HTTP/1.1" status: 204 len: 168 time: 0.3997710
2026-05-20 04:24:01.519 9 INFO neutron.wsgi [None req-5eee8279-041f-4de4-8688-835ff309b6d9 40892b6971f24d92a740ad14cb3e93c2 4356b68b2ec34cd8acb72275997115b8 - - default default] 10.0.0.99 "GET /v2.0/ports?device_id=f0aedb18-30d7-4909-8d31-fe448caef202 HTTP/1.1" status: 200 len: 1447 time: 0.2068555
2026-05-20 04:24:01.641 10 INFO neutron.wsgi [None req-86bfbe19-b250-4efa-80b7-9852e70660d0 7e9f362b08f840aeb70f35db27d0efed b9fcdca5a7744f4996241176f49692a2 - - default default] 10.0.0.99 "GET /v2.0/floatingips?floating_network_id=db57a76f-9faa-48e4-bf2e-a7fa9e8dc65e&port_id=19c316c3-002c-4676-9d5b-a73825eb8345 HTTP/1.1" status: 200 len: 1055 time: 0.1136303
2026-05-20 04:24:01.642 10 INFO neutron.db.ovn_revision_numbers_db [None req-eed3d43e-3b7c-4c7b-a6bf-fd72d4da65f6 - - - - - -] Successfully bumped revision number for resource 8ea90722-57a8-440b-b306-622b815377c3 (type: router_ports) to 2
2026-05-20 04:24:01.754 9 INFO neutron.wsgi [None req-59c59881-5c22-4fc3-bf26-b3434b9567ad b93e60ed399a4b1b920314f48480315d ca876d392c474189bdea0c360020d538 - - default default] 10.0.0.99 "DELETE /v2.0/subnets/bd7f5f1d-8ff1-466a-a143-170f915ff1ff HTTP/1.1" status: 204 len: 168 time: 0.3056955
2026-05-20 04:24:01.873 9 INFO neutron.wsgi [req-e2a3f046-9fe7-4214-9210-2c2efa06bc4e req-69eb9263-7f22-4003-8ed6-d3055470ca37 e4f70518d8ff4da2a1cf3bb1440028c3 5ca49b4e25f7453da29fb66c3786bfed - - 89aa15eb3226486a8b596588dd15fb76 89aa15eb3226486a8b596588dd15fb76] 10.0.0.35 "GET /v2.0/ports?device_id=f0aedb18-30d7-4909-8d31-fe448caef202 HTTP/1.1" status: 200 len: 1452 time: 0.0434411
2026-05-20 04:24:01.932 9 INFO neutron.wsgi [req-e2a3f046-9fe7-4214-9210-2c2efa06bc4e req-1d3be516-d0c9-4673-8651-da8f1cc820d8 e4f70518d8ff4da2a1cf3bb1440028c3 5ca49b4e25f7453da29fb66c3786bfed - - 89aa15eb3226486a8b596588dd15fb76 89aa15eb3226486a8b596588dd15fb76] 10.0.0.35 "GET /v2.0/security-groups?id=9c97e8b8-87ee-40fe-9580-7105f50a189e&id=d5d42741-1287-4174-96b3-3f709734f670&fields=id&fields=name HTTP/1.1" status: 200 len: 403 time: 0.0536704
2026-05-20 04:24:02.024 10 INFO neutron.wsgi [None req-b30cc03c-259e-4c72-bac2-381c0755d142 b93e60ed399a4b1b920314f48480315d ca876d392c474189bdea0c360020d538 - - default default] 10.0.0.99 "DELETE /v2.0/subnets/ebba56b1-ddaa-43f2-8da1-1ac6134e8371 HTTP/1.1" status: 204 len: 168 time: 0.2627149
2026-05-20 04:24:02.164 9 INFO neutron.wsgi [None req-251e385b-6a5f-4f43-b684-345e602e050e 02165ad3c1e4464094c179230a75f66c 0860e5436f1c4e6ca19ffee18501fb17 - - default default] 10.0.0.99 "PUT /v2.0/routers/1d5dceb1-d738-4914-ab9e-9dac2e196a98/remove_router_interface HTTP/1.1" status: 200 len: 503 time: 0.8078380
2026-05-20 04:24:02.203 10 INFO neutron.wsgi [None req-675b5c0a-9278-4784-bdce-78c04ee5babb 02165ad3c1e4464094c179230a75f66c 0860e5436f1c4e6ca19ffee18501fb17 - - default default] 10.0.0.99 "GET /v2.0/ports?device_id=1d5dceb1-d738-4914-ab9e-9dac2e196a98 HTTP/1.1" status: 200 len: 205 time: 0.0317223 /var/lib/openstack/lib/python3.10/site-packages/pycadf/identifier.py:71: UserWarning: Invalid uuid: neutron. To ensure interoperability, identifiers should be a valid uuid. warnings.warn(('Invalid uuid: %s. To ensure interoperability, '
2026-05-20 04:24:02.445 9 INFO neutron.wsgi [None req-3e8304d5-e5bc-45cc-8ab0-fe58702ab001 02165ad3c1e4464094c179230a75f66c 0860e5436f1c4e6ca19ffee18501fb17 - - default default] 10.0.0.99 "DELETE /v2.0/routers/1d5dceb1-d738-4914-ab9e-9dac2e196a98 HTTP/1.1" status: 204 len: 168 time: 0.2330186
2026-05-20 04:24:02.467 10 INFO neutron.services.segments.plugin [-] Segment 17c81ac0-ed0c-447e-ba78-be3abdef730c resource provider aggregate not found
2026-05-20 04:24:02.484 10 INFO neutron.services.segments.plugin [-] Segment 17c81ac0-ed0c-447e-ba78-be3abdef730c resource provider aggregate not found
2026-05-20 04:24:02.496 10 INFO neutron.services.segments.plugin [-] Segment 17c81ac0-ed0c-447e-ba78-be3abdef730c resource provider not found; error: Placement Client Error (4xx): {"errors": [{"status": 404, "title": "Not Found", "detail": "The resource could not be found.\n\n No resource provider with uuid 17c81ac0-ed0c-447e-ba78-be3abdef730c found for delete ", "request_id": "req-5f2569a8-1989-4311-ba7e-1743af439c57"}]}
2026-05-20 04:24:02.501 10 INFO neutron.services.segments.plugin [-] Segment 17c81ac0-ed0c-447e-ba78-be3abdef730c resource provider not found; error: Placement Client Error (4xx): {"errors": [{"status": 404, "title": "Not Found", "detail": "The resource could not be found.\n\n No resource provider with uuid 17c81ac0-ed0c-447e-ba78-be3abdef730c found for delete ", "request_id": "req-6edfc5c0-6e32-416a-9a98-a47e8ea2ce49"}]}
2026-05-20 04:24:02.529 10 INFO neutron.wsgi [None req-294a1fd6-b542-44df-8187-2e9e16c8988d b93e60ed399a4b1b920314f48480315d ca876d392c474189bdea0c360020d538 - - default default] 10.0.0.99 "DELETE /v2.0/networks/e06eb6c5-27f7-4f5f-9cd8-2f188bbb241e HTTP/1.1" status: 204 len: 168 time: 0.5009553
2026-05-20 04:24:02.697 9 INFO neutron.wsgi [None req-d159ff50-5154-42ac-af6b-67d361bcc180 02165ad3c1e4464094c179230a75f66c 0860e5436f1c4e6ca19ffee18501fb17 - - default default] 10.0.0.99 "DELETE /v2.0/subnets/84f6a9d7-63f2-43ad-b821-c706a2518ca1 HTTP/1.1" status: 204 len: 168 time: 0.2427897
2026-05-20 04:24:02.914 10 INFO neutron.wsgi [None req-ceb34745-39af-4e73-92ef-7fddff517486 b93e60ed399a4b1b920314f48480315d ca876d392c474189bdea0c360020d538 - - default default] 10.0.0.99 "DELETE /v2.0/networks/b3cf4321-4fab-4aa6-87f0-ee823bfd5274 HTTP/1.1" status: 204 len: 168 time: 0.3777556
2026-05-20 04:24:03.063 9 INFO neutron.services.segments.plugin [-] Segment 40ae3c7b-4dc6-4762-b1f9-7a5950bc998b resource provider aggregate not found
2026-05-20 04:24:03.068 9 INFO neutron.services.segments.plugin [-] Segment 40ae3c7b-4dc6-4762-b1f9-7a5950bc998b resource provider aggregate not found
2026-05-20 04:24:03.084 9 INFO neutron.services.segments.plugin [-] Segment 40ae3c7b-4dc6-4762-b1f9-7a5950bc998b resource provider not found; error: Placement Client Error (4xx): {"errors": [{"status": 404, "title": "Not Found", "detail": "The resource could not be found.\n\n No resource provider with uuid 40ae3c7b-4dc6-4762-b1f9-7a5950bc998b found for delete ", "request_id": "req-d3587809-7358-420d-9277-7c89f9bde6d8"}]}
2026-05-20 04:24:03.085 9 INFO neutron.services.segments.plugin [-] Segment 40ae3c7b-4dc6-4762-b1f9-7a5950bc998b resource provider not found; error: Placement Client Error (4xx): {"errors": [{"status": 404, "title": "Not Found", "detail": "The resource could not be found.\n\n No resource provider with uuid 40ae3c7b-4dc6-4762-b1f9-7a5950bc998b found for delete ", "request_id": "req-345305e0-5e9e-4b91-add0-dbe5f93ca566"}]}
2026-05-20 04:24:03.114 9 INFO neutron.wsgi [None req-326b7c90-8c72-45a3-b979-d4962ae26d02 02165ad3c1e4464094c179230a75f66c 0860e5436f1c4e6ca19ffee18501fb17 - - default default] 10.0.0.99 "DELETE /v2.0/networks/d0cb485e-07fe-4fa3-904f-0d3890937bcb HTTP/1.1" status: 204 len: 168 time: 0.4117208
2026-05-20 04:24:03.457 10 INFO neutron.wsgi [None req-f9ae0e49-ae7f-4b72-8099-5cd355be8317 b93e60ed399a4b1b920314f48480315d ca876d392c474189bdea0c360020d538 - - default default] 10.0.0.99 "DELETE /v2.0/networks/83e7881e-d55a-4073-beac-3a4df707df07 HTTP/1.1" status: 204 len: 168 time: 0.5351436
2026-05-20 04:24:03.754 10 WARNING neutron.scheduler.dhcp_agent_scheduler [None req-be0bebf9-f833-474f-8040-82b36ade8823 02165ad3c1e4464094c179230a75f66c 0860e5436f1c4e6ca19ffee18501fb17 - - default default] No more DHCP agents
2026-05-20 04:24:03.765 10 WARNING neutron.api.rpc.agentnotifiers.dhcp_rpc_agent_api [None req-be0bebf9-f833-474f-8040-82b36ade8823 02165ad3c1e4464094c179230a75f66c 0860e5436f1c4e6ca19ffee18501fb17 - - default default] Unable to schedule network db57a76f-9faa-48e4-bf2e-a7fa9e8dc65e: no agents available; will retry on subsequent port and subnet creation events.
2026-05-20 04:24:03.901 10 INFO neutron.wsgi [req-ded42b98-8e92-4387-afe2-d0660352936e req-974ec26c-4c8e-45e8-af6e-f764c6012b20 7e9f362b08f840aeb70f35db27d0efed b9fcdca5a7744f4996241176f49692a2 - - default default] 10.0.0.136 "GET /v2.0/ports?device_id=f0aedb18-30d7-4909-8d31-fe448caef202 HTTP/1.1" status: 200 len: 1214 time: 0.0670819
2026-05-20 04:24:03.913 9 INFO neutron.wsgi [None req-5cdaff15-41f9-45f4-94af-e04b42a1d315 b93e60ed399a4b1b920314f48480315d ca876d392c474189bdea0c360020d538 - - default default] 10.0.0.99 "DELETE /v2.0/networks/e3ec5e41-fcc6-427e-92e5-f3cad89fc0db HTTP/1.1" status: 204 len: 168 time: 0.4471042
2026-05-20 04:24:04.003 10 INFO neutron.wsgi [req-ded42b98-8e92-4387-afe2-d0660352936e req-06ebe348-e18f-4b42-99d8-29d4a8b4babb 7e9f362b08f840aeb70f35db27d0efed b9fcdca5a7744f4996241176f49692a2 - - default default] 10.0.0.136 "GET /v2.0/security-groups?id=d5d42741-1287-4174-96b3-3f709734f670&id=9c97e8b8-87ee-40fe-9580-7105f50a189e&fields=id&fields=name HTTP/1.1" status: 200 len: 403 time: 0.0939543
2026-05-20 04:24:04.020 10 INFO neutron.db.ovn_revision_numbers_db [None req-be0bebf9-f833-474f-8040-82b36ade8823 02165ad3c1e4464094c179230a75f66c 0860e5436f1c4e6ca19ffee18501fb17 - - default default] Successfully bumped revision number for resource 21d9d90b-2a2a-429e-ac66-29410d15b78d (type: ports) to 1
2026-05-20 04:24:04.251 10 INFO neutron.wsgi [req-d5c24554-82cc-498c-a8a5-bbd2937bd203 req-4791d2ce-b08b-460f-8fa3-49b142cc8692 7e9f362b08f840aeb70f35db27d0efed b9fcdca5a7744f4996241176f49692a2 - - default default] 199.204.45.244 "GET /v2.0/ports?device_id=f0aedb18-30d7-4909-8d31-fe448caef202 HTTP/1.1" status: 200 len: 1214 time: 0.0516162
2026-05-20 04:24:04.766 10 INFO neutron.services.segments.plugin [-] Segment 88b4322d-f716-4042-9e3c-0b0fdf206b35 resource provider aggregate not found
2026-05-20 04:24:04.777 10 INFO neutron.services.segments.plugin [-] Segment 88b4322d-f716-4042-9e3c-0b0fdf206b35 resource provider aggregate not found
2026-05-20 04:24:04.786 10 INFO neutron.services.segments.plugin [-] Segment 88b4322d-f716-4042-9e3c-0b0fdf206b35 resource provider not found; error: Placement Client Error (4xx): {"errors": [{"status": 404, "title": "Not Found", "detail": "The resource could not be found.\n\n No resource provider with uuid 88b4322d-f716-4042-9e3c-0b0fdf206b35 found for delete ", "request_id": "req-6047d6eb-9ad0-4af0-b5c1-b5189a53cf28"}]}
2026-05-20 04:24:04.814 10 INFO neutron.services.segments.plugin [-] Segment 88b4322d-f716-4042-9e3c-0b0fdf206b35 resource provider not found; error: Placement Client Error (4xx): {"errors": [{"status": 404, "title": "Not Found", "detail": "The resource could not be found.\n\n No resource provider with uuid 88b4322d-f716-4042-9e3c-0b0fdf206b35 found for delete ", "request_id": "req-809683c6-eeb7-4359-928b-b8cedccba3e0"}]}
2026-05-20 04:24:04.822 10 INFO neutron.services.segments.plugin [-] Segment dd3ea291-2013-42dd-b350-37dd38c1dc29 resource provider aggregate not found
2026-05-20 04:24:04.836 10 INFO neutron.services.segments.plugin [-] Segment dd3ea291-2013-42dd-b350-37dd38c1dc29 resource provider aggregate not found
2026-05-20 04:24:04.844 10 INFO neutron.services.segments.plugin [-] Segment dd3ea291-2013-42dd-b350-37dd38c1dc29 resource provider not found; error: Placement Client Error (4xx): {"errors": [{"status": 404, "title": "Not Found", "detail": "The resource could not be found.\n\n No resource provider with uuid dd3ea291-2013-42dd-b350-37dd38c1dc29 found for delete ", "request_id": "req-d689dd3f-f326-49cc-8679-ddbdf17f4fb5"}]}
2026-05-20 04:24:04.857 10 INFO neutron.services.segments.plugin [-] Segment dd3ea291-2013-42dd-b350-37dd38c1dc29 resource provider not found; error: Placement Client Error (4xx): {"errors": [{"status": 404, "title": "Not Found", "detail": "The resource could not be found.\n\n No resource provider with uuid dd3ea291-2013-42dd-b350-37dd38c1dc29 found for delete ", "request_id": "req-abd80000-75ec-4fa8-81e7-493497197472"}]}
2026-05-20 04:24:04.979 10 INFO neutron.wsgi [None req-6c8fa7da-6d03-4c3a-9257-45ce1efedb2f b93e60ed399a4b1b920314f48480315d ca876d392c474189bdea0c360020d538 - - default default] 10.0.0.99 "DELETE /v2.0/networks/c9151365-90b4-4c0e-b525-2a8bbc6ed92e HTTP/1.1" status: 204 len: 168 time: 1.0586443
2026-05-20 04:24:05.103 9 INFO neutron.services.segments.plugin [-] Segment a8d00452-0a3d-40de-90f7-e3abc0d06eaa resource provider aggregate not found
2026-05-20 04:24:05.111 9 INFO neutron.services.segments.plugin [-] Segment a8d00452-0a3d-40de-90f7-e3abc0d06eaa resource provider aggregate not found
2026-05-20 04:24:05.122 9 INFO neutron.services.segments.plugin [-] Segment a8d00452-0a3d-40de-90f7-e3abc0d06eaa resource provider not found; error: Placement Client Error (4xx): {"errors": [{"status": 404, "title": "Not Found", "detail": "The resource could not be found.\n\n No resource provider with uuid a8d00452-0a3d-40de-90f7-e3abc0d06eaa found for delete ", "request_id": "req-0461d9ef-ecf4-4212-85a1-8ffea3dec831"}]}
2026-05-20 04:24:05.128 9 INFO neutron.services.segments.plugin [-] Segment a8d00452-0a3d-40de-90f7-e3abc0d06eaa resource provider not found; error: Placement Client Error (4xx): {"errors": [{"status": 404, "title": "Not Found", "detail": "The resource could not be found.\n\n No resource provider with uuid a8d00452-0a3d-40de-90f7-e3abc0d06eaa found for delete ", "request_id": "req-e65045e3-b759-4ee0-b8aa-62924244694a"}]}
2026-05-20 04:24:05.163 10 INFO neutron.wsgi [req-782f6267-a763-4108-9e3d-9b2c91dd4c70 req-9578a592-7deb-4ebe-b435-832bd87766ee 7e9f362b08f840aeb70f35db27d0efed b9fcdca5a7744f4996241176f49692a2 - - default default] 10.0.0.136 "GET /v2.0/ports?device_id=f0aedb18-30d7-4909-8d31-fe448caef202 HTTP/1.1" status: 200 len: 1214 time: 0.0814381
2026-05-20 04:24:05.215 10 INFO neutron.db.l3_db [req-d5c24554-82cc-498c-a8a5-bbd2937bd203 req-00fc79b5-043f-408d-82f6-00de8e46c078 7e9f362b08f840aeb70f35db27d0efed b9fcdca5a7744f4996241176f49692a2 - - default default] Floating IP f76cb41f-a117-46b2-a469-016e98fa0107 disassociated. External IP: 10.96.250.208, port: 19c316c3-002c-4676-9d5b-a73825eb8345.
2026-05-20 04:24:05.298 10 INFO neutron.wsgi [req-782f6267-a763-4108-9e3d-9b2c91dd4c70 req-a0feb76b-99f5-4a15-978f-d6633e237685 7e9f362b08f840aeb70f35db27d0efed b9fcdca5a7744f4996241176f49692a2 - - default default] 10.0.0.136 "GET /v2.0/security-groups?id=d5d42741-1287-4174-96b3-3f709734f670&id=9c97e8b8-87ee-40fe-9580-7105f50a189e&fields=id&fields=name HTTP/1.1" status: 200 len: 403 time: 0.1236269
2026-05-20 04:24:05.430 10 INFO neutron.db.ovn_revision_numbers_db [None req-be0bebf9-f833-474f-8040-82b36ade8823 02165ad3c1e4464094c179230a75f66c 0860e5436f1c4e6ca19ffee18501fb17 - - default default] Successfully bumped revision number for resource 21d9d90b-2a2a-429e-ac66-29410d15b78d (type: router_ports) to 1
2026-05-20 04:24:05.482 10 INFO neutron.wsgi [req-d5c24554-82cc-498c-a8a5-bbd2937bd203 req-00fc79b5-043f-408d-82f6-00de8e46c078 7e9f362b08f840aeb70f35db27d0efed b9fcdca5a7744f4996241176f49692a2 - - default default] 199.204.45.244 "DELETE /v2.0/ports/19c316c3-002c-4676-9d5b-a73825eb8345 HTTP/1.1" status: 204 len: 173 time: 1.2142708
2026-05-20 04:24:05.520 10 INFO neutron.notifiers.nova [-] Nova event matching ['req-504bab6d-e241-4c7d-9e14-ac8f6ddc49f8'] response: {'server_uuid': 'f0aedb18-30d7-4909-8d31-fe448caef202', 'name': 'network-vif-deleted', 'tag': '19c316c3-002c-4676-9d5b-a73825eb8345', 'status': 'completed', 'code': 200}
2026-05-20 04:24:05.524 10 INFO neutron.db.ovn_revision_numbers_db [None req-be0bebf9-f833-474f-8040-82b36ade8823 02165ad3c1e4464094c179230a75f66c 0860e5436f1c4e6ca19ffee18501fb17 - - default default] Successfully bumped revision number for resource 28c20f68-ff49-46e2-a771-03e51d9b1f8b (type: routers) to 2
2026-05-20 04:24:05.540 10 INFO neutron.wsgi [None req-be0bebf9-f833-474f-8040-82b36ade8823 02165ad3c1e4464094c179230a75f66c 0860e5436f1c4e6ca19ffee18501fb17 - - default default] 10.0.0.99 "POST /v2.0/routers HTTP/1.1" status: 201 len: 867 time: 2.4178219
2026-05-20 04:24:05.644 10 INFO neutron.wsgi [None req-230192f0-ee10-4db3-bddb-5030e7756e84 02165ad3c1e4464094c179230a75f66c 0860e5436f1c4e6ca19ffee18501fb17 - - default default] 10.0.0.99 "GET /v2.0/routers/28c20f68-ff49-46e2-a771-03e51d9b1f8b HTTP/1.1" status: 200 len: 868 time: 0.1001632
2026-05-20 04:24:05.788 10 INFO neutron.wsgi [None req-fbcbee53-4766-4794-a9a0-0b3ee98d13be 02165ad3c1e4464094c179230a75f66c 0860e5436f1c4e6ca19ffee18501fb17 - - default default] 10.0.0.99 "GET /v2.0/routers HTTP/1.1" status: 200 len: 871 time: 0.1367161
2026-05-20 04:24:06.121 9 INFO neutron.wsgi [None req-4c24610e-0e1e-4170-80bd-286303bb6cf3 2f24a31e7361484a926d42e268766599 15af51f74f724241b5d8abfac3bb90ff - - default default] 10.0.0.99 "GET /v2.0/security-groups?tenant_id=ca876d392c474189bdea0c360020d538&name=default HTTP/1.1" status: 200 len: 2996 time: 0.1859176
2026-05-20 04:24:06.413 9 INFO neutron.wsgi [None req-e177ad7c-862e-42e4-b405-d31463fffe49 2f24a31e7361484a926d42e268766599 15af51f74f724241b5d8abfac3bb90ff - - default default] 10.0.0.99 "DELETE /v2.0/security-groups/16da0bfb-4cd4-4e77-92d6-05c7625905d2 HTTP/1.1" status: 204 len: 168 time: 0.2865887
2026-05-20 04:24:06.537 10 INFO neutron.db.ovn_revision_numbers_db [None req-e1e347b1-9eed-4a65-91d5-89f3ccec5540 02165ad3c1e4464094c179230a75f66c 0860e5436f1c4e6ca19ffee18501fb17 - - default default] Successfully bumped revision number for resource 28c20f68-ff49-46e2-a771-03e51d9b1f8b (type: routers) to 3
2026-05-20 04:24:06.540 10 INFO neutron.wsgi [None req-e1e347b1-9eed-4a65-91d5-89f3ccec5540 02165ad3c1e4464094c179230a75f66c 0860e5436f1c4e6ca19ffee18501fb17 - - default default] 10.0.0.99 "PUT /v2.0/routers/28c20f68-ff49-46e2-a771-03e51d9b1f8b HTTP/1.1" status: 200 len: 875 time: 0.7478089
2026-05-20 04:24:06.602 9 INFO neutron.wsgi [None req-5393efb3-f690-4593-90d4-2951b562d6a7 7e9f362b08f840aeb70f35db27d0efed b9fcdca5a7744f4996241176f49692a2 - - default default] 10.0.0.99 "DELETE /v2.0/security-groups/d5d42741-1287-4174-96b3-3f709734f670 HTTP/1.1" status: 204 len: 168 time: 0.1353669
2026-05-20 04:24:06.617 9 INFO neutron.api.v2.resource [None req-ea368ece-7778-4ebf-a0c7-43c327474979 7e9f362b08f840aeb70f35db27d0efed b9fcdca5a7744f4996241176f49692a2 - - default default] show failed (client error): The resource could not be found.
2026-05-20 04:24:06.619 9 INFO neutron.wsgi [None req-ea368ece-7778-4ebf-a0c7-43c327474979 7e9f362b08f840aeb70f35db27d0efed b9fcdca5a7744f4996241176f49692a2 - - default default] 10.0.0.99 "GET /v2.0/security-groups/d5d42741-1287-4174-96b3-3f709734f670 HTTP/1.1" status: 404 len: 347 time: 0.0121467
2026-05-20 04:24:06.626 10 INFO neutron.wsgi [None req-3ab7c880-ff4a-4708-967a-1f85ca74d439 02165ad3c1e4464094c179230a75f66c 0860e5436f1c4e6ca19ffee18501fb17 - - default default] 10.0.0.99 "GET /v2.0/routers/28c20f68-ff49-46e2-a771-03e51d9b1f8b HTTP/1.1" status: 200 len: 875 time: 0.0800261
2026-05-20 04:24:06.653 10 INFO neutron.wsgi [None req-ee1f2078-5643-46be-b9af-611ed150646d 02165ad3c1e4464094c179230a75f66c 0860e5436f1c4e6ca19ffee18501fb17 - - default default] 10.0.0.99 "GET /v2.0/ports?device_id=28c20f68-ff49-46e2-a771-03e51d9b1f8b HTTP/1.1" status: 200 len: 205 time: 0.0201385
2026-05-20 04:24:06.704 10 INFO neutron.db.ovn_revision_numbers_db [None req-93134dc3-e064-46b1-bff9-ed8f23c02ef5 2f24a31e7361484a926d42e268766599 15af51f74f724241b5d8abfac3bb90ff - - default default] Successfully bumped revision number for resource a59064e2-cc6b-491d-a215-c7dbdf09a64a (type: security_groups) to 1
2026-05-20 04:24:06.724 10 INFO neutron.db.ovn_revision_numbers_db [None req-93134dc3-e064-46b1-bff9-ed8f23c02ef5 2f24a31e7361484a926d42e268766599 15af51f74f724241b5d8abfac3bb90ff - - default default] Successfully bumped revision number for resource 14c6a7e5-df10-471b-9fbb-159f33603377 (type: security_group_rules) to 0
2026-05-20 04:24:06.752 10 INFO neutron.db.ovn_revision_numbers_db [None req-93134dc3-e064-46b1-bff9-ed8f23c02ef5 2f24a31e7361484a926d42e268766599 15af51f74f724241b5d8abfac3bb90ff - - default default] Successfully bumped revision number for resource 6ffa00f4-0556-4bfc-a29e-de799bf1a93d (type: security_group_rules) to 0
2026-05-20 04:24:06.778 10 INFO neutron.db.ovn_revision_numbers_db [None req-93134dc3-e064-46b1-bff9-ed8f23c02ef5 2f24a31e7361484a926d42e268766599 15af51f74f724241b5d8abfac3bb90ff - - default default] Successfully bumped revision number for resource d8a87a7a-a9dd-42d6-9aac-332d83111d22 (type: security_group_rules) to 0
2026-05-20 04:24:06.796 10 INFO neutron.db.ovn_revision_numbers_db [None req-93134dc3-e064-46b1-bff9-ed8f23c02ef5 2f24a31e7361484a926d42e268766599 15af51f74f724241b5d8abfac3bb90ff - - default default] Successfully bumped revision number for resource f1c4e47f-8100-440a-b89a-eac61fde3ee3 (type: security_group_rules) to 0
2026-05-20 04:24:06.842 10 WARNING neutron.plugins.ml2.drivers.ovn.mech_driver.ovsdb.ovn_client [None req-eed3d43e-3b7c-4c7b-a6bf-fd72d4da65f6 - - - - - -] No port found with ID 8ea90722-57a8-440b-b306-622b815377c3: RuntimeError: No port found with ID 8ea90722-57a8-440b-b306-622b815377c3
2026-05-20 04:24:06.843 10 INFO neutron.plugins.ml2.drivers.ovn.mech_driver.mech_driver [None req-eed3d43e-3b7c-4c7b-a6bf-fd72d4da65f6 - - - - - -] OVN reports status down for port: 19c316c3-002c-4676-9d5b-a73825eb8345
2026-05-20 04:24:06.868 10 INFO neutron.services.segments.plugin [-] Segment b460a840-236d-4278-b7b8-4191d8e72f82 resource provider aggregate not found
2026-05-20 04:24:06.876 10 INFO neutron.wsgi [None req-93134dc3-e064-46b1-bff9-ed8f23c02ef5 2f24a31e7361484a926d42e268766599 15af51f74f724241b5d8abfac3bb90ff - - default default] 10.0.0.99 "GET /v2.0/security-groups?tenant_id=eec0c674a270417f8fcaec90d73f8358&name=default HTTP/1.1" status: 200 len: 2996 time: 0.3595183
2026-05-20 04:24:06.896 10 INFO neutron.services.segments.plugin [-] Segment b460a840-236d-4278-b7b8-4191d8e72f82 resource provider not found; error: Placement Client Error (4xx): {"errors": [{"status": 404, "title": "Not Found", "detail": "The resource could not be found.\n\n No resource provider with uuid b460a840-236d-4278-b7b8-4191d8e72f82 found for delete ", "request_id": "req-2a7e48ca-ed72-48fb-b283-87ed3d013657"}]}
2026-05-20 04:24:06.901 10 INFO neutron.services.segments.plugin [-] Segment b460a840-236d-4278-b7b8-4191d8e72f82 resource provider aggregate not found
2026-05-20 04:24:06.909 10 INFO neutron.plugins.ml2.drivers.ovn.mech_driver.mech_driver [None req-eed3d43e-3b7c-4c7b-a6bf-fd72d4da65f6 - - - - - -] OVN reports status up for port: 21d9d90b-2a2a-429e-ac66-29410d15b78d
2026-05-20 04:24:06.920 10 INFO neutron.services.segments.plugin [-] Segment b460a840-236d-4278-b7b8-4191d8e72f82 resource provider not found; error: Placement Client Error (4xx): {"errors": [{"status": 404, "title": "Not Found", "detail": "The resource could not be found.\n\n No resource provider with uuid b460a840-236d-4278-b7b8-4191d8e72f82 found for delete ", "request_id": "req-2456e0f4-814b-4a6c-9b50-7281cd4bbdb3"}]}
2026-05-20 04:24:06.921 10 INFO neutron.plugins.ml2.plugin [None req-eed3d43e-3b7c-4c7b-a6bf-fd72d4da65f6 - - - - - -] Attempt 1 to provision port 21d9d90b-2a2a-429e-ac66-29410d15b78d
2026-05-20 04:24:06.990 9 INFO neutron.wsgi [None req-fd13fba0-c282-485e-a786-c3deef6f2592 7e9f362b08f840aeb70f35db27d0efed b9fcdca5a7744f4996241176f49692a2 - - default default] 10.0.0.99 "DELETE /v2.0/floatingips/f76cb41f-a117-46b2-a469-016e98fa0107 HTTP/1.1" status: 204 len: 168 time: 0.3664906
2026-05-20 04:24:07.134 9 INFO neutron.wsgi [None req-6570fcee-13fa-4156-bf5b-c22db31205e7 2f24a31e7361484a926d42e268766599 15af51f74f724241b5d8abfac3bb90ff - - default default] 10.0.0.99 "DELETE /v2.0/security-groups/a59064e2-cc6b-491d-a215-c7dbdf09a64a HTTP/1.1" status: 204 len: 168 time: 0.2483785
2026-05-20 04:24:07.141 9 INFO neutron.wsgi [None req-dfbd9949-322f-4b32-aaae-84123266ed52 7e9f362b08f840aeb70f35db27d0efed b9fcdca5a7744f4996241176f49692a2 - - default default] 10.0.0.99 "DELETE /v2.0/security-groups/9c97e8b8-87ee-40fe-9580-7105f50a189e HTTP/1.1" status: 204 len: 168 time: 0.1462853
