2026-05-20 04:24:42.284 9 INFO neutron.wsgi [None req-ccf88cfb-3e5c-4911-840a-1e08d3767081 9b25c9c35ce94d37a491a6b5376df787 233371bc8009423984838341dded90dc - - default default] 10.0.0.99 "GET /v2.0/ports/7f4cd814-9a0d-4200-8e33-16ef59d643da HTTP/1.1" status: 200 len: 1020 time: 0.0858562
2026-05-20 04:24:42.374 9 INFO neutron.wsgi [None req-854d48e4-2118-4d5b-a4e0-591b6fe23bfd 9b25c9c35ce94d37a491a6b5376df787 233371bc8009423984838341dded90dc - - default default] 10.0.0.99 "DELETE /v2.0/trunks/8b1e8a32-fa22-4b96-8f78-dff4a72c3673 HTTP/1.1" status: 204 len: 168 time: 0.0854466
2026-05-20 04:24:42.395 9 INFO neutron.wsgi [None req-1a1f1eea-8efd-417c-9ae0-2475d51ff7e3 9b25c9c35ce94d37a491a6b5376df787 233371bc8009423984838341dded90dc - - default default] 10.0.0.99 "GET /v2.0/trunks/d34865f3-dc1e-464f-8e83-50b873873663 HTTP/1.1" status: 200 len: 625 time: 0.0162523
2026-05-20 04:24:42.469 9 INFO neutron.wsgi [None req-365cf9e1-8bd8-4168-a9c7-5e7076b577e8 9b25c9c35ce94d37a491a6b5376df787 233371bc8009423984838341dded90dc - - default default] 10.0.0.99 "GET /v2.0/ports/9cf89406-1fd6-440a-b4bc-984f2c8a0092 HTTP/1.1" status: 200 len: 1020 time: 0.0706615
2026-05-20 04:24:42.538 9 INFO neutron.wsgi [None req-941d492d-0781-476e-8e56-b2847adfaf9b 9b25c9c35ce94d37a491a6b5376df787 233371bc8009423984838341dded90dc - - default default] 10.0.0.99 "DELETE /v2.0/trunks/d34865f3-dc1e-464f-8e83-50b873873663 HTTP/1.1" status: 204 len: 168 time: 0.0646226
2026-05-20 04:24:42.556 9 INFO neutron.wsgi [None req-9704295a-85c7-4b20-8f36-fbc25477e9a2 9b25c9c35ce94d37a491a6b5376df787 233371bc8009423984838341dded90dc - - default default] 10.0.0.99 "GET /v2.0/trunks/9d3c0a29-4057-4408-9822-f932ddae7d71 HTTP/1.1" status: 200 len: 610 time: 0.0126812
2026-05-20 04:24:42.611 9 INFO neutron.wsgi [-] 10.0.0.42 "GET / HTTP/1.1" status: 200 len: 247 time: 0.0012770
2026-05-20 04:24:42.612 10 INFO neutron.wsgi [-] 10.0.0.42 "GET / HTTP/1.1" status: 200 len: 247 time: 0.0027192
2026-05-20 04:24:42.637 9 INFO neutron.wsgi [None req-d7eca9ce-592c-43a2-9c4c-3d1b177191d3 9b25c9c35ce94d37a491a6b5376df787 233371bc8009423984838341dded90dc - - default default] 10.0.0.99 "GET /v2.0/ports/45913ae2-1df1-4662-8d54-adb97f5c2e8d HTTP/1.1" status: 200 len: 1020 time: 0.0767918
2026-05-20 04:24:42.715 9 INFO neutron.wsgi [None req-b1a13d00-1c22-49d1-9740-641b20ce3b99 9b25c9c35ce94d37a491a6b5376df787 233371bc8009423984838341dded90dc - - default default] 10.0.0.99 "DELETE /v2.0/trunks/9d3c0a29-4057-4408-9822-f932ddae7d71 HTTP/1.1" status: 204 len: 168 time: 0.0735111
2026-05-20 04:24:42.746 9 INFO neutron.wsgi [None req-bfe5f9bf-2c07-4103-8a74-5443721b34e5 9b25c9c35ce94d37a491a6b5376df787 233371bc8009423984838341dded90dc - - default default] 10.0.0.99 "GET /v2.0/trunks/164ad541-5834-44c6-9730-473a55eb0140 HTTP/1.1" status: 200 len: 603 time: 0.0217133
2026-05-20 04:24:42.755 10 INFO neutron.db.ovn_revision_numbers_db [None req-9ebdb052-4ab2-4d76-8570-804911460515 2f24a31e7361484a926d42e268766599 15af51f74f724241b5d8abfac3bb90ff - - default default] Successfully bumped revision number for resource 313a20e2-6690-4d3d-8585-99da64d77439 (type: security_groups) to 1
2026-05-20 04:24:42.771 10 INFO neutron.db.ovn_revision_numbers_db [None req-9ebdb052-4ab2-4d76-8570-804911460515 2f24a31e7361484a926d42e268766599 15af51f74f724241b5d8abfac3bb90ff - - default default] Successfully bumped revision number for resource 39bf010e-dd47-4459-a6d2-9447bbf6a4e7 (type: security_group_rules) to 0
2026-05-20 04:24:42.787 10 INFO neutron.db.ovn_revision_numbers_db [None req-9ebdb052-4ab2-4d76-8570-804911460515 2f24a31e7361484a926d42e268766599 15af51f74f724241b5d8abfac3bb90ff - - default default] Successfully bumped revision number for resource 646ff9fa-de35-4e3d-a71d-37be9426c551 (type: security_group_rules) to 0
2026-05-20 04:24:42.802 10 INFO neutron.db.ovn_revision_numbers_db [None req-9ebdb052-4ab2-4d76-8570-804911460515 2f24a31e7361484a926d42e268766599 15af51f74f724241b5d8abfac3bb90ff - - default default] Successfully bumped revision number for resource 75bd0e14-9838-43e1-b243-cb1003a09749 (type: security_group_rules) to 0
2026-05-20 04:24:42.816 10 INFO neutron.db.ovn_revision_numbers_db [None req-9ebdb052-4ab2-4d76-8570-804911460515 2f24a31e7361484a926d42e268766599 15af51f74f724241b5d8abfac3bb90ff - - default default] Successfully bumped revision number for resource 9261735e-3bc8-45f0-b5b9-e167c2a77a67 (type: security_group_rules) to 0
2026-05-20 04:24:42.832 9 INFO neutron.wsgi [None req-e8a07e8e-8f94-45fc-9ef8-bc2b4eaf3d8b 9b25c9c35ce94d37a491a6b5376df787 233371bc8009423984838341dded90dc - - default default] 10.0.0.99 "GET /v2.0/ports/0f030f60-2d64-4837-aeaa-ca14c5e51612 HTTP/1.1" status: 200 len: 1020 time: 0.0813494
2026-05-20 04:24:42.840 10 INFO neutron.wsgi [None req-9ebdb052-4ab2-4d76-8570-804911460515 2f24a31e7361484a926d42e268766599 15af51f74f724241b5d8abfac3bb90ff - - default default] 10.0.0.99 "GET /v2.0/security-groups?tenant_id=fc22ca13b96f4980b5347f004538f1a9&name=default HTTP/1.1" status: 200 len: 2996 time: 0.2716470
2026-05-20 04:24:42.935 9 INFO neutron.wsgi [None req-15af70d5-6875-4504-a9d5-7f6ba3973f5a 9b25c9c35ce94d37a491a6b5376df787 233371bc8009423984838341dded90dc - - default default] 10.0.0.99 "DELETE /v2.0/trunks/164ad541-5834-44c6-9730-473a55eb0140 HTTP/1.1" status: 204 len: 168 time: 0.0964153
2026-05-20 04:24:43.097 10 INFO neutron.wsgi [None req-5cb73b64-4d70-46d7-a762-797f6bfbae9f 2f24a31e7361484a926d42e268766599 15af51f74f724241b5d8abfac3bb90ff - - default default] 10.0.0.99 "DELETE /v2.0/security-groups/313a20e2-6690-4d3d-8585-99da64d77439 HTTP/1.1" status: 204 len: 168 time: 0.2511775
2026-05-20 04:24:43.318 10 INFO neutron.db.ovn_revision_numbers_db [None req-a5e84adb-584e-4a46-8f1e-87dd79539ad7 2f24a31e7361484a926d42e268766599 15af51f74f724241b5d8abfac3bb90ff - - default default] Successfully bumped revision number for resource 736bf030-4563-4b8f-aee1-16b4bbea0184 (type: security_groups) to 1
2026-05-20 04:24:43.334 10 INFO neutron.db.ovn_revision_numbers_db [None req-a5e84adb-584e-4a46-8f1e-87dd79539ad7 2f24a31e7361484a926d42e268766599 15af51f74f724241b5d8abfac3bb90ff - - default default] Successfully bumped revision number for resource 210953d3-043c-4d1c-9fa9-a5e936a5d1cb (type: security_group_rules) to 0
2026-05-20 04:24:43.351 10 INFO neutron.db.ovn_revision_numbers_db [None req-a5e84adb-584e-4a46-8f1e-87dd79539ad7 2f24a31e7361484a926d42e268766599 15af51f74f724241b5d8abfac3bb90ff - - default default] Successfully bumped revision number for resource d757bc67-ce84-4c56-951a-5ac8d373458f (type: security_group_rules) to 0
2026-05-20 04:24:43.365 10 INFO neutron.db.ovn_revision_numbers_db [None req-a5e84adb-584e-4a46-8f1e-87dd79539ad7 2f24a31e7361484a926d42e268766599 15af51f74f724241b5d8abfac3bb90ff - - default default] Successfully bumped revision number for resource d7f036c9-1a60-4e5c-8318-322dd84f95d4 (type: security_group_rules) to 0
2026-05-20 04:24:43.379 10 INFO neutron.db.ovn_revision_numbers_db [None req-a5e84adb-584e-4a46-8f1e-87dd79539ad7 2f24a31e7361484a926d42e268766599 15af51f74f724241b5d8abfac3bb90ff - - default default] Successfully bumped revision number for resource da365a70-b682-40c9-ac66-db7abcacc416 (type: security_group_rules) to 0
2026-05-20 04:24:43.404 10 INFO neutron.wsgi [None req-a5e84adb-584e-4a46-8f1e-87dd79539ad7 2f24a31e7361484a926d42e268766599 15af51f74f724241b5d8abfac3bb90ff - - default default] 10.0.0.99 "GET /v2.0/security-groups?tenant_id=dd83bf9cf08b442c83c8113e008d3331&name=default HTTP/1.1" status: 200 len: 2996 time: 0.2048817
2026-05-20 04:24:43.619 9 INFO neutron.wsgi [None req-c7e25801-5dcd-4a4d-a6e0-1d65b2e29b79 9b25c9c35ce94d37a491a6b5376df787 233371bc8009423984838341dded90dc - - default default] 10.0.0.99 "DELETE /v2.0/ports/e5895ee6-603a-4b6e-9a5b-f2d8c41b1c3f HTTP/1.1" status: 204 len: 168 time: 0.6798317
2026-05-20 04:24:43.620 10 INFO neutron.wsgi [None req-c3166f13-f349-4053-b81a-5322d61a68a6 2f24a31e7361484a926d42e268766599 15af51f74f724241b5d8abfac3bb90ff - - default default] 10.0.0.99 "DELETE /v2.0/security-groups/736bf030-4563-4b8f-aee1-16b4bbea0184 HTTP/1.1" status: 204 len: 168 time: 0.2058003
2026-05-20 04:24:43.818 10 INFO neutron.wsgi [None req-23dc0f2a-cb54-4477-a4a1-11e66d839f90 2f24a31e7361484a926d42e268766599 15af51f74f724241b5d8abfac3bb90ff - - default default] 10.0.0.99 "GET /v2.0/security-groups?tenant_id=f54cd05a49e04d72b61c86265ad8fa42&name=default HTTP/1.1" status: 200 len: 2996 time: 0.0411625
2026-05-20 04:24:43.893 9 INFO neutron.wsgi [None req-b4631ea5-0b51-413e-b7c8-bcc67df9b3b4 9b25c9c35ce94d37a491a6b5376df787 233371bc8009423984838341dded90dc - - default default] 10.0.0.99 "DELETE /v2.0/ports/7f4cd814-9a0d-4200-8e33-16ef59d643da HTTP/1.1" status: 204 len: 168 time: 0.2687843
2026-05-20 04:24:44.072 10 INFO neutron.wsgi [None req-7b6210b0-233b-4d9b-9d62-32ae77f1a25e 2f24a31e7361484a926d42e268766599 15af51f74f724241b5d8abfac3bb90ff - - default default] 10.0.0.99 "DELETE /v2.0/security-groups/7e6ab6a9-eeca-43d7-aaeb-b1f04e352bfa HTTP/1.1" status: 204 len: 168 time: 0.2450376
2026-05-20 04:24:44.161 9 INFO neutron.wsgi [None req-61db6df0-469f-4ac8-8414-183d3d81f788 9b25c9c35ce94d37a491a6b5376df787 233371bc8009423984838341dded90dc - - default default] 10.0.0.99 "DELETE /v2.0/ports/9cf89406-1fd6-440a-b4bc-984f2c8a0092 HTTP/1.1" status: 204 len: 168 time: 0.2637491
2026-05-20 04:24:44.421 9 INFO neutron.wsgi [None req-fe071ce1-b9f4-4201-8545-191af8eef39e 9b25c9c35ce94d37a491a6b5376df787 233371bc8009423984838341dded90dc - - default default] 10.0.0.99 "DELETE /v2.0/ports/45913ae2-1df1-4662-8d54-adb97f5c2e8d HTTP/1.1" status: 204 len: 168 time: 0.2535939
2026-05-20 04:24:44.633 9 INFO neutron.wsgi [None req-91ca6882-002d-49cb-a028-832c9de790b1 9b25c9c35ce94d37a491a6b5376df787 233371bc8009423984838341dded90dc - - default default] 10.0.0.99 "DELETE /v2.0/ports/0f030f60-2d64-4837-aeaa-ca14c5e51612 HTTP/1.1" status: 204 len: 168 time: 0.2077212
2026-05-20 04:24:44.986 9 INFO neutron.services.segments.plugin [-] Segment 1335a7d5-d0cc-482c-940c-2de84af954c8 resource provider aggregate not found
2026-05-20 04:24:44.990 9 INFO neutron.services.segments.plugin [-] Segment 1335a7d5-d0cc-482c-940c-2de84af954c8 resource provider aggregate not found
2026-05-20 04:24:45.004 9 INFO neutron.services.segments.plugin [-] Segment 1335a7d5-d0cc-482c-940c-2de84af954c8 resource provider not found; error: Placement Client Error (4xx): {"errors": [{"status": 404, "title": "Not Found", "detail": "The resource could not be found.\n\n No resource provider with uuid 1335a7d5-d0cc-482c-940c-2de84af954c8 found for delete ", "request_id": "req-dd5f6c9f-3449-40af-a2e1-eac88209a8e6"}]}
2026-05-20 04:24:45.006 9 INFO neutron.services.segments.plugin [-] Segment 1335a7d5-d0cc-482c-940c-2de84af954c8 resource provider not found; error: Placement Client Error (4xx): {"errors": [{"status": 404, "title": "Not Found", "detail": "The resource could not be found.\n\n No resource provider with uuid 1335a7d5-d0cc-482c-940c-2de84af954c8 found for delete ", "request_id": "req-7296da98-949f-48aa-9217-d705a96e7a71"}]}
2026-05-20 04:24:45.038 9 INFO neutron.wsgi [None req-62ab5382-5221-4ad7-9a6d-9ab14aea60e1 9b25c9c35ce94d37a491a6b5376df787 233371bc8009423984838341dded90dc - - default default] 10.0.0.99 "DELETE /v2.0/networks/bb7919cc-d945-4657-b422-4d84b2d1a2d0 HTTP/1.1" status: 204 len: 168 time: 0.4003747
2026-05-20 04:24:45.414 10 INFO neutron.services.segments.plugin [-] Segment 44e22d76-c87c-483e-a005-385d35c2f8ff resource provider aggregate not found
2026-05-20 04:24:45.431 10 INFO neutron.services.segments.plugin [-] Segment 44e22d76-c87c-483e-a005-385d35c2f8ff resource provider aggregate not found
2026-05-20 04:24:45.450 10 INFO neutron.services.segments.plugin [-] Segment 44e22d76-c87c-483e-a005-385d35c2f8ff resource provider not found; error: Placement Client Error (4xx): {"errors": [{"status": 404, "title": "Not Found", "detail": "The resource could not be found.\n\n No resource provider with uuid 44e22d76-c87c-483e-a005-385d35c2f8ff found for delete ", "request_id": "req-2f4481b8-6fb1-4b95-8c23-0b66a556b622"}]}
2026-05-20 04:24:45.453 10 INFO neutron.services.segments.plugin [-] Segment 44e22d76-c87c-483e-a005-385d35c2f8ff resource provider not found; error: Placement Client Error (4xx): {"errors": [{"status": 404, "title": "Not Found", "detail": "The resource could not be found.\n\n No resource provider with uuid 44e22d76-c87c-483e-a005-385d35c2f8ff found for delete ", "request_id": "req-717cb2b4-bdb5-4f03-befd-5fcc499d5aa6"}]}
2026-05-20 04:24:45.472 10 INFO neutron.wsgi [None req-a3fe250b-7cd0-45fd-b854-7402f3ed0740 9b25c9c35ce94d37a491a6b5376df787 233371bc8009423984838341dded90dc - - default default] 10.0.0.99 "DELETE /v2.0/networks/4cf748be-5005-46c0-8117-4de48b4e07ce HTTP/1.1" status: 204 len: 168 time: 0.4288933
2026-05-20 04:24:45.859 10 INFO neutron.wsgi [None req-b99102fe-be44-471c-b214-bbc5e94e7221 9b25c9c35ce94d37a491a6b5376df787 233371bc8009423984838341dded90dc - - default default] 10.0.0.99 "DELETE /v2.0/networks/0bce33e2-c552-4493-bc30-7a0201f66ce6 HTTP/1.1" status: 204 len: 168 time: 0.3808892
2026-05-20 04:24:46.047 9 INFO neutron.db.ovn_revision_numbers_db [None req-6d54e937-b6d8-4529-9083-f527a63d0adf 2f24a31e7361484a926d42e268766599 15af51f74f724241b5d8abfac3bb90ff - - default default] Successfully bumped revision number for resource b0dd18c4-e949-43c6-92b3-0488369dcf9d (type: security_groups) to 1
2026-05-20 04:24:46.081 9 INFO neutron.db.ovn_revision_numbers_db [None req-6d54e937-b6d8-4529-9083-f527a63d0adf 2f24a31e7361484a926d42e268766599 15af51f74f724241b5d8abfac3bb90ff - - default default] Successfully bumped revision number for resource 0112399d-c693-4002-967e-d93197c64ca8 (type: security_group_rules) to 0
2026-05-20 04:24:46.099 9 INFO neutron.db.ovn_revision_numbers_db [None req-6d54e937-b6d8-4529-9083-f527a63d0adf 2f24a31e7361484a926d42e268766599 15af51f74f724241b5d8abfac3bb90ff - - default default] Successfully bumped revision number for resource 12bd200a-f36f-4679-83c1-4281748f8432 (type: security_group_rules) to 0
2026-05-20 04:24:46.118 9 INFO neutron.db.ovn_revision_numbers_db [None req-6d54e937-b6d8-4529-9083-f527a63d0adf 2f24a31e7361484a926d42e268766599 15af51f74f724241b5d8abfac3bb90ff - - default default] Successfully bumped revision number for resource 152988dd-1c8d-40c8-844f-581a963ed4fb (type: security_group_rules) to 0
2026-05-20 04:24:46.150 9 INFO neutron.db.ovn_revision_numbers_db [None req-6d54e937-b6d8-4529-9083-f527a63d0adf 2f24a31e7361484a926d42e268766599 15af51f74f724241b5d8abfac3bb90ff - - default default] Successfully bumped revision number for resource 9203a81e-1043-42ad-a14b-07f7b3360921 (type: security_group_rules) to 0
2026-05-20 04:24:46.182 9 INFO neutron.wsgi [None req-6d54e937-b6d8-4529-9083-f527a63d0adf 2f24a31e7361484a926d42e268766599 15af51f74f724241b5d8abfac3bb90ff - - default default] 10.0.0.99 "GET /v2.0/security-groups?tenant_id=43100070c6e74abca2c699f9968aac29&name=default HTTP/1.1" status: 200 len: 2996 time: 0.4443080
2026-05-20 04:24:46.305 9 INFO neutron.wsgi [None req-321c35a6-aa69-4553-853d-c92b682fa094 9b25c9c35ce94d37a491a6b5376df787 233371bc8009423984838341dded90dc - - default default] 10.0.0.99 "DELETE /v2.0/networks/fb038ef7-e340-4d8c-91ad-df3b390ec448 HTTP/1.1" status: 204 len: 168 time: 0.4395604
2026-05-20 04:24:46.469 10 INFO neutron.wsgi [None req-9464b0af-9f4a-4831-b69a-dc1cad9c4e7f 2f24a31e7361484a926d42e268766599 15af51f74f724241b5d8abfac3bb90ff - - default default] 10.0.0.99 "DELETE /v2.0/security-groups/b0dd18c4-e949-43c6-92b3-0488369dcf9d HTTP/1.1" status: 204 len: 168 time: 0.2821083
2026-05-20 04:24:46.743 9 INFO neutron.db.ovn_revision_numbers_db [None req-2fe9ef19-62ee-4327-b8a9-415c778b64ce 2f24a31e7361484a926d42e268766599 15af51f74f724241b5d8abfac3bb90ff - - default default] Successfully bumped revision number for resource 401f566c-e470-4fa6-a63d-2d4abca2370d (type: security_groups) to 1
2026-05-20 04:24:46.745 10 INFO neutron.wsgi [None req-ff8d341d-de84-44c3-ae80-56bb6b503779 9b25c9c35ce94d37a491a6b5376df787 233371bc8009423984838341dded90dc - - default default] 10.0.0.99 "DELETE /v2.0/networks/d1530854-1054-451c-87f0-ecf3c90f24fc HTTP/1.1" status: 204 len: 168 time: 0.4324653
2026-05-20 04:24:46.759 9 INFO neutron.db.ovn_revision_numbers_db [None req-2fe9ef19-62ee-4327-b8a9-415c778b64ce 2f24a31e7361484a926d42e268766599 15af51f74f724241b5d8abfac3bb90ff - - default default] Successfully bumped revision number for resource 2a23b823-bfc2-44aa-9069-f3f1af4b8666 (type: security_group_rules) to 0
2026-05-20 04:24:46.773 9 INFO neutron.db.ovn_revision_numbers_db [None req-2fe9ef19-62ee-4327-b8a9-415c778b64ce 2f24a31e7361484a926d42e268766599 15af51f74f724241b5d8abfac3bb90ff - - default default] Successfully bumped revision number for resource 6ff24e47-41fa-4dc8-83d1-b257a40db802 (type: security_group_rules) to 0
2026-05-20 04:24:46.789 9 INFO neutron.db.ovn_revision_numbers_db [None req-2fe9ef19-62ee-4327-b8a9-415c778b64ce 2f24a31e7361484a926d42e268766599 15af51f74f724241b5d8abfac3bb90ff - - default default] Successfully bumped revision number for resource b0ac296a-f55f-4297-9605-064f568bc9be (type: security_group_rules) to 0
2026-05-20 04:24:46.806 9 INFO neutron.db.ovn_revision_numbers_db [None req-2fe9ef19-62ee-4327-b8a9-415c778b64ce 2f24a31e7361484a926d42e268766599 15af51f74f724241b5d8abfac3bb90ff - - default default] Successfully bumped revision number for resource e45a4512-c9d1-4d6d-9023-4b60cdb769e1 (type: security_group_rules) to 0
2026-05-20 04:24:46.833 9 INFO neutron.wsgi [None req-2fe9ef19-62ee-4327-b8a9-415c778b64ce 2f24a31e7361484a926d42e268766599 15af51f74f724241b5d8abfac3bb90ff - - default default] 10.0.0.99 "GET /v2.0/security-groups?tenant_id=f0e1c4a5c4c24f7f8b54092478c6235b&name=default HTTP/1.1" status: 200 len: 2996 time: 0.1897280
2026-05-20 04:24:47.035 9 INFO neutron.services.segments.plugin [-] Segment 67418b4f-982b-4a2f-bc1e-406fcca542a1 resource provider aggregate not found
2026-05-20 04:24:47.040 9 INFO neutron.services.segments.plugin [-] Segment 67418b4f-982b-4a2f-bc1e-406fcca542a1 resource provider aggregate not found
2026-05-20 04:24:47.053 9 INFO neutron.services.segments.plugin [-] Segment 67418b4f-982b-4a2f-bc1e-406fcca542a1 resource provider not found; error: Placement Client Error (4xx): {"errors": [{"status": 404, "title": "Not Found", "detail": "The resource could not be found.\n\n No resource provider with uuid 67418b4f-982b-4a2f-bc1e-406fcca542a1 found for delete ", "request_id": "req-0ddb6666-5a7d-4604-a348-89f945c294dc"}]}
2026-05-20 04:24:47.056 9 INFO neutron.services.segments.plugin [-] Segment 67418b4f-982b-4a2f-bc1e-406fcca542a1 resource provider not found; error: Placement Client Error (4xx): {"errors": [{"status": 404, "title": "Not Found", "detail": "The resource could not be found.\n\n No resource provider with uuid 67418b4f-982b-4a2f-bc1e-406fcca542a1 found for delete ", "request_id": "req-722bcaa3-b27a-42df-a47b-7527b2f4d3f8"}]}
2026-05-20 04:24:47.062 9 INFO neutron.wsgi [None req-0f429bd3-b9c9-4ec8-8deb-23cb3f4d393e 2f24a31e7361484a926d42e268766599 15af51f74f724241b5d8abfac3bb90ff - - default default] 10.0.0.99 "DELETE /v2.0/security-groups/401f566c-e470-4fa6-a63d-2d4abca2370d HTTP/1.1" status: 204 len: 168 time: 0.2236652
2026-05-20 04:24:47.471 10 INFO neutron.services.segments.plugin [-] Segment 8d11599f-9db8-424d-b802-e72843b91b95 resource provider aggregate not found
2026-05-20 04:24:47.477 10 INFO neutron.services.segments.plugin [-] Segment 8d11599f-9db8-424d-b802-e72843b91b95 resource provider aggregate not found
2026-05-20 04:24:47.499 10 INFO neutron.services.segments.plugin [-] Segment 8d11599f-9db8-424d-b802-e72843b91b95 resource provider not found; error: Placement Client Error (4xx): {"errors": [{"status": 404, "title": "Not Found", "detail": "The resource could not be found.\n\n No resource provider with uuid 8d11599f-9db8-424d-b802-e72843b91b95 found for delete ", "request_id": "req-3fbeeb44-19c1-4ee7-b772-01548ee7eb40"}]}
2026-05-20 04:24:47.505 10 INFO neutron.services.segments.plugin [-] Segment 8d11599f-9db8-424d-b802-e72843b91b95 resource provider not found; error: Placement Client Error (4xx): {"errors": [{"status": 404, "title": "Not Found", "detail": "The resource could not be found.\n\n No resource provider with uuid 8d11599f-9db8-424d-b802-e72843b91b95 found for delete ", "request_id": "req-6bc2b493-1c79-40e8-a1dc-71130e210022"}]}
2026-05-20 04:24:47.514 10 INFO neutron.services.segments.plugin [-] Segment 80678e74-22e7-44cf-ac45-5b4fd5b00c10 resource provider aggregate not found
2026-05-20 04:24:47.523 10 INFO neutron.services.segments.plugin [-] Segment 80678e74-22e7-44cf-ac45-5b4fd5b00c10 resource provider aggregate not found
2026-05-20 04:24:47.530 10 INFO neutron.services.segments.plugin [-] Segment 80678e74-22e7-44cf-ac45-5b4fd5b00c10 resource provider not found; error: Placement Client Error (4xx): {"errors": [{"status": 404, "title": "Not Found", "detail": "The resource could not be found.\n\n No resource provider with uuid 80678e74-22e7-44cf-ac45-5b4fd5b00c10 found for delete ", "request_id": "req-a69aacb5-d58b-4eb9-b884-680017814c19"}]}
2026-05-20 04:24:47.544 10 INFO neutron.services.segments.plugin [-] Segment 80678e74-22e7-44cf-ac45-5b4fd5b00c10 resource provider not found; error: Placement Client Error (4xx): {"errors": [{"status": 404, "title": "Not Found", "detail": "The resource could not be found.\n\n No resource provider with uuid 80678e74-22e7-44cf-ac45-5b4fd5b00c10 found for delete ", "request_id": "req-7daf4f7f-7f73-4a95-bb95-a8086a7d4496"}]}
2026-05-20 04:24:47.703 10 INFO neutron.wsgi [None req-f64690b1-fcba-44b7-927c-48ec1b06d486 2f24a31e7361484a926d42e268766599 15af51f74f724241b5d8abfac3bb90ff - - default default] 10.0.0.99 "GET /v2.0/security-groups?tenant_id=233371bc8009423984838341dded90dc&name=default HTTP/1.1" status: 200 len: 2996 time: 0.1676958
2026-05-20 04:24:47.911 10 INFO neutron.wsgi [None req-76e578df-9ae4-48dc-b675-cbc285c084b0 2f24a31e7361484a926d42e268766599 15af51f74f724241b5d8abfac3bb90ff - - default default] 10.0.0.99 "DELETE /v2.0/security-groups/5fbcd75b-2505-4227-a145-80b096af60e3 HTTP/1.1" status: 204 len: 168 time: 0.2016969
2026-05-20 04:24:48.161 10 INFO neutron.db.ovn_revision_numbers_db [None req-80369d6e-305f-47f4-9354-e9b4b38a72af 2f24a31e7361484a926d42e268766599 15af51f74f724241b5d8abfac3bb90ff - - default default] Successfully bumped revision number for resource 247f7a07-c6f0-4cb8-b49d-22b86d9c9b69 (type: security_groups) to 1
2026-05-20 04:24:48.175 10 INFO neutron.db.ovn_revision_numbers_db [None req-80369d6e-305f-47f4-9354-e9b4b38a72af 2f24a31e7361484a926d42e268766599 15af51f74f724241b5d8abfac3bb90ff - - default default] Successfully bumped revision number for resource 05d602df-3d4e-4eb7-a8cb-f2fd6d378327 (type: security_group_rules) to 0
2026-05-20 04:24:48.187 10 INFO neutron.db.ovn_revision_numbers_db [None req-80369d6e-305f-47f4-9354-e9b4b38a72af 2f24a31e7361484a926d42e268766599 15af51f74f724241b5d8abfac3bb90ff - - default default] Successfully bumped revision number for resource 9c318b11-0163-49c4-b5db-62c6cdae46db (type: security_group_rules) to 0
2026-05-20 04:24:48.198 10 INFO neutron.db.ovn_revision_numbers_db [None req-80369d6e-305f-47f4-9354-e9b4b38a72af 2f24a31e7361484a926d42e268766599 15af51f74f724241b5d8abfac3bb90ff - - default default] Successfully bumped revision number for resource a2ab61f9-8e0d-4aea-a544-eb8f44a8020c (type: security_group_rules) to 0
2026-05-20 04:24:48.212 10 INFO neutron.db.ovn_revision_numbers_db [None req-80369d6e-305f-47f4-9354-e9b4b38a72af 2f24a31e7361484a926d42e268766599 15af51f74f724241b5d8abfac3bb90ff - - default default] Successfully bumped revision number for resource ff593b3f-8052-4d86-ac2b-ae1135e753b6 (type: security_group_rules) to 0
2026-05-20 04:24:48.233 10 INFO neutron.wsgi [None req-80369d6e-305f-47f4-9354-e9b4b38a72af 2f24a31e7361484a926d42e268766599 15af51f74f724241b5d8abfac3bb90ff - - default default] 10.0.0.99 "GET /v2.0/security-groups?tenant_id=f2906eb8f766469787c7e37a76324560&name=default HTTP/1.1" status: 200 len: 2996 time: 0.1795080
2026-05-20 04:24:48.428 10 INFO neutron.wsgi [None req-b42c6ff0-4985-43a4-8b55-40987fc6a051 2f24a31e7361484a926d42e268766599 15af51f74f724241b5d8abfac3bb90ff - - default default] 10.0.0.99 "DELETE /v2.0/security-groups/247f7a07-c6f0-4cb8-b49d-22b86d9c9b69 HTTP/1.1" status: 204 len: 168 time: 0.1904445
2026-05-20 04:24:48.619 9 INFO neutron.db.ovn_revision_numbers_db [None req-bcce166b-9b57-455c-a9fa-8452c7989fba e2a5e8a80893443ba83b34b8fdd6819e 4e9fdb014f66421597f69d8d5a4cc24c - - default default] Successfully bumped revision number for resource b1aec8e1-2477-4e72-b934-4ccf050df1df (type: security_groups) to 1
2026-05-20 04:24:48.631 10 INFO neutron.db.ovn_revision_numbers_db [None req-acee73e1-1039-4765-8c38-1d0c0c3e883f 2f24a31e7361484a926d42e268766599 15af51f74f724241b5d8abfac3bb90ff - - default default] Successfully bumped revision number for resource 49d8f7cf-a11c-409c-9865-49a9a56e7735 (type: security_groups) to 1
2026-05-20 04:24:48.634 9 INFO neutron.db.ovn_revision_numbers_db [None req-bcce166b-9b57-455c-a9fa-8452c7989fba e2a5e8a80893443ba83b34b8fdd6819e 4e9fdb014f66421597f69d8d5a4cc24c - - default default] Successfully bumped revision number for resource 113dda3e-ae01-432a-97ff-be6ebc69d8ab (type: security_group_rules) to 0
2026-05-20 04:24:48.645 10 INFO neutron.db.ovn_revision_numbers_db [None req-acee73e1-1039-4765-8c38-1d0c0c3e883f 2f24a31e7361484a926d42e268766599 15af51f74f724241b5d8abfac3bb90ff - - default default] Successfully bumped revision number for resource 10b8430b-1ee4-42e6-b5af-ad3c1954ece5 (type: security_group_rules) to 0
2026-05-20 04:24:48.650 9 INFO neutron.db.ovn_revision_numbers_db [None req-bcce166b-9b57-455c-a9fa-8452c7989fba e2a5e8a80893443ba83b34b8fdd6819e 4e9fdb014f66421597f69d8d5a4cc24c - - default default] Successfully bumped revision number for resource 5f1d0e17-d12f-4d78-beb9-22090062bd8d (type: security_group_rules) to 0
2026-05-20 04:24:48.658 10 INFO neutron.db.ovn_revision_numbers_db [None req-acee73e1-1039-4765-8c38-1d0c0c3e883f 2f24a31e7361484a926d42e268766599 15af51f74f724241b5d8abfac3bb90ff - - default default] Successfully bumped revision number for resource 6cc10fc4-7d14-4023-813d-7aaa6414dfec (type: security_group_rules) to 0
2026-05-20 04:24:48.663 9 INFO neutron.db.ovn_revision_numbers_db [None req-bcce166b-9b57-455c-a9fa-8452c7989fba e2a5e8a80893443ba83b34b8fdd6819e 4e9fdb014f66421597f69d8d5a4cc24c - - default default] Successfully bumped revision number for resource d05472ae-d4e0-43fc-97a7-e3d31e6e73d4 (type: security_group_rules) to 0
2026-05-20 04:24:48.671 10 INFO neutron.db.ovn_revision_numbers_db [None req-acee73e1-1039-4765-8c38-1d0c0c3e883f 2f24a31e7361484a926d42e268766599 15af51f74f724241b5d8abfac3bb90ff - - default default] Successfully bumped revision number for resource 72c73144-2638-47e5-bffb-fef7195591f9 (type: security_group_rules) to 0
2026-05-20 04:24:48.677 9 INFO neutron.db.ovn_revision_numbers_db [None req-bcce166b-9b57-455c-a9fa-8452c7989fba e2a5e8a80893443ba83b34b8fdd6819e 4e9fdb014f66421597f69d8d5a4cc24c - - default default] Successfully bumped revision number for resource fa21a6fb-ebfd-4a75-8073-a01551c6ced1 (type: security_group_rules) to 0
2026-05-20 04:24:48.684 10 INFO neutron.db.ovn_revision_numbers_db [None req-acee73e1-1039-4765-8c38-1d0c0c3e883f 2f24a31e7361484a926d42e268766599 15af51f74f724241b5d8abfac3bb90ff - - default default] Successfully bumped revision number for resource bcbd66a4-60e3-49bc-b003-3ed4933a76fc (type: security_group_rules) to 0
2026-05-20 04:24:48.706 10 INFO neutron.wsgi [None req-acee73e1-1039-4765-8c38-1d0c0c3e883f 2f24a31e7361484a926d42e268766599 15af51f74f724241b5d8abfac3bb90ff - - default default] 10.0.0.99 "GET /v2.0/security-groups?tenant_id=5d37a1f3f97a42ddb7aa980973a1b198&name=default HTTP/1.1" status: 200 len: 2999 time: 0.1748991
2026-05-20 04:24:48.733 9 INFO neutron.db.segments_db [None req-bcce166b-9b57-455c-a9fa-8452c7989fba e2a5e8a80893443ba83b34b8fdd6819e 4e9fdb014f66421597f69d8d5a4cc24c - - default default] Added segment c595d6aa-b8e9-4bea-9a43-36f15f850204 of type geneve for network a8ea9668-2c7f-4117-8e2c-3b8772ed1619
2026-05-20 04:24:48.889 9 INFO neutron.db.ovn_revision_numbers_db [None req-bcce166b-9b57-455c-a9fa-8452c7989fba e2a5e8a80893443ba83b34b8fdd6819e 4e9fdb014f66421597f69d8d5a4cc24c - - default default] Successfully bumped revision number for resource a8ea9668-2c7f-4117-8e2c-3b8772ed1619 (type: networks) to 1
2026-05-20 04:24:48.901 10 INFO neutron.wsgi [None req-33d15084-2b66-4b88-b547-17642279f49d 2f24a31e7361484a926d42e268766599 15af51f74f724241b5d8abfac3bb90ff - - default default] 10.0.0.99 "DELETE /v2.0/security-groups/49d8f7cf-a11c-409c-9865-49a9a56e7735 HTTP/1.1" status: 204 len: 168 time: 0.1894472
2026-05-20 04:24:49.090 9 WARNING neutron.scheduler.dhcp_agent_scheduler [None req-bcce166b-9b57-455c-a9fa-8452c7989fba e2a5e8a80893443ba83b34b8fdd6819e 4e9fdb014f66421597f69d8d5a4cc24c - - default default] No more DHCP agents
2026-05-20 04:24:49.091 9 WARNING neutron.api.rpc.agentnotifiers.dhcp_rpc_agent_api [None req-bcce166b-9b57-455c-a9fa-8452c7989fba e2a5e8a80893443ba83b34b8fdd6819e 4e9fdb014f66421597f69d8d5a4cc24c - - default default] Unable to schedule network a8ea9668-2c7f-4117-8e2c-3b8772ed1619: no agents available; will retry on subsequent port and subnet creation events.
2026-05-20 04:24:49.173 9 INFO neutron.db.ovn_revision_numbers_db [None req-bcce166b-9b57-455c-a9fa-8452c7989fba e2a5e8a80893443ba83b34b8fdd6819e 4e9fdb014f66421597f69d8d5a4cc24c - - default default] Successfully bumped revision number for resource 3a638542-3ad0-427e-ad84-61031a6b1649 (type: ports) to 1
2026-05-20 04:24:49.193 9 INFO neutron.wsgi [None req-bcce166b-9b57-455c-a9fa-8452c7989fba e2a5e8a80893443ba83b34b8fdd6819e 4e9fdb014f66421597f69d8d5a4cc24c - - default default] 10.0.0.99 "POST /v2.0/networks HTTP/1.1" status: 201 len: 830 time: 0.9203920
2026-05-20 04:24:49.292 9 INFO neutron.db.segments_db [None req-688e1ece-b1ef-4c22-9593-308344cc91e3 e2a5e8a80893443ba83b34b8fdd6819e 4e9fdb014f66421597f69d8d5a4cc24c - - default default] Added segment 35812392-6266-42d7-9873-e3d32c2dcf0c of type geneve for network f7e35b1b-776a-4477-8cc1-22edc96f00e0
2026-05-20 04:24:49.439 9 INFO neutron.db.ovn_revision_numbers_db [None req-688e1ece-b1ef-4c22-9593-308344cc91e3 e2a5e8a80893443ba83b34b8fdd6819e 4e9fdb014f66421597f69d8d5a4cc24c - - default default] Successfully bumped revision number for resource f7e35b1b-776a-4477-8cc1-22edc96f00e0 (type: networks) to 1
2026-05-20 04:24:49.627 9 WARNING neutron.scheduler.dhcp_agent_scheduler [None req-688e1ece-b1ef-4c22-9593-308344cc91e3 e2a5e8a80893443ba83b34b8fdd6819e 4e9fdb014f66421597f69d8d5a4cc24c - - default default] No more DHCP agents
2026-05-20 04:24:49.630 9 WARNING neutron.api.rpc.agentnotifiers.dhcp_rpc_agent_api [None req-688e1ece-b1ef-4c22-9593-308344cc91e3 e2a5e8a80893443ba83b34b8fdd6819e 4e9fdb014f66421597f69d8d5a4cc24c - - default default] Unable to schedule network f7e35b1b-776a-4477-8cc1-22edc96f00e0: no agents available; will retry on subsequent port and subnet creation events.
2026-05-20 04:24:49.699 9 INFO neutron.db.ovn_revision_numbers_db [None req-688e1ece-b1ef-4c22-9593-308344cc91e3 e2a5e8a80893443ba83b34b8fdd6819e 4e9fdb014f66421597f69d8d5a4cc24c - - default default] Successfully bumped revision number for resource 8bde80db-ee0d-4d6c-b5df-0b1a6e53b26e (type: ports) to 1
2026-05-20 04:24:49.720 9 INFO neutron.wsgi [None req-688e1ece-b1ef-4c22-9593-308344cc91e3 e2a5e8a80893443ba83b34b8fdd6819e 4e9fdb014f66421597f69d8d5a4cc24c - - default default] 10.0.0.99 "POST /v2.0/networks HTTP/1.1" status: 201 len: 830 time: 0.5216696
2026-05-20 04:24:49.818 9 INFO neutron.db.segments_db [None req-fbc53773-f6f6-4907-840a-ffede8ba12aa e2a5e8a80893443ba83b34b8fdd6819e 4e9fdb014f66421597f69d8d5a4cc24c - - default default] Added segment 556742b5-41b7-47ac-bcbe-90fbd9a567ef of type geneve for network fe8da9a1-a96f-42b4-bd32-458e9b8d8ba3
2026-05-20 04:24:49.980 9 INFO neutron.db.ovn_revision_numbers_db [None req-fbc53773-f6f6-4907-840a-ffede8ba12aa e2a5e8a80893443ba83b34b8fdd6819e 4e9fdb014f66421597f69d8d5a4cc24c - - default default] Successfully bumped revision number for resource fe8da9a1-a96f-42b4-bd32-458e9b8d8ba3 (type: networks) to 1
2026-05-20 04:24:50.211 9 WARNING neutron.scheduler.dhcp_agent_scheduler [None req-fbc53773-f6f6-4907-840a-ffede8ba12aa e2a5e8a80893443ba83b34b8fdd6819e 4e9fdb014f66421597f69d8d5a4cc24c - - default default] No more DHCP agents
2026-05-20 04:24:50.213 9 WARNING neutron.api.rpc.agentnotifiers.dhcp_rpc_agent_api [None req-fbc53773-f6f6-4907-840a-ffede8ba12aa e2a5e8a80893443ba83b34b8fdd6819e 4e9fdb014f66421597f69d8d5a4cc24c - - default default] Unable to schedule network fe8da9a1-a96f-42b4-bd32-458e9b8d8ba3: no agents available; will retry on subsequent port and subnet creation events.
2026-05-20 04:24:50.292 9 INFO neutron.db.ovn_revision_numbers_db [None req-fbc53773-f6f6-4907-840a-ffede8ba12aa e2a5e8a80893443ba83b34b8fdd6819e 4e9fdb014f66421597f69d8d5a4cc24c - - default default] Successfully bumped revision number for resource c08169f1-2e82-4c52-98d2-8f1b5fe8dfff (type: ports) to 1
2026-05-20 04:24:50.312 9 INFO neutron.wsgi [None req-fbc53773-f6f6-4907-840a-ffede8ba12aa e2a5e8a80893443ba83b34b8fdd6819e 4e9fdb014f66421597f69d8d5a4cc24c - - default default] 10.0.0.99 "POST /v2.0/networks HTTP/1.1" status: 201 len: 831 time: 0.5859675
2026-05-20 04:24:50.428 9 INFO neutron.db.segments_db [None req-fbf94d37-de82-4aa0-85a9-774bd3187963 e2a5e8a80893443ba83b34b8fdd6819e 4e9fdb014f66421597f69d8d5a4cc24c - - default default] Added segment d52893d3-db10-441c-9fbc-185af0d935f4 of type geneve for network fd011b60-9cee-48a6-bd0b-9288a64085fd
2026-05-20 04:24:50.576 9 INFO neutron.db.ovn_revision_numbers_db [None req-fbf94d37-de82-4aa0-85a9-774bd3187963 e2a5e8a80893443ba83b34b8fdd6819e 4e9fdb014f66421597f69d8d5a4cc24c - - default default] Successfully bumped revision number for resource fd011b60-9cee-48a6-bd0b-9288a64085fd (type: networks) to 1
2026-05-20 04:24:50.739 9 WARNING neutron.scheduler.dhcp_agent_scheduler [None req-fbf94d37-de82-4aa0-85a9-774bd3187963 e2a5e8a80893443ba83b34b8fdd6819e 4e9fdb014f66421597f69d8d5a4cc24c - - default default] No more DHCP agents
2026-05-20 04:24:50.742 9 WARNING neutron.api.rpc.agentnotifiers.dhcp_rpc_agent_api [None req-fbf94d37-de82-4aa0-85a9-774bd3187963 e2a5e8a80893443ba83b34b8fdd6819e 4e9fdb014f66421597f69d8d5a4cc24c - - default default] Unable to schedule network fd011b60-9cee-48a6-bd0b-9288a64085fd: no agents available; will retry on subsequent port and subnet creation events.
2026-05-20 04:24:50.835 9 INFO neutron.db.ovn_revision_numbers_db [None req-fbf94d37-de82-4aa0-85a9-774bd3187963 e2a5e8a80893443ba83b34b8fdd6819e 4e9fdb014f66421597f69d8d5a4cc24c - - default default] Successfully bumped revision number for resource 047851d3-99c9-4dcb-be06-6255f6f04742 (type: ports) to 1
2026-05-20 04:24:50.869 9 INFO neutron.wsgi [None req-fbf94d37-de82-4aa0-85a9-774bd3187963 e2a5e8a80893443ba83b34b8fdd6819e 4e9fdb014f66421597f69d8d5a4cc24c - - default default] 10.0.0.99 "POST /v2.0/networks HTTP/1.1" status: 201 len: 831 time: 0.5527260
2026-05-20 04:24:50.975 10 INFO neutron.db.segments_db [None req-f7f5fab4-1e87-4935-9fca-29d0d2b1cb92 e2a5e8a80893443ba83b34b8fdd6819e 4e9fdb014f66421597f69d8d5a4cc24c - - default default] Added segment 86050f63-806b-4b43-8fcc-e175798e38e8 of type geneve for network 44cc5cab-4486-4080-b8eb-cf888bbdf10d
2026-05-20 04:24:51.154 10 INFO neutron.db.ovn_revision_numbers_db [None req-f7f5fab4-1e87-4935-9fca-29d0d2b1cb92 e2a5e8a80893443ba83b34b8fdd6819e 4e9fdb014f66421597f69d8d5a4cc24c - - default default] Successfully bumped revision number for resource 44cc5cab-4486-4080-b8eb-cf888bbdf10d (type: networks) to 1
2026-05-20 04:24:51.359 10 WARNING neutron.scheduler.dhcp_agent_scheduler [None req-f7f5fab4-1e87-4935-9fca-29d0d2b1cb92 e2a5e8a80893443ba83b34b8fdd6819e 4e9fdb014f66421597f69d8d5a4cc24c - - default default] No more DHCP agents
2026-05-20 04:24:51.360 10 WARNING neutron.api.rpc.agentnotifiers.dhcp_rpc_agent_api [None req-f7f5fab4-1e87-4935-9fca-29d0d2b1cb92 e2a5e8a80893443ba83b34b8fdd6819e 4e9fdb014f66421597f69d8d5a4cc24c - - default default] Unable to schedule network 44cc5cab-4486-4080-b8eb-cf888bbdf10d: no agents available; will retry on subsequent port and subnet creation events.
2026-05-20 04:24:51.454 10 INFO neutron.db.ovn_revision_numbers_db [None req-f7f5fab4-1e87-4935-9fca-29d0d2b1cb92 e2a5e8a80893443ba83b34b8fdd6819e 4e9fdb014f66421597f69d8d5a4cc24c - - default default] Successfully bumped revision number for resource 80a08489-aea8-4266-9d74-cd05e4575522 (type: ports) to 1
2026-05-20 04:24:51.496 10 INFO neutron.wsgi [None req-f7f5fab4-1e87-4935-9fca-29d0d2b1cb92 e2a5e8a80893443ba83b34b8fdd6819e 4e9fdb014f66421597f69d8d5a4cc24c - - default default] 10.0.0.99 "POST /v2.0/networks HTTP/1.1" status: 201 len: 830 time: 0.6211152
2026-05-20 04:24:51.548 10 INFO neutron.wsgi [None req-7477a0cc-361c-484a-bd1c-7329f8d5f793 e2a5e8a80893443ba83b34b8fdd6819e 4e9fdb014f66421597f69d8d5a4cc24c - - default default] 10.0.0.99 "PUT /v2.0/networks/a8ea9668-2c7f-4117-8e2c-3b8772ed1619/tags HTTP/1.1" status: 200 len: 210 time: 0.0475640
2026-05-20 04:24:51.609 10 INFO neutron.wsgi [None req-8d0afbb0-6a5d-40b9-85fd-ef3676022fda e2a5e8a80893443ba83b34b8fdd6819e 4e9fdb014f66421597f69d8d5a4cc24c - - default default] 10.0.0.99 "PUT /v2.0/networks/f7e35b1b-776a-4477-8cc1-22edc96f00e0/tags HTTP/1.1" status: 200 len: 218 time: 0.0558009
2026-05-20 04:24:51.673 10 INFO neutron.wsgi [None req-61557ff9-0b06-467f-a32e-9cef673852af e2a5e8a80893443ba83b34b8fdd6819e 4e9fdb014f66421597f69d8d5a4cc24c - - default default] 10.0.0.99 "PUT /v2.0/networks/fe8da9a1-a96f-42b4-bd32-458e9b8d8ba3/tags HTTP/1.1" status: 200 len: 227 time: 0.0597835
2026-05-20 04:24:51.724 10 INFO neutron.wsgi [None req-5a1ce08f-3d59-4687-9173-3302527e9c72 e2a5e8a80893443ba83b34b8fdd6819e 4e9fdb014f66421597f69d8d5a4cc24c - - default default] 10.0.0.99 "PUT /v2.0/networks/fd011b60-9cee-48a6-bd0b-9288a64085fd/tags HTTP/1.1" status: 200 len: 212 time: 0.0453408
2026-05-20 04:24:51.823 10 INFO neutron.wsgi [None req-a5979ec5-c889-4c4e-ab3d-3e33b92fbe83 e2a5e8a80893443ba83b34b8fdd6819e 4e9fdb014f66421597f69d8d5a4cc24c - - default default] 10.0.0.99 "GET /v2.0/networks?tags=red HTTP/1.1" status: 200 len: 2068 time: 0.0934498
2026-05-20 04:24:51.901 10 INFO neutron.wsgi [None req-a625509d-6ae9-4bc0-9491-bdfcb0eca48f e2a5e8a80893443ba83b34b8fdd6819e 4e9fdb014f66421597f69d8d5a4cc24c - - default default] 10.0.0.99 "GET /v2.0/networks?tags=red%2Cblue HTTP/1.1" status: 200 len: 1456 time: 0.0717690
2026-05-20 04:24:51.974 10 INFO neutron.wsgi [None req-8ffdd91c-a9dc-4ae3-b265-5321f1ed7f31 e2a5e8a80893443ba83b34b8fdd6819e 4e9fdb014f66421597f69d8d5a4cc24c - - default default] 10.0.0.99 "GET /v2.0/networks?tags-any=blue HTTP/1.1" status: 200 len: 1456 time: 0.0679646
2026-05-20 04:24:52.285 10 INFO neutron.wsgi [None req-a8ab44ea-b95d-476d-8248-450f118134ce e2a5e8a80893443ba83b34b8fdd6819e 4e9fdb014f66421597f69d8d5a4cc24c - - default default] 10.0.0.99 "GET /v2.0/networks?tags-any=red%2Cblue HTTP/1.1" status: 200 len: 2068 time: 0.3052022
2026-05-20 04:24:52.359 9 INFO neutron.db.ovn_revision_numbers_db [None req-b74bb372-6e1d-4bba-bac8-f3e85f5746b4 964130b01c514416af1bd150f6d3b54a cf81105511c245b3bc60343ef1b48a24 - - default default] Successfully bumped revision number for resource 55356f0d-e785-4af5-ad95-689d9c3f108e (type: security_groups) to 1
2026-05-20 04:24:52.372 9 INFO neutron.db.ovn_revision_numbers_db [None req-b74bb372-6e1d-4bba-bac8-f3e85f5746b4 964130b01c514416af1bd150f6d3b54a cf81105511c245b3bc60343ef1b48a24 - - default default] Successfully bumped revision number for resource 2ddc85e0-a28a-4dda-8c4d-8986e2a62ce6 (type: security_group_rules) to 0
2026-05-20 04:24:52.392 9 INFO neutron.db.ovn_revision_numbers_db [None req-b74bb372-6e1d-4bba-bac8-f3e85f5746b4 964130b01c514416af1bd150f6d3b54a cf81105511c245b3bc60343ef1b48a24 - - default default] Successfully bumped revision number for resource 3e9f5b8e-7b61-4ec3-8b2c-18f99e228fa6 (type: security_group_rules) to 0
2026-05-20 04:24:52.402 10 INFO neutron.wsgi [None req-f7aefad9-261e-48ae-9fd2-44da2b8f8e06 e2a5e8a80893443ba83b34b8fdd6819e 4e9fdb014f66421597f69d8d5a4cc24c - - default default] 10.0.0.99 "GET /v2.0/networks?not-tags=red HTTP/1.1" status: 200 len: 2068 time: 0.1135776
2026-05-20 04:24:52.414 9 INFO neutron.db.ovn_revision_numbers_db [None req-b74bb372-6e1d-4bba-bac8-f3e85f5746b4 964130b01c514416af1bd150f6d3b54a cf81105511c245b3bc60343ef1b48a24 - - default default] Successfully bumped revision number for resource 3f775ccb-8db0-4782-848e-90bf9ff53359 (type: security_group_rules) to 0
2026-05-20 04:24:52.463 9 INFO neutron.db.ovn_revision_numbers_db [None req-b74bb372-6e1d-4bba-bac8-f3e85f5746b4 964130b01c514416af1bd150f6d3b54a cf81105511c245b3bc60343ef1b48a24 - - default default] Successfully bumped revision number for resource acfd6270-a702-45dc-8ada-922aee9dedb8 (type: security_group_rules) to 0
2026-05-20 04:24:52.524 9 INFO neutron.wsgi [None req-33894c59-a08c-4f11-9b4d-1299e3fd6b52 e2a5e8a80893443ba83b34b8fdd6819e 4e9fdb014f66421597f69d8d5a4cc24c - - default default] 10.0.0.99 "GET /v2.0/networks?not-tags=red%2Cblue HTTP/1.1" status: 200 len: 2680 time: 0.1180460
2026-05-20 04:24:52.535 9 INFO neutron.db.segments_db [None req-b74bb372-6e1d-4bba-bac8-f3e85f5746b4 964130b01c514416af1bd150f6d3b54a cf81105511c245b3bc60343ef1b48a24 - - default default] Added segment 1eab3843-2621-4f25-9aec-5c6b6ec91f9b of type geneve for network f6e4a7f9-4d33-4f21-a9cc-cde1b92b7a63
2026-05-20 04:24:52.632 10 INFO neutron.wsgi [None req-422fdef1-0c17-4098-900c-62e9025a7c98 e2a5e8a80893443ba83b34b8fdd6819e 4e9fdb014f66421597f69d8d5a4cc24c - - default default] 10.0.0.99 "GET /v2.0/networks?not-tags-any=blue HTTP/1.1" status: 200 len: 2680 time: 0.1016538
2026-05-20 04:24:52.678 9 INFO neutron.db.ovn_revision_numbers_db [None req-b74bb372-6e1d-4bba-bac8-f3e85f5746b4 964130b01c514416af1bd150f6d3b54a cf81105511c245b3bc60343ef1b48a24 - - default default] Successfully bumped revision number for resource f6e4a7f9-4d33-4f21-a9cc-cde1b92b7a63 (type: networks) to 1
2026-05-20 04:24:52.721 10 INFO neutron.wsgi [None req-5466dd18-3f4f-4fe4-94f3-703ddca293e5 e2a5e8a80893443ba83b34b8fdd6819e 4e9fdb014f66421597f69d8d5a4cc24c - - default default] 10.0.0.99 "GET /v2.0/networks?not-tags-any=red%2Cblue HTTP/1.1" status: 200 len: 2068 time: 0.0832682
2026-05-20 04:24:52.899 9 WARNING neutron.scheduler.dhcp_agent_scheduler [None req-b74bb372-6e1d-4bba-bac8-f3e85f5746b4 964130b01c514416af1bd150f6d3b54a cf81105511c245b3bc60343ef1b48a24 - - default default] No more DHCP agents
2026-05-20 04:24:52.903 9 WARNING neutron.api.rpc.agentnotifiers.dhcp_rpc_agent_api [None req-b74bb372-6e1d-4bba-bac8-f3e85f5746b4 964130b01c514416af1bd150f6d3b54a cf81105511c245b3bc60343ef1b48a24 - - default default] Unable to schedule network f6e4a7f9-4d33-4f21-a9cc-cde1b92b7a63: no agents available; will retry on subsequent port and subnet creation events.
2026-05-20 04:24:53.228 9 INFO neutron.db.ovn_revision_numbers_db [None req-b74bb372-6e1d-4bba-bac8-f3e85f5746b4 964130b01c514416af1bd150f6d3b54a cf81105511c245b3bc60343ef1b48a24 - - default default] Successfully bumped revision number for resource 18cfeed7-d02c-497e-80bd-6da5180b5b05 (type: ports) to 1
2026-05-20 04:24:53.265 9 INFO neutron.wsgi [None req-b74bb372-6e1d-4bba-bac8-f3e85f5746b4 964130b01c514416af1bd150f6d3b54a cf81105511c245b3bc60343ef1b48a24 - - default default] 10.0.0.99 "POST /v2.0/networks HTTP/1.1" status: 201 len: 830 time: 1.2117131
2026-05-20 04:24:53.421 9 INFO neutron.services.segments.plugin [-] Segment c595d6aa-b8e9-4bea-9a43-36f15f850204 resource provider aggregate not found
2026-05-20 04:24:53.439 9 INFO neutron.services.segments.plugin [-] Segment c595d6aa-b8e9-4bea-9a43-36f15f850204 resource provider aggregate not found
2026-05-20 04:24:53.443 9 INFO neutron.services.segments.plugin [-] Segment c595d6aa-b8e9-4bea-9a43-36f15f850204 resource provider not found; error: Placement Client Error (4xx): {"errors": [{"status": 404, "title": "Not Found", "detail": "The resource could not be found.\n\n No resource provider with uuid c595d6aa-b8e9-4bea-9a43-36f15f850204 found for delete ", "request_id": "req-7215b86e-cfcf-4418-9c9c-4757be2352b8"}]}
2026-05-20 04:24:53.464 9 INFO neutron.services.segments.plugin [-] Segment c595d6aa-b8e9-4bea-9a43-36f15f850204 resource provider not found; error: Placement Client Error (4xx): {"errors": [{"status": 404, "title": "Not Found", "detail": "The resource could not be found.\n\n No resource provider with uuid c595d6aa-b8e9-4bea-9a43-36f15f850204 found for delete ", "request_id": "req-bb516fec-35f7-4c41-98c7-1b03d7090206"}]}
2026-05-20 04:24:53.501 9 INFO neutron.wsgi [None req-e5b423f4-1779-4cd9-9394-5387d1e1f818 e2a5e8a80893443ba83b34b8fdd6819e 4e9fdb014f66421597f69d8d5a4cc24c - - default default] 10.0.0.99 "DELETE /v2.0/networks/a8ea9668-2c7f-4117-8e2c-3b8772ed1619 HTTP/1.1" status: 204 len: 168 time: 0.7740767
2026-05-20 04:24:53.545 10 WARNING neutron.scheduler.dhcp_agent_scheduler [None req-d1138d81-d0b8-4f95-8e20-7dd8fb290928 964130b01c514416af1bd150f6d3b54a cf81105511c245b3bc60343ef1b48a24 - - default default] No more DHCP agents
2026-05-20 04:24:53.547 10 WARNING neutron.api.rpc.agentnotifiers.dhcp_rpc_agent_api [None req-d1138d81-d0b8-4f95-8e20-7dd8fb290928 964130b01c514416af1bd150f6d3b54a cf81105511c245b3bc60343ef1b48a24 - - default default] Unable to schedule network f6e4a7f9-4d33-4f21-a9cc-cde1b92b7a63: no agents available; will retry on subsequent port and subnet creation events.
2026-05-20 04:24:53.638 10 INFO neutron.db.ovn_revision_numbers_db [None req-d1138d81-d0b8-4f95-8e20-7dd8fb290928 964130b01c514416af1bd150f6d3b54a cf81105511c245b3bc60343ef1b48a24 - - default default] Successfully bumped revision number for resource 3ca8e27d-b19b-4ba6-bfef-71897581eaef (type: ports) to 1
2026-05-20 04:24:53.665 10 INFO neutron.wsgi [None req-d1138d81-d0b8-4f95-8e20-7dd8fb290928 964130b01c514416af1bd150f6d3b54a cf81105511c245b3bc60343ef1b48a24 - - default default] 10.0.0.99 "POST /v2.0/ports HTTP/1.1" status: 201 len: 942 time: 0.3946788 /var/lib/openstack/lib/python3.10/site-packages/pycadf/identifier.py:71: UserWarning: Invalid uuid: neutron. To ensure interoperability, identifiers should be a valid uuid. warnings.warn(('Invalid uuid: %s. To ensure interoperability, '
2026-05-20 04:24:53.713 10 INFO neutron.wsgi [None req-80576423-b77f-443e-898f-244a4eadbb1e 964130b01c514416af1bd150f6d3b54a cf81105511c245b3bc60343ef1b48a24 - - default default] 10.0.0.99 "PUT /v2.0/ports/3ca8e27d-b19b-4ba6-bfef-71897581eaef/tags HTTP/1.1" status: 200 len: 218 time: 0.0435207
2026-05-20 04:24:53.755 10 INFO neutron.wsgi [None req-b877afef-37f1-40df-8b90-e9d84b0817b5 964130b01c514416af1bd150f6d3b54a cf81105511c245b3bc60343ef1b48a24 - - default default] 10.0.0.99 "GET /v2.0/ports/3ca8e27d-b19b-4ba6-bfef-71897581eaef/tags HTTP/1.1" status: 200 len: 218 time: 0.0376058
2026-05-20 04:24:53.800 10 INFO neutron.wsgi [None req-c4612f3a-1406-4756-a4b2-7c924b746878 964130b01c514416af1bd150f6d3b54a cf81105511c245b3bc60343ef1b48a24 - - default default] 10.0.0.99 "PUT /v2.0/ports/3ca8e27d-b19b-4ba6-bfef-71897581eaef/tags/green HTTP/1.1" status: 201 len: 201 time: 0.0387781
2026-05-20 04:24:53.836 10 INFO neutron.wsgi [None req-c2d268e7-fd9c-43ae-8dd0-879bc8b2d3c3 964130b01c514416af1bd150f6d3b54a cf81105511c245b3bc60343ef1b48a24 - - default default] 10.0.0.99 "GET /v2.0/ports/3ca8e27d-b19b-4ba6-bfef-71897581eaef/tags HTTP/1.1" status: 200 len: 227 time: 0.0319283
2026-05-20 04:24:53.872 10 INFO neutron.wsgi [None req-14f332a3-c2e9-4d7d-b48c-2e212b290e3f 964130b01c514416af1bd150f6d3b54a cf81105511c245b3bc60343ef1b48a24 - - default default] 10.0.0.99 "PUT /v2.0/ports/3ca8e27d-b19b-4ba6-bfef-71897581eaef/tags/red HTTP/1.1" status: 201 len: 201 time: 0.0289664
2026-05-20 04:24:53.895 9 INFO neutron.wsgi [None req-2564f8d1-ebae-416b-8085-5c50b9c24c9b e2a5e8a80893443ba83b34b8fdd6819e 4e9fdb014f66421597f69d8d5a4cc24c - - default default] 10.0.0.99 "DELETE /v2.0/networks/f7e35b1b-776a-4477-8cc1-22edc96f00e0 HTTP/1.1" status: 204 len: 168 time: 0.3850434
2026-05-20 04:24:53.919 10 INFO neutron.wsgi [None req-486b02a0-8e99-4ffb-b987-ce9111646179 964130b01c514416af1bd150f6d3b54a cf81105511c245b3bc60343ef1b48a24 - - default default] 10.0.0.99 "GET /v2.0/ports/3ca8e27d-b19b-4ba6-bfef-71897581eaef/tags HTTP/1.1" status: 200 len: 227 time: 0.0405753
2026-05-20 04:24:53.964 9 INFO neutron.wsgi [None req-2d289164-fead-49f0-a801-13b098337d8a 964130b01c514416af1bd150f6d3b54a cf81105511c245b3bc60343ef1b48a24 - - default default] 10.0.0.99 "PUT /v2.0/ports/3ca8e27d-b19b-4ba6-bfef-71897581eaef/tags/black.or.white HTTP/1.1" status: 201 len: 201 time: 0.0379453
2026-05-20 04:24:53.993 9 INFO neutron.wsgi [None req-5b10664a-c637-4e3e-9137-13f5fd3c9a73 964130b01c514416af1bd150f6d3b54a cf81105511c245b3bc60343ef1b48a24 - - default default] 10.0.0.99 "GET /v2.0/ports/3ca8e27d-b19b-4ba6-bfef-71897581eaef/tags HTTP/1.1" status: 200 len: 245 time: 0.0247705
2026-05-20 04:24:54.041 9 INFO neutron.wsgi [None req-b02ad34e-87f9-4fd4-8a40-935edcabdb57 964130b01c514416af1bd150f6d3b54a cf81105511c245b3bc60343ef1b48a24 - - default default] 10.0.0.99 "PUT /v2.0/ports/3ca8e27d-b19b-4ba6-bfef-71897581eaef/tags HTTP/1.1" status: 200 len: 230 time: 0.0425158
2026-05-20 04:24:54.068 9 INFO neutron.wsgi [None req-30e82e6a-4f28-4920-903e-1286c7e00ba2 964130b01c514416af1bd150f6d3b54a cf81105511c245b3bc60343ef1b48a24 - - default default] 10.0.0.99 "GET /v2.0/ports/3ca8e27d-b19b-4ba6-bfef-71897581eaef/tags HTTP/1.1" status: 200 len: 230 time: 0.0227089
