2026-05-20 04:21:27.574 9 INFO neutron.wsgi [None req-6b6a6c1b-34d8-4258-be2d-a87c3cd827dd 2f24a31e7361484a926d42e268766599 15af51f74f724241b5d8abfac3bb90ff - - default default] 10.0.0.99 "DELETE /v2.0/subnets/b8493e08-d41d-4dac-968c-e63da5d4d7bc HTTP/1.1" status: 204 len: 168 time: 0.1972585
2026-05-20 04:21:27.597 9 INFO neutron.plugins.ml2.drivers.ovn.mech_driver.mech_driver [None req-81c5e094-bb6d-41a5-9d80-80da556afc5e - - - - - -] OVN reports status up for port: d2afb8ec-d0aa-4377-981f-1f5e12f3fbe3
2026-05-20 04:21:27.604 9 INFO neutron.plugins.ml2.plugin [None req-81c5e094-bb6d-41a5-9d80-80da556afc5e - - - - - -] Attempt 1 to provision port d2afb8ec-d0aa-4377-981f-1f5e12f3fbe3
2026-05-20 04:21:27.611 10 INFO neutron.wsgi [-] 10.0.0.42 "GET / HTTP/1.1" status: 200 len: 247 time: 0.0013862
2026-05-20 04:21:27.613 10 INFO neutron.wsgi [-] 10.0.0.42 "GET / HTTP/1.1" status: 200 len: 247 time: 0.0009267
2026-05-20 04:21:27.778 10 INFO neutron.services.segments.plugin [-] Segment ccf7e17c-2106-4e64-8d17-fb5c4d9339ee resource provider aggregate not found
2026-05-20 04:21:27.785 10 INFO neutron.services.segments.plugin [-] Segment ccf7e17c-2106-4e64-8d17-fb5c4d9339ee resource provider aggregate not found
2026-05-20 04:21:27.820 10 INFO neutron.services.segments.plugin [-] Segment ccf7e17c-2106-4e64-8d17-fb5c4d9339ee resource provider not found; error: Placement Client Error (4xx): {"errors": [{"status": 404, "title": "Not Found", "detail": "The resource could not be found.\n\n No resource provider with uuid ccf7e17c-2106-4e64-8d17-fb5c4d9339ee found for delete ", "request_id": "req-25b56f74-b462-4c4e-b6d2-b09462cb540e"}]}
2026-05-20 04:21:27.822 10 INFO neutron.services.segments.plugin [-] Segment ccf7e17c-2106-4e64-8d17-fb5c4d9339ee resource provider not found; error: Placement Client Error (4xx): {"errors": [{"status": 404, "title": "Not Found", "detail": "The resource could not be found.\n\n No resource provider with uuid ccf7e17c-2106-4e64-8d17-fb5c4d9339ee found for delete ", "request_id": "req-469da8b9-6908-42fe-a903-9f21c280bb75"}]}
2026-05-20 04:21:27.834 10 INFO neutron.wsgi [None req-41311e0c-fa40-4006-bb44-5c3e55600c28 2f24a31e7361484a926d42e268766599 15af51f74f724241b5d8abfac3bb90ff - - default default] 10.0.0.99 "DELETE /v2.0/networks/1f2059eb-b7d6-45bf-93cd-2a1f87a46243 HTTP/1.1" status: 204 len: 168 time: 0.4419441
2026-05-20 04:21:27.907 9 INFO neutron.db.ovn_revision_numbers_db [None req-aaed07b7-7c0f-4aaa-afdc-cd4413408afb 44c9b922ce844b60a7e9ea1ad0842966 4783398b129a40dc8b798ffbc47d4eb9 - - default default] Successfully bumped revision number for resource e43f59c2-f807-4344-a4f4-a7624f934430 (type: security_groups) to 1
2026-05-20 04:21:27.965 10 INFO neutron.wsgi [None req-0cfb0606-7052-4e1e-9238-14af4b552f53 2f24a31e7361484a926d42e268766599 15af51f74f724241b5d8abfac3bb90ff - - default default] 10.0.0.99 "GET /v2.0/security-groups?tenant_id=44823dd764104dc39b052b9a5732a814&name=default HTTP/1.1" status: 200 len: 2992 time: 0.0503364
2026-05-20 04:21:28.053 10 INFO neutron.wsgi [None req-76178a5c-c85c-436b-84cc-046ac65dcdd5 2f24a31e7361484a926d42e268766599 15af51f74f724241b5d8abfac3bb90ff - - default default] 10.0.0.99 "DELETE /v2.0/networks/7e821baf-07b3-4bac-af84-85ecf4f191cf HTTP/1.1" status: 204 len: 168 time: 0.4706588
2026-05-20 04:21:28.096 9 INFO neutron.db.ovn_revision_numbers_db [None req-aaed07b7-7c0f-4aaa-afdc-cd4413408afb 44c9b922ce844b60a7e9ea1ad0842966 4783398b129a40dc8b798ffbc47d4eb9 - - default default] Successfully bumped revision number for resource 5f44e61a-3522-47c6-a715-65488becdef3 (type: security_group_rules) to 0
2026-05-20 04:21:28.104 9 INFO neutron.db.ovn_revision_numbers_db [None req-81c5e094-bb6d-41a5-9d80-80da556afc5e - - - - - -] Successfully bumped revision number for resource d2afb8ec-d0aa-4377-981f-1f5e12f3fbe3 (type: ports) to 2
2026-05-20 04:21:28.113 9 INFO neutron.db.ovn_revision_numbers_db [None req-aaed07b7-7c0f-4aaa-afdc-cd4413408afb 44c9b922ce844b60a7e9ea1ad0842966 4783398b129a40dc8b798ffbc47d4eb9 - - default default] Successfully bumped revision number for resource fb9e3000-bd31-4c9f-96cd-85b9d3c052a9 (type: security_group_rules) to 0
2026-05-20 04:21:28.155 9 INFO neutron.wsgi [None req-aaed07b7-7c0f-4aaa-afdc-cd4413408afb 44c9b922ce844b60a7e9ea1ad0842966 4783398b129a40dc8b798ffbc47d4eb9 - - default default] 10.0.0.99 "POST /v2.0/security-groups HTTP/1.1" status: 201 len: 1797 time: 0.4213502
2026-05-20 04:21:28.276 9 INFO neutron.db.ovn_revision_numbers_db [None req-81c5e094-bb6d-41a5-9d80-80da556afc5e - - - - - -] Successfully bumped revision number for resource d2afb8ec-d0aa-4377-981f-1f5e12f3fbe3 (type: router_ports) to 2
2026-05-20 04:21:28.296 9 INFO neutron.wsgi [None req-0d535ebf-fe7a-4e19-9036-b6b2960fe7a6 2f24a31e7361484a926d42e268766599 15af51f74f724241b5d8abfac3bb90ff - - default default] 10.0.0.99 "GET /v2.0/security-groups?tenant_id=1b6aca0cdb194704b7e4319689f9bd5c&name=default HTTP/1.1" status: 200 len: 2992 time: 0.0566916
2026-05-20 04:21:28.381 10 INFO neutron.wsgi [None req-1d5a9993-bc65-45e7-b050-fca742af61ed 2f24a31e7361484a926d42e268766599 15af51f74f724241b5d8abfac3bb90ff - - default default] 10.0.0.99 "DELETE /v2.0/security-groups/4ce2dcdb-ad58-4556-8729-0cbe1ecb49b6 HTTP/1.1" status: 204 len: 168 time: 0.4094930
2026-05-20 04:21:28.394 9 INFO neutron.db.ovn_revision_numbers_db [None req-b8fb6933-57b5-41e8-a644-db1dedc8384e 44c9b922ce844b60a7e9ea1ad0842966 4783398b129a40dc8b798ffbc47d4eb9 - - default default] Successfully bumped revision number for resource fa084cfa-f954-45dc-81e7-fd7816626a7c (type: security_group_rules) to 0
2026-05-20 04:21:28.443 9 INFO neutron.wsgi [None req-b8fb6933-57b5-41e8-a644-db1dedc8384e 44c9b922ce844b60a7e9ea1ad0842966 4783398b129a40dc8b798ffbc47d4eb9 - - default default] 10.0.0.99 "POST /v2.0/security-group-rules HTTP/1.1" status: 201 len: 764 time: 0.2826924
2026-05-20 04:21:28.596 9 INFO neutron.wsgi [None req-a5ddb416-3b0f-4118-8646-d7f181bf53a0 2f24a31e7361484a926d42e268766599 15af51f74f724241b5d8abfac3bb90ff - - default default] 10.0.0.99 "DELETE /v2.0/security-groups/8eb9ac07-77ab-4340-86c4-4c60bd9a3ab4 HTTP/1.1" status: 204 len: 168 time: 0.2935400
2026-05-20 04:21:28.615 9 INFO neutron.db.ovn_revision_numbers_db [None req-1b50179f-b57c-472f-be5e-663cf01d7bad 44c9b922ce844b60a7e9ea1ad0842966 4783398b129a40dc8b798ffbc47d4eb9 - - default default] Successfully bumped revision number for resource 2c2111f6-61f7-4f0e-90c1-205866c3c2a0 (type: security_group_rules) to 0
2026-05-20 04:21:28.640 9 INFO neutron.wsgi [None req-1b50179f-b57c-472f-be5e-663cf01d7bad 44c9b922ce844b60a7e9ea1ad0842966 4783398b129a40dc8b798ffbc47d4eb9 - - default default] 10.0.0.99 "POST /v2.0/security-group-rules HTTP/1.1" status: 201 len: 769 time: 0.1922736
2026-05-20 04:21:28.921 9 WARNING neutron.scheduler.dhcp_agent_scheduler [None req-ce85a47f-7ca7-4396-adea-bda4219e4f16 44c9b922ce844b60a7e9ea1ad0842966 4783398b129a40dc8b798ffbc47d4eb9 - - default default] No more DHCP agents
2026-05-20 04:21:28.922 9 WARNING neutron.api.rpc.agentnotifiers.dhcp_rpc_agent_api [None req-ce85a47f-7ca7-4396-adea-bda4219e4f16 44c9b922ce844b60a7e9ea1ad0842966 4783398b129a40dc8b798ffbc47d4eb9 - - default default] Unable to schedule network db57a76f-9faa-48e4-bf2e-a7fa9e8dc65e: no agents available; will retry on subsequent port and subnet creation events.
2026-05-20 04:21:29.063 10 WARNING neutron.plugins.ml2.drivers.ovn.mech_driver.ovsdb.ovn_client [None req-eed3d43e-3b7c-4c7b-a6bf-fd72d4da65f6 - - - - - -] No hosting information found for port 55cf72ec-376c-4f97-84a6-996f88da9a5c: RuntimeError: No hosting information found for port 55cf72ec-376c-4f97-84a6-996f88da9a5c
2026-05-20 04:21:29.287 9 INFO neutron.db.ovn_revision_numbers_db [None req-ce85a47f-7ca7-4396-adea-bda4219e4f16 44c9b922ce844b60a7e9ea1ad0842966 4783398b129a40dc8b798ffbc47d4eb9 - - default default] Successfully bumped revision number for resource 84f8ca32-6d53-416f-9a1b-7598453fdbff (type: floatingips) to 0
2026-05-20 04:21:29.302 9 INFO neutron.wsgi [None req-ce85a47f-7ca7-4396-adea-bda4219e4f16 44c9b922ce844b60a7e9ea1ad0842966 4783398b129a40dc8b798ffbc47d4eb9 - - default default] 10.0.0.99 "POST /v2.0/floatingips HTTP/1.1" status: 201 len: 751 time: 0.6570499
2026-05-20 04:21:29.788 10 INFO neutron.wsgi [req-8534d33b-3ccd-40a8-b4f4-c39c64ce04e9 req-8842eee5-012a-4677-9dc9-147c878fc395 44c9b922ce844b60a7e9ea1ad0842966 4783398b129a40dc8b798ffbc47d4eb9 - - default default] 10.0.0.136 "GET /v2.0/security-groups?name=tempest-securitygroup--1238105543&fields=id&tenant_id=4783398b129a40dc8b798ffbc47d4eb9 HTTP/1.1" status: 200 len: 267 time: 0.0364068
2026-05-20 04:21:29.857 10 INFO neutron.services.segments.plugin [-] Segment 80ad428a-1ab8-4da7-b579-e3251f336712 resource provider aggregate not found
2026-05-20 04:21:29.862 10 INFO neutron.services.segments.plugin [-] Segment 80ad428a-1ab8-4da7-b579-e3251f336712 resource provider aggregate not found
2026-05-20 04:21:29.883 10 INFO neutron.wsgi [req-8534d33b-3ccd-40a8-b4f4-c39c64ce04e9 req-ec0d3364-f360-4545-af64-a1b1ada28215 44c9b922ce844b60a7e9ea1ad0842966 4783398b129a40dc8b798ffbc47d4eb9 - - default default] 10.0.0.136 "GET /v2.0/networks?id=383e13f7-89f4-44bb-af7e-6b7d89d4b1ab HTTP/1.1" status: 200 len: 883 time: 0.0873795
2026-05-20 04:21:29.885 10 INFO neutron.services.segments.plugin [-] Segment 80ad428a-1ab8-4da7-b579-e3251f336712 resource provider not found; error: Placement Client Error (4xx): {"errors": [{"status": 404, "title": "Not Found", "detail": "The resource could not be found.\n\n No resource provider with uuid 80ad428a-1ab8-4da7-b579-e3251f336712 found for delete ", "request_id": "req-c4e903ee-0713-41de-98be-8beb06575fad"}]}
2026-05-20 04:21:29.892 10 INFO neutron.services.segments.plugin [-] Segment 80ad428a-1ab8-4da7-b579-e3251f336712 resource provider not found; error: Placement Client Error (4xx): {"errors": [{"status": 404, "title": "Not Found", "detail": "The resource could not be found.\n\n No resource provider with uuid 80ad428a-1ab8-4da7-b579-e3251f336712 found for delete ", "request_id": "req-a7789ab8-649c-4eb5-997a-8d5f61913831"}]}
2026-05-20 04:21:29.906 10 INFO neutron.wsgi [req-8534d33b-3ccd-40a8-b4f4-c39c64ce04e9 req-8088f5e7-2b15-45ca-b921-2f6c15090540 44c9b922ce844b60a7e9ea1ad0842966 4783398b129a40dc8b798ffbc47d4eb9 - - default default] 10.0.0.136 "GET /v2.0/quotas/4783398b129a40dc8b798ffbc47d4eb9 HTTP/1.1" status: 200 len: 386 time: 0.0126286
2026-05-20 04:21:30.031 10 INFO neutron.wsgi [req-8534d33b-3ccd-40a8-b4f4-c39c64ce04e9 req-1ce44e39-09b3-4d8e-9d85-2f81789bf010 44c9b922ce844b60a7e9ea1ad0842966 4783398b129a40dc8b798ffbc47d4eb9 - - default default] 10.0.0.136 "GET /v2.0/ports?tenant_id=4783398b129a40dc8b798ffbc47d4eb9&fields=id HTTP/1.1" status: 200 len: 302 time: 0.1207118
2026-05-20 04:21:30.109 10 INFO neutron.wsgi [req-8534d33b-3ccd-40a8-b4f4-c39c64ce04e9 req-3b9415e7-cd3c-41a9-94bb-ffcfe20d20ac e4f70518d8ff4da2a1cf3bb1440028c3 5ca49b4e25f7453da29fb66c3786bfed - - 89aa15eb3226486a8b596588dd15fb76 89aa15eb3226486a8b596588dd15fb76] 10.0.0.136 "GET /v2.0/networks/383e13f7-89f4-44bb-af7e-6b7d89d4b1ab?fields=segments HTTP/1.1" status: 200 len: 212 time: 0.0633113
2026-05-20 04:21:30.188 10 INFO neutron.wsgi [req-8534d33b-3ccd-40a8-b4f4-c39c64ce04e9 req-4f2872e7-2b46-4d4f-b823-61fb0a77cbee e4f70518d8ff4da2a1cf3bb1440028c3 5ca49b4e25f7453da29fb66c3786bfed - - 89aa15eb3226486a8b596588dd15fb76 89aa15eb3226486a8b596588dd15fb76] 10.0.0.136 "GET /v2.0/networks/383e13f7-89f4-44bb-af7e-6b7d89d4b1ab?fields=provider%3Aphysical_network&fields=provider%3Anetwork_type HTTP/1.1" status: 200 len: 277 time: 0.0706234
2026-05-20 04:21:30.312 10 INFO neutron.wsgi [req-e5822d0d-0b4f-4b69-93af-d6ce170429b3 req-a6564fe2-1658-4569-9a8f-7a0208b5d48f 44c9b922ce844b60a7e9ea1ad0842966 4783398b129a40dc8b798ffbc47d4eb9 - - default default] 10.0.0.136 "GET /v2.0/ports?device_id=fce45d51-4459-4941-b4b0-da889960eedf HTTP/1.1" status: 200 len: 210 time: 0.0222762
2026-05-20 04:21:30.693 9 INFO neutron.db.ovn_revision_numbers_db [None req-7c86015c-bb04-49eb-ac44-1f7a28f27c31 2f24a31e7361484a926d42e268766599 15af51f74f724241b5d8abfac3bb90ff - - default default] Successfully bumped revision number for resource 3f55d631-da17-42f8-88bc-551456826655 (type: security_groups) to 1
2026-05-20 04:21:30.703 9 INFO neutron.db.ovn_revision_numbers_db [None req-7c86015c-bb04-49eb-ac44-1f7a28f27c31 2f24a31e7361484a926d42e268766599 15af51f74f724241b5d8abfac3bb90ff - - default default] Successfully bumped revision number for resource 266bee8d-1938-4dfa-90d5-8da3c2ad3638 (type: security_group_rules) to 0
2026-05-20 04:21:30.717 9 INFO neutron.db.ovn_revision_numbers_db [None req-7c86015c-bb04-49eb-ac44-1f7a28f27c31 2f24a31e7361484a926d42e268766599 15af51f74f724241b5d8abfac3bb90ff - - default default] Successfully bumped revision number for resource 3bb58974-9332-465e-a685-6dccb4dc8a9e (type: security_group_rules) to 0
2026-05-20 04:21:30.731 9 INFO neutron.db.ovn_revision_numbers_db [None req-7c86015c-bb04-49eb-ac44-1f7a28f27c31 2f24a31e7361484a926d42e268766599 15af51f74f724241b5d8abfac3bb90ff - - default default] Successfully bumped revision number for resource 5a115eed-3cff-4959-84e2-6635e81a1bbd (type: security_group_rules) to 0
2026-05-20 04:21:30.743 9 INFO neutron.db.ovn_revision_numbers_db [None req-7c86015c-bb04-49eb-ac44-1f7a28f27c31 2f24a31e7361484a926d42e268766599 15af51f74f724241b5d8abfac3bb90ff - - default default] Successfully bumped revision number for resource 808f4a47-4453-42e5-9d5f-e7c2fa02997e (type: security_group_rules) to 0
2026-05-20 04:21:30.788 9 INFO neutron.db.segments_db [None req-7c86015c-bb04-49eb-ac44-1f7a28f27c31 2f24a31e7361484a926d42e268766599 15af51f74f724241b5d8abfac3bb90ff - - default default] Added segment bce2e42f-41d6-4ece-b79e-d96cea9af284 of type geneve for network 5c497df4-71d1-4f88-8016-eaac55274b6e
2026-05-20 04:21:30.932 9 INFO neutron.db.ovn_revision_numbers_db [None req-7c86015c-bb04-49eb-ac44-1f7a28f27c31 2f24a31e7361484a926d42e268766599 15af51f74f724241b5d8abfac3bb90ff - - default default] Successfully bumped revision number for resource 5c497df4-71d1-4f88-8016-eaac55274b6e (type: networks) to 1
2026-05-20 04:21:31.056 10 INFO neutron.wsgi [req-8534d33b-3ccd-40a8-b4f4-c39c64ce04e9 req-3398d532-63b0-4f03-99c1-0ef9fae433ee 44c9b922ce844b60a7e9ea1ad0842966 4783398b129a40dc8b798ffbc47d4eb9 - - default default] 199.204.45.244 "GET /v2.0/networks?id=383e13f7-89f4-44bb-af7e-6b7d89d4b1ab HTTP/1.1" status: 200 len: 883 time: 0.0959928
2026-05-20 04:21:31.107 10 INFO neutron.wsgi [req-8534d33b-3ccd-40a8-b4f4-c39c64ce04e9 req-ffaeda25-36a5-4ce3-bd39-701b576a7ee7 44c9b922ce844b60a7e9ea1ad0842966 4783398b129a40dc8b798ffbc47d4eb9 - - default default] 199.204.45.244 "GET /v2.0/security-groups?fields=id&fields=name&tenant_id=4783398b129a40dc8b798ffbc47d4eb9 HTTP/1.1" status: 200 len: 380 time: 0.0415516
2026-05-20 04:21:31.215 9 WARNING neutron.scheduler.dhcp_agent_scheduler [None req-7c86015c-bb04-49eb-ac44-1f7a28f27c31 2f24a31e7361484a926d42e268766599 15af51f74f724241b5d8abfac3bb90ff - - default default] No more DHCP agents
2026-05-20 04:21:31.218 9 WARNING neutron.api.rpc.agentnotifiers.dhcp_rpc_agent_api [None req-7c86015c-bb04-49eb-ac44-1f7a28f27c31 2f24a31e7361484a926d42e268766599 15af51f74f724241b5d8abfac3bb90ff - - default default] Unable to schedule network 5c497df4-71d1-4f88-8016-eaac55274b6e: no agents available; will retry on subsequent port and subnet creation events.
2026-05-20 04:21:31.297 10 INFO neutron.db.ovn_revision_numbers_db [None req-10803883-8ebe-4ae3-bc99-d83042443616 2f24a31e7361484a926d42e268766599 15af51f74f724241b5d8abfac3bb90ff - - default default] Successfully bumped revision number for resource 5b1d0fab-d558-4956-8701-48df22dea584 (type: security_groups) to 1
2026-05-20 04:21:31.323 10 INFO neutron.db.ovn_revision_numbers_db [None req-10803883-8ebe-4ae3-bc99-d83042443616 2f24a31e7361484a926d42e268766599 15af51f74f724241b5d8abfac3bb90ff - - default default] Successfully bumped revision number for resource 4e357174-3212-4120-8154-05a4fad811f7 (type: security_group_rules) to 0
2026-05-20 04:21:31.325 9 INFO neutron.db.ovn_revision_numbers_db [None req-7c86015c-bb04-49eb-ac44-1f7a28f27c31 2f24a31e7361484a926d42e268766599 15af51f74f724241b5d8abfac3bb90ff - - default default] Successfully bumped revision number for resource 3e002e0c-be00-48c8-aab6-d6ce4408097c (type: ports) to 1
2026-05-20 04:21:31.343 10 INFO neutron.db.ovn_revision_numbers_db [None req-10803883-8ebe-4ae3-bc99-d83042443616 2f24a31e7361484a926d42e268766599 15af51f74f724241b5d8abfac3bb90ff - - default default] Successfully bumped revision number for resource a1306952-c6a4-4c7e-bf6e-1908c802f430 (type: security_group_rules) to 0
2026-05-20 04:21:31.352 9 INFO neutron.wsgi [None req-7c86015c-bb04-49eb-ac44-1f7a28f27c31 2f24a31e7361484a926d42e268766599 15af51f74f724241b5d8abfac3bb90ff - - default default] 10.0.0.99 "POST /v2.0/networks HTTP/1.1" status: 201 len: 945 time: 0.9588413
2026-05-20 04:21:31.362 10 INFO neutron.db.ovn_revision_numbers_db [None req-10803883-8ebe-4ae3-bc99-d83042443616 2f24a31e7361484a926d42e268766599 15af51f74f724241b5d8abfac3bb90ff - - default default] Successfully bumped revision number for resource eb6febdf-110f-4679-8997-e6c22d139d4d (type: security_group_rules) to 0
2026-05-20 04:21:31.389 10 INFO neutron.db.ovn_revision_numbers_db [None req-10803883-8ebe-4ae3-bc99-d83042443616 2f24a31e7361484a926d42e268766599 15af51f74f724241b5d8abfac3bb90ff - - default default] Successfully bumped revision number for resource fd335f02-c945-4ba8-aba9-569996e44310 (type: security_group_rules) to 0
2026-05-20 04:21:31.422 10 INFO neutron.wsgi [req-0e001f46-364f-4186-9b91-0df9dffbef4b req-5d58d30f-ea27-4f03-8fc5-4cabb2d68638 44c9b922ce844b60a7e9ea1ad0842966 4783398b129a40dc8b798ffbc47d4eb9 - - default default] 10.0.0.136 "GET /v2.0/ports?device_id=fce45d51-4459-4941-b4b0-da889960eedf HTTP/1.1" status: 200 len: 210 time: 0.0300672
2026-05-20 04:21:31.429 10 INFO neutron.wsgi [None req-10803883-8ebe-4ae3-bc99-d83042443616 2f24a31e7361484a926d42e268766599 15af51f74f724241b5d8abfac3bb90ff - - default default] 10.0.0.99 "GET /v2.0/security-groups?tenant_id=47a3fadd6af44b158285abe4cf34f0fb&name=default HTTP/1.1" status: 200 len: 2996 time: 0.4032123
2026-05-20 04:21:31.505 10 WARNING neutron.scheduler.dhcp_agent_scheduler [req-8534d33b-3ccd-40a8-b4f4-c39c64ce04e9 req-9e9987e4-6ac2-4672-901a-bd559836dda2 44c9b922ce844b60a7e9ea1ad0842966 4783398b129a40dc8b798ffbc47d4eb9 - - default default] No more DHCP agents
2026-05-20 04:21:31.507 10 WARNING neutron.api.rpc.agentnotifiers.dhcp_rpc_agent_api [req-8534d33b-3ccd-40a8-b4f4-c39c64ce04e9 req-9e9987e4-6ac2-4672-901a-bd559836dda2 44c9b922ce844b60a7e9ea1ad0842966 4783398b129a40dc8b798ffbc47d4eb9 - - default default] Unable to schedule network 383e13f7-89f4-44bb-af7e-6b7d89d4b1ab: no agents available; will retry on subsequent port and subnet creation events.
2026-05-20 04:21:31.546 9 WARNING neutron.scheduler.dhcp_agent_scheduler [None req-4eed0a43-54e5-40f7-b626-96c7b08a6453 2f24a31e7361484a926d42e268766599 15af51f74f724241b5d8abfac3bb90ff - - default default] No more DHCP agents
2026-05-20 04:21:31.548 9 WARNING neutron.api.rpc.agentnotifiers.dhcp_rpc_agent_api [None req-4eed0a43-54e5-40f7-b626-96c7b08a6453 2f24a31e7361484a926d42e268766599 15af51f74f724241b5d8abfac3bb90ff - - default default] Unable to schedule network 5c497df4-71d1-4f88-8016-eaac55274b6e: no agents available; will retry on subsequent port and subnet creation events.
2026-05-20 04:21:31.690 10 INFO neutron.db.ovn_revision_numbers_db [req-8534d33b-3ccd-40a8-b4f4-c39c64ce04e9 req-9e9987e4-6ac2-4672-901a-bd559836dda2 44c9b922ce844b60a7e9ea1ad0842966 4783398b129a40dc8b798ffbc47d4eb9 - - default default] Successfully bumped revision number for resource 280decbe-c17b-4ce2-b9c3-86c4be05c002 (type: ports) to 1
2026-05-20 04:21:31.711 9 INFO neutron.wsgi [None req-e2f59e4c-3c95-4845-a852-8bd23cb839fd 2f24a31e7361484a926d42e268766599 15af51f74f724241b5d8abfac3bb90ff - - default default] 10.0.0.99 "DELETE /v2.0/security-groups/5b1d0fab-d558-4956-8701-48df22dea584 HTTP/1.1" status: 204 len: 168 time: 0.2770791
2026-05-20 04:21:31.713 10 INFO neutron.wsgi [req-8534d33b-3ccd-40a8-b4f4-c39c64ce04e9 req-9e9987e4-6ac2-4672-901a-bd559836dda2 44c9b922ce844b60a7e9ea1ad0842966 4783398b129a40dc8b798ffbc47d4eb9 - - default default] 199.204.45.244 "POST /v2.0/ports HTTP/1.1" status: 201 len: 1158 time: 0.6012695 /var/lib/openstack/lib/python3.10/site-packages/pycadf/identifier.py:71: UserWarning: Invalid uuid: neutron. To ensure interoperability, identifiers should be a valid uuid. warnings.warn(('Invalid uuid: %s. To ensure interoperability, '
2026-05-20 04:21:32.074 9 INFO neutron.db.ovn_revision_numbers_db [None req-4eed0a43-54e5-40f7-b626-96c7b08a6453 2f24a31e7361484a926d42e268766599 15af51f74f724241b5d8abfac3bb90ff - - default default] Successfully bumped revision number for resource 3e002e0c-be00-48c8-aab6-d6ce4408097c (type: ports) to 2
2026-05-20 04:21:32.105 9 INFO neutron.db.ovn_revision_numbers_db [None req-4eed0a43-54e5-40f7-b626-96c7b08a6453 2f24a31e7361484a926d42e268766599 15af51f74f724241b5d8abfac3bb90ff - - default default] Successfully bumped revision number for resource 94270bfc-16e2-4034-b3b5-8a5e7bd02855 (type: subnets) to 0
2026-05-20 04:21:32.121 9 INFO neutron.wsgi [None req-4eed0a43-54e5-40f7-b626-96c7b08a6453 2f24a31e7361484a926d42e268766599 15af51f74f724241b5d8abfac3bb90ff - - default default] 10.0.0.99 "POST /v2.0/subnets HTTP/1.1" status: 201 len: 865 time: 0.7620347
2026-05-20 04:21:32.139 10 INFO neutron.db.ovn_revision_numbers_db [req-8534d33b-3ccd-40a8-b4f4-c39c64ce04e9 req-ef7558d7-9d6d-4f92-9528-d99aa0386455 e4f70518d8ff4da2a1cf3bb1440028c3 5ca49b4e25f7453da29fb66c3786bfed - - 89aa15eb3226486a8b596588dd15fb76 89aa15eb3226486a8b596588dd15fb76] Successfully bumped revision number for resource 280decbe-c17b-4ce2-b9c3-86c4be05c002 (type: ports) to 2
2026-05-20 04:21:32.330 10 INFO neutron.db.ovn_revision_numbers_db [req-8534d33b-3ccd-40a8-b4f4-c39c64ce04e9 req-ef7558d7-9d6d-4f92-9528-d99aa0386455 e4f70518d8ff4da2a1cf3bb1440028c3 5ca49b4e25f7453da29fb66c3786bfed - - 89aa15eb3226486a8b596588dd15fb76 89aa15eb3226486a8b596588dd15fb76] Successfully bumped revision number for resource 280decbe-c17b-4ce2-b9c3-86c4be05c002 (type: ports) to 2
2026-05-20 04:21:32.343 10 INFO neutron.wsgi [req-8534d33b-3ccd-40a8-b4f4-c39c64ce04e9 req-ef7558d7-9d6d-4f92-9528-d99aa0386455 e4f70518d8ff4da2a1cf3bb1440028c3 5ca49b4e25f7453da29fb66c3786bfed - - 89aa15eb3226486a8b596588dd15fb76 89aa15eb3226486a8b596588dd15fb76] 199.204.45.244 "PUT /v2.0/ports/280decbe-c17b-4ce2-b9c3-86c4be05c002 HTTP/1.1" status: 200 len: 1376 time: 0.6216338
2026-05-20 04:21:32.383 10 INFO neutron.notifiers.nova [-] Nova event matching ['req-6c62180a-0283-4bfd-a288-5acb8cda0835'] response: {'name': 'network-changed', 'server_uuid': 'fce45d51-4459-4941-b4b0-da889960eedf', 'tag': '280decbe-c17b-4ce2-b9c3-86c4be05c002', 'status': 'completed', 'code': 200} /var/lib/openstack/lib/python3.10/site-packages/pycadf/identifier.py:71: UserWarning: Invalid uuid: neutron. To ensure interoperability, identifiers should be a valid uuid. warnings.warn(('Invalid uuid: %s. To ensure interoperability, '
2026-05-20 04:21:32.432 10 INFO neutron.wsgi [req-8534d33b-3ccd-40a8-b4f4-c39c64ce04e9 req-82a17fd8-8ea6-41eb-9b7f-5df4038c1396 e4f70518d8ff4da2a1cf3bb1440028c3 5ca49b4e25f7453da29fb66c3786bfed - - 89aa15eb3226486a8b596588dd15fb76 89aa15eb3226486a8b596588dd15fb76] 199.204.45.244 "GET /v2.0/ports?tenant_id=4783398b129a40dc8b798ffbc47d4eb9&device_id=fce45d51-4459-4941-b4b0-da889960eedf HTTP/1.1" status: 200 len: 1407 time: 0.0463207
2026-05-20 04:21:32.464 10 INFO neutron.wsgi [req-8534d33b-3ccd-40a8-b4f4-c39c64ce04e9 req-6bc261c1-7e59-41b4-98f4-5c21ce417960 e4f70518d8ff4da2a1cf3bb1440028c3 5ca49b4e25f7453da29fb66c3786bfed - - 89aa15eb3226486a8b596588dd15fb76 89aa15eb3226486a8b596588dd15fb76] 199.204.45.244 "GET /v2.0/floatingips?fixed_ip_address=10.100.0.4&port_id=280decbe-c17b-4ce2-b9c3-86c4be05c002 HTTP/1.1" status: 200 len: 217 time: 0.0270979
2026-05-20 04:21:32.515 10 INFO neutron.wsgi [req-8534d33b-3ccd-40a8-b4f4-c39c64ce04e9 req-74da027f-4ac6-4932-b687-4fbdfefb0ff0 e4f70518d8ff4da2a1cf3bb1440028c3 5ca49b4e25f7453da29fb66c3786bfed - - 89aa15eb3226486a8b596588dd15fb76 89aa15eb3226486a8b596588dd15fb76] 199.204.45.244 "GET /v2.0/subnets?id=56318a7b-5e20-4c4f-b994-33032aa1694c HTTP/1.1" status: 200 len: 877 time: 0.0435202
2026-05-20 04:21:32.525 10 INFO neutron.wsgi [req-8141eba4-1a29-4b74-a48e-e2f371fefaf3 req-01d84128-280d-48ff-a2c3-002e7859e32a 9fe6b8fc92d8432e8c13edd024228e80 dd0f917f008e4b2591a7e66301a8b563 - - default default] 10.0.0.136 "GET /v2.0/security-groups?name=tempest-securitygroup--835996244&fields=id&tenant_id=dd0f917f008e4b2591a7e66301a8b563 HTTP/1.1" status: 200 len: 267 time: 0.0639000
2026-05-20 04:21:32.554 10 INFO neutron.wsgi [req-7fd1564d-b326-4343-be2f-c9c080da9a92 req-d5ee5f4d-7e84-4377-966d-dedca32bcc44 44c9b922ce844b60a7e9ea1ad0842966 4783398b129a40dc8b798ffbc47d4eb9 - - default default] 10.0.0.136 "GET /v2.0/ports?device_id=fce45d51-4459-4941-b4b0-da889960eedf HTTP/1.1" status: 200 len: 1168 time: 0.0594449
2026-05-20 04:21:32.558 10 INFO neutron.wsgi [req-8534d33b-3ccd-40a8-b4f4-c39c64ce04e9 req-17383bc1-4627-4b01-ae24-a4ff2578dfd3 e4f70518d8ff4da2a1cf3bb1440028c3 5ca49b4e25f7453da29fb66c3786bfed - - 89aa15eb3226486a8b596588dd15fb76 89aa15eb3226486a8b596588dd15fb76] 199.204.45.244 "GET /v2.0/ports?network_id=383e13f7-89f4-44bb-af7e-6b7d89d4b1ab&device_owner=network%3Adhcp HTTP/1.1" status: 200 len: 210 time: 0.0353076
2026-05-20 04:21:32.584 9 WARNING neutron.scheduler.dhcp_agent_scheduler [None req-3ef77435-2bc5-4b20-a46e-fa176d01be95 2f24a31e7361484a926d42e268766599 15af51f74f724241b5d8abfac3bb90ff - - default default] No more DHCP agents
2026-05-20 04:21:32.587 9 WARNING neutron.api.rpc.agentnotifiers.dhcp_rpc_agent_api [None req-3ef77435-2bc5-4b20-a46e-fa176d01be95 2f24a31e7361484a926d42e268766599 15af51f74f724241b5d8abfac3bb90ff - - default default] Unable to schedule network db57a76f-9faa-48e4-bf2e-a7fa9e8dc65e: no agents available; will retry on subsequent port and subnet creation events.
2026-05-20 04:21:32.636 10 INFO neutron.wsgi [req-7fd1564d-b326-4343-be2f-c9c080da9a92 req-d58bec45-f4d7-456d-9eea-8ce16e802897 44c9b922ce844b60a7e9ea1ad0842966 4783398b129a40dc8b798ffbc47d4eb9 - - default default] 10.0.0.136 "GET /v2.0/security-groups?id=e43f59c2-f807-4344-a4f4-a7624f934430&fields=id&fields=name HTTP/1.1" status: 200 len: 313 time: 0.0712574
2026-05-20 04:21:32.641 10 INFO neutron.wsgi [req-8141eba4-1a29-4b74-a48e-e2f371fefaf3 req-7cf23cad-0eb7-432d-855a-03aa2aee5583 9fe6b8fc92d8432e8c13edd024228e80 dd0f917f008e4b2591a7e66301a8b563 - - default default] 10.0.0.136 "GET /v2.0/networks?id=f12d25de-f245-418a-84a3-208168352222 HTTP/1.1" status: 200 len: 879 time: 0.1075909
2026-05-20 04:21:32.657 10 INFO neutron.wsgi [req-8534d33b-3ccd-40a8-b4f4-c39c64ce04e9 req-b2bba912-4f59-420f-91d5-411c119806d3 e4f70518d8ff4da2a1cf3bb1440028c3 5ca49b4e25f7453da29fb66c3786bfed - - 89aa15eb3226486a8b596588dd15fb76 89aa15eb3226486a8b596588dd15fb76] 199.204.45.244 "GET /v2.0/networks/383e13f7-89f4-44bb-af7e-6b7d89d4b1ab?fields=segments HTTP/1.1" status: 200 len: 212 time: 0.0899131
2026-05-20 04:21:32.664 10 INFO neutron.wsgi [req-8141eba4-1a29-4b74-a48e-e2f371fefaf3 req-a7e90d78-0bd4-4014-a45f-d8ce4590e0cd 9fe6b8fc92d8432e8c13edd024228e80 dd0f917f008e4b2591a7e66301a8b563 - - default default] 10.0.0.136 "GET /v2.0/quotas/dd0f917f008e4b2591a7e66301a8b563 HTTP/1.1" status: 200 len: 386 time: 0.0150101
2026-05-20 04:21:32.751 9 INFO neutron.db.ovn_revision_numbers_db [None req-3ef77435-2bc5-4b20-a46e-fa176d01be95 2f24a31e7361484a926d42e268766599 15af51f74f724241b5d8abfac3bb90ff - - default default] Successfully bumped revision number for resource f904f414-e5f0-49ad-ab9b-ebcfe9803e28 (type: ports) to 1
2026-05-20 04:21:32.761 10 INFO neutron.wsgi [req-8534d33b-3ccd-40a8-b4f4-c39c64ce04e9 req-69bce999-2d2f-4efc-8c2a-f50adb0e4e16 e4f70518d8ff4da2a1cf3bb1440028c3 5ca49b4e25f7453da29fb66c3786bfed - - 89aa15eb3226486a8b596588dd15fb76 89aa15eb3226486a8b596588dd15fb76] 199.204.45.244 "GET /v2.0/networks/383e13f7-89f4-44bb-af7e-6b7d89d4b1ab?fields=provider%3Aphysical_network&fields=provider%3Anetwork_type HTTP/1.1" status: 200 len: 277 time: 0.0965214
2026-05-20 04:21:32.775 10 INFO neutron.wsgi [req-8141eba4-1a29-4b74-a48e-e2f371fefaf3 req-537ea6ba-f48c-468f-a95c-3d1c2dbce9d9 9fe6b8fc92d8432e8c13edd024228e80 dd0f917f008e4b2591a7e66301a8b563 - - default default] 10.0.0.136 "GET /v2.0/ports?tenant_id=dd0f917f008e4b2591a7e66301a8b563&fields=id HTTP/1.1" status: 200 len: 302 time: 0.1043279
2026-05-20 04:21:32.846 10 INFO neutron.wsgi [req-0fd78b98-0307-4480-93e5-05fc74a8fd40 req-6f7fb997-9767-4c53-b6f5-df2764763ae0 e4f70518d8ff4da2a1cf3bb1440028c3 5ca49b4e25f7453da29fb66c3786bfed - - 89aa15eb3226486a8b596588dd15fb76 89aa15eb3226486a8b596588dd15fb76] 199.204.45.244 "GET /v2.0/ports?tenant_id=4783398b129a40dc8b798ffbc47d4eb9&device_id=fce45d51-4459-4941-b4b0-da889960eedf HTTP/1.1" status: 200 len: 1407 time: 0.0478935
2026-05-20 04:21:32.892 10 INFO neutron.wsgi [req-8141eba4-1a29-4b74-a48e-e2f371fefaf3 req-ceb5188d-0b3e-4ecf-b5b0-80b61963ea02 e4f70518d8ff4da2a1cf3bb1440028c3 5ca49b4e25f7453da29fb66c3786bfed - - 89aa15eb3226486a8b596588dd15fb76 89aa15eb3226486a8b596588dd15fb76] 10.0.0.136 "GET /v2.0/networks/f12d25de-f245-418a-84a3-208168352222?fields=segments HTTP/1.1" status: 200 len: 212 time: 0.1043136
2026-05-20 04:21:32.960 10 INFO neutron.wsgi [req-0fd78b98-0307-4480-93e5-05fc74a8fd40 req-4242c848-6aed-4475-9a56-01b3341540bc e4f70518d8ff4da2a1cf3bb1440028c3 5ca49b4e25f7453da29fb66c3786bfed - - 89aa15eb3226486a8b596588dd15fb76 89aa15eb3226486a8b596588dd15fb76] 199.204.45.244 "GET /v2.0/networks?id=383e13f7-89f4-44bb-af7e-6b7d89d4b1ab HTTP/1.1" status: 200 len: 981 time: 0.1092315
2026-05-20 04:21:33.000 10 INFO neutron.wsgi [req-0fd78b98-0307-4480-93e5-05fc74a8fd40 req-7d4f51bc-31ae-41ef-ad9c-d46e8f45cc28 e4f70518d8ff4da2a1cf3bb1440028c3 5ca49b4e25f7453da29fb66c3786bfed - - 89aa15eb3226486a8b596588dd15fb76 89aa15eb3226486a8b596588dd15fb76] 199.204.45.244 "GET /v2.0/floatingips?fixed_ip_address=10.100.0.4&port_id=280decbe-c17b-4ce2-b9c3-86c4be05c002 HTTP/1.1" status: 200 len: 217 time: 0.0346766
2026-05-20 04:21:33.014 10 INFO neutron.wsgi [req-8141eba4-1a29-4b74-a48e-e2f371fefaf3 req-06c95af5-d302-49ba-b84c-8a6bd0c83ec2 e4f70518d8ff4da2a1cf3bb1440028c3 5ca49b4e25f7453da29fb66c3786bfed - - 89aa15eb3226486a8b596588dd15fb76 89aa15eb3226486a8b596588dd15fb76] 10.0.0.136 "GET /v2.0/networks/f12d25de-f245-418a-84a3-208168352222?fields=provider%3Aphysical_network&fields=provider%3Anetwork_type HTTP/1.1" status: 200 len: 277 time: 0.1136332
2026-05-20 04:21:33.051 10 INFO neutron.wsgi [req-0fd78b98-0307-4480-93e5-05fc74a8fd40 req-1c8c7b2d-4fcb-4af8-9f18-5480d6c7db94 e4f70518d8ff4da2a1cf3bb1440028c3 5ca49b4e25f7453da29fb66c3786bfed - - 89aa15eb3226486a8b596588dd15fb76 89aa15eb3226486a8b596588dd15fb76] 199.204.45.244 "GET /v2.0/subnets?id=56318a7b-5e20-4c4f-b994-33032aa1694c HTTP/1.1" status: 200 len: 877 time: 0.0409904
2026-05-20 04:21:33.075 10 INFO neutron.wsgi [req-0fd78b98-0307-4480-93e5-05fc74a8fd40 req-b4f9b28a-3cae-46cd-9304-17fbcee9ec19 e4f70518d8ff4da2a1cf3bb1440028c3 5ca49b4e25f7453da29fb66c3786bfed - - 89aa15eb3226486a8b596588dd15fb76 89aa15eb3226486a8b596588dd15fb76] 199.204.45.244 "GET /v2.0/ports?network_id=383e13f7-89f4-44bb-af7e-6b7d89d4b1ab&device_owner=network%3Adhcp HTTP/1.1" status: 200 len: 210 time: 0.0183475
2026-05-20 04:21:33.164 10 INFO neutron.wsgi [req-0fd78b98-0307-4480-93e5-05fc74a8fd40 req-f0c3d6af-ca4e-4f6b-9364-b9cab58cc01f e4f70518d8ff4da2a1cf3bb1440028c3 5ca49b4e25f7453da29fb66c3786bfed - - 89aa15eb3226486a8b596588dd15fb76 89aa15eb3226486a8b596588dd15fb76] 199.204.45.244 "GET /v2.0/networks/383e13f7-89f4-44bb-af7e-6b7d89d4b1ab?fields=segments HTTP/1.1" status: 200 len: 212 time: 0.0823815
2026-05-20 04:21:33.236 10 INFO neutron.wsgi [req-0fd78b98-0307-4480-93e5-05fc74a8fd40 req-2a592643-3dd4-4973-8013-4048f7f352fb e4f70518d8ff4da2a1cf3bb1440028c3 5ca49b4e25f7453da29fb66c3786bfed - - 89aa15eb3226486a8b596588dd15fb76 89aa15eb3226486a8b596588dd15fb76] 199.204.45.244 "GET /v2.0/networks/383e13f7-89f4-44bb-af7e-6b7d89d4b1ab?fields=provider%3Aphysical_network&fields=provider%3Anetwork_type HTTP/1.1" status: 200 len: 277 time: 0.0667493
2026-05-20 04:21:33.409 10 INFO neutron.wsgi [req-c9246d25-d370-4973-bb18-e16d9b9298ae req-d88a7101-f0fd-48ea-aab0-df4a28d80764 9fe6b8fc92d8432e8c13edd024228e80 dd0f917f008e4b2591a7e66301a8b563 - - default default] 10.0.0.136 "GET /v2.0/ports?device_id=1118b435-5964-441e-86ec-26441bb77bdc HTTP/1.1" status: 200 len: 210 time: 0.0194805
2026-05-20 04:21:33.546 9 INFO neutron.plugins.ml2.drivers.ovn.mech_driver.ovsdb.ovsdb_monitor [None req-56fb77bd-2cd0-498b-85aa-42e48deac407 - - - - - -] Router 874c7732-d8aa-4c0c-83f3-60857e393e7b is bound to host instance
2026-05-20 04:21:33.590 9 INFO neutron.db.ovn_revision_numbers_db [None req-3ef77435-2bc5-4b20-a46e-fa176d01be95 2f24a31e7361484a926d42e268766599 15af51f74f724241b5d8abfac3bb90ff - - default default] Successfully bumped revision number for resource f904f414-e5f0-49ad-ab9b-ebcfe9803e28 (type: router_ports) to 1
2026-05-20 04:21:33.684 9 INFO neutron.db.ovn_revision_numbers_db [None req-3ef77435-2bc5-4b20-a46e-fa176d01be95 2f24a31e7361484a926d42e268766599 15af51f74f724241b5d8abfac3bb90ff - - default default] Successfully bumped revision number for resource 874c7732-d8aa-4c0c-83f3-60857e393e7b (type: routers) to 2
2026-05-20 04:21:33.704 9 INFO neutron.wsgi [None req-3ef77435-2bc5-4b20-a46e-fa176d01be95 2f24a31e7361484a926d42e268766599 15af51f74f724241b5d8abfac3bb90ff - - default default] 10.0.0.99 "POST /v2.0/routers HTTP/1.1" status: 201 len: 876 time: 1.5779557
2026-05-20 04:21:33.739 10 INFO neutron.wsgi [req-7c344ac0-fee8-4f14-99d5-6b395753a324 req-e1a6cd5e-ab29-4376-bffa-6f908102d220 44c9b922ce844b60a7e9ea1ad0842966 4783398b129a40dc8b798ffbc47d4eb9 - - default default] 10.0.0.136 "GET /v2.0/ports?device_id=fce45d51-4459-4941-b4b0-da889960eedf HTTP/1.1" status: 200 len: 1168 time: 0.0322843
2026-05-20 04:21:33.784 10 INFO neutron.wsgi [req-7c344ac0-fee8-4f14-99d5-6b395753a324 req-46f2a147-36af-4106-b0c7-4718677d5b10 44c9b922ce844b60a7e9ea1ad0842966 4783398b129a40dc8b798ffbc47d4eb9 - - default default] 10.0.0.136 "GET /v2.0/security-groups?id=e43f59c2-f807-4344-a4f4-a7624f934430&fields=id&fields=name HTTP/1.1" status: 200 len: 313 time: 0.0354548
2026-05-20 04:21:34.133 10 INFO neutron.wsgi [req-8141eba4-1a29-4b74-a48e-e2f371fefaf3 req-6c0dd5a7-52cf-4bbb-b9cd-9dada539d1dd 9fe6b8fc92d8432e8c13edd024228e80 dd0f917f008e4b2591a7e66301a8b563 - - default default] 199.204.45.244 "GET /v2.0/networks?id=f12d25de-f245-418a-84a3-208168352222 HTTP/1.1" status: 200 len: 879 time: 0.0786781
2026-05-20 04:21:34.195 9 INFO neutron.db.ovn_revision_numbers_db [None req-56fb77bd-2cd0-498b-85aa-42e48deac407 - - - - - -] Successfully bumped revision number for resource f904f414-e5f0-49ad-ab9b-ebcfe9803e28 (type: ports) to 1
2026-05-20 04:21:34.209 10 INFO neutron.wsgi [req-8141eba4-1a29-4b74-a48e-e2f371fefaf3 req-973e0e6f-e5df-42d7-97a6-f475c6394da4 9fe6b8fc92d8432e8c13edd024228e80 dd0f917f008e4b2591a7e66301a8b563 - - default default] 199.204.45.244 "GET /v2.0/security-groups?fields=id&fields=name&tenant_id=dd0f917f008e4b2591a7e66301a8b563 HTTP/1.1" status: 200 len: 379 time: 0.0630996
2026-05-20 04:21:34.243 9 WARNING neutron.scheduler.dhcp_agent_scheduler [None req-381b3e23-b8f4-42a7-bac7-ef5b209b77a1 2f24a31e7361484a926d42e268766599 15af51f74f724241b5d8abfac3bb90ff - - default default] No more DHCP agents
2026-05-20 04:21:34.246 9 WARNING neutron.api.rpc.agentnotifiers.dhcp_rpc_agent_api [None req-381b3e23-b8f4-42a7-bac7-ef5b209b77a1 2f24a31e7361484a926d42e268766599 15af51f74f724241b5d8abfac3bb90ff - - default default] Unable to schedule network 5c497df4-71d1-4f88-8016-eaac55274b6e: no agents available; will retry on subsequent port and subnet creation events.
2026-05-20 04:21:34.280 9 WARNING neutron.plugins.ml2.drivers.ovn.mech_driver.ovsdb.ovn_client [None req-81c5e094-bb6d-41a5-9d80-80da556afc5e - - - - - -] No hosting information found for port d2afb8ec-d0aa-4377-981f-1f5e12f3fbe3: RuntimeError: No hosting information found for port d2afb8ec-d0aa-4377-981f-1f5e12f3fbe3
2026-05-20 04:21:34.281 9 INFO neutron.plugins.ml2.drivers.ovn.mech_driver.mech_driver [None req-81c5e094-bb6d-41a5-9d80-80da556afc5e - - - - - -] OVN reports status up for port: 280decbe-c17b-4ce2-b9c3-86c4be05c002
2026-05-20 04:21:34.311 9 INFO neutron.plugins.ml2.plugin [None req-81c5e094-bb6d-41a5-9d80-80da556afc5e - - - - - -] Attempt 1 to provision port 280decbe-c17b-4ce2-b9c3-86c4be05c002
2026-05-20 04:21:34.505 10 INFO neutron.wsgi [req-5b034e1a-2cec-472e-b65b-55a5d342d838 req-46051af4-d46a-49d1-807d-ea593b842bc0 9fe6b8fc92d8432e8c13edd024228e80 dd0f917f008e4b2591a7e66301a8b563 - - default default] 10.0.0.136 "GET /v2.0/ports?device_id=1118b435-5964-441e-86ec-26441bb77bdc HTTP/1.1" status: 200 len: 210 time: 0.0319052
2026-05-20 04:21:34.588 10 WARNING neutron.scheduler.dhcp_agent_scheduler [req-8141eba4-1a29-4b74-a48e-e2f371fefaf3 req-714c1508-8869-4621-826b-5d78a997887b 9fe6b8fc92d8432e8c13edd024228e80 dd0f917f008e4b2591a7e66301a8b563 - - default default] No more DHCP agents
2026-05-20 04:21:34.591 10 WARNING neutron.api.rpc.agentnotifiers.dhcp_rpc_agent_api [req-8141eba4-1a29-4b74-a48e-e2f371fefaf3 req-714c1508-8869-4621-826b-5d78a997887b 9fe6b8fc92d8432e8c13edd024228e80 dd0f917f008e4b2591a7e66301a8b563 - - default default] Unable to schedule network f12d25de-f245-418a-84a3-208168352222: no agents available; will retry on subsequent port and subnet creation events.
2026-05-20 04:21:34.621 9 INFO neutron.notifiers.nova [-] Nova event matching ['req-8b61de7d-7403-4b83-b124-8f3d86c10aa1'] response: {'server_uuid': 'fce45d51-4459-4941-b4b0-da889960eedf', 'name': 'network-vif-plugged', 'status': 'completed', 'tag': '280decbe-c17b-4ce2-b9c3-86c4be05c002', 'code': 200}
2026-05-20 04:21:34.680 9 INFO neutron.db.ovn_revision_numbers_db [None req-381b3e23-b8f4-42a7-bac7-ef5b209b77a1 2f24a31e7361484a926d42e268766599 15af51f74f724241b5d8abfac3bb90ff - - default default] Successfully bumped revision number for resource 9e5b8355-3181-4d1b-8c4f-b00fc5b9f7fe (type: ports) to 1
2026-05-20 04:21:34.729 9 INFO neutron.db.ovn_revision_numbers_db [None req-56fb77bd-2cd0-498b-85aa-42e48deac407 - - - - - -] Successfully bumped revision number for resource f904f414-e5f0-49ad-ab9b-ebcfe9803e28 (type: router_ports) to 3
2026-05-20 04:21:34.769 10 INFO neutron.db.ovn_revision_numbers_db [req-8141eba4-1a29-4b74-a48e-e2f371fefaf3 req-714c1508-8869-4621-826b-5d78a997887b 9fe6b8fc92d8432e8c13edd024228e80 dd0f917f008e4b2591a7e66301a8b563 - - default default] Successfully bumped revision number for resource fa126457-7385-496e-b985-c711d0be0ebc (type: ports) to 1
2026-05-20 04:21:34.790 10 INFO neutron.wsgi [req-8141eba4-1a29-4b74-a48e-e2f371fefaf3 req-714c1508-8869-4621-826b-5d78a997887b 9fe6b8fc92d8432e8c13edd024228e80 dd0f917f008e4b2591a7e66301a8b563 - - default default] 199.204.45.244 "POST /v2.0/ports HTTP/1.1" status: 201 len: 1158 time: 0.5758891 /var/lib/openstack/lib/python3.10/site-packages/pycadf/identifier.py:71: UserWarning: Invalid uuid: neutron. To ensure interoperability, identifiers should be a valid uuid. warnings.warn(('Invalid uuid: %s. To ensure interoperability, '
2026-05-20 04:21:34.898 10 INFO neutron.wsgi [req-6c55bca8-00f1-44c3-9aff-388d21373888 req-a8c68e44-721e-43c5-ae08-83a506b57900 44c9b922ce844b60a7e9ea1ad0842966 4783398b129a40dc8b798ffbc47d4eb9 - - default default] 10.0.0.136 "GET /v2.0/ports?device_id=fce45d51-4459-4941-b4b0-da889960eedf HTTP/1.1" status: 200 len: 1170 time: 0.0429175
2026-05-20 04:21:34.963 10 INFO neutron.wsgi [req-6c55bca8-00f1-44c3-9aff-388d21373888 req-42bdd933-db9b-47fa-8f40-8e2892b74271 44c9b922ce844b60a7e9ea1ad0842966 4783398b129a40dc8b798ffbc47d4eb9 - - default default] 10.0.0.136 "GET /v2.0/security-groups?id=e43f59c2-f807-4344-a4f4-a7624f934430&fields=id&fields=name HTTP/1.1" status: 200 len: 313 time: 0.0531802
2026-05-20 04:21:34.985 9 INFO neutron.db.ovn_revision_numbers_db [None req-81c5e094-bb6d-41a5-9d80-80da556afc5e - - - - - -] Successfully bumped revision number for resource 280decbe-c17b-4ce2-b9c3-86c4be05c002 (type: ports) to 4
2026-05-20 04:21:35.040 9 INFO neutron.db.ovn_revision_numbers_db [None req-56fb77bd-2cd0-498b-85aa-42e48deac407 - - - - - -] Successfully bumped revision number for resource f904f414-e5f0-49ad-ab9b-ebcfe9803e28 (type: ports) to 2
2026-05-20 04:21:35.045 9 INFO neutron.plugins.ml2.drivers.ovn.mech_driver.mech_driver [None req-81c5e094-bb6d-41a5-9d80-80da556afc5e - - - - - -] OVN reports status up for port: f904f414-e5f0-49ad-ab9b-ebcfe9803e28
2026-05-20 04:21:35.065 9 INFO neutron.plugins.ml2.plugin [None req-81c5e094-bb6d-41a5-9d80-80da556afc5e - - - - - -] Attempt 1 to provision port f904f414-e5f0-49ad-ab9b-ebcfe9803e28
2026-05-20 04:21:35.077 9 INFO neutron.plugins.ml2.plugin [None req-56fb77bd-2cd0-498b-85aa-42e48deac407 - - - - - -] Attempt 1 to provision port f904f414-e5f0-49ad-ab9b-ebcfe9803e28
2026-05-20 04:21:35.334 10 INFO neutron.wsgi [req-657a67cb-d644-48ee-a6f4-4b5393f05504 req-3eca8999-c38f-4e23-9d10-4cf2f90bc3e5 44c9b922ce844b60a7e9ea1ad0842966 4783398b129a40dc8b798ffbc47d4eb9 - - default default] 10.0.0.136 "GET /v2.0/ports?device_id=fce45d51-4459-4941-b4b0-da889960eedf HTTP/1.1" status: 200 len: 1170 time: 0.1076069 /var/lib/openstack/lib/python3.10/site-packages/pycadf/identifier.py:71: UserWarning: Invalid uuid: neutron. To ensure interoperability, identifiers should be a valid uuid. warnings.warn(('Invalid uuid: %s. To ensure interoperability, '
2026-05-20 04:21:35.408 10 INFO neutron.plugins.ml2.drivers.ovn.mech_driver.mech_driver [None req-eed3d43e-3b7c-4c7b-a6bf-fd72d4da65f6 - - - - - -] OVN reports status up for port: 9e5b8355-3181-4d1b-8c4f-b00fc5b9f7fe
2026-05-20 04:21:35.416 10 INFO neutron.plugins.ml2.plugin [None req-eed3d43e-3b7c-4c7b-a6bf-fd72d4da65f6 - - - - - -] Attempt 1 to provision port 9e5b8355-3181-4d1b-8c4f-b00fc5b9f7fe
2026-05-20 04:21:35.436 10 INFO neutron.db.ovn_revision_numbers_db [req-8141eba4-1a29-4b74-a48e-e2f371fefaf3 req-4f52990f-0c15-412f-b1ae-48bcd2a0557a e4f70518d8ff4da2a1cf3bb1440028c3 5ca49b4e25f7453da29fb66c3786bfed - - 89aa15eb3226486a8b596588dd15fb76 89aa15eb3226486a8b596588dd15fb76] Successfully bumped revision number for resource fa126457-7385-496e-b985-c711d0be0ebc (type: ports) to 2
2026-05-20 04:21:35.483 9 INFO neutron.db.ovn_revision_numbers_db [None req-381b3e23-b8f4-42a7-bac7-ef5b209b77a1 2f24a31e7361484a926d42e268766599 15af51f74f724241b5d8abfac3bb90ff - - default default] Successfully bumped revision number for resource 9e5b8355-3181-4d1b-8c4f-b00fc5b9f7fe (type: router_ports) to 1
2026-05-20 04:21:35.569 9 INFO neutron.db.ovn_revision_numbers_db [None req-81c5e094-bb6d-41a5-9d80-80da556afc5e - - - - - -] Successfully bumped revision number for resource f904f414-e5f0-49ad-ab9b-ebcfe9803e28 (type: ports) to 4 /var/lib/openstack/lib/python3.10/site-packages/pycadf/identifier.py:71: UserWarning: Invalid uuid: neutron. To ensure interoperability, identifiers should be a valid uuid. warnings.warn(('Invalid uuid: %s. To ensure interoperability, '
2026-05-20 04:21:35.640 10 INFO neutron.wsgi [req-9051e00d-aa1c-4f95-8f6d-e07165c03665 req-b383d158-1ad6-41ac-be39-aa45cff9df5c 9fe6b8fc92d8432e8c13edd024228e80 dd0f917f008e4b2591a7e66301a8b563 - - default default] 10.0.0.136 "GET /v2.0/ports?device_id=1118b435-5964-441e-86ec-26441bb77bdc HTTP/1.1" status: 200 len: 1168 time: 0.0631135 /var/lib/openstack/lib/python3.10/site-packages/pycadf/identifier.py:71: UserWarning: Invalid uuid: neutron. To ensure interoperability, identifiers should be a valid uuid. warnings.warn(('Invalid uuid: %s. To ensure interoperability, '
2026-05-20 04:21:35.708 10 INFO neutron.wsgi [req-9051e00d-aa1c-4f95-8f6d-e07165c03665 req-bd6896a6-ed0c-4a6e-b47d-d9f9b0455dd4 9fe6b8fc92d8432e8c13edd024228e80 dd0f917f008e4b2591a7e66301a8b563 - - default default] 10.0.0.136 "GET /v2.0/security-groups?id=e37a4f7c-1fbb-4127-8419-9b744202926e&fields=id&fields=name HTTP/1.1" status: 200 len: 312 time: 0.0627172
2026-05-20 04:21:35.726 10 INFO neutron.db.ovn_revision_numbers_db [req-8141eba4-1a29-4b74-a48e-e2f371fefaf3 req-4f52990f-0c15-412f-b1ae-48bcd2a0557a e4f70518d8ff4da2a1cf3bb1440028c3 5ca49b4e25f7453da29fb66c3786bfed - - 89aa15eb3226486a8b596588dd15fb76 89aa15eb3226486a8b596588dd15fb76] Successfully bumped revision number for resource fa126457-7385-496e-b985-c711d0be0ebc (type: ports) to 2
2026-05-20 04:21:35.754 10 INFO neutron.wsgi [req-8141eba4-1a29-4b74-a48e-e2f371fefaf3 req-4f52990f-0c15-412f-b1ae-48bcd2a0557a e4f70518d8ff4da2a1cf3bb1440028c3 5ca49b4e25f7453da29fb66c3786bfed - - 89aa15eb3226486a8b596588dd15fb76 89aa15eb3226486a8b596588dd15fb76] 199.204.45.244 "PUT /v2.0/ports/fa126457-7385-496e-b985-c711d0be0ebc HTTP/1.1" status: 200 len: 1376 time: 0.9571905
2026-05-20 04:21:35.793 10 INFO neutron.notifiers.nova [-] Nova event matching ['req-b3cb5f90-bb99-4740-8624-df7f11c18e36'] response: {'name': 'network-changed', 'server_uuid': '1118b435-5964-441e-86ec-26441bb77bdc', 'tag': 'fa126457-7385-496e-b985-c711d0be0ebc', 'status': 'completed', 'code': 200}
2026-05-20 04:21:35.800 10 INFO neutron.db.ovn_revision_numbers_db [None req-eed3d43e-3b7c-4c7b-a6bf-fd72d4da65f6 - - - - - -] Successfully bumped revision number for resource 9e5b8355-3181-4d1b-8c4f-b00fc5b9f7fe (type: ports) to 2
2026-05-20 04:21:35.838 10 INFO neutron.wsgi [req-8141eba4-1a29-4b74-a48e-e2f371fefaf3 req-1d8a746f-205d-41b4-947b-8c8060080033 e4f70518d8ff4da2a1cf3bb1440028c3 5ca49b4e25f7453da29fb66c3786bfed - - 89aa15eb3226486a8b596588dd15fb76 89aa15eb3226486a8b596588dd15fb76] 199.204.45.244 "GET /v2.0/ports?tenant_id=dd0f917f008e4b2591a7e66301a8b563&device_id=1118b435-5964-441e-86ec-26441bb77bdc HTTP/1.1" status: 200 len: 1407 time: 0.0477650
2026-05-20 04:21:35.881 10 INFO neutron.wsgi [req-8141eba4-1a29-4b74-a48e-e2f371fefaf3 req-b4ed25a1-3373-444b-a66b-b2a52b8b5f49 e4f70518d8ff4da2a1cf3bb1440028c3 5ca49b4e25f7453da29fb66c3786bfed - - 89aa15eb3226486a8b596588dd15fb76 89aa15eb3226486a8b596588dd15fb76] 199.204.45.244 "GET /v2.0/floatingips?fixed_ip_address=10.100.0.4&port_id=fa126457-7385-496e-b985-c711d0be0ebc HTTP/1.1" status: 200 len: 217 time: 0.0358236
2026-05-20 04:21:35.935 10 INFO neutron.wsgi [req-8141eba4-1a29-4b74-a48e-e2f371fefaf3 req-b54dbfcc-3c59-4902-b27d-e3afd3ccf77a e4f70518d8ff4da2a1cf3bb1440028c3 5ca49b4e25f7453da29fb66c3786bfed - - 89aa15eb3226486a8b596588dd15fb76 89aa15eb3226486a8b596588dd15fb76] 199.204.45.244 "GET /v2.0/subnets?id=119bf271-6b6d-4b82-b728-f6fe58a2f442 HTTP/1.1" status: 200 len: 873 time: 0.0457904
2026-05-20 04:21:35.948 10 INFO neutron.db.ovn_revision_numbers_db [None req-eed3d43e-3b7c-4c7b-a6bf-fd72d4da65f6 - - - - - -] Successfully bumped revision number for resource 9e5b8355-3181-4d1b-8c4f-b00fc5b9f7fe (type: router_ports) to 2
2026-05-20 04:21:35.952 9 INFO neutron.db.l3_db [None req-066bffd3-b78d-405e-b419-4cb3c699e2cf 44c9b922ce844b60a7e9ea1ad0842966 4783398b129a40dc8b798ffbc47d4eb9 - - default default] Floating IP 84f8ca32-6d53-416f-9a1b-7598453fdbff associated. External IP: 10.96.250.217, port: 280decbe-c17b-4ce2-b9c3-86c4be05c002.
2026-05-20 04:21:35.958 10 INFO neutron.wsgi [req-8141eba4-1a29-4b74-a48e-e2f371fefaf3 req-9ec78db0-1efb-4727-89cd-7d845a29f0c7 e4f70518d8ff4da2a1cf3bb1440028c3 5ca49b4e25f7453da29fb66c3786bfed - - 89aa15eb3226486a8b596588dd15fb76 89aa15eb3226486a8b596588dd15fb76] 199.204.45.244 "GET /v2.0/ports?network_id=f12d25de-f245-418a-84a3-208168352222&device_owner=network%3Adhcp HTTP/1.1" status: 200 len: 210 time: 0.0160558
2026-05-20 04:21:35.968 9 ERROR ovsdbapp.backend.ovs_idl.transaction [None req-381b3e23-b8f4-42a7-bac7-ef5b209b77a1 2f24a31e7361484a926d42e268766599 15af51f74f724241b5d8abfac3bb90ff - - default default]
Traceback (most recent call last): File "/var/lib/openstack/lib/python3.10/site-packages/ovsdbapp/backend/ovs_idl/connection.py", line 118, in run txn.results.put(txn.do_commit())
File "/var/lib/openstack/lib/python3.10/site-packages/ovsdbapp/backend/ovs_idl/transaction.py", line 92, in do_commit command.run_idl(txn)
File "/var/lib/openstack/lib/python3.10/site-packages/neutron/plugins/ml2/drivers/ovn/mech_driver/ovsdb/commands.py", line 825, in run_idl raise ovn_exc.RevisionConflict( neutron.common.ovn.exceptions.RevisionConflict: OVN revision number for 9e5b8355-3181-4d1b-8c4f-b00fc5b9f7fe (type: ports) is higher than the given resource. Skipping update 
2026-05-20 04:21:35.968 9 INFO neutron.plugins.ml2.drivers.ovn.mech_driver.ovsdb.impl_idl_ovn [None req-381b3e23-b8f4-42a7-bac7-ef5b209b77a1 2f24a31e7361484a926d42e268766599 15af51f74f724241b5d8abfac3bb90ff - - default default] Transaction aborted. Reason: OVN revision number for 9e5b8355-3181-4d1b-8c4f-b00fc5b9f7fe (type: ports) is higher than the given resource. Skipping update
2026-05-20 04:21:36.037 10 INFO neutron.wsgi [req-8141eba4-1a29-4b74-a48e-e2f371fefaf3 req-cd90c3d8-9200-48d0-85a1-ad3eaa3e98b2 e4f70518d8ff4da2a1cf3bb1440028c3 5ca49b4e25f7453da29fb66c3786bfed - - 89aa15eb3226486a8b596588dd15fb76 89aa15eb3226486a8b596588dd15fb76] 199.204.45.244 "GET /v2.0/networks/f12d25de-f245-418a-84a3-208168352222?fields=segments HTTP/1.1" status: 200 len: 212 time: 0.0722980
