2026-05-20 04:22:34.771 10 INFO neutron.db.ovn_revision_numbers_db [None req-ab74c132-26bf-48ba-99d3-69c8d3045e7c 2f24a31e7361484a926d42e268766599 15af51f74f724241b5d8abfac3bb90ff - - default default] Successfully bumped revision number for resource 10bf1586-5dee-435f-ac9e-d79ab30a4fca (type: subnets) to 0
2026-05-20 04:22:34.784 10 INFO neutron.db.segments_db [None req-20c293d6-ba80-4114-8f46-7b12c952c977 706b4d4911684fdd9305c42088a5e062 1dd40682f60e493db0f174f4925a0af2 - - default default] Added segment 97bf7ddb-3732-48cd-ba50-fd4f715de26b of type geneve for network 7a268bfc-13da-464e-a582-968a25ab491f
2026-05-20 04:22:34.791 10 INFO neutron.wsgi [None req-ab74c132-26bf-48ba-99d3-69c8d3045e7c 2f24a31e7361484a926d42e268766599 15af51f74f724241b5d8abfac3bb90ff - - default default] 10.0.0.99 "POST /v2.0/subnets HTTP/1.1" status: 201 len: 863 time: 1.2309649
2026-05-20 04:22:34.931 10 INFO neutron.db.ovn_revision_numbers_db [None req-20c293d6-ba80-4114-8f46-7b12c952c977 706b4d4911684fdd9305c42088a5e062 1dd40682f60e493db0f174f4925a0af2 - - default default] Successfully bumped revision number for resource 7a268bfc-13da-464e-a582-968a25ab491f (type: networks) to 1
2026-05-20 04:22:35.103 10 WARNING neutron.scheduler.dhcp_agent_scheduler [None req-20c293d6-ba80-4114-8f46-7b12c952c977 706b4d4911684fdd9305c42088a5e062 1dd40682f60e493db0f174f4925a0af2 - - default default] No more DHCP agents
2026-05-20 04:22:35.105 10 WARNING neutron.api.rpc.agentnotifiers.dhcp_rpc_agent_api [None req-20c293d6-ba80-4114-8f46-7b12c952c977 706b4d4911684fdd9305c42088a5e062 1dd40682f60e493db0f174f4925a0af2 - - default default] Unable to schedule network 7a268bfc-13da-464e-a582-968a25ab491f: no agents available; will retry on subsequent port and subnet creation events.
2026-05-20 04:22:35.182 10 INFO neutron.db.ovn_revision_numbers_db [None req-20c293d6-ba80-4114-8f46-7b12c952c977 706b4d4911684fdd9305c42088a5e062 1dd40682f60e493db0f174f4925a0af2 - - default default] Successfully bumped revision number for resource 1d29e5e5-3821-4183-8eda-6d82b27e41bb (type: ports) to 1
2026-05-20 04:22:35.201 10 INFO neutron.wsgi [None req-20c293d6-ba80-4114-8f46-7b12c952c977 706b4d4911684fdd9305c42088a5e062 1dd40682f60e493db0f174f4925a0af2 - - default default] 10.0.0.99 "POST /v2.0/networks HTTP/1.1" status: 201 len: 835 time: 0.5128133
2026-05-20 04:22:35.223 9 INFO neutron.services.segments.plugin [-] Segment 2ee62a49-b06f-4180-931c-27228ef2fc21 resource provider aggregate not found
2026-05-20 04:22:35.228 9 INFO neutron.services.segments.plugin [-] Segment 2ee62a49-b06f-4180-931c-27228ef2fc21 resource provider aggregate not found
2026-05-20 04:22:35.253 9 INFO neutron.services.segments.plugin [-] Segment 2ee62a49-b06f-4180-931c-27228ef2fc21 resource provider not found; error: Placement Client Error (4xx): {"errors": [{"status": 404, "title": "Not Found", "detail": "The resource could not be found.\n\n No resource provider with uuid 2ee62a49-b06f-4180-931c-27228ef2fc21 found for delete ", "request_id": "req-c02372ba-f672-42fb-8d3e-ad26576c5d72"}]}
2026-05-20 04:22:35.254 9 INFO neutron.services.segments.plugin [-] Segment 2ee62a49-b06f-4180-931c-27228ef2fc21 resource provider not found; error: Placement Client Error (4xx): {"errors": [{"status": 404, "title": "Not Found", "detail": "The resource could not be found.\n\n No resource provider with uuid 2ee62a49-b06f-4180-931c-27228ef2fc21 found for delete ", "request_id": "req-51b69d33-63f0-48f6-8949-e2307c36f3c3"}]}
2026-05-20 04:22:35.260 9 INFO neutron.db.ovn_revision_numbers_db [None req-56fb77bd-2cd0-498b-85aa-42e48deac407 - - - - - -] Successfully bumped revision number for resource a7e21bc8-84c5-435a-8fce-2caea670d4ac (type: ports) to 2
2026-05-20 04:22:35.332 9 INFO neutron.wsgi [None req-7561a8f5-f9f6-40ff-96ce-09b9f22818e5 127084a7c78042cfa1fa84aeb74f0dcc 2d16f38c87674d489f6a8172b1b7115e - - default default] 10.0.0.99 "DELETE /v2.0/networks/46c37ca1-b739-4e27-8e0e-6b7d0e473daf HTTP/1.1" status: 204 len: 168 time: 0.9495544
2026-05-20 04:22:35.483 10 WARNING neutron.scheduler.dhcp_agent_scheduler [None req-997fda61-3018-419c-bc6c-28a6be5aaadf 706b4d4911684fdd9305c42088a5e062 1dd40682f60e493db0f174f4925a0af2 - - default default] No more DHCP agents
2026-05-20 04:22:35.489 10 WARNING neutron.api.rpc.agentnotifiers.dhcp_rpc_agent_api [None req-997fda61-3018-419c-bc6c-28a6be5aaadf 706b4d4911684fdd9305c42088a5e062 1dd40682f60e493db0f174f4925a0af2 - - default default] Unable to schedule network 7a268bfc-13da-464e-a582-968a25ab491f: no agents available; will retry on subsequent port and subnet creation events.
2026-05-20 04:22:35.541 10 INFO neutron.db.ovn_revision_numbers_db [None req-997fda61-3018-419c-bc6c-28a6be5aaadf 706b4d4911684fdd9305c42088a5e062 1dd40682f60e493db0f174f4925a0af2 - - default default] Successfully bumped revision number for resource 8938006c-8374-42ae-835a-ebbdc94147f3 (type: subnets) to 0
2026-05-20 04:22:35.558 10 INFO neutron.wsgi [None req-997fda61-3018-419c-bc6c-28a6be5aaadf 706b4d4911684fdd9305c42088a5e062 1dd40682f60e493db0f174f4925a0af2 - - default default] 10.0.0.99 "POST /v2.0/subnets HTTP/1.1" status: 201 len: 821 time: 0.3502703
2026-05-20 04:22:35.625 9 INFO neutron.db.ovn_revision_numbers_db [None req-a5f70bb6-da41-4a27-87a5-fec711fadeac 2f24a31e7361484a926d42e268766599 15af51f74f724241b5d8abfac3bb90ff - - default default] Successfully bumped revision number for resource 7c80e895-e094-4580-99ca-2a85abd1899c (type: router_ports) to 1
2026-05-20 04:22:35.734 9 INFO neutron.db.ovn_revision_numbers_db [None req-56fb77bd-2cd0-498b-85aa-42e48deac407 - - - - - -] Successfully bumped revision number for resource a7e21bc8-84c5-435a-8fce-2caea670d4ac (type: ports) to 4
2026-05-20 04:22:35.777 10 INFO neutron.services.segments.plugin [-] Segment 81d2e19e-2861-4857-a1ac-4d36a4a64b6b resource provider aggregate not found
2026-05-20 04:22:35.795 10 INFO neutron.services.segments.plugin [-] Segment 81d2e19e-2861-4857-a1ac-4d36a4a64b6b resource provider not found; error: Placement Client Error (4xx): {"errors": [{"status": 404, "title": "Not Found", "detail": "The resource could not be found.\n\n No resource provider with uuid 81d2e19e-2861-4857-a1ac-4d36a4a64b6b found for delete ", "request_id": "req-4222004a-8821-40b2-89c8-ae0a59ce9e55"}]}
2026-05-20 04:22:35.808 10 INFO neutron.services.segments.plugin [-] Segment 81d2e19e-2861-4857-a1ac-4d36a4a64b6b resource provider aggregate not found
2026-05-20 04:22:35.810 9 WARNING neutron.scheduler.dhcp_agent_scheduler [None req-fd31bb25-b194-427b-873e-584c294b319f 2f24a31e7361484a926d42e268766599 15af51f74f724241b5d8abfac3bb90ff - - default default] No more DHCP agents
2026-05-20 04:22:35.822 9 WARNING neutron.api.rpc.agentnotifiers.dhcp_rpc_agent_api [None req-fd31bb25-b194-427b-873e-584c294b319f 2f24a31e7361484a926d42e268766599 15af51f74f724241b5d8abfac3bb90ff - - default default] Unable to schedule network db57a76f-9faa-48e4-bf2e-a7fa9e8dc65e: no agents available; will retry on subsequent port and subnet creation events.
2026-05-20 04:22:35.826 10 INFO neutron.services.segments.plugin [-] Segment 81d2e19e-2861-4857-a1ac-4d36a4a64b6b resource provider not found; error: Placement Client Error (4xx): {"errors": [{"status": 404, "title": "Not Found", "detail": "The resource could not be found.\n\n No resource provider with uuid 81d2e19e-2861-4857-a1ac-4d36a4a64b6b found for delete ", "request_id": "req-d3f98e4e-1c2e-4ec4-9877-9669c9100cc4"}]}
2026-05-20 04:22:35.836 10 INFO neutron.wsgi [None req-08a8e53b-7679-4fc6-a127-514b48f1a1fa 127084a7c78042cfa1fa84aeb74f0dcc 2d16f38c87674d489f6a8172b1b7115e - - default default] 10.0.0.99 "DELETE /v2.0/networks/23511bbe-5e1c-408f-b96d-64aaca9797c9 HTTP/1.1" status: 204 len: 168 time: 0.4951944
2026-05-20 04:22:35.869 9 INFO neutron.db.ovn_revision_numbers_db [None req-a5f70bb6-da41-4a27-87a5-fec711fadeac 2f24a31e7361484a926d42e268766599 15af51f74f724241b5d8abfac3bb90ff - - default default] Successfully bumped revision number for resource 7c80e895-e094-4580-99ca-2a85abd1899c (type: ports) to 1
2026-05-20 04:22:35.965 10 INFO neutron.db.segments_db [None req-028f72c5-a449-4146-80ac-3a281a78518a 127084a7c78042cfa1fa84aeb74f0dcc 2d16f38c87674d489f6a8172b1b7115e - - default default] Added segment bc33f8c2-7837-41db-96ab-a4149224968f of type geneve for network 8e9f53e2-43ac-4eef-baf8-69cf4a25b521
2026-05-20 04:22:35.988 10 WARNING neutron.scheduler.dhcp_agent_scheduler [None req-08180ee4-8c41-4ab3-a00f-41630cf5dc11 706b4d4911684fdd9305c42088a5e062 1dd40682f60e493db0f174f4925a0af2 - - default default] No more DHCP agents
2026-05-20 04:22:35.993 10 WARNING neutron.api.rpc.agentnotifiers.dhcp_rpc_agent_api [None req-08180ee4-8c41-4ab3-a00f-41630cf5dc11 706b4d4911684fdd9305c42088a5e062 1dd40682f60e493db0f174f4925a0af2 - - default default] Unable to schedule network 7a268bfc-13da-464e-a582-968a25ab491f: no agents available; will retry on subsequent port and subnet creation events.
2026-05-20 04:22:36.018 9 WARNING neutron.scheduler.dhcp_agent_scheduler [None req-a5f70bb6-da41-4a27-87a5-fec711fadeac 2f24a31e7361484a926d42e268766599 15af51f74f724241b5d8abfac3bb90ff - - default default] No more DHCP agents
2026-05-20 04:22:36.024 9 WARNING neutron.api.rpc.agentnotifiers.dhcp_rpc_agent_api [None req-a5f70bb6-da41-4a27-87a5-fec711fadeac 2f24a31e7361484a926d42e268766599 15af51f74f724241b5d8abfac3bb90ff - - default default] Unable to schedule network b5371421-c59c-43ee-b4e7-da5e3dadb6bf: no agents available; will retry on subsequent port and subnet creation events.
2026-05-20 04:22:36.106 9 INFO neutron.db.ovn_revision_numbers_db [None req-fd31bb25-b194-427b-873e-584c294b319f 2f24a31e7361484a926d42e268766599 15af51f74f724241b5d8abfac3bb90ff - - default default] Successfully bumped revision number for resource 67fcab35-7eb4-4fad-b963-22950d4862ee (type: ports) to 1
2026-05-20 04:22:36.141 9 INFO neutron.db.ovn_revision_numbers_db [None req-56fb77bd-2cd0-498b-85aa-42e48deac407 - - - - - -] Successfully bumped revision number for resource a7e21bc8-84c5-435a-8fce-2caea670d4ac (type: router_ports) to 4
2026-05-20 04:22:36.177 10 INFO neutron.db.ovn_revision_numbers_db [None req-028f72c5-a449-4146-80ac-3a281a78518a 127084a7c78042cfa1fa84aeb74f0dcc 2d16f38c87674d489f6a8172b1b7115e - - default default] Successfully bumped revision number for resource 8e9f53e2-43ac-4eef-baf8-69cf4a25b521 (type: networks) to 1
2026-05-20 04:22:36.226 10 INFO neutron.db.ovn_revision_numbers_db [None req-08180ee4-8c41-4ab3-a00f-41630cf5dc11 706b4d4911684fdd9305c42088a5e062 1dd40682f60e493db0f174f4925a0af2 - - default default] Successfully bumped revision number for resource 1262b7ff-62fd-493a-a2d0-ae5a00daebef (type: ports) to 1
2026-05-20 04:22:36.277 10 INFO neutron.wsgi [None req-08180ee4-8c41-4ab3-a00f-41630cf5dc11 706b4d4911684fdd9305c42088a5e062 1dd40682f60e493db0f174f4925a0af2 - - default default] 10.0.0.99 "POST /v2.0/ports HTTP/1.1" status: 201 len: 1160 time: 0.7128668 /var/lib/openstack/lib/python3.10/site-packages/pycadf/identifier.py:71: UserWarning: Invalid uuid: neutron. To ensure interoperability, identifiers should be a valid uuid. warnings.warn(('Invalid uuid: %s. To ensure interoperability, '
2026-05-20 04:22:36.454 10 WARNING neutron.scheduler.dhcp_agent_scheduler [None req-028f72c5-a449-4146-80ac-3a281a78518a 127084a7c78042cfa1fa84aeb74f0dcc 2d16f38c87674d489f6a8172b1b7115e - - default default] No more DHCP agents
2026-05-20 04:22:36.460 10 WARNING neutron.api.rpc.agentnotifiers.dhcp_rpc_agent_api [None req-028f72c5-a449-4146-80ac-3a281a78518a 127084a7c78042cfa1fa84aeb74f0dcc 2d16f38c87674d489f6a8172b1b7115e - - default default] Unable to schedule network 8e9f53e2-43ac-4eef-baf8-69cf4a25b521: no agents available; will retry on subsequent port and subnet creation events.
2026-05-20 04:22:36.596 9 WARNING neutron.plugins.ml2.drivers.ovn.mech_driver.ovsdb.ovn_client [None req-81c5e094-bb6d-41a5-9d80-80da556afc5e - - - - - -] No port found with ID 844d4641-c0e0-4c8d-ac97-3476f7a41dca: RuntimeError: No port found with ID 844d4641-c0e0-4c8d-ac97-3476f7a41dca
2026-05-20 04:22:36.596 9 INFO neutron.plugins.ml2.drivers.ovn.mech_driver.mech_driver [None req-81c5e094-bb6d-41a5-9d80-80da556afc5e - - - - - -] OVN reports status down for port: 442e89d8-a623-4f3f-8504-d357a37c2ea5
2026-05-20 04:22:36.609 9 INFO neutron.plugins.ml2.drivers.ovn.mech_driver.mech_driver [None req-81c5e094-bb6d-41a5-9d80-80da556afc5e - - - - - -] OVN reports status up for port: 7c80e895-e094-4580-99ca-2a85abd1899c
2026-05-20 04:22:36.609 10 INFO neutron.db.ovn_revision_numbers_db [None req-028f72c5-a449-4146-80ac-3a281a78518a 127084a7c78042cfa1fa84aeb74f0dcc 2d16f38c87674d489f6a8172b1b7115e - - default default] Successfully bumped revision number for resource 8ecf61c0-e125-4a53-a893-0e62cc1092f7 (type: ports) to 1
2026-05-20 04:22:36.630 9 INFO neutron.plugins.ml2.plugin [None req-81c5e094-bb6d-41a5-9d80-80da556afc5e - - - - - -] Attempt 1 to provision port 7c80e895-e094-4580-99ca-2a85abd1899c
2026-05-20 04:22:36.655 10 INFO neutron.wsgi [None req-028f72c5-a449-4146-80ac-3a281a78518a 127084a7c78042cfa1fa84aeb74f0dcc 2d16f38c87674d489f6a8172b1b7115e - - default default] 10.0.0.99 "POST /v2.0/networks HTTP/1.1" status: 201 len: 832 time: 0.8117654
2026-05-20 04:22:36.733 10 INFO neutron.wsgi [None req-575cd640-6c25-4d31-89ef-582915dc6fb7 706b4d4911684fdd9305c42088a5e062 1dd40682f60e493db0f174f4925a0af2 - - default default] 10.0.0.99 "DELETE /v2.0/ports/1262b7ff-62fd-493a-a2d0-ae5a00daebef HTTP/1.1" status: 204 len: 168 time: 0.4499180
2026-05-20 04:22:36.759 10 INFO neutron.pecan_wsgi.hooks.translation [None req-276e2141-9db0-4270-a3af-86311abec881 706b4d4911684fdd9305c42088a5e062 1dd40682f60e493db0f174f4925a0af2 - - default default] DELETE failed (client error): The resource could not be found.
2026-05-20 04:22:36.761 10 INFO neutron.wsgi [None req-276e2141-9db0-4270-a3af-86311abec881 706b4d4911684fdd9305c42088a5e062 1dd40682f60e493db0f174f4925a0af2 - - default default] 10.0.0.99 "DELETE /v2.0/ports/1262b7ff-62fd-493a-a2d0-ae5a00daebef HTTP/1.1" status: 404 len: 333 time: 0.0231221
2026-05-20 04:22:36.798 9 INFO neutron.pecan_wsgi.hooks.translation [None req-102c24a4-b667-4e90-9ff1-605360a00ef6 706b4d4911684fdd9305c42088a5e062 1dd40682f60e493db0f174f4925a0af2 - - default default] GET failed (client error): The resource could not be found.
2026-05-20 04:22:36.799 9 INFO neutron.wsgi [None req-102c24a4-b667-4e90-9ff1-605360a00ef6 706b4d4911684fdd9305c42088a5e062 1dd40682f60e493db0f174f4925a0af2 - - default default] 10.0.0.99 "GET /v2.0/ports/1262b7ff-62fd-493a-a2d0-ae5a00daebef HTTP/1.1" status: 404 len: 333 time: 0.0315473
2026-05-20 04:22:36.980 9 INFO neutron.db.ovn_revision_numbers_db [None req-a5f70bb6-da41-4a27-87a5-fec711fadeac 2f24a31e7361484a926d42e268766599 15af51f74f724241b5d8abfac3bb90ff - - default default] Successfully bumped revision number for resource 7c80e895-e094-4580-99ca-2a85abd1899c (type: router_ports) to 1
2026-05-20 04:22:36.982 9 INFO neutron.wsgi [None req-a5f70bb6-da41-4a27-87a5-fec711fadeac 2f24a31e7361484a926d42e268766599 15af51f74f724241b5d8abfac3bb90ff - - default default] 10.0.0.99 "PUT /v2.0/routers/181578c5-1cbf-437b-9345-88b6f5375a90/add_router_interface HTTP/1.1" status: 200 len: 503 time: 3.3415616
2026-05-20 04:22:36.987 10 WARNING neutron.scheduler.dhcp_agent_scheduler [None req-0dc93254-6db1-4b3e-a087-8915d81f5f76 127084a7c78042cfa1fa84aeb74f0dcc 2d16f38c87674d489f6a8172b1b7115e - - default default] No more DHCP agents
2026-05-20 04:22:36.990 10 WARNING neutron.api.rpc.agentnotifiers.dhcp_rpc_agent_api [None req-0dc93254-6db1-4b3e-a087-8915d81f5f76 127084a7c78042cfa1fa84aeb74f0dcc 2d16f38c87674d489f6a8172b1b7115e - - default default] Unable to schedule network 8e9f53e2-43ac-4eef-baf8-69cf4a25b521: no agents available; will retry on subsequent port and subnet creation events.
2026-05-20 04:22:37.022 10 INFO neutron.db.ovn_revision_numbers_db [None req-0dc93254-6db1-4b3e-a087-8915d81f5f76 127084a7c78042cfa1fa84aeb74f0dcc 2d16f38c87674d489f6a8172b1b7115e - - default default] Successfully bumped revision number for resource a812e253-0920-4af4-8b88-2f3027be8db7 (type: subnets) to 0
2026-05-20 04:22:37.046 10 INFO neutron.wsgi [None req-0dc93254-6db1-4b3e-a087-8915d81f5f76 127084a7c78042cfa1fa84aeb74f0dcc 2d16f38c87674d489f6a8172b1b7115e - - default default] 10.0.0.99 "POST /v2.0/subnets HTTP/1.1" status: 201 len: 821 time: 0.3849235
2026-05-20 04:22:37.050 10 INFO neutron.wsgi [None req-4252b514-fd1c-4529-a7f9-aa982cbbd43e 706b4d4911684fdd9305c42088a5e062 1dd40682f60e493db0f174f4925a0af2 - - default default] 10.0.0.99 "DELETE /v2.0/subnets/8938006c-8374-42ae-835a-ebbdc94147f3 HTTP/1.1" status: 204 len: 168 time: 0.2423761
2026-05-20 04:22:37.113 9 INFO neutron.db.ovn_revision_numbers_db [None req-81c5e094-bb6d-41a5-9d80-80da556afc5e - - - - - -] Successfully bumped revision number for resource 7c80e895-e094-4580-99ca-2a85abd1899c (type: ports) to 2
2026-05-20 04:22:37.122 10 INFO neutron.plugins.ml2.drivers.ovn.mech_driver.mech_driver [None req-eed3d43e-3b7c-4c7b-a6bf-fd72d4da65f6 - - - - - -] OVN reports status up for port: 67fcab35-7eb4-4fad-b963-22950d4862ee
2026-05-20 04:22:37.132 9 INFO neutron.plugins.ml2.drivers.ovn.mech_driver.ovsdb.ovsdb_monitor [None req-56fb77bd-2cd0-498b-85aa-42e48deac407 - - - - - -] Router 09e1a8fe-07ae-4c07-9ddb-f9287d189160 is bound to host instance
2026-05-20 04:22:37.147 10 INFO neutron.plugins.ml2.plugin [None req-eed3d43e-3b7c-4c7b-a6bf-fd72d4da65f6 - - - - - -] Attempt 1 to provision port 67fcab35-7eb4-4fad-b963-22950d4862ee
2026-05-20 04:22:37.197 9 INFO neutron.db.ovn_revision_numbers_db [None req-fd31bb25-b194-427b-873e-584c294b319f 2f24a31e7361484a926d42e268766599 15af51f74f724241b5d8abfac3bb90ff - - default default] Successfully bumped revision number for resource 67fcab35-7eb4-4fad-b963-22950d4862ee (type: router_ports) to 1
2026-05-20 04:22:37.242 10 INFO neutron.db.ovn_revision_numbers_db [None req-31c74b5f-c86e-4456-8c5a-2d4a4b34da41 127084a7c78042cfa1fa84aeb74f0dcc 2d16f38c87674d489f6a8172b1b7115e - - default default] Successfully bumped revision number for resource dcae7f3d-d292-4ca7-9b65-f19c978a528f (type: routers) to 1
2026-05-20 04:22:37.262 10 INFO neutron.wsgi [None req-31c74b5f-c86e-4456-8c5a-2d4a4b34da41 127084a7c78042cfa1fa84aeb74f0dcc 2d16f38c87674d489f6a8172b1b7115e - - default default] 10.0.0.99 "POST /v2.0/routers HTTP/1.1" status: 201 len: 690 time: 0.2097864
2026-05-20 04:22:37.328 9 INFO neutron.db.ovn_revision_numbers_db [None req-fd31bb25-b194-427b-873e-584c294b319f 2f24a31e7361484a926d42e268766599 15af51f74f724241b5d8abfac3bb90ff - - default default] Successfully bumped revision number for resource 09e1a8fe-07ae-4c07-9ddb-f9287d189160 (type: routers) to 2
2026-05-20 04:22:37.359 9 INFO neutron.db.ovn_revision_numbers_db [None req-81c5e094-bb6d-41a5-9d80-80da556afc5e - - - - - -] Successfully bumped revision number for resource 7c80e895-e094-4580-99ca-2a85abd1899c (type: router_ports) to 2
2026-05-20 04:22:37.365 9 INFO neutron.wsgi [None req-fd31bb25-b194-427b-873e-584c294b319f 2f24a31e7361484a926d42e268766599 15af51f74f724241b5d8abfac3bb90ff - - default default] 10.0.0.99 "POST /v2.0/routers HTTP/1.1" status: 201 len: 874 time: 2.5660832
2026-05-20 04:22:37.646 9 INFO neutron.services.segments.plugin [-] Segment 97bf7ddb-3732-48cd-ba50-fd4f715de26b resource provider aggregate not found
2026-05-20 04:22:37.651 9 INFO neutron.services.segments.plugin [-] Segment 97bf7ddb-3732-48cd-ba50-fd4f715de26b resource provider aggregate not found
2026-05-20 04:22:37.666 9 INFO neutron.services.segments.plugin [-] Segment 97bf7ddb-3732-48cd-ba50-fd4f715de26b resource provider not found; error: Placement Client Error (4xx): {"errors": [{"status": 404, "title": "Not Found", "detail": "The resource could not be found.\n\n No resource provider with uuid 97bf7ddb-3732-48cd-ba50-fd4f715de26b found for delete ", "request_id": "req-00bd9076-52fb-4b66-8ade-8653e64abb39"}]}
2026-05-20 04:22:37.673 9 INFO neutron.services.segments.plugin [-] Segment 97bf7ddb-3732-48cd-ba50-fd4f715de26b resource provider not found; error: Placement Client Error (4xx): {"errors": [{"status": 404, "title": "Not Found", "detail": "The resource could not be found.\n\n No resource provider with uuid 97bf7ddb-3732-48cd-ba50-fd4f715de26b found for delete ", "request_id": "req-db51501f-ddbc-4b75-874a-df9a89227cff"}]}
2026-05-20 04:22:37.726 9 INFO neutron.wsgi [None req-439868db-3786-467c-ad80-6bacbaadba33 706b4d4911684fdd9305c42088a5e062 1dd40682f60e493db0f174f4925a0af2 - - default default] 10.0.0.99 "DELETE /v2.0/networks/7a268bfc-13da-464e-a582-968a25ab491f HTTP/1.1" status: 204 len: 168 time: 0.6687984
2026-05-20 04:22:37.866 10 INFO neutron.db.segments_db [None req-db2016a1-6e2a-40da-95d4-914a8088e605 706b4d4911684fdd9305c42088a5e062 1dd40682f60e493db0f174f4925a0af2 - - default default] Added segment 3687c71c-e50a-49b4-a8ff-ccfecce41b63 of type geneve for network 756012c7-6958-4eb9-aac3-077bb140a863
2026-05-20 04:22:37.947 10 WARNING neutron.scheduler.dhcp_agent_scheduler [None req-4b6b4837-320b-4807-a894-e624c68fe1a1 127084a7c78042cfa1fa84aeb74f0dcc 2d16f38c87674d489f6a8172b1b7115e - - default default] No more DHCP agents
2026-05-20 04:22:37.947 9 INFO neutron.db.ovn_revision_numbers_db [None req-56fb77bd-2cd0-498b-85aa-42e48deac407 - - - - - -] Successfully bumped revision number for resource 67fcab35-7eb4-4fad-b963-22950d4862ee (type: ports) to 1 /var/lib/openstack/lib/python3.10/site-packages/pycadf/identifier.py:71: UserWarning: Invalid uuid: neutron. To ensure interoperability, identifiers should be a valid uuid. warnings.warn(('Invalid uuid: %s. To ensure interoperability, '
2026-05-20 04:22:37.962 10 WARNING neutron.api.rpc.agentnotifiers.dhcp_rpc_agent_api [None req-4b6b4837-320b-4807-a894-e624c68fe1a1 127084a7c78042cfa1fa84aeb74f0dcc 2d16f38c87674d489f6a8172b1b7115e - - default default] Unable to schedule network 8e9f53e2-43ac-4eef-baf8-69cf4a25b521: no agents available; will retry on subsequent port and subnet creation events.
2026-05-20 04:22:38.099 10 INFO neutron.wsgi [req-6e13958f-020c-4923-8fca-da04dd787fd5 req-4b773fc6-b195-447b-a098-23e2d883ae0f 96101d2caa2d4c85926e339557d15c7a e418dff920244de0b122744956fcf996 - - default default] 10.0.0.136 "GET /v2.0/networks?id=b5371421-c59c-43ee-b4e7-da5e3dadb6bf HTTP/1.1" status: 200 len: 877 time: 0.1515453
2026-05-20 04:22:38.147 10 INFO neutron.wsgi [req-6e13958f-020c-4923-8fca-da04dd787fd5 req-84dc878e-233b-4ddc-ab7e-ef1e31ce248b 96101d2caa2d4c85926e339557d15c7a e418dff920244de0b122744956fcf996 - - default default] 10.0.0.136 "GET /v2.0/quotas/e418dff920244de0b122744956fcf996 HTTP/1.1" status: 200 len: 386 time: 0.0373199
2026-05-20 04:22:38.191 10 INFO neutron.db.ovn_revision_numbers_db [None req-db2016a1-6e2a-40da-95d4-914a8088e605 706b4d4911684fdd9305c42088a5e062 1dd40682f60e493db0f174f4925a0af2 - - default default] Successfully bumped revision number for resource 756012c7-6958-4eb9-aac3-077bb140a863 (type: networks) to 1
2026-05-20 04:22:38.202 9 INFO neutron.db.ovn_revision_numbers_db [None req-56fb77bd-2cd0-498b-85aa-42e48deac407 - - - - - -] Successfully bumped revision number for resource 67fcab35-7eb4-4fad-b963-22950d4862ee (type: router_ports) to 3
2026-05-20 04:22:38.264 10 INFO neutron.db.ovn_revision_numbers_db [None req-4b6b4837-320b-4807-a894-e624c68fe1a1 127084a7c78042cfa1fa84aeb74f0dcc 2d16f38c87674d489f6a8172b1b7115e - - default default] Successfully bumped revision number for resource c96b81da-bbe6-41a5-8240-3f94ab1fface (type: ports) to 1
2026-05-20 04:22:38.343 10 INFO neutron.wsgi [req-6e13958f-020c-4923-8fca-da04dd787fd5 req-889b8f7f-6e84-4325-aa9b-51ed68baddb8 96101d2caa2d4c85926e339557d15c7a e418dff920244de0b122744956fcf996 - - default default] 10.0.0.136 "GET /v2.0/ports?tenant_id=e418dff920244de0b122744956fcf996&fields=id HTTP/1.1" status: 200 len: 302 time: 0.1816771
2026-05-20 04:22:38.354 10 INFO neutron.wsgi [None req-4b6b4837-320b-4807-a894-e624c68fe1a1 127084a7c78042cfa1fa84aeb74f0dcc 2d16f38c87674d489f6a8172b1b7115e - - default default] 10.0.0.99 "POST /v2.0/ports HTTP/1.1" status: 201 len: 1158 time: 1.0876532
2026-05-20 04:22:38.465 10 WARNING neutron.scheduler.dhcp_agent_scheduler [None req-97fd71bc-35f8-47d4-bd1b-f220176f9d2f 2f24a31e7361484a926d42e268766599 15af51f74f724241b5d8abfac3bb90ff - - default default] No more DHCP agents
2026-05-20 04:22:38.481 10 WARNING neutron.api.rpc.agentnotifiers.dhcp_rpc_agent_api [None req-97fd71bc-35f8-47d4-bd1b-f220176f9d2f 2f24a31e7361484a926d42e268766599 15af51f74f724241b5d8abfac3bb90ff - - default default] Unable to schedule network 88984040-8dc7-4fcb-ba33-644717791fb7: no agents available; will retry on subsequent port and subnet creation events.
2026-05-20 04:22:38.521 10 INFO neutron.wsgi [req-6e13958f-020c-4923-8fca-da04dd787fd5 req-b1d6d439-bf9b-450b-b5d2-f40e996b35f7 e4f70518d8ff4da2a1cf3bb1440028c3 5ca49b4e25f7453da29fb66c3786bfed - - 89aa15eb3226486a8b596588dd15fb76 89aa15eb3226486a8b596588dd15fb76] 10.0.0.136 "GET /v2.0/networks/b5371421-c59c-43ee-b4e7-da5e3dadb6bf?fields=segments HTTP/1.1" status: 200 len: 212 time: 0.1723237
2026-05-20 04:22:38.542 9 INFO neutron.db.ovn_revision_numbers_db [None req-56fb77bd-2cd0-498b-85aa-42e48deac407 - - - - - -] Successfully bumped revision number for resource 67fcab35-7eb4-4fad-b963-22950d4862ee (type: ports) to 2
2026-05-20 04:22:38.620 10 WARNING neutron.scheduler.dhcp_agent_scheduler [None req-db2016a1-6e2a-40da-95d4-914a8088e605 706b4d4911684fdd9305c42088a5e062 1dd40682f60e493db0f174f4925a0af2 - - default default] No more DHCP agents
2026-05-20 04:22:38.632 10 WARNING neutron.api.rpc.agentnotifiers.dhcp_rpc_agent_api [None req-db2016a1-6e2a-40da-95d4-914a8088e605 706b4d4911684fdd9305c42088a5e062 1dd40682f60e493db0f174f4925a0af2 - - default default] Unable to schedule network 756012c7-6958-4eb9-aac3-077bb140a863: no agents available; will retry on subsequent port and subnet creation events.
2026-05-20 04:22:38.659 10 INFO neutron.wsgi [req-6e13958f-020c-4923-8fca-da04dd787fd5 req-0c918750-7e9e-4e5d-afab-20da8ee707d0 e4f70518d8ff4da2a1cf3bb1440028c3 5ca49b4e25f7453da29fb66c3786bfed - - 89aa15eb3226486a8b596588dd15fb76 89aa15eb3226486a8b596588dd15fb76] 10.0.0.136 "GET /v2.0/networks/b5371421-c59c-43ee-b4e7-da5e3dadb6bf?fields=provider%3Aphysical_network&fields=provider%3Anetwork_type HTTP/1.1" status: 200 len: 277 time: 0.1295104
2026-05-20 04:22:38.783 9 INFO neutron.db.ovn_revision_numbers_db [None req-56fb77bd-2cd0-498b-85aa-42e48deac407 - - - - - -] Successfully bumped revision number for resource 67fcab35-7eb4-4fad-b963-22950d4862ee (type: ports) to 4
2026-05-20 04:22:38.791 10 INFO neutron.db.ovn_revision_numbers_db [None req-db2016a1-6e2a-40da-95d4-914a8088e605 706b4d4911684fdd9305c42088a5e062 1dd40682f60e493db0f174f4925a0af2 - - default default] Successfully bumped revision number for resource 4b38dfc0-62f8-4756-9013-8daa50f551b4 (type: ports) to 1
2026-05-20 04:22:38.828 10 INFO neutron.wsgi [req-4f16d4ca-53dc-42b0-9115-039aa127731c req-d28fe7a3-5e90-428d-b2b1-69d48020193d 96101d2caa2d4c85926e339557d15c7a e418dff920244de0b122744956fcf996 - - default default] 10.0.0.136 "GET /v2.0/ports?device_id=f81cfc48-f034-4e81-bb4e-7d8265f31501 HTTP/1.1" status: 200 len: 210 time: 0.0314665
2026-05-20 04:22:38.849 10 INFO neutron.wsgi [None req-db2016a1-6e2a-40da-95d4-914a8088e605 706b4d4911684fdd9305c42088a5e062 1dd40682f60e493db0f174f4925a0af2 - - default default] 10.0.0.99 "POST /v2.0/networks HTTP/1.1" status: 201 len: 835 time: 1.1138363
2026-05-20 04:22:38.851 10 INFO neutron.db.ovn_revision_numbers_db [None req-97fd71bc-35f8-47d4-bd1b-f220176f9d2f 2f24a31e7361484a926d42e268766599 15af51f74f724241b5d8abfac3bb90ff - - default default] Successfully bumped revision number for resource 6d2ce76e-a7e5-40f4-b177-01e427c7984a (type: ports) to 1
2026-05-20 04:22:39.031 9 INFO neutron.db.ovn_revision_numbers_db [None req-56fb77bd-2cd0-498b-85aa-42e48deac407 - - - - - -] Successfully bumped revision number for resource 67fcab35-7eb4-4fad-b963-22950d4862ee (type: router_ports) to 4
2026-05-20 04:22:39.153 9 WARNING neutron.scheduler.dhcp_agent_scheduler [None req-952742ff-417e-4271-9b57-6f8e2e07ccc8 706b4d4911684fdd9305c42088a5e062 1dd40682f60e493db0f174f4925a0af2 - - default default] No more DHCP agents
2026-05-20 04:22:39.156 9 WARNING neutron.api.rpc.agentnotifiers.dhcp_rpc_agent_api [None req-952742ff-417e-4271-9b57-6f8e2e07ccc8 706b4d4911684fdd9305c42088a5e062 1dd40682f60e493db0f174f4925a0af2 - - default default] Unable to schedule network 756012c7-6958-4eb9-aac3-077bb140a863: no agents available; will retry on subsequent port and subnet creation events.
2026-05-20 04:22:39.200 9 INFO neutron.db.ovn_revision_numbers_db [None req-952742ff-417e-4271-9b57-6f8e2e07ccc8 706b4d4911684fdd9305c42088a5e062 1dd40682f60e493db0f174f4925a0af2 - - default default] Successfully bumped revision number for resource bc64a426-a678-4c51-bc81-0a89679719a2 (type: subnets) to 0
2026-05-20 04:22:39.216 9 INFO neutron.wsgi [None req-952742ff-417e-4271-9b57-6f8e2e07ccc8 706b4d4911684fdd9305c42088a5e062 1dd40682f60e493db0f174f4925a0af2 - - default default] 10.0.0.99 "POST /v2.0/subnets HTTP/1.1" status: 201 len: 821 time: 0.3586843
2026-05-20 04:22:39.286 10 INFO neutron.db.ovn_revision_numbers_db [None req-7a4c7b3d-15c0-4e44-af20-302fc99356d4 127084a7c78042cfa1fa84aeb74f0dcc 2d16f38c87674d489f6a8172b1b7115e - - default default] Successfully bumped revision number for resource c96b81da-bbe6-41a5-8240-3f94ab1fface (type: router_ports) to 2 /var/lib/openstack/lib/python3.10/site-packages/pycadf/identifier.py:71: UserWarning: Invalid uuid: neutron. To ensure interoperability, identifiers should be a valid uuid. warnings.warn(('Invalid uuid: %s. To ensure interoperability, '
2026-05-20 04:22:39.497 10 INFO neutron.wsgi [req-6e13958f-020c-4923-8fca-da04dd787fd5 req-702cd6e5-98a1-44ba-a719-ef3870e2a8dc 96101d2caa2d4c85926e339557d15c7a e418dff920244de0b122744956fcf996 - - default default] 199.204.45.244 "GET /v2.0/networks?id=b5371421-c59c-43ee-b4e7-da5e3dadb6bf HTTP/1.1" status: 200 len: 877 time: 0.1045234
2026-05-20 04:22:39.500 10 INFO neutron.db.ovn_revision_numbers_db [None req-7a4c7b3d-15c0-4e44-af20-302fc99356d4 127084a7c78042cfa1fa84aeb74f0dcc 2d16f38c87674d489f6a8172b1b7115e - - default default] Successfully bumped revision number for resource c96b81da-bbe6-41a5-8240-3f94ab1fface (type: ports) to 2
2026-05-20 04:22:39.521 9 WARNING neutron.scheduler.dhcp_agent_scheduler [None req-e3c10213-bac1-4581-b88d-f5e67092192c 706b4d4911684fdd9305c42088a5e062 1dd40682f60e493db0f174f4925a0af2 - - default default] No more DHCP agents
2026-05-20 04:22:39.522 9 WARNING neutron.api.rpc.agentnotifiers.dhcp_rpc_agent_api [None req-e3c10213-bac1-4581-b88d-f5e67092192c 706b4d4911684fdd9305c42088a5e062 1dd40682f60e493db0f174f4925a0af2 - - default default] Unable to schedule network 756012c7-6958-4eb9-aac3-077bb140a863: no agents available; will retry on subsequent port and subnet creation events.
2026-05-20 04:22:39.642 9 INFO neutron.db.ovn_revision_numbers_db [None req-e3c10213-bac1-4581-b88d-f5e67092192c 706b4d4911684fdd9305c42088a5e062 1dd40682f60e493db0f174f4925a0af2 - - default default] Successfully bumped revision number for resource 46ed3fcc-92e5-4735-aad4-23db45c750df (type: ports) to 1
2026-05-20 04:22:39.665 9 INFO neutron.wsgi [None req-e3c10213-bac1-4581-b88d-f5e67092192c 706b4d4911684fdd9305c42088a5e062 1dd40682f60e493db0f174f4925a0af2 - - default default] 10.0.0.99 "POST /v2.0/ports HTTP/1.1" status: 201 len: 1126 time: 0.4456625
2026-05-20 04:22:39.723 10 INFO neutron.db.ovn_revision_numbers_db [None req-97fd71bc-35f8-47d4-bd1b-f220176f9d2f 2f24a31e7361484a926d42e268766599 15af51f74f724241b5d8abfac3bb90ff - - default default] Successfully bumped revision number for resource 6d2ce76e-a7e5-40f4-b177-01e427c7984a (type: router_ports) to 1
2026-05-20 04:22:39.951 10 INFO neutron.wsgi [req-68f090ee-14ff-4e47-ade1-139f0a5175b1 req-30446f5b-47ae-4420-97e9-6dfe945ff5b6 96101d2caa2d4c85926e339557d15c7a e418dff920244de0b122744956fcf996 - - default default] 10.0.0.136 "GET /v2.0/ports?device_id=f81cfc48-f034-4e81-bb4e-7d8265f31501 HTTP/1.1" status: 200 len: 210 time: 0.0460079
2026-05-20 04:22:39.957 9 INFO neutron.wsgi [None req-0a500bae-d1c7-43d2-b481-986315e8f92b 706b4d4911684fdd9305c42088a5e062 1dd40682f60e493db0f174f4925a0af2 - - default default] 10.0.0.99 "DELETE /v2.0/ports/46ed3fcc-92e5-4735-aad4-23db45c750df HTTP/1.1" status: 204 len: 168 time: 0.2867546
2026-05-20 04:22:39.988 9 INFO neutron.pecan_wsgi.hooks.translation [None req-3f79edfe-6301-4b7a-b521-b0f119c7a300 706b4d4911684fdd9305c42088a5e062 1dd40682f60e493db0f174f4925a0af2 - - default default] GET failed (client error): The resource could not be found.
2026-05-20 04:22:39.990 9 INFO neutron.wsgi [None req-3f79edfe-6301-4b7a-b521-b0f119c7a300 706b4d4911684fdd9305c42088a5e062 1dd40682f60e493db0f174f4925a0af2 - - default default] 10.0.0.99 "GET /v2.0/ports/46ed3fcc-92e5-4735-aad4-23db45c750df HTTP/1.1" status: 404 len: 333 time: 0.0258470
2026-05-20 04:22:40.069 10 INFO neutron.db.ovn_revision_numbers_db [None req-97fd71bc-35f8-47d4-bd1b-f220176f9d2f 2f24a31e7361484a926d42e268766599 15af51f74f724241b5d8abfac3bb90ff - - default default] Successfully bumped revision number for resource 6d2ce76e-a7e5-40f4-b177-01e427c7984a (type: ports) to 1
2026-05-20 04:22:40.216 10 WARNING neutron.scheduler.dhcp_agent_scheduler [req-6e13958f-020c-4923-8fca-da04dd787fd5 req-6b6e1b5c-1a8a-4f1d-a5ec-bbf9ced2b60f 96101d2caa2d4c85926e339557d15c7a e418dff920244de0b122744956fcf996 - - default default] No more DHCP agents
2026-05-20 04:22:40.229 10 WARNING neutron.api.rpc.agentnotifiers.dhcp_rpc_agent_api [req-6e13958f-020c-4923-8fca-da04dd787fd5 req-6b6e1b5c-1a8a-4f1d-a5ec-bbf9ced2b60f 96101d2caa2d4c85926e339557d15c7a e418dff920244de0b122744956fcf996 - - default default] Unable to schedule network b5371421-c59c-43ee-b4e7-da5e3dadb6bf: no agents available; will retry on subsequent port and subnet creation events.
2026-05-20 04:22:40.305 10 WARNING neutron.scheduler.dhcp_agent_scheduler [None req-97fd71bc-35f8-47d4-bd1b-f220176f9d2f 2f24a31e7361484a926d42e268766599 15af51f74f724241b5d8abfac3bb90ff - - default default] No more DHCP agents
2026-05-20 04:22:40.312 10 WARNING neutron.api.rpc.agentnotifiers.dhcp_rpc_agent_api [None req-97fd71bc-35f8-47d4-bd1b-f220176f9d2f 2f24a31e7361484a926d42e268766599 15af51f74f724241b5d8abfac3bb90ff - - default default] Unable to schedule network 88984040-8dc7-4fcb-ba33-644717791fb7: no agents available; will retry on subsequent port and subnet creation events.
2026-05-20 04:22:40.366 10 INFO neutron.plugins.ml2.drivers.ovn.mech_driver.mech_driver [None req-eed3d43e-3b7c-4c7b-a6bf-fd72d4da65f6 - - - - - -] OVN reports status up for port: c96b81da-bbe6-41a5-8240-3f94ab1fface
2026-05-20 04:22:40.391 10 INFO neutron.plugins.ml2.plugin [None req-eed3d43e-3b7c-4c7b-a6bf-fd72d4da65f6 - - - - - -] Attempt 1 to provision port c96b81da-bbe6-41a5-8240-3f94ab1fface
2026-05-20 04:22:40.682 10 INFO neutron.wsgi [None req-f8e2fbf1-f77c-4bcf-bdf2-bff30775d6de 706b4d4911684fdd9305c42088a5e062 1dd40682f60e493db0f174f4925a0af2 - - default default] 10.0.0.99 "DELETE /v2.0/subnets/bc64a426-a678-4c51-bc81-0a89679719a2 HTTP/1.1" status: 204 len: 168 time: 0.6853690
2026-05-20 04:22:40.697 10 INFO neutron.db.ovn_revision_numbers_db [None req-7a4c7b3d-15c0-4e44-af20-302fc99356d4 127084a7c78042cfa1fa84aeb74f0dcc 2d16f38c87674d489f6a8172b1b7115e - - default default] Successfully bumped revision number for resource c96b81da-bbe6-41a5-8240-3f94ab1fface (type: router_ports) to 2
2026-05-20 04:22:40.910 10 INFO neutron.db.ovn_revision_numbers_db [req-6e13958f-020c-4923-8fca-da04dd787fd5 req-6b6e1b5c-1a8a-4f1d-a5ec-bbf9ced2b60f 96101d2caa2d4c85926e339557d15c7a e418dff920244de0b122744956fcf996 - - default default] Successfully bumped revision number for resource 1d7856a5-6f7d-4fab-8e4d-97975506de48 (type: ports) to 1
2026-05-20 04:22:40.965 10 INFO neutron.db.ovn_revision_numbers_db [None req-7a4c7b3d-15c0-4e44-af20-302fc99356d4 127084a7c78042cfa1fa84aeb74f0dcc 2d16f38c87674d489f6a8172b1b7115e - - default default] Successfully bumped revision number for resource c96b81da-bbe6-41a5-8240-3f94ab1fface (type: ports) to 2
2026-05-20 04:22:40.970 10 INFO neutron.wsgi [req-6e13958f-020c-4923-8fca-da04dd787fd5 req-6b6e1b5c-1a8a-4f1d-a5ec-bbf9ced2b60f 96101d2caa2d4c85926e339557d15c7a e418dff920244de0b122744956fcf996 - - default default] 199.204.45.244 "POST /v2.0/ports HTTP/1.1" status: 201 len: 1158 time: 1.4662676 /var/lib/openstack/lib/python3.10/site-packages/pycadf/identifier.py:71: UserWarning: Invalid uuid: neutron. To ensure interoperability, identifiers should be a valid uuid. warnings.warn(('Invalid uuid: %s. To ensure interoperability, '
2026-05-20 04:22:41.015 9 INFO neutron.services.segments.plugin [-] Segment 3687c71c-e50a-49b4-a8ff-ccfecce41b63 resource provider aggregate not found
2026-05-20 04:22:41.023 9 INFO neutron.services.segments.plugin [-] Segment 3687c71c-e50a-49b4-a8ff-ccfecce41b63 resource provider aggregate not found
2026-05-20 04:22:41.050 9 INFO neutron.services.segments.plugin [-] Segment 3687c71c-e50a-49b4-a8ff-ccfecce41b63 resource provider not found; error: Placement Client Error (4xx): {"errors": [{"status": 404, "title": "Not Found", "detail": "The resource could not be found.\n\n No resource provider with uuid 3687c71c-e50a-49b4-a8ff-ccfecce41b63 found for delete ", "request_id": "req-202cfcdd-4a0a-4875-bff3-dca42c4546de"}]}
2026-05-20 04:22:41.052 9 INFO neutron.services.segments.plugin [-] Segment 3687c71c-e50a-49b4-a8ff-ccfecce41b63 resource provider not found; error: Placement Client Error (4xx): {"errors": [{"status": 404, "title": "Not Found", "detail": "The resource could not be found.\n\n No resource provider with uuid 3687c71c-e50a-49b4-a8ff-ccfecce41b63 found for delete ", "request_id": "req-283ccc96-6f3c-4c68-be05-784df2ab4dae"}]}
2026-05-20 04:22:41.088 9 INFO neutron.wsgi [None req-d1773d93-59f6-4106-baba-55d551ba1ce7 706b4d4911684fdd9305c42088a5e062 1dd40682f60e493db0f174f4925a0af2 - - default default] 10.0.0.99 "DELETE /v2.0/networks/756012c7-6958-4eb9-aac3-077bb140a863 HTTP/1.1" status: 204 len: 168 time: 0.4002538
2026-05-20 04:22:41.106 10 INFO neutron.wsgi [req-f340ce19-3a00-4290-bdc4-668c19e8122f req-e8b3bb11-b06f-4858-86ab-54b1a8c4e7c4 96101d2caa2d4c85926e339557d15c7a e418dff920244de0b122744956fcf996 - - default default] 10.0.0.136 "GET /v2.0/ports?device_id=f81cfc48-f034-4e81-bb4e-7d8265f31501 HTTP/1.1" status: 200 len: 1156 time: 0.0810473
2026-05-20 04:22:41.164 10 WARNING neutron.scheduler.dhcp_agent_scheduler [None req-7a4c7b3d-15c0-4e44-af20-302fc99356d4 127084a7c78042cfa1fa84aeb74f0dcc 2d16f38c87674d489f6a8172b1b7115e - - default default] No more DHCP agents
2026-05-20 04:22:41.166 10 WARNING neutron.api.rpc.agentnotifiers.dhcp_rpc_agent_api [None req-7a4c7b3d-15c0-4e44-af20-302fc99356d4 127084a7c78042cfa1fa84aeb74f0dcc 2d16f38c87674d489f6a8172b1b7115e - - default default] Unable to schedule network 8e9f53e2-43ac-4eef-baf8-69cf4a25b521: no agents available; will retry on subsequent port and subnet creation events.
2026-05-20 04:22:41.245 10 INFO neutron.wsgi [req-f340ce19-3a00-4290-bdc4-668c19e8122f req-da2e4043-2207-40cc-a953-392c8bd5f4a2 96101d2caa2d4c85926e339557d15c7a e418dff920244de0b122744956fcf996 - - default default] 10.0.0.136 "GET /v2.0/security-groups?id=3496d7c6-2d8a-4952-8994-d4898bdd86fe&fields=id&fields=name HTTP/1.1" status: 200 len: 286 time: 0.1243255
2026-05-20 04:22:41.430 10 INFO neutron.db.ovn_revision_numbers_db [None req-eed3d43e-3b7c-4c7b-a6bf-fd72d4da65f6 - - - - - -] Successfully bumped revision number for resource c96b81da-bbe6-41a5-8240-3f94ab1fface (type: ports) to 3
2026-05-20 04:22:41.441 9 WARNING neutron.scheduler.dhcp_agent_scheduler [None req-44f3ff3b-ae19-45e1-bd99-239aa757da30 706b4d4911684fdd9305c42088a5e062 1dd40682f60e493db0f174f4925a0af2 - - default default] No more DHCP agents
2026-05-20 04:22:41.443 9 WARNING neutron.api.rpc.agentnotifiers.dhcp_rpc_agent_api [None req-44f3ff3b-ae19-45e1-bd99-239aa757da30 706b4d4911684fdd9305c42088a5e062 1dd40682f60e493db0f174f4925a0af2 - - default default] Unable to schedule network 4de3e182-d9fd-43ea-95e7-dee86f5e6d55: no agents available; will retry on subsequent port and subnet creation events.
2026-05-20 04:22:41.532 9 INFO neutron.db.ovn_revision_numbers_db [None req-44f3ff3b-ae19-45e1-bd99-239aa757da30 706b4d4911684fdd9305c42088a5e062 1dd40682f60e493db0f174f4925a0af2 - - default default] Successfully bumped revision number for resource 2ec179b7-db37-408f-bfb2-bf81f2430d45 (type: ports) to 1
2026-05-20 04:22:41.554 9 INFO neutron.wsgi [None req-44f3ff3b-ae19-45e1-bd99-239aa757da30 706b4d4911684fdd9305c42088a5e062 1dd40682f60e493db0f174f4925a0af2 - - default default] 10.0.0.99 "POST /v2.0/ports HTTP/1.1" status: 201 len: 977 time: 0.4565403 /var/lib/openstack/lib/python3.10/site-packages/pycadf/identifier.py:71: UserWarning: Invalid uuid: neutron. To ensure interoperability, identifiers should be a valid uuid. warnings.warn(('Invalid uuid: %s. To ensure interoperability, '
2026-05-20 04:22:41.660 10 INFO neutron.db.ovn_revision_numbers_db [None req-7a4c7b3d-15c0-4e44-af20-302fc99356d4 127084a7c78042cfa1fa84aeb74f0dcc 2d16f38c87674d489f6a8172b1b7115e - - default default] Successfully bumped revision number for resource c96b81da-bbe6-41a5-8240-3f94ab1fface (type: router_ports) to 3
2026-05-20 04:22:41.662 10 INFO neutron.wsgi [None req-7a4c7b3d-15c0-4e44-af20-302fc99356d4 127084a7c78042cfa1fa84aeb74f0dcc 2d16f38c87674d489f6a8172b1b7115e - - default default] 10.0.0.99 "PUT /v2.0/routers/dcae7f3d-d292-4ca7-9b65-f19c978a528f/add_router_interface HTTP/1.1" status: 200 len: 503 time: 3.2970071
2026-05-20 04:22:41.807 9 INFO neutron.wsgi [None req-711ff6ab-351c-46a8-adfa-125a9896dff7 127084a7c78042cfa1fa84aeb74f0dcc 2d16f38c87674d489f6a8172b1b7115e - - default default] 10.0.0.99 "GET /v2.0/ports/c96b81da-bbe6-41a5-8240-3f94ab1fface HTTP/1.1" status: 200 len: 1216 time: 0.1392074 /var/lib/openstack/lib/python3.10/site-packages/pycadf/identifier.py:71: UserWarning: Invalid uuid: neutron. To ensure interoperability, identifiers should be a valid uuid. warnings.warn(('Invalid uuid: %s. To ensure interoperability, '
2026-05-20 04:22:41.853 10 INFO neutron.db.ovn_revision_numbers_db [None req-97fd71bc-35f8-47d4-bd1b-f220176f9d2f 2f24a31e7361484a926d42e268766599 15af51f74f724241b5d8abfac3bb90ff - - default default] Successfully bumped revision number for resource 6d2ce76e-a7e5-40f4-b177-01e427c7984a (type: router_ports) to 1
2026-05-20 04:22:41.855 10 INFO neutron.wsgi [None req-97fd71bc-35f8-47d4-bd1b-f220176f9d2f 2f24a31e7361484a926d42e268766599 15af51f74f724241b5d8abfac3bb90ff - - default default] 10.0.0.99 "PUT /v2.0/routers/09e1a8fe-07ae-4c07-9ddb-f9287d189160/add_router_interface HTTP/1.1" status: 200 len: 503 time: 4.4836264
2026-05-20 04:22:41.910 9 INFO neutron.db.ovn_revision_numbers_db [None req-2378e878-a4c8-4e83-9c06-0f6a69734743 706b4d4911684fdd9305c42088a5e062 1dd40682f60e493db0f174f4925a0af2 - - default default] Successfully bumped revision number for resource 2ec179b7-db37-408f-bfb2-bf81f2430d45 (type: ports) to 2
2026-05-20 04:22:41.921 9 INFO neutron.wsgi [None req-2378e878-a4c8-4e83-9c06-0f6a69734743 706b4d4911684fdd9305c42088a5e062 1dd40682f60e493db0f174f4925a0af2 - - default default] 10.0.0.99 "PUT /v2.0/ports/2ec179b7-db37-408f-bfb2-bf81f2430d45 HTTP/1.1" status: 200 len: 946 time: 0.3620608 /var/lib/openstack/lib/python3.10/site-packages/pycadf/identifier.py:71: UserWarning: Invalid uuid: neutron. To ensure interoperability, identifiers should be a valid uuid. warnings.warn(('Invalid uuid: %s. To ensure interoperability, '
2026-05-20 04:22:41.939 10 INFO neutron.db.ovn_revision_numbers_db [req-6e13958f-020c-4923-8fca-da04dd787fd5 req-0ee019df-2572-4a39-8561-ebe9b930e23f e4f70518d8ff4da2a1cf3bb1440028c3 5ca49b4e25f7453da29fb66c3786bfed - - 89aa15eb3226486a8b596588dd15fb76 89aa15eb3226486a8b596588dd15fb76] Successfully bumped revision number for resource 1d7856a5-6f7d-4fab-8e4d-97975506de48 (type: ports) to 2
2026-05-20 04:22:42.143 9 INFO neutron.wsgi [None req-6c699e5c-ac07-4950-bb47-4bce3f3d8faf 706b4d4911684fdd9305c42088a5e062 1dd40682f60e493db0f174f4925a0af2 - - default default] 10.0.0.99 "DELETE /v2.0/ports/2ec179b7-db37-408f-bfb2-bf81f2430d45 HTTP/1.1" status: 204 len: 168 time: 0.2155693
2026-05-20 04:22:42.220 9 INFO neutron.wsgi [None req-7bb425af-1280-4d68-a25a-fe807bd2772b 706b4d4911684fdd9305c42088a5e062 1dd40682f60e493db0f174f4925a0af2 - - default default] 10.0.0.99 "GET /v2.0/ports HTTP/1.1" status: 200 len: 1733 time: 0.0712314
2026-05-20 04:22:42.240 9 INFO neutron.pecan_wsgi.hooks.translation [None req-dcb552f8-4358-4bff-ac37-d4eec57d31d9 706b4d4911684fdd9305c42088a5e062 1dd40682f60e493db0f174f4925a0af2 - - default default] GET failed (client error): The resource could not be found.
2026-05-20 04:22:42.242 9 INFO neutron.wsgi [None req-dcb552f8-4358-4bff-ac37-d4eec57d31d9 706b4d4911684fdd9305c42088a5e062 1dd40682f60e493db0f174f4925a0af2 - - default default] 10.0.0.99 "GET /v2.0/ports/2ec179b7-db37-408f-bfb2-bf81f2430d45 HTTP/1.1" status: 404 len: 333 time: 0.0159767
2026-05-20 04:22:42.280 9 INFO neutron.wsgi [None req-810f259a-cde0-4ef6-887d-088290397539 706b4d4911684fdd9305c42088a5e062 1dd40682f60e493db0f174f4925a0af2 - - default default] 10.0.0.99 "GET /v2.0/ports HTTP/1.1" status: 200 len: 1733 time: 0.0322161 /var/lib/openstack/lib/python3.10/site-packages/pycadf/identifier.py:71: UserWarning: Invalid uuid: neutron. To ensure interoperability, identifiers should be a valid uuid. warnings.warn(('Invalid uuid: %s. To ensure interoperability, '
2026-05-20 04:22:42.327 9 INFO neutron.wsgi [None req-4639e78a-9ae3-45b0-aa83-c72349f1cd76 706b4d4911684fdd9305c42088a5e062 1dd40682f60e493db0f174f4925a0af2 - - default default] 10.0.0.99 "GET /v2.0/ports/1da7161b-dc7c-4644-bc7a-1d9732c90ffe HTTP/1.1" status: 200 len: 973 time: 0.0415280
2026-05-20 04:22:42.358 9 INFO neutron.pecan_wsgi.hooks.translation [None req-f88ceb7f-744c-413f-8dcf-b07c1cdc3134 706b4d4911684fdd9305c42088a5e062 1dd40682f60e493db0f174f4925a0af2 - - default default] DELETE failed (client error): The resource could not be found.
2026-05-20 04:22:42.361 9 INFO neutron.wsgi [None req-f88ceb7f-744c-413f-8dcf-b07c1cdc3134 706b4d4911684fdd9305c42088a5e062 1dd40682f60e493db0f174f4925a0af2 - - default default] 10.0.0.99 "DELETE /v2.0/ports/46ed3fcc-92e5-4735-aad4-23db45c750df HTTP/1.1" status: 404 len: 333 time: 0.0261707
2026-05-20 04:22:42.387 10 INFO neutron.wsgi [req-7bc4b776-cf86-49f4-b1b2-9d5aff0b1ab9 req-71f9e486-726d-4d9f-8b6a-39fbb3a1ac77 96101d2caa2d4c85926e339557d15c7a e418dff920244de0b122744956fcf996 - - default default] 10.0.0.136 "GET /v2.0/ports?device_id=f81cfc48-f034-4e81-bb4e-7d8265f31501 HTTP/1.1" status: 200 len: 1168 time: 0.0659652
2026-05-20 04:22:42.387 9 INFO neutron.pecan_wsgi.hooks.translation [None req-6bce2ca2-a9f7-4720-879c-dc63d8b38ec0 706b4d4911684fdd9305c42088a5e062 1dd40682f60e493db0f174f4925a0af2 - - default default] DELETE failed (client error): The resource could not be found.
2026-05-20 04:22:42.390 9 INFO neutron.wsgi [None req-6bce2ca2-a9f7-4720-879c-dc63d8b38ec0 706b4d4911684fdd9305c42088a5e062 1dd40682f60e493db0f174f4925a0af2 - - default default] 10.0.0.99 "DELETE /v2.0/subnets/bc64a426-a678-4c51-bc81-0a89679719a2 HTTP/1.1" status: 404 len: 337 time: 0.0201776
2026-05-20 04:22:42.410 9 INFO neutron.pecan_wsgi.hooks.translation [None req-110afc9c-4d91-4f7e-a6d8-cac66e5b65a3 706b4d4911684fdd9305c42088a5e062 1dd40682f60e493db0f174f4925a0af2 - - default default] DELETE failed (client error): The resource could not be found.
2026-05-20 04:22:42.413 9 INFO neutron.wsgi [None req-110afc9c-4d91-4f7e-a6d8-cac66e5b65a3 706b4d4911684fdd9305c42088a5e062 1dd40682f60e493db0f174f4925a0af2 - - default default] 10.0.0.99 "DELETE /v2.0/subnets/8938006c-8374-42ae-835a-ebbdc94147f3 HTTP/1.1" status: 404 len: 337 time: 0.0197990
2026-05-20 04:22:42.460 10 INFO neutron.wsgi [req-7bc4b776-cf86-49f4-b1b2-9d5aff0b1ab9 req-0709f5f5-652a-42ce-8fb6-083f903a7e86 96101d2caa2d4c85926e339557d15c7a e418dff920244de0b122744956fcf996 - - default default] 10.0.0.136 "GET /v2.0/security-groups?id=3496d7c6-2d8a-4952-8994-d4898bdd86fe&fields=id&fields=name HTTP/1.1" status: 200 len: 286 time: 0.0653765
2026-05-20 04:22:42.519 10 INFO neutron.db.ovn_revision_numbers_db [req-6e13958f-020c-4923-8fca-da04dd787fd5 req-0ee019df-2572-4a39-8561-ebe9b930e23f e4f70518d8ff4da2a1cf3bb1440028c3 5ca49b4e25f7453da29fb66c3786bfed - - 89aa15eb3226486a8b596588dd15fb76 89aa15eb3226486a8b596588dd15fb76] Successfully bumped revision number for resource 1d7856a5-6f7d-4fab-8e4d-97975506de48 (type: ports) to 2
2026-05-20 04:22:42.550 10 INFO neutron.wsgi [req-6e13958f-020c-4923-8fca-da04dd787fd5 req-0ee019df-2572-4a39-8561-ebe9b930e23f e4f70518d8ff4da2a1cf3bb1440028c3 5ca49b4e25f7453da29fb66c3786bfed - - 89aa15eb3226486a8b596588dd15fb76 89aa15eb3226486a8b596588dd15fb76] 199.204.45.244 "PUT /v2.0/ports/1d7856a5-6f7d-4fab-8e4d-97975506de48 HTTP/1.1" status: 200 len: 1376 time: 1.5726647
2026-05-20 04:22:42.593 10 INFO neutron.notifiers.nova [-] Nova event matching ['req-be90432f-76dd-41ce-8efe-6c7ba0aa8db9'] response: {'name': 'network-changed', 'server_uuid': 'f81cfc48-f034-4e81-bb4e-7d8265f31501', 'tag': '1d7856a5-6f7d-4fab-8e4d-97975506de48', 'status': 'completed', 'code': 200} /var/lib/openstack/lib/python3.10/site-packages/pycadf/identifier.py:71: UserWarning: Invalid uuid: neutron. To ensure interoperability, identifiers should be a valid uuid. warnings.warn(('Invalid uuid: %s. To ensure interoperability, '
2026-05-20 04:22:42.612 9 INFO neutron.wsgi [-] 10.0.0.42 "GET / HTTP/1.1" status: 200 len: 247 time: 0.0015240
2026-05-20 04:22:42.618 9 INFO neutron.wsgi [-] 10.0.0.42 "GET / HTTP/1.1" status: 200 len: 247 time: 0.0048175
