2026-05-20 04:21:57.329 9 INFO neutron.wsgi [None req-ea640b70-d02e-4570-a053-0dddfcfa389d 2f24a31e7361484a926d42e268766599 15af51f74f724241b5d8abfac3bb90ff - - default default] 10.0.0.99 "GET /v2.0/security-groups?tenant_id=b67c24d40490498ab35a25d46a14c164&name=default HTTP/1.1" status: 200 len: 2996 time: 0.2038004
2026-05-20 04:21:57.516 9 INFO neutron.wsgi [None req-a588add0-dbe8-47bf-916a-a23b3d155601 2f24a31e7361484a926d42e268766599 15af51f74f724241b5d8abfac3bb90ff - - default default] 10.0.0.99 "DELETE /v2.0/security-groups/23469ad0-ad94-4b5a-8b9d-a65983057909 HTTP/1.1" status: 204 len: 168 time: 0.1774011
2026-05-20 04:21:57.612 9 INFO neutron.wsgi [-] 10.0.0.42 "GET / HTTP/1.1" status: 200 len: 247 time: 0.0019529
2026-05-20 04:21:57.613 10 INFO neutron.wsgi [-] 10.0.0.42 "GET / HTTP/1.1" status: 200 len: 247 time: 0.0025604
2026-05-20 04:21:57.812 10 INFO neutron.wsgi [req-9ec70062-8faf-4012-b828-55b075174750 req-295b81cd-b555-400d-8d51-fab8f6549048 e4f70518d8ff4da2a1cf3bb1440028c3 5ca49b4e25f7453da29fb66c3786bfed - - 89aa15eb3226486a8b596588dd15fb76 89aa15eb3226486a8b596588dd15fb76] 10.0.0.35 "GET /v2.0/ports?device_id=8378f815-fbf6-493a-9a9f-c3e4aa3c4591 HTTP/1.1" status: 200 len: 1413 time: 0.2828465
2026-05-20 04:21:57.857 10 INFO neutron.wsgi [req-9ec70062-8faf-4012-b828-55b075174750 req-4f7b792f-6077-40a3-b145-4f02f4fdcbab e4f70518d8ff4da2a1cf3bb1440028c3 5ca49b4e25f7453da29fb66c3786bfed - - 89aa15eb3226486a8b596588dd15fb76 89aa15eb3226486a8b596588dd15fb76] 10.0.0.35 "GET /v2.0/security-groups?id=edea011a-a5fc-486a-95ed-7fe63cf2fb25&fields=id&fields=name HTTP/1.1" status: 200 len: 313 time: 0.0401776
2026-05-20 04:21:58.311 10 INFO neutron.db.ovn_revision_numbers_db [None req-7041ff9c-d824-46b4-9c96-2b9aaeff919d 2f24a31e7361484a926d42e268766599 15af51f74f724241b5d8abfac3bb90ff - - default default] Successfully bumped revision number for resource 901fc258-f679-476d-9fab-3ca595abccda (type: security_groups) to 1
2026-05-20 04:21:58.324 10 INFO neutron.db.ovn_revision_numbers_db [None req-7041ff9c-d824-46b4-9c96-2b9aaeff919d 2f24a31e7361484a926d42e268766599 15af51f74f724241b5d8abfac3bb90ff - - default default] Successfully bumped revision number for resource c7ee8a4e-0354-4eee-97d4-a0c08edd20f7 (type: security_group_rules) to 0
2026-05-20 04:21:58.342 10 INFO neutron.db.ovn_revision_numbers_db [None req-7041ff9c-d824-46b4-9c96-2b9aaeff919d 2f24a31e7361484a926d42e268766599 15af51f74f724241b5d8abfac3bb90ff - - default default] Successfully bumped revision number for resource d4eb1245-cf5e-460b-aae3-01f45d14f879 (type: security_group_rules) to 0
2026-05-20 04:21:58.364 10 INFO neutron.db.ovn_revision_numbers_db [None req-7041ff9c-d824-46b4-9c96-2b9aaeff919d 2f24a31e7361484a926d42e268766599 15af51f74f724241b5d8abfac3bb90ff - - default default] Successfully bumped revision number for resource dd33f551-295f-4107-9231-3deb41d1e1ad (type: security_group_rules) to 0
2026-05-20 04:21:58.385 10 INFO neutron.db.ovn_revision_numbers_db [None req-7041ff9c-d824-46b4-9c96-2b9aaeff919d 2f24a31e7361484a926d42e268766599 15af51f74f724241b5d8abfac3bb90ff - - default default] Successfully bumped revision number for resource e713bd0c-a9a9-4164-ad08-cdaf49b62535 (type: security_group_rules) to 0
2026-05-20 04:21:58.410 9 INFO neutron.notifiers.nova [-] Nova event matching ['req-07400f14-a691-4510-ba09-74f311688db8'] response: {'server_uuid': 'fce45d51-4459-4941-b4b0-da889960eedf', 'name': 'network-vif-plugged', 'status': 'completed', 'tag': '280decbe-c17b-4ce2-b9c3-86c4be05c002', 'code': 200}
2026-05-20 04:21:58.411 10 INFO neutron.wsgi [None req-7041ff9c-d824-46b4-9c96-2b9aaeff919d 2f24a31e7361484a926d42e268766599 15af51f74f724241b5d8abfac3bb90ff - - default default] 10.0.0.99 "GET /v2.0/security-groups?tenant_id=e1feb1bc086e4318be842e17283cba95&name=default HTTP/1.1" status: 200 len: 2996 time: 0.2843349
2026-05-20 04:21:58.545 10 INFO neutron.wsgi [None req-418b1f1c-88b9-41d4-b63a-e24c4a2db332 44c9b922ce844b60a7e9ea1ad0842966 4783398b129a40dc8b798ffbc47d4eb9 - - default default] 10.0.0.99 "DELETE /v2.0/security-groups/e43f59c2-f807-4344-a4f4-a7624f934430 HTTP/1.1" status: 204 len: 168 time: 0.1327758
2026-05-20 04:21:58.559 10 INFO neutron.api.v2.resource [None req-0590bb03-15e8-4a58-8092-9ccb55fc2062 44c9b922ce844b60a7e9ea1ad0842966 4783398b129a40dc8b798ffbc47d4eb9 - - default default] show failed (client error): The resource could not be found.
2026-05-20 04:21:58.561 10 INFO neutron.wsgi [None req-0590bb03-15e8-4a58-8092-9ccb55fc2062 44c9b922ce844b60a7e9ea1ad0842966 4783398b129a40dc8b798ffbc47d4eb9 - - default default] 10.0.0.99 "GET /v2.0/security-groups/e43f59c2-f807-4344-a4f4-a7624f934430 HTTP/1.1" status: 404 len: 347 time: 0.0106766
2026-05-20 04:21:58.651 9 INFO neutron.wsgi [None req-35293226-ee42-4ff0-b368-c603797fde7c 2f24a31e7361484a926d42e268766599 15af51f74f724241b5d8abfac3bb90ff - - default default] 10.0.0.99 "DELETE /v2.0/security-groups/901fc258-f679-476d-9fab-3ca595abccda HTTP/1.1" status: 204 len: 168 time: 0.2362211
2026-05-20 04:21:59.145 10 INFO neutron.wsgi [None req-a66cf070-08b8-4f76-abc5-16b2e36336eb 44c9b922ce844b60a7e9ea1ad0842966 4783398b129a40dc8b798ffbc47d4eb9 - - default default] 10.0.0.99 "DELETE /v2.0/floatingips/84f8ca32-6d53-416f-9a1b-7598453fdbff HTTP/1.1" status: 204 len: 168 time: 0.5797377
2026-05-20 04:22:00.341 10 INFO neutron.wsgi [None req-98320bcd-90e3-4dcd-99cc-81276ab08252 2f24a31e7361484a926d42e268766599 15af51f74f724241b5d8abfac3bb90ff - - default default] 10.0.0.99 "PUT /v2.0/routers/685b4705-332d-4865-bc0d-39aed7020876/remove_router_interface HTTP/1.1" status: 200 len: 503 time: 1.1254394 /var/lib/openstack/lib/python3.10/site-packages/pycadf/identifier.py:71: UserWarning: Invalid uuid: neutron. To ensure interoperability, identifiers should be a valid uuid. warnings.warn(('Invalid uuid: %s. To ensure interoperability, '
2026-05-20 04:22:00.734 10 INFO neutron.db.ovn_revision_numbers_db [None req-88b6b2a4-731c-4586-bc1a-c00d62e92a88 1a8c0dd05eef4d11be4a213a82db4724 ff5bfe6623024bd9918b874d73499ccc - - default default] Successfully bumped revision number for resource 51376c57-ac90-488e-a369-1f43ffe5ac5c (type: security_groups) to 1
2026-05-20 04:22:00.747 10 INFO neutron.db.ovn_revision_numbers_db [None req-88b6b2a4-731c-4586-bc1a-c00d62e92a88 1a8c0dd05eef4d11be4a213a82db4724 ff5bfe6623024bd9918b874d73499ccc - - default default] Successfully bumped revision number for resource 2298a73e-bc91-4633-955a-0391e85f0579 (type: security_group_rules) to 0
2026-05-20 04:22:00.762 10 INFO neutron.db.ovn_revision_numbers_db [None req-88b6b2a4-731c-4586-bc1a-c00d62e92a88 1a8c0dd05eef4d11be4a213a82db4724 ff5bfe6623024bd9918b874d73499ccc - - default default] Successfully bumped revision number for resource b5d5d37b-5c0a-46ca-8760-d25a7e54a25b (type: security_group_rules) to 0
2026-05-20 04:22:00.777 10 INFO neutron.db.ovn_revision_numbers_db [None req-88b6b2a4-731c-4586-bc1a-c00d62e92a88 1a8c0dd05eef4d11be4a213a82db4724 ff5bfe6623024bd9918b874d73499ccc - - default default] Successfully bumped revision number for resource f671b7c0-4819-4823-a0c0-66b4d8e3aaa7 (type: security_group_rules) to 0
2026-05-20 04:22:00.795 10 INFO neutron.db.ovn_revision_numbers_db [None req-88b6b2a4-731c-4586-bc1a-c00d62e92a88 1a8c0dd05eef4d11be4a213a82db4724 ff5bfe6623024bd9918b874d73499ccc - - default default] Successfully bumped revision number for resource f68850d1-bbc4-450b-86f5-c5355d70b572 (type: security_group_rules) to 0
2026-05-20 04:22:00.870 10 INFO neutron.db.segments_db [None req-88b6b2a4-731c-4586-bc1a-c00d62e92a88 1a8c0dd05eef4d11be4a213a82db4724 ff5bfe6623024bd9918b874d73499ccc - - default default] Added segment 36e910f4-149e-4478-bdad-533a7d09f467 of type geneve for network 57439674-45d2-4bca-87f9-2a3540fde967
2026-05-20 04:22:01.019 9 INFO neutron.wsgi [None req-f950dc87-cae9-49f8-8dc9-4240d258bce2 2f24a31e7361484a926d42e268766599 15af51f74f724241b5d8abfac3bb90ff - - default default] 10.0.0.99 "DELETE /v2.0/routers/685b4705-332d-4865-bc0d-39aed7020876 HTTP/1.1" status: 204 len: 168 time: 0.6685400
2026-05-20 04:22:01.060 10 INFO neutron.db.ovn_revision_numbers_db [None req-88b6b2a4-731c-4586-bc1a-c00d62e92a88 1a8c0dd05eef4d11be4a213a82db4724 ff5bfe6623024bd9918b874d73499ccc - - default default] Successfully bumped revision number for resource 57439674-45d2-4bca-87f9-2a3540fde967 (type: networks) to 1
2026-05-20 04:22:01.324 10 WARNING neutron.scheduler.dhcp_agent_scheduler [None req-88b6b2a4-731c-4586-bc1a-c00d62e92a88 1a8c0dd05eef4d11be4a213a82db4724 ff5bfe6623024bd9918b874d73499ccc - - default default] No more DHCP agents
2026-05-20 04:22:01.328 10 WARNING neutron.api.rpc.agentnotifiers.dhcp_rpc_agent_api [None req-88b6b2a4-731c-4586-bc1a-c00d62e92a88 1a8c0dd05eef4d11be4a213a82db4724 ff5bfe6623024bd9918b874d73499ccc - - default default] Unable to schedule network 57439674-45d2-4bca-87f9-2a3540fde967: no agents available; will retry on subsequent port and subnet creation events.
2026-05-20 04:22:01.358 10 INFO neutron.wsgi [None req-9a1c4fe2-2f59-4447-81ae-578790ca5298 2f24a31e7361484a926d42e268766599 15af51f74f724241b5d8abfac3bb90ff - - default default] 10.0.0.99 "DELETE /v2.0/subnets/56318a7b-5e20-4c4f-b994-33032aa1694c HTTP/1.1" status: 204 len: 168 time: 0.3293409
2026-05-20 04:22:01.434 10 INFO neutron.db.ovn_revision_numbers_db [None req-88b6b2a4-731c-4586-bc1a-c00d62e92a88 1a8c0dd05eef4d11be4a213a82db4724 ff5bfe6623024bd9918b874d73499ccc - - default default] Successfully bumped revision number for resource 543ee2ca-1139-4a1d-a1e6-1d0317960fc4 (type: ports) to 1
2026-05-20 04:22:01.472 10 INFO neutron.wsgi [None req-88b6b2a4-731c-4586-bc1a-c00d62e92a88 1a8c0dd05eef4d11be4a213a82db4724 ff5bfe6623024bd9918b874d73499ccc - - default default] 10.0.0.99 "POST /v2.0/networks HTTP/1.1" status: 201 len: 846 time: 1.0583811
2026-05-20 04:22:01.761 9 INFO neutron.services.segments.plugin [-] Segment e085a999-1696-4ae9-aaff-66b7d019c248 resource provider aggregate not found
2026-05-20 04:22:01.777 9 INFO neutron.services.segments.plugin [-] Segment e085a999-1696-4ae9-aaff-66b7d019c248 resource provider aggregate not found
2026-05-20 04:22:01.784 9 INFO neutron.services.segments.plugin [-] Segment e085a999-1696-4ae9-aaff-66b7d019c248 resource provider not found; error: Placement Client Error (4xx): {"errors": [{"status": 404, "title": "Not Found", "detail": "The resource could not be found.\n\n No resource provider with uuid e085a999-1696-4ae9-aaff-66b7d019c248 found for delete ", "request_id": "req-ccf9f4b7-d1e9-4873-89ba-191c4c4b4199"}]}
2026-05-20 04:22:01.800 9 INFO neutron.services.segments.plugin [-] Segment e085a999-1696-4ae9-aaff-66b7d019c248 resource provider not found; error: Placement Client Error (4xx): {"errors": [{"status": 404, "title": "Not Found", "detail": "The resource could not be found.\n\n No resource provider with uuid e085a999-1696-4ae9-aaff-66b7d019c248 found for delete ", "request_id": "req-24c9bd33-64e3-4650-8c9b-337e0ca82877"}]}
2026-05-20 04:22:01.831 9 INFO neutron.wsgi [None req-e89beb4b-0d82-4480-ae11-323b7ead6130 2f24a31e7361484a926d42e268766599 15af51f74f724241b5d8abfac3bb90ff - - default default] 10.0.0.99 "DELETE /v2.0/networks/383e13f7-89f4-44bb-af7e-6b7d89d4b1ab HTTP/1.1" status: 204 len: 168 time: 0.4660630
2026-05-20 04:22:01.975 9 INFO neutron.wsgi [None req-71fa2afd-cfd3-4d84-bbb8-684032b9e372 2f24a31e7361484a926d42e268766599 15af51f74f724241b5d8abfac3bb90ff - - default default] 10.0.0.99 "GET /v2.0/security-groups?tenant_id=4783398b129a40dc8b798ffbc47d4eb9&name=default HTTP/1.1" status: 200 len: 2996 time: 0.0409858
2026-05-20 04:22:02.269 10 WARNING neutron.scheduler.dhcp_agent_scheduler [None req-5658fecc-7188-4375-864c-f2a4269cd7a6 1a8c0dd05eef4d11be4a213a82db4724 ff5bfe6623024bd9918b874d73499ccc - - default default] No more DHCP agents
2026-05-20 04:22:02.274 10 WARNING neutron.api.rpc.agentnotifiers.dhcp_rpc_agent_api [None req-5658fecc-7188-4375-864c-f2a4269cd7a6 1a8c0dd05eef4d11be4a213a82db4724 ff5bfe6623024bd9918b874d73499ccc - - default default] Unable to schedule network 57439674-45d2-4bca-87f9-2a3540fde967: no agents available; will retry on subsequent port and subnet creation events.
2026-05-20 04:22:02.338 10 INFO neutron.db.ovn_revision_numbers_db [None req-5658fecc-7188-4375-864c-f2a4269cd7a6 1a8c0dd05eef4d11be4a213a82db4724 ff5bfe6623024bd9918b874d73499ccc - - default default] Successfully bumped revision number for resource 536a68a1-23ee-472d-a741-fedf48e5eca9 (type: subnets) to 0
2026-05-20 04:22:02.356 10 INFO neutron.wsgi [req-15a98118-4e9a-471e-9856-a99d1b428462 req-90f71b83-e749-4021-bfc1-6bb37c8b0a28 75b7a173720a4c3b98a82ce92f9f3281 3055cd867cd64ac99cf09c5f4e16b6e3 - - default default] 10.0.0.136 "GET /v2.0/ports?device_id=8378f815-fbf6-493a-9a9f-c3e4aa3c4591 HTTP/1.1" status: 200 len: 1174 time: 0.1208749
2026-05-20 04:22:02.364 10 INFO neutron.wsgi [None req-5658fecc-7188-4375-864c-f2a4269cd7a6 1a8c0dd05eef4d11be4a213a82db4724 ff5bfe6623024bd9918b874d73499ccc - - default default] 10.0.0.99 "POST /v2.0/subnets HTTP/1.1" status: 201 len: 848 time: 0.4454832
2026-05-20 04:22:02.400 10 INFO neutron.wsgi [req-15a98118-4e9a-471e-9856-a99d1b428462 req-a90c2ac8-30f2-4bf0-a957-27f82812d134 75b7a173720a4c3b98a82ce92f9f3281 3055cd867cd64ac99cf09c5f4e16b6e3 - - default default] 10.0.0.136 "GET /v2.0/security-groups?id=edea011a-a5fc-486a-95ed-7fe63cf2fb25&fields=id&fields=name HTTP/1.1" status: 200 len: 313 time: 0.0339804
2026-05-20 04:22:02.431 10 INFO neutron.wsgi [None req-f8610a45-2a11-4fa6-9c7f-1254692a9175 2f24a31e7361484a926d42e268766599 15af51f74f724241b5d8abfac3bb90ff - - default default] 10.0.0.99 "DELETE /v2.0/security-groups/97aac441-ba25-460f-9c2e-f01116ac7775 HTTP/1.1" status: 204 len: 168 time: 0.4489627
2026-05-20 04:22:02.478 9 INFO neutron.db.segments_db [None req-215e14a5-9283-49a8-b19e-bb3819a4a138 1a8c0dd05eef4d11be4a213a82db4724 ff5bfe6623024bd9918b874d73499ccc - - default default] Added segment a5f4684d-1836-4e13-a314-e1f1de2c0616 of type geneve for network efe5a314-d8fc-490a-8acd-07d4a5d9aa06
2026-05-20 04:22:02.533 10 INFO neutron.wsgi [req-b33f425a-3359-47a5-82f5-de3b77b65076 req-f956a8c1-79fa-4c28-b0ef-22e9a9ed84a2 75b7a173720a4c3b98a82ce92f9f3281 3055cd867cd64ac99cf09c5f4e16b6e3 - - default default] 10.0.0.136 "GET /v2.0/ports?device_id=8378f815-fbf6-493a-9a9f-c3e4aa3c4591 HTTP/1.1" status: 200 len: 1174 time: 0.0408907
2026-05-20 04:22:02.579 10 INFO neutron.wsgi [req-b33f425a-3359-47a5-82f5-de3b77b65076 req-6df68c61-a7cc-4a57-82e8-039e5fa227e2 75b7a173720a4c3b98a82ce92f9f3281 3055cd867cd64ac99cf09c5f4e16b6e3 - - default default] 10.0.0.136 "GET /v2.0/security-groups?id=edea011a-a5fc-486a-95ed-7fe63cf2fb25&fields=id&fields=name HTTP/1.1" status: 200 len: 313 time: 0.0397744
2026-05-20 04:22:02.632 9 INFO neutron.db.ovn_revision_numbers_db [None req-2d6e47f7-51fb-4cb4-9113-8b3c169ea8b7 2f24a31e7361484a926d42e268766599 15af51f74f724241b5d8abfac3bb90ff - - default default] Successfully bumped revision number for resource 40819c29-12be-45cf-9763-d8ce1b48f41d (type: security_groups) to 1
2026-05-20 04:22:02.652 9 INFO neutron.db.ovn_revision_numbers_db [None req-2d6e47f7-51fb-4cb4-9113-8b3c169ea8b7 2f24a31e7361484a926d42e268766599 15af51f74f724241b5d8abfac3bb90ff - - default default] Successfully bumped revision number for resource 4ff1b4b9-c488-442b-bf26-2adcb0f6e6a3 (type: security_group_rules) to 0
2026-05-20 04:22:02.654 9 INFO neutron.db.ovn_revision_numbers_db [None req-215e14a5-9283-49a8-b19e-bb3819a4a138 1a8c0dd05eef4d11be4a213a82db4724 ff5bfe6623024bd9918b874d73499ccc - - default default] Successfully bumped revision number for resource efe5a314-d8fc-490a-8acd-07d4a5d9aa06 (type: networks) to 1
2026-05-20 04:22:02.691 9 INFO neutron.db.ovn_revision_numbers_db [None req-2d6e47f7-51fb-4cb4-9113-8b3c169ea8b7 2f24a31e7361484a926d42e268766599 15af51f74f724241b5d8abfac3bb90ff - - default default] Successfully bumped revision number for resource b05880d5-6378-4973-a38a-261811a36931 (type: security_group_rules) to 0
2026-05-20 04:22:02.708 9 INFO neutron.db.ovn_revision_numbers_db [None req-2d6e47f7-51fb-4cb4-9113-8b3c169ea8b7 2f24a31e7361484a926d42e268766599 15af51f74f724241b5d8abfac3bb90ff - - default default] Successfully bumped revision number for resource c3f9d6e9-ff7f-45b7-9177-6837e8e17124 (type: security_group_rules) to 0
2026-05-20 04:22:02.743 9 INFO neutron.db.ovn_revision_numbers_db [None req-2d6e47f7-51fb-4cb4-9113-8b3c169ea8b7 2f24a31e7361484a926d42e268766599 15af51f74f724241b5d8abfac3bb90ff - - default default] Successfully bumped revision number for resource c6f3d602-8725-4477-a407-612c685c50a2 (type: security_group_rules) to 0
2026-05-20 04:22:02.781 9 INFO neutron.wsgi [None req-2d6e47f7-51fb-4cb4-9113-8b3c169ea8b7 2f24a31e7361484a926d42e268766599 15af51f74f724241b5d8abfac3bb90ff - - default default] 10.0.0.99 "GET /v2.0/security-groups?tenant_id=e7e81aeae9ad4405801c6ee8a0cae9e1&name=default HTTP/1.1" status: 200 len: 2996 time: 0.4967101
2026-05-20 04:22:02.850 9 WARNING neutron.scheduler.dhcp_agent_scheduler [None req-215e14a5-9283-49a8-b19e-bb3819a4a138 1a8c0dd05eef4d11be4a213a82db4724 ff5bfe6623024bd9918b874d73499ccc - - default default] No more DHCP agents
2026-05-20 04:22:02.853 9 WARNING neutron.api.rpc.agentnotifiers.dhcp_rpc_agent_api [None req-215e14a5-9283-49a8-b19e-bb3819a4a138 1a8c0dd05eef4d11be4a213a82db4724 ff5bfe6623024bd9918b874d73499ccc - - default default] Unable to schedule network efe5a314-d8fc-490a-8acd-07d4a5d9aa06: no agents available; will retry on subsequent port and subnet creation events.
2026-05-20 04:22:02.926 9 INFO neutron.db.ovn_revision_numbers_db [None req-215e14a5-9283-49a8-b19e-bb3819a4a138 1a8c0dd05eef4d11be4a213a82db4724 ff5bfe6623024bd9918b874d73499ccc - - default default] Successfully bumped revision number for resource a24eb529-cc61-4aef-9775-569e10ef6e06 (type: ports) to 1
2026-05-20 04:22:02.942 10 INFO neutron.wsgi [req-3c14b715-4264-4b45-9389-2cff1b6ad312 req-a017497b-eb80-4f38-8153-b341911e7c53 e4f70518d8ff4da2a1cf3bb1440028c3 5ca49b4e25f7453da29fb66c3786bfed - - 89aa15eb3226486a8b596588dd15fb76 89aa15eb3226486a8b596588dd15fb76] 199.204.45.244 "GET /v2.0/ports?tenant_id=3055cd867cd64ac99cf09c5f4e16b6e3&device_id=8378f815-fbf6-493a-9a9f-c3e4aa3c4591 HTTP/1.1" status: 200 len: 1413 time: 0.0518644
2026-05-20 04:22:02.944 9 INFO neutron.wsgi [None req-215e14a5-9283-49a8-b19e-bb3819a4a138 1a8c0dd05eef4d11be4a213a82db4724 ff5bfe6623024bd9918b874d73499ccc - - default default] 10.0.0.99 "POST /v2.0/networks HTTP/1.1" status: 201 len: 846 time: 0.5724664
2026-05-20 04:22:02.955 10 INFO neutron.wsgi [req-68baf1de-7e01-4c89-9bd0-622d2e47d2d9 req-e3885d69-abc4-4dfb-88b2-4023a0fe91f6 75b7a173720a4c3b98a82ce92f9f3281 3055cd867cd64ac99cf09c5f4e16b6e3 - - default default] 10.0.0.136 "GET /v2.0/ports?device_id=8378f815-fbf6-493a-9a9f-c3e4aa3c4591 HTTP/1.1" status: 200 len: 1174 time: 0.0732703
2026-05-20 04:22:03.024 10 INFO neutron.wsgi [req-68baf1de-7e01-4c89-9bd0-622d2e47d2d9 req-5e7e51bd-a96c-4903-b2fb-14b6f0ec7304 75b7a173720a4c3b98a82ce92f9f3281 3055cd867cd64ac99cf09c5f4e16b6e3 - - default default] 10.0.0.136 "GET /v2.0/security-groups?id=edea011a-a5fc-486a-95ed-7fe63cf2fb25&fields=id&fields=name HTTP/1.1" status: 200 len: 313 time: 0.0611382
2026-05-20 04:22:03.033 10 INFO neutron.wsgi [req-3c14b715-4264-4b45-9389-2cff1b6ad312 req-13ba79c5-5874-48ee-89bb-9f18caefdff4 e4f70518d8ff4da2a1cf3bb1440028c3 5ca49b4e25f7453da29fb66c3786bfed - - 89aa15eb3226486a8b596588dd15fb76 89aa15eb3226486a8b596588dd15fb76] 199.204.45.244 "GET /v2.0/networks?id=5c497df4-71d1-4f88-8016-eaac55274b6e HTTP/1.1" status: 200 len: 973 time: 0.0845883
2026-05-20 04:22:03.076 10 INFO neutron.wsgi [req-3c14b715-4264-4b45-9389-2cff1b6ad312 req-8ca09c5f-1b46-45a5-886c-53b922fa719d e4f70518d8ff4da2a1cf3bb1440028c3 5ca49b4e25f7453da29fb66c3786bfed - - 89aa15eb3226486a8b596588dd15fb76 89aa15eb3226486a8b596588dd15fb76] 199.204.45.244 "GET /v2.0/floatingips?fixed_ip_address=10.100.0.10&port_id=9ae9ba59-02ea-4510-88b2-8daec9f23200 HTTP/1.1" status: 200 len: 1060 time: 0.0380304
2026-05-20 04:22:03.119 10 INFO neutron.wsgi [req-3c14b715-4264-4b45-9389-2cff1b6ad312 req-3e6dfa54-eccf-4bab-8824-d0ccf9f4a2b7 e4f70518d8ff4da2a1cf3bb1440028c3 5ca49b4e25f7453da29fb66c3786bfed - - 89aa15eb3226486a8b596588dd15fb76 89aa15eb3226486a8b596588dd15fb76] 199.204.45.244 "GET /v2.0/subnets?id=94270bfc-16e2-4034-b3b5-8a5e7bd02855 HTTP/1.1" status: 200 len: 868 time: 0.0373280
2026-05-20 04:22:03.126 10 INFO neutron.wsgi [None req-f92332d0-fd95-4864-8328-1a32fa5708dc 2f24a31e7361484a926d42e268766599 15af51f74f724241b5d8abfac3bb90ff - - default default] 10.0.0.99 "DELETE /v2.0/security-groups/40819c29-12be-45cf-9763-d8ce1b48f41d HTTP/1.1" status: 204 len: 168 time: 0.3408704
2026-05-20 04:22:03.143 10 INFO neutron.wsgi [req-3c14b715-4264-4b45-9389-2cff1b6ad312 req-5230243a-b3b8-4b7f-ae83-108923b36af3 e4f70518d8ff4da2a1cf3bb1440028c3 5ca49b4e25f7453da29fb66c3786bfed - - 89aa15eb3226486a8b596588dd15fb76 89aa15eb3226486a8b596588dd15fb76] 199.204.45.244 "GET /v2.0/ports?network_id=5c497df4-71d1-4f88-8016-eaac55274b6e&device_owner=network%3Adhcp HTTP/1.1" status: 200 len: 210 time: 0.0165510
2026-05-20 04:22:03.156 9 INFO neutron.db.ovn_revision_numbers_db [None req-3db5315f-557f-474d-b887-9f98d6505f24 1a8c0dd05eef4d11be4a213a82db4724 ff5bfe6623024bd9918b874d73499ccc - - default default] Successfully bumped revision number for resource efe5a314-d8fc-490a-8acd-07d4a5d9aa06 (type: networks) to 2
2026-05-20 04:22:03.162 9 INFO neutron.wsgi [None req-3db5315f-557f-474d-b887-9f98d6505f24 1a8c0dd05eef4d11be4a213a82db4724 ff5bfe6623024bd9918b874d73499ccc - - default default] 10.0.0.99 "PUT /v2.0/networks/efe5a314-d8fc-490a-8acd-07d4a5d9aa06 HTTP/1.1" status: 200 len: 792 time: 0.2116237
2026-05-20 04:22:03.231 10 INFO neutron.wsgi [req-3c14b715-4264-4b45-9389-2cff1b6ad312 req-8b256a52-f7ff-409f-ae7f-5992b0826107 e4f70518d8ff4da2a1cf3bb1440028c3 5ca49b4e25f7453da29fb66c3786bfed - - 89aa15eb3226486a8b596588dd15fb76 89aa15eb3226486a8b596588dd15fb76] 199.204.45.244 "GET /v2.0/networks/5c497df4-71d1-4f88-8016-eaac55274b6e?fields=segments HTTP/1.1" status: 200 len: 212 time: 0.0817413
2026-05-20 04:22:03.287 10 INFO neutron.wsgi [req-3c14b715-4264-4b45-9389-2cff1b6ad312 req-1ccc01cb-a00c-4c67-bb52-cbb83e4605c1 e4f70518d8ff4da2a1cf3bb1440028c3 5ca49b4e25f7453da29fb66c3786bfed - - 89aa15eb3226486a8b596588dd15fb76 89aa15eb3226486a8b596588dd15fb76] 199.204.45.244 "GET /v2.0/networks/5c497df4-71d1-4f88-8016-eaac55274b6e?fields=provider%3Aphysical_network&fields=provider%3Anetwork_type HTTP/1.1" status: 200 len: 277 time: 0.0470729
2026-05-20 04:22:03.456 9 WARNING neutron.scheduler.dhcp_agent_scheduler [None req-989ac3af-01d9-4757-997a-48ac87942269 1a8c0dd05eef4d11be4a213a82db4724 ff5bfe6623024bd9918b874d73499ccc - - default default] No more DHCP agents
2026-05-20 04:22:03.458 9 WARNING neutron.api.rpc.agentnotifiers.dhcp_rpc_agent_api [None req-989ac3af-01d9-4757-997a-48ac87942269 1a8c0dd05eef4d11be4a213a82db4724 ff5bfe6623024bd9918b874d73499ccc - - default default] Unable to schedule network efe5a314-d8fc-490a-8acd-07d4a5d9aa06: no agents available; will retry on subsequent port and subnet creation events.
2026-05-20 04:22:03.486 9 INFO neutron.db.ovn_revision_numbers_db [None req-989ac3af-01d9-4757-997a-48ac87942269 1a8c0dd05eef4d11be4a213a82db4724 ff5bfe6623024bd9918b874d73499ccc - - default default] Successfully bumped revision number for resource 5545d80c-6346-44ff-afd5-b5884738acc3 (type: subnets) to 0
2026-05-20 04:22:03.502 9 INFO neutron.wsgi [None req-989ac3af-01d9-4757-997a-48ac87942269 1a8c0dd05eef4d11be4a213a82db4724 ff5bfe6623024bd9918b874d73499ccc - - default default] 10.0.0.99 "POST /v2.0/subnets HTTP/1.1" status: 201 len: 821 time: 0.3304479
2026-05-20 04:22:03.558 9 INFO neutron.plugins.ml2.drivers.ovn.mech_driver.mech_driver [None req-81c5e094-bb6d-41a5-9d80-80da556afc5e - - - - - -] OVN reports status down for port: 9ae9ba59-02ea-4510-88b2-8daec9f23200
2026-05-20 04:22:03.741 9 INFO neutron.notifiers.nova [-] Nova event matching ['req-32da3244-6dfb-402b-bce5-5d8b84bfe1a5'] response: {'server_uuid': '8378f815-fbf6-493a-9a9f-c3e4aa3c4591', 'name': 'network-vif-unplugged', 'status': 'completed', 'tag': '9ae9ba59-02ea-4510-88b2-8daec9f23200', 'code': 200}
2026-05-20 04:22:04.151 10 INFO neutron.wsgi [req-121a539f-d6ee-4fdb-9f43-24de922a4828 req-3465bc1c-dfae-4b5d-bc16-dff44aa5301a 75b7a173720a4c3b98a82ce92f9f3281 3055cd867cd64ac99cf09c5f4e16b6e3 - - default default] 10.0.0.136 "GET /v2.0/ports?device_id=8378f815-fbf6-493a-9a9f-c3e4aa3c4591 HTTP/1.1" status: 200 len: 1172 time: 0.0465243
2026-05-20 04:22:04.185 9 INFO neutron.db.ovn_revision_numbers_db [None req-81c5e094-bb6d-41a5-9d80-80da556afc5e - - - - - -] Successfully bumped revision number for resource 9ae9ba59-02ea-4510-88b2-8daec9f23200 (type: ports) to 5
2026-05-20 04:22:04.213 9 WARNING neutron.plugins.ml2.drivers.ovn.mech_driver.ovsdb.ovn_client [None req-81c5e094-bb6d-41a5-9d80-80da556afc5e - - - - - -] Logical_Switch_Port %s host information not removed, the port state is up
2026-05-20 04:22:04.213 9 INFO neutron.plugins.ml2.drivers.ovn.mech_driver.mech_driver [None req-81c5e094-bb6d-41a5-9d80-80da556afc5e - - - - - -] OVN reports status up for port: 9ae9ba59-02ea-4510-88b2-8daec9f23200
2026-05-20 04:22:04.216 10 INFO neutron.wsgi [req-121a539f-d6ee-4fdb-9f43-24de922a4828 req-12d6d0a8-c57b-44da-b724-50e9dc41abb9 75b7a173720a4c3b98a82ce92f9f3281 3055cd867cd64ac99cf09c5f4e16b6e3 - - default default] 10.0.0.136 "GET /v2.0/security-groups?id=edea011a-a5fc-486a-95ed-7fe63cf2fb25&fields=id&fields=name HTTP/1.1" status: 200 len: 313 time: 0.0591478
2026-05-20 04:22:04.238 9 INFO neutron.plugins.ml2.plugin [None req-81c5e094-bb6d-41a5-9d80-80da556afc5e - - - - - -] Attempt 1 to provision port 9ae9ba59-02ea-4510-88b2-8daec9f23200
2026-05-20 04:22:04.559 9 INFO neutron.db.ovn_revision_numbers_db [None req-81c5e094-bb6d-41a5-9d80-80da556afc5e - - - - - -] Successfully bumped revision number for resource 9ae9ba59-02ea-4510-88b2-8daec9f23200 (type: ports) to 6
2026-05-20 04:22:04.596 9 INFO neutron.db.ovn_revision_numbers_db [None req-099c24bb-b1eb-4a39-b6e7-7b7d7c330c5b 1a8c0dd05eef4d11be4a213a82db4724 ff5bfe6623024bd9918b874d73499ccc - - default default] Successfully bumped revision number for resource a24eb529-cc61-4aef-9775-569e10ef6e06 (type: ports) to 2
2026-05-20 04:22:04.637 9 INFO neutron.db.ovn_revision_numbers_db [None req-099c24bb-b1eb-4a39-b6e7-7b7d7c330c5b 1a8c0dd05eef4d11be4a213a82db4724 ff5bfe6623024bd9918b874d73499ccc - - default default] Successfully bumped revision number for resource 5545d80c-6346-44ff-afd5-b5884738acc3 (type: subnets) to 1
2026-05-20 04:22:04.640 9 INFO neutron.wsgi [None req-099c24bb-b1eb-4a39-b6e7-7b7d7c330c5b 1a8c0dd05eef4d11be4a213a82db4724 ff5bfe6623024bd9918b874d73499ccc - - default default] 10.0.0.99 "PUT /v2.0/subnets/5545d80c-6346-44ff-afd5-b5884738acc3 HTTP/1.1" status: 200 len: 826 time: 1.1335266 /var/lib/openstack/lib/python3.10/site-packages/pycadf/identifier.py:71: UserWarning: Invalid uuid: neutron. To ensure interoperability, identifiers should be a valid uuid. warnings.warn(('Invalid uuid: %s. To ensure interoperability, '
2026-05-20 04:22:05.094 9 INFO neutron.services.segments.plugin [-] Segment a5f4684d-1836-4e13-a314-e1f1de2c0616 resource provider aggregate not found
2026-05-20 04:22:05.099 9 INFO neutron.services.segments.plugin [-] Segment a5f4684d-1836-4e13-a314-e1f1de2c0616 resource provider aggregate not found
2026-05-20 04:22:05.111 9 INFO neutron.services.segments.plugin [-] Segment a5f4684d-1836-4e13-a314-e1f1de2c0616 resource provider not found; error: Placement Client Error (4xx): {"errors": [{"status": 404, "title": "Not Found", "detail": "The resource could not be found.\n\n No resource provider with uuid a5f4684d-1836-4e13-a314-e1f1de2c0616 found for delete ", "request_id": "req-73ddff90-2684-47bd-bc8c-f80788574040"}]}
2026-05-20 04:22:05.121 9 INFO neutron.services.segments.plugin [-] Segment a5f4684d-1836-4e13-a314-e1f1de2c0616 resource provider not found; error: Placement Client Error (4xx): {"errors": [{"status": 404, "title": "Not Found", "detail": "The resource could not be found.\n\n No resource provider with uuid a5f4684d-1836-4e13-a314-e1f1de2c0616 found for delete ", "request_id": "req-53c72e06-5d30-4962-8f8f-783cf7ccd468"}]}
2026-05-20 04:22:05.156 9 INFO neutron.wsgi [None req-fb93aded-ed82-4ab4-8265-8e57439e86b5 1a8c0dd05eef4d11be4a213a82db4724 ff5bfe6623024bd9918b874d73499ccc - - default default] 10.0.0.99 "DELETE /v2.0/networks/efe5a314-d8fc-490a-8acd-07d4a5d9aa06 HTTP/1.1" status: 204 len: 168 time: 0.5105309
2026-05-20 04:22:05.176 10 INFO neutron.pecan_wsgi.hooks.translation [None req-5fb3af5f-d5e4-4bb5-96e6-dbcb5283cfde 1a8c0dd05eef4d11be4a213a82db4724 ff5bfe6623024bd9918b874d73499ccc - - default default] DELETE failed (client error): The resource could not be found.
2026-05-20 04:22:05.179 10 INFO neutron.wsgi [None req-5fb3af5f-d5e4-4bb5-96e6-dbcb5283cfde 1a8c0dd05eef4d11be4a213a82db4724 ff5bfe6623024bd9918b874d73499ccc - - default default] 10.0.0.99 "DELETE /v2.0/networks/efe5a314-d8fc-490a-8acd-07d4a5d9aa06 HTTP/1.1" status: 404 len: 339 time: 0.0181520
2026-05-20 04:22:05.252 10 INFO neutron.db.ovn_revision_numbers_db [None req-4d909df4-f7ad-4a72-9238-44ebed5cc313 8739de43ce6e4ec6b28d9273b6e4f1ff cef78ca491eb42939326ac1d13095eac - - default default] Successfully bumped revision number for resource 88fbc371-cba6-45e1-97a4-c54582beb70c (type: security_groups) to 1
2026-05-20 04:22:05.269 10 INFO neutron.db.ovn_revision_numbers_db [None req-4d909df4-f7ad-4a72-9238-44ebed5cc313 8739de43ce6e4ec6b28d9273b6e4f1ff cef78ca491eb42939326ac1d13095eac - - default default] Successfully bumped revision number for resource 77b42810-4f77-4107-a041-5cd4014c22f6 (type: security_group_rules) to 0
2026-05-20 04:22:05.287 9 INFO neutron.wsgi [None req-99ac0860-7b9d-4349-991a-0076ba0039cc 1a8c0dd05eef4d11be4a213a82db4724 ff5bfe6623024bd9918b874d73499ccc - - default default] 10.0.0.99 "GET /v2.0/networks?router%3Aexternal=True HTTP/1.1" status: 200 len: 845 time: 0.1004288
2026-05-20 04:22:05.290 10 INFO neutron.db.ovn_revision_numbers_db [None req-4d909df4-f7ad-4a72-9238-44ebed5cc313 8739de43ce6e4ec6b28d9273b6e4f1ff cef78ca491eb42939326ac1d13095eac - - default default] Successfully bumped revision number for resource 87897246-a59e-4fd0-be3b-b734157991ad (type: security_group_rules) to 0
2026-05-20 04:22:05.315 10 INFO neutron.wsgi [req-71ba8e29-4781-4711-be22-66afe0e223a9 req-d4b8100a-67a5-4b38-80b9-b34af8a6f37f 75b7a173720a4c3b98a82ce92f9f3281 3055cd867cd64ac99cf09c5f4e16b6e3 - - default default] 10.0.0.136 "GET /v2.0/ports?device_id=8378f815-fbf6-493a-9a9f-c3e4aa3c4591 HTTP/1.1" status: 200 len: 1174 time: 0.0376952
2026-05-20 04:22:05.316 10 INFO neutron.db.ovn_revision_numbers_db [None req-4d909df4-f7ad-4a72-9238-44ebed5cc313 8739de43ce6e4ec6b28d9273b6e4f1ff cef78ca491eb42939326ac1d13095eac - - default default] Successfully bumped revision number for resource b8a6e68a-d6e2-447a-a479-8aa83012cf23 (type: security_group_rules) to 0
2026-05-20 04:22:05.335 10 INFO neutron.db.ovn_revision_numbers_db [None req-4d909df4-f7ad-4a72-9238-44ebed5cc313 8739de43ce6e4ec6b28d9273b6e4f1ff cef78ca491eb42939326ac1d13095eac - - default default] Successfully bumped revision number for resource bcd11f8a-5b95-4b7e-b7b4-e69790b3d9b1 (type: security_group_rules) to 0
2026-05-20 04:22:05.339 9 INFO neutron.wsgi [None req-de757350-9edd-4fdd-ae7a-bdf78c846eac 1a8c0dd05eef4d11be4a213a82db4724 ff5bfe6623024bd9918b874d73499ccc - - default default] 10.0.0.99 "GET /v2.0/subnets?network_id=db57a76f-9faa-48e4-bf2e-a7fa9e8dc65e HTTP/1.1" status: 200 len: 820 time: 0.0471363
2026-05-20 04:22:05.354 9 INFO neutron.wsgi [None req-6c50def5-c63e-4e99-865c-0ed871c23303 1a8c0dd05eef4d11be4a213a82db4724 ff5bfe6623024bd9918b874d73499ccc - - default default] 10.0.0.99 "GET /v2.0/extensions HTTP/1.1" status: 200 len: 16520 time: 0.0105033
2026-05-20 04:22:05.385 10 INFO neutron.wsgi [req-71ba8e29-4781-4711-be22-66afe0e223a9 req-b791ae45-f338-4876-9762-910db6542d61 75b7a173720a4c3b98a82ce92f9f3281 3055cd867cd64ac99cf09c5f4e16b6e3 - - default default] 10.0.0.136 "GET /v2.0/security-groups?id=edea011a-a5fc-486a-95ed-7fe63cf2fb25&fields=id&fields=name HTTP/1.1" status: 200 len: 313 time: 0.0615888
2026-05-20 04:22:05.422 10 INFO neutron.db.segments_db [None req-4d909df4-f7ad-4a72-9238-44ebed5cc313 8739de43ce6e4ec6b28d9273b6e4f1ff cef78ca491eb42939326ac1d13095eac - - default default] Added segment ddaf1ec7-7c70-444e-9534-d5594f7a36ac of type geneve for network 2d5b7320-9efe-48d1-9016-7121f438ff10
2026-05-20 04:22:05.476 9 INFO neutron.wsgi [None req-beea2f54-260e-40ce-a4d1-6cd0c8f040ce 1a8c0dd05eef4d11be4a213a82db4724 ff5bfe6623024bd9918b874d73499ccc - - default default] 10.0.0.99 "GET /v2.0/networks HTTP/1.1" status: 200 len: 1507 time: 0.1120353
2026-05-20 04:22:05.538 9 INFO neutron.wsgi [None req-899943a8-5309-4578-bc92-6b945429c34e 1a8c0dd05eef4d11be4a213a82db4724 ff5bfe6623024bd9918b874d73499ccc - - default default] 10.0.0.99 "GET /v2.0/subnets HTTP/1.1" status: 200 len: 1460 time: 0.0545225
2026-05-20 04:22:05.539 10 INFO neutron.db.segments_db [None req-4d909df4-f7ad-4a72-9238-44ebed5cc313 8739de43ce6e4ec6b28d9273b6e4f1ff cef78ca491eb42939326ac1d13095eac - - default default] Added segment 52d36036-b5eb-4cec-85aa-aa15da4a1e34 of type geneve for network b437f7dc-a99e-402a-862b-140ae741a2c8
2026-05-20 04:22:05.635 10 INFO neutron.wsgi [None req-bfff6c85-69eb-4d59-b5b6-487fc26ee915 1a8c0dd05eef4d11be4a213a82db4724 ff5bfe6623024bd9918b874d73499ccc - - default default] 10.0.0.99 "GET /v2.0/networks/57439674-45d2-4bca-87f9-2a3540fde967 HTTP/1.1" status: 200 len: 866 time: 0.0876825
2026-05-20 04:22:05.686 9 INFO neutron.wsgi [None req-0da2f2b1-fe37-48c5-82f2-9a73079f8a01 1a8c0dd05eef4d11be4a213a82db4724 ff5bfe6623024bd9918b874d73499ccc - - default default] 10.0.0.99 "GET /v2.0/subnets/536a68a1-23ee-472d-a741-fedf48e5eca9 HTTP/1.1" status: 200 len: 843 time: 0.0411799
2026-05-20 04:22:05.718 10 INFO neutron.pecan_wsgi.hooks.translation [None req-83b73d8c-da57-4736-a0a8-48beae045b07 1a8c0dd05eef4d11be4a213a82db4724 ff5bfe6623024bd9918b874d73499ccc - - default default] DELETE failed (client error): The resource could not be found.
2026-05-20 04:22:05.720 10 INFO neutron.wsgi [None req-83b73d8c-da57-4736-a0a8-48beae045b07 1a8c0dd05eef4d11be4a213a82db4724 ff5bfe6623024bd9918b874d73499ccc - - default default] 10.0.0.99 "DELETE /v2.0/subnets/5545d80c-6346-44ff-afd5-b5884738acc3 HTTP/1.1" status: 404 len: 337 time: 0.0275364
2026-05-20 04:22:05.731 10 INFO neutron.db.ovn_revision_numbers_db [None req-4d909df4-f7ad-4a72-9238-44ebed5cc313 8739de43ce6e4ec6b28d9273b6e4f1ff cef78ca491eb42939326ac1d13095eac - - default default] Successfully bumped revision number for resource 2d5b7320-9efe-48d1-9016-7121f438ff10 (type: networks) to 1
2026-05-20 04:22:05.744 10 INFO neutron.pecan_wsgi.hooks.translation [None req-34ae7418-c3c9-42e0-a52e-f9d86ff1ffea 1a8c0dd05eef4d11be4a213a82db4724 ff5bfe6623024bd9918b874d73499ccc - - default default] DELETE failed (client error): The resource could not be found.
2026-05-20 04:22:05.746 10 INFO neutron.wsgi [None req-34ae7418-c3c9-42e0-a52e-f9d86ff1ffea 1a8c0dd05eef4d11be4a213a82db4724 ff5bfe6623024bd9918b874d73499ccc - - default default] 10.0.0.99 "DELETE /v2.0/networks/efe5a314-d8fc-490a-8acd-07d4a5d9aa06 HTTP/1.1" status: 404 len: 339 time: 0.0201027
2026-05-20 04:22:05.774 9 INFO neutron.notifiers.nova [-] Nova event matching ['req-3df14ba4-bb2e-4d16-b5c4-2592290d7d83'] response: {'server_uuid': '8378f815-fbf6-493a-9a9f-c3e4aa3c4591', 'name': 'network-vif-plugged', 'status': 'completed', 'tag': '9ae9ba59-02ea-4510-88b2-8daec9f23200', 'code': 200}
2026-05-20 04:22:05.774 9 INFO neutron.notifiers.nova [-] Nova event matching ['req-3df14ba4-bb2e-4d16-b5c4-2592290d7d83'] response: {'server_uuid': '8378f815-fbf6-493a-9a9f-c3e4aa3c4591', 'name': 'network-vif-plugged', 'status': 'completed', 'tag': '9ae9ba59-02ea-4510-88b2-8daec9f23200', 'code': 200}
2026-05-20 04:22:05.774 9 INFO neutron.notifiers.nova [-] Nova event matching ['req-3df14ba4-bb2e-4d16-b5c4-2592290d7d83'] response: {'server_uuid': '8378f815-fbf6-493a-9a9f-c3e4aa3c4591', 'name': 'network-vif-plugged', 'status': 'completed', 'tag': '9ae9ba59-02ea-4510-88b2-8daec9f23200', 'code': 200}
2026-05-20 04:22:05.916 10 WARNING neutron.scheduler.dhcp_agent_scheduler [None req-4d909df4-f7ad-4a72-9238-44ebed5cc313 8739de43ce6e4ec6b28d9273b6e4f1ff cef78ca491eb42939326ac1d13095eac - - default default] No more DHCP agents
2026-05-20 04:22:05.921 10 WARNING neutron.api.rpc.agentnotifiers.dhcp_rpc_agent_api [None req-4d909df4-f7ad-4a72-9238-44ebed5cc313 8739de43ce6e4ec6b28d9273b6e4f1ff cef78ca491eb42939326ac1d13095eac - - default default] Unable to schedule network 2d5b7320-9efe-48d1-9016-7121f438ff10: no agents available; will retry on subsequent port and subnet creation events.
2026-05-20 04:22:05.931 9 INFO neutron.wsgi [None req-5ed8057e-a49a-41e5-a3a4-9054ab530dcc 1a8c0dd05eef4d11be4a213a82db4724 ff5bfe6623024bd9918b874d73499ccc - - default default] 10.0.0.99 "DELETE /v2.0/subnets/536a68a1-23ee-472d-a741-fedf48e5eca9 HTTP/1.1" status: 204 len: 168 time: 0.1760759
2026-05-20 04:22:06.016 10 INFO neutron.db.ovn_revision_numbers_db [None req-4d909df4-f7ad-4a72-9238-44ebed5cc313 8739de43ce6e4ec6b28d9273b6e4f1ff cef78ca491eb42939326ac1d13095eac - - default default] Successfully bumped revision number for resource afaa85e3-3804-4812-aec6-c7a66fd53fab (type: ports) to 1
2026-05-20 04:22:06.095 10 INFO neutron.db.ovn_revision_numbers_db [None req-4d909df4-f7ad-4a72-9238-44ebed5cc313 8739de43ce6e4ec6b28d9273b6e4f1ff cef78ca491eb42939326ac1d13095eac - - default default] Successfully bumped revision number for resource b437f7dc-a99e-402a-862b-140ae741a2c8 (type: networks) to 1
2026-05-20 04:22:06.254 10 WARNING neutron.scheduler.dhcp_agent_scheduler [None req-4d909df4-f7ad-4a72-9238-44ebed5cc313 8739de43ce6e4ec6b28d9273b6e4f1ff cef78ca491eb42939326ac1d13095eac - - default default] No more DHCP agents
2026-05-20 04:22:06.255 10 WARNING neutron.api.rpc.agentnotifiers.dhcp_rpc_agent_api [None req-4d909df4-f7ad-4a72-9238-44ebed5cc313 8739de43ce6e4ec6b28d9273b6e4f1ff cef78ca491eb42939326ac1d13095eac - - default default] Unable to schedule network b437f7dc-a99e-402a-862b-140ae741a2c8: no agents available; will retry on subsequent port and subnet creation events.
2026-05-20 04:22:06.324 9 INFO neutron.wsgi [None req-27c8e98f-43b5-4ce0-acd1-8f1c8159e9de 1a8c0dd05eef4d11be4a213a82db4724 ff5bfe6623024bd9918b874d73499ccc - - default default] 10.0.0.99 "DELETE /v2.0/networks/57439674-45d2-4bca-87f9-2a3540fde967 HTTP/1.1" status: 204 len: 168 time: 0.3867140
2026-05-20 04:22:06.327 10 INFO neutron.db.ovn_revision_numbers_db [None req-4d909df4-f7ad-4a72-9238-44ebed5cc313 8739de43ce6e4ec6b28d9273b6e4f1ff cef78ca491eb42939326ac1d13095eac - - default default] Successfully bumped revision number for resource 5ac1d2b9-5358-48d0-8375-6a033f3149c0 (type: ports) to 1
2026-05-20 04:22:06.355 10 INFO neutron.wsgi [None req-4d909df4-f7ad-4a72-9238-44ebed5cc313 8739de43ce6e4ec6b28d9273b6e4f1ff cef78ca491eb42939326ac1d13095eac - - default default] 10.0.0.99 "POST /v2.0/networks HTTP/1.1" status: 201 len: 1446 time: 1.4832623
2026-05-20 04:22:06.465 10 INFO neutron.wsgi [None req-ac50efc3-78a3-49b7-88ea-a448bac5f915 8739de43ce6e4ec6b28d9273b6e4f1ff cef78ca491eb42939326ac1d13095eac - - default default] 10.0.0.99 "GET /v2.0/networks HTTP/1.1" status: 200 len: 2052 time: 0.1046152
2026-05-20 04:22:06.500 10 INFO neutron.wsgi [req-bbbc95f1-b9ed-4b73-a824-a91e03f1eb74 req-ab766c54-d31b-4720-8458-760a71117e90 75b7a173720a4c3b98a82ce92f9f3281 3055cd867cd64ac99cf09c5f4e16b6e3 - - default default] 10.0.0.136 "GET /v2.0/ports?device_id=8378f815-fbf6-493a-9a9f-c3e4aa3c4591 HTTP/1.1" status: 200 len: 1174 time: 0.0341666
2026-05-20 04:22:06.551 10 INFO neutron.wsgi [req-bbbc95f1-b9ed-4b73-a824-a91e03f1eb74 req-ed042a24-21fe-48f4-8144-4bece7863cef 75b7a173720a4c3b98a82ce92f9f3281 3055cd867cd64ac99cf09c5f4e16b6e3 - - default default] 10.0.0.136 "GET /v2.0/security-groups?id=edea011a-a5fc-486a-95ed-7fe63cf2fb25&fields=id&fields=name HTTP/1.1" status: 200 len: 313 time: 0.0444317
2026-05-20 04:22:07.025 9 INFO neutron.wsgi [None req-2e451061-2733-4913-b1c3-6c1f1241c890 8739de43ce6e4ec6b28d9273b6e4f1ff cef78ca491eb42939326ac1d13095eac - - default default] 10.0.0.99 "DELETE /v2.0/networks/2d5b7320-9efe-48d1-9016-7121f438ff10 HTTP/1.1" status: 204 len: 168 time: 0.5534639
2026-05-20 04:22:07.136 9 INFO neutron.services.segments.plugin [-] Segment 36e910f4-149e-4478-bdad-533a7d09f467 resource provider aggregate not found
2026-05-20 04:22:07.141 9 INFO neutron.services.segments.plugin [-] Segment 36e910f4-149e-4478-bdad-533a7d09f467 resource provider aggregate not found
2026-05-20 04:22:07.157 9 INFO neutron.services.segments.plugin [-] Segment 36e910f4-149e-4478-bdad-533a7d09f467 resource provider not found; error: Placement Client Error (4xx): {"errors": [{"status": 404, "title": "Not Found", "detail": "The resource could not be found.\n\n No resource provider with uuid 36e910f4-149e-4478-bdad-533a7d09f467 found for delete ", "request_id": "req-7a5e150b-608b-4642-8378-61ecc6315ca6"}]}
2026-05-20 04:22:07.166 9 INFO neutron.services.segments.plugin [-] Segment 36e910f4-149e-4478-bdad-533a7d09f467 resource provider not found; error: Placement Client Error (4xx): {"errors": [{"status": 404, "title": "Not Found", "detail": "The resource could not be found.\n\n No resource provider with uuid 36e910f4-149e-4478-bdad-533a7d09f467 found for delete ", "request_id": "req-20843a19-eddf-4504-94ca-1ddd97d8c35f"}]}
2026-05-20 04:22:07.180 9 INFO neutron.services.segments.plugin [-] Segment ddaf1ec7-7c70-444e-9534-d5594f7a36ac resource provider aggregate not found
2026-05-20 04:22:07.187 9 INFO neutron.services.segments.plugin [-] Segment ddaf1ec7-7c70-444e-9534-d5594f7a36ac resource provider aggregate not found
2026-05-20 04:22:07.204 9 INFO neutron.services.segments.plugin [-] Segment ddaf1ec7-7c70-444e-9534-d5594f7a36ac resource provider not found; error: Placement Client Error (4xx): {"errors": [{"status": 404, "title": "Not Found", "detail": "The resource could not be found.\n\n No resource provider with uuid ddaf1ec7-7c70-444e-9534-d5594f7a36ac found for delete ", "request_id": "req-b20e71bb-a602-491d-b75d-0f6f8fa942a3"}]}
2026-05-20 04:22:07.207 9 INFO neutron.services.segments.plugin [-] Segment ddaf1ec7-7c70-444e-9534-d5594f7a36ac resource provider not found; error: Placement Client Error (4xx): {"errors": [{"status": 404, "title": "Not Found", "detail": "The resource could not be found.\n\n No resource provider with uuid ddaf1ec7-7c70-444e-9534-d5594f7a36ac found for delete ", "request_id": "req-6a2d9edb-a92f-42ed-88a4-b51ed40d3afd"}]}
2026-05-20 04:22:07.390 10 INFO neutron.wsgi [None req-d36813f0-d6da-4af1-9da9-8643bd66d145 2f24a31e7361484a926d42e268766599 15af51f74f724241b5d8abfac3bb90ff - - default default] 10.0.0.99 "GET /v2.0/security-groups?tenant_id=ff5bfe6623024bd9918b874d73499ccc&name=default HTTP/1.1" status: 200 len: 2996 time: 0.4381297
2026-05-20 04:22:07.567 10 INFO neutron.services.segments.plugin [-] Segment 52d36036-b5eb-4cec-85aa-aa15da4a1e34 resource provider aggregate not found
2026-05-20 04:22:07.571 10 INFO neutron.services.segments.plugin [-] Segment 52d36036-b5eb-4cec-85aa-aa15da4a1e34 resource provider aggregate not found
2026-05-20 04:22:07.590 10 INFO neutron.services.segments.plugin [-] Segment 52d36036-b5eb-4cec-85aa-aa15da4a1e34 resource provider not found; error: Placement Client Error (4xx): {"errors": [{"status": 404, "title": "Not Found", "detail": "The resource could not be found.\n\n No resource provider with uuid 52d36036-b5eb-4cec-85aa-aa15da4a1e34 found for delete ", "request_id": "req-479d036a-3cd4-4c6b-812a-6ef3a493fe72"}]}
2026-05-20 04:22:07.592 10 INFO neutron.services.segments.plugin [-] Segment 52d36036-b5eb-4cec-85aa-aa15da4a1e34 resource provider not found; error: Placement Client Error (4xx): {"errors": [{"status": 404, "title": "Not Found", "detail": "The resource could not be found.\n\n No resource provider with uuid 52d36036-b5eb-4cec-85aa-aa15da4a1e34 found for delete ", "request_id": "req-2583a030-d55d-426c-8a74-a63d497d25f0"}]}
2026-05-20 04:22:07.614 10 INFO neutron.wsgi [None req-fb6ce7ed-99e5-41b1-afa0-042cf761691d 8739de43ce6e4ec6b28d9273b6e4f1ff cef78ca491eb42939326ac1d13095eac - - default default] 10.0.0.99 "DELETE /v2.0/networks/b437f7dc-a99e-402a-862b-140ae741a2c8 HTTP/1.1" status: 204 len: 168 time: 0.5844536
2026-05-20 04:22:07.659 10 INFO neutron.wsgi [None req-a510ae5f-0cb1-440a-ae2e-e012a03e5f3a 2f24a31e7361484a926d42e268766599 15af51f74f724241b5d8abfac3bb90ff - - default default] 10.0.0.99 "DELETE /v2.0/security-groups/51376c57-ac90-488e-a369-1f43ffe5ac5c HTTP/1.1" status: 204 len: 168 time: 0.2628167
2026-05-20 04:22:07.690 9 INFO neutron.wsgi [None req-085fadcb-d332-497f-a1b9-3a4d891a4006 8739de43ce6e4ec6b28d9273b6e4f1ff cef78ca491eb42939326ac1d13095eac - - default default] 10.0.0.99 "GET /v2.0/networks HTTP/1.1" status: 200 len: 845 time: 0.0707662
2026-05-20 04:22:07.783 9 INFO neutron.db.segments_db [None req-6ef25602-e764-4a34-a32c-42102748335c 8739de43ce6e4ec6b28d9273b6e4f1ff cef78ca491eb42939326ac1d13095eac - - default default] Added segment af98b68f-c9fa-482a-909a-7c0106c3bce1 of type geneve for network 79cb1fd8-950b-4f3e-93aa-0ba339e1d414
2026-05-20 04:22:07.921 9 INFO neutron.db.ovn_revision_numbers_db [None req-6ef25602-e764-4a34-a32c-42102748335c 8739de43ce6e4ec6b28d9273b6e4f1ff cef78ca491eb42939326ac1d13095eac - - default default] Successfully bumped revision number for resource 79cb1fd8-950b-4f3e-93aa-0ba339e1d414 (type: networks) to 1
2026-05-20 04:22:08.074 9 WARNING neutron.scheduler.dhcp_agent_scheduler [None req-6ef25602-e764-4a34-a32c-42102748335c 8739de43ce6e4ec6b28d9273b6e4f1ff cef78ca491eb42939326ac1d13095eac - - default default] No more DHCP agents
2026-05-20 04:22:08.077 9 WARNING neutron.api.rpc.agentnotifiers.dhcp_rpc_agent_api [None req-6ef25602-e764-4a34-a32c-42102748335c 8739de43ce6e4ec6b28d9273b6e4f1ff cef78ca491eb42939326ac1d13095eac - - default default] Unable to schedule network 79cb1fd8-950b-4f3e-93aa-0ba339e1d414: no agents available; will retry on subsequent port and subnet creation events.
2026-05-20 04:22:08.163 9 INFO neutron.db.ovn_revision_numbers_db [None req-6ef25602-e764-4a34-a32c-42102748335c 8739de43ce6e4ec6b28d9273b6e4f1ff cef78ca491eb42939326ac1d13095eac - - default default] Successfully bumped revision number for resource 5c6ac024-9b0f-4d70-b655-faba0e747378 (type: ports) to 1
2026-05-20 04:22:08.185 9 INFO neutron.wsgi [None req-6ef25602-e764-4a34-a32c-42102748335c 8739de43ce6e4ec6b28d9273b6e4f1ff cef78ca491eb42939326ac1d13095eac - - default default] 10.0.0.99 "POST /v2.0/networks HTTP/1.1" status: 201 len: 852 time: 0.4893734
2026-05-20 04:22:08.277 9 INFO neutron.db.segments_db [None req-7cda66d9-a698-4d0d-8ef4-ec5e7fc40ac5 8739de43ce6e4ec6b28d9273b6e4f1ff cef78ca491eb42939326ac1d13095eac - - default default] Added segment cb157ba7-5fb0-4a56-b51a-89282e7df81a of type geneve for network 41f6168d-8a22-42d7-b689-de8ddedef1a5
2026-05-20 04:22:08.442 9 INFO neutron.db.ovn_revision_numbers_db [None req-7cda66d9-a698-4d0d-8ef4-ec5e7fc40ac5 8739de43ce6e4ec6b28d9273b6e4f1ff cef78ca491eb42939326ac1d13095eac - - default default] Successfully bumped revision number for resource 41f6168d-8a22-42d7-b689-de8ddedef1a5 (type: networks) to 1
2026-05-20 04:22:08.539 15 INFO neutron.plugins.ml2.drivers.ovn.mech_driver.ovsdb.maintenance [None req-c4cff1c6-0279-4a0d-a4c1-137595b426c5 - - - - - -] Maintenance task: Synchronization finished (took 0.64 seconds)
2026-05-20 04:22:08.614 9 WARNING neutron.scheduler.dhcp_agent_scheduler [None req-7cda66d9-a698-4d0d-8ef4-ec5e7fc40ac5 8739de43ce6e4ec6b28d9273b6e4f1ff cef78ca491eb42939326ac1d13095eac - - default default] No more DHCP agents
2026-05-20 04:22:08.616 9 WARNING neutron.api.rpc.agentnotifiers.dhcp_rpc_agent_api [None req-7cda66d9-a698-4d0d-8ef4-ec5e7fc40ac5 8739de43ce6e4ec6b28d9273b6e4f1ff cef78ca491eb42939326ac1d13095eac - - default default] Unable to schedule network 41f6168d-8a22-42d7-b689-de8ddedef1a5: no agents available; will retry on subsequent port and subnet creation events.
2026-05-20 04:22:08.700 9 INFO neutron.db.ovn_revision_numbers_db [None req-7cda66d9-a698-4d0d-8ef4-ec5e7fc40ac5 8739de43ce6e4ec6b28d9273b6e4f1ff cef78ca491eb42939326ac1d13095eac - - default default] Successfully bumped revision number for resource 1c104077-31ea-46f7-8e06-70dcb201e78a (type: ports) to 1
2026-05-20 04:22:08.720 9 INFO neutron.wsgi [None req-7cda66d9-a698-4d0d-8ef4-ec5e7fc40ac5 8739de43ce6e4ec6b28d9273b6e4f1ff cef78ca491eb42939326ac1d13095eac - - default default] 10.0.0.99 "POST /v2.0/networks HTTP/1.1" status: 201 len: 852 time: 0.5301418
2026-05-20 04:22:09.150 9 INFO neutron.db.ovn_revision_numbers_db [None req-b4aa88b2-54f0-490c-8234-18bde79e605a 2f24a31e7361484a926d42e268766599 15af51f74f724241b5d8abfac3bb90ff - - default default] Successfully bumped revision number for resource aa4d33e8-2403-4095-984c-37117b507f28 (type: security_groups) to 1
2026-05-20 04:22:09.169 9 INFO neutron.db.ovn_revision_numbers_db [None req-b4aa88b2-54f0-490c-8234-18bde79e605a 2f24a31e7361484a926d42e268766599 15af51f74f724241b5d8abfac3bb90ff - - default default] Successfully bumped revision number for resource 2a928adf-b324-499a-bd64-d7bea994cdf6 (type: security_group_rules) to 0
2026-05-20 04:22:09.187 9 INFO neutron.db.ovn_revision_numbers_db [None req-b4aa88b2-54f0-490c-8234-18bde79e605a 2f24a31e7361484a926d42e268766599 15af51f74f724241b5d8abfac3bb90ff - - default default] Successfully bumped revision number for resource 3a19870a-91c6-43a5-9ef5-a4828a1f147a (type: security_group_rules) to 0
