2026-05-20 04:22:26.114 10 WARNING neutron.scheduler.dhcp_agent_scheduler [None req-126200f5-fae2-40d4-9445-e09582d245c7 1d8438faff9642ea9b36a4af1915be7c 9a99f8dfe29a472388f3b9ec2c2c90d9 - - default default] No more DHCP agents
2026-05-20 04:22:26.127 10 WARNING neutron.api.rpc.agentnotifiers.dhcp_rpc_agent_api [None req-126200f5-fae2-40d4-9445-e09582d245c7 1d8438faff9642ea9b36a4af1915be7c 9a99f8dfe29a472388f3b9ec2c2c90d9 - - default default] Unable to schedule network b85b8453-3e8b-4466-870b-0b91824d2444: no agents available; will retry on subsequent port and subnet creation events.
2026-05-20 04:22:26.152 9 WARNING neutron.scheduler.dhcp_agent_scheduler [None req-2bcd210a-a0c5-43e6-b8d9-fee14da63aed 127084a7c78042cfa1fa84aeb74f0dcc 2d16f38c87674d489f6a8172b1b7115e - - default default] No more DHCP agents
2026-05-20 04:22:26.155 9 WARNING neutron.api.rpc.agentnotifiers.dhcp_rpc_agent_api [None req-2bcd210a-a0c5-43e6-b8d9-fee14da63aed 127084a7c78042cfa1fa84aeb74f0dcc 2d16f38c87674d489f6a8172b1b7115e - - default default] Unable to schedule network 46c37ca1-b739-4e27-8e0e-6b7d0e473daf: no agents available; will retry on subsequent port and subnet creation events.
2026-05-20 04:22:26.297 9 INFO neutron.db.ovn_revision_numbers_db [None req-2bcd210a-a0c5-43e6-b8d9-fee14da63aed 127084a7c78042cfa1fa84aeb74f0dcc 2d16f38c87674d489f6a8172b1b7115e - - default default] Successfully bumped revision number for resource 844d4641-c0e0-4c8d-ac97-3476f7a41dca (type: ports) to 1
2026-05-20 04:22:26.511 10 INFO neutron.db.ovn_revision_numbers_db [None req-126200f5-fae2-40d4-9445-e09582d245c7 1d8438faff9642ea9b36a4af1915be7c 9a99f8dfe29a472388f3b9ec2c2c90d9 - - default default] Successfully bumped revision number for resource be26e1d0-6827-4e7d-ab61-28592387b528 (type: ports) to 1
2026-05-20 04:22:26.566 10 INFO neutron.wsgi [None req-126200f5-fae2-40d4-9445-e09582d245c7 1d8438faff9642ea9b36a4af1915be7c 9a99f8dfe29a472388f3b9ec2c2c90d9 - - default default] 10.0.0.99 "POST /v2.0/ports HTTP/1.1" status: 201 len: 1114 time: 1.0295017
2026-05-20 04:22:26.793 10 INFO neutron.db.ovn_revision_numbers_db [None req-1cf1cafa-b546-4c5e-a717-d8000e69d32f 150ac9c63d774d5e90543d44ec0d14b1 02a41df9671d4b4296d97808d85394fb - - default default] Successfully bumped revision number for resource 7d0c2196-2fb7-439a-a2c3-6784d0d55973 (type: ports) to 2
2026-05-20 04:22:26.858 10 INFO neutron.db.ovn_revision_numbers_db [None req-1cf1cafa-b546-4c5e-a717-d8000e69d32f 150ac9c63d774d5e90543d44ec0d14b1 02a41df9671d4b4296d97808d85394fb - - default default] Successfully bumped revision number for resource e6c131f3-4e13-4bf6-92c2-75e5e46a78c7 (type: subnets) to 0
2026-05-20 04:22:26.879 9 INFO neutron.db.ovn_revision_numbers_db [None req-2bcd210a-a0c5-43e6-b8d9-fee14da63aed 127084a7c78042cfa1fa84aeb74f0dcc 2d16f38c87674d489f6a8172b1b7115e - - default default] Successfully bumped revision number for resource 844d4641-c0e0-4c8d-ac97-3476f7a41dca (type: router_ports) to 1
2026-05-20 04:22:26.905 10 WARNING neutron.scheduler.dhcp_agent_scheduler [None req-1cf1cafa-b546-4c5e-a717-d8000e69d32f 150ac9c63d774d5e90543d44ec0d14b1 02a41df9671d4b4296d97808d85394fb - - default default] No more DHCP agents
2026-05-20 04:22:26.910 10 WARNING neutron.api.rpc.agentnotifiers.dhcp_rpc_agent_api [None req-1cf1cafa-b546-4c5e-a717-d8000e69d32f 150ac9c63d774d5e90543d44ec0d14b1 02a41df9671d4b4296d97808d85394fb - - default default] Unable to schedule network 44c026ad-784b-4338-aa05-e33aecef6a9b: no agents available; will retry on subsequent port and subnet creation events.
2026-05-20 04:22:26.932 10 INFO neutron.wsgi [None req-7abf5db1-657b-44d2-a99a-16172f2bb6a0 2f24a31e7361484a926d42e268766599 15af51f74f724241b5d8abfac3bb90ff - - default default] 10.0.0.99 "DELETE /v2.0/routers/874c7732-d8aa-4c0c-83f3-60857e393e7b HTTP/1.1" status: 204 len: 168 time: 0.9599838
2026-05-20 04:22:26.996 9 INFO neutron.wsgi [None req-7bee395a-b7d7-42f0-9f3c-0083378693a2 1d8438faff9642ea9b36a4af1915be7c 9a99f8dfe29a472388f3b9ec2c2c90d9 - - default default] 10.0.0.99 "DELETE /v2.0/ports/be26e1d0-6827-4e7d-ab61-28592387b528 HTTP/1.1" status: 204 len: 168 time: 0.4244285
2026-05-20 04:22:27.020 9 INFO neutron.pecan_wsgi.hooks.translation [None req-e0beef61-3a44-48f9-a535-d13f706485c7 1d8438faff9642ea9b36a4af1915be7c 9a99f8dfe29a472388f3b9ec2c2c90d9 - - default default] GET failed (client error): The resource could not be found.
2026-05-20 04:22:27.021 9 INFO neutron.wsgi [None req-e0beef61-3a44-48f9-a535-d13f706485c7 1d8438faff9642ea9b36a4af1915be7c 9a99f8dfe29a472388f3b9ec2c2c90d9 - - default default] 10.0.0.99 "GET /v2.0/ports/be26e1d0-6827-4e7d-ab61-28592387b528 HTTP/1.1" status: 404 len: 333 time: 0.0195942
2026-05-20 04:22:27.022 9 INFO neutron.db.ovn_revision_numbers_db [None req-2bcd210a-a0c5-43e6-b8d9-fee14da63aed 127084a7c78042cfa1fa84aeb74f0dcc 2d16f38c87674d489f6a8172b1b7115e - - default default] Successfully bumped revision number for resource 844d4641-c0e0-4c8d-ac97-3476f7a41dca (type: ports) to 1
2026-05-20 04:22:27.111 9 WARNING neutron.scheduler.dhcp_agent_scheduler [None req-2bcd210a-a0c5-43e6-b8d9-fee14da63aed 127084a7c78042cfa1fa84aeb74f0dcc 2d16f38c87674d489f6a8172b1b7115e - - default default] No more DHCP agents
2026-05-20 04:22:27.115 9 WARNING neutron.api.rpc.agentnotifiers.dhcp_rpc_agent_api [None req-2bcd210a-a0c5-43e6-b8d9-fee14da63aed 127084a7c78042cfa1fa84aeb74f0dcc 2d16f38c87674d489f6a8172b1b7115e - - default default] Unable to schedule network 46c37ca1-b739-4e27-8e0e-6b7d0e473daf: no agents available; will retry on subsequent port and subnet creation events.
2026-05-20 04:22:27.166 10 INFO neutron.wsgi [None req-64740860-6596-4eb6-b2ba-7b9ab665f11d 2f24a31e7361484a926d42e268766599 15af51f74f724241b5d8abfac3bb90ff - - default default] 10.0.0.99 "DELETE /v2.0/subnets/94270bfc-16e2-4034-b3b5-8a5e7bd02855 HTTP/1.1" status: 204 len: 168 time: 0.2276886
2026-05-20 04:22:27.272 9 INFO neutron.wsgi [None req-d3f39ae4-6767-40af-ba7f-6ffa207a88ad 1d8438faff9642ea9b36a4af1915be7c 9a99f8dfe29a472388f3b9ec2c2c90d9 - - default default] 10.0.0.99 "DELETE /v2.0/subnets/8d653a5b-b89c-4f10-baac-6bb031d6adab HTTP/1.1" status: 204 len: 168 time: 0.2462780
2026-05-20 04:22:27.330 9 INFO neutron.db.ovn_revision_numbers_db [None req-2bcd210a-a0c5-43e6-b8d9-fee14da63aed 127084a7c78042cfa1fa84aeb74f0dcc 2d16f38c87674d489f6a8172b1b7115e - - default default] Successfully bumped revision number for resource 844d4641-c0e0-4c8d-ac97-3476f7a41dca (type: router_ports) to 1
2026-05-20 04:22:27.332 9 INFO neutron.wsgi [None req-2bcd210a-a0c5-43e6-b8d9-fee14da63aed 127084a7c78042cfa1fa84aeb74f0dcc 2d16f38c87674d489f6a8172b1b7115e - - default default] 10.0.0.99 "PUT /v2.0/routers/68ad2961-7e92-4715-b51a-3f85fed753e4/add_router_interface HTTP/1.1" status: 200 len: 503 time: 1.7894976
2026-05-20 04:22:27.435 9 INFO neutron.wsgi [None req-567877f4-720d-4dd2-b79b-cc0055e174a0 127084a7c78042cfa1fa84aeb74f0dcc 2d16f38c87674d489f6a8172b1b7115e - - default default] 10.0.0.99 "GET /v2.0/ports/844d4641-c0e0-4c8d-ac97-3476f7a41dca HTTP/1.1" status: 200 len: 1147 time: 0.0965223
2026-05-20 04:22:27.485 9 INFO neutron.wsgi [None req-ac406612-7034-48a6-bbab-024ab59100e4 127084a7c78042cfa1fa84aeb74f0dcc 2d16f38c87674d489f6a8172b1b7115e - - default default] 10.0.0.99 "GET /v2.0/ports/844d4641-c0e0-4c8d-ac97-3476f7a41dca HTTP/1.1" status: 200 len: 1147 time: 0.0407288
2026-05-20 04:22:27.613 10 INFO neutron.wsgi [-] 10.0.0.42 "GET / HTTP/1.1" status: 200 len: 247 time: 0.0016408
2026-05-20 04:22:27.614 10 INFO neutron.wsgi [-] 10.0.0.42 "GET / HTTP/1.1" status: 200 len: 247 time: 0.0010536
2026-05-20 04:22:27.655 9 INFO neutron.services.segments.plugin [-] Segment adce80a1-cc64-4ed1-ae78-1b34d180859f resource provider aggregate not found
2026-05-20 04:22:27.661 9 INFO neutron.services.segments.plugin [-] Segment adce80a1-cc64-4ed1-ae78-1b34d180859f resource provider aggregate not found
2026-05-20 04:22:27.677 9 INFO neutron.services.segments.plugin [-] Segment adce80a1-cc64-4ed1-ae78-1b34d180859f resource provider not found; error: Placement Client Error (4xx): {"errors": [{"status": 404, "title": "Not Found", "detail": "The resource could not be found.\n\n No resource provider with uuid adce80a1-cc64-4ed1-ae78-1b34d180859f found for delete ", "request_id": "req-4bd569f8-2ffb-4b11-8365-981b87d883eb"}]}
2026-05-20 04:22:27.678 9 INFO neutron.services.segments.plugin [-] Segment adce80a1-cc64-4ed1-ae78-1b34d180859f resource provider not found; error: Placement Client Error (4xx): {"errors": [{"status": 404, "title": "Not Found", "detail": "The resource could not be found.\n\n No resource provider with uuid adce80a1-cc64-4ed1-ae78-1b34d180859f found for delete ", "request_id": "req-d1bb4ae8-c688-406a-8cf9-93b8f088c2fe"}]}
2026-05-20 04:22:27.694 10 INFO neutron.db.ovn_revision_numbers_db [None req-1cf1cafa-b546-4c5e-a717-d8000e69d32f 150ac9c63d774d5e90543d44ec0d14b1 02a41df9671d4b4296d97808d85394fb - - default default] Successfully bumped revision number for resource 0ce2867d-3977-41d7-b9ae-00fb12729317 (type: ports) to 2
2026-05-20 04:22:27.697 9 INFO neutron.wsgi [None req-5377fef6-c581-4bd0-a8d1-591453dcc707 1d8438faff9642ea9b36a4af1915be7c 9a99f8dfe29a472388f3b9ec2c2c90d9 - - default default] 10.0.0.99 "DELETE /v2.0/networks/b85b8453-3e8b-4466-870b-0b91824d2444 HTTP/1.1" status: 204 len: 168 time: 0.4192078
2026-05-20 04:22:27.738 10 INFO neutron.db.ovn_revision_numbers_db [None req-1cf1cafa-b546-4c5e-a717-d8000e69d32f 150ac9c63d774d5e90543d44ec0d14b1 02a41df9671d4b4296d97808d85394fb - - default default] Successfully bumped revision number for resource e34c2b95-788c-4fc7-bc3c-e407de255863 (type: subnets) to 0
2026-05-20 04:22:27.754 10 INFO neutron.wsgi [None req-1cf1cafa-b546-4c5e-a717-d8000e69d32f 150ac9c63d774d5e90543d44ec0d14b1 02a41df9671d4b4296d97808d85394fb - - default default] 10.0.0.99 "POST /v2.0/subnets HTTP/1.1" status: 201 len: 1426 time: 2.7299242
2026-05-20 04:22:27.784 10 INFO neutron.services.segments.plugin [-] Segment bce2e42f-41d6-4ece-b79e-d96cea9af284 resource provider aggregate not found
2026-05-20 04:22:27.788 10 INFO neutron.services.segments.plugin [-] Segment bce2e42f-41d6-4ece-b79e-d96cea9af284 resource provider aggregate not found
2026-05-20 04:22:27.799 9 INFO neutron.wsgi [None req-7a256ee1-ee07-4a21-bfef-a0b9a4c6b040 150ac9c63d774d5e90543d44ec0d14b1 02a41df9671d4b4296d97808d85394fb - - default default] 10.0.0.99 "GET /v2.0/subnets HTTP/1.1" status: 200 len: 2034 time: 0.0388620
2026-05-20 04:22:27.814 10 INFO neutron.services.segments.plugin [-] Segment bce2e42f-41d6-4ece-b79e-d96cea9af284 resource provider not found; error: Placement Client Error (4xx): {"errors": [{"status": 404, "title": "Not Found", "detail": "The resource could not be found.\n\n No resource provider with uuid bce2e42f-41d6-4ece-b79e-d96cea9af284 found for delete ", "request_id": "req-f8124812-e313-4bc1-871e-6e8e202ba87e"}]}
2026-05-20 04:22:27.815 10 INFO neutron.services.segments.plugin [-] Segment bce2e42f-41d6-4ece-b79e-d96cea9af284 resource provider not found; error: Placement Client Error (4xx): {"errors": [{"status": 404, "title": "Not Found", "detail": "The resource could not be found.\n\n No resource provider with uuid bce2e42f-41d6-4ece-b79e-d96cea9af284 found for delete ", "request_id": "req-7ba95aea-71c2-453b-a525-0223a60af58a"}]}
2026-05-20 04:22:27.834 10 INFO neutron.wsgi [None req-4b27d3be-2a06-4850-8a79-86968a0562fb 2f24a31e7361484a926d42e268766599 15af51f74f724241b5d8abfac3bb90ff - - default default] 10.0.0.99 "DELETE /v2.0/networks/5c497df4-71d1-4f88-8016-eaac55274b6e HTTP/1.1" status: 204 len: 168 time: 0.6612830
2026-05-20 04:22:27.963 9 WARNING neutron.scheduler.dhcp_agent_scheduler [None req-4a95b8f7-0bc1-445b-85b1-d287462adf61 1d8438faff9642ea9b36a4af1915be7c 9a99f8dfe29a472388f3b9ec2c2c90d9 - - default default] No more DHCP agents
2026-05-20 04:22:27.966 9 WARNING neutron.api.rpc.agentnotifiers.dhcp_rpc_agent_api [None req-4a95b8f7-0bc1-445b-85b1-d287462adf61 1d8438faff9642ea9b36a4af1915be7c 9a99f8dfe29a472388f3b9ec2c2c90d9 - - default default] Unable to schedule network 2f1574df-6c6a-4893-8de0-abd2e753d542: no agents available; will retry on subsequent port and subnet creation events.
2026-05-20 04:22:28.006 10 INFO neutron.wsgi [None req-4e834e24-eb62-4afe-b23e-54f340db280d 150ac9c63d774d5e90543d44ec0d14b1 02a41df9671d4b4296d97808d85394fb - - default default] 10.0.0.99 "DELETE /v2.0/subnets/e6c131f3-4e13-4bf6-92c2-75e5e46a78c7 HTTP/1.1" status: 204 len: 168 time: 0.1993904 /var/lib/openstack/lib/python3.10/site-packages/pycadf/identifier.py:71: UserWarning: Invalid uuid: neutron. To ensure interoperability, identifiers should be a valid uuid. warnings.warn(('Invalid uuid: %s. To ensure interoperability, '
2026-05-20 04:22:28.025 10 INFO neutron.wsgi [None req-c4612ec1-5acf-4eac-a62c-00990ec6ad6f 2f24a31e7361484a926d42e268766599 15af51f74f724241b5d8abfac3bb90ff - - default default] 10.0.0.99 "GET /v2.0/security-groups?tenant_id=3055cd867cd64ac99cf09c5f4e16b6e3&name=default HTTP/1.1" status: 200 len: 2996 time: 0.0442619
2026-05-20 04:22:28.066 9 INFO neutron.db.ovn_revision_numbers_db [None req-4a95b8f7-0bc1-445b-85b1-d287462adf61 1d8438faff9642ea9b36a4af1915be7c 9a99f8dfe29a472388f3b9ec2c2c90d9 - - default default] Successfully bumped revision number for resource 442e89d8-a623-4f3f-8504-d357a37c2ea5 (type: ports) to 1
2026-05-20 04:22:28.095 9 INFO neutron.wsgi [None req-4a95b8f7-0bc1-445b-85b1-d287462adf61 1d8438faff9642ea9b36a4af1915be7c 9a99f8dfe29a472388f3b9ec2c2c90d9 - - default default] 10.0.0.99 "POST /v2.0/ports HTTP/1.1" status: 201 len: 973 time: 0.3903718
2026-05-20 04:22:28.215 10 INFO neutron.wsgi [None req-dfe5e7f2-c80f-4a25-898d-4403f7fea442 2f24a31e7361484a926d42e268766599 15af51f74f724241b5d8abfac3bb90ff - - default default] 10.0.0.99 "DELETE /v2.0/security-groups/3f55d631-da17-42f8-88bc-551456826655 HTTP/1.1" status: 204 len: 168 time: 0.1845989
2026-05-20 04:22:28.285 9 INFO neutron.wsgi [None req-4d980133-7a47-4898-ab4d-e779340be255 150ac9c63d774d5e90543d44ec0d14b1 02a41df9671d4b4296d97808d85394fb - - default default] 10.0.0.99 "DELETE /v2.0/subnets/e34c2b95-788c-4fc7-bc3c-e407de255863 HTTP/1.1" status: 204 len: 168 time: 0.2740111
2026-05-20 04:22:28.341 10 INFO neutron.wsgi [None req-3bd725cd-357f-447e-8de6-452e1936daa1 150ac9c63d774d5e90543d44ec0d14b1 02a41df9671d4b4296d97808d85394fb - - default default] 10.0.0.99 "GET /v2.0/subnets HTTP/1.1" status: 200 len: 820 time: 0.0499659 /var/lib/openstack/lib/python3.10/site-packages/pycadf/identifier.py:71: UserWarning: Invalid uuid: neutron. To ensure interoperability, identifiers should be a valid uuid. warnings.warn(('Invalid uuid: %s. To ensure interoperability, '
2026-05-20 04:22:28.415 9 INFO neutron.db.ovn_revision_numbers_db [None req-9cd0615c-5944-47e9-b1a1-f903a8f68be6 1d8438faff9642ea9b36a4af1915be7c 9a99f8dfe29a472388f3b9ec2c2c90d9 - - default default] Successfully bumped revision number for resource 442e89d8-a623-4f3f-8504-d357a37c2ea5 (type: ports) to 2
2026-05-20 04:22:28.431 9 INFO neutron.wsgi [None req-9cd0615c-5944-47e9-b1a1-f903a8f68be6 1d8438faff9642ea9b36a4af1915be7c 9a99f8dfe29a472388f3b9ec2c2c90d9 - - default default] 10.0.0.99 "PUT /v2.0/ports/442e89d8-a623-4f3f-8504-d357a37c2ea5 HTTP/1.1" status: 200 len: 946 time: 0.3307674
2026-05-20 04:22:28.530 9 INFO neutron.wsgi [None req-33653abd-0e8d-4fb9-a8bf-343556c940cc 127084a7c78042cfa1fa84aeb74f0dcc 2d16f38c87674d489f6a8172b1b7115e - - default default] 10.0.0.99 "GET /v2.0/ports/844d4641-c0e0-4c8d-ac97-3476f7a41dca HTTP/1.1" status: 200 len: 1147 time: 0.0345092
2026-05-20 04:22:28.643 10 INFO neutron.wsgi [None req-5e7f9652-d5ce-4f43-a77a-27804651f968 1d8438faff9642ea9b36a4af1915be7c 9a99f8dfe29a472388f3b9ec2c2c90d9 - - default default] 10.0.0.99 "DELETE /v2.0/ports/442e89d8-a623-4f3f-8504-d357a37c2ea5 HTTP/1.1" status: 204 len: 168 time: 0.2063537
2026-05-20 04:22:28.748 9 INFO neutron.wsgi [None req-de25a633-c410-41cb-a726-07ef8293eb7f 1d8438faff9642ea9b36a4af1915be7c 9a99f8dfe29a472388f3b9ec2c2c90d9 - - default default] 10.0.0.99 "GET /v2.0/ports HTTP/1.1" status: 200 len: 1729 time: 0.0984569
2026-05-20 04:22:28.774 9 INFO neutron.wsgi [None req-c9e1117f-048b-436e-bee9-f56f1d71d04f 150ac9c63d774d5e90543d44ec0d14b1 02a41df9671d4b4296d97808d85394fb - - default default] 10.0.0.99 "DELETE /v2.0/networks/44c026ad-784b-4338-aa05-e33aecef6a9b HTTP/1.1" status: 204 len: 168 time: 0.4277720
2026-05-20 04:22:28.775 9 INFO neutron.pecan_wsgi.hooks.translation [None req-e6d6177b-9292-43cb-ae72-dcfa8d8a3662 1d8438faff9642ea9b36a4af1915be7c 9a99f8dfe29a472388f3b9ec2c2c90d9 - - default default] GET failed (client error): The resource could not be found.
2026-05-20 04:22:28.776 9 INFO neutron.wsgi [None req-e6d6177b-9292-43cb-ae72-dcfa8d8a3662 1d8438faff9642ea9b36a4af1915be7c 9a99f8dfe29a472388f3b9ec2c2c90d9 - - default default] 10.0.0.99 "GET /v2.0/ports/442e89d8-a623-4f3f-8504-d357a37c2ea5 HTTP/1.1" status: 404 len: 333 time: 0.0203846
2026-05-20 04:22:28.817 9 INFO neutron.wsgi [None req-7d0f56f3-ebf4-41b0-913c-620227e730d1 1d8438faff9642ea9b36a4af1915be7c 9a99f8dfe29a472388f3b9ec2c2c90d9 - - default default] 10.0.0.99 "GET /v2.0/ports HTTP/1.1" status: 200 len: 1729 time: 0.0346971
2026-05-20 04:22:28.897 10 INFO neutron.wsgi [None req-649e0280-ae0d-4a90-9452-7efa0332937e 1d8438faff9642ea9b36a4af1915be7c 9a99f8dfe29a472388f3b9ec2c2c90d9 - - default default] 10.0.0.99 "GET /v2.0/ports/b6d3d2ad-9621-438d-96a7-af3ed0907554 HTTP/1.1" status: 200 len: 969 time: 0.0720730
2026-05-20 04:22:28.929 10 INFO neutron.pecan_wsgi.hooks.translation [None req-8602466a-2999-4a75-9034-ff351caf2aa1 1d8438faff9642ea9b36a4af1915be7c 9a99f8dfe29a472388f3b9ec2c2c90d9 - - default default] DELETE failed (client error): The resource could not be found.
2026-05-20 04:22:28.932 10 INFO neutron.wsgi [None req-8602466a-2999-4a75-9034-ff351caf2aa1 1d8438faff9642ea9b36a4af1915be7c 9a99f8dfe29a472388f3b9ec2c2c90d9 - - default default] 10.0.0.99 "DELETE /v2.0/ports/be26e1d0-6827-4e7d-ab61-28592387b528 HTTP/1.1" status: 404 len: 333 time: 0.0256956
2026-05-20 04:22:28.956 10 INFO neutron.pecan_wsgi.hooks.translation [None req-a31f359a-77a3-49b9-b79f-93bb50c4765e 1d8438faff9642ea9b36a4af1915be7c 9a99f8dfe29a472388f3b9ec2c2c90d9 - - default default] DELETE failed (client error): The resource could not be found.
2026-05-20 04:22:28.958 10 INFO neutron.wsgi [None req-a31f359a-77a3-49b9-b79f-93bb50c4765e 1d8438faff9642ea9b36a4af1915be7c 9a99f8dfe29a472388f3b9ec2c2c90d9 - - default default] 10.0.0.99 "DELETE /v2.0/subnets/8d653a5b-b89c-4f10-baac-6bb031d6adab HTTP/1.1" status: 404 len: 337 time: 0.0196176
2026-05-20 04:22:28.982 9 INFO neutron.pecan_wsgi.hooks.translation [None req-12bb436b-23c1-43c2-92b3-ace7a98fac93 1d8438faff9642ea9b36a4af1915be7c 9a99f8dfe29a472388f3b9ec2c2c90d9 - - default default] DELETE failed (client error): The resource could not be found.
2026-05-20 04:22:28.984 9 INFO neutron.wsgi [None req-12bb436b-23c1-43c2-92b3-ace7a98fac93 1d8438faff9642ea9b36a4af1915be7c 9a99f8dfe29a472388f3b9ec2c2c90d9 - - default default] 10.0.0.99 "DELETE /v2.0/subnets/31f1968b-93e6-4aff-8d6a-1091bc2c39b5 HTTP/1.1" status: 404 len: 337 time: 0.0213678
2026-05-20 04:22:29.210 10 INFO neutron.wsgi [None req-bee454aa-2752-43f9-9c76-fd5c208b5bf1 150ac9c63d774d5e90543d44ec0d14b1 02a41df9671d4b4296d97808d85394fb - - default default] 10.0.0.99 "DELETE /v2.0/networks/2761430b-3d77-43da-a3b1-b92a34cf8f07 HTTP/1.1" status: 204 len: 168 time: 0.4296689
2026-05-20 04:22:29.234 9 INFO neutron.wsgi [None req-75130acb-e826-47d7-95fc-e0fd703de3fe 1d8438faff9642ea9b36a4af1915be7c 9a99f8dfe29a472388f3b9ec2c2c90d9 - - default default] 10.0.0.99 "DELETE /v2.0/ports/b6d3d2ad-9621-438d-96a7-af3ed0907554 HTTP/1.1" status: 204 len: 168 time: 0.2449532
2026-05-20 04:22:29.572 9 INFO neutron.wsgi [None req-074ae2de-948e-45ae-905c-ad4082775e40 127084a7c78042cfa1fa84aeb74f0dcc 2d16f38c87674d489f6a8172b1b7115e - - default default] 10.0.0.99 "GET /v2.0/ports/844d4641-c0e0-4c8d-ac97-3476f7a41dca HTTP/1.1" status: 200 len: 1147 time: 0.0351231
2026-05-20 04:22:29.601 10 INFO neutron.wsgi [None req-2690f810-68a1-4869-8025-ea5f0dd78234 1d8438faff9642ea9b36a4af1915be7c 9a99f8dfe29a472388f3b9ec2c2c90d9 - - default default] 10.0.0.99 "DELETE /v2.0/networks/2f1574df-6c6a-4893-8de0-abd2e753d542 HTTP/1.1" status: 204 len: 168 time: 0.3602033
2026-05-20 04:22:29.622 9 INFO neutron.wsgi [None req-27c39c1c-bf9d-4c66-9412-d3ea17bfadf9 150ac9c63d774d5e90543d44ec0d14b1 02a41df9671d4b4296d97808d85394fb - - default default] 10.0.0.99 "DELETE /v2.0/networks/e587eb3a-a0ae-4994-8381-0ee51450cc3f HTTP/1.1" status: 204 len: 168 time: 0.4083591
2026-05-20 04:22:29.697 9 INFO neutron.services.segments.plugin [-] Segment 6a627a61-5b2f-4b88-acb3-03d240ad60e0 resource provider aggregate not found
2026-05-20 04:22:29.705 9 INFO neutron.services.segments.plugin [-] Segment 6a627a61-5b2f-4b88-acb3-03d240ad60e0 resource provider aggregate not found
2026-05-20 04:22:29.714 9 INFO neutron.services.segments.plugin [-] Segment 6a627a61-5b2f-4b88-acb3-03d240ad60e0 resource provider not found; error: Placement Client Error (4xx): {"errors": [{"status": 404, "title": "Not Found", "detail": "The resource could not be found.\n\n No resource provider with uuid 6a627a61-5b2f-4b88-acb3-03d240ad60e0 found for delete ", "request_id": "req-37adce5f-c67c-46a1-bb26-b1a346e09d67"}]}
2026-05-20 04:22:29.720 9 INFO neutron.services.segments.plugin [-] Segment 6a627a61-5b2f-4b88-acb3-03d240ad60e0 resource provider not found; error: Placement Client Error (4xx): {"errors": [{"status": 404, "title": "Not Found", "detail": "The resource could not be found.\n\n No resource provider with uuid 6a627a61-5b2f-4b88-acb3-03d240ad60e0 found for delete ", "request_id": "req-9671cb1c-ae86-40ae-b5ca-eb6af1d29503"}]}
2026-05-20 04:22:29.727 9 INFO neutron.services.segments.plugin [-] Segment 0e15ef1f-f9ca-434e-8c21-966a1ce46824 resource provider aggregate not found
2026-05-20 04:22:29.736 9 INFO neutron.services.segments.plugin [-] Segment 0e15ef1f-f9ca-434e-8c21-966a1ce46824 resource provider aggregate not found
2026-05-20 04:22:29.742 9 INFO neutron.services.segments.plugin [-] Segment 0e15ef1f-f9ca-434e-8c21-966a1ce46824 resource provider not found; error: Placement Client Error (4xx): {"errors": [{"status": 404, "title": "Not Found", "detail": "The resource could not be found.\n\n No resource provider with uuid 0e15ef1f-f9ca-434e-8c21-966a1ce46824 found for delete ", "request_id": "req-29e35c16-e02f-4412-8ad4-87b92c2acc0c"}]}
2026-05-20 04:22:29.753 9 INFO neutron.services.segments.plugin [-] Segment 0e15ef1f-f9ca-434e-8c21-966a1ce46824 resource provider not found; error: Placement Client Error (4xx): {"errors": [{"status": 404, "title": "Not Found", "detail": "The resource could not be found.\n\n No resource provider with uuid 0e15ef1f-f9ca-434e-8c21-966a1ce46824 found for delete ", "request_id": "req-e7d018bf-ce40-499f-bc95-491238f8319b"}]}
2026-05-20 04:22:29.840 10 INFO neutron.services.segments.plugin [-] Segment 2e9c592c-0308-4414-8f28-133073a39ab0 resource provider aggregate not found
2026-05-20 04:22:29.844 10 INFO neutron.services.segments.plugin [-] Segment 2e9c592c-0308-4414-8f28-133073a39ab0 resource provider aggregate not found
2026-05-20 04:22:29.860 10 INFO neutron.services.segments.plugin [-] Segment 2e9c592c-0308-4414-8f28-133073a39ab0 resource provider not found; error: Placement Client Error (4xx): {"errors": [{"status": 404, "title": "Not Found", "detail": "The resource could not be found.\n\n No resource provider with uuid 2e9c592c-0308-4414-8f28-133073a39ab0 found for delete ", "request_id": "req-eb302e0e-2b12-4d8f-8a6a-b950226367d8"}]}
2026-05-20 04:22:29.878 10 INFO neutron.services.segments.plugin [-] Segment 2e9c592c-0308-4414-8f28-133073a39ab0 resource provider not found; error: Placement Client Error (4xx): {"errors": [{"status": 404, "title": "Not Found", "detail": "The resource could not be found.\n\n No resource provider with uuid 2e9c592c-0308-4414-8f28-133073a39ab0 found for delete ", "request_id": "req-81dd4df7-6cdb-437a-bb12-0407b8ce588c"}]}
2026-05-20 04:22:29.885 10 INFO neutron.services.segments.plugin [-] Segment 48ab3630-3400-41d6-8da5-179de9383f13 resource provider aggregate not found
2026-05-20 04:22:29.899 10 INFO neutron.services.segments.plugin [-] Segment 48ab3630-3400-41d6-8da5-179de9383f13 resource provider not found; error: Placement Client Error (4xx): {"errors": [{"status": 404, "title": "Not Found", "detail": "The resource could not be found.\n\n No resource provider with uuid 48ab3630-3400-41d6-8da5-179de9383f13 found for delete ", "request_id": "req-7d5c559a-7588-42ec-a192-d05f517163db"}]}
2026-05-20 04:22:29.901 10 INFO neutron.services.segments.plugin [-] Segment 48ab3630-3400-41d6-8da5-179de9383f13 resource provider aggregate not found
2026-05-20 04:22:29.935 10 INFO neutron.services.segments.plugin [-] Segment 48ab3630-3400-41d6-8da5-179de9383f13 resource provider not found; error: Placement Client Error (4xx): {"errors": [{"status": 404, "title": "Not Found", "detail": "The resource could not be found.\n\n No resource provider with uuid 48ab3630-3400-41d6-8da5-179de9383f13 found for delete ", "request_id": "req-bcdcbea1-55d3-4dbb-9120-ba5d47ebb3b3"}]}
2026-05-20 04:22:30.040 10 INFO neutron.wsgi [None req-fb47aab5-7b20-4bd1-8802-169b7a0ca6a5 150ac9c63d774d5e90543d44ec0d14b1 02a41df9671d4b4296d97808d85394fb - - default default] 10.0.0.99 "DELETE /v2.0/networks/5b2a8ac7-861e-43f4-bfc2-3fdb87ab147b HTTP/1.1" status: 204 len: 168 time: 0.4126306
2026-05-20 04:22:30.249 9 INFO neutron.db.ovn_revision_numbers_db [None req-e0857789-9bbe-4513-96ef-343341d3d3f3 2f24a31e7361484a926d42e268766599 15af51f74f724241b5d8abfac3bb90ff - - default default] Successfully bumped revision number for resource 3496d7c6-2d8a-4952-8994-d4898bdd86fe (type: security_groups) to 1
2026-05-20 04:22:30.271 9 INFO neutron.db.ovn_revision_numbers_db [None req-e0857789-9bbe-4513-96ef-343341d3d3f3 2f24a31e7361484a926d42e268766599 15af51f74f724241b5d8abfac3bb90ff - - default default] Successfully bumped revision number for resource 2a26dbd9-6cff-4b76-b72b-faa404b8308d (type: security_group_rules) to 0
2026-05-20 04:22:30.286 9 INFO neutron.db.ovn_revision_numbers_db [None req-e0857789-9bbe-4513-96ef-343341d3d3f3 2f24a31e7361484a926d42e268766599 15af51f74f724241b5d8abfac3bb90ff - - default default] Successfully bumped revision number for resource a25a58f2-2c9f-4515-a75b-16f756de3b98 (type: security_group_rules) to 0
2026-05-20 04:22:30.290 10 INFO neutron.wsgi [None req-0efdefe7-51a5-45d9-848a-9d0983325160 2f24a31e7361484a926d42e268766599 15af51f74f724241b5d8abfac3bb90ff - - default default] 10.0.0.99 "GET /v2.0/security-groups?tenant_id=9a99f8dfe29a472388f3b9ec2c2c90d9&name=default HTTP/1.1" status: 200 len: 2996 time: 0.1918159
2026-05-20 04:22:30.302 9 INFO neutron.db.ovn_revision_numbers_db [None req-e0857789-9bbe-4513-96ef-343341d3d3f3 2f24a31e7361484a926d42e268766599 15af51f74f724241b5d8abfac3bb90ff - - default default] Successfully bumped revision number for resource dfb02e7d-92ad-41e7-aebf-877e370aced9 (type: security_group_rules) to 0
2026-05-20 04:22:30.328 9 INFO neutron.db.ovn_revision_numbers_db [None req-e0857789-9bbe-4513-96ef-343341d3d3f3 2f24a31e7361484a926d42e268766599 15af51f74f724241b5d8abfac3bb90ff - - default default] Successfully bumped revision number for resource e91eb8e0-faf2-48c5-a3d3-0ae08728693d (type: security_group_rules) to 0
2026-05-20 04:22:30.383 9 INFO neutron.db.segments_db [None req-e0857789-9bbe-4513-96ef-343341d3d3f3 2f24a31e7361484a926d42e268766599 15af51f74f724241b5d8abfac3bb90ff - - default default] Added segment 7bbf166e-396f-46c7-ba3d-acc77450b738 of type geneve for network b5371421-c59c-43ee-b4e7-da5e3dadb6bf
2026-05-20 04:22:30.509 10 INFO neutron.wsgi [None req-f3163a81-4f5f-41d0-8d42-911c500316f5 2f24a31e7361484a926d42e268766599 15af51f74f724241b5d8abfac3bb90ff - - default default] 10.0.0.99 "DELETE /v2.0/security-groups/2a5efb9a-218d-499f-9c98-8f2e6a92de83 HTTP/1.1" status: 204 len: 168 time: 0.2133970
2026-05-20 04:22:30.532 9 WARNING neutron.plugins.ml2.drivers.ovn.mech_driver.ovsdb.ovn_client [None req-81c5e094-bb6d-41a5-9d80-80da556afc5e - - - - - -] No hosting information found for port 4d155c7a-eff2-42da-9efb-e996c7baeda8: RuntimeError: No hosting information found for port 4d155c7a-eff2-42da-9efb-e996c7baeda8
2026-05-20 04:22:30.532 9 INFO neutron.plugins.ml2.drivers.ovn.mech_driver.mech_driver [None req-81c5e094-bb6d-41a5-9d80-80da556afc5e - - - - - -] OVN reports status up for port: 844d4641-c0e0-4c8d-ac97-3476f7a41dca
2026-05-20 04:22:30.540 9 INFO neutron.plugins.ml2.plugin [None req-81c5e094-bb6d-41a5-9d80-80da556afc5e - - - - - -] Attempt 1 to provision port 844d4641-c0e0-4c8d-ac97-3476f7a41dca
2026-05-20 04:22:30.548 9 INFO neutron.db.ovn_revision_numbers_db [None req-e0857789-9bbe-4513-96ef-343341d3d3f3 2f24a31e7361484a926d42e268766599 15af51f74f724241b5d8abfac3bb90ff - - default default] Successfully bumped revision number for resource b5371421-c59c-43ee-b4e7-da5e3dadb6bf (type: networks) to 1
2026-05-20 04:22:30.665 10 INFO neutron.wsgi [None req-b21cfa22-629b-4dc4-a077-c44ba9c6bd54 2f24a31e7361484a926d42e268766599 15af51f74f724241b5d8abfac3bb90ff - - default default] 10.0.0.99 "GET /v2.0/security-groups?tenant_id=02a41df9671d4b4296d97808d85394fb&name=default HTTP/1.1" status: 200 len: 2996 time: 0.1722076
2026-05-20 04:22:30.670 10 INFO neutron.wsgi [None req-3204c5e1-3ab3-45f4-b779-ac58f0a303f8 127084a7c78042cfa1fa84aeb74f0dcc 2d16f38c87674d489f6a8172b1b7115e - - default default] 10.0.0.99 "GET /v2.0/ports/844d4641-c0e0-4c8d-ac97-3476f7a41dca HTTP/1.1" status: 200 len: 1147 time: 0.0923097
2026-05-20 04:22:30.904 10 INFO neutron.wsgi [None req-5f87df01-480a-4849-b50d-dc2244449378 2f24a31e7361484a926d42e268766599 15af51f74f724241b5d8abfac3bb90ff - - default default] 10.0.0.99 "DELETE /v2.0/security-groups/6ce9d24e-2783-4f84-bfc1-e0152badcbcf HTTP/1.1" status: 204 len: 168 time: 0.2339077
2026-05-20 04:22:30.943 9 WARNING neutron.scheduler.dhcp_agent_scheduler [None req-e0857789-9bbe-4513-96ef-343341d3d3f3 2f24a31e7361484a926d42e268766599 15af51f74f724241b5d8abfac3bb90ff - - default default] No more DHCP agents
2026-05-20 04:22:30.949 9 WARNING neutron.api.rpc.agentnotifiers.dhcp_rpc_agent_api [None req-e0857789-9bbe-4513-96ef-343341d3d3f3 2f24a31e7361484a926d42e268766599 15af51f74f724241b5d8abfac3bb90ff - - default default] Unable to schedule network b5371421-c59c-43ee-b4e7-da5e3dadb6bf: no agents available; will retry on subsequent port and subnet creation events.
2026-05-20 04:22:31.049 9 INFO neutron.db.ovn_revision_numbers_db [None req-e0857789-9bbe-4513-96ef-343341d3d3f3 2f24a31e7361484a926d42e268766599 15af51f74f724241b5d8abfac3bb90ff - - default default] Successfully bumped revision number for resource d596b53a-ee28-4248-8df3-09c082a39a3a (type: ports) to 1
2026-05-20 04:22:31.069 9 INFO neutron.wsgi [None req-e0857789-9bbe-4513-96ef-343341d3d3f3 2f24a31e7361484a926d42e268766599 15af51f74f724241b5d8abfac3bb90ff - - default default] 10.0.0.99 "POST /v2.0/networks HTTP/1.1" status: 201 len: 948 time: 1.1195767
2026-05-20 04:22:31.116 9 INFO neutron.db.ovn_revision_numbers_db [None req-81c5e094-bb6d-41a5-9d80-80da556afc5e - - - - - -] Successfully bumped revision number for resource 844d4641-c0e0-4c8d-ac97-3476f7a41dca (type: ports) to 2
2026-05-20 04:22:31.246 10 WARNING neutron.scheduler.dhcp_agent_scheduler [None req-8b484788-03b3-4043-a0d4-ab57136da527 2f24a31e7361484a926d42e268766599 15af51f74f724241b5d8abfac3bb90ff - - default default] No more DHCP agents
2026-05-20 04:22:31.253 10 WARNING neutron.api.rpc.agentnotifiers.dhcp_rpc_agent_api [None req-8b484788-03b3-4043-a0d4-ab57136da527 2f24a31e7361484a926d42e268766599 15af51f74f724241b5d8abfac3bb90ff - - default default] Unable to schedule network b5371421-c59c-43ee-b4e7-da5e3dadb6bf: no agents available; will retry on subsequent port and subnet creation events.
2026-05-20 04:22:31.262 9 INFO neutron.db.ovn_revision_numbers_db [None req-81c5e094-bb6d-41a5-9d80-80da556afc5e - - - - - -] Successfully bumped revision number for resource 844d4641-c0e0-4c8d-ac97-3476f7a41dca (type: router_ports) to 2
2026-05-20 04:22:31.721 9 INFO neutron.wsgi [None req-9f8c966d-f482-40f1-aa5b-179d997c0efa 127084a7c78042cfa1fa84aeb74f0dcc 2d16f38c87674d489f6a8172b1b7115e - - default default] 10.0.0.99 "GET /v2.0/ports/844d4641-c0e0-4c8d-ac97-3476f7a41dca HTTP/1.1" status: 200 len: 1149 time: 0.0439849
2026-05-20 04:22:31.771 10 INFO neutron.db.ovn_revision_numbers_db [None req-8b484788-03b3-4043-a0d4-ab57136da527 2f24a31e7361484a926d42e268766599 15af51f74f724241b5d8abfac3bb90ff - - default default] Successfully bumped revision number for resource d596b53a-ee28-4248-8df3-09c082a39a3a (type: ports) to 2
2026-05-20 04:22:31.805 10 INFO neutron.db.ovn_revision_numbers_db [None req-8b484788-03b3-4043-a0d4-ab57136da527 2f24a31e7361484a926d42e268766599 15af51f74f724241b5d8abfac3bb90ff - - default default] Successfully bumped revision number for resource 3e77e18e-3bd5-4108-a3c4-45d40d79b6ac (type: subnets) to 0
2026-05-20 04:22:31.822 10 INFO neutron.wsgi [None req-8b484788-03b3-4043-a0d4-ab57136da527 2f24a31e7361484a926d42e268766599 15af51f74f724241b5d8abfac3bb90ff - - default default] 10.0.0.99 "POST /v2.0/subnets HTTP/1.1" status: 201 len: 868 time: 0.7485485
2026-05-20 04:22:31.935 10 INFO neutron.services.segments.plugin [-] Segment 5ff798c3-b4e0-4d66-89bc-316142146e12 resource provider aggregate not found
2026-05-20 04:22:31.962 10 INFO neutron.services.segments.plugin [-] Segment 5ff798c3-b4e0-4d66-89bc-316142146e12 resource provider not found; error: Placement Client Error (4xx): {"errors": [{"status": 404, "title": "Not Found", "detail": "The resource could not be found.\n\n No resource provider with uuid 5ff798c3-b4e0-4d66-89bc-316142146e12 found for delete ", "request_id": "req-dbc8f1f4-ae33-46ea-9fe9-8bcf1d82ed8d"}]}
2026-05-20 04:22:31.966 10 INFO neutron.services.segments.plugin [-] Segment 5ff798c3-b4e0-4d66-89bc-316142146e12 resource provider aggregate not found
2026-05-20 04:22:31.982 10 INFO neutron.services.segments.plugin [-] Segment 5ff798c3-b4e0-4d66-89bc-316142146e12 resource provider not found; error: Placement Client Error (4xx): {"errors": [{"status": 404, "title": "Not Found", "detail": "The resource could not be found.\n\n No resource provider with uuid 5ff798c3-b4e0-4d66-89bc-316142146e12 found for delete ", "request_id": "req-8ad39802-cf63-4b43-b42c-e53a1f0ebaa5"}]}
2026-05-20 04:22:32.368 9 WARNING neutron.scheduler.dhcp_agent_scheduler [None req-d9961ad7-953b-472a-9f2d-69a7bcdc50e9 2f24a31e7361484a926d42e268766599 15af51f74f724241b5d8abfac3bb90ff - - default default] No more DHCP agents
2026-05-20 04:22:32.369 9 WARNING neutron.api.rpc.agentnotifiers.dhcp_rpc_agent_api [None req-d9961ad7-953b-472a-9f2d-69a7bcdc50e9 2f24a31e7361484a926d42e268766599 15af51f74f724241b5d8abfac3bb90ff - - default default] Unable to schedule network db57a76f-9faa-48e4-bf2e-a7fa9e8dc65e: no agents available; will retry on subsequent port and subnet creation events.
2026-05-20 04:22:32.489 9 INFO neutron.wsgi [None req-b7d2d14c-d190-4f6f-bb73-ab63331635ec 127084a7c78042cfa1fa84aeb74f0dcc 2d16f38c87674d489f6a8172b1b7115e - - default default] 10.0.0.99 "PUT /v2.0/routers/68ad2961-7e92-4715-b51a-3f85fed753e4/remove_router_interface HTTP/1.1" status: 200 len: 503 time: 0.7628591
2026-05-20 04:22:32.582 9 INFO neutron.db.ovn_revision_numbers_db [None req-d9961ad7-953b-472a-9f2d-69a7bcdc50e9 2f24a31e7361484a926d42e268766599 15af51f74f724241b5d8abfac3bb90ff - - default default] Successfully bumped revision number for resource a7e21bc8-84c5-435a-8fce-2caea670d4ac (type: ports) to 1
2026-05-20 04:22:32.593 10 INFO neutron.wsgi [None req-e72e4e76-8b08-4b5b-aa06-7cdfbc7de025 127084a7c78042cfa1fa84aeb74f0dcc 2d16f38c87674d489f6a8172b1b7115e - - default default] 10.0.0.99 "GET /v2.0/ports/4d155c7a-eff2-42da-9efb-e996c7baeda8 HTTP/1.1" status: 200 len: 1141 time: 0.0967400
2026-05-20 04:22:32.746 10 INFO neutron.db.ovn_revision_numbers_db [None req-fbc537b8-cd6b-4b60-a287-78a2a9d25a84 2f24a31e7361484a926d42e268766599 15af51f74f724241b5d8abfac3bb90ff - - default default] Successfully bumped revision number for resource c8a5dbc3-5d4a-47a6-853e-423a393c1e08 (type: security_groups) to 1
2026-05-20 04:22:32.777 10 INFO neutron.db.ovn_revision_numbers_db [None req-fbc537b8-cd6b-4b60-a287-78a2a9d25a84 2f24a31e7361484a926d42e268766599 15af51f74f724241b5d8abfac3bb90ff - - default default] Successfully bumped revision number for resource 1b8038e2-86b6-49b0-acef-143f6a84b3b4 (type: security_group_rules) to 0
2026-05-20 04:22:32.795 10 INFO neutron.db.ovn_revision_numbers_db [None req-fbc537b8-cd6b-4b60-a287-78a2a9d25a84 2f24a31e7361484a926d42e268766599 15af51f74f724241b5d8abfac3bb90ff - - default default] Successfully bumped revision number for resource a9c3b465-8131-41b6-b295-62d627ff1aba (type: security_group_rules) to 0
2026-05-20 04:22:32.811 10 INFO neutron.db.ovn_revision_numbers_db [None req-fbc537b8-cd6b-4b60-a287-78a2a9d25a84 2f24a31e7361484a926d42e268766599 15af51f74f724241b5d8abfac3bb90ff - - default default] Successfully bumped revision number for resource d2ea903e-77fa-401a-b77a-56ca5dce5836 (type: security_group_rules) to 0 /var/lib/openstack/lib/python3.10/site-packages/pycadf/identifier.py:71: UserWarning: Invalid uuid: neutron. To ensure interoperability, identifiers should be a valid uuid. warnings.warn(('Invalid uuid: %s. To ensure interoperability, '
2026-05-20 04:22:32.831 10 INFO neutron.db.ovn_revision_numbers_db [None req-fbc537b8-cd6b-4b60-a287-78a2a9d25a84 2f24a31e7361484a926d42e268766599 15af51f74f724241b5d8abfac3bb90ff - - default default] Successfully bumped revision number for resource df86df2a-f667-4f56-b64a-b4f2656ea81d (type: security_group_rules) to 0
2026-05-20 04:22:32.888 10 INFO neutron.db.segments_db [None req-fbc537b8-cd6b-4b60-a287-78a2a9d25a84 2f24a31e7361484a926d42e268766599 15af51f74f724241b5d8abfac3bb90ff - - default default] Added segment dd33a24d-0237-4b70-ac63-301a3c2a1c13 of type geneve for network 88984040-8dc7-4fcb-ba33-644717791fb7
2026-05-20 04:22:32.999 9 INFO neutron.db.ovn_revision_numbers_db [None req-8cab1d8e-7f57-4fc9-9f6b-9f4b2f033aa4 706b4d4911684fdd9305c42088a5e062 1dd40682f60e493db0f174f4925a0af2 - - default default] Successfully bumped revision number for resource a3a27699-f38b-44ba-83ba-c057353f2dbf (type: security_groups) to 1
2026-05-20 04:22:33.019 9 INFO neutron.db.ovn_revision_numbers_db [None req-8cab1d8e-7f57-4fc9-9f6b-9f4b2f033aa4 706b4d4911684fdd9305c42088a5e062 1dd40682f60e493db0f174f4925a0af2 - - default default] Successfully bumped revision number for resource 0a72928f-51f3-4b77-868a-4152d2b44a16 (type: security_group_rules) to 0
2026-05-20 04:22:33.044 9 INFO neutron.db.ovn_revision_numbers_db [None req-8cab1d8e-7f57-4fc9-9f6b-9f4b2f033aa4 706b4d4911684fdd9305c42088a5e062 1dd40682f60e493db0f174f4925a0af2 - - default default] Successfully bumped revision number for resource 40c80f86-7087-4936-99e7-57680322b9ea (type: security_group_rules) to 0
2026-05-20 04:22:33.066 9 INFO neutron.db.ovn_revision_numbers_db [None req-8cab1d8e-7f57-4fc9-9f6b-9f4b2f033aa4 706b4d4911684fdd9305c42088a5e062 1dd40682f60e493db0f174f4925a0af2 - - default default] Successfully bumped revision number for resource 7f455f56-c864-40f2-9724-33de15adba9f (type: security_group_rules) to 0
2026-05-20 04:22:33.079 9 INFO neutron.db.ovn_revision_numbers_db [None req-8cab1d8e-7f57-4fc9-9f6b-9f4b2f033aa4 706b4d4911684fdd9305c42088a5e062 1dd40682f60e493db0f174f4925a0af2 - - default default] Successfully bumped revision number for resource f785dfab-ccc2-41b3-af93-e44ec7240f82 (type: security_group_rules) to 0
2026-05-20 04:22:33.083 10 INFO neutron.db.ovn_revision_numbers_db [None req-fbc537b8-cd6b-4b60-a287-78a2a9d25a84 2f24a31e7361484a926d42e268766599 15af51f74f724241b5d8abfac3bb90ff - - default default] Successfully bumped revision number for resource 88984040-8dc7-4fcb-ba33-644717791fb7 (type: networks) to 1
2026-05-20 04:22:33.132 9 INFO neutron.db.segments_db [None req-8cab1d8e-7f57-4fc9-9f6b-9f4b2f033aa4 706b4d4911684fdd9305c42088a5e062 1dd40682f60e493db0f174f4925a0af2 - - default default] Added segment c7271bf1-275c-40fe-ab23-3abbbb3b5dae of type geneve for network 4de3e182-d9fd-43ea-95e7-dee86f5e6d55
2026-05-20 04:22:33.169 9 INFO neutron.plugins.ml2.drivers.ovn.mech_driver.ovsdb.ovsdb_monitor [None req-56fb77bd-2cd0-498b-85aa-42e48deac407 - - - - - -] Router 181578c5-1cbf-437b-9345-88b6f5375a90 is bound to host instance
2026-05-20 04:22:33.187 10 INFO neutron.plugins.ml2.drivers.ovn.mech_driver.mech_driver [None req-eed3d43e-3b7c-4c7b-a6bf-fd72d4da65f6 - - - - - -] OVN reports status up for port: a7e21bc8-84c5-435a-8fce-2caea670d4ac
2026-05-20 04:22:33.209 10 INFO neutron.plugins.ml2.plugin [None req-eed3d43e-3b7c-4c7b-a6bf-fd72d4da65f6 - - - - - -] Attempt 1 to provision port a7e21bc8-84c5-435a-8fce-2caea670d4ac
2026-05-20 04:22:33.234 9 INFO neutron.db.ovn_revision_numbers_db [None req-d9961ad7-953b-472a-9f2d-69a7bcdc50e9 2f24a31e7361484a926d42e268766599 15af51f74f724241b5d8abfac3bb90ff - - default default] Successfully bumped revision number for resource a7e21bc8-84c5-435a-8fce-2caea670d4ac (type: router_ports) to 1
2026-05-20 04:22:33.316 10 WARNING neutron.scheduler.dhcp_agent_scheduler [None req-fbc537b8-cd6b-4b60-a287-78a2a9d25a84 2f24a31e7361484a926d42e268766599 15af51f74f724241b5d8abfac3bb90ff - - default default] No more DHCP agents
2026-05-20 04:22:33.346 10 WARNING neutron.api.rpc.agentnotifiers.dhcp_rpc_agent_api [None req-fbc537b8-cd6b-4b60-a287-78a2a9d25a84 2f24a31e7361484a926d42e268766599 15af51f74f724241b5d8abfac3bb90ff - - default default] Unable to schedule network 88984040-8dc7-4fcb-ba33-644717791fb7: no agents available; will retry on subsequent port and subnet creation events.
2026-05-20 04:22:33.368 10 INFO neutron.wsgi [None req-81fd15a4-34e2-4ca0-a322-70c1a42180b3 127084a7c78042cfa1fa84aeb74f0dcc 2d16f38c87674d489f6a8172b1b7115e - - default default] 10.0.0.99 "PUT /v2.0/routers/68ad2961-7e92-4715-b51a-3f85fed753e4/remove_router_interface HTTP/1.1" status: 200 len: 503 time: 0.7711184 /var/lib/openstack/lib/python3.10/site-packages/pycadf/identifier.py:71: UserWarning: Invalid uuid: neutron. To ensure interoperability, identifiers should be a valid uuid. warnings.warn(('Invalid uuid: %s. To ensure interoperability, '
2026-05-20 04:22:33.410 10 INFO neutron.wsgi [None req-ddaf1a52-28e4-444e-955b-f3616e2c35e8 127084a7c78042cfa1fa84aeb74f0dcc 2d16f38c87674d489f6a8172b1b7115e - - default default] 10.0.0.99 "GET /v2.0/ports?device_id=68ad2961-7e92-4715-b51a-3f85fed753e4 HTTP/1.1" status: 200 len: 205 time: 0.0370688
2026-05-20 04:22:33.514 10 INFO neutron.db.ovn_revision_numbers_db [None req-fbc537b8-cd6b-4b60-a287-78a2a9d25a84 2f24a31e7361484a926d42e268766599 15af51f74f724241b5d8abfac3bb90ff - - default default] Successfully bumped revision number for resource 8112500c-9118-43b1-a983-8c245f8d5f5f (type: ports) to 1
2026-05-20 04:22:33.550 10 INFO neutron.wsgi [None req-fbc537b8-cd6b-4b60-a287-78a2a9d25a84 2f24a31e7361484a926d42e268766599 15af51f74f724241b5d8abfac3bb90ff - - default default] 10.0.0.99 "POST /v2.0/networks HTTP/1.1" status: 201 len: 943 time: 1.2607043
2026-05-20 04:22:33.589 9 INFO neutron.db.ovn_revision_numbers_db [None req-d9961ad7-953b-472a-9f2d-69a7bcdc50e9 2f24a31e7361484a926d42e268766599 15af51f74f724241b5d8abfac3bb90ff - - default default] Successfully bumped revision number for resource 181578c5-1cbf-437b-9345-88b6f5375a90 (type: routers) to 2
2026-05-20 04:22:33.598 9 INFO neutron.db.ovn_revision_numbers_db [None req-8cab1d8e-7f57-4fc9-9f6b-9f4b2f033aa4 706b4d4911684fdd9305c42088a5e062 1dd40682f60e493db0f174f4925a0af2 - - default default] Successfully bumped revision number for resource 4de3e182-d9fd-43ea-95e7-dee86f5e6d55 (type: networks) to 1
2026-05-20 04:22:33.628 10 INFO neutron.wsgi [None req-2295ad80-a1c4-4d11-89ca-452eb1b4e4b7 127084a7c78042cfa1fa84aeb74f0dcc 2d16f38c87674d489f6a8172b1b7115e - - default default] 10.0.0.99 "DELETE /v2.0/routers/68ad2961-7e92-4715-b51a-3f85fed753e4 HTTP/1.1" status: 204 len: 168 time: 0.2126231
2026-05-20 04:22:33.631 9 INFO neutron.wsgi [None req-d9961ad7-953b-472a-9f2d-69a7bcdc50e9 2f24a31e7361484a926d42e268766599 15af51f74f724241b5d8abfac3bb90ff - - default default] 10.0.0.99 "POST /v2.0/routers HTTP/1.1" status: 201 len: 879 time: 1.8027687
2026-05-20 04:22:33.788 10 WARNING neutron.scheduler.dhcp_agent_scheduler [None req-ab74c132-26bf-48ba-99d3-69c8d3045e7c 2f24a31e7361484a926d42e268766599 15af51f74f724241b5d8abfac3bb90ff - - default default] No more DHCP agents
2026-05-20 04:22:33.798 10 WARNING neutron.api.rpc.agentnotifiers.dhcp_rpc_agent_api [None req-ab74c132-26bf-48ba-99d3-69c8d3045e7c 2f24a31e7361484a926d42e268766599 15af51f74f724241b5d8abfac3bb90ff - - default default] Unable to schedule network 88984040-8dc7-4fcb-ba33-644717791fb7: no agents available; will retry on subsequent port and subnet creation events.
2026-05-20 04:22:33.926 9 WARNING neutron.scheduler.dhcp_agent_scheduler [None req-8cab1d8e-7f57-4fc9-9f6b-9f4b2f033aa4 706b4d4911684fdd9305c42088a5e062 1dd40682f60e493db0f174f4925a0af2 - - default default] No more DHCP agents
2026-05-20 04:22:33.931 9 WARNING neutron.api.rpc.agentnotifiers.dhcp_rpc_agent_api [None req-8cab1d8e-7f57-4fc9-9f6b-9f4b2f033aa4 706b4d4911684fdd9305c42088a5e062 1dd40682f60e493db0f174f4925a0af2 - - default default] Unable to schedule network 4de3e182-d9fd-43ea-95e7-dee86f5e6d55: no agents available; will retry on subsequent port and subnet creation events.
2026-05-20 04:22:34.077 10 INFO neutron.wsgi [None req-66015907-129b-4148-a06b-dc2c5b209147 127084a7c78042cfa1fa84aeb74f0dcc 2d16f38c87674d489f6a8172b1b7115e - - default default] 10.0.0.99 "DELETE /v2.0/subnets/2beb9b2b-bb50-49a8-94f5-2cd075e18339 HTTP/1.1" status: 204 len: 168 time: 0.4435148
2026-05-20 04:22:34.077 9 INFO neutron.db.ovn_revision_numbers_db [None req-8cab1d8e-7f57-4fc9-9f6b-9f4b2f033aa4 706b4d4911684fdd9305c42088a5e062 1dd40682f60e493db0f174f4925a0af2 - - default default] Successfully bumped revision number for resource 01df8c3b-4cd8-4c2a-a6f4-af0662e52115 (type: ports) to 1
2026-05-20 04:22:34.116 9 INFO neutron.wsgi [None req-8cab1d8e-7f57-4fc9-9f6b-9f4b2f033aa4 706b4d4911684fdd9305c42088a5e062 1dd40682f60e493db0f174f4925a0af2 - - default default] 10.0.0.99 "POST /v2.0/networks HTTP/1.1" status: 201 len: 848 time: 1.4002008
2026-05-20 04:22:34.278 9 INFO neutron.db.ovn_revision_numbers_db [None req-56fb77bd-2cd0-498b-85aa-42e48deac407 - - - - - -] Successfully bumped revision number for resource a7e21bc8-84c5-435a-8fce-2caea670d4ac (type: ports) to 1
2026-05-20 04:22:34.310 9 WARNING neutron.scheduler.dhcp_agent_scheduler [None req-a5f70bb6-da41-4a27-87a5-fec711fadeac 2f24a31e7361484a926d42e268766599 15af51f74f724241b5d8abfac3bb90ff - - default default] No more DHCP agents
2026-05-20 04:22:34.315 9 WARNING neutron.api.rpc.agentnotifiers.dhcp_rpc_agent_api [None req-a5f70bb6-da41-4a27-87a5-fec711fadeac 2f24a31e7361484a926d42e268766599 15af51f74f724241b5d8abfac3bb90ff - - default default] Unable to schedule network b5371421-c59c-43ee-b4e7-da5e3dadb6bf: no agents available; will retry on subsequent port and subnet creation events.
2026-05-20 04:22:34.373 10 INFO neutron.wsgi [None req-8e053597-71f3-4137-88f3-c8c6c502f6d9 127084a7c78042cfa1fa84aeb74f0dcc 2d16f38c87674d489f6a8172b1b7115e - - default default] 10.0.0.99 "DELETE /v2.0/subnets/a4f047af-aece-4126-a4b7-51ee1f978595 HTTP/1.1" status: 204 len: 168 time: 0.2910044
2026-05-20 04:22:34.502 10 WARNING neutron.scheduler.dhcp_agent_scheduler [None req-85db845e-f648-41f4-86b0-fd213892a554 706b4d4911684fdd9305c42088a5e062 1dd40682f60e493db0f174f4925a0af2 - - default default] No more DHCP agents
2026-05-20 04:22:34.512 10 WARNING neutron.api.rpc.agentnotifiers.dhcp_rpc_agent_api [None req-85db845e-f648-41f4-86b0-fd213892a554 706b4d4911684fdd9305c42088a5e062 1dd40682f60e493db0f174f4925a0af2 - - default default] Unable to schedule network 4de3e182-d9fd-43ea-95e7-dee86f5e6d55: no agents available; will retry on subsequent port and subnet creation events.
2026-05-20 04:22:34.587 9 INFO neutron.db.ovn_revision_numbers_db [None req-a5f70bb6-da41-4a27-87a5-fec711fadeac 2f24a31e7361484a926d42e268766599 15af51f74f724241b5d8abfac3bb90ff - - default default] Successfully bumped revision number for resource 7c80e895-e094-4580-99ca-2a85abd1899c (type: ports) to 1
2026-05-20 04:22:34.654 10 INFO neutron.db.ovn_revision_numbers_db [None req-85db845e-f648-41f4-86b0-fd213892a554 706b4d4911684fdd9305c42088a5e062 1dd40682f60e493db0f174f4925a0af2 - - default default] Successfully bumped revision number for resource 1da7161b-dc7c-4644-bc7a-1d9732c90ffe (type: ports) to 1
2026-05-20 04:22:34.683 10 INFO neutron.wsgi [None req-85db845e-f648-41f4-86b0-fd213892a554 706b4d4911684fdd9305c42088a5e062 1dd40682f60e493db0f174f4925a0af2 - - default default] 10.0.0.99 "POST /v2.0/ports HTTP/1.1" status: 201 len: 978 time: 0.5597785 /var/lib/openstack/lib/python3.10/site-packages/pycadf/identifier.py:71: UserWarning: Invalid uuid: neutron. To ensure interoperability, identifiers should be a valid uuid. warnings.warn(('Invalid uuid: %s. To ensure interoperability, '
2026-05-20 04:22:34.704 9 INFO neutron.db.ovn_revision_numbers_db [None req-56fb77bd-2cd0-498b-85aa-42e48deac407 - - - - - -] Successfully bumped revision number for resource a7e21bc8-84c5-435a-8fce-2caea670d4ac (type: router_ports) to 3
2026-05-20 04:22:34.733 10 INFO neutron.db.ovn_revision_numbers_db [None req-ab74c132-26bf-48ba-99d3-69c8d3045e7c 2f24a31e7361484a926d42e268766599 15af51f74f724241b5d8abfac3bb90ff - - default default] Successfully bumped revision number for resource 8112500c-9118-43b1-a983-8c245f8d5f5f (type: ports) to 2
