2026-05-20 04:22:18.484 10 INFO neutron.db.ovn_revision_numbers_db [None req-78a53eac-70e6-45fb-bca9-074f395f3b4e 150ac9c63d774d5e90543d44ec0d14b1 02a41df9671d4b4296d97808d85394fb - - default default] Successfully bumped revision number for resource 14ab78db-fd45-4c80-92e4-3eb9032028b4 (type: ports) to 1
2026-05-20 04:22:18.585 10 INFO neutron.db.ovn_revision_numbers_db [None req-78a53eac-70e6-45fb-bca9-074f395f3b4e 150ac9c63d774d5e90543d44ec0d14b1 02a41df9671d4b4296d97808d85394fb - - default default] Successfully bumped revision number for resource 0cbd04bc-e13d-46d2-9361-129db8fb708c (type: networks) to 1
2026-05-20 04:22:18.662 10 WARNING neutron.scheduler.dhcp_agent_scheduler [None req-8ee3865c-4abb-452f-a40f-b6995ab8ffe8 1d8438faff9642ea9b36a4af1915be7c 9a99f8dfe29a472388f3b9ec2c2c90d9 - - default default] No more DHCP agents
2026-05-20 04:22:18.666 10 WARNING neutron.api.rpc.agentnotifiers.dhcp_rpc_agent_api [None req-8ee3865c-4abb-452f-a40f-b6995ab8ffe8 1d8438faff9642ea9b36a4af1915be7c 9a99f8dfe29a472388f3b9ec2c2c90d9 - - default default] Unable to schedule network 2f1574df-6c6a-4893-8de0-abd2e753d542: no agents available; will retry on subsequent port and subnet creation events.
2026-05-20 04:22:18.765 10 INFO neutron.db.ovn_revision_numbers_db [None req-8ee3865c-4abb-452f-a40f-b6995ab8ffe8 1d8438faff9642ea9b36a4af1915be7c 9a99f8dfe29a472388f3b9ec2c2c90d9 - - default default] Successfully bumped revision number for resource 52d6f926-f9f1-4fab-ae0d-58c6fd4eca32 (type: ports) to 1
2026-05-20 04:22:18.798 10 INFO neutron.wsgi [None req-8ee3865c-4abb-452f-a40f-b6995ab8ffe8 1d8438faff9642ea9b36a4af1915be7c 9a99f8dfe29a472388f3b9ec2c2c90d9 - - default default] 10.0.0.99 "POST /v2.0/networks HTTP/1.1" status: 201 len: 843 time: 1.1588292
2026-05-20 04:22:18.799 10 WARNING neutron.scheduler.dhcp_agent_scheduler [None req-78a53eac-70e6-45fb-bca9-074f395f3b4e 150ac9c63d774d5e90543d44ec0d14b1 02a41df9671d4b4296d97808d85394fb - - default default] No more DHCP agents
2026-05-20 04:22:18.802 10 WARNING neutron.api.rpc.agentnotifiers.dhcp_rpc_agent_api [None req-78a53eac-70e6-45fb-bca9-074f395f3b4e 150ac9c63d774d5e90543d44ec0d14b1 02a41df9671d4b4296d97808d85394fb - - default default] Unable to schedule network 0cbd04bc-e13d-46d2-9361-129db8fb708c: no agents available; will retry on subsequent port and subnet creation events.
2026-05-20 04:22:18.870 10 INFO neutron.db.ovn_revision_numbers_db [None req-78a53eac-70e6-45fb-bca9-074f395f3b4e 150ac9c63d774d5e90543d44ec0d14b1 02a41df9671d4b4296d97808d85394fb - - default default] Successfully bumped revision number for resource e5186899-12ca-4e15-b3e5-87e5f77b21a5 (type: ports) to 1
2026-05-20 04:22:18.888 10 INFO neutron.wsgi [None req-78a53eac-70e6-45fb-bca9-074f395f3b4e 150ac9c63d774d5e90543d44ec0d14b1 02a41df9671d4b4296d97808d85394fb - - default default] 10.0.0.99 "POST /v2.0/networks HTTP/1.1" status: 201 len: 1445 time: 1.6141696
2026-05-20 04:22:18.994 10 INFO neutron.wsgi [None req-0c7e64b1-c0ad-46d0-9231-6a32fbc589d7 150ac9c63d774d5e90543d44ec0d14b1 02a41df9671d4b4296d97808d85394fb - - default default] 10.0.0.99 "GET /v2.0/networks HTTP/1.1" status: 200 len: 2051 time: 0.1008017
2026-05-20 04:22:18.996 10 INFO neutron.wsgi [None req-74bf3c72-b76d-4593-a217-19aab7ea080d 2f24a31e7361484a926d42e268766599 15af51f74f724241b5d8abfac3bb90ff - - default default] 10.0.0.64 "GET /v2.0/networks HTTP/1.1" status: 200 len: 5231 time: 0.2067881
2026-05-20 04:22:19.041 9 WARNING neutron.scheduler.dhcp_agent_scheduler [None req-a68197b1-ad3f-4de4-934e-6c709e53e84d 1d8438faff9642ea9b36a4af1915be7c 9a99f8dfe29a472388f3b9ec2c2c90d9 - - default default] No more DHCP agents
2026-05-20 04:22:19.043 9 WARNING neutron.api.rpc.agentnotifiers.dhcp_rpc_agent_api [None req-a68197b1-ad3f-4de4-934e-6c709e53e84d 1d8438faff9642ea9b36a4af1915be7c 9a99f8dfe29a472388f3b9ec2c2c90d9 - - default default] Unable to schedule network 2f1574df-6c6a-4893-8de0-abd2e753d542: no agents available; will retry on subsequent port and subnet creation events.
2026-05-20 04:22:19.073 10 INFO neutron.wsgi [None req-28568ea7-4d27-4c27-bc70-c9d694a5fd21 2f24a31e7361484a926d42e268766599 15af51f74f724241b5d8abfac3bb90ff - - default default] 10.0.0.64 "GET /v2.0/security-groups HTTP/1.1" status: 200 len: 27880 time: 0.0731845
2026-05-20 04:22:19.117 9 INFO neutron.db.ovn_revision_numbers_db [None req-a68197b1-ad3f-4de4-934e-6c709e53e84d 1d8438faff9642ea9b36a4af1915be7c 9a99f8dfe29a472388f3b9ec2c2c90d9 - - default default] Successfully bumped revision number for resource b6d3d2ad-9621-438d-96a7-af3ed0907554 (type: ports) to 1
2026-05-20 04:22:19.124 10 INFO neutron.wsgi [None req-e04e0fee-56f3-4e14-ae9b-e34affc4f5fc 2f24a31e7361484a926d42e268766599 15af51f74f724241b5d8abfac3bb90ff - - default default] 10.0.0.64 "GET /v2.0/subnets HTTP/1.1" status: 200 len: 2093 time: 0.0418539
2026-05-20 04:22:19.142 9 INFO neutron.wsgi [None req-a68197b1-ad3f-4de4-934e-6c709e53e84d 1d8438faff9642ea9b36a4af1915be7c 9a99f8dfe29a472388f3b9ec2c2c90d9 - - default default] 10.0.0.99 "POST /v2.0/ports HTTP/1.1" status: 201 len: 974 time: 0.3363147 /var/lib/openstack/lib/python3.10/site-packages/pycadf/identifier.py:71: UserWarning: Invalid uuid: neutron. To ensure interoperability, identifiers should be a valid uuid. warnings.warn(('Invalid uuid: %s. To ensure interoperability, '
2026-05-20 04:22:19.176 10 INFO neutron.wsgi [None req-ade24b0a-55df-4117-b729-d8bbd77c9a72 2f24a31e7361484a926d42e268766599 15af51f74f724241b5d8abfac3bb90ff - - default default] 10.0.0.64 "GET /v2.0/ports HTTP/1.1" status: 200 len: 14284 time: 0.0502222
2026-05-20 04:22:19.245 10 INFO neutron.wsgi [None req-dc8df47c-1ace-4073-98b5-3c9e123b6512 2f24a31e7361484a926d42e268766599 15af51f74f724241b5d8abfac3bb90ff - - default default] 10.0.0.64 "GET /v2.0/floatingips HTTP/1.1" status: 200 len: 1036 time: 0.0601134
2026-05-20 04:22:19.248 9 INFO neutron.db.segments_db [None req-10140319-4939-4f58-9ad7-bcd5dc2697bf 1d8438faff9642ea9b36a4af1915be7c 9a99f8dfe29a472388f3b9ec2c2c90d9 - - default default] Added segment 0b4327a1-bdfd-4883-981c-556c6d6672ea of type geneve for network 38c05ac8-3114-4b80-93f6-d9f08b31d31f
2026-05-20 04:22:19.260 10 INFO neutron.wsgi [None req-f71e64b6-a254-49a6-b078-ad4ffcd65922 2f24a31e7361484a926d42e268766599 15af51f74f724241b5d8abfac3bb90ff - - default default] 10.0.0.64 "GET /v2.0/agents HTTP/1.1" status: 200 len: 997 time: 0.0138905
2026-05-20 04:22:19.326 10 INFO neutron.wsgi [None req-b8ff3c60-36c8-4f85-9366-f35c373e108d 2f24a31e7361484a926d42e268766599 15af51f74f724241b5d8abfac3bb90ff - - default default] 10.0.0.64 "GET /v2.0/routers HTTP/1.1" status: 200 len: 861 time: 0.0649440
2026-05-20 04:22:19.343 10 INFO neutron.wsgi [None req-269f62e4-f630-4ad3-b51c-8d0a7f140f6c 2f24a31e7361484a926d42e268766599 15af51f74f724241b5d8abfac3bb90ff - - default default] 10.0.0.64 "GET /v2.0/agents?binary=ovn-controller HTTP/1.1" status: 200 len: 591 time: 0.0113454
2026-05-20 04:22:19.372 10 INFO neutron.wsgi [None req-53999757-783c-490f-b12a-a8e3dc4014cf 2f24a31e7361484a926d42e268766599 15af51f74f724241b5d8abfac3bb90ff - - default default] 10.0.0.64 "GET /v2.0/network-ip-availabilities HTTP/1.1" status: 200 len: 2829 time: 0.0243316
2026-05-20 04:22:19.410 10 INFO neutron.wsgi [None req-32353a70-b570-4d3f-8f00-1c71e8b44ea0 2f24a31e7361484a926d42e268766599 15af51f74f724241b5d8abfac3bb90ff - - default default] 10.0.0.64 "GET /v2.0/subnets HTTP/1.1" status: 200 len: 2093 time: 0.0355592
2026-05-20 04:22:19.411 9 INFO neutron.db.ovn_revision_numbers_db [None req-10140319-4939-4f58-9ad7-bcd5dc2697bf 1d8438faff9642ea9b36a4af1915be7c 9a99f8dfe29a472388f3b9ec2c2c90d9 - - default default] Successfully bumped revision number for resource 38c05ac8-3114-4b80-93f6-d9f08b31d31f (type: networks) to 1
2026-05-20 04:22:19.424 10 INFO neutron.wsgi [None req-7cf4e169-1c1a-48dd-835c-c91d5a6fea3f 2f24a31e7361484a926d42e268766599 15af51f74f724241b5d8abfac3bb90ff - - default default] 10.0.0.64 "GET /v2.0/subnetpools HTTP/1.1" status: 200 len: 193 time: 0.0123632
2026-05-20 04:22:19.464 10 INFO neutron.services.segments.plugin [-] Segment 4601820c-2897-4fe1-93bf-048c3429bc20 resource provider aggregate not found
2026-05-20 04:22:19.470 10 INFO neutron.services.segments.plugin [-] Segment 4601820c-2897-4fe1-93bf-048c3429bc20 resource provider aggregate not found
2026-05-20 04:22:19.484 10 INFO neutron.services.segments.plugin [-] Segment 4601820c-2897-4fe1-93bf-048c3429bc20 resource provider not found; error: Placement Client Error (4xx): {"errors": [{"status": 404, "title": "Not Found", "detail": "The resource could not be found.\n\n No resource provider with uuid 4601820c-2897-4fe1-93bf-048c3429bc20 found for delete ", "request_id": "req-5a426084-b98b-4994-a582-35cbaf9aff9e"}]}
2026-05-20 04:22:19.486 10 INFO neutron.services.segments.plugin [-] Segment 4601820c-2897-4fe1-93bf-048c3429bc20 resource provider not found; error: Placement Client Error (4xx): {"errors": [{"status": 404, "title": "Not Found", "detail": "The resource could not be found.\n\n No resource provider with uuid 4601820c-2897-4fe1-93bf-048c3429bc20 found for delete ", "request_id": "req-7cf9e938-7797-4297-9e44-bdf91fc30593"}]}
2026-05-20 04:22:19.509 10 INFO neutron.wsgi [None req-0f635736-d91d-4cad-a010-7a1cf2c34e10 150ac9c63d774d5e90543d44ec0d14b1 02a41df9671d4b4296d97808d85394fb - - default default] 10.0.0.99 "DELETE /v2.0/networks/24e265b9-d01d-4bf9-9461-9ced38ccc23e HTTP/1.1" status: 204 len: 168 time: 0.5103633
2026-05-20 04:22:19.607 9 WARNING neutron.scheduler.dhcp_agent_scheduler [None req-10140319-4939-4f58-9ad7-bcd5dc2697bf 1d8438faff9642ea9b36a4af1915be7c 9a99f8dfe29a472388f3b9ec2c2c90d9 - - default default] No more DHCP agents
2026-05-20 04:22:19.610 9 WARNING neutron.api.rpc.agentnotifiers.dhcp_rpc_agent_api [None req-10140319-4939-4f58-9ad7-bcd5dc2697bf 1d8438faff9642ea9b36a4af1915be7c 9a99f8dfe29a472388f3b9ec2c2c90d9 - - default default] Unable to schedule network 38c05ac8-3114-4b80-93f6-d9f08b31d31f: no agents available; will retry on subsequent port and subnet creation events.
2026-05-20 04:22:19.715 9 INFO neutron.db.ovn_revision_numbers_db [None req-10140319-4939-4f58-9ad7-bcd5dc2697bf 1d8438faff9642ea9b36a4af1915be7c 9a99f8dfe29a472388f3b9ec2c2c90d9 - - default default] Successfully bumped revision number for resource 4fbb5c9c-3be9-4b08-8036-97f6775bc730 (type: ports) to 1
2026-05-20 04:22:19.743 9 INFO neutron.wsgi [None req-10140319-4939-4f58-9ad7-bcd5dc2697bf 1d8438faff9642ea9b36a4af1915be7c 9a99f8dfe29a472388f3b9ec2c2c90d9 - - default default] 10.0.0.99 "POST /v2.0/networks HTTP/1.1" status: 201 len: 831 time: 0.5966032
2026-05-20 04:22:19.911 9 INFO neutron.services.segments.plugin [-] Segment 9268b651-2969-4eb2-b7c7-5adbc676e4f1 resource provider aggregate not found
2026-05-20 04:22:19.916 9 INFO neutron.services.segments.plugin [-] Segment 9268b651-2969-4eb2-b7c7-5adbc676e4f1 resource provider aggregate not found
2026-05-20 04:22:19.929 9 INFO neutron.services.segments.plugin [-] Segment 9268b651-2969-4eb2-b7c7-5adbc676e4f1 resource provider not found; error: Placement Client Error (4xx): {"errors": [{"status": 404, "title": "Not Found", "detail": "The resource could not be found.\n\n No resource provider with uuid 9268b651-2969-4eb2-b7c7-5adbc676e4f1 found for delete ", "request_id": "req-c1e5c470-6a71-4efc-920d-907e0d26918e"}]}
2026-05-20 04:22:19.930 9 INFO neutron.services.segments.plugin [-] Segment 9268b651-2969-4eb2-b7c7-5adbc676e4f1 resource provider not found; error: Placement Client Error (4xx): {"errors": [{"status": 404, "title": "Not Found", "detail": "The resource could not be found.\n\n No resource provider with uuid 9268b651-2969-4eb2-b7c7-5adbc676e4f1 found for delete ", "request_id": "req-a2d545fd-e0d6-4989-9ea5-ec2bb0c648ab"}]}
2026-05-20 04:22:19.955 9 INFO neutron.wsgi [None req-f710d4ab-2da6-4e26-9b13-a56385035693 150ac9c63d774d5e90543d44ec0d14b1 02a41df9671d4b4296d97808d85394fb - - default default] 10.0.0.99 "DELETE /v2.0/networks/0cbd04bc-e13d-46d2-9361-129db8fb708c HTTP/1.1" status: 204 len: 168 time: 0.4392879
2026-05-20 04:22:20.035 9 INFO neutron.wsgi [None req-6c3783c3-2480-44d5-a3f2-c7c66089edc2 150ac9c63d774d5e90543d44ec0d14b1 02a41df9671d4b4296d97808d85394fb - - default default] 10.0.0.99 "GET /v2.0/networks HTTP/1.1" status: 200 len: 845 time: 0.0724413
2026-05-20 04:22:20.054 10 WARNING neutron.scheduler.dhcp_agent_scheduler [None req-7ad1fb30-8e07-454b-b72c-1654f778f50b 1d8438faff9642ea9b36a4af1915be7c 9a99f8dfe29a472388f3b9ec2c2c90d9 - - default default] No more DHCP agents
2026-05-20 04:22:20.057 10 WARNING neutron.api.rpc.agentnotifiers.dhcp_rpc_agent_api [None req-7ad1fb30-8e07-454b-b72c-1654f778f50b 1d8438faff9642ea9b36a4af1915be7c 9a99f8dfe29a472388f3b9ec2c2c90d9 - - default default] Unable to schedule network 38c05ac8-3114-4b80-93f6-d9f08b31d31f: no agents available; will retry on subsequent port and subnet creation events.
2026-05-20 04:22:20.143 9 INFO neutron.db.segments_db [None req-ffacad28-0570-4629-8f43-a6ee5d3d0df3 150ac9c63d774d5e90543d44ec0d14b1 02a41df9671d4b4296d97808d85394fb - - default default] Added segment 5ff798c3-b4e0-4d66-89bc-316142146e12 of type geneve for network 5b2a8ac7-861e-43f4-bfc2-3fdb87ab147b
2026-05-20 04:22:20.146 9 INFO neutron.db.ovn_revision_numbers_db [None req-bee24407-ed90-4597-a727-844014f54c39 127084a7c78042cfa1fa84aeb74f0dcc 2d16f38c87674d489f6a8172b1b7115e - - default default] Successfully bumped revision number for resource a8caa0d5-63ba-4d41-a215-dcf51e2b16d5 (type: security_groups) to 1
2026-05-20 04:22:20.167 9 INFO neutron.db.ovn_revision_numbers_db [None req-bee24407-ed90-4597-a727-844014f54c39 127084a7c78042cfa1fa84aeb74f0dcc 2d16f38c87674d489f6a8172b1b7115e - - default default] Successfully bumped revision number for resource 710bd0db-7db8-41c1-b69c-b1998e2d3b3a (type: security_group_rules) to 0
2026-05-20 04:22:20.194 9 INFO neutron.db.ovn_revision_numbers_db [None req-bee24407-ed90-4597-a727-844014f54c39 127084a7c78042cfa1fa84aeb74f0dcc 2d16f38c87674d489f6a8172b1b7115e - - default default] Successfully bumped revision number for resource 866ea7c3-2b01-433c-92f0-6f8ede2b55c5 (type: security_group_rules) to 0
2026-05-20 04:22:20.216 9 INFO neutron.db.ovn_revision_numbers_db [None req-bee24407-ed90-4597-a727-844014f54c39 127084a7c78042cfa1fa84aeb74f0dcc 2d16f38c87674d489f6a8172b1b7115e - - default default] Successfully bumped revision number for resource e62490a5-a034-4e9d-a878-6bb5e05ae6a2 (type: security_group_rules) to 0
2026-05-20 04:22:20.255 9 INFO neutron.db.ovn_revision_numbers_db [None req-bee24407-ed90-4597-a727-844014f54c39 127084a7c78042cfa1fa84aeb74f0dcc 2d16f38c87674d489f6a8172b1b7115e - - default default] Successfully bumped revision number for resource fd1434b7-2cdc-437b-bc37-74b7b89e01c7 (type: security_group_rules) to 0
2026-05-20 04:22:20.291 9 INFO neutron.db.ovn_revision_numbers_db [None req-ffacad28-0570-4629-8f43-a6ee5d3d0df3 150ac9c63d774d5e90543d44ec0d14b1 02a41df9671d4b4296d97808d85394fb - - default default] Successfully bumped revision number for resource 5b2a8ac7-861e-43f4-bfc2-3fdb87ab147b (type: networks) to 1
2026-05-20 04:22:20.315 9 INFO neutron.db.segments_db [None req-bee24407-ed90-4597-a727-844014f54c39 127084a7c78042cfa1fa84aeb74f0dcc 2d16f38c87674d489f6a8172b1b7115e - - default default] Added segment 81d2e19e-2861-4857-a1ac-4d36a4a64b6b of type geneve for network 23511bbe-5e1c-408f-b96d-64aaca9797c9
2026-05-20 04:22:20.498 9 INFO neutron.db.ovn_revision_numbers_db [None req-bee24407-ed90-4597-a727-844014f54c39 127084a7c78042cfa1fa84aeb74f0dcc 2d16f38c87674d489f6a8172b1b7115e - - default default] Successfully bumped revision number for resource 23511bbe-5e1c-408f-b96d-64aaca9797c9 (type: networks) to 1
2026-05-20 04:22:20.523 9 WARNING neutron.scheduler.dhcp_agent_scheduler [None req-ffacad28-0570-4629-8f43-a6ee5d3d0df3 150ac9c63d774d5e90543d44ec0d14b1 02a41df9671d4b4296d97808d85394fb - - default default] No more DHCP agents
2026-05-20 04:22:20.529 9 WARNING neutron.api.rpc.agentnotifiers.dhcp_rpc_agent_api [None req-ffacad28-0570-4629-8f43-a6ee5d3d0df3 150ac9c63d774d5e90543d44ec0d14b1 02a41df9671d4b4296d97808d85394fb - - default default] Unable to schedule network 5b2a8ac7-861e-43f4-bfc2-3fdb87ab147b: no agents available; will retry on subsequent port and subnet creation events.
2026-05-20 04:22:20.546 10 INFO neutron.db.ovn_revision_numbers_db [None req-7ad1fb30-8e07-454b-b72c-1654f778f50b 1d8438faff9642ea9b36a4af1915be7c 9a99f8dfe29a472388f3b9ec2c2c90d9 - - default default] Successfully bumped revision number for resource 4fbb5c9c-3be9-4b08-8036-97f6775bc730 (type: ports) to 2
2026-05-20 04:22:20.585 10 INFO neutron.db.ovn_revision_numbers_db [None req-7ad1fb30-8e07-454b-b72c-1654f778f50b 1d8438faff9642ea9b36a4af1915be7c 9a99f8dfe29a472388f3b9ec2c2c90d9 - - default default] Successfully bumped revision number for resource 31f1968b-93e6-4aff-8d6a-1091bc2c39b5 (type: subnets) to 0
2026-05-20 04:22:20.609 10 INFO neutron.wsgi [None req-7ad1fb30-8e07-454b-b72c-1654f778f50b 1d8438faff9642ea9b36a4af1915be7c 9a99f8dfe29a472388f3b9ec2c2c90d9 - - default default] 10.0.0.99 "POST /v2.0/subnets HTTP/1.1" status: 201 len: 801 time: 0.8588095
2026-05-20 04:22:20.647 9 INFO neutron.db.ovn_revision_numbers_db [None req-ffacad28-0570-4629-8f43-a6ee5d3d0df3 150ac9c63d774d5e90543d44ec0d14b1 02a41df9671d4b4296d97808d85394fb - - default default] Successfully bumped revision number for resource 23c595bf-c953-45e5-853e-18b3d5f50436 (type: ports) to 1
2026-05-20 04:22:20.676 9 INFO neutron.wsgi [None req-ffacad28-0570-4629-8f43-a6ee5d3d0df3 150ac9c63d774d5e90543d44ec0d14b1 02a41df9671d4b4296d97808d85394fb - - default default] 10.0.0.99 "POST /v2.0/networks HTTP/1.1" status: 201 len: 849 time: 0.6277294
2026-05-20 04:22:20.705 9 WARNING neutron.scheduler.dhcp_agent_scheduler [None req-bee24407-ed90-4597-a727-844014f54c39 127084a7c78042cfa1fa84aeb74f0dcc 2d16f38c87674d489f6a8172b1b7115e - - default default] No more DHCP agents
2026-05-20 04:22:20.707 9 WARNING neutron.api.rpc.agentnotifiers.dhcp_rpc_agent_api [None req-bee24407-ed90-4597-a727-844014f54c39 127084a7c78042cfa1fa84aeb74f0dcc 2d16f38c87674d489f6a8172b1b7115e - - default default] Unable to schedule network 23511bbe-5e1c-408f-b96d-64aaca9797c9: no agents available; will retry on subsequent port and subnet creation events.
2026-05-20 04:22:20.776 10 INFO neutron.db.segments_db [None req-b11eea17-a800-4cc0-a6d7-3b2911442770 150ac9c63d774d5e90543d44ec0d14b1 02a41df9671d4b4296d97808d85394fb - - default default] Added segment 0e15ef1f-f9ca-434e-8c21-966a1ce46824 of type geneve for network e587eb3a-a0ae-4994-8381-0ee51450cc3f
2026-05-20 04:22:20.786 9 INFO neutron.db.ovn_revision_numbers_db [None req-bee24407-ed90-4597-a727-844014f54c39 127084a7c78042cfa1fa84aeb74f0dcc 2d16f38c87674d489f6a8172b1b7115e - - default default] Successfully bumped revision number for resource fac1911e-dde9-4ac3-961c-a93b1b18e837 (type: ports) to 1
2026-05-20 04:22:20.809 9 INFO neutron.wsgi [None req-bee24407-ed90-4597-a727-844014f54c39 127084a7c78042cfa1fa84aeb74f0dcc 2d16f38c87674d489f6a8172b1b7115e - - default default] 10.0.0.99 "POST /v2.0/networks HTTP/1.1" status: 201 len: 833 time: 0.9770865
2026-05-20 04:22:20.899 9 INFO neutron.db.segments_db [None req-dcee25fc-b630-4f46-8118-04a77ff43691 127084a7c78042cfa1fa84aeb74f0dcc 2d16f38c87674d489f6a8172b1b7115e - - default default] Added segment 2ee62a49-b06f-4180-931c-27228ef2fc21 of type geneve for network 46c37ca1-b739-4e27-8e0e-6b7d0e473daf
2026-05-20 04:22:20.934 10 INFO neutron.db.ovn_revision_numbers_db [None req-b11eea17-a800-4cc0-a6d7-3b2911442770 150ac9c63d774d5e90543d44ec0d14b1 02a41df9671d4b4296d97808d85394fb - - default default] Successfully bumped revision number for resource e587eb3a-a0ae-4994-8381-0ee51450cc3f (type: networks) to 1
2026-05-20 04:22:21.026 10 WARNING neutron.scheduler.dhcp_agent_scheduler [None req-3c726274-39b7-4ff4-a18e-b0dc7c713dcf 1d8438faff9642ea9b36a4af1915be7c 9a99f8dfe29a472388f3b9ec2c2c90d9 - - default default] No more DHCP agents
2026-05-20 04:22:21.032 10 WARNING neutron.api.rpc.agentnotifiers.dhcp_rpc_agent_api [None req-3c726274-39b7-4ff4-a18e-b0dc7c713dcf 1d8438faff9642ea9b36a4af1915be7c 9a99f8dfe29a472388f3b9ec2c2c90d9 - - default default] Unable to schedule network 38c05ac8-3114-4b80-93f6-d9f08b31d31f: no agents available; will retry on subsequent port and subnet creation events.
2026-05-20 04:22:21.047 9 INFO neutron.db.ovn_revision_numbers_db [None req-dcee25fc-b630-4f46-8118-04a77ff43691 127084a7c78042cfa1fa84aeb74f0dcc 2d16f38c87674d489f6a8172b1b7115e - - default default] Successfully bumped revision number for resource 46c37ca1-b739-4e27-8e0e-6b7d0e473daf (type: networks) to 1
2026-05-20 04:22:21.165 10 WARNING neutron.scheduler.dhcp_agent_scheduler [None req-b11eea17-a800-4cc0-a6d7-3b2911442770 150ac9c63d774d5e90543d44ec0d14b1 02a41df9671d4b4296d97808d85394fb - - default default] No more DHCP agents
2026-05-20 04:22:21.168 10 WARNING neutron.api.rpc.agentnotifiers.dhcp_rpc_agent_api [None req-b11eea17-a800-4cc0-a6d7-3b2911442770 150ac9c63d774d5e90543d44ec0d14b1 02a41df9671d4b4296d97808d85394fb - - default default] Unable to schedule network e587eb3a-a0ae-4994-8381-0ee51450cc3f: no agents available; will retry on subsequent port and subnet creation events.
2026-05-20 04:22:21.229 9 WARNING neutron.scheduler.dhcp_agent_scheduler [None req-dcee25fc-b630-4f46-8118-04a77ff43691 127084a7c78042cfa1fa84aeb74f0dcc 2d16f38c87674d489f6a8172b1b7115e - - default default] No more DHCP agents
2026-05-20 04:22:21.232 9 WARNING neutron.api.rpc.agentnotifiers.dhcp_rpc_agent_api [None req-dcee25fc-b630-4f46-8118-04a77ff43691 127084a7c78042cfa1fa84aeb74f0dcc 2d16f38c87674d489f6a8172b1b7115e - - default default] Unable to schedule network 46c37ca1-b739-4e27-8e0e-6b7d0e473daf: no agents available; will retry on subsequent port and subnet creation events.
2026-05-20 04:22:21.261 10 INFO neutron.db.ovn_revision_numbers_db [None req-3c726274-39b7-4ff4-a18e-b0dc7c713dcf 1d8438faff9642ea9b36a4af1915be7c 9a99f8dfe29a472388f3b9ec2c2c90d9 - - default default] Successfully bumped revision number for resource 135ab509-3cb0-4ba7-a8a7-6f4eb46ae6f4 (type: ports) to 1
2026-05-20 04:22:21.270 10 INFO neutron.db.ovn_revision_numbers_db [None req-b11eea17-a800-4cc0-a6d7-3b2911442770 150ac9c63d774d5e90543d44ec0d14b1 02a41df9671d4b4296d97808d85394fb - - default default] Successfully bumped revision number for resource 40e84a24-f265-40ed-b80a-051ad15b7218 (type: ports) to 1
2026-05-20 04:22:21.285 10 INFO neutron.wsgi [None req-3c726274-39b7-4ff4-a18e-b0dc7c713dcf 1d8438faff9642ea9b36a4af1915be7c 9a99f8dfe29a472388f3b9ec2c2c90d9 - - default default] 10.0.0.99 "POST /v2.0/ports HTTP/1.1" status: 201 len: 1149 time: 0.6724458 /var/lib/openstack/lib/python3.10/site-packages/pycadf/identifier.py:71: UserWarning: Invalid uuid: neutron. To ensure interoperability, identifiers should be a valid uuid. warnings.warn(('Invalid uuid: %s. To ensure interoperability, '
2026-05-20 04:22:21.301 10 INFO neutron.wsgi [None req-b11eea17-a800-4cc0-a6d7-3b2911442770 150ac9c63d774d5e90543d44ec0d14b1 02a41df9671d4b4296d97808d85394fb - - default default] 10.0.0.99 "POST /v2.0/networks HTTP/1.1" status: 201 len: 847 time: 0.6207421
2026-05-20 04:22:21.334 9 INFO neutron.db.ovn_revision_numbers_db [None req-dcee25fc-b630-4f46-8118-04a77ff43691 127084a7c78042cfa1fa84aeb74f0dcc 2d16f38c87674d489f6a8172b1b7115e - - default default] Successfully bumped revision number for resource 7673b9a1-c6b8-44ce-939e-a641a5fff6f6 (type: ports) to 1
2026-05-20 04:22:21.359 9 INFO neutron.wsgi [None req-dcee25fc-b630-4f46-8118-04a77ff43691 127084a7c78042cfa1fa84aeb74f0dcc 2d16f38c87674d489f6a8172b1b7115e - - default default] 10.0.0.99 "POST /v2.0/networks HTTP/1.1" status: 201 len: 832 time: 0.5445578
2026-05-20 04:22:21.744 9 WARNING neutron.scheduler.dhcp_agent_scheduler [None req-389c46bd-7290-403b-b167-af1397f3806e 150ac9c63d774d5e90543d44ec0d14b1 02a41df9671d4b4296d97808d85394fb - - default default] No more DHCP agents
2026-05-20 04:22:21.746 9 WARNING neutron.api.rpc.agentnotifiers.dhcp_rpc_agent_api [None req-389c46bd-7290-403b-b167-af1397f3806e 150ac9c63d774d5e90543d44ec0d14b1 02a41df9671d4b4296d97808d85394fb - - default default] Unable to schedule network 5b2a8ac7-861e-43f4-bfc2-3fdb87ab147b: no agents available; will retry on subsequent port and subnet creation events.
2026-05-20 04:22:21.824 9 INFO neutron.db.ovn_revision_numbers_db [None req-389c46bd-7290-403b-b167-af1397f3806e 150ac9c63d774d5e90543d44ec0d14b1 02a41df9671d4b4296d97808d85394fb - - default default] Successfully bumped revision number for resource ee73b728-64b8-4e99-8dae-1e452e691ea3 (type: ports) to 1
2026-05-20 04:22:21.918 10 WARNING neutron.scheduler.dhcp_agent_scheduler [None req-12164c81-f137-4e8b-89e0-d57e035911ff 127084a7c78042cfa1fa84aeb74f0dcc 2d16f38c87674d489f6a8172b1b7115e - - default default] No more DHCP agents
2026-05-20 04:22:21.923 10 WARNING neutron.api.rpc.agentnotifiers.dhcp_rpc_agent_api [None req-12164c81-f137-4e8b-89e0-d57e035911ff 127084a7c78042cfa1fa84aeb74f0dcc 2d16f38c87674d489f6a8172b1b7115e - - default default] Unable to schedule network 23511bbe-5e1c-408f-b96d-64aaca9797c9: no agents available; will retry on subsequent port and subnet creation events.
2026-05-20 04:22:21.946 10 INFO neutron.wsgi [None req-65539e39-57cd-4bc3-903e-52aafcc78abd 1d8438faff9642ea9b36a4af1915be7c 9a99f8dfe29a472388f3b9ec2c2c90d9 - - default default] 10.0.0.99 "DELETE /v2.0/ports/135ab509-3cb0-4ba7-a8a7-6f4eb46ae6f4 HTTP/1.1" status: 204 len: 168 time: 0.6557736
2026-05-20 04:22:21.965 10 INFO neutron.db.ovn_revision_numbers_db [None req-12164c81-f137-4e8b-89e0-d57e035911ff 127084a7c78042cfa1fa84aeb74f0dcc 2d16f38c87674d489f6a8172b1b7115e - - default default] Successfully bumped revision number for resource a4f047af-aece-4126-a4b7-51ee1f978595 (type: subnets) to 0
2026-05-20 04:22:21.968 10 INFO neutron.pecan_wsgi.hooks.translation [None req-41e1da57-f310-46a0-b548-af24cdbd1cce 1d8438faff9642ea9b36a4af1915be7c 9a99f8dfe29a472388f3b9ec2c2c90d9 - - default default] DELETE failed (client error): The resource could not be found.
2026-05-20 04:22:21.970 10 INFO neutron.wsgi [None req-41e1da57-f310-46a0-b548-af24cdbd1cce 1d8438faff9642ea9b36a4af1915be7c 9a99f8dfe29a472388f3b9ec2c2c90d9 - - default default] 10.0.0.99 "DELETE /v2.0/ports/135ab509-3cb0-4ba7-a8a7-6f4eb46ae6f4 HTTP/1.1" status: 404 len: 333 time: 0.0185130
2026-05-20 04:22:21.983 10 INFO neutron.wsgi [None req-12164c81-f137-4e8b-89e0-d57e035911ff 127084a7c78042cfa1fa84aeb74f0dcc 2d16f38c87674d489f6a8172b1b7115e - - default default] 10.0.0.99 "POST /v2.0/subnets HTTP/1.1" status: 201 len: 821 time: 0.6179888
2026-05-20 04:22:21.997 10 INFO neutron.pecan_wsgi.hooks.translation [None req-3ba2a79e-5fab-449d-b03b-90572fe9469c 1d8438faff9642ea9b36a4af1915be7c 9a99f8dfe29a472388f3b9ec2c2c90d9 - - default default] GET failed (client error): The resource could not be found.
2026-05-20 04:22:21.998 10 INFO neutron.wsgi [None req-3ba2a79e-5fab-449d-b03b-90572fe9469c 1d8438faff9642ea9b36a4af1915be7c 9a99f8dfe29a472388f3b9ec2c2c90d9 - - default default] 10.0.0.99 "GET /v2.0/ports/135ab509-3cb0-4ba7-a8a7-6f4eb46ae6f4 HTTP/1.1" status: 404 len: 333 time: 0.0225098
2026-05-20 04:22:22.023 9 WARNING neutron.scheduler.dhcp_agent_scheduler [None req-389c46bd-7290-403b-b167-af1397f3806e 150ac9c63d774d5e90543d44ec0d14b1 02a41df9671d4b4296d97808d85394fb - - default default] No more DHCP agents
2026-05-20 04:22:22.026 9 WARNING neutron.api.rpc.agentnotifiers.dhcp_rpc_agent_api [None req-389c46bd-7290-403b-b167-af1397f3806e 150ac9c63d774d5e90543d44ec0d14b1 02a41df9671d4b4296d97808d85394fb - - default default] Unable to schedule network e587eb3a-a0ae-4994-8381-0ee51450cc3f: no agents available; will retry on subsequent port and subnet creation events.
2026-05-20 04:22:22.110 9 INFO neutron.db.ovn_revision_numbers_db [None req-389c46bd-7290-403b-b167-af1397f3806e 150ac9c63d774d5e90543d44ec0d14b1 02a41df9671d4b4296d97808d85394fb - - default default] Successfully bumped revision number for resource cd87d3d9-056f-4ddf-8a12-b831a1ad2c77 (type: ports) to 1
2026-05-20 04:22:22.141 9 INFO neutron.wsgi [None req-389c46bd-7290-403b-b167-af1397f3806e 150ac9c63d774d5e90543d44ec0d14b1 02a41df9671d4b4296d97808d85394fb - - default default] 10.0.0.99 "POST /v2.0/ports HTTP/1.1" status: 201 len: 1705 time: 0.8343039 /var/lib/openstack/lib/python3.10/site-packages/pycadf/identifier.py:71: UserWarning: Invalid uuid: neutron. To ensure interoperability, identifiers should be a valid uuid. warnings.warn(('Invalid uuid: %s. To ensure interoperability, '
2026-05-20 04:22:22.303 9 INFO neutron.wsgi [None req-fac3f519-47f5-4be2-b8f7-018136281c05 150ac9c63d774d5e90543d44ec0d14b1 02a41df9671d4b4296d97808d85394fb - - default default] 10.0.0.99 "GET /v2.0/ports HTTP/1.1" status: 200 len: 3212 time: 0.1553638
2026-05-20 04:22:22.310 10 INFO neutron.wsgi [None req-99c42c9b-b2cf-4d3c-b237-1f0a08e16c85 1d8438faff9642ea9b36a4af1915be7c 9a99f8dfe29a472388f3b9ec2c2c90d9 - - default default] 10.0.0.99 "DELETE /v2.0/subnets/31f1968b-93e6-4aff-8d6a-1091bc2c39b5 HTTP/1.1" status: 204 len: 168 time: 0.3051605
2026-05-20 04:22:22.323 10 INFO neutron.wsgi [req-fd25265b-c5f9-4e49-9e61-17c4b92b0b22 req-4f485ec6-1d01-4628-b1c7-57ebfd15ffa9 75b7a173720a4c3b98a82ce92f9f3281 3055cd867cd64ac99cf09c5f4e16b6e3 - - default default] 10.0.0.136 "GET /v2.0/ports?device_id=8378f815-fbf6-493a-9a9f-c3e4aa3c4591 HTTP/1.1" status: 200 len: 1174 time: 0.1418483
2026-05-20 04:22:22.361 10 WARNING neutron.scheduler.dhcp_agent_scheduler [None req-5fcf48c1-c152-4d49-b9b5-719564f52e7a 127084a7c78042cfa1fa84aeb74f0dcc 2d16f38c87674d489f6a8172b1b7115e - - default default] No more DHCP agents
2026-05-20 04:22:22.377 10 WARNING neutron.api.rpc.agentnotifiers.dhcp_rpc_agent_api [None req-5fcf48c1-c152-4d49-b9b5-719564f52e7a 127084a7c78042cfa1fa84aeb74f0dcc 2d16f38c87674d489f6a8172b1b7115e - - default default] Unable to schedule network 46c37ca1-b739-4e27-8e0e-6b7d0e473daf: no agents available; will retry on subsequent port and subnet creation events.
2026-05-20 04:22:22.414 10 INFO neutron.wsgi [req-fd25265b-c5f9-4e49-9e61-17c4b92b0b22 req-cfe40abc-623f-478e-946b-afe77b886208 75b7a173720a4c3b98a82ce92f9f3281 3055cd867cd64ac99cf09c5f4e16b6e3 - - default default] 10.0.0.136 "GET /v2.0/security-groups?id=edea011a-a5fc-486a-95ed-7fe63cf2fb25&fields=id&fields=name HTTP/1.1" status: 200 len: 313 time: 0.0797944
2026-05-20 04:22:22.423 10 INFO neutron.db.ovn_revision_numbers_db [None req-5fcf48c1-c152-4d49-b9b5-719564f52e7a 127084a7c78042cfa1fa84aeb74f0dcc 2d16f38c87674d489f6a8172b1b7115e - - default default] Successfully bumped revision number for resource 2beb9b2b-bb50-49a8-94f5-2cd075e18339 (type: subnets) to 0
2026-05-20 04:22:22.453 10 INFO neutron.wsgi [None req-5fcf48c1-c152-4d49-b9b5-719564f52e7a 127084a7c78042cfa1fa84aeb74f0dcc 2d16f38c87674d489f6a8172b1b7115e - - default default] 10.0.0.99 "POST /v2.0/subnets HTTP/1.1" status: 201 len: 830 time: 0.4612484
2026-05-20 04:22:22.575 9 INFO neutron.wsgi [None req-20c80b01-ed9a-4170-a2a6-1236cd0eb99d 150ac9c63d774d5e90543d44ec0d14b1 02a41df9671d4b4296d97808d85394fb - - default default] 10.0.0.99 "DELETE /v2.0/ports/ee73b728-64b8-4e99-8dae-1e452e691ea3 HTTP/1.1" status: 204 len: 168 time: 0.2661808
2026-05-20 04:22:22.685 9 INFO neutron.plugins.ml2.drivers.ovn.mech_driver.mech_driver [None req-81c5e094-bb6d-41a5-9d80-80da556afc5e - - - - - -] OVN reports status down for port: 9ae9ba59-02ea-4510-88b2-8daec9f23200
2026-05-20 04:22:22.688 10 INFO neutron.wsgi [req-4d6b9d3d-42f9-4686-91c3-94608023da47 req-860c5ac1-e641-4f79-bd05-f0b457d70ded 75b7a173720a4c3b98a82ce92f9f3281 3055cd867cd64ac99cf09c5f4e16b6e3 - - default default] 10.0.0.136 "GET /v2.0/ports?device_id=8378f815-fbf6-493a-9a9f-c3e4aa3c4591 HTTP/1.1" status: 200 len: 1174 time: 0.0531588
2026-05-20 04:22:22.741 10 INFO neutron.db.ovn_revision_numbers_db [None req-a5c713e6-a19e-4998-b3a6-278afc75625f 127084a7c78042cfa1fa84aeb74f0dcc 2d16f38c87674d489f6a8172b1b7115e - - default default] Successfully bumped revision number for resource 68ad2961-7e92-4715-b51a-3f85fed753e4 (type: routers) to 1
2026-05-20 04:22:22.771 10 INFO neutron.wsgi [None req-a5c713e6-a19e-4998-b3a6-278afc75625f 127084a7c78042cfa1fa84aeb74f0dcc 2d16f38c87674d489f6a8172b1b7115e - - default default] 10.0.0.99 "POST /v2.0/routers HTTP/1.1" status: 201 len: 690 time: 0.3111649
2026-05-20 04:22:22.777 10 INFO neutron.wsgi [req-4d6b9d3d-42f9-4686-91c3-94608023da47 req-c6e11448-c828-487d-b6f5-3168285d2380 75b7a173720a4c3b98a82ce92f9f3281 3055cd867cd64ac99cf09c5f4e16b6e3 - - default default] 10.0.0.136 "GET /v2.0/security-groups?id=edea011a-a5fc-486a-95ed-7fe63cf2fb25&fields=id&fields=name HTTP/1.1" status: 200 len: 313 time: 0.0761964
2026-05-20 04:22:22.870 9 INFO neutron.notifiers.nova [-] Nova event matching ['req-fc396480-512e-4936-97c2-a093f891204b'] response: {'server_uuid': '8378f815-fbf6-493a-9a9f-c3e4aa3c4591', 'name': 'network-vif-unplugged', 'status': 'completed', 'tag': '9ae9ba59-02ea-4510-88b2-8daec9f23200', 'code': 200}
2026-05-20 04:22:22.913 9 INFO neutron.wsgi [None req-37676257-5d26-46ad-8c00-a99c5069aa7f 150ac9c63d774d5e90543d44ec0d14b1 02a41df9671d4b4296d97808d85394fb - - default default] 10.0.0.99 "DELETE /v2.0/ports/cd87d3d9-056f-4ddf-8a12-b831a1ad2c77 HTTP/1.1" status: 204 len: 168 time: 0.3333941
2026-05-20 04:22:22.928 10 INFO neutron.services.segments.plugin [-] Segment 0b4327a1-bdfd-4883-981c-556c6d6672ea resource provider aggregate not found
2026-05-20 04:22:22.945 10 INFO neutron.services.segments.plugin [-] Segment 0b4327a1-bdfd-4883-981c-556c6d6672ea resource provider aggregate not found
2026-05-20 04:22:22.950 10 INFO neutron.services.segments.plugin [-] Segment 0b4327a1-bdfd-4883-981c-556c6d6672ea resource provider not found; error: Placement Client Error (4xx): {"errors": [{"status": 404, "title": "Not Found", "detail": "The resource could not be found.\n\n No resource provider with uuid 0b4327a1-bdfd-4883-981c-556c6d6672ea found for delete ", "request_id": "req-e94fa320-cafe-49e6-9621-7e059d8eba6b"}]}
2026-05-20 04:22:22.963 10 INFO neutron.services.segments.plugin [-] Segment 0b4327a1-bdfd-4883-981c-556c6d6672ea resource provider not found; error: Placement Client Error (4xx): {"errors": [{"status": 404, "title": "Not Found", "detail": "The resource could not be found.\n\n No resource provider with uuid 0b4327a1-bdfd-4883-981c-556c6d6672ea found for delete ", "request_id": "req-a56c83ec-8b7b-4d2a-9197-c476f7f2fcd9"}]}
2026-05-20 04:22:22.982 9 INFO neutron.wsgi [None req-8c40cfbe-6dd5-42d1-bf5e-d19a1d101a95 150ac9c63d774d5e90543d44ec0d14b1 02a41df9671d4b4296d97808d85394fb - - default default] 10.0.0.99 "GET /v2.0/ports HTTP/1.1" status: 200 len: 1718 time: 0.0633996
2026-05-20 04:22:22.997 10 INFO neutron.wsgi [None req-d755d926-84d2-48ad-905c-f4046d7f5ba6 1d8438faff9642ea9b36a4af1915be7c 9a99f8dfe29a472388f3b9ec2c2c90d9 - - default default] 10.0.0.99 "DELETE /v2.0/networks/38c05ac8-3114-4b80-93f6-d9f08b31d31f HTTP/1.1" status: 204 len: 168 time: 0.6802740
2026-05-20 04:22:23.019 10 INFO neutron.wsgi [req-e7b716ef-113f-425b-a015-db82d19dbeeb req-53505aa3-6e57-4927-9438-2f44d99953b8 75b7a173720a4c3b98a82ce92f9f3281 3055cd867cd64ac99cf09c5f4e16b6e3 - - default default] 199.204.45.244 "GET /v2.0/ports?device_id=8378f815-fbf6-493a-9a9f-c3e4aa3c4591 HTTP/1.1" status: 200 len: 1172 time: 0.0350301
2026-05-20 04:22:23.150 9 INFO neutron.db.segments_db [None req-4d2260e5-517f-44e0-b258-2cb130a437f6 150ac9c63d774d5e90543d44ec0d14b1 02a41df9671d4b4296d97808d85394fb - - default default] Added segment 2e9c592c-0308-4414-8f28-133073a39ab0 of type geneve for network 2761430b-3d77-43da-a3b1-b92a34cf8f07
2026-05-20 04:22:23.176 9 INFO neutron.db.segments_db [None req-90cb61e0-f555-4b58-82f1-28363411fb2e 1d8438faff9642ea9b36a4af1915be7c 9a99f8dfe29a472388f3b9ec2c2c90d9 - - default default] Added segment adce80a1-cc64-4ed1-ae78-1b34d180859f of type geneve for network b85b8453-3e8b-4466-870b-0b91824d2444
2026-05-20 04:22:23.269 9 INFO neutron.db.ovn_revision_numbers_db [None req-81c5e094-bb6d-41a5-9d80-80da556afc5e - - - - - -] Successfully bumped revision number for resource 9ae9ba59-02ea-4510-88b2-8daec9f23200 (type: ports) to 7
2026-05-20 04:22:23.314 10 INFO neutron.db.l3_db [req-e7b716ef-113f-425b-a015-db82d19dbeeb req-8523f39c-24f7-4d36-aeb4-c5245e02c63f 75b7a173720a4c3b98a82ce92f9f3281 3055cd867cd64ac99cf09c5f4e16b6e3 - - default default] Floating IP 3f93e426-2526-4d45-9f18-55e4a7a4561d disassociated. External IP: 10.96.250.209, port: 9ae9ba59-02ea-4510-88b2-8daec9f23200.
2026-05-20 04:22:23.487 10 INFO neutron.wsgi [req-e7b716ef-113f-425b-a015-db82d19dbeeb req-8523f39c-24f7-4d36-aeb4-c5245e02c63f 75b7a173720a4c3b98a82ce92f9f3281 3055cd867cd64ac99cf09c5f4e16b6e3 - - default default] 199.204.45.244 "DELETE /v2.0/ports/9ae9ba59-02ea-4510-88b2-8daec9f23200 HTTP/1.1" status: 204 len: 173 time: 0.4623756
2026-05-20 04:22:23.524 10 INFO neutron.notifiers.nova [-] Nova event matching ['req-27cf50f1-2a2d-4f9c-b727-504d793ab15a'] response: {'server_uuid': '8378f815-fbf6-493a-9a9f-c3e4aa3c4591', 'name': 'network-vif-deleted', 'tag': '9ae9ba59-02ea-4510-88b2-8daec9f23200', 'status': 'completed', 'code': 200}
2026-05-20 04:22:23.531 9 INFO neutron.db.ovn_revision_numbers_db [None req-90cb61e0-f555-4b58-82f1-28363411fb2e 1d8438faff9642ea9b36a4af1915be7c 9a99f8dfe29a472388f3b9ec2c2c90d9 - - default default] Successfully bumped revision number for resource b85b8453-3e8b-4466-870b-0b91824d2444 (type: networks) to 1
2026-05-20 04:22:23.537 9 INFO neutron.db.ovn_revision_numbers_db [None req-4d2260e5-517f-44e0-b258-2cb130a437f6 150ac9c63d774d5e90543d44ec0d14b1 02a41df9671d4b4296d97808d85394fb - - default default] Successfully bumped revision number for resource 2761430b-3d77-43da-a3b1-b92a34cf8f07 (type: networks) to 1
2026-05-20 04:22:23.678 9 WARNING neutron.scheduler.dhcp_agent_scheduler [None req-62bfe879-d54a-4fbc-8676-2565fd71f4d0 127084a7c78042cfa1fa84aeb74f0dcc 2d16f38c87674d489f6a8172b1b7115e - - default default] No more DHCP agents
2026-05-20 04:22:23.687 9 WARNING neutron.api.rpc.agentnotifiers.dhcp_rpc_agent_api [None req-62bfe879-d54a-4fbc-8676-2565fd71f4d0 127084a7c78042cfa1fa84aeb74f0dcc 2d16f38c87674d489f6a8172b1b7115e - - default default] Unable to schedule network 23511bbe-5e1c-408f-b96d-64aaca9797c9: no agents available; will retry on subsequent port and subnet creation events.
2026-05-20 04:22:23.987 10 INFO neutron.wsgi [None req-82929c64-4d1c-4033-a34b-901220fbff79 75b7a173720a4c3b98a82ce92f9f3281 3055cd867cd64ac99cf09c5f4e16b6e3 - - default default] 10.0.0.99 "DELETE /v2.0/security-groups/edea011a-a5fc-486a-95ed-7fe63cf2fb25 HTTP/1.1" status: 204 len: 168 time: 0.1117179
2026-05-20 04:22:24.001 10 INFO neutron.api.v2.resource [None req-79914afb-9fff-403f-8d80-2b38ec017fba 75b7a173720a4c3b98a82ce92f9f3281 3055cd867cd64ac99cf09c5f4e16b6e3 - - default default] show failed (client error): The resource could not be found.
2026-05-20 04:22:24.003 10 INFO neutron.wsgi [None req-79914afb-9fff-403f-8d80-2b38ec017fba 75b7a173720a4c3b98a82ce92f9f3281 3055cd867cd64ac99cf09c5f4e16b6e3 - - default default] 10.0.0.99 "GET /v2.0/security-groups/edea011a-a5fc-486a-95ed-7fe63cf2fb25 HTTP/1.1" status: 404 len: 347 time: 0.0091877
2026-05-20 04:22:24.065 9 WARNING neutron.scheduler.dhcp_agent_scheduler [None req-90cb61e0-f555-4b58-82f1-28363411fb2e 1d8438faff9642ea9b36a4af1915be7c 9a99f8dfe29a472388f3b9ec2c2c90d9 - - default default] No more DHCP agents
2026-05-20 04:22:24.071 9 WARNING neutron.api.rpc.agentnotifiers.dhcp_rpc_agent_api [None req-90cb61e0-f555-4b58-82f1-28363411fb2e 1d8438faff9642ea9b36a4af1915be7c 9a99f8dfe29a472388f3b9ec2c2c90d9 - - default default] Unable to schedule network b85b8453-3e8b-4466-870b-0b91824d2444: no agents available; will retry on subsequent port and subnet creation events.
2026-05-20 04:22:24.072 9 WARNING neutron.scheduler.dhcp_agent_scheduler [None req-4d2260e5-517f-44e0-b258-2cb130a437f6 150ac9c63d774d5e90543d44ec0d14b1 02a41df9671d4b4296d97808d85394fb - - default default] No more DHCP agents
2026-05-20 04:22:24.086 9 WARNING neutron.api.rpc.agentnotifiers.dhcp_rpc_agent_api [None req-4d2260e5-517f-44e0-b258-2cb130a437f6 150ac9c63d774d5e90543d44ec0d14b1 02a41df9671d4b4296d97808d85394fb - - default default] Unable to schedule network 2761430b-3d77-43da-a3b1-b92a34cf8f07: no agents available; will retry on subsequent port and subnet creation events.
2026-05-20 04:22:24.149 9 INFO neutron.db.ovn_revision_numbers_db [None req-62bfe879-d54a-4fbc-8676-2565fd71f4d0 127084a7c78042cfa1fa84aeb74f0dcc 2d16f38c87674d489f6a8172b1b7115e - - default default] Successfully bumped revision number for resource 4d155c7a-eff2-42da-9efb-e996c7baeda8 (type: ports) to 1
2026-05-20 04:22:24.228 9 INFO neutron.db.ovn_revision_numbers_db [None req-4d2260e5-517f-44e0-b258-2cb130a437f6 150ac9c63d774d5e90543d44ec0d14b1 02a41df9671d4b4296d97808d85394fb - - default default] Successfully bumped revision number for resource 7d0c2196-2fb7-439a-a2c3-6784d0d55973 (type: ports) to 1
2026-05-20 04:22:24.231 9 INFO neutron.db.ovn_revision_numbers_db [None req-90cb61e0-f555-4b58-82f1-28363411fb2e 1d8438faff9642ea9b36a4af1915be7c 9a99f8dfe29a472388f3b9ec2c2c90d9 - - default default] Successfully bumped revision number for resource 8605df2f-b02b-42cd-a473-a00afc2093db (type: ports) to 1
2026-05-20 04:22:24.269 9 INFO neutron.wsgi [None req-4d2260e5-517f-44e0-b258-2cb130a437f6 150ac9c63d774d5e90543d44ec0d14b1 02a41df9671d4b4296d97808d85394fb - - default default] 10.0.0.99 "POST /v2.0/networks HTTP/1.1" status: 201 len: 848 time: 1.2782900
2026-05-20 04:22:24.273 9 INFO neutron.wsgi [None req-90cb61e0-f555-4b58-82f1-28363411fb2e 1d8438faff9642ea9b36a4af1915be7c 9a99f8dfe29a472388f3b9ec2c2c90d9 - - default default] 10.0.0.99 "POST /v2.0/networks HTTP/1.1" status: 201 len: 830 time: 1.2644615 /var/lib/openstack/lib/python3.10/site-packages/pycadf/identifier.py:71: UserWarning: Invalid uuid: neutron. To ensure interoperability, identifiers should be a valid uuid. warnings.warn(('Invalid uuid: %s. To ensure interoperability, '
2026-05-20 04:22:24.360 10 INFO neutron.wsgi [None req-686582f5-1b6d-46a9-87db-8464aee92bec 75b7a173720a4c3b98a82ce92f9f3281 3055cd867cd64ac99cf09c5f4e16b6e3 - - default default] 10.0.0.99 "DELETE /v2.0/floatingips/3f93e426-2526-4d45-9f18-55e4a7a4561d HTTP/1.1" status: 204 len: 168 time: 0.3543730
2026-05-20 04:22:24.390 10 INFO neutron.db.segments_db [None req-b8188920-b235-4286-b9f3-c0e34fc54afc 150ac9c63d774d5e90543d44ec0d14b1 02a41df9671d4b4296d97808d85394fb - - default default] Added segment 6a627a61-5b2f-4b88-acb3-03d240ad60e0 of type geneve for network 44c026ad-784b-4338-aa05-e33aecef6a9b
2026-05-20 04:22:24.603 10 INFO neutron.db.ovn_revision_numbers_db [None req-b8188920-b235-4286-b9f3-c0e34fc54afc 150ac9c63d774d5e90543d44ec0d14b1 02a41df9671d4b4296d97808d85394fb - - default default] Successfully bumped revision number for resource 44c026ad-784b-4338-aa05-e33aecef6a9b (type: networks) to 1
2026-05-20 04:22:24.633 9 WARNING neutron.scheduler.dhcp_agent_scheduler [None req-f5de16a3-44de-4ab8-b342-ab9a6bc75dcb 1d8438faff9642ea9b36a4af1915be7c 9a99f8dfe29a472388f3b9ec2c2c90d9 - - default default] No more DHCP agents
2026-05-20 04:22:24.639 9 WARNING neutron.api.rpc.agentnotifiers.dhcp_rpc_agent_api [None req-f5de16a3-44de-4ab8-b342-ab9a6bc75dcb 1d8438faff9642ea9b36a4af1915be7c 9a99f8dfe29a472388f3b9ec2c2c90d9 - - default default] Unable to schedule network b85b8453-3e8b-4466-870b-0b91824d2444: no agents available; will retry on subsequent port and subnet creation events.
2026-05-20 04:22:24.697 9 INFO neutron.plugins.ml2.drivers.ovn.mech_driver.mech_driver [None req-81c5e094-bb6d-41a5-9d80-80da556afc5e - - - - - -] OVN reports status up for port: 4d155c7a-eff2-42da-9efb-e996c7baeda8
2026-05-20 04:22:24.711 9 INFO neutron.plugins.ml2.plugin [None req-81c5e094-bb6d-41a5-9d80-80da556afc5e - - - - - -] Attempt 1 to provision port 4d155c7a-eff2-42da-9efb-e996c7baeda8
2026-05-20 04:22:24.766 9 INFO neutron.db.ovn_revision_numbers_db [None req-62bfe879-d54a-4fbc-8676-2565fd71f4d0 127084a7c78042cfa1fa84aeb74f0dcc 2d16f38c87674d489f6a8172b1b7115e - - default default] Successfully bumped revision number for resource 4d155c7a-eff2-42da-9efb-e996c7baeda8 (type: router_ports) to 1
2026-05-20 04:22:24.843 10 WARNING neutron.scheduler.dhcp_agent_scheduler [None req-b8188920-b235-4286-b9f3-c0e34fc54afc 150ac9c63d774d5e90543d44ec0d14b1 02a41df9671d4b4296d97808d85394fb - - default default] No more DHCP agents
2026-05-20 04:22:24.853 10 WARNING neutron.api.rpc.agentnotifiers.dhcp_rpc_agent_api [None req-b8188920-b235-4286-b9f3-c0e34fc54afc 150ac9c63d774d5e90543d44ec0d14b1 02a41df9671d4b4296d97808d85394fb - - default default] Unable to schedule network 44c026ad-784b-4338-aa05-e33aecef6a9b: no agents available; will retry on subsequent port and subnet creation events.
2026-05-20 04:22:24.930 9 INFO neutron.notifiers.nova [-] Nova event matching ['req-1bf0698e-4667-4aac-bd86-95bde1156aba'] response: {'server_uuid': '8378f815-fbf6-493a-9a9f-c3e4aa3c4591', 'name': 'network-vif-plugged', 'status': 'completed', 'tag': '9ae9ba59-02ea-4510-88b2-8daec9f23200', 'code': 200}
2026-05-20 04:22:24.965 10 INFO neutron.db.ovn_revision_numbers_db [None req-b8188920-b235-4286-b9f3-c0e34fc54afc 150ac9c63d774d5e90543d44ec0d14b1 02a41df9671d4b4296d97808d85394fb - - default default] Successfully bumped revision number for resource 0ce2867d-3977-41d7-b9ae-00fb12729317 (type: ports) to 1
2026-05-20 04:22:24.993 10 INFO neutron.wsgi [None req-b8188920-b235-4286-b9f3-c0e34fc54afc 150ac9c63d774d5e90543d44ec0d14b1 02a41df9671d4b4296d97808d85394fb - - default default] 10.0.0.99 "POST /v2.0/networks HTTP/1.1" status: 201 len: 848 time: 0.7170217
2026-05-20 04:22:24.998 9 INFO neutron.db.ovn_revision_numbers_db [None req-62bfe879-d54a-4fbc-8676-2565fd71f4d0 127084a7c78042cfa1fa84aeb74f0dcc 2d16f38c87674d489f6a8172b1b7115e - - default default] Successfully bumped revision number for resource 4d155c7a-eff2-42da-9efb-e996c7baeda8 (type: ports) to 1
2026-05-20 04:22:25.127 9 WARNING neutron.scheduler.dhcp_agent_scheduler [None req-62bfe879-d54a-4fbc-8676-2565fd71f4d0 127084a7c78042cfa1fa84aeb74f0dcc 2d16f38c87674d489f6a8172b1b7115e - - default default] No more DHCP agents
2026-05-20 04:22:25.130 9 WARNING neutron.api.rpc.agentnotifiers.dhcp_rpc_agent_api [None req-62bfe879-d54a-4fbc-8676-2565fd71f4d0 127084a7c78042cfa1fa84aeb74f0dcc 2d16f38c87674d489f6a8172b1b7115e - - default default] Unable to schedule network 23511bbe-5e1c-408f-b96d-64aaca9797c9: no agents available; will retry on subsequent port and subnet creation events.
2026-05-20 04:22:25.263 9 INFO neutron.db.ovn_revision_numbers_db [None req-81c5e094-bb6d-41a5-9d80-80da556afc5e - - - - - -] Successfully bumped revision number for resource 4d155c7a-eff2-42da-9efb-e996c7baeda8 (type: ports) to 2
2026-05-20 04:22:25.447 9 INFO neutron.db.ovn_revision_numbers_db [None req-62bfe879-d54a-4fbc-8676-2565fd71f4d0 127084a7c78042cfa1fa84aeb74f0dcc 2d16f38c87674d489f6a8172b1b7115e - - default default] Successfully bumped revision number for resource 4d155c7a-eff2-42da-9efb-e996c7baeda8 (type: router_ports) to 2
2026-05-20 04:22:25.449 9 INFO neutron.wsgi [None req-62bfe879-d54a-4fbc-8676-2565fd71f4d0 127084a7c78042cfa1fa84aeb74f0dcc 2d16f38c87674d489f6a8172b1b7115e - - default default] 10.0.0.99 "PUT /v2.0/routers/68ad2961-7e92-4715-b51a-3f85fed753e4/add_router_interface HTTP/1.1" status: 200 len: 503 time: 2.6721058
2026-05-20 04:22:25.460 9 INFO neutron.db.ovn_revision_numbers_db [None req-f5de16a3-44de-4ab8-b342-ab9a6bc75dcb 1d8438faff9642ea9b36a4af1915be7c 9a99f8dfe29a472388f3b9ec2c2c90d9 - - default default] Successfully bumped revision number for resource 8605df2f-b02b-42cd-a473-a00afc2093db (type: ports) to 2
2026-05-20 04:22:25.512 9 INFO neutron.db.ovn_revision_numbers_db [None req-f5de16a3-44de-4ab8-b342-ab9a6bc75dcb 1d8438faff9642ea9b36a4af1915be7c 9a99f8dfe29a472388f3b9ec2c2c90d9 - - default default] Successfully bumped revision number for resource 8d653a5b-b89c-4f10-baac-6bb031d6adab (type: subnets) to 0
2026-05-20 04:22:25.530 9 INFO neutron.wsgi [None req-f5de16a3-44de-4ab8-b342-ab9a6bc75dcb 1d8438faff9642ea9b36a4af1915be7c 9a99f8dfe29a472388f3b9ec2c2c90d9 - - default default] 10.0.0.99 "POST /v2.0/subnets HTTP/1.1" status: 201 len: 801 time: 1.2530050
2026-05-20 04:22:25.538 9 INFO neutron.wsgi [None req-984f89cd-4e1a-45d0-9594-5348422f6155 127084a7c78042cfa1fa84aeb74f0dcc 2d16f38c87674d489f6a8172b1b7115e - - default default] 10.0.0.99 "GET /v2.0/ports/4d155c7a-eff2-42da-9efb-e996c7baeda8 HTTP/1.1" status: 200 len: 1141 time: 0.0838037
2026-05-20 04:22:25.902 10 WARNING neutron.scheduler.dhcp_agent_scheduler [None req-1cf1cafa-b546-4c5e-a717-d8000e69d32f 150ac9c63d774d5e90543d44ec0d14b1 02a41df9671d4b4296d97808d85394fb - - default default] No more DHCP agents
2026-05-20 04:22:25.910 10 WARNING neutron.api.rpc.agentnotifiers.dhcp_rpc_agent_api [None req-1cf1cafa-b546-4c5e-a717-d8000e69d32f 150ac9c63d774d5e90543d44ec0d14b1 02a41df9671d4b4296d97808d85394fb - - default default] Unable to schedule network 2761430b-3d77-43da-a3b1-b92a34cf8f07: no agents available; will retry on subsequent port and subnet creation events.
2026-05-20 04:22:25.965 10 INFO neutron.wsgi [None req-9c1c15ae-cf12-4fd3-b53d-9dd0398d843e 2f24a31e7361484a926d42e268766599 15af51f74f724241b5d8abfac3bb90ff - - default default] 10.0.0.99 "PUT /v2.0/routers/874c7732-d8aa-4c0c-83f3-60857e393e7b/remove_router_interface HTTP/1.1" status: 200 len: 503 time: 1.6005771 /var/lib/openstack/lib/python3.10/site-packages/pycadf/identifier.py:71: UserWarning: Invalid uuid: neutron. To ensure interoperability, identifiers should be a valid uuid. warnings.warn(('Invalid uuid: %s. To ensure interoperability, '
