2026-05-20 04:25:04.348 10 INFO neutron.plugins.ml2.plugin [None req-eed3d43e-3b7c-4c7b-a6bf-fd72d4da65f6 - - - - - -] Attempt 1 to provision port 0b88789f-9032-4011-be23-3c5188a638c5
2026-05-20 04:25:04.374 10 INFO neutron.plugins.ml2.drivers.ovn.mech_driver.ovsdb.ovsdb_monitor [None req-a459d305-6d98-43d2-812c-ce847b04baff - - - - - -] Router 5662c9aa-ba3e-44a4-b8f9-1f6319ff11e8 is bound to host instance
2026-05-20 04:25:04.458 9 INFO neutron.wsgi [None req-b2f69204-40d9-4836-bab0-1be50e771e7a 26254411438b48cea41d6bc13d1a4ef9 20675de026044e1099cf436ea862c26d - - default default] 10.0.0.99 "GET /v2.0/routers?tags-any=red%2Cblue HTTP/1.1" status: 200 len: 1601 time: 0.0835054
2026-05-20 04:25:04.546 9 INFO neutron.db.ovn_revision_numbers_db [None req-57a80a53-4cef-4e20-b43a-df5f56133ded f2b4a144a1d547ac8ffc0a77e3b11fd0 c8bc2def9c7248eaaba307f74a7fe3c2 - - default default] Successfully bumped revision number for resource 5662c9aa-ba3e-44a4-b8f9-1f6319ff11e8 (type: routers) to 2
2026-05-20 04:25:04.555 9 INFO neutron.wsgi [None req-c773d2ef-ea02-4abc-b63e-66aad25b0d6d 26254411438b48cea41d6bc13d1a4ef9 20675de026044e1099cf436ea862c26d - - default default] 10.0.0.99 "GET /v2.0/routers?not-tags=red HTTP/1.1" status: 200 len: 1116 time: 0.0914695
2026-05-20 04:25:04.577 9 INFO neutron.wsgi [None req-57a80a53-4cef-4e20-b43a-df5f56133ded f2b4a144a1d547ac8ffc0a77e3b11fd0 c8bc2def9c7248eaaba307f74a7fe3c2 - - default default] 10.0.0.99 "POST /v2.0/routers HTTP/1.1" status: 201 len: 865 time: 2.0170469
2026-05-20 04:25:04.642 9 INFO neutron.wsgi [None req-6ea89138-08ad-45ef-a4d0-9389a0823d37 26254411438b48cea41d6bc13d1a4ef9 20675de026044e1099cf436ea862c26d - - default default] 10.0.0.99 "GET /v2.0/routers?not-tags=red%2Cblue HTTP/1.1" status: 200 len: 1573 time: 0.0812688
2026-05-20 04:25:04.744 9 INFO neutron.wsgi [None req-060486ac-5cee-466d-a8e2-1b1a96e8c63f 26254411438b48cea41d6bc13d1a4ef9 20675de026044e1099cf436ea862c26d - - default default] 10.0.0.99 "GET /v2.0/routers?not-tags-any=blue HTTP/1.1" status: 200 len: 1573 time: 0.0966582
2026-05-20 04:25:04.807 9 INFO neutron.wsgi [None req-3ae542b4-476f-446e-92b8-cb0371f69a7a 26254411438b48cea41d6bc13d1a4ef9 20675de026044e1099cf436ea862c26d - - default default] 10.0.0.99 "GET /v2.0/routers?not-tags-any=red%2Cblue HTTP/1.1" status: 200 len: 1116 time: 0.0575039
2026-05-20 04:25:04.867 9 INFO neutron.wsgi [None req-8800cf73-f257-4ce9-b009-031cf99a2cef 26254411438b48cea41d6bc13d1a4ef9 20675de026044e1099cf436ea862c26d - - default default] 10.0.0.99 "GET /v2.0/routers/d9445952-7982-41d9-a220-aeed1a7b479e HTTP/1.1" status: 200 len: 660 time: 0.0514612
2026-05-20 04:25:05.103 9 INFO neutron.services.segments.plugin [-] Segment 46ef6a61-0c2d-49bf-9104-29ff69a1bb0e resource provider aggregate not found
2026-05-20 04:25:05.108 9 INFO neutron.services.segments.plugin [-] Segment 46ef6a61-0c2d-49bf-9104-29ff69a1bb0e resource provider aggregate not found
2026-05-20 04:25:05.126 9 INFO neutron.services.segments.plugin [-] Segment 46ef6a61-0c2d-49bf-9104-29ff69a1bb0e resource provider not found; error: Placement Client Error (4xx): {"errors": [{"status": 404, "title": "Not Found", "detail": "The resource could not be found.\n\n No resource provider with uuid 46ef6a61-0c2d-49bf-9104-29ff69a1bb0e found for delete ", "request_id": "req-af642ce3-032d-4365-96b0-922fa06a1d71"}]}
2026-05-20 04:25:05.127 9 INFO neutron.services.segments.plugin [-] Segment 46ef6a61-0c2d-49bf-9104-29ff69a1bb0e resource provider not found; error: Placement Client Error (4xx): {"errors": [{"status": 404, "title": "Not Found", "detail": "The resource could not be found.\n\n No resource provider with uuid 46ef6a61-0c2d-49bf-9104-29ff69a1bb0e found for delete ", "request_id": "req-60aa3642-4d31-4275-a176-c31f8ac8aa1b"}]}
2026-05-20 04:25:05.177 10 INFO neutron.db.ovn_revision_numbers_db [None req-a459d305-6d98-43d2-812c-ce847b04baff - - - - - -] Successfully bumped revision number for resource 0b88789f-9032-4011-be23-3c5188a638c5 (type: ports) to 1
2026-05-20 04:25:05.184 9 INFO neutron.wsgi [None req-3eb209f1-859d-4475-8017-9a6bfab4c51c bea009a1378143349ba9c1806b54ff9d e4d354935ca04b9f9d8b892fbaed728a - - default default] 10.0.0.99 "DELETE /v2.0/networks/5ce77eb5-b012-457b-b7b8-21707be7c740 HTTP/1.1" status: 204 len: 168 time: 0.8690000
2026-05-20 04:25:05.601 9 INFO neutron.db.ovn_revision_numbers_db [None req-89feeb1c-e748-46ba-8940-d46b4283eccf 26254411438b48cea41d6bc13d1a4ef9 20675de026044e1099cf436ea862c26d - - default default] Successfully bumped revision number for resource d9445952-7982-41d9-a220-aeed1a7b479e (type: routers) to 2
2026-05-20 04:25:05.605 9 INFO neutron.wsgi [None req-89feeb1c-e748-46ba-8940-d46b4283eccf 26254411438b48cea41d6bc13d1a4ef9 20675de026044e1099cf436ea862c26d - - default default] 10.0.0.99 "PUT /v2.0/routers/d9445952-7982-41d9-a220-aeed1a7b479e HTTP/1.1" status: 200 len: 660 time: 0.7309542
2026-05-20 04:25:05.655 10 INFO neutron.wsgi [None req-955b5996-b041-4262-8ba0-84af03f1f824 26254411438b48cea41d6bc13d1a4ef9 20675de026044e1099cf436ea862c26d - - default default] 10.0.0.99 "GET /v2.0/ports?device_id=d9445952-7982-41d9-a220-aeed1a7b479e HTTP/1.1" status: 200 len: 205 time: 0.0438709
2026-05-20 04:25:05.679 10 WARNING neutron.scheduler.dhcp_agent_scheduler [None req-6fd113ed-07f0-4c8d-8b41-03bf8b0ff272 f2b4a144a1d547ac8ffc0a77e3b11fd0 c8bc2def9c7248eaaba307f74a7fe3c2 - - default default] No more DHCP agents
2026-05-20 04:25:05.683 10 WARNING neutron.api.rpc.agentnotifiers.dhcp_rpc_agent_api [None req-6fd113ed-07f0-4c8d-8b41-03bf8b0ff272 f2b4a144a1d547ac8ffc0a77e3b11fd0 c8bc2def9c7248eaaba307f74a7fe3c2 - - default default] Unable to schedule network f8bb0941-76a5-42a2-8568-70d3526bfee2: no agents available; will retry on subsequent port and subnet creation events.
2026-05-20 04:25:05.904 10 INFO neutron.db.ovn_revision_numbers_db [None req-a459d305-6d98-43d2-812c-ce847b04baff - - - - - -] Successfully bumped revision number for resource 0b88789f-9032-4011-be23-3c5188a638c5 (type: router_ports) to 3
2026-05-20 04:25:05.911 9 INFO neutron.wsgi [None req-1fda0881-82bc-41a8-94a5-202822831b8b 26254411438b48cea41d6bc13d1a4ef9 20675de026044e1099cf436ea862c26d - - default default] 10.0.0.99 "DELETE /v2.0/routers/d9445952-7982-41d9-a220-aeed1a7b479e HTTP/1.1" status: 204 len: 168 time: 0.2489066
2026-05-20 04:25:05.991 10 INFO neutron.wsgi [None req-af726dd0-7367-45b7-98c7-d68f087bb273 26254411438b48cea41d6bc13d1a4ef9 20675de026044e1099cf436ea862c26d - - default default] 10.0.0.99 "GET /v2.0/routers/62efcea4-eaef-4ece-8696-8f456121b9b4 HTTP/1.1" status: 200 len: 668 time: 0.0736167
2026-05-20 04:25:06.008 10 INFO neutron.db.ovn_revision_numbers_db [None req-6fd113ed-07f0-4c8d-8b41-03bf8b0ff272 f2b4a144a1d547ac8ffc0a77e3b11fd0 c8bc2def9c7248eaaba307f74a7fe3c2 - - default default] Successfully bumped revision number for resource 70a17e9c-7c88-40cd-9ef9-08c63052ed89 (type: ports) to 1
2026-05-20 04:25:06.103 10 INFO neutron.wsgi [None req-87828757-94d0-44c1-8e60-f0bd19f095b1 2f24a31e7361484a926d42e268766599 15af51f74f724241b5d8abfac3bb90ff - - default default] 10.0.0.99 "GET /v2.0/security-groups?tenant_id=e4d354935ca04b9f9d8b892fbaed728a&name=default HTTP/1.1" status: 200 len: 3000 time: 0.2391679
2026-05-20 04:25:06.217 10 INFO neutron.db.ovn_revision_numbers_db [None req-a459d305-6d98-43d2-812c-ce847b04baff - - - - - -] Successfully bumped revision number for resource 0b88789f-9032-4011-be23-3c5188a638c5 (type: ports) to 2
2026-05-20 04:25:06.499 9 INFO neutron.db.ovn_revision_numbers_db [None req-0a2efee6-f4a4-4ce7-a55a-5b40de472084 26254411438b48cea41d6bc13d1a4ef9 20675de026044e1099cf436ea862c26d - - default default] Successfully bumped revision number for resource 62efcea4-eaef-4ece-8696-8f456121b9b4 (type: routers) to 2
2026-05-20 04:25:06.503 9 INFO neutron.wsgi [None req-0a2efee6-f4a4-4ce7-a55a-5b40de472084 26254411438b48cea41d6bc13d1a4ef9 20675de026044e1099cf436ea862c26d - - default default] 10.0.0.99 "PUT /v2.0/routers/62efcea4-eaef-4ece-8696-8f456121b9b4 HTTP/1.1" status: 200 len: 668 time: 0.5051491
2026-05-20 04:25:06.519 9 INFO neutron.wsgi [None req-ae2ffdb9-cc19-44b9-852b-bd008c03b4d7 2f24a31e7361484a926d42e268766599 15af51f74f724241b5d8abfac3bb90ff - - default default] 10.0.0.99 "DELETE /v2.0/security-groups/6146593c-38a8-4472-8e22-522c27ffbd49 HTTP/1.1" status: 204 len: 168 time: 0.4107254
2026-05-20 04:25:06.537 10 INFO neutron.wsgi [None req-b4a03627-bae7-40e2-8ee6-88ac8551e1a8 26254411438b48cea41d6bc13d1a4ef9 20675de026044e1099cf436ea862c26d - - default default] 10.0.0.99 "GET /v2.0/ports?device_id=62efcea4-eaef-4ece-8696-8f456121b9b4 HTTP/1.1" status: 200 len: 205 time: 0.0262420
2026-05-20 04:25:06.541 10 INFO neutron.db.ovn_revision_numbers_db [None req-a459d305-6d98-43d2-812c-ce847b04baff - - - - - -] Successfully bumped revision number for resource 0b88789f-9032-4011-be23-3c5188a638c5 (type: ports) to 4
2026-05-20 04:25:06.752 9 INFO neutron.db.ovn_revision_numbers_db [None req-ea55099d-3ae2-4503-ad9c-002d59ef0f63 2f24a31e7361484a926d42e268766599 15af51f74f724241b5d8abfac3bb90ff - - default default] Successfully bumped revision number for resource 7c600994-34eb-4d71-ab20-cdd6e47ea593 (type: security_groups) to 1
2026-05-20 04:25:06.770 9 INFO neutron.db.ovn_revision_numbers_db [None req-ea55099d-3ae2-4503-ad9c-002d59ef0f63 2f24a31e7361484a926d42e268766599 15af51f74f724241b5d8abfac3bb90ff - - default default] Successfully bumped revision number for resource 2a463e00-3507-46bf-8d05-8a74f48065cc (type: security_group_rules) to 0
2026-05-20 04:25:06.783 9 INFO neutron.db.ovn_revision_numbers_db [None req-ea55099d-3ae2-4503-ad9c-002d59ef0f63 2f24a31e7361484a926d42e268766599 15af51f74f724241b5d8abfac3bb90ff - - default default] Successfully bumped revision number for resource 5025063e-2023-4697-abfe-1a0d3c316798 (type: security_group_rules) to 0
2026-05-20 04:25:06.796 9 INFO neutron.db.ovn_revision_numbers_db [None req-ea55099d-3ae2-4503-ad9c-002d59ef0f63 2f24a31e7361484a926d42e268766599 15af51f74f724241b5d8abfac3bb90ff - - default default] Successfully bumped revision number for resource 681fe933-ef0d-471a-a49f-e1acf7da779f (type: security_group_rules) to 0
2026-05-20 04:25:06.839 9 INFO neutron.db.ovn_revision_numbers_db [None req-ea55099d-3ae2-4503-ad9c-002d59ef0f63 2f24a31e7361484a926d42e268766599 15af51f74f724241b5d8abfac3bb90ff - - default default] Successfully bumped revision number for resource 989706cc-b4a6-4a02-bc93-2c908405e839 (type: security_group_rules) to 0
2026-05-20 04:25:06.860 9 INFO neutron.wsgi [None req-ea55099d-3ae2-4503-ad9c-002d59ef0f63 2f24a31e7361484a926d42e268766599 15af51f74f724241b5d8abfac3bb90ff - - default default] 10.0.0.99 "GET /v2.0/security-groups?tenant_id=d4b3ed1d7af441ef9a3129a113148b7a&name=default HTTP/1.1" status: 200 len: 3000 time: 0.2367713
2026-05-20 04:25:07.064 9 INFO neutron.wsgi [None req-fd002036-15c2-4068-b210-27783c2d0923 2f24a31e7361484a926d42e268766599 15af51f74f724241b5d8abfac3bb90ff - - default default] 10.0.0.99 "DELETE /v2.0/security-groups/7c600994-34eb-4d71-ab20-cdd6e47ea593 HTTP/1.1" status: 204 len: 168 time: 0.1987057
2026-05-20 04:25:07.119 10 INFO neutron.plugins.ml2.drivers.ovn.mech_driver.mech_driver [None req-eed3d43e-3b7c-4c7b-a6bf-fd72d4da65f6 - - - - - -] OVN reports status up for port: 70a17e9c-7c88-40cd-9ef9-08c63052ed89
2026-05-20 04:25:07.131 10 INFO neutron.wsgi [None req-2eddb04c-c95a-4891-90e1-59cebac1c78d 26254411438b48cea41d6bc13d1a4ef9 20675de026044e1099cf436ea862c26d - - default default] 10.0.0.99 "DELETE /v2.0/routers/62efcea4-eaef-4ece-8696-8f456121b9b4 HTTP/1.1" status: 204 len: 168 time: 0.5902400
2026-05-20 04:25:07.139 10 INFO neutron.plugins.ml2.plugin [None req-eed3d43e-3b7c-4c7b-a6bf-fd72d4da65f6 - - - - - -] Attempt 1 to provision port 70a17e9c-7c88-40cd-9ef9-08c63052ed89
2026-05-20 04:25:07.178 10 INFO neutron.db.ovn_revision_numbers_db [None req-6fd113ed-07f0-4c8d-8b41-03bf8b0ff272 f2b4a144a1d547ac8ffc0a77e3b11fd0 c8bc2def9c7248eaaba307f74a7fe3c2 - - default default] Successfully bumped revision number for resource 70a17e9c-7c88-40cd-9ef9-08c63052ed89 (type: router_ports) to 1
2026-05-20 04:25:07.185 9 INFO neutron.wsgi [None req-23718548-a0f3-4084-9855-ebe7e37a06f0 26254411438b48cea41d6bc13d1a4ef9 20675de026044e1099cf436ea862c26d - - default default] 10.0.0.99 "GET /v2.0/routers/599cb021-072f-4eb5-8f1b-19bbdfa50497 HTTP/1.1" status: 200 len: 677 time: 0.0480533
2026-05-20 04:25:07.317 10 INFO neutron.db.ovn_revision_numbers_db [None req-a459d305-6d98-43d2-812c-ce847b04baff - - - - - -] Successfully bumped revision number for resource 0b88789f-9032-4011-be23-3c5188a638c5 (type: router_ports) to 4
2026-05-20 04:25:07.429 10 INFO neutron.db.ovn_revision_numbers_db [None req-6fd113ed-07f0-4c8d-8b41-03bf8b0ff272 f2b4a144a1d547ac8ffc0a77e3b11fd0 c8bc2def9c7248eaaba307f74a7fe3c2 - - default default] Successfully bumped revision number for resource 70a17e9c-7c88-40cd-9ef9-08c63052ed89 (type: ports) to 1
2026-05-20 04:25:07.526 10 WARNING neutron.scheduler.dhcp_agent_scheduler [None req-6fd113ed-07f0-4c8d-8b41-03bf8b0ff272 f2b4a144a1d547ac8ffc0a77e3b11fd0 c8bc2def9c7248eaaba307f74a7fe3c2 - - default default] No more DHCP agents
2026-05-20 04:25:07.528 10 WARNING neutron.api.rpc.agentnotifiers.dhcp_rpc_agent_api [None req-6fd113ed-07f0-4c8d-8b41-03bf8b0ff272 f2b4a144a1d547ac8ffc0a77e3b11fd0 c8bc2def9c7248eaaba307f74a7fe3c2 - - default default] Unable to schedule network f8bb0941-76a5-42a2-8568-70d3526bfee2: no agents available; will retry on subsequent port and subnet creation events.
2026-05-20 04:25:07.545 10 INFO neutron.db.ovn_revision_numbers_db [None req-eed3d43e-3b7c-4c7b-a6bf-fd72d4da65f6 - - - - - -] Successfully bumped revision number for resource 70a17e9c-7c88-40cd-9ef9-08c63052ed89 (type: ports) to 2
2026-05-20 04:25:07.603 9 INFO neutron.db.ovn_revision_numbers_db [None req-6f555970-0e60-43db-b0a3-8113fa947268 26254411438b48cea41d6bc13d1a4ef9 20675de026044e1099cf436ea862c26d - - default default] Successfully bumped revision number for resource 599cb021-072f-4eb5-8f1b-19bbdfa50497 (type: routers) to 2
2026-05-20 04:25:07.607 9 INFO neutron.wsgi [None req-6f555970-0e60-43db-b0a3-8113fa947268 26254411438b48cea41d6bc13d1a4ef9 20675de026044e1099cf436ea862c26d - - default default] 10.0.0.99 "PUT /v2.0/routers/599cb021-072f-4eb5-8f1b-19bbdfa50497 HTTP/1.1" status: 200 len: 677 time: 0.4152625
2026-05-20 04:25:07.629 9 INFO neutron.wsgi [None req-4a96d1c4-5101-486b-b871-e5359e41f568 26254411438b48cea41d6bc13d1a4ef9 20675de026044e1099cf436ea862c26d - - default default] 10.0.0.99 "GET /v2.0/ports?device_id=599cb021-072f-4eb5-8f1b-19bbdfa50497 HTTP/1.1" status: 200 len: 205 time: 0.0177569
2026-05-20 04:25:07.727 10 INFO neutron.db.ovn_revision_numbers_db [None req-eed3d43e-3b7c-4c7b-a6bf-fd72d4da65f6 - - - - - -] Successfully bumped revision number for resource 70a17e9c-7c88-40cd-9ef9-08c63052ed89 (type: router_ports) to 2
2026-05-20 04:25:07.891 9 INFO neutron.wsgi [None req-6f77609c-f38e-4cbb-8c12-44dba0f5c8b8 26254411438b48cea41d6bc13d1a4ef9 20675de026044e1099cf436ea862c26d - - default default] 10.0.0.99 "DELETE /v2.0/routers/599cb021-072f-4eb5-8f1b-19bbdfa50497 HTTP/1.1" status: 204 len: 168 time: 0.2554398
2026-05-20 04:25:07.943 10 INFO neutron.db.ovn_revision_numbers_db [None req-6fd113ed-07f0-4c8d-8b41-03bf8b0ff272 f2b4a144a1d547ac8ffc0a77e3b11fd0 c8bc2def9c7248eaaba307f74a7fe3c2 - - default default] Successfully bumped revision number for resource 70a17e9c-7c88-40cd-9ef9-08c63052ed89 (type: router_ports) to 2
2026-05-20 04:25:07.947 10 INFO neutron.wsgi [None req-6fd113ed-07f0-4c8d-8b41-03bf8b0ff272 f2b4a144a1d547ac8ffc0a77e3b11fd0 c8bc2def9c7248eaaba307f74a7fe3c2 - - default default] 10.0.0.99 "PUT /v2.0/routers/5662c9aa-ba3e-44a4-b8f9-1f6319ff11e8/add_router_interface HTTP/1.1" status: 200 len: 503 time: 3.3631918
2026-05-20 04:25:07.990 9 INFO neutron.wsgi [None req-e6969874-ea7a-4dfa-be8f-3d2fcefd86b7 26254411438b48cea41d6bc13d1a4ef9 20675de026044e1099cf436ea862c26d - - default default] 10.0.0.99 "GET /v2.0/routers/cfb3bb73-2662-4ac9-bb8c-9ce49c61bbdc HTTP/1.1" status: 200 len: 662 time: 0.0920322
2026-05-20 04:25:08.760 9 INFO neutron.db.ovn_revision_numbers_db [None req-dccc9c44-9d20-4520-8913-fd80fbafdd4a 26254411438b48cea41d6bc13d1a4ef9 20675de026044e1099cf436ea862c26d - - default default] Successfully bumped revision number for resource cfb3bb73-2662-4ac9-bb8c-9ce49c61bbdc (type: routers) to 2
2026-05-20 04:25:08.763 9 INFO neutron.wsgi [None req-dccc9c44-9d20-4520-8913-fd80fbafdd4a 26254411438b48cea41d6bc13d1a4ef9 20675de026044e1099cf436ea862c26d - - default default] 10.0.0.99 "PUT /v2.0/routers/cfb3bb73-2662-4ac9-bb8c-9ce49c61bbdc HTTP/1.1" status: 200 len: 662 time: 0.7660937
2026-05-20 04:25:08.806 9 INFO neutron.wsgi [None req-8df78ca4-0695-4283-a6dc-2e32e4a88158 26254411438b48cea41d6bc13d1a4ef9 20675de026044e1099cf436ea862c26d - - default default] 10.0.0.99 "GET /v2.0/ports?device_id=cfb3bb73-2662-4ac9-bb8c-9ce49c61bbdc HTTP/1.1" status: 200 len: 205 time: 0.0248768
2026-05-20 04:25:09.024 9 WARNING neutron.scheduler.dhcp_agent_scheduler [None req-c7b20b13-184e-4155-9a58-fd32ede91919 f2b4a144a1d547ac8ffc0a77e3b11fd0 c8bc2def9c7248eaaba307f74a7fe3c2 - - default default] No more DHCP agents
2026-05-20 04:25:09.028 9 WARNING neutron.api.rpc.agentnotifiers.dhcp_rpc_agent_api [None req-c7b20b13-184e-4155-9a58-fd32ede91919 f2b4a144a1d547ac8ffc0a77e3b11fd0 c8bc2def9c7248eaaba307f74a7fe3c2 - - default default] Unable to schedule network 679341b5-49e8-422c-98ae-f694b060eb76: no agents available; will retry on subsequent port and subnet creation events.
2026-05-20 04:25:09.033 10 INFO neutron.wsgi [None req-fec72a10-69fc-46e9-9fa7-b4e02543a716 26254411438b48cea41d6bc13d1a4ef9 20675de026044e1099cf436ea862c26d - - default default] 10.0.0.99 "DELETE /v2.0/routers/cfb3bb73-2662-4ac9-bb8c-9ce49c61bbdc HTTP/1.1" status: 204 len: 168 time: 0.2207351
2026-05-20 04:25:09.093 10 INFO neutron.wsgi [None req-fd8ebc9e-1286-4bc6-bbe8-a0c0d5f2f023 26254411438b48cea41d6bc13d1a4ef9 20675de026044e1099cf436ea862c26d - - default default] 10.0.0.99 "GET /v2.0/routers/64e023e3-951a-4ad7-a37a-ebe6f71f5427 HTTP/1.1" status: 200 len: 655 time: 0.0542262
2026-05-20 04:25:09.219 9 INFO neutron.db.ovn_revision_numbers_db [None req-c7b20b13-184e-4155-9a58-fd32ede91919 f2b4a144a1d547ac8ffc0a77e3b11fd0 c8bc2def9c7248eaaba307f74a7fe3c2 - - default default] Successfully bumped revision number for resource 612cdc99-27f4-4a6d-92b6-faf770f0fe4c (type: ports) to 1
2026-05-20 04:25:09.813 9 INFO neutron.plugins.ml2.drivers.ovn.mech_driver.mech_driver [None req-81c5e094-bb6d-41a5-9d80-80da556afc5e - - - - - -] OVN reports status up for port: 612cdc99-27f4-4a6d-92b6-faf770f0fe4c
2026-05-20 04:25:09.818 10 INFO neutron.wsgi [None req-59332498-0163-46fe-864c-8d8e4130b432 26254411438b48cea41d6bc13d1a4ef9 20675de026044e1099cf436ea862c26d - - default default] 10.0.0.99 "PUT /v2.0/routers/64e023e3-951a-4ad7-a37a-ebe6f71f5427 HTTP/1.1" status: 200 len: 655 time: 0.7203550
2026-05-20 04:25:09.830 9 INFO neutron.plugins.ml2.plugin [None req-81c5e094-bb6d-41a5-9d80-80da556afc5e - - - - - -] Attempt 1 to provision port 612cdc99-27f4-4a6d-92b6-faf770f0fe4c
2026-05-20 04:25:09.854 9 INFO neutron.db.ovn_revision_numbers_db [None req-c7b20b13-184e-4155-9a58-fd32ede91919 f2b4a144a1d547ac8ffc0a77e3b11fd0 c8bc2def9c7248eaaba307f74a7fe3c2 - - default default] Successfully bumped revision number for resource 612cdc99-27f4-4a6d-92b6-faf770f0fe4c (type: router_ports) to 1
2026-05-20 04:25:09.867 10 INFO neutron.wsgi [None req-8d356601-51ac-4d28-b684-eaa42d790238 26254411438b48cea41d6bc13d1a4ef9 20675de026044e1099cf436ea862c26d - - default default] 10.0.0.99 "GET /v2.0/ports?device_id=64e023e3-951a-4ad7-a37a-ebe6f71f5427 HTTP/1.1" status: 200 len: 205 time: 0.0351436
2026-05-20 04:25:10.104 10 INFO neutron.wsgi [None req-87f8e330-f08d-4405-898e-1262a05679c2 26254411438b48cea41d6bc13d1a4ef9 20675de026044e1099cf436ea862c26d - - default default] 10.0.0.99 "DELETE /v2.0/routers/64e023e3-951a-4ad7-a37a-ebe6f71f5427 HTTP/1.1" status: 204 len: 168 time: 0.2315831
2026-05-20 04:25:10.106 9 INFO neutron.db.ovn_revision_numbers_db [None req-c7b20b13-184e-4155-9a58-fd32ede91919 f2b4a144a1d547ac8ffc0a77e3b11fd0 c8bc2def9c7248eaaba307f74a7fe3c2 - - default default] Successfully bumped revision number for resource 612cdc99-27f4-4a6d-92b6-faf770f0fe4c (type: ports) to 1
2026-05-20 04:25:10.225 9 WARNING neutron.scheduler.dhcp_agent_scheduler [None req-c7b20b13-184e-4155-9a58-fd32ede91919 f2b4a144a1d547ac8ffc0a77e3b11fd0 c8bc2def9c7248eaaba307f74a7fe3c2 - - default default] No more DHCP agents
2026-05-20 04:25:10.227 9 WARNING neutron.api.rpc.agentnotifiers.dhcp_rpc_agent_api [None req-c7b20b13-184e-4155-9a58-fd32ede91919 f2b4a144a1d547ac8ffc0a77e3b11fd0 c8bc2def9c7248eaaba307f74a7fe3c2 - - default default] Unable to schedule network 679341b5-49e8-422c-98ae-f694b060eb76: no agents available; will retry on subsequent port and subnet creation events.
2026-05-20 04:25:10.271 9 INFO neutron.db.ovn_revision_numbers_db [None req-81c5e094-bb6d-41a5-9d80-80da556afc5e - - - - - -] Successfully bumped revision number for resource 612cdc99-27f4-4a6d-92b6-faf770f0fe4c (type: ports) to 2
2026-05-20 04:25:10.673 9 INFO neutron.db.ovn_revision_numbers_db [None req-81c5e094-bb6d-41a5-9d80-80da556afc5e - - - - - -] Successfully bumped revision number for resource 612cdc99-27f4-4a6d-92b6-faf770f0fe4c (type: router_ports) to 2
2026-05-20 04:25:10.819 10 INFO neutron.db.ovn_revision_numbers_db [None req-51c7c4f1-2295-49d9-8cc4-15eeeb73c7fc 3edc425ebdfd4273ab876b9b2ffe5f18 2a294cdce1bd47a8bb7888523cbeac21 - - default default] Successfully bumped revision number for resource b34785e4-a39a-4813-9b78-516c9cada589 (type: security_groups) to 1
2026-05-20 04:25:10.829 9 INFO neutron.db.ovn_revision_numbers_db [None req-c7b20b13-184e-4155-9a58-fd32ede91919 f2b4a144a1d547ac8ffc0a77e3b11fd0 c8bc2def9c7248eaaba307f74a7fe3c2 - - default default] Successfully bumped revision number for resource 612cdc99-27f4-4a6d-92b6-faf770f0fe4c (type: router_ports) to 2
2026-05-20 04:25:10.832 9 INFO neutron.wsgi [None req-c7b20b13-184e-4155-9a58-fd32ede91919 f2b4a144a1d547ac8ffc0a77e3b11fd0 c8bc2def9c7248eaaba307f74a7fe3c2 - - default default] 10.0.0.99 "PUT /v2.0/routers/5662c9aa-ba3e-44a4-b8f9-1f6319ff11e8/add_router_interface HTTP/1.1" status: 200 len: 503 time: 2.8789191
2026-05-20 04:25:10.836 10 INFO neutron.db.ovn_revision_numbers_db [None req-51c7c4f1-2295-49d9-8cc4-15eeeb73c7fc 3edc425ebdfd4273ab876b9b2ffe5f18 2a294cdce1bd47a8bb7888523cbeac21 - - default default] Successfully bumped revision number for resource 580eac83-be7f-4a5f-ac05-36ac8308b7a5 (type: security_group_rules) to 0
2026-05-20 04:25:10.850 10 INFO neutron.db.ovn_revision_numbers_db [None req-51c7c4f1-2295-49d9-8cc4-15eeeb73c7fc 3edc425ebdfd4273ab876b9b2ffe5f18 2a294cdce1bd47a8bb7888523cbeac21 - - default default] Successfully bumped revision number for resource 5dbb44d8-865f-4093-94a5-0ad8b2bf0f28 (type: security_group_rules) to 0
2026-05-20 04:25:10.862 10 INFO neutron.db.ovn_revision_numbers_db [None req-51c7c4f1-2295-49d9-8cc4-15eeeb73c7fc 3edc425ebdfd4273ab876b9b2ffe5f18 2a294cdce1bd47a8bb7888523cbeac21 - - default default] Successfully bumped revision number for resource e4ae5b2c-b770-4786-8682-76ce0309f532 (type: security_group_rules) to 0
2026-05-20 04:25:10.880 10 INFO neutron.db.ovn_revision_numbers_db [None req-51c7c4f1-2295-49d9-8cc4-15eeeb73c7fc 3edc425ebdfd4273ab876b9b2ffe5f18 2a294cdce1bd47a8bb7888523cbeac21 - - default default] Successfully bumped revision number for resource fd8b9638-cd1b-4da4-a873-374806ceb44d (type: security_group_rules) to 0
2026-05-20 04:25:10.940 10 INFO neutron.db.segments_db [None req-51c7c4f1-2295-49d9-8cc4-15eeeb73c7fc 3edc425ebdfd4273ab876b9b2ffe5f18 2a294cdce1bd47a8bb7888523cbeac21 - - default default] Added segment e8b7c329-456d-494f-840d-647c98bda563 of type geneve for network 85c05cb4-586a-4a3f-bcf2-4e5acf7c5cc1
2026-05-20 04:25:11.100 10 INFO neutron.db.ovn_revision_numbers_db [None req-51c7c4f1-2295-49d9-8cc4-15eeeb73c7fc 3edc425ebdfd4273ab876b9b2ffe5f18 2a294cdce1bd47a8bb7888523cbeac21 - - default default] Successfully bumped revision number for resource 85c05cb4-586a-4a3f-bcf2-4e5acf7c5cc1 (type: networks) to 1
2026-05-20 04:25:11.305 10 WARNING neutron.scheduler.dhcp_agent_scheduler [None req-51c7c4f1-2295-49d9-8cc4-15eeeb73c7fc 3edc425ebdfd4273ab876b9b2ffe5f18 2a294cdce1bd47a8bb7888523cbeac21 - - default default] No more DHCP agents
2026-05-20 04:25:11.306 10 WARNING neutron.api.rpc.agentnotifiers.dhcp_rpc_agent_api [None req-51c7c4f1-2295-49d9-8cc4-15eeeb73c7fc 3edc425ebdfd4273ab876b9b2ffe5f18 2a294cdce1bd47a8bb7888523cbeac21 - - default default] Unable to schedule network 85c05cb4-586a-4a3f-bcf2-4e5acf7c5cc1: no agents available; will retry on subsequent port and subnet creation events.
2026-05-20 04:25:11.421 9 WARNING neutron.scheduler.dhcp_agent_scheduler [None req-74f80e18-5d14-49ad-9348-042f728a50dd f2b4a144a1d547ac8ffc0a77e3b11fd0 c8bc2def9c7248eaaba307f74a7fe3c2 - - default default] No more DHCP agents
2026-05-20 04:25:11.425 9 WARNING neutron.api.rpc.agentnotifiers.dhcp_rpc_agent_api [None req-74f80e18-5d14-49ad-9348-042f728a50dd f2b4a144a1d547ac8ffc0a77e3b11fd0 c8bc2def9c7248eaaba307f74a7fe3c2 - - default default] Unable to schedule network b1811bfe-1365-479d-9caa-f196e8033022: no agents available; will retry on subsequent port and subnet creation events.
2026-05-20 04:25:11.456 9 INFO neutron.db.ovn_revision_numbers_db [None req-9677951b-e631-452b-a108-91dbd3a10a3b 2f24a31e7361484a926d42e268766599 15af51f74f724241b5d8abfac3bb90ff - - default default] Successfully bumped revision number for resource 2ce9408c-35a2-4820-8b4f-9a17451ade3a (type: security_groups) to 1
2026-05-20 04:25:11.469 10 INFO neutron.db.ovn_revision_numbers_db [None req-51c7c4f1-2295-49d9-8cc4-15eeeb73c7fc 3edc425ebdfd4273ab876b9b2ffe5f18 2a294cdce1bd47a8bb7888523cbeac21 - - default default] Successfully bumped revision number for resource 1f2a9231-6abd-479e-a7b3-5bd8edca0e1d (type: ports) to 1
2026-05-20 04:25:11.479 9 INFO neutron.db.ovn_revision_numbers_db [None req-9677951b-e631-452b-a108-91dbd3a10a3b 2f24a31e7361484a926d42e268766599 15af51f74f724241b5d8abfac3bb90ff - - default default] Successfully bumped revision number for resource 19fa631a-82fc-45f6-a486-b06c3806eb81 (type: security_group_rules) to 0
2026-05-20 04:25:11.493 10 INFO neutron.wsgi [None req-51c7c4f1-2295-49d9-8cc4-15eeeb73c7fc 3edc425ebdfd4273ab876b9b2ffe5f18 2a294cdce1bd47a8bb7888523cbeac21 - - default default] 10.0.0.99 "POST /v2.0/networks HTTP/1.1" status: 201 len: 831 time: 1.1061041
2026-05-20 04:25:11.497 9 INFO neutron.db.ovn_revision_numbers_db [None req-9677951b-e631-452b-a108-91dbd3a10a3b 2f24a31e7361484a926d42e268766599 15af51f74f724241b5d8abfac3bb90ff - - default default] Successfully bumped revision number for resource 41f25a3d-e423-440e-8d96-d5afc78a1dd8 (type: security_group_rules) to 0
2026-05-20 04:25:11.531 9 INFO neutron.db.ovn_revision_numbers_db [None req-9677951b-e631-452b-a108-91dbd3a10a3b 2f24a31e7361484a926d42e268766599 15af51f74f724241b5d8abfac3bb90ff - - default default] Successfully bumped revision number for resource 45156432-3158-4894-adc1-c626b1ac8150 (type: security_group_rules) to 0
2026-05-20 04:25:11.567 9 INFO neutron.db.ovn_revision_numbers_db [None req-9677951b-e631-452b-a108-91dbd3a10a3b 2f24a31e7361484a926d42e268766599 15af51f74f724241b5d8abfac3bb90ff - - default default] Successfully bumped revision number for resource 79a31438-3a29-4d64-abf1-45bbfad86eb8 (type: security_group_rules) to 0
2026-05-20 04:25:11.604 9 INFO neutron.wsgi [None req-9677951b-e631-452b-a108-91dbd3a10a3b 2f24a31e7361484a926d42e268766599 15af51f74f724241b5d8abfac3bb90ff - - default default] 10.0.0.99 "GET /v2.0/security-groups?tenant_id=20675de026044e1099cf436ea862c26d&name=default HTTP/1.1" status: 200 len: 3000 time: 0.4978783
2026-05-20 04:25:11.678 9 INFO neutron.db.ovn_revision_numbers_db [None req-74f80e18-5d14-49ad-9348-042f728a50dd f2b4a144a1d547ac8ffc0a77e3b11fd0 c8bc2def9c7248eaaba307f74a7fe3c2 - - default default] Successfully bumped revision number for resource 766e0c0c-81eb-4709-9fd3-45a9cacbe658 (type: ports) to 1
2026-05-20 04:25:11.906 9 WARNING neutron.scheduler.dhcp_agent_scheduler [None req-4b3900c6-883d-4f6d-a417-3972373e6ee3 3edc425ebdfd4273ab876b9b2ffe5f18 2a294cdce1bd47a8bb7888523cbeac21 - - default default] No more DHCP agents
2026-05-20 04:25:11.913 9 WARNING neutron.api.rpc.agentnotifiers.dhcp_rpc_agent_api [None req-4b3900c6-883d-4f6d-a417-3972373e6ee3 3edc425ebdfd4273ab876b9b2ffe5f18 2a294cdce1bd47a8bb7888523cbeac21 - - default default] Unable to schedule network 85c05cb4-586a-4a3f-bcf2-4e5acf7c5cc1: no agents available; will retry on subsequent port and subnet creation events.
2026-05-20 04:25:12.060 9 INFO neutron.db.ovn_revision_numbers_db [None req-4b3900c6-883d-4f6d-a417-3972373e6ee3 3edc425ebdfd4273ab876b9b2ffe5f18 2a294cdce1bd47a8bb7888523cbeac21 - - default default] Successfully bumped revision number for resource 0a7f2a0e-896f-421f-8832-14e14991538d (type: ports) to 1
2026-05-20 04:25:12.105 9 INFO neutron.wsgi [None req-4b3900c6-883d-4f6d-a417-3972373e6ee3 3edc425ebdfd4273ab876b9b2ffe5f18 2a294cdce1bd47a8bb7888523cbeac21 - - default default] 10.0.0.99 "POST /v2.0/ports HTTP/1.1" status: 201 len: 942 time: 0.6045859
2026-05-20 04:25:12.118 9 INFO neutron.wsgi [None req-0bb8b489-a5b3-4c23-b625-cd0b155d6ab1 2f24a31e7361484a926d42e268766599 15af51f74f724241b5d8abfac3bb90ff - - default default] 10.0.0.99 "DELETE /v2.0/security-groups/2ce9408c-35a2-4820-8b4f-9a17451ade3a HTTP/1.1" status: 204 len: 168 time: 0.5060244
2026-05-20 04:25:12.351 10 INFO neutron.wsgi [None req-80afa781-58be-4b85-8e42-693cf9d5bd71 3edc425ebdfd4273ab876b9b2ffe5f18 2a294cdce1bd47a8bb7888523cbeac21 - - default default] 10.0.0.99 "POST /v2.0/trunks HTTP/1.1" status: 201 len: 608 time: 0.2404530 /var/lib/openstack/lib/python3.10/site-packages/pycadf/identifier.py:71: UserWarning: Invalid uuid: neutron. To ensure interoperability, identifiers should be a valid uuid. warnings.warn(('Invalid uuid: %s. To ensure interoperability, '
2026-05-20 04:25:12.395 9 INFO neutron.wsgi [None req-3abdb350-5400-4844-a84f-b7a2682d52a5 3edc425ebdfd4273ab876b9b2ffe5f18 2a294cdce1bd47a8bb7888523cbeac21 - - default default] 10.0.0.99 "PUT /v2.0/trunks/084c23e6-9bdc-4a9f-a4b2-3379853eb584/tags HTTP/1.1" status: 200 len: 218 time: 0.0357070
2026-05-20 04:25:12.419 10 INFO neutron.db.ovn_revision_numbers_db [None req-6a6639df-4783-4f9b-8971-d498e86909b6 2f24a31e7361484a926d42e268766599 15af51f74f724241b5d8abfac3bb90ff - - default default] Successfully bumped revision number for resource fd1e139b-deaf-4fc0-bb41-7d59d8e3cc32 (type: security_groups) to 1
2026-05-20 04:25:12.428 9 INFO neutron.wsgi [None req-6fb9060e-4c6f-4a7f-8afc-0b72db911eee 3edc425ebdfd4273ab876b9b2ffe5f18 2a294cdce1bd47a8bb7888523cbeac21 - - default default] 10.0.0.99 "GET /v2.0/trunks/084c23e6-9bdc-4a9f-a4b2-3379853eb584/tags HTTP/1.1" status: 200 len: 218 time: 0.0235670
2026-05-20 04:25:12.440 10 INFO neutron.db.ovn_revision_numbers_db [None req-6a6639df-4783-4f9b-8971-d498e86909b6 2f24a31e7361484a926d42e268766599 15af51f74f724241b5d8abfac3bb90ff - - default default] Successfully bumped revision number for resource 49ff07cf-216c-42ef-8904-210f82933012 (type: security_group_rules) to 0
2026-05-20 04:25:12.441 9 INFO neutron.db.ovn_revision_numbers_db [None req-74f80e18-5d14-49ad-9348-042f728a50dd f2b4a144a1d547ac8ffc0a77e3b11fd0 c8bc2def9c7248eaaba307f74a7fe3c2 - - default default] Successfully bumped revision number for resource 766e0c0c-81eb-4709-9fd3-45a9cacbe658 (type: router_ports) to 1
2026-05-20 04:25:12.470 10 INFO neutron.db.ovn_revision_numbers_db [None req-6a6639df-4783-4f9b-8971-d498e86909b6 2f24a31e7361484a926d42e268766599 15af51f74f724241b5d8abfac3bb90ff - - default default] Successfully bumped revision number for resource 557e8651-6482-4b0c-8c6e-cface76a49b4 (type: security_group_rules) to 0
2026-05-20 04:25:12.482 10 INFO neutron.wsgi [None req-3853e060-4114-418d-b2e2-915423a0d550 3edc425ebdfd4273ab876b9b2ffe5f18 2a294cdce1bd47a8bb7888523cbeac21 - - default default] 10.0.0.99 "PUT /v2.0/trunks/084c23e6-9bdc-4a9f-a4b2-3379853eb584/tags/green HTTP/1.1" status: 201 len: 201 time: 0.0470281
2026-05-20 04:25:12.491 10 INFO neutron.db.ovn_revision_numbers_db [None req-6a6639df-4783-4f9b-8971-d498e86909b6 2f24a31e7361484a926d42e268766599 15af51f74f724241b5d8abfac3bb90ff - - default default] Successfully bumped revision number for resource 74f6ad03-6ccd-4ea5-bbd6-9ff9e046e22a (type: security_group_rules) to 0
2026-05-20 04:25:12.501 10 INFO neutron.wsgi [None req-32bc04fb-8427-4222-ab9a-52891abe382c 3edc425ebdfd4273ab876b9b2ffe5f18 2a294cdce1bd47a8bb7888523cbeac21 - - default default] 10.0.0.99 "GET /v2.0/trunks/084c23e6-9bdc-4a9f-a4b2-3379853eb584/tags HTTP/1.1" status: 200 len: 227 time: 0.0139964
2026-05-20 04:25:12.509 10 INFO neutron.db.ovn_revision_numbers_db [None req-6a6639df-4783-4f9b-8971-d498e86909b6 2f24a31e7361484a926d42e268766599 15af51f74f724241b5d8abfac3bb90ff - - default default] Successfully bumped revision number for resource 82c194e3-b78f-4697-af0f-a8de2bceed12 (type: security_group_rules) to 0
2026-05-20 04:25:12.539 10 INFO neutron.wsgi [None req-1a4f9176-51b4-401f-8150-ce50173a697d 3edc425ebdfd4273ab876b9b2ffe5f18 2a294cdce1bd47a8bb7888523cbeac21 - - default default] 10.0.0.99 "PUT /v2.0/trunks/084c23e6-9bdc-4a9f-a4b2-3379853eb584/tags/red HTTP/1.1" status: 201 len: 201 time: 0.0339711
2026-05-20 04:25:12.547 10 INFO neutron.wsgi [None req-6a6639df-4783-4f9b-8971-d498e86909b6 2f24a31e7361484a926d42e268766599 15af51f74f724241b5d8abfac3bb90ff - - default default] 10.0.0.99 "GET /v2.0/security-groups?tenant_id=e86644979f474b7082d137824c59f6c7&name=default HTTP/1.1" status: 200 len: 3000 time: 0.2670259
2026-05-20 04:25:12.567 10 INFO neutron.wsgi [None req-cd7990f1-7360-4a5e-b5f0-5b811c0adf12 3edc425ebdfd4273ab876b9b2ffe5f18 2a294cdce1bd47a8bb7888523cbeac21 - - default default] 10.0.0.99 "GET /v2.0/trunks/084c23e6-9bdc-4a9f-a4b2-3379853eb584/tags HTTP/1.1" status: 200 len: 227 time: 0.0219526
2026-05-20 04:25:12.611 9 INFO neutron.wsgi [-] 10.0.0.42 "GET / HTTP/1.1" status: 200 len: 247 time: 0.0014892
2026-05-20 04:25:12.613 9 INFO neutron.wsgi [-] 10.0.0.42 "GET / HTTP/1.1" status: 200 len: 247 time: 0.0010347
2026-05-20 04:25:12.616 9 INFO neutron.wsgi [None req-7defe5e1-b6fb-4a1e-ba4d-3cb07cfa7285 3edc425ebdfd4273ab876b9b2ffe5f18 2a294cdce1bd47a8bb7888523cbeac21 - - default default] 10.0.0.99 "PUT /v2.0/trunks/084c23e6-9bdc-4a9f-a4b2-3379853eb584/tags/black.or.white HTTP/1.1" status: 201 len: 201 time: 0.0430388
2026-05-20 04:25:12.630 9 INFO neutron.db.ovn_revision_numbers_db [None req-74f80e18-5d14-49ad-9348-042f728a50dd f2b4a144a1d547ac8ffc0a77e3b11fd0 c8bc2def9c7248eaaba307f74a7fe3c2 - - default default] Successfully bumped revision number for resource 766e0c0c-81eb-4709-9fd3-45a9cacbe658 (type: ports) to 1
2026-05-20 04:25:12.638 9 INFO neutron.wsgi [None req-3287e0c5-64d1-48d3-b8e8-c30cec6da0d3 3edc425ebdfd4273ab876b9b2ffe5f18 2a294cdce1bd47a8bb7888523cbeac21 - - default default] 10.0.0.99 "GET /v2.0/trunks/084c23e6-9bdc-4a9f-a4b2-3379853eb584/tags HTTP/1.1" status: 200 len: 245 time: 0.0172300
2026-05-20 04:25:12.682 10 INFO neutron.wsgi [None req-ff18f87e-8be5-49df-acf4-75d3203423d9 3edc425ebdfd4273ab876b9b2ffe5f18 2a294cdce1bd47a8bb7888523cbeac21 - - default default] 10.0.0.99 "PUT /v2.0/trunks/084c23e6-9bdc-4a9f-a4b2-3379853eb584/tags HTTP/1.1" status: 200 len: 230 time: 0.0358262
2026-05-20 04:25:12.707 9 WARNING neutron.scheduler.dhcp_agent_scheduler [None req-74f80e18-5d14-49ad-9348-042f728a50dd f2b4a144a1d547ac8ffc0a77e3b11fd0 c8bc2def9c7248eaaba307f74a7fe3c2 - - default default] No more DHCP agents
2026-05-20 04:25:12.709 9 WARNING neutron.api.rpc.agentnotifiers.dhcp_rpc_agent_api [None req-74f80e18-5d14-49ad-9348-042f728a50dd f2b4a144a1d547ac8ffc0a77e3b11fd0 c8bc2def9c7248eaaba307f74a7fe3c2 - - default default] Unable to schedule network b1811bfe-1365-479d-9caa-f196e8033022: no agents available; will retry on subsequent port and subnet creation events.
2026-05-20 04:25:12.717 10 INFO neutron.wsgi [None req-518dfbeb-1b1a-4e50-aa8f-b8816ea87c86 3edc425ebdfd4273ab876b9b2ffe5f18 2a294cdce1bd47a8bb7888523cbeac21 - - default default] 10.0.0.99 "GET /v2.0/trunks/084c23e6-9bdc-4a9f-a4b2-3379853eb584/tags HTTP/1.1" status: 200 len: 230 time: 0.0248563
2026-05-20 04:25:12.743 10 INFO neutron.wsgi [None req-02271f2c-1f23-4c9c-8785-f6ecfc711f24 3edc425ebdfd4273ab876b9b2ffe5f18 2a294cdce1bd47a8bb7888523cbeac21 - - default default] 10.0.0.99 "GET /v2.0/trunks/084c23e6-9bdc-4a9f-a4b2-3379853eb584/tags/red HTTP/1.1" status: 204 len: 168 time: 0.0197070
2026-05-20 04:25:12.774 10 INFO neutron.api.v2.resource [None req-12b54cd1-d2af-4dc5-8208-b609a5285c38 3edc425ebdfd4273ab876b9b2ffe5f18 2a294cdce1bd47a8bb7888523cbeac21 - - default default] show failed (client error): The resource could not be found.
2026-05-20 04:25:12.776 10 INFO neutron.wsgi [None req-12b54cd1-d2af-4dc5-8208-b609a5285c38 3edc425ebdfd4273ab876b9b2ffe5f18 2a294cdce1bd47a8bb7888523cbeac21 - - default default] 10.0.0.99 "GET /v2.0/trunks/084c23e6-9bdc-4a9f-a4b2-3379853eb584/tags/green HTTP/1.1" status: 404 len: 299 time: 0.0261829
2026-05-20 04:25:12.806 10 INFO neutron.wsgi [None req-872f9a5a-4881-474c-bb17-22180146e327 2f24a31e7361484a926d42e268766599 15af51f74f724241b5d8abfac3bb90ff - - default default] 10.0.0.99 "DELETE /v2.0/security-groups/fd1e139b-deaf-4fc0-bb41-7d59d8e3cc32 HTTP/1.1" status: 204 len: 168 time: 0.2532260
2026-05-20 04:25:12.823 10 INFO neutron.wsgi [None req-7bcc4a74-860a-471a-bfc0-740d40930224 3edc425ebdfd4273ab876b9b2ffe5f18 2a294cdce1bd47a8bb7888523cbeac21 - - default default] 10.0.0.99 "DELETE /v2.0/trunks/084c23e6-9bdc-4a9f-a4b2-3379853eb584/tags/red HTTP/1.1" status: 204 len: 168 time: 0.0426731
2026-05-20 04:25:12.850 9 INFO neutron.wsgi [None req-1c2309b8-dd83-401b-9be4-137055544eff 3edc425ebdfd4273ab876b9b2ffe5f18 2a294cdce1bd47a8bb7888523cbeac21 - - default default] 10.0.0.99 "GET /v2.0/trunks/084c23e6-9bdc-4a9f-a4b2-3379853eb584/tags HTTP/1.1" status: 200 len: 223 time: 0.0224781
2026-05-20 04:25:12.908 10 INFO neutron.api.v2.resource [None req-176ecbc3-e367-49b6-ad1c-48a86f0c6b9d 3edc425ebdfd4273ab876b9b2ffe5f18 2a294cdce1bd47a8bb7888523cbeac21 - - default default] delete failed (client error): The resource could not be found.
2026-05-20 04:25:12.909 10 INFO neutron.wsgi [None req-176ecbc3-e367-49b6-ad1c-48a86f0c6b9d 3edc425ebdfd4273ab876b9b2ffe5f18 2a294cdce1bd47a8bb7888523cbeac21 - - default default] 10.0.0.99 "DELETE /v2.0/trunks/084c23e6-9bdc-4a9f-a4b2-3379853eb584/tags/green HTTP/1.1" status: 404 len: 299 time: 0.0528996
2026-05-20 04:25:12.938 10 WARNING neutron.plugins.ml2.drivers.ovn.mech_driver.ovsdb.ovn_client [None req-eed3d43e-3b7c-4c7b-a6bf-fd72d4da65f6 - - - - - -] No hosting information found for port 70a17e9c-7c88-40cd-9ef9-08c63052ed89: RuntimeError: No hosting information found for port 70a17e9c-7c88-40cd-9ef9-08c63052ed89
2026-05-20 04:25:12.972 9 INFO neutron.wsgi [None req-33a1bdd6-ad0e-40e5-afa6-b1b1750addb4 3edc425ebdfd4273ab876b9b2ffe5f18 2a294cdce1bd47a8bb7888523cbeac21 - - default default] 10.0.0.99 "DELETE /v2.0/trunks/084c23e6-9bdc-4a9f-a4b2-3379853eb584/tags HTTP/1.1" status: 204 len: 168 time: 0.0515895
2026-05-20 04:25:12.997 10 INFO neutron.wsgi [None req-b142efc3-c573-4a91-a61b-a2ceb18b8243 3edc425ebdfd4273ab876b9b2ffe5f18 2a294cdce1bd47a8bb7888523cbeac21 - - default default] 10.0.0.99 "GET /v2.0/trunks/084c23e6-9bdc-4a9f-a4b2-3379853eb584/tags HTTP/1.1" status: 200 len: 205 time: 0.0190272
2026-05-20 04:25:13.019 10 INFO neutron.wsgi [None req-34e3a9a4-13ee-485b-863e-030b077135bc 3edc425ebdfd4273ab876b9b2ffe5f18 2a294cdce1bd47a8bb7888523cbeac21 - - default default] 10.0.0.99 "GET /v2.0/trunks/084c23e6-9bdc-4a9f-a4b2-3379853eb584 HTTP/1.1" status: 200 len: 603 time: 0.0167406
2026-05-20 04:25:13.113 9 INFO neutron.db.ovn_revision_numbers_db [None req-74f80e18-5d14-49ad-9348-042f728a50dd f2b4a144a1d547ac8ffc0a77e3b11fd0 c8bc2def9c7248eaaba307f74a7fe3c2 - - default default] Successfully bumped revision number for resource 766e0c0c-81eb-4709-9fd3-45a9cacbe658 (type: router_ports) to 1
2026-05-20 04:25:13.115 9 INFO neutron.wsgi [None req-74f80e18-5d14-49ad-9348-042f728a50dd f2b4a144a1d547ac8ffc0a77e3b11fd0 c8bc2def9c7248eaaba307f74a7fe3c2 - - default default] 10.0.0.99 "PUT /v2.0/routers/5662c9aa-ba3e-44a4-b8f9-1f6319ff11e8/add_router_interface HTTP/1.1" status: 200 len: 503 time: 2.2774522
2026-05-20 04:25:13.154 10 INFO neutron.wsgi [None req-a485ed23-192a-48a9-8c05-266ca47f9c8f 3edc425ebdfd4273ab876b9b2ffe5f18 2a294cdce1bd47a8bb7888523cbeac21 - - default default] 10.0.0.99 "GET /v2.0/ports/0a7f2a0e-896f-421f-8832-14e14991538d HTTP/1.1" status: 200 len: 1020 time: 0.1301908
2026-05-20 04:25:13.158 9 INFO neutron.db.ovn_revision_numbers_db [None req-811f071d-1450-4d50-9404-2e376cd01333 2f24a31e7361484a926d42e268766599 15af51f74f724241b5d8abfac3bb90ff - - default default] Successfully bumped revision number for resource 2122d5b5-a4ff-4695-8cfd-9e868b9f6b69 (type: security_groups) to 1
2026-05-20 04:25:13.179 9 INFO neutron.db.ovn_revision_numbers_db [None req-811f071d-1450-4d50-9404-2e376cd01333 2f24a31e7361484a926d42e268766599 15af51f74f724241b5d8abfac3bb90ff - - default default] Successfully bumped revision number for resource 0309eee5-f00c-4cbc-82eb-aacf24afdbdd (type: security_group_rules) to 0
2026-05-20 04:25:13.199 9 INFO neutron.db.ovn_revision_numbers_db [None req-811f071d-1450-4d50-9404-2e376cd01333 2f24a31e7361484a926d42e268766599 15af51f74f724241b5d8abfac3bb90ff - - default default] Successfully bumped revision number for resource 25bcb432-5b7b-4687-9c57-5aba28343819 (type: security_group_rules) to 0
2026-05-20 04:25:13.225 9 INFO neutron.db.ovn_revision_numbers_db [None req-811f071d-1450-4d50-9404-2e376cd01333 2f24a31e7361484a926d42e268766599 15af51f74f724241b5d8abfac3bb90ff - - default default] Successfully bumped revision number for resource 2dfc8021-e094-4069-a40f-de200a2ca38e (type: security_group_rules) to 0
2026-05-20 04:25:13.245 9 INFO neutron.db.ovn_revision_numbers_db [None req-811f071d-1450-4d50-9404-2e376cd01333 2f24a31e7361484a926d42e268766599 15af51f74f724241b5d8abfac3bb90ff - - default default] Successfully bumped revision number for resource 94600562-40c5-4067-80da-79864e5db249 (type: security_group_rules) to 0
2026-05-20 04:25:13.257 9 INFO neutron.wsgi [None req-469af010-667a-4588-af8b-bdae0b6a4286 3edc425ebdfd4273ab876b9b2ffe5f18 2a294cdce1bd47a8bb7888523cbeac21 - - default default] 10.0.0.99 "DELETE /v2.0/trunks/084c23e6-9bdc-4a9f-a4b2-3379853eb584 HTTP/1.1" status: 204 len: 168 time: 0.0970273
2026-05-20 04:25:13.270 9 INFO neutron.wsgi [None req-811f071d-1450-4d50-9404-2e376cd01333 2f24a31e7361484a926d42e268766599 15af51f74f724241b5d8abfac3bb90ff - - default default] 10.0.0.99 "GET /v2.0/security-groups?tenant_id=ba53ac0ac47044cdbf332f5253593166&name=default HTTP/1.1" status: 200 len: 3000 time: 0.2470875
2026-05-20 04:25:13.282 10 INFO neutron.db.ovn_revision_numbers_db [None req-83a39e25-fa53-42f1-901b-b9342564e451 f2b4a144a1d547ac8ffc0a77e3b11fd0 c8bc2def9c7248eaaba307f74a7fe3c2 - - default default] Successfully bumped revision number for resource 6dd3abbd-4617-4eda-abe8-021a37ce5ea5 (type: security_groups) to 1
2026-05-20 04:25:13.305 10 INFO neutron.db.ovn_revision_numbers_db [None req-83a39e25-fa53-42f1-901b-b9342564e451 f2b4a144a1d547ac8ffc0a77e3b11fd0 c8bc2def9c7248eaaba307f74a7fe3c2 - - default default] Successfully bumped revision number for resource bbe1f745-79e3-474e-8f49-1f8f3affbcb0 (type: security_group_rules) to 0
2026-05-20 04:25:13.327 10 INFO neutron.db.ovn_revision_numbers_db [None req-83a39e25-fa53-42f1-901b-b9342564e451 f2b4a144a1d547ac8ffc0a77e3b11fd0 c8bc2def9c7248eaaba307f74a7fe3c2 - - default default] Successfully bumped revision number for resource e26e951c-63ba-48df-90e4-f93971134f6d (type: security_group_rules) to 0
2026-05-20 04:25:13.353 10 INFO neutron.wsgi [None req-83a39e25-fa53-42f1-901b-b9342564e451 f2b4a144a1d547ac8ffc0a77e3b11fd0 c8bc2def9c7248eaaba307f74a7fe3c2 - - default default] 10.0.0.99 "POST /v2.0/security-groups HTTP/1.1" status: 201 len: 1766 time: 0.1802475
2026-05-20 04:25:13.525 10 INFO neutron.wsgi [None req-507d2641-7044-409e-aee8-9960cb490675 2f24a31e7361484a926d42e268766599 15af51f74f724241b5d8abfac3bb90ff - - default default] 10.0.0.99 "DELETE /v2.0/security-groups/2122d5b5-a4ff-4695-8cfd-9e868b9f6b69 HTTP/1.1" status: 204 len: 168 time: 0.2491655
2026-05-20 04:25:13.532 9 INFO neutron.wsgi [None req-c389852b-af4d-453b-b19a-0d4f6a8da4b5 3edc425ebdfd4273ab876b9b2ffe5f18 2a294cdce1bd47a8bb7888523cbeac21 - - default default] 10.0.0.99 "DELETE /v2.0/ports/0a7f2a0e-896f-421f-8832-14e14991538d HTTP/1.1" status: 204 len: 168 time: 0.2643733
2026-05-20 04:25:13.532 9 INFO neutron.db.ovn_revision_numbers_db [None req-116cec3b-d91b-4ce3-b9e5-a01611a513e0 f2b4a144a1d547ac8ffc0a77e3b11fd0 c8bc2def9c7248eaaba307f74a7fe3c2 - - default default] Successfully bumped revision number for resource 4017e17a-85f6-4a29-b87d-e72a6f4d316f (type: security_group_rules) to 0
2026-05-20 04:25:13.558 9 INFO neutron.wsgi [None req-116cec3b-d91b-4ce3-b9e5-a01611a513e0 f2b4a144a1d547ac8ffc0a77e3b11fd0 c8bc2def9c7248eaaba307f74a7fe3c2 - - default default] 10.0.0.99 "POST /v2.0/security-group-rules HTTP/1.1" status: 201 len: 764 time: 0.1981676
2026-05-20 04:25:13.798 10 INFO neutron.db.ovn_revision_numbers_db [None req-ec80cdfe-48f8-4659-87df-4caf529aec0c f2b4a144a1d547ac8ffc0a77e3b11fd0 c8bc2def9c7248eaaba307f74a7fe3c2 - - default default] Successfully bumped revision number for resource 1c76f5d6-f2d7-47c2-8282-2c85ab508cfc (type: security_group_rules) to 0
2026-05-20 04:25:13.834 10 INFO neutron.wsgi [None req-ec80cdfe-48f8-4659-87df-4caf529aec0c f2b4a144a1d547ac8ffc0a77e3b11fd0 c8bc2def9c7248eaaba307f74a7fe3c2 - - default default] 10.0.0.99 "POST /v2.0/security-group-rules HTTP/1.1" status: 201 len: 764 time: 0.2696874
2026-05-20 04:25:13.949 10 INFO neutron.services.segments.plugin [-] Segment e8b7c329-456d-494f-840d-647c98bda563 resource provider aggregate not found
2026-05-20 04:25:13.954 10 INFO neutron.services.segments.plugin [-] Segment e8b7c329-456d-494f-840d-647c98bda563 resource provider aggregate not found
2026-05-20 04:25:13.980 10 INFO neutron.services.segments.plugin [-] Segment e8b7c329-456d-494f-840d-647c98bda563 resource provider not found; error: Placement Client Error (4xx): {"errors": [{"status": 404, "title": "Not Found", "detail": "The resource could not be found.\n\n No resource provider with uuid e8b7c329-456d-494f-840d-647c98bda563 found for delete ", "request_id": "req-33828f36-7d99-40d7-8b5b-6f3d6e3b2c34"}]}
2026-05-20 04:25:13.984 10 INFO neutron.services.segments.plugin [-] Segment e8b7c329-456d-494f-840d-647c98bda563 resource provider not found; error: Placement Client Error (4xx): {"errors": [{"status": 404, "title": "Not Found", "detail": "The resource could not be found.\n\n No resource provider with uuid e8b7c329-456d-494f-840d-647c98bda563 found for delete ", "request_id": "req-9264222d-b66b-4d4a-80eb-645542a267de"}]}
2026-05-20 04:25:13.993 10 INFO neutron.wsgi [None req-3edb5d27-1577-45ef-a89a-9c90f2806162 3edc425ebdfd4273ab876b9b2ffe5f18 2a294cdce1bd47a8bb7888523cbeac21 - - default default] 10.0.0.99 "DELETE /v2.0/networks/85c05cb4-586a-4a3f-bcf2-4e5acf7c5cc1 HTTP/1.1" status: 204 len: 168 time: 0.4567330
2026-05-20 04:25:14.019 9 INFO neutron.db.ovn_revision_numbers_db [None req-fd2f5eba-beb8-4c47-848c-0ad00eb78fd3 f2b4a144a1d547ac8ffc0a77e3b11fd0 c8bc2def9c7248eaaba307f74a7fe3c2 - - default default] Successfully bumped revision number for resource cdb534f4-645e-44ea-bcfc-05d8be01b907 (type: security_group_rules) to 0
2026-05-20 04:25:14.044 9 INFO neutron.wsgi [None req-fd2f5eba-beb8-4c47-848c-0ad00eb78fd3 f2b4a144a1d547ac8ffc0a77e3b11fd0 c8bc2def9c7248eaaba307f74a7fe3c2 - - default default] 10.0.0.99 "POST /v2.0/security-group-rules HTTP/1.1" status: 201 len: 766 time: 0.2046864
2026-05-20 04:25:14.179 9 INFO neutron.db.ovn_revision_numbers_db [None req-7145f515-7ca3-472d-9dd2-11a153486611 f2b4a144a1d547ac8ffc0a77e3b11fd0 c8bc2def9c7248eaaba307f74a7fe3c2 - - default default] Successfully bumped revision number for resource d26f1366-844a-4214-8233-a3779b23dbd9 (type: security_group_rules) to 0
2026-05-20 04:25:14.209 9 INFO neutron.wsgi [None req-7145f515-7ca3-472d-9dd2-11a153486611 f2b4a144a1d547ac8ffc0a77e3b11fd0 c8bc2def9c7248eaaba307f74a7fe3c2 - - default default] 10.0.0.99 "POST /v2.0/security-group-rules HTTP/1.1" status: 201 len: 768 time: 0.1590819
2026-05-20 04:25:14.341 9 INFO neutron.db.ovn_revision_numbers_db [None req-c57de6e1-505d-48f5-8fdb-ceaea47a80e0 f2b4a144a1d547ac8ffc0a77e3b11fd0 c8bc2def9c7248eaaba307f74a7fe3c2 - - default default] Successfully bumped revision number for resource 99212fe8-0fdf-4754-826d-f030d3bdc5da (type: security_group_rules) to 0
2026-05-20 04:25:14.365 9 INFO neutron.wsgi [None req-c57de6e1-505d-48f5-8fdb-ceaea47a80e0 f2b4a144a1d547ac8ffc0a77e3b11fd0 c8bc2def9c7248eaaba307f74a7fe3c2 - - default default] 10.0.0.99 "POST /v2.0/security-group-rules HTTP/1.1" status: 201 len: 768 time: 0.1497078
2026-05-20 04:25:14.502 9 INFO neutron.db.ovn_revision_numbers_db [None req-f46da528-e175-4673-9003-f6a4fa1a6183 f2b4a144a1d547ac8ffc0a77e3b11fd0 c8bc2def9c7248eaaba307f74a7fe3c2 - - default default] Successfully bumped revision number for resource 0f825cd5-b65a-4d69-938d-4826778442a1 (type: security_group_rules) to 0
2026-05-20 04:25:14.529 9 INFO neutron.wsgi [None req-f46da528-e175-4673-9003-f6a4fa1a6183 f2b4a144a1d547ac8ffc0a77e3b11fd0 c8bc2def9c7248eaaba307f74a7fe3c2 - - default default] 10.0.0.99 "POST /v2.0/security-group-rules HTTP/1.1" status: 201 len: 764 time: 0.1564345
