2026-03-18 11:10:49.209 8 INFO placement.requestlog [None req-67a3c424-a536-4a31-8f83-565319e9c0c0 f1c40940551249a794c0df5d232f87c6 0302c7700c9f43cc976ae139e0d0f787 - - a4ffe0d7f32b4a7bb4a7e11b20703eb9 a4ffe0d7f32b4a7bb4a7e11b20703eb9] 10.0.0.23 "DELETE /resource_providers/669838ed-9aad-45b3-8c78-f9372f5e8a95" status: 404 len: 246 microversion: 1.1 [pid: 8|app: 0|req: 609/1209] 10.0.0.23 () {34 vars in 815 bytes} [Wed Mar 18 11:10:49 2026] DELETE /resource_providers/669838ed-9aad-45b3-8c78-f9372f5e8a95 => generated 246 bytes in 5 msecs (HTTP/1.1 404) 6 headers in 231 bytes (1 switches on core 0)
2026-03-18 11:10:49.220 7 INFO placement.requestlog [None req-182d86b3-e3f5-476f-81c0-4f39e1d46091 f1c40940551249a794c0df5d232f87c6 0302c7700c9f43cc976ae139e0d0f787 - - a4ffe0d7f32b4a7bb4a7e11b20703eb9 a4ffe0d7f32b4a7bb4a7e11b20703eb9] 10.0.0.23 "DELETE /resource_providers/669838ed-9aad-45b3-8c78-f9372f5e8a95" status: 404 len: 246 microversion: 1.1 [pid: 7|app: 0|req: 601/1210] 10.0.0.23 () {34 vars in 815 bytes} [Wed Mar 18 11:10:49 2026] DELETE /resource_providers/669838ed-9aad-45b3-8c78-f9372f5e8a95 => generated 246 bytes in 12 msecs (HTTP/1.1 404) 6 headers in 231 bytes (1 switches on core 0)
2026-03-18 11:10:49.232 8 INFO placement.requestlog [req-a65ff54c-f812-42d4-9265-190d07ea8e6c req-950d4ae1-1fc7-4d1d-949a-2cab39bc3a0d 4320b62d2642494aa560dc940f5a98ca 0302c7700c9f43cc976ae139e0d0f787 - - a4ffe0d7f32b4a7bb4a7e11b20703eb9 a4ffe0d7f32b4a7bb4a7e11b20703eb9] 199.19.213.215 "GET /allocations/22ba155f-3130-44c3-b97e-5e38f306ac5d" status: 200 len: 258 microversion: 1.28 [pid: 8|app: 0|req: 610/1211] 199.19.213.215 () {34 vars in 863 bytes} [Wed Mar 18 11:10:49 2026] GET /allocations/22ba155f-3130-44c3-b97e-5e38f306ac5d => generated 258 bytes in 15 msecs (HTTP/1.1 200) 8 headers in 296 bytes (1 switches on core 0)
2026-03-18 11:10:49.268 7 INFO placement.requestlog [req-a65ff54c-f812-42d4-9265-190d07ea8e6c req-d39e2c01-c86d-487e-ae3d-5b5514c0a016 4320b62d2642494aa560dc940f5a98ca 0302c7700c9f43cc976ae139e0d0f787 - - a4ffe0d7f32b4a7bb4a7e11b20703eb9 a4ffe0d7f32b4a7bb4a7e11b20703eb9] 199.19.213.215 "GET /allocations/53977c9e-9f9e-4f46-9eb1-15a75b057f65" status: 200 len: 258 microversion: 1.28 [pid: 7|app: 0|req: 602/1212] 199.19.213.215 () {34 vars in 863 bytes} [Wed Mar 18 11:10:49 2026] GET /allocations/53977c9e-9f9e-4f46-9eb1-15a75b057f65 => generated 258 bytes in 29 msecs (HTTP/1.1 200) 8 headers in 296 bytes (1 switches on core 0)
2026-03-18 11:10:49.357 7 INFO placement.requestlog [None req-abee1f2a-bdcd-4021-93b1-2df758e4a272 f1c40940551249a794c0df5d232f87c6 0302c7700c9f43cc976ae139e0d0f787 - - a4ffe0d7f32b4a7bb4a7e11b20703eb9 a4ffe0d7f32b4a7bb4a7e11b20703eb9] 10.0.0.23 "GET /resource_providers/7323d9db-d967-43af-ba29-fe42679eb311/aggregates" status: 404 len: 235 microversion: 1.1 [pid: 7|app: 0|req: 603/1213] 10.0.0.23 () {32 vars in 815 bytes} [Wed Mar 18 11:10:49 2026] GET /resource_providers/7323d9db-d967-43af-ba29-fe42679eb311/aggregates => generated 235 bytes in 15 msecs (HTTP/1.1 404) 5 headers in 202 bytes (1 switches on core 0)
2026-03-18 11:10:49.365 8 INFO placement.requestlog [None req-16abbecf-5033-494d-bad4-5f0e54ba6854 f1c40940551249a794c0df5d232f87c6 0302c7700c9f43cc976ae139e0d0f787 - - a4ffe0d7f32b4a7bb4a7e11b20703eb9 a4ffe0d7f32b4a7bb4a7e11b20703eb9] 10.0.0.23 "GET /resource_providers/7323d9db-d967-43af-ba29-fe42679eb311/aggregates" status: 404 len: 235 microversion: 1.1 [pid: 8|app: 0|req: 611/1214] 10.0.0.23 () {32 vars in 815 bytes} [Wed Mar 18 11:10:49 2026] GET /resource_providers/7323d9db-d967-43af-ba29-fe42679eb311/aggregates => generated 235 bytes in 24 msecs (HTTP/1.1 404) 5 headers in 202 bytes (1 switches on core 0)
2026-03-18 11:10:49.369 7 INFO placement.requestlog [None req-1a1c7056-449e-4927-b4ff-6b2a56377d69 f1c40940551249a794c0df5d232f87c6 0302c7700c9f43cc976ae139e0d0f787 - - a4ffe0d7f32b4a7bb4a7e11b20703eb9 a4ffe0d7f32b4a7bb4a7e11b20703eb9] 10.0.0.23 "DELETE /resource_providers/7323d9db-d967-43af-ba29-fe42679eb311" status: 404 len: 246 microversion: 1.1 [pid: 7|app: 0|req: 604/1215] 10.0.0.23 () {34 vars in 815 bytes} [Wed Mar 18 11:10:49 2026] DELETE /resource_providers/7323d9db-d967-43af-ba29-fe42679eb311 => generated 246 bytes in 6 msecs (HTTP/1.1 404) 6 headers in 231 bytes (1 switches on core 0)
2026-03-18 11:10:49.387 8 INFO placement.requestlog [None req-1e4fa42b-a6be-494e-bb1c-38f2f4dca0fb f1c40940551249a794c0df5d232f87c6 0302c7700c9f43cc976ae139e0d0f787 - - a4ffe0d7f32b4a7bb4a7e11b20703eb9 a4ffe0d7f32b4a7bb4a7e11b20703eb9] 10.0.0.23 "DELETE /resource_providers/7323d9db-d967-43af-ba29-fe42679eb311" status: 404 len: 246 microversion: 1.1 [pid: 8|app: 0|req: 612/1216] 10.0.0.23 () {34 vars in 815 bytes} [Wed Mar 18 11:10:49 2026] DELETE /resource_providers/7323d9db-d967-43af-ba29-fe42679eb311 => generated 246 bytes in 15 msecs (HTTP/1.1 404) 6 headers in 231 bytes (1 switches on core 0)
2026-03-18 11:10:50.326 7 INFO placement.requestlog [req-a65ff54c-f812-42d4-9265-190d07ea8e6c req-dc91a8c6-fce5-4f75-98bc-6dba5f1a1eec 4320b62d2642494aa560dc940f5a98ca 0302c7700c9f43cc976ae139e0d0f787 - - a4ffe0d7f32b4a7bb4a7e11b20703eb9 a4ffe0d7f32b4a7bb4a7e11b20703eb9] 199.19.213.215 "DELETE /allocations/22ba155f-3130-44c3-b97e-5e38f306ac5d" status: 204 len: 0 microversion: 1.0 [pid: 7|app: 0|req: 605/1217] 199.19.213.215 () {34 vars in 841 bytes} [Wed Mar 18 11:10:50 2026] DELETE /allocations/22ba155f-3130-44c3-b97e-5e38f306ac5d => generated 0 bytes in 30 msecs (HTTP/1.1 204) 5 headers in 198 bytes (1 switches on core 0)
2026-03-18 11:10:51.176 8 INFO placement.requestlog [None req-4544f7c9-a992-4b56-994d-6508424bef0d - - - - - -] 10.0.0.185 "GET /" status: 200 len: 136 microversion: 1.0
2026-03-18 11:10:51.178 7 INFO placement.requestlog [None req-4e415942-1ce5-42c2-8549-5ae3f7c6f0fe - - - - - -] 10.0.0.185 "GET /" status: 200 len: 136 microversion: 1.0
2026-03-18 11:10:52.370 8 INFO placement.requestlog [None req-1fe02e2b-8cc1-4067-9466-22c60053667c b9e691af462940879bd891bdcd730022 a51a736eed1449f8b113f9cff6f40ac8 - - default default] 10.0.0.59 "GET /resource_providers" status: 200 len: 406 microversion: 1.0 [pid: 8|app: 0|req: 614/1220] 10.0.0.59 () {28 vars in 592 bytes} [Wed Mar 18 11:10:51 2026] GET /resource_providers => generated 406 bytes in 398 msecs (HTTP/1.1 200) 6 headers in 224 bytes (1 switches on core 0)
2026-03-18 11:10:52.406 7 INFO placement.requestlog [None req-587f43af-6b5b-4e20-8926-d57b72a5eaee b9e691af462940879bd891bdcd730022 a51a736eed1449f8b113f9cff6f40ac8 - - default default] 10.0.0.59 "GET /resource_providers/d3eaf5b8-e6e4-4696-81dc-cce95ff66316/inventories" status: 200 len: 401 microversion: 1.0 [pid: 7|app: 0|req: 607/1221] 10.0.0.59 () {28 vars in 690 bytes} [Wed Mar 18 11:10:52 2026] GET /resource_providers/d3eaf5b8-e6e4-4696-81dc-cce95ff66316/inventories => generated 401 bytes in 33 msecs (HTTP/1.1 200) 6 headers in 224 bytes (1 switches on core 0)
2026-03-18 11:10:52.443 8 INFO placement.requestlog [None req-d13b61da-12b0-4d67-a97f-664a78098417 b9e691af462940879bd891bdcd730022 a51a736eed1449f8b113f9cff6f40ac8 - - default default] 10.0.0.59 "GET /resource_providers/d3eaf5b8-e6e4-4696-81dc-cce95ff66316/usages" status: 200 len: 92 microversion: 1.0 [pid: 8|app: 0|req: 615/1222] 10.0.0.59 () {28 vars in 680 bytes} [Wed Mar 18 11:10:52 2026] GET /resource_providers/d3eaf5b8-e6e4-4696-81dc-cce95ff66316/usages => generated 92 bytes in 26 msecs (HTTP/1.1 200) 6 headers in 223 bytes (1 switches on core 0)
2026-03-18 11:10:53.772 8 INFO placement.requestlog [None req-caf60080-45e9-4cea-985f-1509c8f006a8 f1c40940551249a794c0df5d232f87c6 0302c7700c9f43cc976ae139e0d0f787 - - a4ffe0d7f32b4a7bb4a7e11b20703eb9 a4ffe0d7f32b4a7bb4a7e11b20703eb9] 10.0.0.23 "GET /resource_providers/70b4491a-8d23-4b8f-802c-0e765426b6b5/aggregates" status: 404 len: 235 microversion: 1.1 [pid: 8|app: 0|req: 616/1223] 10.0.0.23 () {32 vars in 815 bytes} [Wed Mar 18 11:10:53 2026] GET /resource_providers/70b4491a-8d23-4b8f-802c-0e765426b6b5/aggregates => generated 235 bytes in 15 msecs (HTTP/1.1 404) 5 headers in 202 bytes (1 switches on core 0)
2026-03-18 11:10:53.774 7 INFO placement.requestlog [None req-0dba058b-a64b-43f9-98bd-1f9e3aa3145a f1c40940551249a794c0df5d232f87c6 0302c7700c9f43cc976ae139e0d0f787 - - a4ffe0d7f32b4a7bb4a7e11b20703eb9 a4ffe0d7f32b4a7bb4a7e11b20703eb9] 10.0.0.23 "GET /resource_providers/70b4491a-8d23-4b8f-802c-0e765426b6b5/aggregates" status: 404 len: 235 microversion: 1.1 [pid: 7|app: 0|req: 608/1224] 10.0.0.23 () {32 vars in 815 bytes} [Wed Mar 18 11:10:53 2026] GET /resource_providers/70b4491a-8d23-4b8f-802c-0e765426b6b5/aggregates => generated 235 bytes in 19 msecs (HTTP/1.1 404) 5 headers in 202 bytes (1 switches on core 0)
2026-03-18 11:10:53.800 8 INFO placement.requestlog [None req-b703164a-78f7-44d6-954e-f1faab6d3e2b f1c40940551249a794c0df5d232f87c6 0302c7700c9f43cc976ae139e0d0f787 - - a4ffe0d7f32b4a7bb4a7e11b20703eb9 a4ffe0d7f32b4a7bb4a7e11b20703eb9] 10.0.0.23 "DELETE /resource_providers/70b4491a-8d23-4b8f-802c-0e765426b6b5" status: 404 len: 246 microversion: 1.1 [pid: 8|app: 0|req: 617/1225] 10.0.0.23 () {34 vars in 815 bytes} [Wed Mar 18 11:10:53 2026] DELETE /resource_providers/70b4491a-8d23-4b8f-802c-0e765426b6b5 => generated 246 bytes in 12 msecs (HTTP/1.1 404) 6 headers in 231 bytes (1 switches on core 0)
2026-03-18 11:10:53.802 7 INFO placement.requestlog [None req-3731f078-11f5-4f1c-9868-cccdc3a2ec73 f1c40940551249a794c0df5d232f87c6 0302c7700c9f43cc976ae139e0d0f787 - - a4ffe0d7f32b4a7bb4a7e11b20703eb9 a4ffe0d7f32b4a7bb4a7e11b20703eb9] 10.0.0.23 "DELETE /resource_providers/70b4491a-8d23-4b8f-802c-0e765426b6b5" status: 404 len: 246 microversion: 1.1 [pid: 7|app: 0|req: 609/1226] 10.0.0.23 () {34 vars in 815 bytes} [Wed Mar 18 11:10:53 2026] DELETE /resource_providers/70b4491a-8d23-4b8f-802c-0e765426b6b5 => generated 246 bytes in 13 msecs (HTTP/1.1 404) 6 headers in 231 bytes (1 switches on core 0)
2026-03-18 11:10:54.129 8 INFO placement.requestlog [None req-4f17f207-b41d-4c32-b5f6-72d55a9b34f5 f1c40940551249a794c0df5d232f87c6 0302c7700c9f43cc976ae139e0d0f787 - - a4ffe0d7f32b4a7bb4a7e11b20703eb9 a4ffe0d7f32b4a7bb4a7e11b20703eb9] 10.0.0.23 "GET /resource_providers/adf17972-76b0-4e54-b0da-acd0de26679d/aggregates" status: 404 len: 235 microversion: 1.1 [pid: 8|app: 0|req: 618/1227] 10.0.0.23 () {32 vars in 815 bytes} [Wed Mar 18 11:10:54 2026] GET /resource_providers/adf17972-76b0-4e54-b0da-acd0de26679d/aggregates => generated 235 bytes in 10 msecs (HTTP/1.1 404) 5 headers in 202 bytes (1 switches on core 0)
2026-03-18 11:10:54.136 7 INFO placement.requestlog [None req-43dd96ee-51ea-4d62-85f4-867b26ff15e6 f1c40940551249a794c0df5d232f87c6 0302c7700c9f43cc976ae139e0d0f787 - - a4ffe0d7f32b4a7bb4a7e11b20703eb9 a4ffe0d7f32b4a7bb4a7e11b20703eb9] 10.0.0.23 "GET /resource_providers/adf17972-76b0-4e54-b0da-acd0de26679d/aggregates" status: 404 len: 235 microversion: 1.1 [pid: 7|app: 0|req: 610/1228] 10.0.0.23 () {32 vars in 815 bytes} [Wed Mar 18 11:10:54 2026] GET /resource_providers/adf17972-76b0-4e54-b0da-acd0de26679d/aggregates => generated 235 bytes in 15 msecs (HTTP/1.1 404) 5 headers in 202 bytes (1 switches on core 0)
2026-03-18 11:10:54.164 7 INFO placement.requestlog [None req-65c8549b-6aa3-4467-86d0-054844cb2a7c f1c40940551249a794c0df5d232f87c6 0302c7700c9f43cc976ae139e0d0f787 - - a4ffe0d7f32b4a7bb4a7e11b20703eb9 a4ffe0d7f32b4a7bb4a7e11b20703eb9] 10.0.0.23 "DELETE /resource_providers/adf17972-76b0-4e54-b0da-acd0de26679d" status: 404 len: 246 microversion: 1.1 [pid: 7|app: 0|req: 611/1229] 10.0.0.23 () {34 vars in 815 bytes} [Wed Mar 18 11:10:54 2026] DELETE /resource_providers/adf17972-76b0-4e54-b0da-acd0de26679d => generated 246 bytes in 13 msecs (HTTP/1.1 404) 6 headers in 231 bytes (1 switches on core 0)
2026-03-18 11:10:54.165 8 INFO placement.requestlog [None req-6a9c4375-5208-44bb-9fe8-091d5216bf41 f1c40940551249a794c0df5d232f87c6 0302c7700c9f43cc976ae139e0d0f787 - - a4ffe0d7f32b4a7bb4a7e11b20703eb9 a4ffe0d7f32b4a7bb4a7e11b20703eb9] 10.0.0.23 "DELETE /resource_providers/adf17972-76b0-4e54-b0da-acd0de26679d" status: 404 len: 246 microversion: 1.1 [pid: 8|app: 0|req: 619/1230] 10.0.0.23 () {34 vars in 815 bytes} [Wed Mar 18 11:10:54 2026] DELETE /resource_providers/adf17972-76b0-4e54-b0da-acd0de26679d => generated 246 bytes in 15 msecs (HTTP/1.1 404) 6 headers in 231 bytes (1 switches on core 0)
2026-03-18 11:11:01.175 8 INFO placement.requestlog [None req-cbf26f86-d175-4a51-bc63-6b18fcf4c296 - - - - - -] 10.0.0.185 "GET /" status: 200 len: 136 microversion: 1.0
2026-03-18 11:11:01.176 7 INFO placement.requestlog [None req-82121c9a-d75e-4b78-9616-31883995af68 - - - - - -] 10.0.0.185 "GET /" status: 200 len: 136 microversion: 1.0
2026-03-18 11:11:03.791 8 INFO placement.requestlog [None req-8e332348-bd24-403d-8894-2675bba47786 f1c40940551249a794c0df5d232f87c6 0302c7700c9f43cc976ae139e0d0f787 - - a4ffe0d7f32b4a7bb4a7e11b20703eb9 a4ffe0d7f32b4a7bb4a7e11b20703eb9] 10.0.0.23 "GET /resource_providers/f818c80e-1b3e-4c89-b0c7-634c3b689e7b/aggregates" status: 404 len: 235 microversion: 1.1 [pid: 8|app: 0|req: 621/1233] 10.0.0.23 () {32 vars in 815 bytes} [Wed Mar 18 11:11:03 2026] GET /resource_providers/f818c80e-1b3e-4c89-b0c7-634c3b689e7b/aggregates => generated 235 bytes in 11 msecs (HTTP/1.1 404) 5 headers in 202 bytes (1 switches on core 0)
2026-03-18 11:11:03.797 7 INFO placement.requestlog [None req-95cb4dfa-f4e4-4f45-a8fb-023caba02dff f1c40940551249a794c0df5d232f87c6 0302c7700c9f43cc976ae139e0d0f787 - - a4ffe0d7f32b4a7bb4a7e11b20703eb9 a4ffe0d7f32b4a7bb4a7e11b20703eb9] 10.0.0.23 "GET /resource_providers/f818c80e-1b3e-4c89-b0c7-634c3b689e7b/aggregates" status: 404 len: 235 microversion: 1.1 [pid: 7|app: 0|req: 613/1234] 10.0.0.23 () {32 vars in 815 bytes} [Wed Mar 18 11:11:03 2026] GET /resource_providers/f818c80e-1b3e-4c89-b0c7-634c3b689e7b/aggregates => generated 235 bytes in 10 msecs (HTTP/1.1 404) 5 headers in 202 bytes (1 switches on core 0)
2026-03-18 11:11:03.813 8 INFO placement.requestlog [None req-d3ef29cc-9174-486d-896c-8f772b542f7e f1c40940551249a794c0df5d232f87c6 0302c7700c9f43cc976ae139e0d0f787 - - a4ffe0d7f32b4a7bb4a7e11b20703eb9 a4ffe0d7f32b4a7bb4a7e11b20703eb9] 10.0.0.23 "DELETE /resource_providers/f818c80e-1b3e-4c89-b0c7-634c3b689e7b" status: 404 len: 246 microversion: 1.1 [pid: 8|app: 0|req: 622/1235] 10.0.0.23 () {34 vars in 815 bytes} [Wed Mar 18 11:11:03 2026] DELETE /resource_providers/f818c80e-1b3e-4c89-b0c7-634c3b689e7b => generated 246 bytes in 10 msecs (HTTP/1.1 404) 6 headers in 231 bytes (1 switches on core 0)
2026-03-18 11:11:03.826 7 INFO placement.requestlog [None req-c30e1530-58da-4d4f-b4ca-a7aa5f08be82 f1c40940551249a794c0df5d232f87c6 0302c7700c9f43cc976ae139e0d0f787 - - a4ffe0d7f32b4a7bb4a7e11b20703eb9 a4ffe0d7f32b4a7bb4a7e11b20703eb9] 10.0.0.23 "DELETE /resource_providers/f818c80e-1b3e-4c89-b0c7-634c3b689e7b" status: 404 len: 246 microversion: 1.1 [pid: 7|app: 0|req: 614/1236] 10.0.0.23 () {34 vars in 815 bytes} [Wed Mar 18 11:11:03 2026] DELETE /resource_providers/f818c80e-1b3e-4c89-b0c7-634c3b689e7b => generated 246 bytes in 13 msecs (HTTP/1.1 404) 6 headers in 231 bytes (1 switches on core 0)
2026-03-18 11:11:11.175 7 INFO placement.requestlog [None req-a95b8a15-5b98-4e2d-917f-a515e4e96627 - - - - - -] 10.0.0.185 "GET /" status: 200 len: 136 microversion: 1.0
2026-03-18 11:11:11.176 8 INFO placement.requestlog [None req-d97e5e95-b361-4f4b-859e-299ac9e4b530 - - - - - -] 10.0.0.185 "GET /" status: 200 len: 136 microversion: 1.0
2026-03-18 11:11:11.956 7 INFO placement.requestlog [req-18760e2f-7cb9-4911-853b-9ee37948ae79 req-284f0a36-16a2-4c64-b802-9ae8f6a6343a 4320b62d2642494aa560dc940f5a98ca 0302c7700c9f43cc976ae139e0d0f787 - - a4ffe0d7f32b4a7bb4a7e11b20703eb9 a4ffe0d7f32b4a7bb4a7e11b20703eb9] 10.0.0.50 "GET /allocation_candidates?limit=1000&resources=DISK_GB%3A1%2CMEMORY_MB%3A512%2CVCPU%3A1&root_required=%21COMPUTE_STATUS_DISABLED" status: 200 len: 2643 microversion: 1.36 [pid: 7|app: 0|req: 616/1239] 10.0.0.50 () {34 vars in 1011 bytes} [Wed Mar 18 11:11:11 2026] GET /allocation_candidates?limit=1000&resources=DISK_GB%3A1%2CMEMORY_MB%3A512%2CVCPU%3A1&root_required=%21COMPUTE_STATUS_DISABLED => generated 2643 bytes in 72 msecs (HTTP/1.1 200) 8 headers in 297 bytes (1 switches on core 0)
2026-03-18 11:11:11.993 8 INFO placement.requestlog [req-18760e2f-7cb9-4911-853b-9ee37948ae79 req-8ebf270f-2a9f-49da-be94-bbffc6c018ca 4320b62d2642494aa560dc940f5a98ca 0302c7700c9f43cc976ae139e0d0f787 - - a4ffe0d7f32b4a7bb4a7e11b20703eb9 a4ffe0d7f32b4a7bb4a7e11b20703eb9] 10.0.0.50 "GET /allocations/137bafa7-e69b-444b-9a6b-778fc35f92ec" status: 200 len: 19 microversion: 1.28 [pid: 8|app: 0|req: 624/1240] 10.0.0.50 () {34 vars in 860 bytes} [Wed Mar 18 11:11:11 2026] GET /allocations/137bafa7-e69b-444b-9a6b-778fc35f92ec => generated 19 bytes in 17 msecs (HTTP/1.1 200) 8 headers in 295 bytes (1 switches on core 0)
2026-03-18 11:11:12.096 7 INFO placement.requestlog [req-18760e2f-7cb9-4911-853b-9ee37948ae79 req-12f9a823-89cd-444e-8e1e-b60e688ffbdf 4320b62d2642494aa560dc940f5a98ca 0302c7700c9f43cc976ae139e0d0f787 - - a4ffe0d7f32b4a7bb4a7e11b20703eb9 a4ffe0d7f32b4a7bb4a7e11b20703eb9] 10.0.0.50 "PUT /allocations/137bafa7-e69b-444b-9a6b-778fc35f92ec" status: 204 len: 0 microversion: 1.36 [pid: 7|app: 0|req: 617/1241] 10.0.0.50 () {38 vars in 913 bytes} [Wed Mar 18 11:11:11 2026] PUT /allocations/137bafa7-e69b-444b-9a6b-778fc35f92ec => generated 0 bytes in 98 msecs (HTTP/1.1 204) 5 headers in 199 bytes (1 switches on core 0)
2026-03-18 11:11:12.866 8 INFO placement.requestlog [req-7f03f9e2-d04c-43c2-80f2-dba885e8b9b7 req-b7f29c5e-ae58-4ccb-9a52-a3fb29e8147f 4320b62d2642494aa560dc940f5a98ca 0302c7700c9f43cc976ae139e0d0f787 - - a4ffe0d7f32b4a7bb4a7e11b20703eb9 a4ffe0d7f32b4a7bb4a7e11b20703eb9] 10.0.0.50 "GET /allocation_candidates?limit=1000&resources=MEMORY_MB%3A2048%2CVCPU%3A2&root_required=%21COMPUTE_STATUS_DISABLED" status: 200 len: 2630 microversion: 1.36 [pid: 8|app: 0|req: 625/1242] 10.0.0.50 () {34 vars in 985 bytes} [Wed Mar 18 11:11:12 2026] GET /allocation_candidates?limit=1000&resources=MEMORY_MB%3A2048%2CVCPU%3A2&root_required=%21COMPUTE_STATUS_DISABLED => generated 2630 bytes in 50 msecs (HTTP/1.1 200) 8 headers in 297 bytes (1 switches on core 0)
2026-03-18 11:11:12.903 7 INFO placement.requestlog [req-7f03f9e2-d04c-43c2-80f2-dba885e8b9b7 req-98991b20-0078-4960-963c-404dde21c757 4320b62d2642494aa560dc940f5a98ca 0302c7700c9f43cc976ae139e0d0f787 - - a4ffe0d7f32b4a7bb4a7e11b20703eb9 a4ffe0d7f32b4a7bb4a7e11b20703eb9] 10.0.0.50 "GET /allocations/3f59f1e5-dfec-49d4-85d7-a9d4eaead067" status: 200 len: 19 microversion: 1.28 [pid: 7|app: 0|req: 618/1243] 10.0.0.50 () {34 vars in 860 bytes} [Wed Mar 18 11:11:12 2026] GET /allocations/3f59f1e5-dfec-49d4-85d7-a9d4eaead067 => generated 19 bytes in 15 msecs (HTTP/1.1 200) 8 headers in 295 bytes (1 switches on core 0)
2026-03-18 11:11:13.268 8 INFO placement.requestlog [req-7f03f9e2-d04c-43c2-80f2-dba885e8b9b7 req-53af3a40-f5a5-4756-afea-ad4d6b5077b4 4320b62d2642494aa560dc940f5a98ca 0302c7700c9f43cc976ae139e0d0f787 - - a4ffe0d7f32b4a7bb4a7e11b20703eb9 a4ffe0d7f32b4a7bb4a7e11b20703eb9] 10.0.0.50 "PUT /allocations/3f59f1e5-dfec-49d4-85d7-a9d4eaead067" status: 204 len: 0 microversion: 1.36 [pid: 8|app: 0|req: 626/1244] 10.0.0.50 () {38 vars in 913 bytes} [Wed Mar 18 11:11:12 2026] PUT /allocations/3f59f1e5-dfec-49d4-85d7-a9d4eaead067 => generated 0 bytes in 358 msecs (HTTP/1.1 204) 5 headers in 199 bytes (1 switches on core 0)
2026-03-18 11:11:13.589 7 INFO placement.requestlog [req-18760e2f-7cb9-4911-853b-9ee37948ae79 req-46904a53-1d5d-448a-b587-c8e68e63cd89 4320b62d2642494aa560dc940f5a98ca 0302c7700c9f43cc976ae139e0d0f787 - - a4ffe0d7f32b4a7bb4a7e11b20703eb9 a4ffe0d7f32b4a7bb4a7e11b20703eb9] 199.19.213.215 "GET /allocations/137bafa7-e69b-444b-9a6b-778fc35f92ec" status: 200 len: 258 microversion: 1.28 [pid: 7|app: 0|req: 619/1245] 199.19.213.215 () {34 vars in 863 bytes} [Wed Mar 18 11:11:13 2026] GET /allocations/137bafa7-e69b-444b-9a6b-778fc35f92ec => generated 258 bytes in 22 msecs (HTTP/1.1 200) 8 headers in 296 bytes (1 switches on core 0)
2026-03-18 11:11:14.641 8 INFO placement.requestlog [req-18760e2f-7cb9-4911-853b-9ee37948ae79 req-03badaf2-e427-4104-bbfe-9aa8192a00a4 4320b62d2642494aa560dc940f5a98ca 0302c7700c9f43cc976ae139e0d0f787 - - a4ffe0d7f32b4a7bb4a7e11b20703eb9 a4ffe0d7f32b4a7bb4a7e11b20703eb9] 199.19.213.215 "GET /resource_providers/d3eaf5b8-e6e4-4696-81dc-cce95ff66316/allocations" status: 200 len: 440 microversion: 1.0 [pid: 8|app: 0|req: 627/1246] 199.19.213.215 () {32 vars in 857 bytes} [Wed Mar 18 11:11:14 2026] GET /resource_providers/d3eaf5b8-e6e4-4696-81dc-cce95ff66316/allocations => generated 440 bytes in 22 msecs (HTTP/1.1 200) 6 headers in 224 bytes (1 switches on core 0)
2026-03-18 11:11:14.662 7 INFO placement.requestlog [req-18760e2f-7cb9-4911-853b-9ee37948ae79 req-d4044a2a-ae03-4915-a7b7-5824b9687204 4320b62d2642494aa560dc940f5a98ca 0302c7700c9f43cc976ae139e0d0f787 - - a4ffe0d7f32b4a7bb4a7e11b20703eb9 a4ffe0d7f32b4a7bb4a7e11b20703eb9] 199.19.213.215 "GET /allocations/3f59f1e5-dfec-49d4-85d7-a9d4eaead067" status: 200 len: 245 microversion: 1.28 [pid: 7|app: 0|req: 620/1247] 199.19.213.215 () {34 vars in 863 bytes} [Wed Mar 18 11:11:14 2026] GET /allocations/3f59f1e5-dfec-49d4-85d7-a9d4eaead067 => generated 245 bytes in 15 msecs (HTTP/1.1 200) 8 headers in 296 bytes (1 switches on core 0)
2026-03-18 11:11:14.683 8 INFO placement.requestlog [req-18760e2f-7cb9-4911-853b-9ee37948ae79 req-3bbd5991-7a72-4524-b105-00511026af79 4320b62d2642494aa560dc940f5a98ca 0302c7700c9f43cc976ae139e0d0f787 - - a4ffe0d7f32b4a7bb4a7e11b20703eb9 a4ffe0d7f32b4a7bb4a7e11b20703eb9] 199.19.213.215 "GET /allocations/11afa3d4-1369-4a3d-b231-c9347b06d3f7" status: 200 len: 258 microversion: 1.28 [pid: 8|app: 0|req: 628/1248] 199.19.213.215 () {34 vars in 863 bytes} [Wed Mar 18 11:11:14 2026] GET /allocations/11afa3d4-1369-4a3d-b231-c9347b06d3f7 => generated 258 bytes in 14 msecs (HTTP/1.1 200) 8 headers in 296 bytes (1 switches on core 0)
2026-03-18 11:11:14.712 7 INFO placement.requestlog [req-18760e2f-7cb9-4911-853b-9ee37948ae79 req-508551f1-c49e-4e1e-a9c6-f4cccba4167f 4320b62d2642494aa560dc940f5a98ca 0302c7700c9f43cc976ae139e0d0f787 - - a4ffe0d7f32b4a7bb4a7e11b20703eb9 a4ffe0d7f32b4a7bb4a7e11b20703eb9] 199.19.213.215 "GET /allocations/137bafa7-e69b-444b-9a6b-778fc35f92ec" status: 200 len: 258 microversion: 1.28 [pid: 7|app: 0|req: 621/1249] 199.19.213.215 () {34 vars in 863 bytes} [Wed Mar 18 11:11:14 2026] GET /allocations/137bafa7-e69b-444b-9a6b-778fc35f92ec => generated 258 bytes in 20 msecs (HTTP/1.1 200) 8 headers in 296 bytes (1 switches on core 0)
2026-03-18 11:11:14.733 8 INFO placement.requestlog [req-18760e2f-7cb9-4911-853b-9ee37948ae79 req-f1de9758-73eb-4a1a-abde-82cd96fd81f8 4320b62d2642494aa560dc940f5a98ca 0302c7700c9f43cc976ae139e0d0f787 - - a4ffe0d7f32b4a7bb4a7e11b20703eb9 a4ffe0d7f32b4a7bb4a7e11b20703eb9] 199.19.213.215 "GET /allocations/53977c9e-9f9e-4f46-9eb1-15a75b057f65" status: 200 len: 258 microversion: 1.28 [pid: 8|app: 0|req: 629/1250] 199.19.213.215 () {34 vars in 863 bytes} [Wed Mar 18 11:11:14 2026] GET /allocations/53977c9e-9f9e-4f46-9eb1-15a75b057f65 => generated 258 bytes in 15 msecs (HTTP/1.1 200) 8 headers in 296 bytes (1 switches on core 0)
2026-03-18 11:11:15.131 7 INFO placement.requestlog [req-7f03f9e2-d04c-43c2-80f2-dba885e8b9b7 req-c9c07a4f-77da-49ab-9b30-453141992799 4320b62d2642494aa560dc940f5a98ca 0302c7700c9f43cc976ae139e0d0f787 - - a4ffe0d7f32b4a7bb4a7e11b20703eb9 a4ffe0d7f32b4a7bb4a7e11b20703eb9] 199.19.213.215 "GET /allocations/3f59f1e5-dfec-49d4-85d7-a9d4eaead067" status: 200 len: 245 microversion: 1.28 [pid: 7|app: 0|req: 622/1251] 199.19.213.215 () {34 vars in 863 bytes} [Wed Mar 18 11:11:15 2026] GET /allocations/3f59f1e5-dfec-49d4-85d7-a9d4eaead067 => generated 245 bytes in 17 msecs (HTTP/1.1 200) 8 headers in 296 bytes (1 switches on core 0)
2026-03-18 11:11:16.800 8 INFO placement.requestlog [req-7f03f9e2-d04c-43c2-80f2-dba885e8b9b7 req-f758bbfc-f0b6-4bef-883a-f1c3536f4ec6 4320b62d2642494aa560dc940f5a98ca 0302c7700c9f43cc976ae139e0d0f787 - - a4ffe0d7f32b4a7bb4a7e11b20703eb9 a4ffe0d7f32b4a7bb4a7e11b20703eb9] 199.19.213.215 "GET /resource_providers/d3eaf5b8-e6e4-4696-81dc-cce95ff66316/allocations" status: 200 len: 440 microversion: 1.0 [pid: 8|app: 0|req: 630/1252] 199.19.213.215 () {32 vars in 857 bytes} [Wed Mar 18 11:11:16 2026] GET /resource_providers/d3eaf5b8-e6e4-4696-81dc-cce95ff66316/allocations => generated 440 bytes in 15 msecs (HTTP/1.1 200) 6 headers in 224 bytes (1 switches on core 0)
2026-03-18 11:11:16.831 7 INFO placement.requestlog [req-7f03f9e2-d04c-43c2-80f2-dba885e8b9b7 req-654430a4-70a9-4395-ab1e-fa5bfd05833b 4320b62d2642494aa560dc940f5a98ca 0302c7700c9f43cc976ae139e0d0f787 - - a4ffe0d7f32b4a7bb4a7e11b20703eb9 a4ffe0d7f32b4a7bb4a7e11b20703eb9] 199.19.213.215 "GET /allocations/3f59f1e5-dfec-49d4-85d7-a9d4eaead067" status: 200 len: 245 microversion: 1.28 [pid: 7|app: 0|req: 623/1253] 199.19.213.215 () {34 vars in 863 bytes} [Wed Mar 18 11:11:16 2026] GET /allocations/3f59f1e5-dfec-49d4-85d7-a9d4eaead067 => generated 245 bytes in 14 msecs (HTTP/1.1 200) 8 headers in 296 bytes (1 switches on core 0)
2026-03-18 11:11:16.854 8 INFO placement.requestlog [req-7f03f9e2-d04c-43c2-80f2-dba885e8b9b7 req-d75f9100-72b0-4de2-9424-9c75ef43344a 4320b62d2642494aa560dc940f5a98ca 0302c7700c9f43cc976ae139e0d0f787 - - a4ffe0d7f32b4a7bb4a7e11b20703eb9 a4ffe0d7f32b4a7bb4a7e11b20703eb9] 199.19.213.215 "GET /allocations/11afa3d4-1369-4a3d-b231-c9347b06d3f7" status: 200 len: 258 microversion: 1.28 [pid: 8|app: 0|req: 631/1254] 199.19.213.215 () {34 vars in 863 bytes} [Wed Mar 18 11:11:16 2026] GET /allocations/11afa3d4-1369-4a3d-b231-c9347b06d3f7 => generated 258 bytes in 17 msecs (HTTP/1.1 200) 8 headers in 296 bytes (1 switches on core 0)
2026-03-18 11:11:16.901 7 INFO placement.requestlog [req-7f03f9e2-d04c-43c2-80f2-dba885e8b9b7 req-22d21c4b-b807-44ec-b83a-3c4f8a423014 4320b62d2642494aa560dc940f5a98ca 0302c7700c9f43cc976ae139e0d0f787 - - a4ffe0d7f32b4a7bb4a7e11b20703eb9 a4ffe0d7f32b4a7bb4a7e11b20703eb9] 199.19.213.215 "GET /allocations/137bafa7-e69b-444b-9a6b-778fc35f92ec" status: 200 len: 258 microversion: 1.28 [pid: 7|app: 0|req: 624/1255] 199.19.213.215 () {34 vars in 863 bytes} [Wed Mar 18 11:11:16 2026] GET /allocations/137bafa7-e69b-444b-9a6b-778fc35f92ec => generated 258 bytes in 40 msecs (HTTP/1.1 200) 8 headers in 296 bytes (1 switches on core 0)
2026-03-18 11:11:16.926 8 INFO placement.requestlog [req-7f03f9e2-d04c-43c2-80f2-dba885e8b9b7 req-26a18db9-bf67-4644-924b-5e16bb693a3f 4320b62d2642494aa560dc940f5a98ca 0302c7700c9f43cc976ae139e0d0f787 - - a4ffe0d7f32b4a7bb4a7e11b20703eb9 a4ffe0d7f32b4a7bb4a7e11b20703eb9] 199.19.213.215 "GET /allocations/53977c9e-9f9e-4f46-9eb1-15a75b057f65" status: 200 len: 258 microversion: 1.28 [pid: 8|app: 0|req: 632/1256] 199.19.213.215 () {34 vars in 863 bytes} [Wed Mar 18 11:11:16 2026] GET /allocations/53977c9e-9f9e-4f46-9eb1-15a75b057f65 => generated 258 bytes in 16 msecs (HTTP/1.1 200) 8 headers in 296 bytes (1 switches on core 0)
2026-03-18 11:11:21.176 7 INFO placement.requestlog [None req-d32e814c-0665-4c4d-b225-b175db89a5f3 - - - - - -] 10.0.0.185 "GET /" status: 200 len: 136 microversion: 1.0
2026-03-18 11:11:21.177 8 INFO placement.requestlog [None req-c01f4c86-ae65-4996-a44c-a76a856dc066 - - - - - -] 10.0.0.185 "GET /" status: 200 len: 136 microversion: 1.0
2026-03-18 11:11:31.175 7 INFO placement.requestlog [None req-cb7df496-dadf-4037-a1bd-e10c21441483 - - - - - -] 10.0.0.185 "GET /" status: 200 len: 136 microversion: 1.0
2026-03-18 11:11:31.178 8 INFO placement.requestlog [None req-637b30f0-ab9e-401f-9a15-fc97c8103a6e - - - - - -] 10.0.0.185 "GET /" status: 200 len: 136 microversion: 1.0
2026-03-18 11:11:41.175 7 INFO placement.requestlog [None req-e335197e-a746-41b2-8933-c82ff7d0ee3e - - - - - -] 10.0.0.185 "GET /" status: 200 len: 136 microversion: 1.0
2026-03-18 11:11:41.175 8 INFO placement.requestlog [None req-67722937-52ba-4240-aa41-0c9bc051d710 - - - - - -] 10.0.0.185 "GET /" status: 200 len: 136 microversion: 1.0
2026-03-18 11:11:49.248 8 INFO placement.requestlog [req-23895211-cfd2-4bf5-9eb0-400c473a5964 req-21a47083-f795-4d02-87f4-dae74f553d1a 4320b62d2642494aa560dc940f5a98ca 0302c7700c9f43cc976ae139e0d0f787 - - a4ffe0d7f32b4a7bb4a7e11b20703eb9 a4ffe0d7f32b4a7bb4a7e11b20703eb9] 199.19.213.215 "GET /resource_providers/d3eaf5b8-e6e4-4696-81dc-cce95ff66316/allocations" status: 200 len: 440 microversion: 1.0 [pid: 8|app: 0|req: 636/1263] 199.19.213.215 () {32 vars in 857 bytes} [Wed Mar 18 11:11:49 2026] GET /resource_providers/d3eaf5b8-e6e4-4696-81dc-cce95ff66316/allocations => generated 440 bytes in 20 msecs (HTTP/1.1 200) 6 headers in 224 bytes (1 switches on core 0)
2026-03-18 11:11:49.273 7 INFO placement.requestlog [req-23895211-cfd2-4bf5-9eb0-400c473a5964 req-b2b08c68-5cbd-4669-92d7-a7d85dac0482 4320b62d2642494aa560dc940f5a98ca 0302c7700c9f43cc976ae139e0d0f787 - - a4ffe0d7f32b4a7bb4a7e11b20703eb9 a4ffe0d7f32b4a7bb4a7e11b20703eb9] 199.19.213.215 "GET /resource_providers/d3eaf5b8-e6e4-4696-81dc-cce95ff66316/allocations" status: 200 len: 440 microversion: 1.0 [pid: 7|app: 0|req: 628/1264] 199.19.213.215 () {32 vars in 857 bytes} [Wed Mar 18 11:11:49 2026] GET /resource_providers/d3eaf5b8-e6e4-4696-81dc-cce95ff66316/allocations => generated 440 bytes in 17 msecs (HTTP/1.1 200) 6 headers in 224 bytes (1 switches on core 0)
2026-03-18 11:11:49.294 8 INFO placement.requestlog [req-23895211-cfd2-4bf5-9eb0-400c473a5964 req-56a3de35-cec4-427d-b4cd-50e334217263 4320b62d2642494aa560dc940f5a98ca 0302c7700c9f43cc976ae139e0d0f787 - - a4ffe0d7f32b4a7bb4a7e11b20703eb9 a4ffe0d7f32b4a7bb4a7e11b20703eb9] 199.19.213.215 "GET /allocations/3f59f1e5-dfec-49d4-85d7-a9d4eaead067" status: 200 len: 245 microversion: 1.28 [pid: 8|app: 0|req: 637/1265] 199.19.213.215 () {34 vars in 863 bytes} [Wed Mar 18 11:11:49 2026] GET /allocations/3f59f1e5-dfec-49d4-85d7-a9d4eaead067 => generated 245 bytes in 16 msecs (HTTP/1.1 200) 8 headers in 296 bytes (1 switches on core 0)
2026-03-18 11:11:49.317 7 INFO placement.requestlog [req-23895211-cfd2-4bf5-9eb0-400c473a5964 req-4d52de03-cf9f-4d53-8ce4-53756e6a6707 4320b62d2642494aa560dc940f5a98ca 0302c7700c9f43cc976ae139e0d0f787 - - a4ffe0d7f32b4a7bb4a7e11b20703eb9 a4ffe0d7f32b4a7bb4a7e11b20703eb9] 199.19.213.215 "GET /allocations/11afa3d4-1369-4a3d-b231-c9347b06d3f7" status: 200 len: 258 microversion: 1.28 [pid: 7|app: 0|req: 629/1266] 199.19.213.215 () {34 vars in 863 bytes} [Wed Mar 18 11:11:49 2026] GET /allocations/11afa3d4-1369-4a3d-b231-c9347b06d3f7 => generated 258 bytes in 17 msecs (HTTP/1.1 200) 8 headers in 296 bytes (1 switches on core 0)
2026-03-18 11:11:49.347 8 INFO placement.requestlog [req-23895211-cfd2-4bf5-9eb0-400c473a5964 req-fc67035c-e74d-4140-9adc-4c7f41af6f8d 4320b62d2642494aa560dc940f5a98ca 0302c7700c9f43cc976ae139e0d0f787 - - a4ffe0d7f32b4a7bb4a7e11b20703eb9 a4ffe0d7f32b4a7bb4a7e11b20703eb9] 199.19.213.215 "GET /allocations/137bafa7-e69b-444b-9a6b-778fc35f92ec" status: 200 len: 258 microversion: 1.28 [pid: 8|app: 0|req: 638/1267] 199.19.213.215 () {34 vars in 863 bytes} [Wed Mar 18 11:11:49 2026] GET /allocations/137bafa7-e69b-444b-9a6b-778fc35f92ec => generated 258 bytes in 23 msecs (HTTP/1.1 200) 8 headers in 296 bytes (1 switches on core 0)
2026-03-18 11:11:49.368 7 INFO placement.requestlog [req-23895211-cfd2-4bf5-9eb0-400c473a5964 req-21e463b2-7dd8-4e7f-99f2-38394a6c6131 4320b62d2642494aa560dc940f5a98ca 0302c7700c9f43cc976ae139e0d0f787 - - a4ffe0d7f32b4a7bb4a7e11b20703eb9 a4ffe0d7f32b4a7bb4a7e11b20703eb9] 199.19.213.215 "GET /allocations/53977c9e-9f9e-4f46-9eb1-15a75b057f65" status: 200 len: 258 microversion: 1.28 [pid: 7|app: 0|req: 630/1268] 199.19.213.215 () {34 vars in 863 bytes} [Wed Mar 18 11:11:49 2026] GET /allocations/53977c9e-9f9e-4f46-9eb1-15a75b057f65 => generated 258 bytes in 15 msecs (HTTP/1.1 200) 8 headers in 296 bytes (1 switches on core 0)
2026-03-18 11:11:51.176 7 INFO placement.requestlog [None req-783c099c-7d40-4ecf-8a12-38e7e3c05723 - - - - - -] 10.0.0.185 "GET /" status: 200 len: 136 microversion: 1.0
2026-03-18 11:11:51.176 8 INFO placement.requestlog [None req-d3972340-753a-483c-b71e-5f0af072c650 - - - - - -] 10.0.0.185 "GET /" status: 200 len: 136 microversion: 1.0
2026-03-18 11:11:51.902 7 INFO placement.requestlog [None req-ede0e4ee-b084-49cc-b9fc-2f151a67affe b9e691af462940879bd891bdcd730022 a51a736eed1449f8b113f9cff6f40ac8 - - default default] 10.0.0.59 "GET /resource_providers" status: 200 len: 406 microversion: 1.0 [pid: 7|app: 0|req: 632/1271] 10.0.0.59 () {28 vars in 592 bytes} [Wed Mar 18 11:11:51 2026] GET /resource_providers => generated 406 bytes in 312 msecs (HTTP/1.1 200) 6 headers in 224 bytes (1 switches on core 0)
2026-03-18 11:11:51.938 8 INFO placement.requestlog [None req-055cb5f9-2b30-4143-8373-d0c022da8eea b9e691af462940879bd891bdcd730022 a51a736eed1449f8b113f9cff6f40ac8 - - default default] 10.0.0.59 "GET /resource_providers/d3eaf5b8-e6e4-4696-81dc-cce95ff66316/inventories" status: 200 len: 401 microversion: 1.0 [pid: 8|app: 0|req: 640/1272] 10.0.0.59 () {28 vars in 690 bytes} [Wed Mar 18 11:11:51 2026] GET /resource_providers/d3eaf5b8-e6e4-4696-81dc-cce95ff66316/inventories => generated 401 bytes in 24 msecs (HTTP/1.1 200) 6 headers in 224 bytes (1 switches on core 0)
2026-03-18 11:11:51.954 7 INFO placement.requestlog [None req-5a4acaf2-03f3-463c-9c4e-8180758db318 b9e691af462940879bd891bdcd730022 a51a736eed1449f8b113f9cff6f40ac8 - - default default] 10.0.0.59 "GET /resource_providers/d3eaf5b8-e6e4-4696-81dc-cce95ff66316/usages" status: 200 len: 92 microversion: 1.0 [pid: 7|app: 0|req: 633/1273] 10.0.0.59 () {28 vars in 680 bytes} [Wed Mar 18 11:11:51 2026] GET /resource_providers/d3eaf5b8-e6e4-4696-81dc-cce95ff66316/usages => generated 92 bytes in 12 msecs (HTTP/1.1 200) 6 headers in 223 bytes (1 switches on core 0)
2026-03-18 11:11:52.199 8 INFO placement.requestlog [req-257f0334-6254-436d-953f-2874cf41a0bc req-1815f7d9-0ac1-4038-b7aa-79093ab6e2de 4320b62d2642494aa560dc940f5a98ca 0302c7700c9f43cc976ae139e0d0f787 - - a4ffe0d7f32b4a7bb4a7e11b20703eb9 a4ffe0d7f32b4a7bb4a7e11b20703eb9] 199.19.213.215 "GET /resource_providers/d3eaf5b8-e6e4-4696-81dc-cce95ff66316/allocations" status: 200 len: 440 microversion: 1.0 [pid: 8|app: 0|req: 641/1274] 199.19.213.215 () {32 vars in 857 bytes} [Wed Mar 18 11:11:52 2026] GET /resource_providers/d3eaf5b8-e6e4-4696-81dc-cce95ff66316/allocations => generated 440 bytes in 35 msecs (HTTP/1.1 200) 6 headers in 224 bytes (1 switches on core 0)
2026-03-18 11:11:52.228 7 INFO placement.requestlog [req-257f0334-6254-436d-953f-2874cf41a0bc req-9f458e98-86b5-48e3-b592-97eec1429762 4320b62d2642494aa560dc940f5a98ca 0302c7700c9f43cc976ae139e0d0f787 - - a4ffe0d7f32b4a7bb4a7e11b20703eb9 a4ffe0d7f32b4a7bb4a7e11b20703eb9] 199.19.213.215 "GET /allocations/3f59f1e5-dfec-49d4-85d7-a9d4eaead067" status: 200 len: 245 microversion: 1.28 [pid: 7|app: 0|req: 634/1275] 199.19.213.215 () {34 vars in 863 bytes} [Wed Mar 18 11:11:52 2026] GET /allocations/3f59f1e5-dfec-49d4-85d7-a9d4eaead067 => generated 245 bytes in 23 msecs (HTTP/1.1 200) 8 headers in 296 bytes (1 switches on core 0)
2026-03-18 11:11:52.269 8 INFO placement.requestlog [req-257f0334-6254-436d-953f-2874cf41a0bc req-521707c9-80c8-4699-8025-d0508884388c 4320b62d2642494aa560dc940f5a98ca 0302c7700c9f43cc976ae139e0d0f787 - - a4ffe0d7f32b4a7bb4a7e11b20703eb9 a4ffe0d7f32b4a7bb4a7e11b20703eb9] 199.19.213.215 "GET /allocations/11afa3d4-1369-4a3d-b231-c9347b06d3f7" status: 200 len: 258 microversion: 1.28 [pid: 8|app: 0|req: 642/1276] 199.19.213.215 () {34 vars in 863 bytes} [Wed Mar 18 11:11:52 2026] GET /allocations/11afa3d4-1369-4a3d-b231-c9347b06d3f7 => generated 258 bytes in 36 msecs (HTTP/1.1 200) 8 headers in 296 bytes (1 switches on core 0)
2026-03-18 11:11:52.295 7 INFO placement.requestlog [req-257f0334-6254-436d-953f-2874cf41a0bc req-87fe73fb-1260-4535-852f-c2511fecfe1e 4320b62d2642494aa560dc940f5a98ca 0302c7700c9f43cc976ae139e0d0f787 - - a4ffe0d7f32b4a7bb4a7e11b20703eb9 a4ffe0d7f32b4a7bb4a7e11b20703eb9] 199.19.213.215 "GET /allocations/137bafa7-e69b-444b-9a6b-778fc35f92ec" status: 200 len: 258 microversion: 1.28 [pid: 7|app: 0|req: 635/1277] 199.19.213.215 () {34 vars in 863 bytes} [Wed Mar 18 11:11:52 2026] GET /allocations/137bafa7-e69b-444b-9a6b-778fc35f92ec => generated 258 bytes in 16 msecs (HTTP/1.1 200) 8 headers in 296 bytes (1 switches on core 0)
2026-03-18 11:11:52.328 8 INFO placement.requestlog [req-257f0334-6254-436d-953f-2874cf41a0bc req-e2ba7e95-e3b0-4764-962f-51544bb84941 4320b62d2642494aa560dc940f5a98ca 0302c7700c9f43cc976ae139e0d0f787 - - a4ffe0d7f32b4a7bb4a7e11b20703eb9 a4ffe0d7f32b4a7bb4a7e11b20703eb9] 199.19.213.215 "GET /allocations/53977c9e-9f9e-4f46-9eb1-15a75b057f65" status: 200 len: 258 microversion: 1.28 [pid: 8|app: 0|req: 643/1278] 199.19.213.215 () {34 vars in 863 bytes} [Wed Mar 18 11:11:52 2026] GET /allocations/53977c9e-9f9e-4f46-9eb1-15a75b057f65 => generated 258 bytes in 23 msecs (HTTP/1.1 200) 8 headers in 296 bytes (1 switches on core 0)
2026-03-18 11:11:53.385 7 INFO placement.requestlog [req-257f0334-6254-436d-953f-2874cf41a0bc req-69d46e75-55e1-4450-b0e5-39ad7a475e17 4320b62d2642494aa560dc940f5a98ca 0302c7700c9f43cc976ae139e0d0f787 - - a4ffe0d7f32b4a7bb4a7e11b20703eb9 a4ffe0d7f32b4a7bb4a7e11b20703eb9] 199.19.213.215 "DELETE /allocations/137bafa7-e69b-444b-9a6b-778fc35f92ec" status: 204 len: 0 microversion: 1.0 [pid: 7|app: 0|req: 636/1279] 199.19.213.215 () {34 vars in 841 bytes} [Wed Mar 18 11:11:53 2026] DELETE /allocations/137bafa7-e69b-444b-9a6b-778fc35f92ec => generated 0 bytes in 22 msecs (HTTP/1.1 204) 5 headers in 198 bytes (1 switches on core 0)
2026-03-18 11:11:57.735 7 INFO placement.requestlog [None req-ec87b3ff-49e5-462e-af30-618895f2c3a9 f1c40940551249a794c0df5d232f87c6 0302c7700c9f43cc976ae139e0d0f787 - - a4ffe0d7f32b4a7bb4a7e11b20703eb9 a4ffe0d7f32b4a7bb4a7e11b20703eb9] 10.0.0.23 "GET /resource_providers/ffa121e1-e2cc-48b3-a618-5711f762bbdf/aggregates" status: 404 len: 235 microversion: 1.1 [pid: 7|app: 0|req: 637/1280] 10.0.0.23 () {32 vars in 815 bytes} [Wed Mar 18 11:11:57 2026] GET /resource_providers/ffa121e1-e2cc-48b3-a618-5711f762bbdf/aggregates => generated 235 bytes in 85 msecs (HTTP/1.1 404) 5 headers in 202 bytes (1 switches on core 0)
2026-03-18 11:11:57.743 8 INFO placement.requestlog [None req-e72c292d-ebea-4c9f-9e99-2050ffcc12cb f1c40940551249a794c0df5d232f87c6 0302c7700c9f43cc976ae139e0d0f787 - - a4ffe0d7f32b4a7bb4a7e11b20703eb9 a4ffe0d7f32b4a7bb4a7e11b20703eb9] 10.0.0.23 "GET /resource_providers/ffa121e1-e2cc-48b3-a618-5711f762bbdf/aggregates" status: 404 len: 235 microversion: 1.1 [pid: 8|app: 0|req: 644/1281] 10.0.0.23 () {32 vars in 815 bytes} [Wed Mar 18 11:11:57 2026] GET /resource_providers/ffa121e1-e2cc-48b3-a618-5711f762bbdf/aggregates => generated 235 bytes in 97 msecs (HTTP/1.1 404) 5 headers in 202 bytes (1 switches on core 0)
2026-03-18 11:11:57.760 8 INFO placement.requestlog [None req-ddcc3d35-1b29-4032-b249-9977bc4099b0 f1c40940551249a794c0df5d232f87c6 0302c7700c9f43cc976ae139e0d0f787 - - a4ffe0d7f32b4a7bb4a7e11b20703eb9 a4ffe0d7f32b4a7bb4a7e11b20703eb9] 10.0.0.23 "DELETE /resource_providers/ffa121e1-e2cc-48b3-a618-5711f762bbdf" status: 404 len: 246 microversion: 1.1 [pid: 8|app: 0|req: 645/1282] 10.0.0.23 () {34 vars in 815 bytes} [Wed Mar 18 11:11:57 2026] DELETE /resource_providers/ffa121e1-e2cc-48b3-a618-5711f762bbdf => generated 246 bytes in 10 msecs (HTTP/1.1 404) 6 headers in 231 bytes (1 switches on core 0)
2026-03-18 11:11:57.762 7 INFO placement.requestlog [None req-f5cd86dd-38d0-4bfc-b910-6ed3f224b411 f1c40940551249a794c0df5d232f87c6 0302c7700c9f43cc976ae139e0d0f787 - - a4ffe0d7f32b4a7bb4a7e11b20703eb9 a4ffe0d7f32b4a7bb4a7e11b20703eb9] 10.0.0.23 "DELETE /resource_providers/ffa121e1-e2cc-48b3-a618-5711f762bbdf" status: 404 len: 246 microversion: 1.1 [pid: 7|app: 0|req: 638/1283] 10.0.0.23 () {34 vars in 815 bytes} [Wed Mar 18 11:11:57 2026] DELETE /resource_providers/ffa121e1-e2cc-48b3-a618-5711f762bbdf => generated 246 bytes in 19 msecs (HTTP/1.1 404) 6 headers in 231 bytes (1 switches on core 0)
2026-03-18 11:11:59.791 8 INFO placement.requestlog [None req-95c8f0ae-fac5-4fbb-8b3f-c6e6c54a5962 f1c40940551249a794c0df5d232f87c6 0302c7700c9f43cc976ae139e0d0f787 - - a4ffe0d7f32b4a7bb4a7e11b20703eb9 a4ffe0d7f32b4a7bb4a7e11b20703eb9] 10.0.0.23 "GET /resource_providers/715f26a2-6deb-4eda-919b-eeb49e484f77/aggregates" status: 404 len: 235 microversion: 1.1 [pid: 8|app: 0|req: 646/1284] 10.0.0.23 () {32 vars in 815 bytes} [Wed Mar 18 11:11:59 2026] GET /resource_providers/715f26a2-6deb-4eda-919b-eeb49e484f77/aggregates => generated 235 bytes in 10 msecs (HTTP/1.1 404) 5 headers in 202 bytes (1 switches on core 0)
2026-03-18 11:11:59.799 7 INFO placement.requestlog [None req-eb951fb4-0cb8-4231-8d4c-ed963a43ef2c f1c40940551249a794c0df5d232f87c6 0302c7700c9f43cc976ae139e0d0f787 - - a4ffe0d7f32b4a7bb4a7e11b20703eb9 a4ffe0d7f32b4a7bb4a7e11b20703eb9] 10.0.0.23 "GET /resource_providers/715f26a2-6deb-4eda-919b-eeb49e484f77/aggregates" status: 404 len: 235 microversion: 1.1 [pid: 7|app: 0|req: 639/1285] 10.0.0.23 () {32 vars in 815 bytes} [Wed Mar 18 11:11:59 2026] GET /resource_providers/715f26a2-6deb-4eda-919b-eeb49e484f77/aggregates => generated 235 bytes in 18 msecs (HTTP/1.1 404) 5 headers in 202 bytes (1 switches on core 0)
2026-03-18 11:11:59.820 8 INFO placement.requestlog [None req-9a9facc2-612d-4806-b80c-6b29c9aab1ee f1c40940551249a794c0df5d232f87c6 0302c7700c9f43cc976ae139e0d0f787 - - a4ffe0d7f32b4a7bb4a7e11b20703eb9 a4ffe0d7f32b4a7bb4a7e11b20703eb9] 10.0.0.23 "DELETE /resource_providers/715f26a2-6deb-4eda-919b-eeb49e484f77" status: 404 len: 246 microversion: 1.1 [pid: 8|app: 0|req: 647/1286] 10.0.0.23 () {34 vars in 815 bytes} [Wed Mar 18 11:11:59 2026] DELETE /resource_providers/715f26a2-6deb-4eda-919b-eeb49e484f77 => generated 246 bytes in 7 msecs (HTTP/1.1 404) 6 headers in 231 bytes (1 switches on core 0)
2026-03-18 11:11:59.838 7 INFO placement.requestlog [None req-ddf13336-feb2-4888-8d1e-72e9c9c3c001 f1c40940551249a794c0df5d232f87c6 0302c7700c9f43cc976ae139e0d0f787 - - a4ffe0d7f32b4a7bb4a7e11b20703eb9 a4ffe0d7f32b4a7bb4a7e11b20703eb9] 10.0.0.23 "DELETE /resource_providers/715f26a2-6deb-4eda-919b-eeb49e484f77" status: 404 len: 246 microversion: 1.1 [pid: 7|app: 0|req: 640/1287] 10.0.0.23 () {34 vars in 815 bytes} [Wed Mar 18 11:11:59 2026] DELETE /resource_providers/715f26a2-6deb-4eda-919b-eeb49e484f77 => generated 246 bytes in 13 msecs (HTTP/1.1 404) 6 headers in 231 bytes (1 switches on core 0)
2026-03-18 11:12:01.175 8 INFO placement.requestlog [None req-f5418af0-d29d-4783-b40d-601b2a293ad1 - - - - - -] 10.0.0.185 "GET /" status: 200 len: 136 microversion: 1.0
2026-03-18 11:12:01.176 7 INFO placement.requestlog [None req-17d2a3dc-c435-4cf0-b15e-22adc6b78f51 - - - - - -] 10.0.0.185 "GET /" status: 200 len: 136 microversion: 1.0
2026-03-18 11:12:01.847 8 INFO placement.requestlog [None req-7f1767db-4f71-4c2a-ab27-ff4df38728e7 f1c40940551249a794c0df5d232f87c6 0302c7700c9f43cc976ae139e0d0f787 - - a4ffe0d7f32b4a7bb4a7e11b20703eb9 a4ffe0d7f32b4a7bb4a7e11b20703eb9] 10.0.0.23 "GET /resource_providers/917f4421-ca73-4dff-b9d8-11d70657c6ab/aggregates" status: 404 len: 235 microversion: 1.1 [pid: 8|app: 0|req: 649/1290] 10.0.0.23 () {32 vars in 815 bytes} [Wed Mar 18 11:12:01 2026] GET /resource_providers/917f4421-ca73-4dff-b9d8-11d70657c6ab/aggregates => generated 235 bytes in 14 msecs (HTTP/1.1 404) 5 headers in 202 bytes (1 switches on core 0)
2026-03-18 11:12:01.864 7 INFO placement.requestlog [None req-39adcf38-8bfe-4a5d-8afc-f3f4f1d0bcda f1c40940551249a794c0df5d232f87c6 0302c7700c9f43cc976ae139e0d0f787 - - a4ffe0d7f32b4a7bb4a7e11b20703eb9 a4ffe0d7f32b4a7bb4a7e11b20703eb9] 10.0.0.23 "GET /resource_providers/917f4421-ca73-4dff-b9d8-11d70657c6ab/aggregates" status: 404 len: 235 microversion: 1.1 [pid: 7|app: 0|req: 642/1291] 10.0.0.23 () {32 vars in 815 bytes} [Wed Mar 18 11:12:01 2026] GET /resource_providers/917f4421-ca73-4dff-b9d8-11d70657c6ab/aggregates => generated 235 bytes in 12 msecs (HTTP/1.1 404) 5 headers in 202 bytes (1 switches on core 0)
2026-03-18 11:12:01.870 8 INFO placement.requestlog [None req-01b111a5-cd8e-4dcd-82f8-0db66221807f f1c40940551249a794c0df5d232f87c6 0302c7700c9f43cc976ae139e0d0f787 - - a4ffe0d7f32b4a7bb4a7e11b20703eb9 a4ffe0d7f32b4a7bb4a7e11b20703eb9] 10.0.0.23 "DELETE /resource_providers/917f4421-ca73-4dff-b9d8-11d70657c6ab" status: 404 len: 246 microversion: 1.1 [pid: 8|app: 0|req: 650/1292] 10.0.0.23 () {34 vars in 815 bytes} [Wed Mar 18 11:12:01 2026] DELETE /resource_providers/917f4421-ca73-4dff-b9d8-11d70657c6ab => generated 246 bytes in 14 msecs (HTTP/1.1 404) 6 headers in 231 bytes (1 switches on core 0)
2026-03-18 11:12:01.888 7 INFO placement.requestlog [None req-324bc155-f240-4bf8-8219-a6b77518449b f1c40940551249a794c0df5d232f87c6 0302c7700c9f43cc976ae139e0d0f787 - - a4ffe0d7f32b4a7bb4a7e11b20703eb9 a4ffe0d7f32b4a7bb4a7e11b20703eb9] 10.0.0.23 "DELETE /resource_providers/917f4421-ca73-4dff-b9d8-11d70657c6ab" status: 404 len: 246 microversion: 1.1 [pid: 7|app: 0|req: 643/1293] 10.0.0.23 () {34 vars in 815 bytes} [Wed Mar 18 11:12:01 2026] DELETE /resource_providers/917f4421-ca73-4dff-b9d8-11d70657c6ab => generated 246 bytes in 18 msecs (HTTP/1.1 404) 6 headers in 231 bytes (1 switches on core 0)
2026-03-18 11:12:01.889 8 INFO placement.requestlog [None req-f1cc4bbf-ebaa-471c-b1dd-38ec5cbad5db f1c40940551249a794c0df5d232f87c6 0302c7700c9f43cc976ae139e0d0f787 - - a4ffe0d7f32b4a7bb4a7e11b20703eb9 a4ffe0d7f32b4a7bb4a7e11b20703eb9] 10.0.0.23 "GET /resource_providers/b9b9fea8-0827-476e-ab96-da920217db3c/aggregates" status: 404 len: 235 microversion: 1.1 [pid: 8|app: 0|req: 651/1294] 10.0.0.23 () {32 vars in 815 bytes} [Wed Mar 18 11:12:01 2026] GET /resource_providers/b9b9fea8-0827-476e-ab96-da920217db3c/aggregates => generated 235 bytes in 10 msecs (HTTP/1.1 404) 5 headers in 202 bytes (1 switches on core 0)
2026-03-18 11:12:01.918 7 INFO placement.requestlog [None req-1b57abaf-b769-4138-b88d-35c270506f5e f1c40940551249a794c0df5d232f87c6 0302c7700c9f43cc976ae139e0d0f787 - - a4ffe0d7f32b4a7bb4a7e11b20703eb9 a4ffe0d7f32b4a7bb4a7e11b20703eb9] 10.0.0.23 "GET /resource_providers/b9b9fea8-0827-476e-ab96-da920217db3c/aggregates" status: 404 len: 235 microversion: 1.1 [pid: 7|app: 0|req: 644/1295] 10.0.0.23 () {32 vars in 815 bytes} [Wed Mar 18 11:12:01 2026] GET /resource_providers/b9b9fea8-0827-476e-ab96-da920217db3c/aggregates => generated 235 bytes in 15 msecs (HTTP/1.1 404) 5 headers in 202 bytes (1 switches on core 0)
2026-03-18 11:12:01.922 8 INFO placement.requestlog [None req-2a9e8c51-c3c2-40c4-8f04-935ef51190ba f1c40940551249a794c0df5d232f87c6 0302c7700c9f43cc976ae139e0d0f787 - - a4ffe0d7f32b4a7bb4a7e11b20703eb9 a4ffe0d7f32b4a7bb4a7e11b20703eb9] 10.0.0.23 "DELETE /resource_providers/b9b9fea8-0827-476e-ab96-da920217db3c" status: 404 len: 246 microversion: 1.1 [pid: 8|app: 0|req: 652/1296] 10.0.0.23 () {34 vars in 815 bytes} [Wed Mar 18 11:12:01 2026] DELETE /resource_providers/b9b9fea8-0827-476e-ab96-da920217db3c => generated 246 bytes in 15 msecs (HTTP/1.1 404) 6 headers in 231 bytes (1 switches on core 0)
2026-03-18 11:12:01.942 7 INFO placement.requestlog [None req-1f254695-22c7-41b4-b3f6-8c5a2de8acd7 f1c40940551249a794c0df5d232f87c6 0302c7700c9f43cc976ae139e0d0f787 - - a4ffe0d7f32b4a7bb4a7e11b20703eb9 a4ffe0d7f32b4a7bb4a7e11b20703eb9] 10.0.0.23 "DELETE /resource_providers/b9b9fea8-0827-476e-ab96-da920217db3c" status: 404 len: 246 microversion: 1.1 [pid: 7|app: 0|req: 645/1297] 10.0.0.23 () {34 vars in 815 bytes} [Wed Mar 18 11:12:01 2026] DELETE /resource_providers/b9b9fea8-0827-476e-ab96-da920217db3c => generated 246 bytes in 13 msecs (HTTP/1.1 404) 6 headers in 231 bytes (1 switches on core 0)
2026-03-18 11:12:11.175 8 INFO placement.requestlog [None req-34761897-10aa-4ed4-9ca9-86e2fe51d409 - - - - - -] 10.0.0.185 "GET /" status: 200 len: 136 microversion: 1.0
2026-03-18 11:12:11.175 7 INFO placement.requestlog [None req-403d329b-34f0-45e5-8300-08115099e1f1 - - - - - -] 10.0.0.185 "GET /" status: 200 len: 136 microversion: 1.0
2026-03-18 11:12:16.752 7 INFO placement.requestlog [None req-7c598d64-ec8c-4bc5-8c2a-a2f00aedd3d2 f1c40940551249a794c0df5d232f87c6 0302c7700c9f43cc976ae139e0d0f787 - - a4ffe0d7f32b4a7bb4a7e11b20703eb9 a4ffe0d7f32b4a7bb4a7e11b20703eb9] 10.0.0.23 "GET /resource_providers/61a11aa0-29d0-47bf-ba29-0fb7993e439b/aggregates" status: 404 len: 235 microversion: 1.1 [pid: 7|app: 0|req: 647/1300] 10.0.0.23 () {32 vars in 815 bytes} [Wed Mar 18 11:12:16 2026] GET /resource_providers/61a11aa0-29d0-47bf-ba29-0fb7993e439b/aggregates => generated 235 bytes in 12 msecs (HTTP/1.1 404) 5 headers in 202 bytes (1 switches on core 0)
2026-03-18 11:12:16.756 8 INFO placement.requestlog [None req-6951555f-f91e-4b46-b0e8-f29433125259 f1c40940551249a794c0df5d232f87c6 0302c7700c9f43cc976ae139e0d0f787 - - a4ffe0d7f32b4a7bb4a7e11b20703eb9 a4ffe0d7f32b4a7bb4a7e11b20703eb9] 10.0.0.23 "GET /resource_providers/61a11aa0-29d0-47bf-ba29-0fb7993e439b/aggregates" status: 404 len: 235 microversion: 1.1 [pid: 8|app: 0|req: 654/1301] 10.0.0.23 () {32 vars in 815 bytes} [Wed Mar 18 11:12:16 2026] GET /resource_providers/61a11aa0-29d0-47bf-ba29-0fb7993e439b/aggregates => generated 235 bytes in 17 msecs (HTTP/1.1 404) 5 headers in 202 bytes (1 switches on core 0)
