2026-03-18 11:09:13.073 7 INFO placement.requestlog [None req-07bfaa21-8624-4f9c-83a6-d2fc2e749adc f1c40940551249a794c0df5d232f87c6 0302c7700c9f43cc976ae139e0d0f787 - - a4ffe0d7f32b4a7bb4a7e11b20703eb9 a4ffe0d7f32b4a7bb4a7e11b20703eb9] 10.0.0.23 "GET /resource_providers/23af77d6-42d6-46b6-a98b-0e3bf1fa0c15/aggregates" status: 404 len: 235 microversion: 1.1 [pid: 7|app: 0|req: 519/1037] 10.0.0.23 () {32 vars in 815 bytes} [Wed Mar 18 11:09:13 2026] GET /resource_providers/23af77d6-42d6-46b6-a98b-0e3bf1fa0c15/aggregates => generated 235 bytes in 18 msecs (HTTP/1.1 404) 5 headers in 202 bytes (1 switches on core 0)
2026-03-18 11:09:13.093 8 INFO placement.requestlog [None req-7d9459d4-b755-4e29-84e7-8921d1b9be75 f1c40940551249a794c0df5d232f87c6 0302c7700c9f43cc976ae139e0d0f787 - - a4ffe0d7f32b4a7bb4a7e11b20703eb9 a4ffe0d7f32b4a7bb4a7e11b20703eb9] 10.0.0.23 "DELETE /resource_providers/23af77d6-42d6-46b6-a98b-0e3bf1fa0c15" status: 404 len: 246 microversion: 1.1 [pid: 8|app: 0|req: 519/1038] 10.0.0.23 () {34 vars in 815 bytes} [Wed Mar 18 11:09:13 2026] DELETE /resource_providers/23af77d6-42d6-46b6-a98b-0e3bf1fa0c15 => generated 246 bytes in 11 msecs (HTTP/1.1 404) 6 headers in 231 bytes (1 switches on core 0)
2026-03-18 11:09:13.106 7 INFO placement.requestlog [None req-18b7a311-f8a6-49a5-9159-c370397214b9 f1c40940551249a794c0df5d232f87c6 0302c7700c9f43cc976ae139e0d0f787 - - a4ffe0d7f32b4a7bb4a7e11b20703eb9 a4ffe0d7f32b4a7bb4a7e11b20703eb9] 10.0.0.23 "DELETE /resource_providers/23af77d6-42d6-46b6-a98b-0e3bf1fa0c15" status: 404 len: 246 microversion: 1.1 [pid: 7|app: 0|req: 520/1039] 10.0.0.23 () {34 vars in 815 bytes} [Wed Mar 18 11:09:13 2026] DELETE /resource_providers/23af77d6-42d6-46b6-a98b-0e3bf1fa0c15 => generated 246 bytes in 18 msecs (HTTP/1.1 404) 6 headers in 231 bytes (1 switches on core 0)
2026-03-18 11:09:13.113 8 INFO placement.requestlog [None req-be267221-bf94-4ecb-9f33-ac10d0cb9b00 f1c40940551249a794c0df5d232f87c6 0302c7700c9f43cc976ae139e0d0f787 - - a4ffe0d7f32b4a7bb4a7e11b20703eb9 a4ffe0d7f32b4a7bb4a7e11b20703eb9] 10.0.0.23 "GET /resource_providers/54577f85-b578-4cac-98b3-8a4bd81be2da/aggregates" status: 404 len: 235 microversion: 1.1 [pid: 8|app: 0|req: 520/1040] 10.0.0.23 () {32 vars in 815 bytes} [Wed Mar 18 11:09:13 2026] GET /resource_providers/54577f85-b578-4cac-98b3-8a4bd81be2da/aggregates => generated 235 bytes in 10 msecs (HTTP/1.1 404) 5 headers in 202 bytes (1 switches on core 0)
2026-03-18 11:09:13.127 7 INFO placement.requestlog [None req-7147676d-d375-45d6-b259-320507f83bba f1c40940551249a794c0df5d232f87c6 0302c7700c9f43cc976ae139e0d0f787 - - a4ffe0d7f32b4a7bb4a7e11b20703eb9 a4ffe0d7f32b4a7bb4a7e11b20703eb9] 10.0.0.23 "GET /resource_providers/54577f85-b578-4cac-98b3-8a4bd81be2da/aggregates" status: 404 len: 235 microversion: 1.1 [pid: 7|app: 0|req: 521/1041] 10.0.0.23 () {32 vars in 815 bytes} [Wed Mar 18 11:09:13 2026] GET /resource_providers/54577f85-b578-4cac-98b3-8a4bd81be2da/aggregates => generated 235 bytes in 12 msecs (HTTP/1.1 404) 5 headers in 202 bytes (1 switches on core 0)
2026-03-18 11:09:13.128 8 INFO placement.requestlog [None req-89921db1-f1ef-4a92-bd74-61cad42c2733 f1c40940551249a794c0df5d232f87c6 0302c7700c9f43cc976ae139e0d0f787 - - a4ffe0d7f32b4a7bb4a7e11b20703eb9 a4ffe0d7f32b4a7bb4a7e11b20703eb9] 10.0.0.23 "DELETE /resource_providers/54577f85-b578-4cac-98b3-8a4bd81be2da" status: 404 len: 246 microversion: 1.1 [pid: 8|app: 0|req: 521/1042] 10.0.0.23 () {34 vars in 815 bytes} [Wed Mar 18 11:09:13 2026] DELETE /resource_providers/54577f85-b578-4cac-98b3-8a4bd81be2da => generated 246 bytes in 7 msecs (HTTP/1.1 404) 6 headers in 231 bytes (1 switches on core 0)
2026-03-18 11:09:13.145 7 INFO placement.requestlog [None req-bfd00d56-9b72-43c7-9908-d145b6b31826 f1c40940551249a794c0df5d232f87c6 0302c7700c9f43cc976ae139e0d0f787 - - a4ffe0d7f32b4a7bb4a7e11b20703eb9 a4ffe0d7f32b4a7bb4a7e11b20703eb9] 10.0.0.23 "DELETE /resource_providers/54577f85-b578-4cac-98b3-8a4bd81be2da" status: 404 len: 246 microversion: 1.1 [pid: 7|app: 0|req: 522/1043] 10.0.0.23 () {34 vars in 815 bytes} [Wed Mar 18 11:09:13 2026] DELETE /resource_providers/54577f85-b578-4cac-98b3-8a4bd81be2da => generated 246 bytes in 9 msecs (HTTP/1.1 404) 6 headers in 231 bytes (1 switches on core 0)
2026-03-18 11:09:13.223 8 INFO placement.requestlog [None req-bc8c442f-20dc-4cbc-be63-694c9f84cabc f1c40940551249a794c0df5d232f87c6 0302c7700c9f43cc976ae139e0d0f787 - - a4ffe0d7f32b4a7bb4a7e11b20703eb9 a4ffe0d7f32b4a7bb4a7e11b20703eb9] 10.0.0.23 "GET /resource_providers/456f8643-242e-4c2a-851f-169e0952e6e6/aggregates" status: 404 len: 235 microversion: 1.1 [pid: 8|app: 0|req: 522/1044] 10.0.0.23 () {32 vars in 815 bytes} [Wed Mar 18 11:09:13 2026] GET /resource_providers/456f8643-242e-4c2a-851f-169e0952e6e6/aggregates => generated 235 bytes in 12 msecs (HTTP/1.1 404) 5 headers in 202 bytes (1 switches on core 0)
2026-03-18 11:09:13.237 7 INFO placement.requestlog [None req-2caef1bd-55fc-43c8-9384-2327cbcc1dc7 f1c40940551249a794c0df5d232f87c6 0302c7700c9f43cc976ae139e0d0f787 - - a4ffe0d7f32b4a7bb4a7e11b20703eb9 a4ffe0d7f32b4a7bb4a7e11b20703eb9] 10.0.0.23 "GET /resource_providers/456f8643-242e-4c2a-851f-169e0952e6e6/aggregates" status: 404 len: 235 microversion: 1.1 [pid: 7|app: 0|req: 523/1045] 10.0.0.23 () {32 vars in 815 bytes} [Wed Mar 18 11:09:13 2026] GET /resource_providers/456f8643-242e-4c2a-851f-169e0952e6e6/aggregates => generated 235 bytes in 11 msecs (HTTP/1.1 404) 5 headers in 202 bytes (1 switches on core 0)
2026-03-18 11:09:13.256 8 INFO placement.requestlog [None req-1b7e6aa2-88b8-4e71-b56c-4aa674b69611 f1c40940551249a794c0df5d232f87c6 0302c7700c9f43cc976ae139e0d0f787 - - a4ffe0d7f32b4a7bb4a7e11b20703eb9 a4ffe0d7f32b4a7bb4a7e11b20703eb9] 10.0.0.23 "DELETE /resource_providers/456f8643-242e-4c2a-851f-169e0952e6e6" status: 404 len: 246 microversion: 1.1 [pid: 8|app: 0|req: 523/1046] 10.0.0.23 () {34 vars in 815 bytes} [Wed Mar 18 11:09:13 2026] DELETE /resource_providers/456f8643-242e-4c2a-851f-169e0952e6e6 => generated 246 bytes in 12 msecs (HTTP/1.1 404) 6 headers in 231 bytes (1 switches on core 0)
2026-03-18 11:09:13.258 7 INFO placement.requestlog [None req-a946f6fd-5205-4417-adc1-fe87ee7ea75b f1c40940551249a794c0df5d232f87c6 0302c7700c9f43cc976ae139e0d0f787 - - a4ffe0d7f32b4a7bb4a7e11b20703eb9 a4ffe0d7f32b4a7bb4a7e11b20703eb9] 10.0.0.23 "DELETE /resource_providers/456f8643-242e-4c2a-851f-169e0952e6e6" status: 404 len: 246 microversion: 1.1 [pid: 7|app: 0|req: 524/1047] 10.0.0.23 () {34 vars in 815 bytes} [Wed Mar 18 11:09:13 2026] DELETE /resource_providers/456f8643-242e-4c2a-851f-169e0952e6e6 => generated 246 bytes in 10 msecs (HTTP/1.1 404) 6 headers in 231 bytes (1 switches on core 0)
2026-03-18 11:09:15.976 8 INFO placement.requestlog [None req-f990ef93-b64a-4ec2-9dd4-3eedc60be04b f1c40940551249a794c0df5d232f87c6 0302c7700c9f43cc976ae139e0d0f787 - - a4ffe0d7f32b4a7bb4a7e11b20703eb9 a4ffe0d7f32b4a7bb4a7e11b20703eb9] 10.0.0.23 "GET /resource_providers/9970348b-a268-42ea-aa22-47a7e3ae0102/aggregates" status: 404 len: 235 microversion: 1.1 [pid: 8|app: 0|req: 524/1048] 10.0.0.23 () {32 vars in 815 bytes} [Wed Mar 18 11:09:15 2026] GET /resource_providers/9970348b-a268-42ea-aa22-47a7e3ae0102/aggregates => generated 235 bytes in 9 msecs (HTTP/1.1 404) 5 headers in 202 bytes (1 switches on core 0)
2026-03-18 11:09:15.985 7 INFO placement.requestlog [None req-72596a41-a1e3-4f76-9321-24f8b15bd31d f1c40940551249a794c0df5d232f87c6 0302c7700c9f43cc976ae139e0d0f787 - - a4ffe0d7f32b4a7bb4a7e11b20703eb9 a4ffe0d7f32b4a7bb4a7e11b20703eb9] 10.0.0.23 "GET /resource_providers/9970348b-a268-42ea-aa22-47a7e3ae0102/aggregates" status: 404 len: 235 microversion: 1.1 [pid: 7|app: 0|req: 525/1049] 10.0.0.23 () {32 vars in 815 bytes} [Wed Mar 18 11:09:15 2026] GET /resource_providers/9970348b-a268-42ea-aa22-47a7e3ae0102/aggregates => generated 235 bytes in 12 msecs (HTTP/1.1 404) 5 headers in 202 bytes (1 switches on core 0)
2026-03-18 11:09:16.006 8 INFO placement.requestlog [None req-e60b24da-8019-45d9-ae7a-db752a25a576 f1c40940551249a794c0df5d232f87c6 0302c7700c9f43cc976ae139e0d0f787 - - a4ffe0d7f32b4a7bb4a7e11b20703eb9 a4ffe0d7f32b4a7bb4a7e11b20703eb9] 10.0.0.23 "DELETE /resource_providers/9970348b-a268-42ea-aa22-47a7e3ae0102" status: 404 len: 246 microversion: 1.1 [pid: 8|app: 0|req: 525/1050] 10.0.0.23 () {34 vars in 815 bytes} [Wed Mar 18 11:09:15 2026] DELETE /resource_providers/9970348b-a268-42ea-aa22-47a7e3ae0102 => generated 246 bytes in 19 msecs (HTTP/1.1 404) 6 headers in 231 bytes (1 switches on core 0)
2026-03-18 11:09:16.007 7 INFO placement.requestlog [None req-e88d95b7-a7bc-4564-9b0d-ccee2c0449a6 f1c40940551249a794c0df5d232f87c6 0302c7700c9f43cc976ae139e0d0f787 - - a4ffe0d7f32b4a7bb4a7e11b20703eb9 a4ffe0d7f32b4a7bb4a7e11b20703eb9] 10.0.0.23 "DELETE /resource_providers/9970348b-a268-42ea-aa22-47a7e3ae0102" status: 404 len: 246 microversion: 1.1 [pid: 7|app: 0|req: 526/1051] 10.0.0.23 () {34 vars in 815 bytes} [Wed Mar 18 11:09:16 2026] DELETE /resource_providers/9970348b-a268-42ea-aa22-47a7e3ae0102 => generated 246 bytes in 7 msecs (HTTP/1.1 404) 6 headers in 231 bytes (1 switches on core 0)
2026-03-18 11:09:18.032 8 INFO placement.requestlog [None req-cb415dce-7db4-4edb-8a1c-f8915764e575 f1c40940551249a794c0df5d232f87c6 0302c7700c9f43cc976ae139e0d0f787 - - a4ffe0d7f32b4a7bb4a7e11b20703eb9 a4ffe0d7f32b4a7bb4a7e11b20703eb9] 10.0.0.23 "GET /resource_providers/ba5ae348-0a4e-4a77-aa7c-df0ec5514c47/aggregates" status: 404 len: 235 microversion: 1.1 [pid: 8|app: 0|req: 526/1052] 10.0.0.23 () {32 vars in 815 bytes} [Wed Mar 18 11:09:18 2026] GET /resource_providers/ba5ae348-0a4e-4a77-aa7c-df0ec5514c47/aggregates => generated 235 bytes in 14 msecs (HTTP/1.1 404) 5 headers in 202 bytes (1 switches on core 0)
2026-03-18 11:09:18.034 7 INFO placement.requestlog [None req-deb6f0d8-ebea-40a5-9bea-cf2f05c6341f f1c40940551249a794c0df5d232f87c6 0302c7700c9f43cc976ae139e0d0f787 - - a4ffe0d7f32b4a7bb4a7e11b20703eb9 a4ffe0d7f32b4a7bb4a7e11b20703eb9] 10.0.0.23 "GET /resource_providers/ba5ae348-0a4e-4a77-aa7c-df0ec5514c47/aggregates" status: 404 len: 235 microversion: 1.1 [pid: 7|app: 0|req: 527/1053] 10.0.0.23 () {32 vars in 815 bytes} [Wed Mar 18 11:09:18 2026] GET /resource_providers/ba5ae348-0a4e-4a77-aa7c-df0ec5514c47/aggregates => generated 235 bytes in 12 msecs (HTTP/1.1 404) 5 headers in 202 bytes (1 switches on core 0)
2026-03-18 11:09:18.060 7 INFO placement.requestlog [None req-a4dfdc91-8d94-496b-abfc-44904d2c727d f1c40940551249a794c0df5d232f87c6 0302c7700c9f43cc976ae139e0d0f787 - - a4ffe0d7f32b4a7bb4a7e11b20703eb9 a4ffe0d7f32b4a7bb4a7e11b20703eb9] 10.0.0.23 "DELETE /resource_providers/ba5ae348-0a4e-4a77-aa7c-df0ec5514c47" status: 404 len: 246 microversion: 1.1 [pid: 7|app: 0|req: 528/1054] 10.0.0.23 () {34 vars in 815 bytes} [Wed Mar 18 11:09:18 2026] DELETE /resource_providers/ba5ae348-0a4e-4a77-aa7c-df0ec5514c47 => generated 246 bytes in 9 msecs (HTTP/1.1 404) 6 headers in 231 bytes (1 switches on core 0)
2026-03-18 11:09:18.066 8 INFO placement.requestlog [None req-c0d5bd6d-5fa3-4120-9a1a-49e7ce57f350 f1c40940551249a794c0df5d232f87c6 0302c7700c9f43cc976ae139e0d0f787 - - a4ffe0d7f32b4a7bb4a7e11b20703eb9 a4ffe0d7f32b4a7bb4a7e11b20703eb9] 10.0.0.23 "DELETE /resource_providers/ba5ae348-0a4e-4a77-aa7c-df0ec5514c47" status: 404 len: 246 microversion: 1.1 [pid: 8|app: 0|req: 527/1055] 10.0.0.23 () {34 vars in 815 bytes} [Wed Mar 18 11:09:18 2026] DELETE /resource_providers/ba5ae348-0a4e-4a77-aa7c-df0ec5514c47 => generated 246 bytes in 16 msecs (HTTP/1.1 404) 6 headers in 231 bytes (1 switches on core 0)
2026-03-18 11:09:20.023 7 INFO placement.requestlog [req-7162df4d-f8e9-44a9-9287-935465468802 req-d057a29f-2483-4835-a386-b1c5a33856a3 4320b62d2642494aa560dc940f5a98ca 0302c7700c9f43cc976ae139e0d0f787 - - a4ffe0d7f32b4a7bb4a7e11b20703eb9 a4ffe0d7f32b4a7bb4a7e11b20703eb9] 10.0.0.50 "GET /allocation_candidates?limit=1000&resources=DISK_GB%3A1%2CMEMORY_MB%3A512%2CVCPU%3A1&root_required=%21COMPUTE_STATUS_DISABLED" status: 200 len: 2640 microversion: 1.36 [pid: 7|app: 0|req: 529/1056] 10.0.0.50 () {34 vars in 1011 bytes} [Wed Mar 18 11:09:19 2026] GET /allocation_candidates?limit=1000&resources=DISK_GB%3A1%2CMEMORY_MB%3A512%2CVCPU%3A1&root_required=%21COMPUTE_STATUS_DISABLED => generated 2640 bytes in 59 msecs (HTTP/1.1 200) 8 headers in 297 bytes (1 switches on core 0)
2026-03-18 11:09:20.070 8 INFO placement.requestlog [req-7162df4d-f8e9-44a9-9287-935465468802 req-6e515533-64fc-42a6-b716-546a14683389 4320b62d2642494aa560dc940f5a98ca 0302c7700c9f43cc976ae139e0d0f787 - - a4ffe0d7f32b4a7bb4a7e11b20703eb9 a4ffe0d7f32b4a7bb4a7e11b20703eb9] 10.0.0.50 "GET /allocations/22ba155f-3130-44c3-b97e-5e38f306ac5d" status: 200 len: 19 microversion: 1.28 [pid: 8|app: 0|req: 528/1057] 10.0.0.50 () {34 vars in 860 bytes} [Wed Mar 18 11:09:20 2026] GET /allocations/22ba155f-3130-44c3-b97e-5e38f306ac5d => generated 19 bytes in 19 msecs (HTTP/1.1 200) 8 headers in 295 bytes (1 switches on core 0)
2026-03-18 11:09:20.104 8 INFO placement.requestlog [None req-88f0bbbc-2045-4a4f-bdd5-e82b339dde79 f1c40940551249a794c0df5d232f87c6 0302c7700c9f43cc976ae139e0d0f787 - - a4ffe0d7f32b4a7bb4a7e11b20703eb9 a4ffe0d7f32b4a7bb4a7e11b20703eb9] 10.0.0.23 "GET /resource_providers/05e19df2-2a0d-418c-9752-22f69b772d4f/aggregates" status: 404 len: 235 microversion: 1.1 [pid: 8|app: 0|req: 529/1058] 10.0.0.23 () {32 vars in 815 bytes} [Wed Mar 18 11:09:20 2026] GET /resource_providers/05e19df2-2a0d-418c-9752-22f69b772d4f/aggregates => generated 235 bytes in 16 msecs (HTTP/1.1 404) 5 headers in 202 bytes (1 switches on core 0)
2026-03-18 11:09:20.114 8 INFO placement.requestlog [None req-544fcee8-be79-4af8-95cd-23622a50dca8 f1c40940551249a794c0df5d232f87c6 0302c7700c9f43cc976ae139e0d0f787 - - a4ffe0d7f32b4a7bb4a7e11b20703eb9 a4ffe0d7f32b4a7bb4a7e11b20703eb9] 10.0.0.23 "GET /resource_providers/05e19df2-2a0d-418c-9752-22f69b772d4f/aggregates" status: 404 len: 235 microversion: 1.1 [pid: 8|app: 0|req: 530/1059] 10.0.0.23 () {32 vars in 815 bytes} [Wed Mar 18 11:09:20 2026] GET /resource_providers/05e19df2-2a0d-418c-9752-22f69b772d4f/aggregates => generated 235 bytes in 9 msecs (HTTP/1.1 404) 5 headers in 202 bytes (1 switches on core 0)
2026-03-18 11:09:20.120 8 INFO placement.requestlog [None req-96805958-c259-493f-97eb-040a979c14b8 f1c40940551249a794c0df5d232f87c6 0302c7700c9f43cc976ae139e0d0f787 - - a4ffe0d7f32b4a7bb4a7e11b20703eb9 a4ffe0d7f32b4a7bb4a7e11b20703eb9] 10.0.0.23 "DELETE /resource_providers/05e19df2-2a0d-418c-9752-22f69b772d4f" status: 404 len: 246 microversion: 1.1 [pid: 8|app: 0|req: 531/1060] 10.0.0.23 () {34 vars in 815 bytes} [Wed Mar 18 11:09:20 2026] DELETE /resource_providers/05e19df2-2a0d-418c-9752-22f69b772d4f => generated 246 bytes in 6 msecs (HTTP/1.1 404) 6 headers in 231 bytes (1 switches on core 0)
2026-03-18 11:09:20.129 8 INFO placement.requestlog [None req-b1ca4c0e-8c72-45bd-856e-47d7522b1ad7 f1c40940551249a794c0df5d232f87c6 0302c7700c9f43cc976ae139e0d0f787 - - a4ffe0d7f32b4a7bb4a7e11b20703eb9 a4ffe0d7f32b4a7bb4a7e11b20703eb9] 10.0.0.23 "DELETE /resource_providers/05e19df2-2a0d-418c-9752-22f69b772d4f" status: 404 len: 246 microversion: 1.1 [pid: 8|app: 0|req: 532/1061] 10.0.0.23 () {34 vars in 815 bytes} [Wed Mar 18 11:09:20 2026] DELETE /resource_providers/05e19df2-2a0d-418c-9752-22f69b772d4f => generated 246 bytes in 9 msecs (HTTP/1.1 404) 6 headers in 231 bytes (1 switches on core 0)
2026-03-18 11:09:20.181 7 INFO placement.requestlog [req-7162df4d-f8e9-44a9-9287-935465468802 req-76b147bb-9b9b-47f9-9b7f-63bc22d89e1c 4320b62d2642494aa560dc940f5a98ca 0302c7700c9f43cc976ae139e0d0f787 - - a4ffe0d7f32b4a7bb4a7e11b20703eb9 a4ffe0d7f32b4a7bb4a7e11b20703eb9] 10.0.0.50 "PUT /allocations/22ba155f-3130-44c3-b97e-5e38f306ac5d" status: 204 len: 0 microversion: 1.36 [pid: 7|app: 0|req: 530/1062] 10.0.0.50 () {38 vars in 913 bytes} [Wed Mar 18 11:09:20 2026] PUT /allocations/22ba155f-3130-44c3-b97e-5e38f306ac5d => generated 0 bytes in 102 msecs (HTTP/1.1 204) 5 headers in 199 bytes (1 switches on core 0)
2026-03-18 11:09:21.175 8 INFO placement.requestlog [None req-a6027d96-ab6f-4063-a455-75c96ed5e022 - - - - - -] 10.0.0.185 "GET /" status: 200 len: 136 microversion: 1.0
2026-03-18 11:09:21.178 7 INFO placement.requestlog [None req-b0d84149-8414-49ef-bcf5-6362d1d484f9 - - - - - -] 10.0.0.185 "GET /" status: 200 len: 136 microversion: 1.0
2026-03-18 11:09:21.634 8 INFO placement.requestlog [req-7162df4d-f8e9-44a9-9287-935465468802 req-cf0a24fd-ce6f-4088-aba7-c03871e1b356 4320b62d2642494aa560dc940f5a98ca 0302c7700c9f43cc976ae139e0d0f787 - - a4ffe0d7f32b4a7bb4a7e11b20703eb9 a4ffe0d7f32b4a7bb4a7e11b20703eb9] 199.19.213.215 "GET /allocations/22ba155f-3130-44c3-b97e-5e38f306ac5d" status: 200 len: 258 microversion: 1.28 [pid: 8|app: 0|req: 534/1065] 199.19.213.215 () {34 vars in 863 bytes} [Wed Mar 18 11:09:21 2026] GET /allocations/22ba155f-3130-44c3-b97e-5e38f306ac5d => generated 258 bytes in 11 msecs (HTTP/1.1 200) 8 headers in 296 bytes (1 switches on core 0)
2026-03-18 11:09:22.682 7 INFO placement.requestlog [req-7162df4d-f8e9-44a9-9287-935465468802 req-9147a7ae-1f89-4839-9534-92643a21ec8a 4320b62d2642494aa560dc940f5a98ca 0302c7700c9f43cc976ae139e0d0f787 - - a4ffe0d7f32b4a7bb4a7e11b20703eb9 a4ffe0d7f32b4a7bb4a7e11b20703eb9] 199.19.213.215 "GET /resource_providers/d3eaf5b8-e6e4-4696-81dc-cce95ff66316/allocations" status: 200 len: 153 microversion: 1.0 [pid: 7|app: 0|req: 532/1066] 199.19.213.215 () {32 vars in 857 bytes} [Wed Mar 18 11:09:22 2026] GET /resource_providers/d3eaf5b8-e6e4-4696-81dc-cce95ff66316/allocations => generated 153 bytes in 21 msecs (HTTP/1.1 200) 6 headers in 224 bytes (1 switches on core 0)
2026-03-18 11:09:22.699 8 INFO placement.requestlog [req-7162df4d-f8e9-44a9-9287-935465468802 req-ad039fa3-8339-4dde-baaf-a826845b3ab3 4320b62d2642494aa560dc940f5a98ca 0302c7700c9f43cc976ae139e0d0f787 - - a4ffe0d7f32b4a7bb4a7e11b20703eb9 a4ffe0d7f32b4a7bb4a7e11b20703eb9] 199.19.213.215 "GET /allocations/22ba155f-3130-44c3-b97e-5e38f306ac5d" status: 200 len: 258 microversion: 1.28 [pid: 8|app: 0|req: 535/1067] 199.19.213.215 () {34 vars in 863 bytes} [Wed Mar 18 11:09:22 2026] GET /allocations/22ba155f-3130-44c3-b97e-5e38f306ac5d => generated 258 bytes in 12 msecs (HTTP/1.1 200) 8 headers in 296 bytes (1 switches on core 0)
2026-03-18 11:09:27.944 8 INFO placement.requestlog [None req-b2654299-ef95-4e8f-8a9b-73991bf8dbf4 f1c40940551249a794c0df5d232f87c6 0302c7700c9f43cc976ae139e0d0f787 - - a4ffe0d7f32b4a7bb4a7e11b20703eb9 a4ffe0d7f32b4a7bb4a7e11b20703eb9] 10.0.0.23 "GET /resource_providers/2f5c7e14-48a5-46b9-84f7-42fc8954ede1/aggregates" status: 404 len: 235 microversion: 1.1 [pid: 8|app: 0|req: 536/1068] 10.0.0.23 () {32 vars in 815 bytes} [Wed Mar 18 11:09:27 2026] GET /resource_providers/2f5c7e14-48a5-46b9-84f7-42fc8954ede1/aggregates => generated 235 bytes in 11 msecs (HTTP/1.1 404) 5 headers in 202 bytes (1 switches on core 0)
2026-03-18 11:09:27.946 7 INFO placement.requestlog [None req-8b403f03-33c7-4fb8-ae55-783df7134cb9 f1c40940551249a794c0df5d232f87c6 0302c7700c9f43cc976ae139e0d0f787 - - a4ffe0d7f32b4a7bb4a7e11b20703eb9 a4ffe0d7f32b4a7bb4a7e11b20703eb9] 10.0.0.23 "GET /resource_providers/2f5c7e14-48a5-46b9-84f7-42fc8954ede1/aggregates" status: 404 len: 235 microversion: 1.1 [pid: 7|app: 0|req: 533/1069] 10.0.0.23 () {32 vars in 815 bytes} [Wed Mar 18 11:09:27 2026] GET /resource_providers/2f5c7e14-48a5-46b9-84f7-42fc8954ede1/aggregates => generated 235 bytes in 14 msecs (HTTP/1.1 404) 5 headers in 202 bytes (1 switches on core 0)
2026-03-18 11:09:27.968 8 INFO placement.requestlog [None req-b2cb3dce-0968-44d4-a343-adce35a803d7 f1c40940551249a794c0df5d232f87c6 0302c7700c9f43cc976ae139e0d0f787 - - a4ffe0d7f32b4a7bb4a7e11b20703eb9 a4ffe0d7f32b4a7bb4a7e11b20703eb9] 10.0.0.23 "DELETE /resource_providers/2f5c7e14-48a5-46b9-84f7-42fc8954ede1" status: 404 len: 246 microversion: 1.1 [pid: 8|app: 0|req: 537/1070] 10.0.0.23 () {34 vars in 815 bytes} [Wed Mar 18 11:09:27 2026] DELETE /resource_providers/2f5c7e14-48a5-46b9-84f7-42fc8954ede1 => generated 246 bytes in 10 msecs (HTTP/1.1 404) 6 headers in 231 bytes (1 switches on core 0)
2026-03-18 11:09:27.987 7 INFO placement.requestlog [None req-696edce4-9e08-44af-9bb2-71fdda565d41 f1c40940551249a794c0df5d232f87c6 0302c7700c9f43cc976ae139e0d0f787 - - a4ffe0d7f32b4a7bb4a7e11b20703eb9 a4ffe0d7f32b4a7bb4a7e11b20703eb9] 10.0.0.23 "DELETE /resource_providers/2f5c7e14-48a5-46b9-84f7-42fc8954ede1" status: 404 len: 246 microversion: 1.1 [pid: 7|app: 0|req: 534/1071] 10.0.0.23 () {34 vars in 815 bytes} [Wed Mar 18 11:09:27 2026] DELETE /resource_providers/2f5c7e14-48a5-46b9-84f7-42fc8954ede1 => generated 246 bytes in 16 msecs (HTTP/1.1 404) 6 headers in 231 bytes (1 switches on core 0)
2026-03-18 11:09:31.175 7 INFO placement.requestlog [None req-448db9c5-49ec-4bb7-9d0c-5d42b9e0b185 - - - - - -] 10.0.0.185 "GET /" status: 200 len: 136 microversion: 1.0
2026-03-18 11:09:31.175 8 INFO placement.requestlog [None req-3038a50d-ec57-4c76-8fad-431a61d4e592 - - - - - -] 10.0.0.185 "GET /" status: 200 len: 136 microversion: 1.0
2026-03-18 11:09:36.011 8 INFO placement.requestlog [None req-5056ecb6-ecec-4da3-bba2-c87f93f63900 f1c40940551249a794c0df5d232f87c6 0302c7700c9f43cc976ae139e0d0f787 - - a4ffe0d7f32b4a7bb4a7e11b20703eb9 a4ffe0d7f32b4a7bb4a7e11b20703eb9] 10.0.0.23 "GET /resource_providers/2168ef91-d750-41b8-aa62-87e70d832afd/aggregates" status: 404 len: 235 microversion: 1.1 [pid: 8|app: 0|req: 539/1074] 10.0.0.23 () {32 vars in 815 bytes} [Wed Mar 18 11:09:36 2026] GET /resource_providers/2168ef91-d750-41b8-aa62-87e70d832afd/aggregates => generated 235 bytes in 10 msecs (HTTP/1.1 404) 5 headers in 202 bytes (1 switches on core 0)
2026-03-18 11:09:36.016 7 INFO placement.requestlog [None req-a7b5d64a-610a-4fcc-9221-c0d121c5d443 f1c40940551249a794c0df5d232f87c6 0302c7700c9f43cc976ae139e0d0f787 - - a4ffe0d7f32b4a7bb4a7e11b20703eb9 a4ffe0d7f32b4a7bb4a7e11b20703eb9] 10.0.0.23 "GET /resource_providers/2168ef91-d750-41b8-aa62-87e70d832afd/aggregates" status: 404 len: 235 microversion: 1.1 [pid: 7|app: 0|req: 536/1075] 10.0.0.23 () {32 vars in 815 bytes} [Wed Mar 18 11:09:36 2026] GET /resource_providers/2168ef91-d750-41b8-aa62-87e70d832afd/aggregates => generated 235 bytes in 13 msecs (HTTP/1.1 404) 5 headers in 202 bytes (1 switches on core 0)
2026-03-18 11:09:36.049 8 INFO placement.requestlog [None req-1ea69bbc-595c-4d71-8f39-3f648aa22f14 f1c40940551249a794c0df5d232f87c6 0302c7700c9f43cc976ae139e0d0f787 - - a4ffe0d7f32b4a7bb4a7e11b20703eb9 a4ffe0d7f32b4a7bb4a7e11b20703eb9] 10.0.0.23 "DELETE /resource_providers/2168ef91-d750-41b8-aa62-87e70d832afd" status: 404 len: 246 microversion: 1.1
2026-03-18 11:09:36.050 7 INFO placement.requestlog [None req-7180d1a9-6bd2-4cf8-aa2b-244e69fed50b f1c40940551249a794c0df5d232f87c6 0302c7700c9f43cc976ae139e0d0f787 - - a4ffe0d7f32b4a7bb4a7e11b20703eb9 a4ffe0d7f32b4a7bb4a7e11b20703eb9] 10.0.0.23 "DELETE /resource_providers/2168ef91-d750-41b8-aa62-87e70d832afd" status: 404 len: 246 microversion: 1.1 [pid: 7|app: 0|req: 537/1076] 10.0.0.23 () {34 vars in 815 bytes} [Wed Mar 18 11:09:36 2026] DELETE /resource_providers/2168ef91-d750-41b8-aa62-87e70d832afd => generated 246 bytes in 8 msecs (HTTP/1.1 404) 6 headers in 231 bytes (1 switches on core 0) [pid: 8|app: 0|req: 540/1077] 10.0.0.23 () {34 vars in 815 bytes} [Wed Mar 18 11:09:36 2026] DELETE /resource_providers/2168ef91-d750-41b8-aa62-87e70d832afd => generated 246 bytes in 10 msecs (HTTP/1.1 404) 6 headers in 231 bytes (1 switches on core 0)
2026-03-18 11:09:38.654 7 INFO placement.requestlog [None req-926122d9-c4f1-4329-b11b-2a21d08615c3 f1c40940551249a794c0df5d232f87c6 0302c7700c9f43cc976ae139e0d0f787 - - a4ffe0d7f32b4a7bb4a7e11b20703eb9 a4ffe0d7f32b4a7bb4a7e11b20703eb9] 10.0.0.23 "GET /resource_providers/48f99593-b67c-4599-8aea-80f21e46da02/aggregates" status: 404 len: 235 microversion: 1.1 [pid: 7|app: 0|req: 538/1078] 10.0.0.23 () {32 vars in 815 bytes} [Wed Mar 18 11:09:38 2026] GET /resource_providers/48f99593-b67c-4599-8aea-80f21e46da02/aggregates => generated 235 bytes in 30 msecs (HTTP/1.1 404) 5 headers in 202 bytes (1 switches on core 0)
2026-03-18 11:09:38.656 8 INFO placement.requestlog [None req-b17b71f4-a436-486e-9037-92c22e516727 f1c40940551249a794c0df5d232f87c6 0302c7700c9f43cc976ae139e0d0f787 - - a4ffe0d7f32b4a7bb4a7e11b20703eb9 a4ffe0d7f32b4a7bb4a7e11b20703eb9] 10.0.0.23 "GET /resource_providers/48f99593-b67c-4599-8aea-80f21e46da02/aggregates" status: 404 len: 235 microversion: 1.1 [pid: 8|app: 0|req: 541/1079] 10.0.0.23 () {32 vars in 815 bytes} [Wed Mar 18 11:09:38 2026] GET /resource_providers/48f99593-b67c-4599-8aea-80f21e46da02/aggregates => generated 235 bytes in 21 msecs (HTTP/1.1 404) 5 headers in 202 bytes (1 switches on core 0)
2026-03-18 11:09:38.691 7 INFO placement.requestlog [None req-b915e668-0c4e-4572-a76d-4b7152cc0782 f1c40940551249a794c0df5d232f87c6 0302c7700c9f43cc976ae139e0d0f787 - - a4ffe0d7f32b4a7bb4a7e11b20703eb9 a4ffe0d7f32b4a7bb4a7e11b20703eb9] 10.0.0.23 "DELETE /resource_providers/48f99593-b67c-4599-8aea-80f21e46da02" status: 404 len: 246 microversion: 1.1 [pid: 7|app: 0|req: 539/1080] 10.0.0.23 () {34 vars in 815 bytes} [Wed Mar 18 11:09:38 2026] DELETE /resource_providers/48f99593-b67c-4599-8aea-80f21e46da02 => generated 246 bytes in 19 msecs (HTTP/1.1 404) 6 headers in 231 bytes (1 switches on core 0)
2026-03-18 11:09:38.697 8 INFO placement.requestlog [None req-c2e6022f-186c-4290-abae-b952c285d769 f1c40940551249a794c0df5d232f87c6 0302c7700c9f43cc976ae139e0d0f787 - - a4ffe0d7f32b4a7bb4a7e11b20703eb9 a4ffe0d7f32b4a7bb4a7e11b20703eb9] 10.0.0.23 "DELETE /resource_providers/48f99593-b67c-4599-8aea-80f21e46da02" status: 404 len: 246 microversion: 1.1 [pid: 8|app: 0|req: 542/1081] 10.0.0.23 () {34 vars in 815 bytes} [Wed Mar 18 11:09:38 2026] DELETE /resource_providers/48f99593-b67c-4599-8aea-80f21e46da02 => generated 246 bytes in 9 msecs (HTTP/1.1 404) 6 headers in 231 bytes (1 switches on core 0)
2026-03-18 11:09:39.259 7 INFO placement.requestlog [None req-554510b4-8993-4922-b7dd-98d4f4beed53 f1c40940551249a794c0df5d232f87c6 0302c7700c9f43cc976ae139e0d0f787 - - a4ffe0d7f32b4a7bb4a7e11b20703eb9 a4ffe0d7f32b4a7bb4a7e11b20703eb9] 10.0.0.23 "GET /resource_providers/220ae100-908f-4cd3-abe7-36a8d58e2d49/aggregates" status: 404 len: 235 microversion: 1.1 [pid: 7|app: 0|req: 540/1082] 10.0.0.23 () {32 vars in 815 bytes} [Wed Mar 18 11:09:39 2026] GET /resource_providers/220ae100-908f-4cd3-abe7-36a8d58e2d49/aggregates => generated 235 bytes in 9 msecs (HTTP/1.1 404) 5 headers in 202 bytes (1 switches on core 0)
2026-03-18 11:09:39.267 8 INFO placement.requestlog [None req-227a73ca-eef6-4662-8fab-f7306553e37c f1c40940551249a794c0df5d232f87c6 0302c7700c9f43cc976ae139e0d0f787 - - a4ffe0d7f32b4a7bb4a7e11b20703eb9 a4ffe0d7f32b4a7bb4a7e11b20703eb9] 10.0.0.23 "GET /resource_providers/220ae100-908f-4cd3-abe7-36a8d58e2d49/aggregates" status: 404 len: 235 microversion: 1.1 [pid: 8|app: 0|req: 543/1083] 10.0.0.23 () {32 vars in 815 bytes} [Wed Mar 18 11:09:39 2026] GET /resource_providers/220ae100-908f-4cd3-abe7-36a8d58e2d49/aggregates => generated 235 bytes in 11 msecs (HTTP/1.1 404) 5 headers in 202 bytes (1 switches on core 0)
2026-03-18 11:09:39.293 8 INFO placement.requestlog [None req-f80aa971-872c-4d7e-b90b-8861266e84c7 f1c40940551249a794c0df5d232f87c6 0302c7700c9f43cc976ae139e0d0f787 - - a4ffe0d7f32b4a7bb4a7e11b20703eb9 a4ffe0d7f32b4a7bb4a7e11b20703eb9] 10.0.0.23 "DELETE /resource_providers/220ae100-908f-4cd3-abe7-36a8d58e2d49" status: 404 len: 246 microversion: 1.1 [pid: 8|app: 0|req: 544/1084] 10.0.0.23 () {34 vars in 815 bytes} [Wed Mar 18 11:09:39 2026] DELETE /resource_providers/220ae100-908f-4cd3-abe7-36a8d58e2d49 => generated 246 bytes in 8 msecs (HTTP/1.1 404) 6 headers in 231 bytes (1 switches on core 0)
2026-03-18 11:09:39.298 7 INFO placement.requestlog [None req-8156d639-71b7-4cff-82a0-ea64b7c6eb4b f1c40940551249a794c0df5d232f87c6 0302c7700c9f43cc976ae139e0d0f787 - - a4ffe0d7f32b4a7bb4a7e11b20703eb9 a4ffe0d7f32b4a7bb4a7e11b20703eb9] 10.0.0.23 "DELETE /resource_providers/220ae100-908f-4cd3-abe7-36a8d58e2d49" status: 404 len: 246 microversion: 1.1 [pid: 7|app: 0|req: 541/1085] 10.0.0.23 () {34 vars in 815 bytes} [Wed Mar 18 11:09:39 2026] DELETE /resource_providers/220ae100-908f-4cd3-abe7-36a8d58e2d49 => generated 246 bytes in 14 msecs (HTTP/1.1 404) 6 headers in 231 bytes (1 switches on core 0)
2026-03-18 11:09:40.726 8 INFO placement.requestlog [None req-5ef70731-8381-4717-b164-1e7a5018b667 f1c40940551249a794c0df5d232f87c6 0302c7700c9f43cc976ae139e0d0f787 - - a4ffe0d7f32b4a7bb4a7e11b20703eb9 a4ffe0d7f32b4a7bb4a7e11b20703eb9] 10.0.0.23 "GET /resource_providers/7da06dd8-b96c-4256-a316-e76c16a3dfbd/aggregates" status: 404 len: 235 microversion: 1.1 [pid: 8|app: 0|req: 545/1086] 10.0.0.23 () {32 vars in 815 bytes} [Wed Mar 18 11:09:40 2026] GET /resource_providers/7da06dd8-b96c-4256-a316-e76c16a3dfbd/aggregates => generated 235 bytes in 21 msecs (HTTP/1.1 404) 5 headers in 202 bytes (1 switches on core 0)
2026-03-18 11:09:40.732 7 INFO placement.requestlog [None req-29718c24-4e13-4bda-9a83-b7988ca668b7 f1c40940551249a794c0df5d232f87c6 0302c7700c9f43cc976ae139e0d0f787 - - a4ffe0d7f32b4a7bb4a7e11b20703eb9 a4ffe0d7f32b4a7bb4a7e11b20703eb9] 10.0.0.23 "GET /resource_providers/7da06dd8-b96c-4256-a316-e76c16a3dfbd/aggregates" status: 404 len: 235 microversion: 1.1 [pid: 7|app: 0|req: 542/1087] 10.0.0.23 () {32 vars in 815 bytes} [Wed Mar 18 11:09:40 2026] GET /resource_providers/7da06dd8-b96c-4256-a316-e76c16a3dfbd/aggregates => generated 235 bytes in 18 msecs (HTTP/1.1 404) 5 headers in 202 bytes (1 switches on core 0)
2026-03-18 11:09:40.749 8 INFO placement.requestlog [None req-98499359-dd63-494b-9541-14add5127b56 f1c40940551249a794c0df5d232f87c6 0302c7700c9f43cc976ae139e0d0f787 - - a4ffe0d7f32b4a7bb4a7e11b20703eb9 a4ffe0d7f32b4a7bb4a7e11b20703eb9] 10.0.0.23 "DELETE /resource_providers/7da06dd8-b96c-4256-a316-e76c16a3dfbd" status: 404 len: 246 microversion: 1.1 [pid: 8|app: 0|req: 546/1088] 10.0.0.23 () {34 vars in 815 bytes} [Wed Mar 18 11:09:40 2026] DELETE /resource_providers/7da06dd8-b96c-4256-a316-e76c16a3dfbd => generated 246 bytes in 11 msecs (HTTP/1.1 404) 6 headers in 231 bytes (1 switches on core 0)
2026-03-18 11:09:40.754 7 INFO placement.requestlog [None req-a8ede5fa-54ad-4c4e-b00d-7f59d438f6f1 f1c40940551249a794c0df5d232f87c6 0302c7700c9f43cc976ae139e0d0f787 - - a4ffe0d7f32b4a7bb4a7e11b20703eb9 a4ffe0d7f32b4a7bb4a7e11b20703eb9] 10.0.0.23 "DELETE /resource_providers/7da06dd8-b96c-4256-a316-e76c16a3dfbd" status: 404 len: 246 microversion: 1.1 [pid: 7|app: 0|req: 543/1089] 10.0.0.23 () {34 vars in 815 bytes} [Wed Mar 18 11:09:40 2026] DELETE /resource_providers/7da06dd8-b96c-4256-a316-e76c16a3dfbd => generated 246 bytes in 13 msecs (HTTP/1.1 404) 6 headers in 231 bytes (1 switches on core 0)
2026-03-18 11:09:41.175 8 INFO placement.requestlog [None req-d21b445b-a612-4383-a743-ad671994a132 - - - - - -] 10.0.0.185 "GET /" status: 200 len: 136 microversion: 1.0
2026-03-18 11:09:41.176 7 INFO placement.requestlog [None req-d8b18941-d97d-4535-bc1e-985aa922d3a7 - - - - - -] 10.0.0.185 "GET /" status: 200 len: 136 microversion: 1.0
2026-03-18 11:09:44.718 8 INFO placement.requestlog [None req-7c38aebd-f839-4988-beab-b84187ae3b79 f1c40940551249a794c0df5d232f87c6 0302c7700c9f43cc976ae139e0d0f787 - - a4ffe0d7f32b4a7bb4a7e11b20703eb9 a4ffe0d7f32b4a7bb4a7e11b20703eb9] 10.0.0.23 "GET /resource_providers/e20ecb69-eb6c-481f-bca5-cfd8bf9cc243/aggregates" status: 404 len: 235 microversion: 1.1 [pid: 8|app: 0|req: 548/1092] 10.0.0.23 () {32 vars in 815 bytes} [Wed Mar 18 11:09:44 2026] GET /resource_providers/e20ecb69-eb6c-481f-bca5-cfd8bf9cc243/aggregates => generated 235 bytes in 17 msecs (HTTP/1.1 404) 5 headers in 202 bytes (1 switches on core 0)
2026-03-18 11:09:44.722 7 INFO placement.requestlog [None req-170baae0-83b4-409a-896c-d4daeea971fa f1c40940551249a794c0df5d232f87c6 0302c7700c9f43cc976ae139e0d0f787 - - a4ffe0d7f32b4a7bb4a7e11b20703eb9 a4ffe0d7f32b4a7bb4a7e11b20703eb9] 10.0.0.23 "GET /resource_providers/e20ecb69-eb6c-481f-bca5-cfd8bf9cc243/aggregates" status: 404 len: 235 microversion: 1.1 [pid: 7|app: 0|req: 545/1093] 10.0.0.23 () {32 vars in 815 bytes} [Wed Mar 18 11:09:44 2026] GET /resource_providers/e20ecb69-eb6c-481f-bca5-cfd8bf9cc243/aggregates => generated 235 bytes in 14 msecs (HTTP/1.1 404) 5 headers in 202 bytes (1 switches on core 0)
2026-03-18 11:09:44.742 7 INFO placement.requestlog [None req-452f5819-bebd-4e3e-8b20-dbcb507fbabf f1c40940551249a794c0df5d232f87c6 0302c7700c9f43cc976ae139e0d0f787 - - a4ffe0d7f32b4a7bb4a7e11b20703eb9 a4ffe0d7f32b4a7bb4a7e11b20703eb9] 10.0.0.23 "DELETE /resource_providers/e20ecb69-eb6c-481f-bca5-cfd8bf9cc243" status: 404 len: 246 microversion: 1.1 [pid: 7|app: 0|req: 546/1094] 10.0.0.23 () {34 vars in 815 bytes} [Wed Mar 18 11:09:44 2026] DELETE /resource_providers/e20ecb69-eb6c-481f-bca5-cfd8bf9cc243 => generated 246 bytes in 7 msecs (HTTP/1.1 404) 6 headers in 231 bytes (1 switches on core 0)
2026-03-18 11:09:44.742 8 INFO placement.requestlog [None req-216b971e-098f-4498-bcf1-30f78f76d130 f1c40940551249a794c0df5d232f87c6 0302c7700c9f43cc976ae139e0d0f787 - - a4ffe0d7f32b4a7bb4a7e11b20703eb9 a4ffe0d7f32b4a7bb4a7e11b20703eb9] 10.0.0.23 "DELETE /resource_providers/e20ecb69-eb6c-481f-bca5-cfd8bf9cc243" status: 404 len: 246 microversion: 1.1 [pid: 8|app: 0|req: 549/1095] 10.0.0.23 () {34 vars in 815 bytes} [Wed Mar 18 11:09:44 2026] DELETE /resource_providers/e20ecb69-eb6c-481f-bca5-cfd8bf9cc243 => generated 246 bytes in 13 msecs (HTTP/1.1 404) 6 headers in 231 bytes (1 switches on core 0)
2026-03-18 11:09:46.643 7 INFO placement.requestlog [req-615dbdb9-034d-46a2-9fc7-686375a3392b req-e9258495-9dec-4975-ac4e-d8d7410926a3 4320b62d2642494aa560dc940f5a98ca 0302c7700c9f43cc976ae139e0d0f787 - - a4ffe0d7f32b4a7bb4a7e11b20703eb9 a4ffe0d7f32b4a7bb4a7e11b20703eb9] 199.19.213.215 "GET /resource_providers/d3eaf5b8-e6e4-4696-81dc-cce95ff66316/allocations" status: 200 len: 153 microversion: 1.0 [pid: 7|app: 0|req: 547/1096] 199.19.213.215 () {32 vars in 857 bytes} [Wed Mar 18 11:09:46 2026] GET /resource_providers/d3eaf5b8-e6e4-4696-81dc-cce95ff66316/allocations => generated 153 bytes in 217 msecs (HTTP/1.1 200) 6 headers in 224 bytes (1 switches on core 0)
2026-03-18 11:09:46.667 8 INFO placement.requestlog [req-615dbdb9-034d-46a2-9fc7-686375a3392b req-685dfe94-fe01-41f4-b06c-2d92a2ca2e22 4320b62d2642494aa560dc940f5a98ca 0302c7700c9f43cc976ae139e0d0f787 - - a4ffe0d7f32b4a7bb4a7e11b20703eb9 a4ffe0d7f32b4a7bb4a7e11b20703eb9] 199.19.213.215 "GET /resource_providers?in_tree=d3eaf5b8-e6e4-4696-81dc-cce95ff66316" status: 200 len: 798 microversion: 1.14 [pid: 8|app: 0|req: 550/1097] 199.19.213.215 () {34 vars in 892 bytes} [Wed Mar 18 11:09:46 2026] GET /resource_providers?in_tree=d3eaf5b8-e6e4-4696-81dc-cce95ff66316 => generated 798 bytes in 17 msecs (HTTP/1.1 200) 6 headers in 225 bytes (1 switches on core 0)
2026-03-18 11:09:46.689 7 INFO placement.requestlog [req-615dbdb9-034d-46a2-9fc7-686375a3392b req-0f3a4aed-c861-4075-8ebb-3d7e2945790d 4320b62d2642494aa560dc940f5a98ca 0302c7700c9f43cc976ae139e0d0f787 - - a4ffe0d7f32b4a7bb4a7e11b20703eb9 a4ffe0d7f32b4a7bb4a7e11b20703eb9] 199.19.213.215 "GET /resource_providers/d3eaf5b8-e6e4-4696-81dc-cce95ff66316/inventories" status: 200 len: 401 microversion: 1.0 [pid: 7|app: 0|req: 548/1098] 199.19.213.215 () {32 vars in 857 bytes} [Wed Mar 18 11:09:46 2026] GET /resource_providers/d3eaf5b8-e6e4-4696-81dc-cce95ff66316/inventories => generated 401 bytes in 16 msecs (HTTP/1.1 200) 6 headers in 224 bytes (1 switches on core 0)
2026-03-18 11:09:46.705 8 INFO placement.requestlog [req-615dbdb9-034d-46a2-9fc7-686375a3392b req-a2c95ab3-c615-4e17-afba-f576b4809416 4320b62d2642494aa560dc940f5a98ca 0302c7700c9f43cc976ae139e0d0f787 - - a4ffe0d7f32b4a7bb4a7e11b20703eb9 a4ffe0d7f32b4a7bb4a7e11b20703eb9] 199.19.213.215 "GET /resource_providers/d3eaf5b8-e6e4-4696-81dc-cce95ff66316/aggregates" status: 200 len: 54 microversion: 1.19 [pid: 8|app: 0|req: 551/1099] 199.19.213.215 () {34 vars in 899 bytes} [Wed Mar 18 11:09:46 2026] GET /resource_providers/d3eaf5b8-e6e4-4696-81dc-cce95ff66316/aggregates => generated 54 bytes in 11 msecs (HTTP/1.1 200) 8 headers in 295 bytes (1 switches on core 0)
2026-03-18 11:09:46.727 7 INFO placement.requestlog [req-615dbdb9-034d-46a2-9fc7-686375a3392b req-88527001-0047-44de-9370-db1743e0725b 4320b62d2642494aa560dc940f5a98ca 0302c7700c9f43cc976ae139e0d0f787 - - a4ffe0d7f32b4a7bb4a7e11b20703eb9 a4ffe0d7f32b4a7bb4a7e11b20703eb9] 199.19.213.215 "GET /resource_providers/d3eaf5b8-e6e4-4696-81dc-cce95ff66316/traits" status: 200 len: 2176 microversion: 1.6 [pid: 7|app: 0|req: 549/1100] 199.19.213.215 () {34 vars in 890 bytes} [Wed Mar 18 11:09:46 2026] GET /resource_providers/d3eaf5b8-e6e4-4696-81dc-cce95ff66316/traits => generated 2176 bytes in 16 msecs (HTTP/1.1 200) 6 headers in 225 bytes (1 switches on core 0)
2026-03-18 11:09:46.760 8 INFO placement.requestlog [req-615dbdb9-034d-46a2-9fc7-686375a3392b req-6a27b49e-5e81-42ac-b0c3-80a861edc365 4320b62d2642494aa560dc940f5a98ca 0302c7700c9f43cc976ae139e0d0f787 - - a4ffe0d7f32b4a7bb4a7e11b20703eb9 a4ffe0d7f32b4a7bb4a7e11b20703eb9] 199.19.213.215 "GET /resource_providers/d3eaf5b8-e6e4-4696-81dc-cce95ff66316/allocations" status: 200 len: 153 microversion: 1.0 [pid: 8|app: 0|req: 552/1101] 199.19.213.215 () {32 vars in 857 bytes} [Wed Mar 18 11:09:46 2026] GET /resource_providers/d3eaf5b8-e6e4-4696-81dc-cce95ff66316/allocations => generated 153 bytes in 26 msecs (HTTP/1.1 200) 6 headers in 224 bytes (1 switches on core 0)
2026-03-18 11:09:46.761 7 INFO placement.requestlog [None req-3ad536eb-cc65-4567-a2ee-ef645f8dd97d f1c40940551249a794c0df5d232f87c6 0302c7700c9f43cc976ae139e0d0f787 - - a4ffe0d7f32b4a7bb4a7e11b20703eb9 a4ffe0d7f32b4a7bb4a7e11b20703eb9] 10.0.0.23 "GET /resource_providers/7aebb36b-823c-4f1a-9905-bce8f3c740c5/aggregates" status: 404 len: 235 microversion: 1.1 [pid: 7|app: 0|req: 550/1102] 10.0.0.23 () {32 vars in 815 bytes} [Wed Mar 18 11:09:46 2026] GET /resource_providers/7aebb36b-823c-4f1a-9905-bce8f3c740c5/aggregates => generated 235 bytes in 6 msecs (HTTP/1.1 404) 5 headers in 202 bytes (1 switches on core 0)
2026-03-18 11:09:46.769 8 INFO placement.requestlog [None req-2e6dc09f-618d-4aa5-a529-63a158da02dc f1c40940551249a794c0df5d232f87c6 0302c7700c9f43cc976ae139e0d0f787 - - a4ffe0d7f32b4a7bb4a7e11b20703eb9 a4ffe0d7f32b4a7bb4a7e11b20703eb9] 10.0.0.23 "GET /resource_providers/7aebb36b-823c-4f1a-9905-bce8f3c740c5/aggregates" status: 404 len: 235 microversion: 1.1 [pid: 8|app: 0|req: 553/1103] 10.0.0.23 () {32 vars in 815 bytes} [Wed Mar 18 11:09:46 2026] GET /resource_providers/7aebb36b-823c-4f1a-9905-bce8f3c740c5/aggregates => generated 235 bytes in 9 msecs (HTTP/1.1 404) 5 headers in 202 bytes (1 switches on core 0)
2026-03-18 11:09:46.776 7 INFO placement.requestlog [req-615dbdb9-034d-46a2-9fc7-686375a3392b req-0422fa64-1546-45d4-9096-8558e3b184ef 4320b62d2642494aa560dc940f5a98ca 0302c7700c9f43cc976ae139e0d0f787 - - a4ffe0d7f32b4a7bb4a7e11b20703eb9 a4ffe0d7f32b4a7bb4a7e11b20703eb9] 199.19.213.215 "GET /allocations/22ba155f-3130-44c3-b97e-5e38f306ac5d" status: 200 len: 258 microversion: 1.28 [pid: 7|app: 0|req: 551/1104] 199.19.213.215 () {34 vars in 863 bytes} [Wed Mar 18 11:09:46 2026] GET /allocations/22ba155f-3130-44c3-b97e-5e38f306ac5d => generated 258 bytes in 10 msecs (HTTP/1.1 200) 8 headers in 296 bytes (1 switches on core 0)
2026-03-18 11:09:46.782 7 INFO placement.requestlog [None req-bde32f4c-8b1b-4454-81f3-476efd256dc0 f1c40940551249a794c0df5d232f87c6 0302c7700c9f43cc976ae139e0d0f787 - - a4ffe0d7f32b4a7bb4a7e11b20703eb9 a4ffe0d7f32b4a7bb4a7e11b20703eb9] 10.0.0.23 "DELETE /resource_providers/7aebb36b-823c-4f1a-9905-bce8f3c740c5" status: 404 len: 246 microversion: 1.1 [pid: 7|app: 0|req: 552/1105] 10.0.0.23 () {34 vars in 815 bytes} [Wed Mar 18 11:09:46 2026] DELETE /resource_providers/7aebb36b-823c-4f1a-9905-bce8f3c740c5 => generated 246 bytes in 5 msecs (HTTP/1.1 404) 6 headers in 231 bytes (1 switches on core 0)
2026-03-18 11:09:46.786 8 INFO placement.requestlog [None req-c240a7f4-05c8-45cf-801b-1c2e093d4c51 f1c40940551249a794c0df5d232f87c6 0302c7700c9f43cc976ae139e0d0f787 - - a4ffe0d7f32b4a7bb4a7e11b20703eb9 a4ffe0d7f32b4a7bb4a7e11b20703eb9] 10.0.0.23 "DELETE /resource_providers/7aebb36b-823c-4f1a-9905-bce8f3c740c5" status: 404 len: 246 microversion: 1.1 [pid: 8|app: 0|req: 554/1106] 10.0.0.23 () {34 vars in 815 bytes} [Wed Mar 18 11:09:46 2026] DELETE /resource_providers/7aebb36b-823c-4f1a-9905-bce8f3c740c5 => generated 246 bytes in 12 msecs (HTTP/1.1 404) 6 headers in 231 bytes (1 switches on core 0)
2026-03-18 11:09:49.943 8 INFO placement.requestlog [None req-5455aaa2-92b8-4602-a6f0-f83d70b47e28 f1c40940551249a794c0df5d232f87c6 0302c7700c9f43cc976ae139e0d0f787 - - a4ffe0d7f32b4a7bb4a7e11b20703eb9 a4ffe0d7f32b4a7bb4a7e11b20703eb9] 10.0.0.23 "GET /resource_providers/742eb6db-a6ac-4ef5-a84b-678b4770ad2b/aggregates" status: 404 len: 235 microversion: 1.1
2026-03-18 11:09:49.944 7 INFO placement.requestlog [None req-bd10dc29-dc30-4e21-9441-842be3d14c32 f1c40940551249a794c0df5d232f87c6 0302c7700c9f43cc976ae139e0d0f787 - - a4ffe0d7f32b4a7bb4a7e11b20703eb9 a4ffe0d7f32b4a7bb4a7e11b20703eb9] 10.0.0.23 "GET /resource_providers/742eb6db-a6ac-4ef5-a84b-678b4770ad2b/aggregates" status: 404 len: 235 microversion: 1.1 [pid: 8|app: 0|req: 555/1107] 10.0.0.23 () {32 vars in 815 bytes} [Wed Mar 18 11:09:49 2026] GET /resource_providers/742eb6db-a6ac-4ef5-a84b-678b4770ad2b/aggregates => generated 235 bytes in 8 msecs (HTTP/1.1 404) 5 headers in 202 bytes (1 switches on core 0) [pid: 7|app: 0|req: 553/1108] 10.0.0.23 () {32 vars in 815 bytes} [Wed Mar 18 11:09:49 2026] GET /resource_providers/742eb6db-a6ac-4ef5-a84b-678b4770ad2b/aggregates => generated 235 bytes in 9 msecs (HTTP/1.1 404) 5 headers in 202 bytes (1 switches on core 0)
2026-03-18 11:09:49.969 8 INFO placement.requestlog [None req-b56c601a-ddb1-4126-921e-3a4181d96229 f1c40940551249a794c0df5d232f87c6 0302c7700c9f43cc976ae139e0d0f787 - - a4ffe0d7f32b4a7bb4a7e11b20703eb9 a4ffe0d7f32b4a7bb4a7e11b20703eb9] 10.0.0.23 "DELETE /resource_providers/742eb6db-a6ac-4ef5-a84b-678b4770ad2b" status: 404 len: 246 microversion: 1.1 [pid: 8|app: 0|req: 556/1109] 10.0.0.23 () {34 vars in 815 bytes} [Wed Mar 18 11:09:49 2026] DELETE /resource_providers/742eb6db-a6ac-4ef5-a84b-678b4770ad2b => generated 246 bytes in 11 msecs (HTTP/1.1 404) 6 headers in 231 bytes (1 switches on core 0)
2026-03-18 11:09:49.971 7 INFO placement.requestlog [None req-983dc376-3c22-4ab2-b6a5-bb34b6e07efe f1c40940551249a794c0df5d232f87c6 0302c7700c9f43cc976ae139e0d0f787 - - a4ffe0d7f32b4a7bb4a7e11b20703eb9 a4ffe0d7f32b4a7bb4a7e11b20703eb9] 10.0.0.23 "DELETE /resource_providers/742eb6db-a6ac-4ef5-a84b-678b4770ad2b" status: 404 len: 246 microversion: 1.1 [pid: 7|app: 0|req: 554/1110] 10.0.0.23 () {34 vars in 815 bytes} [Wed Mar 18 11:09:49 2026] DELETE /resource_providers/742eb6db-a6ac-4ef5-a84b-678b4770ad2b => generated 246 bytes in 12 msecs (HTTP/1.1 404) 6 headers in 231 bytes (1 switches on core 0)
2026-03-18 11:09:51.175 8 INFO placement.requestlog [None req-7982698e-8932-451d-9822-95759ceeac47 - - - - - -] 10.0.0.185 "GET /" status: 200 len: 136 microversion: 1.0
2026-03-18 11:09:51.176 7 INFO placement.requestlog [None req-7e1d375d-38ec-43fd-a0e2-1d127f43118b - - - - - -] 10.0.0.185 "GET /" status: 200 len: 136 microversion: 1.0
2026-03-18 11:09:51.494 8 INFO placement.requestlog [None req-82684ad9-161a-4e23-9d3d-bc9b7145b072 b9e691af462940879bd891bdcd730022 a51a736eed1449f8b113f9cff6f40ac8 - - default default] 10.0.0.59 "GET /resource_providers" status: 200 len: 406 microversion: 1.0 [pid: 8|app: 0|req: 558/1113] 10.0.0.59 () {28 vars in 592 bytes} [Wed Mar 18 11:09:51 2026] GET /resource_providers => generated 406 bytes in 61 msecs (HTTP/1.1 200) 6 headers in 224 bytes (1 switches on core 0)
2026-03-18 11:09:51.518 7 INFO placement.requestlog [None req-f397f808-2fc9-4a82-b84d-022160e1a24b b9e691af462940879bd891bdcd730022 a51a736eed1449f8b113f9cff6f40ac8 - - default default] 10.0.0.59 "GET /resource_providers/d3eaf5b8-e6e4-4696-81dc-cce95ff66316/inventories" status: 200 len: 401 microversion: 1.0 [pid: 7|app: 0|req: 556/1114] 10.0.0.59 () {28 vars in 690 bytes} [Wed Mar 18 11:09:51 2026] GET /resource_providers/d3eaf5b8-e6e4-4696-81dc-cce95ff66316/inventories => generated 401 bytes in 19 msecs (HTTP/1.1 200) 6 headers in 224 bytes (1 switches on core 0)
2026-03-18 11:09:51.541 8 INFO placement.requestlog [None req-c63642cc-41e7-4e5e-90d4-d38b6fa26e2e b9e691af462940879bd891bdcd730022 a51a736eed1449f8b113f9cff6f40ac8 - - default default] 10.0.0.59 "GET /resource_providers/d3eaf5b8-e6e4-4696-81dc-cce95ff66316/usages" status: 200 len: 91 microversion: 1.0 [pid: 8|app: 0|req: 559/1115] 10.0.0.59 () {28 vars in 680 bytes} [Wed Mar 18 11:09:51 2026] GET /resource_providers/d3eaf5b8-e6e4-4696-81dc-cce95ff66316/usages => generated 91 bytes in 16 msecs (HTTP/1.1 200) 6 headers in 223 bytes (1 switches on core 0)
2026-03-18 11:09:52.000 7 INFO placement.requestlog [None req-5910a567-aca1-4a1b-95fe-fbceb5915137 f1c40940551249a794c0df5d232f87c6 0302c7700c9f43cc976ae139e0d0f787 - - a4ffe0d7f32b4a7bb4a7e11b20703eb9 a4ffe0d7f32b4a7bb4a7e11b20703eb9] 10.0.0.23 "GET /resource_providers/dbf4550e-e1d3-427f-b9fb-49e12af7b556/aggregates" status: 404 len: 235 microversion: 1.1 [pid: 7|app: 0|req: 557/1116] 10.0.0.23 () {32 vars in 815 bytes} [Wed Mar 18 11:09:51 2026] GET /resource_providers/dbf4550e-e1d3-427f-b9fb-49e12af7b556/aggregates => generated 235 bytes in 9 msecs (HTTP/1.1 404) 5 headers in 202 bytes (1 switches on core 0)
2026-03-18 11:09:52.008 8 INFO placement.requestlog [None req-021d4cc7-c716-48d6-91b3-5ad1e3a45909 f1c40940551249a794c0df5d232f87c6 0302c7700c9f43cc976ae139e0d0f787 - - a4ffe0d7f32b4a7bb4a7e11b20703eb9 a4ffe0d7f32b4a7bb4a7e11b20703eb9] 10.0.0.23 "GET /resource_providers/dbf4550e-e1d3-427f-b9fb-49e12af7b556/aggregates" status: 404 len: 235 microversion: 1.1 [pid: 8|app: 0|req: 560/1117] 10.0.0.23 () {32 vars in 815 bytes} [Wed Mar 18 11:09:51 2026] GET /resource_providers/dbf4550e-e1d3-427f-b9fb-49e12af7b556/aggregates => generated 235 bytes in 15 msecs (HTTP/1.1 404) 5 headers in 202 bytes (1 switches on core 0)
2026-03-18 11:09:52.035 7 INFO placement.requestlog [None req-5ebb4931-9e4a-4546-8def-8205abef9202 f1c40940551249a794c0df5d232f87c6 0302c7700c9f43cc976ae139e0d0f787 - - a4ffe0d7f32b4a7bb4a7e11b20703eb9 a4ffe0d7f32b4a7bb4a7e11b20703eb9] 10.0.0.23 "DELETE /resource_providers/dbf4550e-e1d3-427f-b9fb-49e12af7b556" status: 404 len: 246 microversion: 1.1
2026-03-18 11:09:52.035 8 INFO placement.requestlog [None req-dd9c95dc-9d74-4519-8007-f990f410d60b f1c40940551249a794c0df5d232f87c6 0302c7700c9f43cc976ae139e0d0f787 - - a4ffe0d7f32b4a7bb4a7e11b20703eb9 a4ffe0d7f32b4a7bb4a7e11b20703eb9] 10.0.0.23 "DELETE /resource_providers/dbf4550e-e1d3-427f-b9fb-49e12af7b556" status: 404 len: 246 microversion: 1.1 [pid: 7|app: 0|req: 558/1118] 10.0.0.23 () {34 vars in 815 bytes} [Wed Mar 18 11:09:52 2026] DELETE /resource_providers/dbf4550e-e1d3-427f-b9fb-49e12af7b556 => generated 246 bytes in 11 msecs (HTTP/1.1 404) 6 headers in 231 bytes (1 switches on core 0) [pid: 8|app: 0|req: 561/1119] 10.0.0.23 () {34 vars in 815 bytes} [Wed Mar 18 11:09:52 2026] DELETE /resource_providers/dbf4550e-e1d3-427f-b9fb-49e12af7b556 => generated 246 bytes in 11 msecs (HTTP/1.1 404) 6 headers in 231 bytes (1 switches on core 0)
2026-03-18 11:09:54.533 7 INFO placement.requestlog [None req-e4da8435-66ba-4b33-a363-7973177c47fd f1c40940551249a794c0df5d232f87c6 0302c7700c9f43cc976ae139e0d0f787 - - a4ffe0d7f32b4a7bb4a7e11b20703eb9 a4ffe0d7f32b4a7bb4a7e11b20703eb9] 10.0.0.23 "GET /resource_providers/a9c2ff66-c2c4-4784-bbec-c3ff2a65d70b/aggregates" status: 404 len: 235 microversion: 1.1 [pid: 7|app: 0|req: 559/1120] 10.0.0.23 () {32 vars in 815 bytes} [Wed Mar 18 11:09:54 2026] GET /resource_providers/a9c2ff66-c2c4-4784-bbec-c3ff2a65d70b/aggregates => generated 235 bytes in 10 msecs (HTTP/1.1 404) 5 headers in 202 bytes (1 switches on core 0)
2026-03-18 11:09:54.537 8 INFO placement.requestlog [None req-81f32992-d3a5-451b-8ca3-f1989a0f93f4 f1c40940551249a794c0df5d232f87c6 0302c7700c9f43cc976ae139e0d0f787 - - a4ffe0d7f32b4a7bb4a7e11b20703eb9 a4ffe0d7f32b4a7bb4a7e11b20703eb9] 10.0.0.23 "GET /resource_providers/a9c2ff66-c2c4-4784-bbec-c3ff2a65d70b/aggregates" status: 404 len: 235 microversion: 1.1 [pid: 8|app: 0|req: 562/1121] 10.0.0.23 () {32 vars in 815 bytes} [Wed Mar 18 11:09:54 2026] GET /resource_providers/a9c2ff66-c2c4-4784-bbec-c3ff2a65d70b/aggregates => generated 235 bytes in 10 msecs (HTTP/1.1 404) 5 headers in 202 bytes (1 switches on core 0)
2026-03-18 11:09:54.561 7 INFO placement.requestlog [None req-d8de0ce4-0501-4927-acbd-22ab2a9d6b04 f1c40940551249a794c0df5d232f87c6 0302c7700c9f43cc976ae139e0d0f787 - - a4ffe0d7f32b4a7bb4a7e11b20703eb9 a4ffe0d7f32b4a7bb4a7e11b20703eb9] 10.0.0.23 "DELETE /resource_providers/a9c2ff66-c2c4-4784-bbec-c3ff2a65d70b" status: 404 len: 246 microversion: 1.1 [pid: 7|app: 0|req: 560/1122] 10.0.0.23 () {34 vars in 815 bytes} [Wed Mar 18 11:09:54 2026] DELETE /resource_providers/a9c2ff66-c2c4-4784-bbec-c3ff2a65d70b => generated 246 bytes in 13 msecs (HTTP/1.1 404) 6 headers in 231 bytes (1 switches on core 0)
