May 09 09:05:06.058164 np0000173047 devstack@g-api.service[115581]: DEBUG glance.common.config [None req-55456238-9823-4566-b77a-19f7fae68bad None None] healthcheck.detailed = False {{(pid=115581) log_opt_values /opt/stack/data/venv/lib/python3.12/site-packages/oslo_config/cfg.py:3006}}
May 09 09:05:06.058195 np0000173047 devstack@g-api.service[115582]: DEBUG glance.common.config [None req-9a953948-7ee5-4a8c-a682-f993b0938299 None None] database.pool_timeout = None {{(pid=115582) log_opt_values /opt/stack/data/venv/lib/python3.12/site-packages/oslo_config/cfg.py:3006}}
May 09 09:05:06.058226 np0000173047 devstack@g-api.service[115581]: DEBUG glance.common.config [None req-55456238-9823-4566-b77a-19f7fae68bad None None] healthcheck.disable_by_file_path = None {{(pid=115581) log_opt_values /opt/stack/data/venv/lib/python3.12/site-packages/oslo_config/cfg.py:3006}}
May 09 09:05:06.058257 np0000173047 devstack@g-api.service[115584]: DEBUG glance.common.config [None req-06180777-c245-48a6-b763-58666ff0f9d4 None None] database.connection_parameters = {{(pid=115584) log_opt_values /opt/stack/data/venv/lib/python3.12/site-packages/oslo_config/cfg.py:3006}}
May 09 09:05:06.058296 np0000173047 devstack@g-api.service[115582]: DEBUG glance.common.config [None req-9a953948-7ee5-4a8c-a682-f993b0938299 None None] database.retry_interval = 10 {{(pid=115582) log_opt_values /opt/stack/data/venv/lib/python3.12/site-packages/oslo_config/cfg.py:3006}}
May 09 09:05:06.058331 np0000173047 devstack@g-api.service[115581]: DEBUG glance.common.config [None req-55456238-9823-4566-b77a-19f7fae68bad None None] healthcheck.ignore_proxied_requests = False {{(pid=115581) log_opt_values /opt/stack/data/venv/lib/python3.12/site-packages/oslo_config/cfg.py:3006}}
May 09 09:05:06.058361 np0000173047 devstack@g-api.service[115584]: DEBUG glance.common.config [None req-06180777-c245-48a6-b763-58666ff0f9d4 None None] database.connection_recycle_time = 3600 {{(pid=115584) log_opt_values /opt/stack/data/venv/lib/python3.12/site-packages/oslo_config/cfg.py:3006}}
May 09 09:05:06.058393 np0000173047 devstack@g-api.service[115582]: DEBUG glance.common.config [None req-9a953948-7ee5-4a8c-a682-f993b0938299 None None] database.slave_connection = **** {{(pid=115582) log_opt_values /opt/stack/data/venv/lib/python3.12/site-packages/oslo_config/cfg.py:3006}}
May 09 09:05:06.058420 np0000173047 devstack@g-api.service[115581]: DEBUG glance.common.config [None req-55456238-9823-4566-b77a-19f7fae68bad None None] ******************************************************************************** {{(pid=115581) log_opt_values /opt/stack/data/venv/lib/python3.12/site-packages/oslo_config/cfg.py:3013}}
May 09 09:05:06.058460 np0000173047 devstack@g-api.service[115584]: DEBUG glance.common.config [None req-06180777-c245-48a6-b763-58666ff0f9d4 None None] database.connection_trace = False {{(pid=115584) log_opt_values /opt/stack/data/venv/lib/python3.12/site-packages/oslo_config/cfg.py:3006}}
May 09 09:05:06.058778 np0000173047 devstack@g-api.service[115582]: DEBUG glance.common.config [None req-9a953948-7ee5-4a8c-a682-f993b0938299 None None] database.sqlite_synchronous = True {{(pid=115582) log_opt_values /opt/stack/data/venv/lib/python3.12/site-packages/oslo_config/cfg.py:3006}}
May 09 09:05:06.058826 np0000173047 devstack@g-api.service[115581]: WSGI app 0 (mountpoint='') ready in 3 seconds on interpreter 0x73f65f0a3668 pid: 115581 (default app)
May 09 09:05:06.058853 np0000173047 devstack@g-api.service[115584]: DEBUG glance.common.config [None req-06180777-c245-48a6-b763-58666ff0f9d4 None None] database.db_inc_retry_interval = True {{(pid=115584) log_opt_values /opt/stack/data/venv/lib/python3.12/site-packages/oslo_config/cfg.py:3006}}
May 09 09:05:06.058884 np0000173047 devstack@g-api.service[115582]: DEBUG glance.common.config [None req-9a953948-7ee5-4a8c-a682-f993b0938299 None None] database.synchronous_reader = True {{(pid=115582) log_opt_values /opt/stack/data/venv/lib/python3.12/site-packages/oslo_config/cfg.py:3006}}
May 09 09:05:06.058911 np0000173047 devstack@g-api.service[115584]: DEBUG glance.common.config [None req-06180777-c245-48a6-b763-58666ff0f9d4 None None] database.db_max_retries = 20 {{(pid=115584) log_opt_values /opt/stack/data/venv/lib/python3.12/site-packages/oslo_config/cfg.py:3006}}
May 09 09:05:06.058948 np0000173047 devstack@g-api.service[115582]: DEBUG glance.common.config [None req-9a953948-7ee5-4a8c-a682-f993b0938299 None None] database.use_db_reconnect = False {{(pid=115582) log_opt_values /opt/stack/data/venv/lib/python3.12/site-packages/oslo_config/cfg.py:3006}}
May 09 09:05:06.058982 np0000173047 devstack@g-api.service[115584]: DEBUG glance.common.config [None req-06180777-c245-48a6-b763-58666ff0f9d4 None None] database.db_max_retry_interval = 10 {{(pid=115584) log_opt_values /opt/stack/data/venv/lib/python3.12/site-packages/oslo_config/cfg.py:3006}}
May 09 09:05:06.059018 np0000173047 devstack@g-api.service[115582]: DEBUG glance.common.config [None req-9a953948-7ee5-4a8c-a682-f993b0938299 None None] healthcheck.allowed_source_ranges = [] {{(pid=115582) log_opt_values /opt/stack/data/venv/lib/python3.12/site-packages/oslo_config/cfg.py:3006}}
May 09 09:05:06.059018 np0000173047 devstack@g-api.service[115582]: DEBUG glance.common.config [None req-9a953948-7ee5-4a8c-a682-f993b0938299 None None] healthcheck.backends = ['disable_by_file'] {{(pid=115582) log_opt_values /opt/stack/data/venv/lib/python3.12/site-packages/oslo_config/cfg.py:3006}}
May 09 09:05:06.059075 np0000173047 devstack@g-api.service[115584]: DEBUG glance.common.config [None req-06180777-c245-48a6-b763-58666ff0f9d4 None None] database.db_retry_interval = 1 {{(pid=115584) log_opt_values /opt/stack/data/venv/lib/python3.12/site-packages/oslo_config/cfg.py:3006}}
May 09 09:05:06.059106 np0000173047 devstack@g-api.service[115582]: DEBUG glance.common.config [None req-9a953948-7ee5-4a8c-a682-f993b0938299 None None] healthcheck.detailed = False {{(pid=115582) log_opt_values /opt/stack/data/venv/lib/python3.12/site-packages/oslo_config/cfg.py:3006}}
May 09 09:05:06.059137 np0000173047 devstack@g-api.service[115584]: DEBUG glance.common.config [None req-06180777-c245-48a6-b763-58666ff0f9d4 None None] database.max_overflow = 50 {{(pid=115584) log_opt_values /opt/stack/data/venv/lib/python3.12/site-packages/oslo_config/cfg.py:3006}}
May 09 09:05:06.059163 np0000173047 devstack@g-api.service[115581]: DEBUG glance.api.middleware.version_negotiation [None req-55456238-9823-4566-b77a-19f7fae68bad None None] Determining version of request: GET / Accept: */* {{(pid=115581) process_request /opt/stack/glance/glance/api/middleware/version_negotiation.py:44}}
May 09 09:05:06.059198 np0000173047 devstack@g-api.service[115582]: DEBUG glance.common.config [None req-9a953948-7ee5-4a8c-a682-f993b0938299 None None] healthcheck.disable_by_file_path = None {{(pid=115582) log_opt_values /opt/stack/data/venv/lib/python3.12/site-packages/oslo_config/cfg.py:3006}}
May 09 09:05:06.059230 np0000173047 devstack@g-api.service[115584]: DEBUG glance.common.config [None req-06180777-c245-48a6-b763-58666ff0f9d4 None None] database.max_pool_size = 5 {{(pid=115584) log_opt_values /opt/stack/data/venv/lib/python3.12/site-packages/oslo_config/cfg.py:3006}}
May 09 09:05:06.059262 np0000173047 devstack@g-api.service[115582]: DEBUG glance.common.config [None req-9a953948-7ee5-4a8c-a682-f993b0938299 None None] healthcheck.ignore_proxied_requests = False {{(pid=115582) log_opt_values /opt/stack/data/venv/lib/python3.12/site-packages/oslo_config/cfg.py:3006}}
May 09 09:05:06.059296 np0000173047 devstack@g-api.service[115581]: DEBUG glance.api.middleware.version_negotiation [None req-55456238-9823-4566-b77a-19f7fae68bad None None] Using url versioning {{(pid=115581) process_request /opt/stack/glance/glance/api/middleware/version_negotiation.py:57}}
May 09 09:05:06.059327 np0000173047 devstack@g-api.service[115584]: DEBUG glance.common.config [None req-06180777-c245-48a6-b763-58666ff0f9d4 None None] database.max_retries = 10 {{(pid=115584) log_opt_values /opt/stack/data/venv/lib/python3.12/site-packages/oslo_config/cfg.py:3006}}
May 09 09:05:06.059359 np0000173047 devstack@g-api.service[115582]: DEBUG glance.common.config [None req-9a953948-7ee5-4a8c-a682-f993b0938299 None None] ******************************************************************************** {{(pid=115582) log_opt_values /opt/stack/data/venv/lib/python3.12/site-packages/oslo_config/cfg.py:3013}}
May 09 09:05:06.059359 np0000173047 devstack@g-api.service[115582]: WSGI app 0 (mountpoint='') ready in 3 seconds on interpreter 0x73f65f0a3668 pid: 115582 (default app)
May 09 09:05:06.059411 np0000173047 devstack@g-api.service[115584]: DEBUG glance.common.config [None req-06180777-c245-48a6-b763-58666ff0f9d4 None None] database.mysql_sql_mode = TRADITIONAL {{(pid=115584) log_opt_values /opt/stack/data/venv/lib/python3.12/site-packages/oslo_config/cfg.py:3006}}
May 09 09:05:06.059438 np0000173047 devstack@g-api.service[115581]: DEBUG glance.api.middleware.version_negotiation [None req-55456238-9823-4566-b77a-19f7fae68bad None None] Unknown version. Returning version choices. {{(pid=115581) process_request /opt/stack/glance/glance/api/middleware/version_negotiation.py:64}}
May 09 09:05:06.059465 np0000173047 devstack@g-api.service[115584]: DEBUG glance.common.config [None req-06180777-c245-48a6-b763-58666ff0f9d4 None None] database.mysql_wsrep_sync_wait = None {{(pid=115584) log_opt_values /opt/stack/data/venv/lib/python3.12/site-packages/oslo_config/cfg.py:3006}}
May 09 09:05:06.059465 np0000173047 devstack@g-api.service[115584]: DEBUG glance.common.config [None req-06180777-c245-48a6-b763-58666ff0f9d4 None None] database.pool_timeout = None {{(pid=115584) log_opt_values /opt/stack/data/venv/lib/python3.12/site-packages/oslo_config/cfg.py:3006}}
May 09 09:05:06.059465 np0000173047 devstack@g-api.service[115584]: DEBUG glance.common.config [None req-06180777-c245-48a6-b763-58666ff0f9d4 None None] database.retry_interval = 10 {{(pid=115584) log_opt_values /opt/stack/data/venv/lib/python3.12/site-packages/oslo_config/cfg.py:3006}}
May 09 09:05:06.059465 np0000173047 devstack@g-api.service[115584]: DEBUG glance.common.config [None req-06180777-c245-48a6-b763-58666ff0f9d4 None None] database.slave_connection = **** {{(pid=115584) log_opt_values /opt/stack/data/venv/lib/python3.12/site-packages/oslo_config/cfg.py:3006}}
May 09 09:05:06.059465 np0000173047 devstack@g-api.service[115584]: DEBUG glance.common.config [None req-06180777-c245-48a6-b763-58666ff0f9d4 None None] database.sqlite_synchronous = True {{(pid=115584) log_opt_values /opt/stack/data/venv/lib/python3.12/site-packages/oslo_config/cfg.py:3006}}
May 09 09:05:06.059465 np0000173047 devstack@g-api.service[115584]: DEBUG glance.common.config [None req-06180777-c245-48a6-b763-58666ff0f9d4 None None] database.synchronous_reader = True {{(pid=115584) log_opt_values /opt/stack/data/venv/lib/python3.12/site-packages/oslo_config/cfg.py:3006}}
May 09 09:05:06.059465 np0000173047 devstack@g-api.service[115584]: DEBUG glance.common.config [None req-06180777-c245-48a6-b763-58666ff0f9d4 None None] database.use_db_reconnect = False {{(pid=115584) log_opt_values /opt/stack/data/venv/lib/python3.12/site-packages/oslo_config/cfg.py:3006}}
May 09 09:05:06.059733 np0000173047 devstack@g-api.service[115581]: [pid: 115581|app: 0|req: 1/1] 127.0.0.1 () {34 vars in 497 bytes} [Sat May 9 09:05:06 2026] GET / => generated 1459 bytes in 1 msecs (HTTP/1.1 300) 3 headers in 106 bytes (1 switches on core 0)
May 09 09:05:06.059762 np0000173047 devstack@g-api.service[115584]: DEBUG glance.common.config [None req-06180777-c245-48a6-b763-58666ff0f9d4 None None] healthcheck.allowed_source_ranges = [] {{(pid=115584) log_opt_values /opt/stack/data/venv/lib/python3.12/site-packages/oslo_config/cfg.py:3006}}
May 09 09:05:06.059762 np0000173047 devstack@g-api.service[115584]: DEBUG glance.common.config [None req-06180777-c245-48a6-b763-58666ff0f9d4 None None] healthcheck.backends = ['disable_by_file'] {{(pid=115584) log_opt_values /opt/stack/data/venv/lib/python3.12/site-packages/oslo_config/cfg.py:3006}}
May 09 09:05:06.059762 np0000173047 devstack@g-api.service[115584]: DEBUG glance.common.config [None req-06180777-c245-48a6-b763-58666ff0f9d4 None None] healthcheck.detailed = False {{(pid=115584) log_opt_values /opt/stack/data/venv/lib/python3.12/site-packages/oslo_config/cfg.py:3006}}
May 09 09:05:06.059762 np0000173047 devstack@g-api.service[115584]: DEBUG glance.common.config [None req-06180777-c245-48a6-b763-58666ff0f9d4 None None] healthcheck.disable_by_file_path = None {{(pid=115584) log_opt_values /opt/stack/data/venv/lib/python3.12/site-packages/oslo_config/cfg.py:3006}}
May 09 09:05:06.059762 np0000173047 devstack@g-api.service[115584]: DEBUG glance.common.config [None req-06180777-c245-48a6-b763-58666ff0f9d4 None None] healthcheck.ignore_proxied_requests = False {{(pid=115584) log_opt_values /opt/stack/data/venv/lib/python3.12/site-packages/oslo_config/cfg.py:3006}}
May 09 09:05:06.059762 np0000173047 devstack@g-api.service[115584]: DEBUG glance.common.config [None req-06180777-c245-48a6-b763-58666ff0f9d4 None None] ******************************************************************************** {{(pid=115584) log_opt_values /opt/stack/data/venv/lib/python3.12/site-packages/oslo_config/cfg.py:3013}}
May 09 09:05:06.059762 np0000173047 devstack@g-api.service[115584]: WSGI app 0 (mountpoint='') ready in 3 seconds on interpreter 0x73f65f0a3668 pid: 115584 (default app)
May 09 09:05:06.059961 np0000173047 devstack@g-api.service[115583]: INFO glance.image_cache [None req-8a102444-89b8-4f9a-a664-ad34888dd14a None None] Image cache loaded driver 'centralized_db'.
May 09 09:05:06.068440 np0000173047 devstack@g-api.service[115583]: DEBUG glance.image_cache.drivers.centralized_db [None req-8a102444-89b8-4f9a-a664-ad34888dd14a None None] Node reference is already recorded, ignoring it {{(pid=115583) configure /opt/stack/glance/glance/image_cache/drivers/centralized_db.py:71}}
May 09 09:05:06.076293 np0000173047 devstack@g-api.service[115583]: DEBUG glance.api.v2.cached_images [None req-8a102444-89b8-4f9a-a664-ad34888dd14a None None] Started cache worker thread {{(pid=115583) __init__ /opt/stack/glance/glance/api/v2/cached_images.py:69}}
May 09 09:05:06.077175 np0000173047 devstack@g-api.service[115583]: INFO glance.image_cache [None req-8a102444-89b8-4f9a-a664-ad34888dd14a None None] Image cache loaded driver 'centralized_db'.
May 09 09:05:06.086626 np0000173047 devstack@g-api.service[115583]: DEBUG glance.image_cache.drivers.centralized_db [None req-8a102444-89b8-4f9a-a664-ad34888dd14a None None] Node reference is already recorded, ignoring it {{(pid=115583) configure /opt/stack/glance/glance/image_cache/drivers/centralized_db.py:71}}
May 09 09:05:06.098532 np0000173047 devstack@g-api.service[115583]: INFO glance.api.middleware.cache_manage [None req-8a102444-89b8-4f9a-a664-ad34888dd14a None None] Initialized image cache management middleware
May 09 09:05:06.098666 np0000173047 devstack@g-api.service[115583]: INFO glance.image_cache [None req-8a102444-89b8-4f9a-a664-ad34888dd14a None None] Image cache loaded driver 'centralized_db'.
May 09 09:05:06.109372 np0000173047 devstack@g-api.service[115583]: DEBUG glance.image_cache.drivers.centralized_db [None req-8a102444-89b8-4f9a-a664-ad34888dd14a None None] Node reference is already recorded, ignoring it {{(pid=115583) configure /opt/stack/glance/glance/image_cache/drivers/centralized_db.py:71}}
May 09 09:05:06.115026 np0000173047 devstack@g-api.service[115583]: INFO glance.api.middleware.cache [None req-8a102444-89b8-4f9a-a664-ad34888dd14a None None] Initialized image cache middleware
May 09 09:05:06.122145 np0000173047 devstack@g-api.service[115583]: WARNING keystonemiddleware.auth_token [None req-8a102444-89b8-4f9a-a664-ad34888dd14a None None] AuthToken middleware is set with keystone_authtoken.service_token_roles_required set to False. This is backwards compatible but deprecated behaviour. Please set this to True.
May 09 09:05:06.128504 np0000173047 devstack@g-api.service[115583]: DEBUG glance.common.config [None req-8a102444-89b8-4f9a-a664-ad34888dd14a None None] ******************************************************************************** {{(pid=115583) log_opt_values /opt/stack/data/venv/lib/python3.12/site-packages/oslo_config/cfg.py:2979}}
May 09 09:05:06.128604 np0000173047 devstack@g-api.service[115583]: DEBUG glance.common.config [None req-8a102444-89b8-4f9a-a664-ad34888dd14a None None] Configuration options gathered from: {{(pid=115583) log_opt_values /opt/stack/data/venv/lib/python3.12/site-packages/oslo_config/cfg.py:2980}}
May 09 09:05:06.129465 np0000173047 devstack@g-api.service[115583]: DEBUG glance.common.config [None req-8a102444-89b8-4f9a-a664-ad34888dd14a None None] command line args: [] {{(pid=115583) log_opt_values /opt/stack/data/venv/lib/python3.12/site-packages/oslo_config/cfg.py:2981}}
May 09 09:05:06.129755 np0000173047 devstack@g-api.service[115583]: DEBUG glance.common.config [None req-8a102444-89b8-4f9a-a664-ad34888dd14a None None] config files: ['/etc/glance/glance-image-import.conf', '/etc/glance/glance-api.conf'] {{(pid=115583) log_opt_values /opt/stack/data/venv/lib/python3.12/site-packages/oslo_config/cfg.py:2982}}
May 09 09:05:06.129834 np0000173047 devstack@g-api.service[115583]: DEBUG glance.common.config [None req-8a102444-89b8-4f9a-a664-ad34888dd14a None None] ================================================================================ {{(pid=115583) log_opt_values /opt/stack/data/venv/lib/python3.12/site-packages/oslo_config/cfg.py:2987}}
May 09 09:05:06.129985 np0000173047 devstack@g-api.service[115583]: DEBUG glance.common.config [None req-8a102444-89b8-4f9a-a664-ad34888dd14a None None] allow_anonymous_access = False {{(pid=115583) log_opt_values /opt/stack/data/venv/lib/python3.12/site-packages/oslo_config/cfg.py:2995}}
May 09 09:05:06.130101 np0000173047 devstack@g-api.service[115583]: DEBUG glance.common.config [None req-8a102444-89b8-4f9a-a664-ad34888dd14a None None] api_limit_max = 1000 {{(pid=115583) log_opt_values /opt/stack/data/venv/lib/python3.12/site-packages/oslo_config/cfg.py:2995}}
May 09 09:05:06.130223 np0000173047 devstack@g-api.service[115583]: DEBUG glance.common.config [None req-8a102444-89b8-4f9a-a664-ad34888dd14a None None] backlog = 4096 {{(pid=115583) log_opt_values /opt/stack/data/venv/lib/python3.12/site-packages/oslo_config/cfg.py:2995}}
May 09 09:05:06.130360 np0000173047 devstack@g-api.service[115583]: DEBUG glance.common.config [None req-8a102444-89b8-4f9a-a664-ad34888dd14a None None] bind_host = 0.0.0.0 {{(pid=115583) log_opt_values /opt/stack/data/venv/lib/python3.12/site-packages/oslo_config/cfg.py:2995}}
May 09 09:05:06.130515 np0000173047 devstack@g-api.service[115583]: DEBUG glance.common.config [None req-8a102444-89b8-4f9a-a664-ad34888dd14a None None] bind_port = 19292 {{(pid=115583) log_opt_values /opt/stack/data/venv/lib/python3.12/site-packages/oslo_config/cfg.py:2995}}
May 09 09:05:06.130618 np0000173047 devstack@g-api.service[115583]: DEBUG glance.common.config [None req-8a102444-89b8-4f9a-a664-ad34888dd14a None None] client_socket_timeout = 900 {{(pid=115583) log_opt_values /opt/stack/data/venv/lib/python3.12/site-packages/oslo_config/cfg.py:2995}}
May 09 09:05:06.130734 np0000173047 devstack@g-api.service[115583]: DEBUG glance.common.config [None req-8a102444-89b8-4f9a-a664-ad34888dd14a None None] config_dir = [] {{(pid=115583) log_opt_values /opt/stack/data/venv/lib/python3.12/site-packages/oslo_config/cfg.py:2995}}
May 09 09:05:06.130813 np0000173047 devstack@g-api.service[115583]: DEBUG glance.common.config [None req-8a102444-89b8-4f9a-a664-ad34888dd14a None None] config_file = ['/etc/glance/glance-image-import.conf', '/etc/glance/glance-api.conf'] {{(pid=115583) log_opt_values /opt/stack/data/venv/lib/python3.12/site-packages/oslo_config/cfg.py:2995}}
May 09 09:05:06.130917 np0000173047 devstack@g-api.service[115583]: DEBUG glance.common.config [None req-8a102444-89b8-4f9a-a664-ad34888dd14a None None] config_source = [] {{(pid=115583) log_opt_values /opt/stack/data/venv/lib/python3.12/site-packages/oslo_config/cfg.py:2995}}
May 09 09:05:06.131028 np0000173047 devstack@g-api.service[115583]: DEBUG glance.common.config [None req-8a102444-89b8-4f9a-a664-ad34888dd14a None None] control_exchange = glance {{(pid=115583) log_opt_values /opt/stack/data/venv/lib/python3.12/site-packages/oslo_config/cfg.py:2995}}
May 09 09:05:06.131102 np0000173047 devstack@g-api.service[115583]: DEBUG glance.common.config [None req-8a102444-89b8-4f9a-a664-ad34888dd14a None None] debug = True {{(pid=115583) log_opt_values /opt/stack/data/venv/lib/python3.12/site-packages/oslo_config/cfg.py:2995}}
May 09 09:05:06.131277 np0000173047 devstack@g-api.service[115583]: DEBUG glance.common.config [None req-8a102444-89b8-4f9a-a664-ad34888dd14a None None] default_log_levels = ['amqp=WARN', 'boto=WARN', 'sqlalchemy=WARN', 'suds=INFO', 'oslo.messaging=INFO', 'oslo_messaging=INFO', 'iso8601=WARN', 'requests.packages.urllib3.connectionpool=WARN', 'urllib3.connectionpool=WARN', 'websocket=WARN', 'requests.packages.urllib3.util.retry=WARN', 'urllib3.util.retry=WARN', 'keystonemiddleware=WARN', 'routes.middleware=WARN', 'stevedore=WARN', 'taskflow=WARN', 'keystoneauth=WARN', 'oslo.cache=INFO', 'oslo_policy=INFO', 'dogpile.core.dogpile=INFO'] {{(pid=115583) log_opt_values /opt/stack/data/venv/lib/python3.12/site-packages/oslo_config/cfg.py:2995}}
May 09 09:05:06.131382 np0000173047 devstack@g-api.service[115583]: DEBUG glance.common.config [None req-8a102444-89b8-4f9a-a664-ad34888dd14a None None] default_publisher_id = image.localhost {{(pid=115583) log_opt_values /opt/stack/data/venv/lib/python3.12/site-packages/oslo_config/cfg.py:2995}}
May 09 09:05:06.131482 np0000173047 devstack@g-api.service[115583]: DEBUG glance.common.config [None req-8a102444-89b8-4f9a-a664-ad34888dd14a None None] delayed_delete = False {{(pid=115583) log_opt_values /opt/stack/data/venv/lib/python3.12/site-packages/oslo_config/cfg.py:2995}}
May 09 09:05:06.131605 np0000173047 devstack@g-api.service[115583]: DEBUG glance.common.config [None req-8a102444-89b8-4f9a-a664-ad34888dd14a None None] digest_algorithm = sha256 {{(pid=115583) log_opt_values /opt/stack/data/venv/lib/python3.12/site-packages/oslo_config/cfg.py:2995}}
May 09 09:05:06.131710 np0000173047 devstack@g-api.service[115583]: DEBUG glance.common.config [None req-8a102444-89b8-4f9a-a664-ad34888dd14a None None] disabled_notifications = [] {{(pid=115583) log_opt_values /opt/stack/data/venv/lib/python3.12/site-packages/oslo_config/cfg.py:2995}}
May 09 09:05:06.131809 np0000173047 devstack@g-api.service[115583]: DEBUG glance.common.config [None req-8a102444-89b8-4f9a-a664-ad34888dd14a None None] do_secure_hash = True {{(pid=115583) log_opt_values /opt/stack/data/venv/lib/python3.12/site-packages/oslo_config/cfg.py:2995}}
May 09 09:05:06.131913 np0000173047 devstack@g-api.service[115583]: DEBUG glance.common.config [None req-8a102444-89b8-4f9a-a664-ad34888dd14a None None] enabled_backends = None {{(pid=115583) log_opt_values /opt/stack/data/venv/lib/python3.12/site-packages/oslo_config/cfg.py:2995}}
May 09 09:05:06.132032 np0000173047 devstack@g-api.service[115583]: DEBUG glance.common.config [None req-8a102444-89b8-4f9a-a664-ad34888dd14a None None] enabled_import_methods = ['glance-direct', 'web-download', 'copy-image'] {{(pid=115583) log_opt_values /opt/stack/data/venv/lib/python3.12/site-packages/oslo_config/cfg.py:2995}}
May 09 09:05:06.132135 np0000173047 devstack@g-api.service[115583]: DEBUG glance.common.config [None req-8a102444-89b8-4f9a-a664-ad34888dd14a None None] hashing_algorithm = sha512 {{(pid=115583) log_opt_values /opt/stack/data/venv/lib/python3.12/site-packages/oslo_config/cfg.py:2995}}
May 09 09:05:06.132234 np0000173047 devstack@g-api.service[115583]: DEBUG glance.common.config [None req-8a102444-89b8-4f9a-a664-ad34888dd14a None None] http_keepalive = True {{(pid=115583) log_opt_values /opt/stack/data/venv/lib/python3.12/site-packages/oslo_config/cfg.py:2995}}
May 09 09:05:06.132335 np0000173047 devstack@g-api.service[115583]: DEBUG glance.common.config [None req-8a102444-89b8-4f9a-a664-ad34888dd14a None None] http_retries = 3 {{(pid=115583) log_opt_values /opt/stack/data/venv/lib/python3.12/site-packages/oslo_config/cfg.py:2995}}
May 09 09:05:06.132437 np0000173047 devstack@g-api.service[115583]: DEBUG glance.common.config [None req-8a102444-89b8-4f9a-a664-ad34888dd14a None None] image_cache_dir = /opt/stack/data/glance/cache/ {{(pid=115583) log_opt_values /opt/stack/data/venv/lib/python3.12/site-packages/oslo_config/cfg.py:2995}}
May 09 09:05:06.132561 np0000173047 devstack@g-api.service[115583]: DEBUG glance.common.config [None req-8a102444-89b8-4f9a-a664-ad34888dd14a None None] image_cache_driver = centralized_db {{(pid=115583) log_opt_values /opt/stack/data/venv/lib/python3.12/site-packages/oslo_config/cfg.py:2995}}
May 09 09:05:06.132662 np0000173047 devstack@g-api.service[115583]: DEBUG glance.common.config [None req-8a102444-89b8-4f9a-a664-ad34888dd14a None None] image_cache_max_size = 10737418240 {{(pid=115583) log_opt_values /opt/stack/data/venv/lib/python3.12/site-packages/oslo_config/cfg.py:2995}}
May 09 09:05:06.132770 np0000173047 devstack@g-api.service[115583]: DEBUG glance.common.config [None req-8a102444-89b8-4f9a-a664-ad34888dd14a None None] image_cache_sqlite_db = cache.db {{(pid=115583) log_opt_values /opt/stack/data/venv/lib/python3.12/site-packages/oslo_config/cfg.py:2995}}
May 09 09:05:06.132896 np0000173047 devstack@g-api.service[115583]: DEBUG glance.common.config [None req-8a102444-89b8-4f9a-a664-ad34888dd14a None None] image_cache_stall_time = 86400 {{(pid=115583) log_opt_values /opt/stack/data/venv/lib/python3.12/site-packages/oslo_config/cfg.py:2995}}
May 09 09:05:06.133000 np0000173047 devstack@g-api.service[115583]: DEBUG glance.common.config [None req-8a102444-89b8-4f9a-a664-ad34888dd14a None None] image_location_quota = 10 {{(pid=115583) log_opt_values /opt/stack/data/venv/lib/python3.12/site-packages/oslo_config/cfg.py:2995}}
May 09 09:05:06.133098 np0000173047 devstack@g-api.service[115583]: DEBUG glance.common.config [None req-8a102444-89b8-4f9a-a664-ad34888dd14a None None] image_member_quota = 128 {{(pid=115583) log_opt_values /opt/stack/data/venv/lib/python3.12/site-packages/oslo_config/cfg.py:2995}}
May 09 09:05:06.133194 np0000173047 devstack@g-api.service[115583]: DEBUG glance.common.config [None req-8a102444-89b8-4f9a-a664-ad34888dd14a None None] image_property_quota = 128 {{(pid=115583) log_opt_values /opt/stack/data/venv/lib/python3.12/site-packages/oslo_config/cfg.py:2995}}
May 09 09:05:06.133293 np0000173047 devstack@g-api.service[115583]: DEBUG glance.common.config [None req-8a102444-89b8-4f9a-a664-ad34888dd14a None None] image_size_cap = 1099511627776 {{(pid=115583) log_opt_values /opt/stack/data/venv/lib/python3.12/site-packages/oslo_config/cfg.py:2995}}
May 09 09:05:06.133389 np0000173047 devstack@g-api.service[115583]: DEBUG glance.common.config [None req-8a102444-89b8-4f9a-a664-ad34888dd14a None None] image_tag_quota = 128 {{(pid=115583) log_opt_values /opt/stack/data/venv/lib/python3.12/site-packages/oslo_config/cfg.py:2995}}
May 09 09:05:06.133527 np0000173047 devstack@g-api.service[115583]: DEBUG glance.common.config [None req-8a102444-89b8-4f9a-a664-ad34888dd14a None None] instance_format = [instance: %(uuid)s] {{(pid=115583) log_opt_values /opt/stack/data/venv/lib/python3.12/site-packages/oslo_config/cfg.py:2995}}
May 09 09:05:06.133630 np0000173047 devstack@g-api.service[115583]: DEBUG glance.common.config [None req-8a102444-89b8-4f9a-a664-ad34888dd14a None None] instance_uuid_format = [instance: %(uuid)s] {{(pid=115583) log_opt_values /opt/stack/data/venv/lib/python3.12/site-packages/oslo_config/cfg.py:2995}}
May 09 09:05:06.133727 np0000173047 devstack@g-api.service[115583]: DEBUG glance.common.config [None req-8a102444-89b8-4f9a-a664-ad34888dd14a None None] limit_param_default = 25 {{(pid=115583) log_opt_values /opt/stack/data/venv/lib/python3.12/site-packages/oslo_config/cfg.py:2995}}
May 09 09:05:06.133834 np0000173047 devstack@g-api.service[115583]: DEBUG glance.common.config [None req-8a102444-89b8-4f9a-a664-ad34888dd14a None None] log_color = False {{(pid=115583) log_opt_values /opt/stack/data/venv/lib/python3.12/site-packages/oslo_config/cfg.py:2995}}
May 09 09:05:06.133940 np0000173047 devstack@g-api.service[115583]: DEBUG glance.common.config [None req-8a102444-89b8-4f9a-a664-ad34888dd14a None None] log_config_append = None {{(pid=115583) log_opt_values /opt/stack/data/venv/lib/python3.12/site-packages/oslo_config/cfg.py:2995}}
May 09 09:05:06.134045 np0000173047 devstack@g-api.service[115583]: DEBUG glance.common.config [None req-8a102444-89b8-4f9a-a664-ad34888dd14a None None] log_date_format = %Y-%m-%d %H:%M:%S {{(pid=115583) log_opt_values /opt/stack/data/venv/lib/python3.12/site-packages/oslo_config/cfg.py:2995}}
May 09 09:05:06.134146 np0000173047 devstack@g-api.service[115583]: DEBUG glance.common.config [None req-8a102444-89b8-4f9a-a664-ad34888dd14a None None] log_dir = None {{(pid=115583) log_opt_values /opt/stack/data/venv/lib/python3.12/site-packages/oslo_config/cfg.py:2995}}
May 09 09:05:06.134245 np0000173047 devstack@g-api.service[115583]: DEBUG glance.common.config [None req-8a102444-89b8-4f9a-a664-ad34888dd14a None None] log_file = None {{(pid=115583) log_opt_values /opt/stack/data/venv/lib/python3.12/site-packages/oslo_config/cfg.py:2995}}
May 09 09:05:06.134344 np0000173047 devstack@g-api.service[115583]: DEBUG glance.common.config [None req-8a102444-89b8-4f9a-a664-ad34888dd14a None None] log_rotate_interval = 1 {{(pid=115583) log_opt_values /opt/stack/data/venv/lib/python3.12/site-packages/oslo_config/cfg.py:2995}}
May 09 09:05:06.134450 np0000173047 devstack@g-api.service[115583]: DEBUG glance.common.config [None req-8a102444-89b8-4f9a-a664-ad34888dd14a None None] log_rotate_interval_type = days {{(pid=115583) log_opt_values /opt/stack/data/venv/lib/python3.12/site-packages/oslo_config/cfg.py:2995}}
May 09 09:05:06.134569 np0000173047 devstack@g-api.service[115583]: DEBUG glance.common.config [None req-8a102444-89b8-4f9a-a664-ad34888dd14a None None] log_rotation_type = none {{(pid=115583) log_opt_values /opt/stack/data/venv/lib/python3.12/site-packages/oslo_config/cfg.py:2995}}
May 09 09:05:06.134644 np0000173047 devstack@g-api.service[115583]: DEBUG glance.common.config [None req-8a102444-89b8-4f9a-a664-ad34888dd14a None None] logging_context_format_string = %(color)s%(levelname)s %(name)s [%(global_request_id)s %(request_id)s %(project_name)s %(user_name)s%(color)s] %(instance)s%(color)s%(message)s {{(pid=115583) log_opt_values /opt/stack/data/venv/lib/python3.12/site-packages/oslo_config/cfg.py:2995}}
May 09 09:05:06.134716 np0000173047 devstack@g-api.service[115583]: DEBUG glance.common.config [None req-8a102444-89b8-4f9a-a664-ad34888dd14a None None] logging_debug_format_suffix = {{(pid=%(process)d) %(funcName)s %(pathname)s:%(lineno)d}} {{(pid=115583) log_opt_values /opt/stack/data/venv/lib/python3.12/site-packages/oslo_config/cfg.py:2995}}
May 09 09:05:06.134822 np0000173047 devstack@g-api.service[115583]: DEBUG glance.common.config [None req-8a102444-89b8-4f9a-a664-ad34888dd14a None None] logging_default_format_string = %(color)s%(levelname)s %(name)s [-%(color)s] %(instance)s%(color)s%(message)s {{(pid=115583) log_opt_values /opt/stack/data/venv/lib/python3.12/site-packages/oslo_config/cfg.py:2995}}
May 09 09:05:06.134924 np0000173047 devstack@g-api.service[115583]: DEBUG glance.common.config [None req-8a102444-89b8-4f9a-a664-ad34888dd14a None None] logging_exception_prefix = ERROR %(name)s %(instance)s {{(pid=115583) log_opt_values /opt/stack/data/venv/lib/python3.12/site-packages/oslo_config/cfg.py:2995}}
May 09 09:05:06.134997 np0000173047 devstack@g-api.service[115583]: DEBUG glance.common.config [None req-8a102444-89b8-4f9a-a664-ad34888dd14a None None] logging_user_identity_format = %(user)s %(project)s %(domain)s %(system_scope)s %(user_domain)s %(project_domain)s {{(pid=115583) log_opt_values /opt/stack/data/venv/lib/python3.12/site-packages/oslo_config/cfg.py:2995}}
May 09 09:05:06.135097 np0000173047 devstack@g-api.service[115583]: DEBUG glance.common.config [None req-8a102444-89b8-4f9a-a664-ad34888dd14a None None] max_header_line = 16384 {{(pid=115583) log_opt_values /opt/stack/data/venv/lib/python3.12/site-packages/oslo_config/cfg.py:2995}}
May 09 09:05:06.135195 np0000173047 devstack@g-api.service[115583]: DEBUG glance.common.config [None req-8a102444-89b8-4f9a-a664-ad34888dd14a None None] max_logfile_count = 30 {{(pid=115583) log_opt_values /opt/stack/data/venv/lib/python3.12/site-packages/oslo_config/cfg.py:2995}}
May 09 09:05:06.135293 np0000173047 devstack@g-api.service[115583]: DEBUG glance.common.config [None req-8a102444-89b8-4f9a-a664-ad34888dd14a None None] max_logfile_size_mb = 200 {{(pid=115583) log_opt_values /opt/stack/data/venv/lib/python3.12/site-packages/oslo_config/cfg.py:2995}}
May 09 09:05:06.135391 np0000173047 devstack@g-api.service[115583]: DEBUG glance.common.config [None req-8a102444-89b8-4f9a-a664-ad34888dd14a None None] max_request_id_length = 64 {{(pid=115583) log_opt_values /opt/stack/data/venv/lib/python3.12/site-packages/oslo_config/cfg.py:2995}}
May 09 09:05:06.135515 np0000173047 devstack@g-api.service[115583]: DEBUG glance.common.config [None req-8a102444-89b8-4f9a-a664-ad34888dd14a None None] metadata_encryption_key = **** {{(pid=115583) log_opt_values /opt/stack/data/venv/lib/python3.12/site-packages/oslo_config/cfg.py:2995}}
May 09 09:05:06.135618 np0000173047 devstack@g-api.service[115583]: DEBUG glance.common.config [None req-8a102444-89b8-4f9a-a664-ad34888dd14a None None] node_staging_uri = file:///tmp/staging/ {{(pid=115583) log_opt_values /opt/stack/data/venv/lib/python3.12/site-packages/oslo_config/cfg.py:2995}}
May 09 09:05:06.135715 np0000173047 devstack@g-api.service[115583]: DEBUG glance.common.config [None req-8a102444-89b8-4f9a-a664-ad34888dd14a None None] property_protection_file = None {{(pid=115583) log_opt_values /opt/stack/data/venv/lib/python3.12/site-packages/oslo_config/cfg.py:2995}}
May 09 09:05:06.135819 np0000173047 devstack@g-api.service[115583]: DEBUG glance.common.config [None req-8a102444-89b8-4f9a-a664-ad34888dd14a None None] property_protection_rule_format = roles {{(pid=115583) log_opt_values /opt/stack/data/venv/lib/python3.12/site-packages/oslo_config/cfg.py:2995}}
May 09 09:05:06.135923 np0000173047 devstack@g-api.service[115583]: DEBUG glance.common.config [None req-8a102444-89b8-4f9a-a664-ad34888dd14a None None] public_endpoint = https://199.204.45.140/image {{(pid=115583) log_opt_values /opt/stack/data/venv/lib/python3.12/site-packages/oslo_config/cfg.py:2995}}
May 09 09:05:06.136022 np0000173047 devstack@g-api.service[115583]: DEBUG glance.common.config [None req-8a102444-89b8-4f9a-a664-ad34888dd14a None None] publish_errors = False {{(pid=115583) log_opt_values /opt/stack/data/venv/lib/python3.12/site-packages/oslo_config/cfg.py:2995}}
May 09 09:05:06.136118 np0000173047 devstack@g-api.service[115583]: DEBUG glance.common.config [None req-8a102444-89b8-4f9a-a664-ad34888dd14a None None] pydev_worker_debug_host = None {{(pid=115583) log_opt_values /opt/stack/data/venv/lib/python3.12/site-packages/oslo_config/cfg.py:2995}}
May 09 09:05:06.136219 np0000173047 devstack@g-api.service[115583]: DEBUG glance.common.config [None req-8a102444-89b8-4f9a-a664-ad34888dd14a None None] pydev_worker_debug_port = 5678 {{(pid=115583) log_opt_values /opt/stack/data/venv/lib/python3.12/site-packages/oslo_config/cfg.py:2995}}
May 09 09:05:06.136317 np0000173047 devstack@g-api.service[115583]: DEBUG glance.common.config [None req-8a102444-89b8-4f9a-a664-ad34888dd14a None None] rate_limit_burst = 0 {{(pid=115583) log_opt_values /opt/stack/data/venv/lib/python3.12/site-packages/oslo_config/cfg.py:2995}}
May 09 09:05:06.136420 np0000173047 devstack@g-api.service[115583]: DEBUG glance.common.config [None req-8a102444-89b8-4f9a-a664-ad34888dd14a None None] rate_limit_except_level = CRITICAL {{(pid=115583) log_opt_values /opt/stack/data/venv/lib/python3.12/site-packages/oslo_config/cfg.py:2995}}
May 09 09:05:06.136538 np0000173047 devstack@g-api.service[115583]: DEBUG glance.common.config [None req-8a102444-89b8-4f9a-a664-ad34888dd14a None None] rate_limit_interval = 0 {{(pid=115583) log_opt_values /opt/stack/data/venv/lib/python3.12/site-packages/oslo_config/cfg.py:2995}}
May 09 09:05:06.136638 np0000173047 devstack@g-api.service[115583]: DEBUG glance.common.config [None req-8a102444-89b8-4f9a-a664-ad34888dd14a None None] scrub_pool_size = 1 {{(pid=115583) log_opt_values /opt/stack/data/venv/lib/python3.12/site-packages/oslo_config/cfg.py:2995}}
May 09 09:05:06.136737 np0000173047 devstack@g-api.service[115583]: DEBUG glance.common.config [None req-8a102444-89b8-4f9a-a664-ad34888dd14a None None] scrub_time = 0 {{(pid=115583) log_opt_values /opt/stack/data/venv/lib/python3.12/site-packages/oslo_config/cfg.py:2995}}
May 09 09:05:06.136847 np0000173047 devstack@g-api.service[115583]: DEBUG glance.common.config [None req-8a102444-89b8-4f9a-a664-ad34888dd14a None None] shell_completion = None {{(pid=115583) log_opt_values /opt/stack/data/venv/lib/python3.12/site-packages/oslo_config/cfg.py:2995}}
May 09 09:05:06.136978 np0000173047 devstack@g-api.service[115583]: DEBUG glance.common.config [None req-8a102444-89b8-4f9a-a664-ad34888dd14a None None] show_image_direct_url = False {{(pid=115583) log_opt_values /opt/stack/data/venv/lib/python3.12/site-packages/oslo_config/cfg.py:2995}}
May 09 09:05:06.137222 np0000173047 devstack@g-api.service[115583]: WARNING oslo_config.cfg [None req-8a102444-89b8-4f9a-a664-ad34888dd14a None None] Deprecated: Option "show_multiple_locations" from group "DEFAULT" is deprecated for removal (Use of this option, deprecated since Newton, is a security risk and will be removed once we figure out a way to satisfy those use cases that currently require it. An earlier announcement that the same functionality can be achieved with greater granularity by using policies is incorrect. You cannot work around this option via policy configuration at the present time, though that is the direction we believe the fix will take. Please keep an eye on the Glance release notes to stay up to date on progress in addressing this issue.). Its value may be silently ignored in the future.
May 09 09:05:06.137327 np0000173047 devstack@g-api.service[115583]: DEBUG glance.common.config [None req-8a102444-89b8-4f9a-a664-ad34888dd14a None None] show_multiple_locations = False {{(pid=115583) log_opt_values /opt/stack/data/venv/lib/python3.12/site-packages/oslo_config/cfg.py:2995}}
May 09 09:05:06.137433 np0000173047 devstack@g-api.service[115583]: DEBUG glance.common.config [None req-8a102444-89b8-4f9a-a664-ad34888dd14a None None] syslog_log_facility = LOG_USER {{(pid=115583) log_opt_values /opt/stack/data/venv/lib/python3.12/site-packages/oslo_config/cfg.py:2995}}
May 09 09:05:06.137599 np0000173047 devstack@g-api.service[115583]: DEBUG glance.common.config [None req-8a102444-89b8-4f9a-a664-ad34888dd14a None None] tcp_keepidle = 600 {{(pid=115583) log_opt_values /opt/stack/data/venv/lib/python3.12/site-packages/oslo_config/cfg.py:2995}}
May 09 09:05:06.137741 np0000173047 devstack@g-api.service[115583]: DEBUG glance.common.config [None req-8a102444-89b8-4f9a-a664-ad34888dd14a None None] transport_url = **** {{(pid=115583) log_opt_values /opt/stack/data/venv/lib/python3.12/site-packages/oslo_config/cfg.py:2995}}
May 09 09:05:06.137879 np0000173047 devstack@g-api.service[115583]: DEBUG glance.common.config [None req-8a102444-89b8-4f9a-a664-ad34888dd14a None None] use_journal = False {{(pid=115583) log_opt_values /opt/stack/data/venv/lib/python3.12/site-packages/oslo_config/cfg.py:2995}}
May 09 09:05:06.138015 np0000173047 devstack@g-api.service[115583]: DEBUG glance.common.config [None req-8a102444-89b8-4f9a-a664-ad34888dd14a None None] use_json = False {{(pid=115583) log_opt_values /opt/stack/data/venv/lib/python3.12/site-packages/oslo_config/cfg.py:2995}}
May 09 09:05:06.138156 np0000173047 devstack@g-api.service[115583]: DEBUG glance.common.config [None req-8a102444-89b8-4f9a-a664-ad34888dd14a None None] use_keystone_limits = True {{(pid=115583) log_opt_values /opt/stack/data/venv/lib/python3.12/site-packages/oslo_config/cfg.py:2995}}
May 09 09:05:06.138290 np0000173047 devstack@g-api.service[115583]: DEBUG glance.common.config [None req-8a102444-89b8-4f9a-a664-ad34888dd14a None None] use_stderr = False {{(pid=115583) log_opt_values /opt/stack/data/venv/lib/python3.12/site-packages/oslo_config/cfg.py:2995}}
May 09 09:05:06.138432 np0000173047 devstack@g-api.service[115583]: DEBUG glance.common.config [None req-8a102444-89b8-4f9a-a664-ad34888dd14a None None] use_syslog = False {{(pid=115583) log_opt_values /opt/stack/data/venv/lib/python3.12/site-packages/oslo_config/cfg.py:2995}}
May 09 09:05:06.138601 np0000173047 devstack@g-api.service[115583]: DEBUG glance.common.config [None req-8a102444-89b8-4f9a-a664-ad34888dd14a None None] user_storage_quota = 0 {{(pid=115583) log_opt_values /opt/stack/data/venv/lib/python3.12/site-packages/oslo_config/cfg.py:2995}}
May 09 09:05:06.138741 np0000173047 devstack@g-api.service[115583]: DEBUG glance.common.config [None req-8a102444-89b8-4f9a-a664-ad34888dd14a None None] worker_self_reference_url = http://127.0.0.1:60999 {{(pid=115583) log_opt_values /opt/stack/data/venv/lib/python3.12/site-packages/oslo_config/cfg.py:2995}}
May 09 09:05:06.138874 np0000173047 devstack@g-api.service[115583]: DEBUG glance.common.config [None req-8a102444-89b8-4f9a-a664-ad34888dd14a None None] workers = None {{(pid=115583) log_opt_values /opt/stack/data/venv/lib/python3.12/site-packages/oslo_config/cfg.py:2995}}
May 09 09:05:06.139038 np0000173047 devstack@g-api.service[115583]: DEBUG glance.common.config [None req-8a102444-89b8-4f9a-a664-ad34888dd14a None None] oslo_concurrency.disable_process_locking = False {{(pid=115583) log_opt_values /opt/stack/data/venv/lib/python3.12/site-packages/oslo_config/cfg.py:3006}}
May 09 09:05:06.139188 np0000173047 devstack@g-api.service[115583]: DEBUG glance.common.config [None req-8a102444-89b8-4f9a-a664-ad34888dd14a None None] oslo_concurrency.lock_path = /opt/stack/data/glance/locks {{(pid=115583) log_opt_values /opt/stack/data/venv/lib/python3.12/site-packages/oslo_config/cfg.py:3006}}
May 09 09:05:06.139340 np0000173047 devstack@g-api.service[115583]: DEBUG glance.common.config [None req-8a102444-89b8-4f9a-a664-ad34888dd14a None None] oslo_middleware.enable_proxy_headers_parsing = False {{(pid=115583) log_opt_values /opt/stack/data/venv/lib/python3.12/site-packages/oslo_config/cfg.py:3006}}
May 09 09:05:06.139487 np0000173047 devstack@g-api.service[115583]: DEBUG glance.common.config [None req-8a102444-89b8-4f9a-a664-ad34888dd14a None None] oslo_middleware.http_basic_auth_user_file = /etc/htpasswd {{(pid=115583) log_opt_values /opt/stack/data/venv/lib/python3.12/site-packages/oslo_config/cfg.py:3006}}
May 09 09:05:06.139654 np0000173047 devstack@g-api.service[115583]: DEBUG glance.common.config [None req-8a102444-89b8-4f9a-a664-ad34888dd14a None None] paste_deploy.config_file = None {{(pid=115583) log_opt_values /opt/stack/data/venv/lib/python3.12/site-packages/oslo_config/cfg.py:3006}}
May 09 09:05:06.139802 np0000173047 devstack@g-api.service[115583]: DEBUG glance.common.config [None req-8a102444-89b8-4f9a-a664-ad34888dd14a None None] paste_deploy.flavor = keystone+cachemanagement {{(pid=115583) log_opt_values /opt/stack/data/venv/lib/python3.12/site-packages/oslo_config/cfg.py:3006}}
May 09 09:05:06.140014 np0000173047 devstack@g-api.service[115583]: DEBUG glance.common.config [None req-8a102444-89b8-4f9a-a664-ad34888dd14a None None] image_format.container_formats = ['ami', 'ari', 'aki', 'bare', 'ovf', 'ova', 'docker', 'compressed'] {{(pid=115583) log_opt_values /opt/stack/data/venv/lib/python3.12/site-packages/oslo_config/cfg.py:3006}}
May 09 09:05:06.140198 np0000173047 devstack@g-api.service[115583]: DEBUG glance.common.config [None req-8a102444-89b8-4f9a-a664-ad34888dd14a None None] image_format.disk_formats = ['ami', 'ari', 'aki', 'vhd', 'vhdx', 'vmdk', 'raw', 'qcow2', 'vdi', 'iso', 'ploop'] {{(pid=115583) log_opt_values /opt/stack/data/venv/lib/python3.12/site-packages/oslo_config/cfg.py:3006}}
May 09 09:05:06.140340 np0000173047 devstack@g-api.service[115583]: DEBUG glance.common.config [None req-8a102444-89b8-4f9a-a664-ad34888dd14a None None] image_format.gpt_safety_checks_nonfatal = [] {{(pid=115583) log_opt_values /opt/stack/data/venv/lib/python3.12/site-packages/oslo_config/cfg.py:3006}}
May 09 09:05:06.140517 np0000173047 devstack@g-api.service[115583]: DEBUG glance.common.config [None req-8a102444-89b8-4f9a-a664-ad34888dd14a None None] image_format.require_image_format_match = True {{(pid=115583) log_opt_values /opt/stack/data/venv/lib/python3.12/site-packages/oslo_config/cfg.py:3006}}
May 09 09:05:06.140677 np0000173047 devstack@g-api.service[115583]: DEBUG glance.common.config [None req-8a102444-89b8-4f9a-a664-ad34888dd14a None None] image_format.vmdk_allowed_types = ['streamOptimized', 'monolithicSparse'] {{(pid=115583) log_opt_values /opt/stack/data/venv/lib/python3.12/site-packages/oslo_config/cfg.py:3006}}
May 09 09:05:06.140856 np0000173047 devstack@g-api.service[115583]: DEBUG glance.common.config [None req-8a102444-89b8-4f9a-a664-ad34888dd14a None None] task.task_executor = taskflow {{(pid=115583) log_opt_values /opt/stack/data/venv/lib/python3.12/site-packages/oslo_config/cfg.py:3006}}
May 09 09:05:06.141014 np0000173047 devstack@g-api.service[115583]: DEBUG glance.common.config [None req-8a102444-89b8-4f9a-a664-ad34888dd14a None None] task.task_time_to_live = 48 {{(pid=115583) log_opt_values /opt/stack/data/venv/lib/python3.12/site-packages/oslo_config/cfg.py:3006}}
May 09 09:05:06.141153 np0000173047 devstack@g-api.service[115583]: DEBUG glance.common.config [None req-8a102444-89b8-4f9a-a664-ad34888dd14a None None] task.work_dir = None {{(pid=115583) log_opt_values /opt/stack/data/venv/lib/python3.12/site-packages/oslo_config/cfg.py:3006}}
May 09 09:05:06.141305 np0000173047 devstack@g-api.service[115583]: DEBUG glance.common.config [None req-8a102444-89b8-4f9a-a664-ad34888dd14a None None] wsgi.python_interpreter = /opt/stack/data/venv/bin/python3 {{(pid=115583) log_opt_values /opt/stack/data/venv/lib/python3.12/site-packages/oslo_config/cfg.py:3006}}
May 09 09:05:06.141449 np0000173047 devstack@g-api.service[115583]: DEBUG glance.common.config [None req-8a102444-89b8-4f9a-a664-ad34888dd14a None None] wsgi.task_pool_threads = 16 {{(pid=115583) log_opt_values /opt/stack/data/venv/lib/python3.12/site-packages/oslo_config/cfg.py:3006}}
May 09 09:05:06.141634 np0000173047 devstack@g-api.service[115583]: DEBUG glance.common.config [None req-8a102444-89b8-4f9a-a664-ad34888dd14a None None] profiler.connection_string = messaging:// {{(pid=115583) log_opt_values /opt/stack/data/venv/lib/python3.12/site-packages/oslo_config/cfg.py:3006}}
May 09 09:05:06.141777 np0000173047 devstack@g-api.service[115583]: DEBUG glance.common.config [None req-8a102444-89b8-4f9a-a664-ad34888dd14a None None] profiler.enabled = False {{(pid=115583) log_opt_values /opt/stack/data/venv/lib/python3.12/site-packages/oslo_config/cfg.py:3006}}
May 09 09:05:06.141922 np0000173047 devstack@g-api.service[115583]: DEBUG glance.common.config [None req-8a102444-89b8-4f9a-a664-ad34888dd14a None None] profiler.es_doc_type = notification {{(pid=115583) log_opt_values /opt/stack/data/venv/lib/python3.12/site-packages/oslo_config/cfg.py:3006}}
May 09 09:05:06.142063 np0000173047 devstack@g-api.service[115583]: DEBUG glance.common.config [None req-8a102444-89b8-4f9a-a664-ad34888dd14a None None] profiler.es_scroll_size = 10000 {{(pid=115583) log_opt_values /opt/stack/data/venv/lib/python3.12/site-packages/oslo_config/cfg.py:3006}}
May 09 09:05:06.142205 np0000173047 devstack@g-api.service[115583]: DEBUG glance.common.config [None req-8a102444-89b8-4f9a-a664-ad34888dd14a None None] profiler.es_scroll_time = 2m {{(pid=115583) log_opt_values /opt/stack/data/venv/lib/python3.12/site-packages/oslo_config/cfg.py:3006}}
May 09 09:05:06.142347 np0000173047 devstack@g-api.service[115583]: DEBUG glance.common.config [None req-8a102444-89b8-4f9a-a664-ad34888dd14a None None] profiler.filter_error_trace = False {{(pid=115583) log_opt_values /opt/stack/data/venv/lib/python3.12/site-packages/oslo_config/cfg.py:3006}}
May 09 09:05:06.142521 np0000173047 devstack@g-api.service[115583]: DEBUG glance.common.config [None req-8a102444-89b8-4f9a-a664-ad34888dd14a None None] profiler.hmac_keys = **** {{(pid=115583) log_opt_values /opt/stack/data/venv/lib/python3.12/site-packages/oslo_config/cfg.py:3006}}
May 09 09:05:06.142671 np0000173047 devstack@g-api.service[115583]: DEBUG glance.common.config [None req-8a102444-89b8-4f9a-a664-ad34888dd14a None None] profiler.sentinel_service_name = mymaster {{(pid=115583) log_opt_values /opt/stack/data/venv/lib/python3.12/site-packages/oslo_config/cfg.py:3006}}
May 09 09:05:06.142826 np0000173047 devstack@g-api.service[115583]: DEBUG glance.common.config [None req-8a102444-89b8-4f9a-a664-ad34888dd14a None None] profiler.socket_timeout = 0.1 {{(pid=115583) log_opt_values /opt/stack/data/venv/lib/python3.12/site-packages/oslo_config/cfg.py:3006}}
