2026-05-09 22:49:18.395 9 WARNING neutron.api.rpc.agentnotifiers.dhcp_rpc_agent_api [None req-b5f6634d-9212-418f-98b9-e6fcbc53bfe5 e63ab23ec7d6481db4b758a6d2e5ffd9 3aee92eba8c04df6ba82301477145736 - - default default] Unable to schedule network 79e6c684-91a5-4a81-97e5-1a28bcfde47b: no agents available; will retry on subsequent port and subnet creation events.
2026-05-09 22:49:18.416 9 INFO neutron.db.ovn_revision_numbers_db [None req-85d650b9-2aff-4103-8875-51f7b02e974d e63ab23ec7d6481db4b758a6d2e5ffd9 3aee92eba8c04df6ba82301477145736 - - default default] Successfully bumped revision number for resource 04f3938d-049b-46eb-b604-bb1574d13ea8 (type: security_group_rules) to 0
2026-05-09 22:49:18.453 9 INFO neutron.db.ovn_revision_numbers_db [None req-85d650b9-2aff-4103-8875-51f7b02e974d e63ab23ec7d6481db4b758a6d2e5ffd9 3aee92eba8c04df6ba82301477145736 - - default default] Successfully bumped revision number for resource 5fb1407b-e2c8-48fc-9252-f7baed81d117 (type: security_group_rules) to 0
2026-05-09 22:49:18.515 9 INFO neutron.db.ovn_revision_numbers_db [None req-85d650b9-2aff-4103-8875-51f7b02e974d e63ab23ec7d6481db4b758a6d2e5ffd9 3aee92eba8c04df6ba82301477145736 - - default default] Successfully bumped revision number for resource b8130d63-78ce-44a6-ac00-f8a172dd9a4c (type: security_group_rules) to 0
2026-05-09 22:49:18.536 10 INFO neutron.wsgi [req-af4c0276-e8c4-483f-abd9-930e7de54fad req-3b73e3ad-c656-431a-9f38-ea45b374b1b7 bbac0c59a4454e56a8bc265ef57349d6 e56659014adb49c38400afc99bac59c6 - - default default] 10.0.0.184 "GET /v2.0/ports?device_id=6c05275c-7adb-409e-b802-dc82117b1b8e HTTP/1.1" status: 200 len: 1160 time: 0.2016602
2026-05-09 22:49:18.566 9 INFO neutron.db.ovn_revision_numbers_db [None req-85d650b9-2aff-4103-8875-51f7b02e974d e63ab23ec7d6481db4b758a6d2e5ffd9 3aee92eba8c04df6ba82301477145736 - - default default] Successfully bumped revision number for resource eab85016-655b-4675-9ad2-a54e5b41ab76 (type: security_group_rules) to 0
2026-05-09 22:49:18.596 10 INFO neutron.wsgi [req-af4c0276-e8c4-483f-abd9-930e7de54fad req-9ae2274f-23e7-4e33-9bf5-719307df7368 bbac0c59a4454e56a8bc265ef57349d6 e56659014adb49c38400afc99bac59c6 - - default default] 10.0.0.184 "GET /v2.0/security-groups?id=d650e5c2-118a-4a08-b35f-900a1dc2002d&fields=id&fields=name HTTP/1.1" status: 200 len: 312 time: 0.0516503
2026-05-09 22:49:18.625 9 INFO neutron.wsgi [None req-85d650b9-2aff-4103-8875-51f7b02e974d e63ab23ec7d6481db4b758a6d2e5ffd9 3aee92eba8c04df6ba82301477145736 - - default default] 10.0.0.189 "GET /v2.0/security-groups?tenant_id=db898bad537c4568a0d1fa32709bbbce&name=default HTTP/1.1" status: 200 len: 3120 time: 0.8714778
2026-05-09 22:49:18.664 10 INFO neutron.db.ovn_revision_numbers_db [req-e94eb267-d930-4789-a6a8-7060c42bf36f req-c2b3ee9e-4647-43f4-946d-89258b0afa84 bbac0c59a4454e56a8bc265ef57349d6 e56659014adb49c38400afc99bac59c6 - - default default] Successfully bumped revision number for resource bcdcda09-ed28-40ce-ad32-0dd39f4a23b9 (type: ports) to 1
2026-05-09 22:49:18.698 10 INFO neutron.wsgi [req-e94eb267-d930-4789-a6a8-7060c42bf36f req-c2b3ee9e-4647-43f4-946d-89258b0afa84 bbac0c59a4454e56a8bc265ef57349d6 e56659014adb49c38400afc99bac59c6 - - default default] 199.204.45.19 "POST /v2.0/ports HTTP/1.1" status: 201 len: 1162 time: 0.8577385
2026-05-09 22:49:18.710 10 INFO neutron.wsgi [req-e94eb267-d930-4789-a6a8-7060c42bf36f req-288c9268-63ce-43f0-a304-ca1a6b01a38a bbac0c59a4454e56a8bc265ef57349d6 e56659014adb49c38400afc99bac59c6 - - default default] 199.204.45.19 "GET /v2.0/extensions HTTP/1.1" status: 200 len: 18683 time: 0.0081594
2026-05-09 22:49:18.733 9 INFO neutron.db.ovn_revision_numbers_db [None req-a8b18dd9-f8a7-4c0e-8c79-226990d16307 - - - - - -] Successfully bumped revision number for resource 368854dd-665e-44ad-a694-6e835870be2a (type: ports) to 2
2026-05-09 22:49:18.822 9 INFO neutron.db.ovn_revision_numbers_db [None req-aa1b192e-010c-4dfb-8a30-58c4d2d7934c a39dd147892545d483545c4767b570da 7a609977db4b413da0138df92f1c7ccb - - default default] Successfully bumped revision number for resource a3480fe0-3fd9-4c36-804f-4983bd514ca5 (type: security_group_rules) to 0
2026-05-09 22:49:18.893 10 INFO neutron.wsgi [None req-b11694b6-92bd-4a14-ab0d-e89c2f261cd5 e63ab23ec7d6481db4b758a6d2e5ffd9 3aee92eba8c04df6ba82301477145736 - - default default] 10.0.0.189 "DELETE /v2.0/security-groups/9abc11d0-c6a7-4561-9587-dfdd815fa777 HTTP/1.1" status: 204 len: 168 time: 0.2631166
2026-05-09 22:49:18.957 9 INFO neutron.wsgi [None req-aa1b192e-010c-4dfb-8a30-58c4d2d7934c a39dd147892545d483545c4767b570da 7a609977db4b413da0138df92f1c7ccb - - default default] 10.0.0.189 "POST /v2.0/security-group-rules HTTP/1.1" status: 201 len: 796 time: 0.5895543
2026-05-09 22:49:18.971 10 WARNING neutron_lib.context [None req-42f63506-3aa8-497c-a2cb-2667e8848bb7 a39dd147892545d483545c4767b570da 7a609977db4b413da0138df92f1c7ccb - - default default] Method 'is_advsvc' is deprecated since 2023.2 release (neutron-lib 3.8.0) and will be removed once support for the old RBAC API policies will be removed from Neutron. Please use method 'is_service_role' instead.
2026-05-09 22:49:19.188 10 INFO neutron.db.ovn_revision_numbers_db [None req-7516c60f-0011-4192-94c9-a7edf5b0ae46 e63ab23ec7d6481db4b758a6d2e5ffd9 3aee92eba8c04df6ba82301477145736 - - default default] Successfully bumped revision number for resource 55b5c2b7-7ebd-4904-845d-e9762f904cda (type: security_groups) to 1
2026-05-09 22:49:19.191 10 INFO neutron.db.ovn_revision_numbers_db [None req-42f63506-3aa8-497c-a2cb-2667e8848bb7 a39dd147892545d483545c4767b570da 7a609977db4b413da0138df92f1c7ccb - - default default] Successfully bumped revision number for resource 9e1f6a76-b8f1-45cb-97bf-ea52ce86c93d (type: security_group_rules) to 0
2026-05-09 22:49:19.198 9 INFO neutron.db.ovn_revision_numbers_db [None req-a8b18dd9-f8a7-4c0e-8c79-226990d16307 - - - - - -] Successfully bumped revision number for resource 368854dd-665e-44ad-a694-6e835870be2a (type: router_ports) to 2
2026-05-09 22:49:19.219 9 INFO neutron.db.ovn_revision_numbers_db [None req-2479f7b0-1d0b-491b-8883-5aa5c7478e1c - - - - - -] Successfully bumped revision number for resource fc30b6c8-26be-4ecf-925d-1b0a0091ae13 (type: ports) to 4
2026-05-09 22:49:19.220 10 INFO neutron.db.ovn_revision_numbers_db [None req-7516c60f-0011-4192-94c9-a7edf5b0ae46 e63ab23ec7d6481db4b758a6d2e5ffd9 3aee92eba8c04df6ba82301477145736 - - default default] Successfully bumped revision number for resource 1825a817-26a2-43c3-ac0e-cfe5eadbe9a4 (type: security_group_rules) to 0
2026-05-09 22:49:19.226 10 INFO neutron.wsgi [None req-42f63506-3aa8-497c-a2cb-2667e8848bb7 a39dd147892545d483545c4767b570da 7a609977db4b413da0138df92f1c7ccb - - default default] 10.0.0.189 "POST /v2.0/security-group-rules HTTP/1.1" status: 201 len: 801 time: 0.2595823
2026-05-09 22:49:19.237 10 WARNING neutron_lib.context [None req-f2e52011-8493-4682-a93d-477b115960d8 a39dd147892545d483545c4767b570da 7a609977db4b413da0138df92f1c7ccb - - default default] Method 'is_advsvc' is deprecated since 2023.2 release (neutron-lib 3.8.0) and will be removed once support for the old RBAC API policies will be removed from Neutron. Please use method 'is_service_role' instead.
2026-05-09 22:49:19.241 10 INFO neutron.db.ovn_revision_numbers_db [None req-7516c60f-0011-4192-94c9-a7edf5b0ae46 e63ab23ec7d6481db4b758a6d2e5ffd9 3aee92eba8c04df6ba82301477145736 - - default default] Successfully bumped revision number for resource 1e5a0615-b199-462a-9dea-b7e3134d0bee (type: security_group_rules) to 0
2026-05-09 22:49:19.267 10 INFO neutron.db.ovn_revision_numbers_db [None req-7516c60f-0011-4192-94c9-a7edf5b0ae46 e63ab23ec7d6481db4b758a6d2e5ffd9 3aee92eba8c04df6ba82301477145736 - - default default] Successfully bumped revision number for resource ad24787d-4122-41d0-b8ea-c706fb78d721 (type: security_group_rules) to 0
2026-05-09 22:49:19.306 10 INFO neutron.db.ovn_revision_numbers_db [None req-7516c60f-0011-4192-94c9-a7edf5b0ae46 e63ab23ec7d6481db4b758a6d2e5ffd9 3aee92eba8c04df6ba82301477145736 - - default default] Successfully bumped revision number for resource e3b5184b-6c84-4899-bf14-2b90dc30fc15 (type: security_group_rules) to 0
2026-05-09 22:49:19.341 10 INFO neutron.wsgi [None req-7516c60f-0011-4192-94c9-a7edf5b0ae46 e63ab23ec7d6481db4b758a6d2e5ffd9 3aee92eba8c04df6ba82301477145736 - - default default] 10.0.0.189 "GET /v2.0/security-groups?tenant_id=1e78973dbece497d8212c003f574d6f8&name=default HTTP/1.1" status: 200 len: 3120 time: 0.3347816
2026-05-09 22:49:19.578 9 INFO neutron.db.ovn_revision_numbers_db [None req-2479f7b0-1d0b-491b-8883-5aa5c7478e1c - - - - - -] Successfully bumped revision number for resource fc30b6c8-26be-4ecf-925d-1b0a0091ae13 (type: router_ports) to 4
2026-05-09 22:49:19.711 10 WARNING neutron.scheduler.dhcp_agent_scheduler [None req-f2e52011-8493-4682-a93d-477b115960d8 a39dd147892545d483545c4767b570da 7a609977db4b413da0138df92f1c7ccb - - default default] No more DHCP agents
2026-05-09 22:49:19.722 10 WARNING neutron.api.rpc.agentnotifiers.dhcp_rpc_agent_api [None req-f2e52011-8493-4682-a93d-477b115960d8 a39dd147892545d483545c4767b570da 7a609977db4b413da0138df92f1c7ccb - - default default] Unable to schedule network 734f4df4-bc0a-4a83-8243-ef350525367b: no agents available; will retry on subsequent port and subnet creation events.
2026-05-09 22:49:19.762 9 INFO neutron.db.ovn_revision_numbers_db [None req-b5f6634d-9212-418f-98b9-e6fcbc53bfe5 e63ab23ec7d6481db4b758a6d2e5ffd9 3aee92eba8c04df6ba82301477145736 - - default default] Successfully bumped revision number for resource 5e4c1bb0-be17-46ac-a044-d3d3d450d83e (type: router_ports) to 1
2026-05-09 22:49:19.767 9 INFO neutron.wsgi [None req-b5f6634d-9212-418f-98b9-e6fcbc53bfe5 e63ab23ec7d6481db4b758a6d2e5ffd9 3aee92eba8c04df6ba82301477145736 - - default default] 10.0.0.189 "PUT /v2.0/routers/6eb8806d-fc3e-4141-bfca-165ba6a79c5f/add_router_interface HTTP/1.1" status: 200 len: 503 time: 4.2614226
2026-05-09 22:49:19.784 10 INFO neutron.db.ovn_revision_numbers_db [req-e94eb267-d930-4789-a6a8-7060c42bf36f req-31804849-53f0-41ba-acc2-316f81a34671 8fb33313bbf1451f8de96fe7fd6e05be ed0e085260f846ce9aadfbe0db79c776 - - 7658d3de922047b7a4564ef14e590b8b 7658d3de922047b7a4564ef14e590b8b] Successfully bumped revision number for resource bcdcda09-ed28-40ce-ad32-0dd39f4a23b9 (type: ports) to 2
2026-05-09 22:49:19.806 10 INFO neutron.wsgi [None req-e3f19e85-1ff8-4cf2-9297-532409e64533 e63ab23ec7d6481db4b758a6d2e5ffd9 3aee92eba8c04df6ba82301477145736 - - default default] 10.0.0.189 "DELETE /v2.0/security-groups/55b5c2b7-7ebd-4904-845d-e9762f904cda HTTP/1.1" status: 204 len: 168 time: 0.4583929
2026-05-09 22:49:19.821 9 INFO neutron.wsgi [req-65202b0b-f81b-4327-b6ce-34bfaf5f94ac req-4661f745-e895-42bf-8ac4-89e62ff0b6da bbac0c59a4454e56a8bc265ef57349d6 e56659014adb49c38400afc99bac59c6 - - default default] 10.0.0.184 "GET /v2.0/ports?device_id=6c05275c-7adb-409e-b802-dc82117b1b8e HTTP/1.1" status: 200 len: 1172 time: 0.1170235
2026-05-09 22:49:19.881 9 INFO neutron.wsgi [req-65202b0b-f81b-4327-b6ce-34bfaf5f94ac req-9d7ea2ac-9f5a-496d-83a6-a0896cb941ee bbac0c59a4454e56a8bc265ef57349d6 e56659014adb49c38400afc99bac59c6 - - default default] 10.0.0.184 "GET /v2.0/security-groups?id=d650e5c2-118a-4a08-b35f-900a1dc2002d&fields=id&fields=name HTTP/1.1" status: 200 len: 312 time: 0.0521731
2026-05-09 22:49:20.088 10 INFO neutron.db.ovn_revision_numbers_db [req-e94eb267-d930-4789-a6a8-7060c42bf36f req-31804849-53f0-41ba-acc2-316f81a34671 8fb33313bbf1451f8de96fe7fd6e05be ed0e085260f846ce9aadfbe0db79c776 - - 7658d3de922047b7a4564ef14e590b8b 7658d3de922047b7a4564ef14e590b8b] Successfully bumped revision number for resource bcdcda09-ed28-40ce-ad32-0dd39f4a23b9 (type: ports) to 2
2026-05-09 22:49:20.114 10 INFO neutron.wsgi [req-e94eb267-d930-4789-a6a8-7060c42bf36f req-31804849-53f0-41ba-acc2-316f81a34671 8fb33313bbf1451f8de96fe7fd6e05be ed0e085260f846ce9aadfbe0db79c776 - - 7658d3de922047b7a4564ef14e590b8b 7658d3de922047b7a4564ef14e590b8b] 199.204.45.19 "PUT /v2.0/ports/bcdcda09-ed28-40ce-ad32-0dd39f4a23b9 HTTP/1.1" status: 200 len: 1380 time: 1.0289247
2026-05-09 22:49:20.147 10 INFO neutron.wsgi [None req-f2e52011-8493-4682-a93d-477b115960d8 a39dd147892545d483545c4767b570da 7a609977db4b413da0138df92f1c7ccb - - default default] 10.0.0.189 "POST /v2.0/floatingips HTTP/1.1" status: 201 len: 751 time: 0.9152508 /var/lib/openstack/lib/python3.10/site-packages/pycadf/identifier.py:71: UserWarning: Invalid uuid: neutron. To ensure interoperability, identifiers should be a valid uuid. warnings.warn(('Invalid uuid: %s. To ensure interoperability, '
2026-05-09 22:49:20.215 10 INFO neutron.wsgi [req-e94eb267-d930-4789-a6a8-7060c42bf36f req-e2772061-1945-425b-af28-123036004a92 8fb33313bbf1451f8de96fe7fd6e05be ed0e085260f846ce9aadfbe0db79c776 - - 7658d3de922047b7a4564ef14e590b8b 7658d3de922047b7a4564ef14e590b8b] 199.204.45.19 "GET /v2.0/ports?tenant_id=e56659014adb49c38400afc99bac59c6&device_id=6c05275c-7adb-409e-b802-dc82117b1b8e HTTP/1.1" status: 200 len: 1411 time: 0.0527952
2026-05-09 22:49:20.251 10 INFO neutron.wsgi [req-e94eb267-d930-4789-a6a8-7060c42bf36f req-ac0dc5df-4cd6-4546-b698-c1bfb22c14e4 8fb33313bbf1451f8de96fe7fd6e05be ed0e085260f846ce9aadfbe0db79c776 - - 7658d3de922047b7a4564ef14e590b8b 7658d3de922047b7a4564ef14e590b8b] 199.204.45.19 "GET /v2.0/floatingips?fixed_ip_address=10.100.0.14&port_id=bcdcda09-ed28-40ce-ad32-0dd39f4a23b9 HTTP/1.1" status: 200 len: 217 time: 0.0284238
2026-05-09 22:49:20.270 9 WARNING neutron_lib.context [None req-fe597fe0-1668-4416-b22a-7dfabd9f2999 0cd400afc4834828a1133cbde7aaece7 1f164b24c4584e899302141c4aece720 - - default default] Method 'is_advsvc' is deprecated since 2023.2 release (neutron-lib 3.8.0) and will be removed once support for the old RBAC API policies will be removed from Neutron. Please use method 'is_service_role' instead.
2026-05-09 22:49:20.295 10 INFO neutron.wsgi [req-e94eb267-d930-4789-a6a8-7060c42bf36f req-9f0ac6c1-832c-4268-9d5f-a97988f3a846 8fb33313bbf1451f8de96fe7fd6e05be ed0e085260f846ce9aadfbe0db79c776 - - 7658d3de922047b7a4564ef14e590b8b 7658d3de922047b7a4564ef14e590b8b] 199.204.45.19 "GET /v2.0/subnets?id=303c1e37-43be-4b3c-b3c6-2479ed9f44db HTTP/1.1" status: 200 len: 873 time: 0.0381331
2026-05-09 22:49:20.331 10 INFO neutron.wsgi [req-e94eb267-d930-4789-a6a8-7060c42bf36f req-ab6f24f5-6300-4fd3-8010-b658989393ef 8fb33313bbf1451f8de96fe7fd6e05be ed0e085260f846ce9aadfbe0db79c776 - - 7658d3de922047b7a4564ef14e590b8b 7658d3de922047b7a4564ef14e590b8b] 199.204.45.19 "GET /v2.0/ports?network_id=0bfe3a55-7765-4318-85f7-b31220f2c282&device_owner=network%3Adhcp HTTP/1.1" status: 200 len: 210 time: 0.0305271
2026-05-09 22:49:20.389 10 INFO neutron.wsgi [req-e94eb267-d930-4789-a6a8-7060c42bf36f req-8b433e9b-29a4-48f0-87db-99e4424c714e 8fb33313bbf1451f8de96fe7fd6e05be ed0e085260f846ce9aadfbe0db79c776 - - 7658d3de922047b7a4564ef14e590b8b 7658d3de922047b7a4564ef14e590b8b] 199.204.45.19 "GET /v2.0/networks/0bfe3a55-7765-4318-85f7-b31220f2c282?fields=segments HTTP/1.1" status: 200 len: 212 time: 0.0532098
2026-05-09 22:49:20.415 9 INFO neutron.db.ovn_revision_numbers_db [None req-fe597fe0-1668-4416-b22a-7dfabd9f2999 0cd400afc4834828a1133cbde7aaece7 1f164b24c4584e899302141c4aece720 - - default default] Successfully bumped revision number for resource 90afd960-b86d-4e12-816d-cc0d55c2cdbe (type: security_groups) to 1
2026-05-09 22:49:20.430 9 INFO neutron.db.ovn_revision_numbers_db [None req-fe597fe0-1668-4416-b22a-7dfabd9f2999 0cd400afc4834828a1133cbde7aaece7 1f164b24c4584e899302141c4aece720 - - default default] Successfully bumped revision number for resource 0bcedec6-5295-4840-ba43-4a31a7503ed8 (type: security_group_rules) to 0
2026-05-09 22:49:20.444 9 INFO neutron.db.ovn_revision_numbers_db [None req-fe597fe0-1668-4416-b22a-7dfabd9f2999 0cd400afc4834828a1133cbde7aaece7 1f164b24c4584e899302141c4aece720 - - default default] Successfully bumped revision number for resource a4775f62-64c9-4082-bc5b-a41bc919ba8b (type: security_group_rules) to 0
2026-05-09 22:49:20.449 10 INFO neutron.wsgi [req-e94eb267-d930-4789-a6a8-7060c42bf36f req-71ef1997-39be-460a-8878-82e828756bf5 8fb33313bbf1451f8de96fe7fd6e05be ed0e085260f846ce9aadfbe0db79c776 - - 7658d3de922047b7a4564ef14e590b8b 7658d3de922047b7a4564ef14e590b8b] 199.204.45.19 "GET /v2.0/networks/0bfe3a55-7765-4318-85f7-b31220f2c282?fields=provider%3Aphysical_network&fields=provider%3Anetwork_type HTTP/1.1" status: 200 len: 277 time: 0.0539773
2026-05-09 22:49:20.463 9 INFO neutron.wsgi [None req-fe597fe0-1668-4416-b22a-7dfabd9f2999 0cd400afc4834828a1133cbde7aaece7 1f164b24c4584e899302141c4aece720 - - default default] 10.0.0.189 "POST /v2.0/security-groups HTTP/1.1" status: 201 len: 1859 time: 0.1991136
2026-05-09 22:49:20.477 10 WARNING neutron_lib.context [None req-589cef5e-49e7-4c1f-bd1c-9d8dbb42ebe0 0cd400afc4834828a1133cbde7aaece7 1f164b24c4584e899302141c4aece720 - - default default] Method 'is_advsvc' is deprecated since 2023.2 release (neutron-lib 3.8.0) and will be removed once support for the old RBAC API policies will be removed from Neutron. Please use method 'is_service_role' instead.
2026-05-09 22:49:20.548 10 INFO neutron.notifiers.nova [-] Nova event matching ['req-d46a5410-0869-4d84-a360-a02f20a73cf8'] response: {'name': 'network-changed', 'server_uuid': '6c05275c-7adb-409e-b802-dc82117b1b8e', 'tag': 'bcdcda09-ed28-40ce-ad32-0dd39f4a23b9', 'status': 'completed', 'code': 200}
2026-05-09 22:49:20.653 10 INFO neutron.wsgi [req-010e2e72-556b-48cd-8c33-f83b84d6fd9e req-8c488efd-dce9-4c3d-8b8e-8165691bec83 a39dd147892545d483545c4767b570da 7a609977db4b413da0138df92f1c7ccb - - default default] 10.0.0.184 "GET /v2.0/security-groups?name=tempest-securitygroup--1217002049&fields=id&tenant_id=7a609977db4b413da0138df92f1c7ccb HTTP/1.1" status: 200 len: 267 time: 0.0464356
2026-05-09 22:49:20.661 10 INFO neutron.db.ovn_revision_numbers_db [None req-589cef5e-49e7-4c1f-bd1c-9d8dbb42ebe0 0cd400afc4834828a1133cbde7aaece7 1f164b24c4584e899302141c4aece720 - - default default] Successfully bumped revision number for resource 421f4306-461b-47b1-a7bb-95cd97eb8c88 (type: security_group_rules) to 0
2026-05-09 22:49:20.718 10 INFO neutron.wsgi [None req-589cef5e-49e7-4c1f-bd1c-9d8dbb42ebe0 0cd400afc4834828a1133cbde7aaece7 1f164b24c4584e899302141c4aece720 - - default default] 10.0.0.189 "POST /v2.0/security-group-rules HTTP/1.1" status: 201 len: 796 time: 0.2482667
2026-05-09 22:49:20.730 10 INFO neutron.wsgi [req-4965525f-d58b-4490-8fcc-a590144ed4f8 req-ed03ca2f-73ed-45bc-80cf-98b68ae94511 8fb33313bbf1451f8de96fe7fd6e05be ed0e085260f846ce9aadfbe0db79c776 - - 7658d3de922047b7a4564ef14e590b8b 7658d3de922047b7a4564ef14e590b8b] 199.204.45.19 "GET /v2.0/ports?tenant_id=e56659014adb49c38400afc99bac59c6&device_id=6c05275c-7adb-409e-b802-dc82117b1b8e HTTP/1.1" status: 200 len: 1411 time: 0.0572863
2026-05-09 22:49:20.735 10 WARNING neutron_lib.context [None req-708003e9-9128-4d2b-b5c8-c9c3d45c5367 0cd400afc4834828a1133cbde7aaece7 1f164b24c4584e899302141c4aece720 - - default default] Method 'is_advsvc' is deprecated since 2023.2 release (neutron-lib 3.8.0) and will be removed once support for the old RBAC API policies will be removed from Neutron. Please use method 'is_service_role' instead.
2026-05-09 22:49:20.785 10 INFO neutron.wsgi [req-010e2e72-556b-48cd-8c33-f83b84d6fd9e req-d1e79471-a786-4907-a142-f63d4944969f a39dd147892545d483545c4767b570da 7a609977db4b413da0138df92f1c7ccb - - default default] 10.0.0.184 "GET /v2.0/networks?id=d22e1eb5-7918-4959-b28e-b4e5fbc5a378 HTTP/1.1" status: 200 len: 882 time: 0.1247489
2026-05-09 22:49:20.810 10 INFO neutron.wsgi [req-010e2e72-556b-48cd-8c33-f83b84d6fd9e req-e222b006-ec22-4344-9f2a-d23507c1ceca a39dd147892545d483545c4767b570da 7a609977db4b413da0138df92f1c7ccb - - default default] 10.0.0.184 "GET /v2.0/quotas/7a609977db4b413da0138df92f1c7ccb HTTP/1.1" status: 200 len: 491 time: 0.0151386
2026-05-09 22:49:20.825 10 INFO neutron.wsgi [req-4965525f-d58b-4490-8fcc-a590144ed4f8 req-47749920-919b-400b-ab94-8b86fa535638 8fb33313bbf1451f8de96fe7fd6e05be ed0e085260f846ce9aadfbe0db79c776 - - 7658d3de922047b7a4564ef14e590b8b 7658d3de922047b7a4564ef14e590b8b] 199.204.45.19 "GET /v2.0/networks?id=0bfe3a55-7765-4318-85f7-b31220f2c282 HTTP/1.1" status: 200 len: 977 time: 0.0888605
2026-05-09 22:49:20.864 10 INFO neutron.wsgi [req-4965525f-d58b-4490-8fcc-a590144ed4f8 req-2c394f75-f200-4d0e-891a-ce2f4b8df92e 8fb33313bbf1451f8de96fe7fd6e05be ed0e085260f846ce9aadfbe0db79c776 - - 7658d3de922047b7a4564ef14e590b8b 7658d3de922047b7a4564ef14e590b8b] 199.204.45.19 "GET /v2.0/floatingips?fixed_ip_address=10.100.0.14&port_id=bcdcda09-ed28-40ce-ad32-0dd39f4a23b9 HTTP/1.1" status: 200 len: 217 time: 0.0320520
2026-05-09 22:49:20.922 10 INFO neutron.wsgi [req-4965525f-d58b-4490-8fcc-a590144ed4f8 req-70d1a09f-5abb-40dc-b405-5b9dec807365 8fb33313bbf1451f8de96fe7fd6e05be ed0e085260f846ce9aadfbe0db79c776 - - 7658d3de922047b7a4564ef14e590b8b 7658d3de922047b7a4564ef14e590b8b] 199.204.45.19 "GET /v2.0/subnets?id=303c1e37-43be-4b3c-b3c6-2479ed9f44db HTTP/1.1" status: 200 len: 873 time: 0.0500364
2026-05-09 22:49:20.959 10 INFO neutron.wsgi [req-4965525f-d58b-4490-8fcc-a590144ed4f8 req-7d17cece-3d3b-4fc6-9456-aaaaab0ac6d7 8fb33313bbf1451f8de96fe7fd6e05be ed0e085260f846ce9aadfbe0db79c776 - - 7658d3de922047b7a4564ef14e590b8b 7658d3de922047b7a4564ef14e590b8b] 199.204.45.19 "GET /v2.0/ports?network_id=0bfe3a55-7765-4318-85f7-b31220f2c282&device_owner=network%3Adhcp HTTP/1.1" status: 200 len: 210 time: 0.0306945
2026-05-09 22:49:20.963 10 INFO neutron.wsgi [req-010e2e72-556b-48cd-8c33-f83b84d6fd9e req-3b108ab7-0536-4646-8993-3ef31a9c1a24 a39dd147892545d483545c4767b570da 7a609977db4b413da0138df92f1c7ccb - - default default] 10.0.0.184 "GET /v2.0/ports?tenant_id=7a609977db4b413da0138df92f1c7ccb&fields=id HTTP/1.1" status: 200 len: 302 time: 0.1430178
2026-05-09 22:49:21.002 9 INFO neutron.wsgi [req-3f4db7df-5e67-4754-9bd0-b6dffec882a6 req-d0d51797-de5e-4272-9f6e-733db1a49109 bbac0c59a4454e56a8bc265ef57349d6 e56659014adb49c38400afc99bac59c6 - - default default] 10.0.0.184 "GET /v2.0/ports?device_id=6c05275c-7adb-409e-b802-dc82117b1b8e HTTP/1.1" status: 200 len: 1172 time: 0.0588710
2026-05-09 22:49:21.054 9 INFO neutron.wsgi [req-3f4db7df-5e67-4754-9bd0-b6dffec882a6 req-5277197f-7a63-4bda-883f-b592c30ebaa1 bbac0c59a4454e56a8bc265ef57349d6 e56659014adb49c38400afc99bac59c6 - - default default] 10.0.0.184 "GET /v2.0/security-groups?id=d650e5c2-118a-4a08-b35f-900a1dc2002d&fields=id&fields=name HTTP/1.1" status: 200 len: 312 time: 0.0443845
2026-05-09 22:49:21.175 10 INFO neutron.db.ovn_revision_numbers_db [None req-708003e9-9128-4d2b-b5c8-c9c3d45c5367 0cd400afc4834828a1133cbde7aaece7 1f164b24c4584e899302141c4aece720 - - default default] Successfully bumped revision number for resource 3a45ce3a-cd18-4d57-a155-20140af47b63 (type: security_group_rules) to 0
2026-05-09 22:49:21.195 10 INFO neutron.wsgi [req-4965525f-d58b-4490-8fcc-a590144ed4f8 req-11c02286-9469-40ef-bd78-6c9df2ce31cc 8fb33313bbf1451f8de96fe7fd6e05be ed0e085260f846ce9aadfbe0db79c776 - - 7658d3de922047b7a4564ef14e590b8b 7658d3de922047b7a4564ef14e590b8b] 199.204.45.19 "GET /v2.0/networks/0bfe3a55-7765-4318-85f7-b31220f2c282?fields=segments HTTP/1.1" status: 200 len: 212 time: 0.2292352
2026-05-09 22:49:21.226 10 INFO neutron.wsgi [None req-708003e9-9128-4d2b-b5c8-c9c3d45c5367 0cd400afc4834828a1133cbde7aaece7 1f164b24c4584e899302141c4aece720 - - default default] 10.0.0.189 "POST /v2.0/security-group-rules HTTP/1.1" status: 201 len: 801 time: 0.5017366
2026-05-09 22:49:21.230 10 INFO neutron.wsgi [req-010e2e72-556b-48cd-8c33-f83b84d6fd9e req-c7e07068-5166-48a8-9249-267cfe6ca350 8fb33313bbf1451f8de96fe7fd6e05be ed0e085260f846ce9aadfbe0db79c776 - - 7658d3de922047b7a4564ef14e590b8b 7658d3de922047b7a4564ef14e590b8b] 10.0.0.184 "GET /v2.0/networks/d22e1eb5-7918-4959-b28e-b4e5fbc5a378?fields=segments HTTP/1.1" status: 200 len: 212 time: 0.2396235
2026-05-09 22:49:21.234 10 WARNING neutron_lib.context [None req-ce53f955-a32c-4d28-8b9f-2e4ff63535ab 0cd400afc4834828a1133cbde7aaece7 1f164b24c4584e899302141c4aece720 - - default default] Method 'is_advsvc' is deprecated since 2023.2 release (neutron-lib 3.8.0) and will be removed once support for the old RBAC API policies will be removed from Neutron. Please use method 'is_service_role' instead.
2026-05-09 22:49:21.334 10 INFO neutron.wsgi [req-4965525f-d58b-4490-8fcc-a590144ed4f8 req-8f9f1065-dc96-4b5f-97fa-6c9a8b278771 8fb33313bbf1451f8de96fe7fd6e05be ed0e085260f846ce9aadfbe0db79c776 - - 7658d3de922047b7a4564ef14e590b8b 7658d3de922047b7a4564ef14e590b8b] 199.204.45.19 "GET /v2.0/networks/0bfe3a55-7765-4318-85f7-b31220f2c282?fields=provider%3Aphysical_network&fields=provider%3Anetwork_type HTTP/1.1" status: 200 len: 277 time: 0.1258254
2026-05-09 22:49:21.341 10 INFO neutron.wsgi [req-010e2e72-556b-48cd-8c33-f83b84d6fd9e req-a05dc453-3a71-4ca2-b99e-604b79dcaed7 8fb33313bbf1451f8de96fe7fd6e05be ed0e085260f846ce9aadfbe0db79c776 - - 7658d3de922047b7a4564ef14e590b8b 7658d3de922047b7a4564ef14e590b8b] 10.0.0.184 "GET /v2.0/networks/d22e1eb5-7918-4959-b28e-b4e5fbc5a378?fields=provider%3Aphysical_network&fields=provider%3Anetwork_type HTTP/1.1" status: 200 len: 277 time: 0.0999081
2026-05-09 22:49:21.477 9 INFO neutron.wsgi [req-bcebeef3-5560-4d6c-85b0-e24f2748ed59 req-b343ed6b-a0dd-4a22-98ca-b1d9f5a09996 a39dd147892545d483545c4767b570da 7a609977db4b413da0138df92f1c7ccb - - default default] 10.0.0.184 "GET /v2.0/ports?device_id=cdfef2ba-5de6-4dec-86c9-8d4493ee1744 HTTP/1.1" status: 200 len: 210 time: 0.0279770
2026-05-09 22:49:21.535 10 WARNING neutron.scheduler.dhcp_agent_scheduler [None req-ce53f955-a32c-4d28-8b9f-2e4ff63535ab 0cd400afc4834828a1133cbde7aaece7 1f164b24c4584e899302141c4aece720 - - default default] No more DHCP agents
2026-05-09 22:49:21.537 10 WARNING neutron.api.rpc.agentnotifiers.dhcp_rpc_agent_api [None req-ce53f955-a32c-4d28-8b9f-2e4ff63535ab 0cd400afc4834828a1133cbde7aaece7 1f164b24c4584e899302141c4aece720 - - default default] Unable to schedule network 734f4df4-bc0a-4a83-8243-ef350525367b: no agents available; will retry on subsequent port and subnet creation events.
2026-05-09 22:49:21.869 10 INFO neutron.wsgi [None req-ce53f955-a32c-4d28-8b9f-2e4ff63535ab 0cd400afc4834828a1133cbde7aaece7 1f164b24c4584e899302141c4aece720 - - default default] 10.0.0.189 "POST /v2.0/floatingips HTTP/1.1" status: 201 len: 751 time: 0.6381164
2026-05-09 22:49:22.232 10 INFO neutron.wsgi [req-d2d6c76e-9176-45e5-b442-d6b5b203c041 req-50bff880-a8a9-4a36-8b66-caeee6213e0c bbac0c59a4454e56a8bc265ef57349d6 e56659014adb49c38400afc99bac59c6 - - default default] 10.0.0.184 "GET /v2.0/ports?device_id=6c05275c-7adb-409e-b802-dc82117b1b8e HTTP/1.1" status: 200 len: 1172 time: 0.1200752
2026-05-09 22:49:22.284 10 INFO neutron.wsgi [req-d2d6c76e-9176-45e5-b442-d6b5b203c041 req-7b6e5521-a210-44ae-9d07-d17f10559c6b bbac0c59a4454e56a8bc265ef57349d6 e56659014adb49c38400afc99bac59c6 - - default default] 10.0.0.184 "GET /v2.0/security-groups?id=d650e5c2-118a-4a08-b35f-900a1dc2002d&fields=id&fields=name HTTP/1.1" status: 200 len: 312 time: 0.0435021
2026-05-09 22:49:22.392 9 INFO neutron.wsgi [req-6d6c14e6-c471-4692-9d07-859f98171931 req-619fed3d-727e-44ee-8d17-95a6a20473c3 0cd400afc4834828a1133cbde7aaece7 1f164b24c4584e899302141c4aece720 - - default default] 10.0.0.184 "GET /v2.0/security-groups?name=tempest-securitygroup--744961494&fields=id&tenant_id=1f164b24c4584e899302141c4aece720 HTTP/1.1" status: 200 len: 267 time: 0.0630102
2026-05-09 22:49:22.497 10 INFO neutron.wsgi [req-010e2e72-556b-48cd-8c33-f83b84d6fd9e req-a9897c81-f65a-4e58-8009-829202f0db96 a39dd147892545d483545c4767b570da 7a609977db4b413da0138df92f1c7ccb - - default default] 199.204.45.19 "GET /v2.0/networks?id=d22e1eb5-7918-4959-b28e-b4e5fbc5a378 HTTP/1.1" status: 200 len: 882 time: 0.0779643
2026-05-09 22:49:22.505 9 INFO neutron.wsgi [req-6d6c14e6-c471-4692-9d07-859f98171931 req-3ebb1b00-6dd2-456c-9588-7d5565e05877 0cd400afc4834828a1133cbde7aaece7 1f164b24c4584e899302141c4aece720 - - default default] 10.0.0.184 "GET /v2.0/networks?id=79e6c684-91a5-4a81-97e5-1a28bcfde47b HTTP/1.1" status: 200 len: 868 time: 0.1041548
2026-05-09 22:49:22.535 9 INFO neutron.wsgi [req-6d6c14e6-c471-4692-9d07-859f98171931 req-119bfde8-b0f9-4050-bc42-aaaaa8b79b58 0cd400afc4834828a1133cbde7aaece7 1f164b24c4584e899302141c4aece720 - - default default] 10.0.0.184 "GET /v2.0/quotas/1f164b24c4584e899302141c4aece720 HTTP/1.1" status: 200 len: 491 time: 0.0215731
2026-05-09 22:49:22.582 10 INFO neutron.wsgi [req-a29ac04a-6ac6-4067-91cb-aff45672d248 req-fcaaf381-a524-4438-ad56-7363754d400d a39dd147892545d483545c4767b570da 7a609977db4b413da0138df92f1c7ccb - - default default] 10.0.0.184 "GET /v2.0/ports?device_id=cdfef2ba-5de6-4dec-86c9-8d4493ee1744 HTTP/1.1" status: 200 len: 210 time: 0.0289798
2026-05-09 22:49:22.591 10 INFO neutron.wsgi [req-010e2e72-556b-48cd-8c33-f83b84d6fd9e req-67b14dbd-f84e-43d1-8da2-860df04893d4 a39dd147892545d483545c4767b570da 7a609977db4b413da0138df92f1c7ccb - - default default] 199.204.45.19 "GET /v2.0/security-groups?fields=id&fields=name&tenant_id=7a609977db4b413da0138df92f1c7ccb HTTP/1.1" status: 200 len: 380 time: 0.0888493
2026-05-09 22:49:22.605 10 WARNING neutron_lib.context [req-010e2e72-556b-48cd-8c33-f83b84d6fd9e req-f5db6071-26bf-4cfb-80df-2753f06983aa a39dd147892545d483545c4767b570da 7a609977db4b413da0138df92f1c7ccb - - default default] Method 'is_advsvc' is deprecated since 2023.2 release (neutron-lib 3.8.0) and will be removed once support for the old RBAC API policies will be removed from Neutron. Please use method 'is_service_role' instead.
2026-05-09 22:49:22.688 9 INFO neutron.wsgi [req-6d6c14e6-c471-4692-9d07-859f98171931 req-db77e1b4-fbea-4018-b9cc-ef7f0e02fe37 0cd400afc4834828a1133cbde7aaece7 1f164b24c4584e899302141c4aece720 - - default default] 10.0.0.184 "GET /v2.0/ports?tenant_id=1f164b24c4584e899302141c4aece720&fields=id HTTP/1.1" status: 200 len: 302 time: 0.1441646
2026-05-09 22:49:22.697 9 INFO neutron.db.ovn_revision_numbers_db [None req-3878ea62-5670-4599-8e23-d8afb0a44ae9 e63ab23ec7d6481db4b758a6d2e5ffd9 3aee92eba8c04df6ba82301477145736 - - default default] Successfully bumped revision number for resource a2e141d3-cd23-4cb1-8827-135e2ba89088 (type: security_groups) to 1
2026-05-09 22:49:22.724 9 INFO neutron.db.ovn_revision_numbers_db [None req-3878ea62-5670-4599-8e23-d8afb0a44ae9 e63ab23ec7d6481db4b758a6d2e5ffd9 3aee92eba8c04df6ba82301477145736 - - default default] Successfully bumped revision number for resource 44a99eea-5b34-4fe3-a147-dd961fbd030e (type: security_group_rules) to 0
2026-05-09 22:49:22.745 9 INFO neutron.db.ovn_revision_numbers_db [None req-3878ea62-5670-4599-8e23-d8afb0a44ae9 e63ab23ec7d6481db4b758a6d2e5ffd9 3aee92eba8c04df6ba82301477145736 - - default default] Successfully bumped revision number for resource 972cf30f-4b24-4807-be68-c3d3b8ad000f (type: security_group_rules) to 0
2026-05-09 22:49:22.769 9 INFO neutron.db.ovn_revision_numbers_db [None req-3878ea62-5670-4599-8e23-d8afb0a44ae9 e63ab23ec7d6481db4b758a6d2e5ffd9 3aee92eba8c04df6ba82301477145736 - - default default] Successfully bumped revision number for resource a1494ca9-0839-4d77-ba0e-aad8271da4fd (type: security_group_rules) to 0
2026-05-09 22:49:22.793 9 INFO neutron.db.ovn_revision_numbers_db [None req-3878ea62-5670-4599-8e23-d8afb0a44ae9 e63ab23ec7d6481db4b758a6d2e5ffd9 3aee92eba8c04df6ba82301477145736 - - default default] Successfully bumped revision number for resource e5883502-7d30-478a-be35-42a562aba500 (type: security_group_rules) to 0
2026-05-09 22:49:22.816 9 INFO neutron.wsgi [None req-3878ea62-5670-4599-8e23-d8afb0a44ae9 e63ab23ec7d6481db4b758a6d2e5ffd9 3aee92eba8c04df6ba82301477145736 - - default default] 10.0.0.189 "GET /v2.0/security-groups?tenant_id=28aa51e0f0254872b254c4229d251ed1&name=default HTTP/1.1" status: 200 len: 3120 time: 0.4539256
2026-05-09 22:49:23.027 10 WARNING neutron.scheduler.dhcp_agent_scheduler [req-010e2e72-556b-48cd-8c33-f83b84d6fd9e req-f5db6071-26bf-4cfb-80df-2753f06983aa a39dd147892545d483545c4767b570da 7a609977db4b413da0138df92f1c7ccb - - default default] No more DHCP agents
2026-05-09 22:49:23.031 10 WARNING neutron.api.rpc.agentnotifiers.dhcp_rpc_agent_api [req-010e2e72-556b-48cd-8c33-f83b84d6fd9e req-f5db6071-26bf-4cfb-80df-2753f06983aa a39dd147892545d483545c4767b570da 7a609977db4b413da0138df92f1c7ccb - - default default] Unable to schedule network d22e1eb5-7918-4959-b28e-b4e5fbc5a378: no agents available; will retry on subsequent port and subnet creation events.
2026-05-09 22:49:23.071 9 INFO neutron.wsgi [None req-8ee677a4-32db-4246-9b89-6c9abbfdff8c e63ab23ec7d6481db4b758a6d2e5ffd9 3aee92eba8c04df6ba82301477145736 - - default default] 10.0.0.189 "DELETE /v2.0/security-groups/a2e141d3-cd23-4cb1-8827-135e2ba89088 HTTP/1.1" status: 204 len: 168 time: 0.2477531
2026-05-09 22:49:23.080 9 INFO neutron.wsgi [req-6d6c14e6-c471-4692-9d07-859f98171931 req-50bd3813-6373-4285-a726-410acad31fd5 8fb33313bbf1451f8de96fe7fd6e05be ed0e085260f846ce9aadfbe0db79c776 - - 7658d3de922047b7a4564ef14e590b8b 7658d3de922047b7a4564ef14e590b8b] 10.0.0.184 "GET /v2.0/extensions HTTP/1.1" status: 200 len: 18683 time: 0.0526314
2026-05-09 22:49:23.163 9 INFO neutron.wsgi [req-6d6c14e6-c471-4692-9d07-859f98171931 req-cf17de2e-97f3-4743-af32-3d74dff9b769 8fb33313bbf1451f8de96fe7fd6e05be ed0e085260f846ce9aadfbe0db79c776 - - 7658d3de922047b7a4564ef14e590b8b 7658d3de922047b7a4564ef14e590b8b] 10.0.0.184 "GET /v2.0/networks/79e6c684-91a5-4a81-97e5-1a28bcfde47b?fields=segments HTTP/1.1" status: 200 len: 212 time: 0.0739682
2026-05-09 22:49:23.252 9 INFO neutron.wsgi [req-6d6c14e6-c471-4692-9d07-859f98171931 req-d89e2cbe-8301-4c97-bda2-88f34ee981a7 8fb33313bbf1451f8de96fe7fd6e05be ed0e085260f846ce9aadfbe0db79c776 - - 7658d3de922047b7a4564ef14e590b8b 7658d3de922047b7a4564ef14e590b8b] 10.0.0.184 "GET /v2.0/networks/79e6c684-91a5-4a81-97e5-1a28bcfde47b?fields=provider%3Aphysical_network&fields=provider%3Anetwork_type HTTP/1.1" status: 200 len: 277 time: 0.0802715
2026-05-09 22:49:23.299 10 INFO neutron.db.ovn_revision_numbers_db [req-010e2e72-556b-48cd-8c33-f83b84d6fd9e req-f5db6071-26bf-4cfb-80df-2753f06983aa a39dd147892545d483545c4767b570da 7a609977db4b413da0138df92f1c7ccb - - default default] Successfully bumped revision number for resource 13995064-1bfd-489e-b791-6e8df03e6e07 (type: ports) to 1
2026-05-09 22:49:23.324 10 INFO neutron.wsgi [req-010e2e72-556b-48cd-8c33-f83b84d6fd9e req-f5db6071-26bf-4cfb-80df-2753f06983aa a39dd147892545d483545c4767b570da 7a609977db4b413da0138df92f1c7ccb - - default default] 199.204.45.19 "POST /v2.0/ports HTTP/1.1" status: 201 len: 1158 time: 0.7250707 /var/lib/openstack/lib/python3.10/site-packages/pycadf/identifier.py:71: UserWarning: Invalid uuid: neutron. To ensure interoperability, identifiers should be a valid uuid. warnings.warn(('Invalid uuid: %s. To ensure interoperability, '
2026-05-09 22:49:23.426 9 INFO neutron.wsgi [req-e445dfad-bf5b-4a99-b44f-91253dba64d5 req-c129ccc6-5a30-424b-a7c1-ffe8dcb96bbe 0cd400afc4834828a1133cbde7aaece7 1f164b24c4584e899302141c4aece720 - - default default] 10.0.0.184 "GET /v2.0/ports?device_id=973a4fb4-c1a5-4c89-b5c1-6954c8ccf0c7 HTTP/1.1" status: 200 len: 210 time: 0.0267520
2026-05-09 22:49:23.436 10 INFO neutron.wsgi [req-c2d2bf46-54c9-4b5d-9408-3109662439c1 req-b26ee458-f624-4cc3-a680-dfa63af28be7 bbac0c59a4454e56a8bc265ef57349d6 e56659014adb49c38400afc99bac59c6 - - default default] 10.0.0.184 "GET /v2.0/ports?device_id=6c05275c-7adb-409e-b802-dc82117b1b8e HTTP/1.1" status: 200 len: 1172 time: 0.0633500
2026-05-09 22:49:23.520 10 INFO neutron.wsgi [req-c2d2bf46-54c9-4b5d-9408-3109662439c1 req-92b9e914-90eb-457a-af4c-ce8e776140f0 bbac0c59a4454e56a8bc265ef57349d6 e56659014adb49c38400afc99bac59c6 - - default default] 10.0.0.184 "GET /v2.0/security-groups?id=d650e5c2-118a-4a08-b35f-900a1dc2002d&fields=id&fields=name HTTP/1.1" status: 200 len: 312 time: 0.0754948
2026-05-09 22:49:23.756 9 INFO neutron.wsgi [req-e439cc6b-e815-48d6-a21f-0d32796d8e35 req-4a0be560-3b37-4167-8d53-657ba3e1da19 a39dd147892545d483545c4767b570da 7a609977db4b413da0138df92f1c7ccb - - default default] 10.0.0.184 "GET /v2.0/ports?device_id=cdfef2ba-5de6-4dec-86c9-8d4493ee1744 HTTP/1.1" status: 200 len: 1156 time: 0.1023729
2026-05-09 22:49:23.827 9 INFO neutron.wsgi [req-e439cc6b-e815-48d6-a21f-0d32796d8e35 req-1d647630-d460-4891-8096-93849d4bad0a a39dd147892545d483545c4767b570da 7a609977db4b413da0138df92f1c7ccb - - default default] 10.0.0.184 "GET /v2.0/security-groups?id=d0b971d0-c4c4-4125-8b9f-7d410b2828aa&fields=id&fields=name HTTP/1.1" status: 200 len: 313 time: 0.0646405
2026-05-09 22:49:23.891 10 INFO neutron.db.ovn_revision_numbers_db [req-010e2e72-556b-48cd-8c33-f83b84d6fd9e req-1b193594-572d-4465-9016-cb80d1820759 8fb33313bbf1451f8de96fe7fd6e05be ed0e085260f846ce9aadfbe0db79c776 - - 7658d3de922047b7a4564ef14e590b8b 7658d3de922047b7a4564ef14e590b8b] Successfully bumped revision number for resource 13995064-1bfd-489e-b791-6e8df03e6e07 (type: ports) to 2
2026-05-09 22:49:24.142 10 INFO neutron.db.ovn_revision_numbers_db [req-010e2e72-556b-48cd-8c33-f83b84d6fd9e req-1b193594-572d-4465-9016-cb80d1820759 8fb33313bbf1451f8de96fe7fd6e05be ed0e085260f846ce9aadfbe0db79c776 - - 7658d3de922047b7a4564ef14e590b8b 7658d3de922047b7a4564ef14e590b8b] Successfully bumped revision number for resource 13995064-1bfd-489e-b791-6e8df03e6e07 (type: ports) to 2
2026-05-09 22:49:24.160 9 INFO neutron.wsgi [-] 10.0.0.120 "GET / HTTP/1.1" status: 200 len: 247 time: 0.0012195
2026-05-09 22:49:24.160 10 INFO neutron.wsgi [-] 10.0.0.120 "GET / HTTP/1.1" status: 200 len: 247 time: 0.0018513
2026-05-09 22:49:24.172 10 INFO neutron.wsgi [req-010e2e72-556b-48cd-8c33-f83b84d6fd9e req-1b193594-572d-4465-9016-cb80d1820759 8fb33313bbf1451f8de96fe7fd6e05be ed0e085260f846ce9aadfbe0db79c776 - - 7658d3de922047b7a4564ef14e590b8b 7658d3de922047b7a4564ef14e590b8b] 199.204.45.19 "PUT /v2.0/ports/13995064-1bfd-489e-b791-6e8df03e6e07 HTTP/1.1" status: 200 len: 1376 time: 0.8402588
2026-05-09 22:49:24.238 10 INFO neutron.notifiers.nova [-] Nova event matching ['req-35dffd24-922d-4bd5-b88f-78ab7c2fc2ee'] response: {'name': 'network-changed', 'server_uuid': 'cdfef2ba-5de6-4dec-86c9-8d4493ee1744', 'tag': '13995064-1bfd-489e-b791-6e8df03e6e07', 'status': 'completed', 'code': 200} /var/lib/openstack/lib/python3.10/site-packages/pycadf/identifier.py:71: UserWarning: Invalid uuid: neutron. To ensure interoperability, identifiers should be a valid uuid. warnings.warn(('Invalid uuid: %s. To ensure interoperability, '
2026-05-09 22:49:24.280 9 INFO neutron.wsgi [req-6d6c14e6-c471-4692-9d07-859f98171931 req-01829575-be50-425d-96ef-3afcb4463bd6 0cd400afc4834828a1133cbde7aaece7 1f164b24c4584e899302141c4aece720 - - default default] 199.204.45.19 "GET /v2.0/networks?id=79e6c684-91a5-4a81-97e5-1a28bcfde47b HTTP/1.1" status: 200 len: 868 time: 0.1364179
2026-05-09 22:49:24.291 10 INFO neutron.wsgi [req-010e2e72-556b-48cd-8c33-f83b84d6fd9e req-fcdc090a-3127-4ab7-90e7-d0aa6e48f140 8fb33313bbf1451f8de96fe7fd6e05be ed0e085260f846ce9aadfbe0db79c776 - - 7658d3de922047b7a4564ef14e590b8b 7658d3de922047b7a4564ef14e590b8b] 199.204.45.19 "GET /v2.0/ports?tenant_id=7a609977db4b413da0138df92f1c7ccb&device_id=cdfef2ba-5de6-4dec-86c9-8d4493ee1744 HTTP/1.1" status: 200 len: 1407 time: 0.0451074
2026-05-09 22:49:24.317 10 INFO neutron.wsgi [req-010e2e72-556b-48cd-8c33-f83b84d6fd9e req-7f8f3b52-bee0-4992-b4cf-8a52aa1efb1b 8fb33313bbf1451f8de96fe7fd6e05be ed0e085260f846ce9aadfbe0db79c776 - - 7658d3de922047b7a4564ef14e590b8b 7658d3de922047b7a4564ef14e590b8b] 199.204.45.19 "GET /v2.0/floatingips?fixed_ip_address=10.100.0.7&port_id=13995064-1bfd-489e-b791-6e8df03e6e07 HTTP/1.1" status: 200 len: 217 time: 0.0229373
2026-05-09 22:49:24.339 9 INFO neutron.wsgi [req-6d6c14e6-c471-4692-9d07-859f98171931 req-2b7cd12b-83c1-481f-bdcf-483f934fa64a 0cd400afc4834828a1133cbde7aaece7 1f164b24c4584e899302141c4aece720 - - default default] 199.204.45.19 "GET /v2.0/security-groups?fields=id&fields=name&tenant_id=1f164b24c4584e899302141c4aece720 HTTP/1.1" status: 200 len: 379 time: 0.0520444
2026-05-09 22:49:24.346 9 WARNING neutron_lib.context [req-6d6c14e6-c471-4692-9d07-859f98171931 req-37e6fe0f-a396-4f6c-a705-383ddfef44d9 0cd400afc4834828a1133cbde7aaece7 1f164b24c4584e899302141c4aece720 - - default default] Method 'is_advsvc' is deprecated since 2023.2 release (neutron-lib 3.8.0) and will be removed once support for the old RBAC API policies will be removed from Neutron. Please use method 'is_service_role' instead.
2026-05-09 22:49:24.348 10 INFO neutron.wsgi [req-010e2e72-556b-48cd-8c33-f83b84d6fd9e req-77d6c40f-df17-4cd6-91b9-25eb28e327e4 8fb33313bbf1451f8de96fe7fd6e05be ed0e085260f846ce9aadfbe0db79c776 - - 7658d3de922047b7a4564ef14e590b8b 7658d3de922047b7a4564ef14e590b8b] 199.204.45.19 "GET /v2.0/subnets?id=0e3b0799-b5d0-4264-a3c4-9804c0e666b5 HTTP/1.1" status: 200 len: 876 time: 0.0280263
2026-05-09 22:49:24.373 10 INFO neutron.wsgi [req-010e2e72-556b-48cd-8c33-f83b84d6fd9e req-9885beca-3ec8-42a7-abeb-fe604647a8c0 8fb33313bbf1451f8de96fe7fd6e05be ed0e085260f846ce9aadfbe0db79c776 - - 7658d3de922047b7a4564ef14e590b8b 7658d3de922047b7a4564ef14e590b8b] 199.204.45.19 "GET /v2.0/ports?network_id=d22e1eb5-7918-4959-b28e-b4e5fbc5a378&device_owner=network%3Adhcp HTTP/1.1" status: 200 len: 210 time: 0.0187023
2026-05-09 22:49:24.434 10 INFO neutron.wsgi [req-010e2e72-556b-48cd-8c33-f83b84d6fd9e req-f87b6f6b-90df-4f84-ba19-8a7e5f5b8212 8fb33313bbf1451f8de96fe7fd6e05be ed0e085260f846ce9aadfbe0db79c776 - - 7658d3de922047b7a4564ef14e590b8b 7658d3de922047b7a4564ef14e590b8b] 199.204.45.19 "GET /v2.0/networks/d22e1eb5-7918-4959-b28e-b4e5fbc5a378?fields=segments HTTP/1.1" status: 200 len: 212 time: 0.0540149
2026-05-09 22:49:24.496 10 INFO neutron.wsgi [req-010e2e72-556b-48cd-8c33-f83b84d6fd9e req-22f2dc72-4eea-4a13-a549-0835c78276c7 8fb33313bbf1451f8de96fe7fd6e05be ed0e085260f846ce9aadfbe0db79c776 - - 7658d3de922047b7a4564ef14e590b8b 7658d3de922047b7a4564ef14e590b8b] 199.204.45.19 "GET /v2.0/networks/d22e1eb5-7918-4959-b28e-b4e5fbc5a378?fields=provider%3Aphysical_network&fields=provider%3Anetwork_type HTTP/1.1" status: 200 len: 277 time: 0.0546117
2026-05-09 22:49:24.575 10 INFO neutron.wsgi [req-40e3df91-acce-4f15-938e-780fe00134e5 req-b449640c-ea29-454c-a4a1-dbbd6f6f6b20 8fb33313bbf1451f8de96fe7fd6e05be ed0e085260f846ce9aadfbe0db79c776 - - 7658d3de922047b7a4564ef14e590b8b 7658d3de922047b7a4564ef14e590b8b] 199.204.45.19 "GET /v2.0/ports?tenant_id=7a609977db4b413da0138df92f1c7ccb&device_id=cdfef2ba-5de6-4dec-86c9-8d4493ee1744 HTTP/1.1" status: 200 len: 1407 time: 0.0422544
2026-05-09 22:49:24.599 9 INFO neutron.wsgi [req-6583e883-7df1-4e03-bbf6-b62ebf299493 req-d7d9e1b7-9664-4c7a-8162-042e87c10184 0cd400afc4834828a1133cbde7aaece7 1f164b24c4584e899302141c4aece720 - - default default] 10.0.0.184 "GET /v2.0/ports?device_id=973a4fb4-c1a5-4c89-b5c1-6954c8ccf0c7 HTTP/1.1" status: 200 len: 210 time: 0.0426729
2026-05-09 22:49:24.633 10 INFO neutron.wsgi [req-27852842-3767-4e25-bfdc-09cc8fb848c1 req-1f1ece9a-549e-4932-b249-613f2a97fdab bbac0c59a4454e56a8bc265ef57349d6 e56659014adb49c38400afc99bac59c6 - - default default] 10.0.0.184 "GET /v2.0/ports?device_id=6c05275c-7adb-409e-b802-dc82117b1b8e HTTP/1.1" status: 200 len: 1172 time: 0.0454233
2026-05-09 22:49:24.661 10 INFO neutron.wsgi [req-40e3df91-acce-4f15-938e-780fe00134e5 req-24328179-e8ce-4265-899c-41cd08307d40 8fb33313bbf1451f8de96fe7fd6e05be ed0e085260f846ce9aadfbe0db79c776 - - 7658d3de922047b7a4564ef14e590b8b 7658d3de922047b7a4564ef14e590b8b] 199.204.45.19 "GET /v2.0/networks?id=d22e1eb5-7918-4959-b28e-b4e5fbc5a378 HTTP/1.1" status: 200 len: 980 time: 0.0795646
2026-05-09 22:49:24.676 9 WARNING neutron.plugins.ml2.drivers.ovn.mech_driver.ovsdb.ovn_client [None req-a8b18dd9-f8a7-4c0e-8c79-226990d16307 - - - - - -] No hosting information found for port 368854dd-665e-44ad-a694-6e835870be2a: RuntimeError: No hosting information found for port 368854dd-665e-44ad-a694-6e835870be2a
2026-05-09 22:49:24.676 9 INFO neutron.plugins.ml2.drivers.ovn.mech_driver.mech_driver [None req-a8b18dd9-f8a7-4c0e-8c79-226990d16307 - - - - - -] OVN reports status up for port: 5e4c1bb0-be17-46ac-a044-d3d3d450d83e
2026-05-09 22:49:24.687 9 INFO neutron.plugins.ml2.plugin [None req-a8b18dd9-f8a7-4c0e-8c79-226990d16307 - - - - - -] Attempt 1 to provision port 5e4c1bb0-be17-46ac-a044-d3d3d450d83e
2026-05-09 22:49:24.687 10 INFO neutron.wsgi [req-40e3df91-acce-4f15-938e-780fe00134e5 req-308c15e6-194e-46fe-91fe-67d8969a7626 8fb33313bbf1451f8de96fe7fd6e05be ed0e085260f846ce9aadfbe0db79c776 - - 7658d3de922047b7a4564ef14e590b8b 7658d3de922047b7a4564ef14e590b8b] 199.204.45.19 "GET /v2.0/floatingips?fixed_ip_address=10.100.0.7&port_id=13995064-1bfd-489e-b791-6e8df03e6e07 HTTP/1.1" status: 200 len: 217 time: 0.0206029
2026-05-09 22:49:24.712 10 INFO neutron.wsgi [req-27852842-3767-4e25-bfdc-09cc8fb848c1 req-9043b996-bd75-4b69-afc3-047eeb0da6a9 bbac0c59a4454e56a8bc265ef57349d6 e56659014adb49c38400afc99bac59c6 - - default default] 10.0.0.184 "GET /v2.0/security-groups?id=d650e5c2-118a-4a08-b35f-900a1dc2002d&fields=id&fields=name HTTP/1.1" status: 200 len: 312 time: 0.0723255
2026-05-09 22:49:24.724 10 INFO neutron.wsgi [req-40e3df91-acce-4f15-938e-780fe00134e5 req-0198a770-5076-4bd8-8d92-27128de3c87a 8fb33313bbf1451f8de96fe7fd6e05be ed0e085260f846ce9aadfbe0db79c776 - - 7658d3de922047b7a4564ef14e590b8b 7658d3de922047b7a4564ef14e590b8b] 199.204.45.19 "GET /v2.0/subnets?id=0e3b0799-b5d0-4264-a3c4-9804c0e666b5 HTTP/1.1" status: 200 len: 876 time: 0.0289996
2026-05-09 22:49:24.750 10 INFO neutron.wsgi [req-40e3df91-acce-4f15-938e-780fe00134e5 req-3bb78e3f-f6a3-416a-844d-9f7cac5ed66a 8fb33313bbf1451f8de96fe7fd6e05be ed0e085260f846ce9aadfbe0db79c776 - - 7658d3de922047b7a4564ef14e590b8b 7658d3de922047b7a4564ef14e590b8b] 199.204.45.19 "GET /v2.0/ports?network_id=d22e1eb5-7918-4959-b28e-b4e5fbc5a378&device_owner=network%3Adhcp HTTP/1.1" status: 200 len: 210 time: 0.0182767
2026-05-09 22:49:24.808 10 INFO neutron.wsgi [req-40e3df91-acce-4f15-938e-780fe00134e5 req-c9ce8e45-130b-4ea6-8e16-54912d821137 8fb33313bbf1451f8de96fe7fd6e05be ed0e085260f846ce9aadfbe0db79c776 - - 7658d3de922047b7a4564ef14e590b8b 7658d3de922047b7a4564ef14e590b8b] 199.204.45.19 "GET /v2.0/networks/d22e1eb5-7918-4959-b28e-b4e5fbc5a378?fields=segments HTTP/1.1" status: 200 len: 212 time: 0.0535827
2026-05-09 22:49:24.881 10 INFO neutron.wsgi [req-40e3df91-acce-4f15-938e-780fe00134e5 req-a8044660-6117-4957-8f6d-a02d22350f4d 8fb33313bbf1451f8de96fe7fd6e05be ed0e085260f846ce9aadfbe0db79c776 - - 7658d3de922047b7a4564ef14e590b8b 7658d3de922047b7a4564ef14e590b8b] 199.204.45.19 "GET /v2.0/networks/d22e1eb5-7918-4959-b28e-b4e5fbc5a378?fields=provider%3Aphysical_network&fields=provider%3Anetwork_type HTTP/1.1" status: 200 len: 277 time: 0.0666933
2026-05-09 22:49:24.991 9 INFO neutron.wsgi [req-73646e7f-18fb-40c8-9cb4-3072d10e7172 req-56f71e92-855b-496f-83c7-49cd80a50fd7 a39dd147892545d483545c4767b570da 7a609977db4b413da0138df92f1c7ccb - - default default] 10.0.0.184 "GET /v2.0/ports?device_id=cdfef2ba-5de6-4dec-86c9-8d4493ee1744 HTTP/1.1" status: 200 len: 1168 time: 0.0791922
2026-05-09 22:49:25.093 9 INFO neutron.wsgi [req-73646e7f-18fb-40c8-9cb4-3072d10e7172 req-b17832be-a3bf-4711-b607-6b8d1323b0b7 a39dd147892545d483545c4767b570da 7a609977db4b413da0138df92f1c7ccb - - default default] 10.0.0.184 "GET /v2.0/security-groups?id=d0b971d0-c4c4-4125-8b9f-7d410b2828aa&fields=id&fields=name HTTP/1.1" status: 200 len: 313 time: 0.0927205
2026-05-09 22:49:25.115 9 WARNING neutron.scheduler.dhcp_agent_scheduler [req-6d6c14e6-c471-4692-9d07-859f98171931 req-37e6fe0f-a396-4f6c-a705-383ddfef44d9 0cd400afc4834828a1133cbde7aaece7 1f164b24c4584e899302141c4aece720 - - default default] No more DHCP agents
2026-05-09 22:49:25.118 9 WARNING neutron.api.rpc.agentnotifiers.dhcp_rpc_agent_api [req-6d6c14e6-c471-4692-9d07-859f98171931 req-37e6fe0f-a396-4f6c-a705-383ddfef44d9 0cd400afc4834828a1133cbde7aaece7 1f164b24c4584e899302141c4aece720 - - default default] Unable to schedule network 79e6c684-91a5-4a81-97e5-1a28bcfde47b: no agents available; will retry on subsequent port and subnet creation events.
2026-05-09 22:49:25.333 9 INFO neutron.db.ovn_revision_numbers_db [req-6d6c14e6-c471-4692-9d07-859f98171931 req-37e6fe0f-a396-4f6c-a705-383ddfef44d9 0cd400afc4834828a1133cbde7aaece7 1f164b24c4584e899302141c4aece720 - - default default] Successfully bumped revision number for resource e9449bd3-fb8c-4d93-be24-5c378ada043c (type: ports) to 1
2026-05-09 22:49:25.369 9 INFO neutron.wsgi [req-6d6c14e6-c471-4692-9d07-859f98171931 req-37e6fe0f-a396-4f6c-a705-383ddfef44d9 0cd400afc4834828a1133cbde7aaece7 1f164b24c4584e899302141c4aece720 - - default default] 199.204.45.19 "POST /v2.0/ports HTTP/1.1" status: 201 len: 1162 time: 1.0271940 /var/lib/openstack/lib/python3.10/site-packages/pycadf/identifier.py:71: UserWarning: Invalid uuid: neutron. To ensure interoperability, identifiers should be a valid uuid. warnings.warn(('Invalid uuid: %s. To ensure interoperability, '
2026-05-09 22:49:25.399 9 INFO neutron.db.ovn_revision_numbers_db [None req-a8b18dd9-f8a7-4c0e-8c79-226990d16307 - - - - - -] Successfully bumped revision number for resource 5e4c1bb0-be17-46ac-a044-d3d3d450d83e (type: ports) to 2
2026-05-09 22:49:25.497 10 INFO neutron.plugins.ml2.drivers.ovn.mech_driver.mech_driver [None req-d9958fd4-08c2-4d53-9265-7b981d8368f2 - - - - - -] OVN reports status up for port: 13995064-1bfd-489e-b791-6e8df03e6e07
2026-05-09 22:49:25.517 10 INFO neutron.plugins.ml2.plugin [None req-d9958fd4-08c2-4d53-9265-7b981d8368f2 - - - - - -] Attempt 1 to provision port 13995064-1bfd-489e-b791-6e8df03e6e07
