2026-05-09 22:52:34.805 9 ERROR neutron_lib.callbacks.manager ovsdbapp.backend.ovs_idl.idlutils.RowNotFound: Cannot find Logical_Router_Port with name=lrp-0fa5d8ce-362f-469f-a850-f55e9e683d91
2026-05-09 22:52:34.805 9 ERROR neutron_lib.callbacks.manager  /var/lib/openstack/lib/python3.10/site-packages/pycadf/identifier.py:71: UserWarning: Invalid uuid: neutron. To ensure interoperability, identifiers should be a valid uuid. warnings.warn(('Invalid uuid: %s. To ensure interoperability, '
2026-05-09 22:52:34.903 10 WARNING neutron.scheduler.dhcp_agent_scheduler [None req-dd05ee90-9dec-4e72-a317-3657b1614bf0 deaa3891c6234ef2b053cf55556db10f a7f3d029523f4bc8b86336e8e87e3803 - - default default] No more DHCP agents
2026-05-09 22:52:34.905 10 WARNING neutron.api.rpc.agentnotifiers.dhcp_rpc_agent_api [None req-dd05ee90-9dec-4e72-a317-3657b1614bf0 deaa3891c6234ef2b053cf55556db10f a7f3d029523f4bc8b86336e8e87e3803 - - default default] Unable to schedule network 505e701c-bc14-4f2f-bf7e-9c89ca28ecac: no agents available; will retry on subsequent port and subnet creation events.
2026-05-09 22:52:34.913 9 ERROR ovsdbapp.backend.ovs_idl.command [None req-36031e44-cf22-4815-9856-a3ec75c73ec2 adfd773d9c1a46478e10d69f7405d8f9 6898710043bd44bb9f9c5969f67b1462 - - default default] Error executing command (DbGetCommand): ovsdbapp.backend.ovs_idl.idlutils.RowNotFound: Cannot find Logical_Router_Port with name=lrp-0fa5d8ce-362f-469f-a850-f55e9e683d91
2026-05-09 22:52:34.913 9 ERROR ovsdbapp.backend.ovs_idl.command
Traceback (most recent call last):
2026-05-09 22:52:34.913 9 ERROR ovsdbapp.backend.ovs_idl.command
File "/var/lib/openstack/lib/python3.10/site-packages/ovsdbapp/backend/ovs_idl/command.py", line 47, in execute
2026-05-09 22:52:34.913 9 ERROR ovsdbapp.backend.ovs_idl.command self.run_idl(None)
2026-05-09 22:52:34.913 9 ERROR ovsdbapp.backend.ovs_idl.command
File "/var/lib/openstack/lib/python3.10/site-packages/ovsdbapp/backend/ovs_idl/command.py", line 235, in run_idl
2026-05-09 22:52:34.913 9 ERROR ovsdbapp.backend.ovs_idl.command record = self.api.lookup(self.table, self.record)
2026-05-09 22:52:34.913 9 ERROR ovsdbapp.backend.ovs_idl.command
File "/var/lib/openstack/lib/python3.10/site-packages/ovsdbapp/backend/ovs_idl/__init__.py", line 184, in lookup
2026-05-09 22:52:34.913 9 ERROR ovsdbapp.backend.ovs_idl.command return self._lookup(table, record)
2026-05-09 22:52:34.913 9 ERROR ovsdbapp.backend.ovs_idl.command
File "/var/lib/openstack/lib/python3.10/site-packages/ovsdbapp/backend/ovs_idl/__init__.py", line 235, in _lookup
2026-05-09 22:52:34.913 9 ERROR ovsdbapp.backend.ovs_idl.command row = idlutils.row_by_value(self, rl.table, rl.column, record)
2026-05-09 22:52:34.913 9 ERROR ovsdbapp.backend.ovs_idl.command
File "/var/lib/openstack/lib/python3.10/site-packages/ovsdbapp/backend/ovs_idl/idlutils.py", line 114, in row_by_value
2026-05-09 22:52:34.913 9 ERROR ovsdbapp.backend.ovs_idl.command raise RowNotFound(table=table, col=column, match=match)
2026-05-09 22:52:34.913 9 ERROR ovsdbapp.backend.ovs_idl.command ovsdbapp.backend.ovs_idl.idlutils.RowNotFound: Cannot find Logical_Router_Port with name=lrp-0fa5d8ce-362f-469f-a850-f55e9e683d91
2026-05-09 22:52:34.913 9 ERROR ovsdbapp.backend.ovs_idl.command 
2026-05-09 22:52:34.914 9 ERROR neutron_lib.callbacks.manager [None req-36031e44-cf22-4815-9856-a3ec75c73ec2 adfd773d9c1a46478e10d69f7405d8f9 6898710043bd44bb9f9c5969f67b1462 - - default default] Error during notification for neutron.services.ovn_l3.plugin.OVNL3RouterPlugin._port_update-8783339495151 port, after_update: ovsdbapp.backend.ovs_idl.idlutils.RowNotFound: Cannot find Logical_Router_Port with name=lrp-0fa5d8ce-362f-469f-a850-f55e9e683d91
2026-05-09 22:52:34.914 9 ERROR neutron_lib.callbacks.manager
Traceback (most recent call last):
2026-05-09 22:52:34.914 9 ERROR neutron_lib.callbacks.manager
File "/var/lib/openstack/lib/python3.10/site-packages/neutron_lib/callbacks/manager.py", line 189, in _notify_loop
2026-05-09 22:52:34.914 9 ERROR neutron_lib.callbacks.manager callback.method(resource, event, trigger, payload=payload)
2026-05-09 22:52:34.914 9 ERROR neutron_lib.callbacks.manager
File "/var/lib/openstack/lib/python3.10/site-packages/neutron/services/ovn_l3/plugin.py", line 391, in _port_update
2026-05-09 22:52:34.914 9 ERROR neutron_lib.callbacks.manager l3plugin._ovn_client.update_router_port(context,
2026-05-09 22:52:34.914 9 ERROR neutron_lib.callbacks.manager
File "/var/lib/openstack/lib/python3.10/site-packages/neutron/plugins/ml2/drivers/ovn/mech_driver/ovsdb/ovn_client.py", line 1878, in update_router_port
2026-05-09 22:52:34.914 9 ERROR neutron_lib.callbacks.manager self._update_lrouter_port(context, port, if_exists=if_exists,
2026-05-09 22:52:34.914 9 ERROR neutron_lib.callbacks.manager
File "/var/lib/openstack/lib/python3.10/site-packages/neutron/plugins/ml2/drivers/ovn/mech_driver/ovsdb/ovn_client.py", line 1855, in _update_lrouter_port
2026-05-09 22:52:34.914 9 ERROR neutron_lib.callbacks.manager external_ids = self._nb_idl.db_get(
2026-05-09 22:52:34.914 9 ERROR neutron_lib.callbacks.manager
File "/var/lib/openstack/lib/python3.10/site-packages/ovsdbapp/backend/ovs_idl/command.py", line 47, in execute
2026-05-09 22:52:34.914 9 ERROR neutron_lib.callbacks.manager self.run_idl(None)
2026-05-09 22:52:34.914 9 ERROR neutron_lib.callbacks.manager
File "/var/lib/openstack/lib/python3.10/site-packages/ovsdbapp/backend/ovs_idl/command.py", line 235, in run_idl
2026-05-09 22:52:34.914 9 ERROR neutron_lib.callbacks.manager record = self.api.lookup(self.table, self.record)
2026-05-09 22:52:34.914 9 ERROR neutron_lib.callbacks.manager
File "/var/lib/openstack/lib/python3.10/site-packages/ovsdbapp/backend/ovs_idl/__init__.py", line 184, in lookup
2026-05-09 22:52:34.914 9 ERROR neutron_lib.callbacks.manager return self._lookup(table, record)
2026-05-09 22:52:34.914 9 ERROR neutron_lib.callbacks.manager
File "/var/lib/openstack/lib/python3.10/site-packages/ovsdbapp/backend/ovs_idl/__init__.py", line 235, in _lookup
2026-05-09 22:52:34.914 9 ERROR neutron_lib.callbacks.manager row = idlutils.row_by_value(self, rl.table, rl.column, record)
2026-05-09 22:52:34.914 9 ERROR neutron_lib.callbacks.manager
File "/var/lib/openstack/lib/python3.10/site-packages/ovsdbapp/backend/ovs_idl/idlutils.py", line 114, in row_by_value
2026-05-09 22:52:34.914 9 ERROR neutron_lib.callbacks.manager raise RowNotFound(table=table, col=column, match=match)
2026-05-09 22:52:34.914 9 ERROR neutron_lib.callbacks.manager ovsdbapp.backend.ovs_idl.idlutils.RowNotFound: Cannot find Logical_Router_Port with name=lrp-0fa5d8ce-362f-469f-a850-f55e9e683d91
2026-05-09 22:52:34.914 9 ERROR neutron_lib.callbacks.manager 
2026-05-09 22:52:34.991 10 INFO neutron.db.ovn_revision_numbers_db [None req-dd05ee90-9dec-4e72-a317-3657b1614bf0 deaa3891c6234ef2b053cf55556db10f a7f3d029523f4bc8b86336e8e87e3803 - - default default] Successfully bumped revision number for resource dfbd2a77-c100-4986-8e01-8eab2ddab9e6 (type: ports) to 1
2026-05-09 22:52:35.014 10 INFO neutron.wsgi [None req-dd05ee90-9dec-4e72-a317-3657b1614bf0 deaa3891c6234ef2b053cf55556db10f a7f3d029523f4bc8b86336e8e87e3803 - - default default] 10.0.0.189 "POST /v2.0/networks HTTP/1.1" status: 201 len: 830 time: 1.2018321
2026-05-09 22:52:35.036 10 WARNING neutron_lib.context [None req-42707a5b-ab87-40de-ad0f-81b66c124956 deaa3891c6234ef2b053cf55556db10f a7f3d029523f4bc8b86336e8e87e3803 - - default default] Method 'is_advsvc' is deprecated since 2023.2 release (neutron-lib 3.8.0) and will be removed once support for the old RBAC API policies will be removed from Neutron. Please use method 'is_service_role' instead.
2026-05-09 22:52:35.040 9 INFO neutron.db.ovn_revision_numbers_db [None req-49de5228-6113-45ce-b6c4-6345ec48a688 e63ab23ec7d6481db4b758a6d2e5ffd9 3aee92eba8c04df6ba82301477145736 - - default default] Successfully bumped revision number for resource 850e153e-9815-4f31-b2e2-c28d6d849d28 (type: security_groups) to 1
2026-05-09 22:52:35.060 9 INFO neutron.db.ovn_revision_numbers_db [None req-49de5228-6113-45ce-b6c4-6345ec48a688 e63ab23ec7d6481db4b758a6d2e5ffd9 3aee92eba8c04df6ba82301477145736 - - default default] Successfully bumped revision number for resource 863883f6-b934-4abf-9a80-779f5eb1acd1 (type: security_group_rules) to 0
2026-05-09 22:52:35.077 9 INFO neutron.db.ovn_revision_numbers_db [None req-49de5228-6113-45ce-b6c4-6345ec48a688 e63ab23ec7d6481db4b758a6d2e5ffd9 3aee92eba8c04df6ba82301477145736 - - default default] Successfully bumped revision number for resource b614a451-92cb-47ea-a1eb-9b126bb8873c (type: security_group_rules) to 0
2026-05-09 22:52:35.111 9 INFO neutron.db.ovn_revision_numbers_db [None req-49de5228-6113-45ce-b6c4-6345ec48a688 e63ab23ec7d6481db4b758a6d2e5ffd9 3aee92eba8c04df6ba82301477145736 - - default default] Successfully bumped revision number for resource c62e55f6-3846-4250-a653-3cf8284597b6 (type: security_group_rules) to 0
2026-05-09 22:52:35.129 9 INFO neutron.db.ovn_revision_numbers_db [None req-49de5228-6113-45ce-b6c4-6345ec48a688 e63ab23ec7d6481db4b758a6d2e5ffd9 3aee92eba8c04df6ba82301477145736 - - default default] Successfully bumped revision number for resource d8718f19-2c9c-4d08-844a-ea85e6215b6e (type: security_group_rules) to 0
2026-05-09 22:52:35.164 9 INFO neutron.wsgi [None req-49de5228-6113-45ce-b6c4-6345ec48a688 e63ab23ec7d6481db4b758a6d2e5ffd9 3aee92eba8c04df6ba82301477145736 - - default default] 10.0.0.189 "GET /v2.0/security-groups?tenant_id=a8dbdc48ce97496782e0457f36d7a907&name=default HTTP/1.1" status: 200 len: 3120 time: 0.5152831 /var/lib/openstack/lib/python3.10/site-packages/pycadf/identifier.py:71: UserWarning: Invalid uuid: neutron. To ensure interoperability, identifiers should be a valid uuid. warnings.warn(('Invalid uuid: %s. To ensure interoperability, '
2026-05-09 22:52:35.187 9 INFO neutron.db.ovn_revision_numbers_db [None req-36031e44-cf22-4815-9856-a3ec75c73ec2 adfd773d9c1a46478e10d69f7405d8f9 6898710043bd44bb9f9c5969f67b1462 - - default default] Successfully bumped revision number for resource 0fa5d8ce-362f-469f-a850-f55e9e683d91 (type: ports) to 3
2026-05-09 22:52:35.261 10 WARNING neutron.scheduler.dhcp_agent_scheduler [None req-42707a5b-ab87-40de-ad0f-81b66c124956 deaa3891c6234ef2b053cf55556db10f a7f3d029523f4bc8b86336e8e87e3803 - - default default] No more DHCP agents
2026-05-09 22:52:35.266 9 WARNING neutron.scheduler.dhcp_agent_scheduler [None req-36031e44-cf22-4815-9856-a3ec75c73ec2 adfd773d9c1a46478e10d69f7405d8f9 6898710043bd44bb9f9c5969f67b1462 - - default default] No more DHCP agents
2026-05-09 22:52:35.266 10 WARNING neutron.api.rpc.agentnotifiers.dhcp_rpc_agent_api [None req-42707a5b-ab87-40de-ad0f-81b66c124956 deaa3891c6234ef2b053cf55556db10f a7f3d029523f4bc8b86336e8e87e3803 - - default default] Unable to schedule network 505e701c-bc14-4f2f-bf7e-9c89ca28ecac: no agents available; will retry on subsequent port and subnet creation events.
2026-05-09 22:52:35.269 9 WARNING neutron.api.rpc.agentnotifiers.dhcp_rpc_agent_api [None req-36031e44-cf22-4815-9856-a3ec75c73ec2 adfd773d9c1a46478e10d69f7405d8f9 6898710043bd44bb9f9c5969f67b1462 - - default default] Unable to schedule network 4d88e98d-ef2e-46de-86e5-9f44e63fadbf: no agents available; will retry on subsequent port and subnet creation events.
2026-05-09 22:52:35.424 9 INFO neutron.db.ovn_revision_numbers_db [None req-36031e44-cf22-4815-9856-a3ec75c73ec2 adfd773d9c1a46478e10d69f7405d8f9 6898710043bd44bb9f9c5969f67b1462 - - default default] Successfully bumped revision number for resource 0fa5d8ce-362f-469f-a850-f55e9e683d91 (type: router_ports) to 3
2026-05-09 22:52:35.430 9 INFO neutron.wsgi [None req-36031e44-cf22-4815-9856-a3ec75c73ec2 adfd773d9c1a46478e10d69f7405d8f9 6898710043bd44bb9f9c5969f67b1462 - - default default] 10.0.0.189 "PUT /v2.0/routers/b30dcdce-8005-4aba-beff-d9563035fe7e/add_router_interface HTTP/1.1" status: 200 len: 503 time: 2.2465973
2026-05-09 22:52:35.461 9 INFO neutron.wsgi [None req-4a0e5dfc-21b3-429e-9126-982eea3485e4 e63ab23ec7d6481db4b758a6d2e5ffd9 3aee92eba8c04df6ba82301477145736 - - default default] 10.0.0.189 "DELETE /v2.0/security-groups/850e153e-9815-4f31-b2e2-c28d6d849d28 HTTP/1.1" status: 204 len: 168 time: 0.2918446
2026-05-09 22:52:35.472 9 INFO neutron.wsgi [None req-b9103931-7d6d-4c64-94e9-956076f74f47 adfd773d9c1a46478e10d69f7405d8f9 6898710043bd44bb9f9c5969f67b1462 - - default default] 10.0.0.189 "GET /v2.0/ports/0fa5d8ce-362f-469f-a850-f55e9e683d91 HTTP/1.1" status: 200 len: 1209 time: 0.0369368
2026-05-09 22:52:35.766 10 INFO neutron.db.ovn_revision_numbers_db [None req-f064dc96-9e98-4716-b7b3-049bf50a7565 e63ab23ec7d6481db4b758a6d2e5ffd9 3aee92eba8c04df6ba82301477145736 - - default default] Successfully bumped revision number for resource 35f40cc3-901f-4a14-826d-a6379f3eb776 (type: security_groups) to 1
2026-05-09 22:52:35.789 10 INFO neutron.db.ovn_revision_numbers_db [None req-f064dc96-9e98-4716-b7b3-049bf50a7565 e63ab23ec7d6481db4b758a6d2e5ffd9 3aee92eba8c04df6ba82301477145736 - - default default] Successfully bumped revision number for resource 232254cb-4cfd-4d09-975c-697a0b0afdd6 (type: security_group_rules) to 0
2026-05-09 22:52:35.807 10 INFO neutron.db.ovn_revision_numbers_db [None req-f064dc96-9e98-4716-b7b3-049bf50a7565 e63ab23ec7d6481db4b758a6d2e5ffd9 3aee92eba8c04df6ba82301477145736 - - default default] Successfully bumped revision number for resource 36928f8e-96c4-417a-9f6e-4a9b7dbc6060 (type: security_group_rules) to 0
2026-05-09 22:52:35.819 10 INFO neutron.db.ovn_revision_numbers_db [None req-f064dc96-9e98-4716-b7b3-049bf50a7565 e63ab23ec7d6481db4b758a6d2e5ffd9 3aee92eba8c04df6ba82301477145736 - - default default] Successfully bumped revision number for resource 48800c14-80ad-4104-9b59-e9fa097ebec5 (type: security_group_rules) to 0
2026-05-09 22:52:35.836 10 INFO neutron.db.ovn_revision_numbers_db [None req-f064dc96-9e98-4716-b7b3-049bf50a7565 e63ab23ec7d6481db4b758a6d2e5ffd9 3aee92eba8c04df6ba82301477145736 - - default default] Successfully bumped revision number for resource e08df621-ac2a-4a71-a304-0a8463fb2034 (type: security_group_rules) to 0
2026-05-09 22:52:35.862 10 INFO neutron.db.ovn_revision_numbers_db [None req-42707a5b-ab87-40de-ad0f-81b66c124956 deaa3891c6234ef2b053cf55556db10f a7f3d029523f4bc8b86336e8e87e3803 - - default default] Successfully bumped revision number for resource dfbd2a77-c100-4986-8e01-8eab2ddab9e6 (type: ports) to 2
2026-05-09 22:52:35.871 10 INFO neutron.wsgi [None req-f064dc96-9e98-4716-b7b3-049bf50a7565 e63ab23ec7d6481db4b758a6d2e5ffd9 3aee92eba8c04df6ba82301477145736 - - default default] 10.0.0.189 "GET /v2.0/security-groups?tenant_id=06c0b5d604694a53868dc2a15fca30ee&name=default HTTP/1.1" status: 200 len: 3120 time: 0.3111775
2026-05-09 22:52:35.951 10 INFO neutron.db.ovn_revision_numbers_db [None req-42707a5b-ab87-40de-ad0f-81b66c124956 deaa3891c6234ef2b053cf55556db10f a7f3d029523f4bc8b86336e8e87e3803 - - default default] Successfully bumped revision number for resource 0ef529c5-b51f-4928-825e-4c68f40ff732 (type: subnets) to 0
2026-05-09 22:52:35.980 10 INFO neutron.wsgi [None req-42707a5b-ab87-40de-ad0f-81b66c124956 deaa3891c6234ef2b053cf55556db10f a7f3d029523f4bc8b86336e8e87e3803 - - default default] 10.0.0.189 "POST /v2.0/subnets HTTP/1.1" status: 201 len: 801 time: 0.9481068
2026-05-09 22:52:36.083 10 INFO neutron.wsgi [None req-386e1cc0-9947-46a7-a133-5a7d00c35ab2 deaa3891c6234ef2b053cf55556db10f a7f3d029523f4bc8b86336e8e87e3803 - - default default] 10.0.0.189 "PUT /v2.0/subnets/0ef529c5-b51f-4928-825e-4c68f40ff732/tags HTTP/1.1" status: 200 len: 218 time: 0.0727777
2026-05-09 22:52:36.132 10 INFO neutron.wsgi [None req-e4270b88-a227-4836-a3f4-069d374c6825 deaa3891c6234ef2b053cf55556db10f a7f3d029523f4bc8b86336e8e87e3803 - - default default] 10.0.0.189 "GET /v2.0/subnets/0ef529c5-b51f-4928-825e-4c68f40ff732/tags HTTP/1.1" status: 200 len: 218 time: 0.0411553 /var/lib/openstack/lib/python3.10/site-packages/pycadf/identifier.py:71: UserWarning: Invalid uuid: neutron. To ensure interoperability, identifiers should be a valid uuid. warnings.warn(('Invalid uuid: %s. To ensure interoperability, '
2026-05-09 22:52:36.190 10 INFO neutron.wsgi [None req-baa3ef0c-7903-4bb0-844f-dc4085714c10 deaa3891c6234ef2b053cf55556db10f a7f3d029523f4bc8b86336e8e87e3803 - - default default] 10.0.0.189 "PUT /v2.0/subnets/0ef529c5-b51f-4928-825e-4c68f40ff732/tags/green HTTP/1.1" status: 201 len: 201 time: 0.0531418
2026-05-09 22:52:36.208 10 INFO neutron.wsgi [None req-b3181dbf-b8a5-452f-aa05-0430000bf229 e63ab23ec7d6481db4b758a6d2e5ffd9 3aee92eba8c04df6ba82301477145736 - - default default] 10.0.0.189 "DELETE /v2.0/security-groups/35f40cc3-901f-4a14-826d-a6379f3eb776 HTTP/1.1" status: 204 len: 168 time: 0.3299661
2026-05-09 22:52:36.236 10 INFO neutron.wsgi [None req-1b9893ec-71ae-48db-8a03-bbde8893760f deaa3891c6234ef2b053cf55556db10f a7f3d029523f4bc8b86336e8e87e3803 - - default default] 10.0.0.189 "GET /v2.0/subnets/0ef529c5-b51f-4928-825e-4c68f40ff732/tags HTTP/1.1" status: 200 len: 227 time: 0.0412371
2026-05-09 22:52:36.279 9 INFO neutron.wsgi [None req-7ee1f4de-a326-4673-abe4-fdb284fe3098 e63ab23ec7d6481db4b758a6d2e5ffd9 3aee92eba8c04df6ba82301477145736 - - default default] 10.0.0.206 "GET /v2.0/networks HTTP/1.1" status: 200 len: 3837 time: 0.2210622
2026-05-09 22:52:36.303 9 INFO neutron.wsgi [None req-cef28d29-b95e-4db4-b3e5-3e0916861432 e63ab23ec7d6481db4b758a6d2e5ffd9 3aee92eba8c04df6ba82301477145736 - - default default] 10.0.0.206 "GET /v2.0/agents HTTP/1.1" status: 200 len: 1390 time: 0.0199344
2026-05-09 22:52:36.317 10 INFO neutron.wsgi [None req-4f893c06-3629-4278-95ae-51ddc94f58ca deaa3891c6234ef2b053cf55556db10f a7f3d029523f4bc8b86336e8e87e3803 - - default default] 10.0.0.189 "PUT /v2.0/subnets/0ef529c5-b51f-4928-825e-4c68f40ff732/tags/red HTTP/1.1" status: 201 len: 201 time: 0.0716567
2026-05-09 22:52:36.356 9 INFO neutron.wsgi [None req-85681a42-392d-445c-abed-e514a47f4192 e63ab23ec7d6481db4b758a6d2e5ffd9 3aee92eba8c04df6ba82301477145736 - - default default] 10.0.0.206 "GET /v2.0/subnets HTTP/1.1" status: 200 len: 2677 time: 0.0494220
2026-05-09 22:52:36.364 10 INFO neutron.wsgi [None req-9f08bb7a-ab9b-4419-b267-beff4713a2f9 deaa3891c6234ef2b053cf55556db10f a7f3d029523f4bc8b86336e8e87e3803 - - default default] 10.0.0.189 "GET /v2.0/subnets/0ef529c5-b51f-4928-825e-4c68f40ff732/tags HTTP/1.1" status: 200 len: 227 time: 0.0433178
2026-05-09 22:52:36.392 9 INFO neutron.wsgi [None req-b2f21df3-0e4e-4f34-aa04-fd7bd16de3fb e63ab23ec7d6481db4b758a6d2e5ffd9 3aee92eba8c04df6ba82301477145736 - - default default] 10.0.0.206 "GET /v2.0/subnets HTTP/1.1" status: 200 len: 2677 time: 0.0341604
2026-05-09 22:52:36.425 10 INFO neutron.wsgi [None req-62fa3790-6d5e-4b16-82bd-29136c34c0f1 deaa3891c6234ef2b053cf55556db10f a7f3d029523f4bc8b86336e8e87e3803 - - default default] 10.0.0.189 "PUT /v2.0/subnets/0ef529c5-b51f-4928-825e-4c68f40ff732/tags/black.or.white HTTP/1.1" status: 201 len: 201 time: 0.0561876
2026-05-09 22:52:36.427 9 INFO neutron.wsgi [None req-01c88599-7e80-4979-8ee5-976ae5de30ac e63ab23ec7d6481db4b758a6d2e5ffd9 3aee92eba8c04df6ba82301477145736 - - default default] 10.0.0.206 "GET /v2.0/subnetpools HTTP/1.1" status: 200 len: 193 time: 0.0222566
2026-05-09 22:52:36.454 9 INFO neutron.wsgi [None req-1573e748-d2b7-4401-a652-e551668a0bf6 e63ab23ec7d6481db4b758a6d2e5ffd9 3aee92eba8c04df6ba82301477145736 - - default default] 10.0.0.206 "GET /v2.0/floatingips HTTP/1.1" status: 200 len: 193 time: 0.0256701
2026-05-09 22:52:36.472 10 INFO neutron.wsgi [None req-11c3f815-fe4d-49fe-beae-6fa2145194d9 deaa3891c6234ef2b053cf55556db10f a7f3d029523f4bc8b86336e8e87e3803 - - default default] 10.0.0.189 "GET /v2.0/subnets/0ef529c5-b51f-4928-825e-4c68f40ff732/tags HTTP/1.1" status: 200 len: 245 time: 0.0427315
2026-05-09 22:52:36.512 10 INFO neutron.db.ovn_revision_numbers_db [None req-b341836c-a1e1-406d-ac70-dbd2a545e223 e63ab23ec7d6481db4b758a6d2e5ffd9 3aee92eba8c04df6ba82301477145736 - - default default] Successfully bumped revision number for resource 47f2a0c9-8005-4741-9e9a-c495ebe920fc (type: security_groups) to 1
2026-05-09 22:52:36.525 10 INFO neutron.db.ovn_revision_numbers_db [None req-b341836c-a1e1-406d-ac70-dbd2a545e223 e63ab23ec7d6481db4b758a6d2e5ffd9 3aee92eba8c04df6ba82301477145736 - - default default] Successfully bumped revision number for resource 1dc669ce-6805-4a3b-a456-f4b77e116cb7 (type: security_group_rules) to 0
2026-05-09 22:52:36.534 10 INFO neutron.wsgi [None req-fd3a6b45-dff5-471b-9235-fe5461262ec3 deaa3891c6234ef2b053cf55556db10f a7f3d029523f4bc8b86336e8e87e3803 - - default default] 10.0.0.189 "PUT /v2.0/subnets/0ef529c5-b51f-4928-825e-4c68f40ff732/tags HTTP/1.1" status: 200 len: 230 time: 0.0565126
2026-05-09 22:52:36.544 10 INFO neutron.db.ovn_revision_numbers_db [None req-b341836c-a1e1-406d-ac70-dbd2a545e223 e63ab23ec7d6481db4b758a6d2e5ffd9 3aee92eba8c04df6ba82301477145736 - - default default] Successfully bumped revision number for resource 5ffeb14f-453d-4f88-a2a3-9de7e6349df5 (type: security_group_rules) to 0
2026-05-09 22:52:36.548 9 INFO neutron.wsgi [None req-3ca15ee5-ccce-4697-90f3-10ce8e05d9a4 e63ab23ec7d6481db4b758a6d2e5ffd9 3aee92eba8c04df6ba82301477145736 - - default default] 10.0.0.206 "GET /v2.0/security-groups HTTP/1.1" status: 200 len: 26286 time: 0.0913472
2026-05-09 22:52:36.559 10 INFO neutron.db.ovn_revision_numbers_db [None req-b341836c-a1e1-406d-ac70-dbd2a545e223 e63ab23ec7d6481db4b758a6d2e5ffd9 3aee92eba8c04df6ba82301477145736 - - default default] Successfully bumped revision number for resource 6097c7b5-df93-4d44-afa9-50fec801a671 (type: security_group_rules) to 0
2026-05-09 22:52:36.581 10 INFO neutron.wsgi [None req-d3b0a974-4115-41fd-a1c2-a4056a3f8853 deaa3891c6234ef2b053cf55556db10f a7f3d029523f4bc8b86336e8e87e3803 - - default default] 10.0.0.189 "GET /v2.0/subnets/0ef529c5-b51f-4928-825e-4c68f40ff732/tags HTTP/1.1" status: 200 len: 230 time: 0.0427344
2026-05-09 22:52:36.582 10 INFO neutron.db.ovn_revision_numbers_db [None req-b341836c-a1e1-406d-ac70-dbd2a545e223 e63ab23ec7d6481db4b758a6d2e5ffd9 3aee92eba8c04df6ba82301477145736 - - default default] Successfully bumped revision number for resource ecb46bfd-f8db-4787-b70a-68ab99443570 (type: security_group_rules) to 0 /var/lib/openstack/lib/python3.10/site-packages/pycadf/identifier.py:71: UserWarning: Invalid uuid: neutron. To ensure interoperability, identifiers should be a valid uuid. warnings.warn(('Invalid uuid: %s. To ensure interoperability, '
2026-05-09 22:52:36.603 10 INFO neutron.wsgi [None req-b341836c-a1e1-406d-ac70-dbd2a545e223 e63ab23ec7d6481db4b758a6d2e5ffd9 3aee92eba8c04df6ba82301477145736 - - default default] 10.0.0.189 "GET /v2.0/security-groups?tenant_id=3f37f5ecc63d4dd6adf5ddb939777e5a&name=default HTTP/1.1" status: 200 len: 3120 time: 0.2556663
2026-05-09 22:52:36.628 9 INFO neutron.wsgi [None req-1d714ed1-e721-40c9-a872-fcc8af6e8e5c adfd773d9c1a46478e10d69f7405d8f9 6898710043bd44bb9f9c5969f67b1462 - - default default] 10.0.0.189 "PUT /v2.0/routers/b30dcdce-8005-4aba-beff-d9563035fe7e/remove_router_interface HTTP/1.1" status: 200 len: 503 time: 1.1516101
2026-05-09 22:52:36.659 9 INFO neutron.wsgi [None req-3ef30f81-ca31-4ae7-a1a5-8d1b00fb0d8a e63ab23ec7d6481db4b758a6d2e5ffd9 3aee92eba8c04df6ba82301477145736 - - default default] 10.0.0.206 "GET /v2.0/routers HTTP/1.1" status: 200 len: 798 time: 0.0756164
2026-05-09 22:52:36.667 10 INFO neutron.wsgi [None req-9591d559-a86a-4b31-8b87-01b7d39a215f deaa3891c6234ef2b053cf55556db10f a7f3d029523f4bc8b86336e8e87e3803 - - default default] 10.0.0.189 "GET /v2.0/subnets/0ef529c5-b51f-4928-825e-4c68f40ff732/tags/red HTTP/1.1" status: 204 len: 168 time: 0.0777514
2026-05-09 22:52:36.670 9 INFO neutron.wsgi [None req-df3a490a-5af6-45e8-baf2-fb8692e1a346 e63ab23ec7d6481db4b758a6d2e5ffd9 3aee92eba8c04df6ba82301477145736 - - default default] 10.0.0.206 "GET /v2.0/agents?binary=ovn-controller HTTP/1.1" status: 200 len: 591 time: 0.0102708
2026-05-09 22:52:36.693 9 INFO neutron.wsgi [None req-0275dac2-3b8a-4121-a7ae-8ece6f0b262b e63ab23ec7d6481db4b758a6d2e5ffd9 3aee92eba8c04df6ba82301477145736 - - default default] 10.0.0.206 "GET /v2.0/network-ip-availabilities HTTP/1.1" status: 200 len: 2107 time: 0.0212164
2026-05-09 22:52:36.731 10 INFO neutron.api.v2.resource [None req-303c56b5-2d9d-4b86-956a-c532a42ee73d adfd773d9c1a46478e10d69f7405d8f9 6898710043bd44bb9f9c5969f67b1462 - - default default] remove_router_interface failed (client error): The resource could not be found.
2026-05-09 22:52:36.732 10 INFO neutron.wsgi [None req-303c56b5-2d9d-4b86-956a-c532a42ee73d adfd773d9c1a46478e10d69f7405d8f9 6898710043bd44bb9f9c5969f67b1462 - - default default] 10.0.0.189 "PUT /v2.0/routers/b30dcdce-8005-4aba-beff-d9563035fe7e/remove_router_interface HTTP/1.1" status: 404 len: 398 time: 0.0978367
2026-05-09 22:52:36.761 10 INFO neutron.wsgi [None req-d2fb33d5-e0e6-4d50-a3b8-816dec827b92 adfd773d9c1a46478e10d69f7405d8f9 6898710043bd44bb9f9c5969f67b1462 - - default default] 10.0.0.189 "GET /v2.0/ports?device_id=b30dcdce-8005-4aba-beff-d9563035fe7e HTTP/1.1" status: 200 len: 205 time: 0.0228236
2026-05-09 22:52:36.793 9 INFO neutron.wsgi [None req-1f2ae4c3-3d43-4cda-b304-a50998b382f7 e63ab23ec7d6481db4b758a6d2e5ffd9 3aee92eba8c04df6ba82301477145736 - - default default] 10.0.0.206 "GET /v2.0/ports HTTP/1.1" status: 200 len: 7449 time: 0.0966730
2026-05-09 22:52:36.794 9 INFO neutron.api.v2.resource [None req-20406510-8ea5-4677-8e81-7ffb0c227afe deaa3891c6234ef2b053cf55556db10f a7f3d029523f4bc8b86336e8e87e3803 - - default default] show failed (client error): The resource could not be found.
2026-05-09 22:52:36.795 9 INFO neutron.wsgi [None req-20406510-8ea5-4677-8e81-7ffb0c227afe deaa3891c6234ef2b053cf55556db10f a7f3d029523f4bc8b86336e8e87e3803 - - default default] 10.0.0.189 "GET /v2.0/subnets/0ef529c5-b51f-4928-825e-4c68f40ff732/tags/green HTTP/1.1" status: 404 len: 299 time: 0.1182084
2026-05-09 22:52:36.854 9 INFO neutron.wsgi [None req-a6070a45-61ff-4cfc-a65d-4f762e8a5371 deaa3891c6234ef2b053cf55556db10f a7f3d029523f4bc8b86336e8e87e3803 - - default default] 10.0.0.189 "DELETE /v2.0/subnets/0ef529c5-b51f-4928-825e-4c68f40ff732/tags/red HTTP/1.1" status: 204 len: 168 time: 0.0533366
2026-05-09 22:52:36.895 9 INFO neutron.wsgi [None req-0665411b-fd41-4cec-9af3-deb3b4e47c07 deaa3891c6234ef2b053cf55556db10f a7f3d029523f4bc8b86336e8e87e3803 - - default default] 10.0.0.189 "GET /v2.0/subnets/0ef529c5-b51f-4928-825e-4c68f40ff732/tags HTTP/1.1" status: 200 len: 223 time: 0.0350132
2026-05-09 22:52:36.941 9 INFO neutron.api.v2.resource [None req-04d90b44-c224-495b-9e37-201a3968abe8 deaa3891c6234ef2b053cf55556db10f a7f3d029523f4bc8b86336e8e87e3803 - - default default] delete failed (client error): The resource could not be found.
2026-05-09 22:52:36.943 9 INFO neutron.wsgi [None req-04d90b44-c224-495b-9e37-201a3968abe8 deaa3891c6234ef2b053cf55556db10f a7f3d029523f4bc8b86336e8e87e3803 - - default default] 10.0.0.189 "DELETE /v2.0/subnets/0ef529c5-b51f-4928-825e-4c68f40ff732/tags/green HTTP/1.1" status: 404 len: 299 time: 0.0430663
2026-05-09 22:52:36.997 9 INFO neutron.wsgi [None req-22dbee0c-84e2-48be-a5b7-f7150b91009d deaa3891c6234ef2b053cf55556db10f a7f3d029523f4bc8b86336e8e87e3803 - - default default] 10.0.0.189 "DELETE /v2.0/subnets/0ef529c5-b51f-4928-825e-4c68f40ff732/tags HTTP/1.1" status: 204 len: 168 time: 0.0497363
2026-05-09 22:52:37.006 10 INFO neutron.wsgi [None req-dbd8c0b6-b610-4066-aff3-79331139ca23 adfd773d9c1a46478e10d69f7405d8f9 6898710043bd44bb9f9c5969f67b1462 - - default default] 10.0.0.189 "DELETE /v2.0/routers/b30dcdce-8005-4aba-beff-d9563035fe7e HTTP/1.1" status: 204 len: 168 time: 0.2411985
2026-05-09 22:52:37.034 10 INFO neutron.wsgi [None req-8e21f741-5701-473b-af50-394bca33ce04 e63ab23ec7d6481db4b758a6d2e5ffd9 3aee92eba8c04df6ba82301477145736 - - default default] 10.0.0.189 "DELETE /v2.0/security-groups/47f2a0c9-8005-4741-9e9a-c495ebe920fc HTTP/1.1" status: 204 len: 168 time: 0.4240613
2026-05-09 22:52:37.054 9 INFO neutron.wsgi [None req-953e40e7-8424-4559-a90f-87ea0beb1581 deaa3891c6234ef2b053cf55556db10f a7f3d029523f4bc8b86336e8e87e3803 - - default default] 10.0.0.189 "GET /v2.0/subnets/0ef529c5-b51f-4928-825e-4c68f40ff732/tags HTTP/1.1" status: 200 len: 205 time: 0.0522320
2026-05-09 22:52:37.272 9 INFO neutron.wsgi [None req-d6a630e1-abea-411b-a3c5-845c8113468c adfd773d9c1a46478e10d69f7405d8f9 6898710043bd44bb9f9c5969f67b1462 - - default default] 10.0.0.189 "DELETE /v2.0/subnets/df79a887-4947-4461-ae03-5521aaa5bbae HTTP/1.1" status: 204 len: 168 time: 0.2598944
2026-05-09 22:52:37.342 9 INFO neutron.wsgi [None req-2cceabc2-966f-458c-9bd7-6ce12d5100b7 deaa3891c6234ef2b053cf55556db10f a7f3d029523f4bc8b86336e8e87e3803 - - default default] 10.0.0.189 "DELETE /v2.0/subnets/0ef529c5-b51f-4928-825e-4c68f40ff732 HTTP/1.1" status: 204 len: 168 time: 0.2813780
2026-05-09 22:52:37.733 9 INFO neutron.services.segments.plugin [-] Segment e0625fc8-89c2-4552-a66a-c6f8b26ddcd0 resource provider aggregate not found
2026-05-09 22:52:37.740 9 INFO neutron.services.segments.plugin [-] Segment e0625fc8-89c2-4552-a66a-c6f8b26ddcd0 resource provider aggregate not found
2026-05-09 22:52:37.752 9 INFO neutron.services.segments.plugin [-] Segment e0625fc8-89c2-4552-a66a-c6f8b26ddcd0 resource provider not found; error: Placement Client Error (4xx): {"errors": [{"status": 404, "title": "Not Found", "detail": "The resource could not be found.\n\n No resource provider with uuid e0625fc8-89c2-4552-a66a-c6f8b26ddcd0 found for delete ", "request_id": "req-f37f2bcd-2c8e-446c-850c-82a4d77ae97d"}]}
2026-05-09 22:52:37.756 9 INFO neutron.services.segments.plugin [-] Segment e0625fc8-89c2-4552-a66a-c6f8b26ddcd0 resource provider not found; error: Placement Client Error (4xx): {"errors": [{"status": 404, "title": "Not Found", "detail": "The resource could not be found.\n\n No resource provider with uuid e0625fc8-89c2-4552-a66a-c6f8b26ddcd0 found for delete ", "request_id": "req-2ed62e6e-ac7b-467c-93f8-06d5d1875344"}]}
2026-05-09 22:52:37.766 9 INFO neutron.wsgi [None req-6f9784c7-ba27-449c-9f74-b996e2b6c925 adfd773d9c1a46478e10d69f7405d8f9 6898710043bd44bb9f9c5969f67b1462 - - default default] 10.0.0.189 "DELETE /v2.0/networks/4d88e98d-ef2e-46de-86e5-9f44e63fadbf HTTP/1.1" status: 204 len: 168 time: 0.4885383
2026-05-09 22:52:37.776 10 INFO neutron.services.segments.plugin [-] Segment f1a0eb33-7fbc-4a78-93ed-dc7e0b731fdb resource provider aggregate not found
2026-05-09 22:52:37.778 9 WARNING neutron_lib.context [None req-3dacb23c-0a79-4a9d-b938-b4908fab5e61 adfd773d9c1a46478e10d69f7405d8f9 6898710043bd44bb9f9c5969f67b1462 - - default default] Method 'is_advsvc' is deprecated since 2023.2 release (neutron-lib 3.8.0) and will be removed once support for the old RBAC API policies will be removed from Neutron. Please use method 'is_service_role' instead.
2026-05-09 22:52:37.781 10 INFO neutron.services.segments.plugin [-] Segment f1a0eb33-7fbc-4a78-93ed-dc7e0b731fdb resource provider aggregate not found
2026-05-09 22:52:37.797 10 INFO neutron.services.segments.plugin [-] Segment f1a0eb33-7fbc-4a78-93ed-dc7e0b731fdb resource provider not found; error: Placement Client Error (4xx): {"errors": [{"status": 404, "title": "Not Found", "detail": "The resource could not be found.\n\n No resource provider with uuid f1a0eb33-7fbc-4a78-93ed-dc7e0b731fdb found for delete ", "request_id": "req-1a624f76-319e-4be0-b057-e2466468372e"}]}
2026-05-09 22:52:37.814 10 INFO neutron.services.segments.plugin [-] Segment f1a0eb33-7fbc-4a78-93ed-dc7e0b731fdb resource provider not found; error: Placement Client Error (4xx): {"errors": [{"status": 404, "title": "Not Found", "detail": "The resource could not be found.\n\n No resource provider with uuid f1a0eb33-7fbc-4a78-93ed-dc7e0b731fdb found for delete ", "request_id": "req-1a3200ca-f5ca-4909-ae46-bed5aee8d506"}]}
2026-05-09 22:52:37.830 10 INFO neutron.wsgi [None req-1b89c1f6-6c21-46a2-b48a-9c6c55e64dd4 deaa3891c6234ef2b053cf55556db10f a7f3d029523f4bc8b86336e8e87e3803 - - default default] 10.0.0.189 "DELETE /v2.0/networks/505e701c-bc14-4f2f-bf7e-9c89ca28ecac HTTP/1.1" status: 204 len: 168 time: 0.4815722
2026-05-09 22:52:37.882 9 INFO neutron.db.segments_db [None req-3dacb23c-0a79-4a9d-b938-b4908fab5e61 adfd773d9c1a46478e10d69f7405d8f9 6898710043bd44bb9f9c5969f67b1462 - - default default] Added segment 96dfebb7-653f-4c75-9347-a00affcb74f7 of type geneve for network 95c8cb60-8556-4507-abe5-a3cb65f53cee
2026-05-09 22:52:38.045 9 INFO neutron.db.ovn_revision_numbers_db [None req-3dacb23c-0a79-4a9d-b938-b4908fab5e61 adfd773d9c1a46478e10d69f7405d8f9 6898710043bd44bb9f9c5969f67b1462 - - default default] Successfully bumped revision number for resource 95c8cb60-8556-4507-abe5-a3cb65f53cee (type: networks) to 1
2026-05-09 22:52:38.260 9 WARNING neutron.scheduler.dhcp_agent_scheduler [None req-3dacb23c-0a79-4a9d-b938-b4908fab5e61 adfd773d9c1a46478e10d69f7405d8f9 6898710043bd44bb9f9c5969f67b1462 - - default default] No more DHCP agents
2026-05-09 22:52:38.261 9 WARNING neutron.api.rpc.agentnotifiers.dhcp_rpc_agent_api [None req-3dacb23c-0a79-4a9d-b938-b4908fab5e61 adfd773d9c1a46478e10d69f7405d8f9 6898710043bd44bb9f9c5969f67b1462 - - default default] Unable to schedule network 95c8cb60-8556-4507-abe5-a3cb65f53cee: no agents available; will retry on subsequent port and subnet creation events.
2026-05-09 22:52:38.560 9 INFO neutron.db.ovn_revision_numbers_db [None req-3dacb23c-0a79-4a9d-b938-b4908fab5e61 adfd773d9c1a46478e10d69f7405d8f9 6898710043bd44bb9f9c5969f67b1462 - - default default] Successfully bumped revision number for resource 629e2575-2c43-4c98-af9d-f611c8a53cc2 (type: ports) to 1
2026-05-09 22:52:38.563 15 INFO neutron.plugins.ml2.drivers.ovn.mech_driver.ovsdb.maintenance [None req-e1b9f3ea-c271-46af-b856-e9195e68acbf - - - - - -] Maintenance task: Synchronization completed (took 1.86 seconds)
2026-05-09 22:52:38.577 9 INFO neutron.wsgi [None req-3dacb23c-0a79-4a9d-b938-b4908fab5e61 adfd773d9c1a46478e10d69f7405d8f9 6898710043bd44bb9f9c5969f67b1462 - - default default] 10.0.0.189 "POST /v2.0/networks HTTP/1.1" status: 201 len: 828 time: 0.8032103
2026-05-09 22:52:38.585 9 WARNING neutron_lib.context [None req-a627638a-eb63-48ec-8509-e00db45c24a2 adfd773d9c1a46478e10d69f7405d8f9 6898710043bd44bb9f9c5969f67b1462 - - default default] Method 'is_advsvc' is deprecated since 2023.2 release (neutron-lib 3.8.0) and will be removed once support for the old RBAC API policies will be removed from Neutron. Please use method 'is_service_role' instead.
2026-05-09 22:52:38.665 10 INFO neutron.wsgi [None req-1290f5ef-c6ec-4621-b3fa-6a31a0e16cce e63ab23ec7d6481db4b758a6d2e5ffd9 3aee92eba8c04df6ba82301477145736 - - default default] 10.0.0.189 "GET /v2.0/security-groups?tenant_id=a7f3d029523f4bc8b86336e8e87e3803&name=default HTTP/1.1" status: 200 len: 3120 time: 0.1904323
2026-05-09 22:52:38.797 9 WARNING neutron.scheduler.dhcp_agent_scheduler [None req-a627638a-eb63-48ec-8509-e00db45c24a2 adfd773d9c1a46478e10d69f7405d8f9 6898710043bd44bb9f9c5969f67b1462 - - default default] No more DHCP agents
2026-05-09 22:52:38.799 9 WARNING neutron.api.rpc.agentnotifiers.dhcp_rpc_agent_api [None req-a627638a-eb63-48ec-8509-e00db45c24a2 adfd773d9c1a46478e10d69f7405d8f9 6898710043bd44bb9f9c5969f67b1462 - - default default] Unable to schedule network 95c8cb60-8556-4507-abe5-a3cb65f53cee: no agents available; will retry on subsequent port and subnet creation events.
2026-05-09 22:52:38.865 10 INFO neutron.wsgi [None req-f8b88445-8525-4452-afd7-39a5e70d10b5 e63ab23ec7d6481db4b758a6d2e5ffd9 3aee92eba8c04df6ba82301477145736 - - default default] 10.0.0.189 "DELETE /v2.0/security-groups/1a75f138-cb4c-47fb-93c6-55674a070206 HTTP/1.1" status: 204 len: 168 time: 0.1971333
2026-05-09 22:52:39.141 10 INFO neutron.db.ovn_revision_numbers_db [None req-9da5b011-6f62-418e-b272-a9a0ac041bb1 e63ab23ec7d6481db4b758a6d2e5ffd9 3aee92eba8c04df6ba82301477145736 - - default default] Successfully bumped revision number for resource 78395cf2-c4bc-495d-8fd6-9a19d89b961d (type: security_groups) to 1
2026-05-09 22:52:39.155 10 INFO neutron.db.ovn_revision_numbers_db [None req-9da5b011-6f62-418e-b272-a9a0ac041bb1 e63ab23ec7d6481db4b758a6d2e5ffd9 3aee92eba8c04df6ba82301477145736 - - default default] Successfully bumped revision number for resource 02b1573e-62f2-4c03-b85e-c2ffa36ac6ea (type: security_group_rules) to 0
2026-05-09 22:52:39.161 9 INFO neutron.wsgi [-] 10.0.0.120 "GET / HTTP/1.1" status: 200 len: 247 time: 0.0019183
2026-05-09 22:52:39.162 9 INFO neutron.wsgi [-] 10.0.0.120 "GET / HTTP/1.1" status: 200 len: 247 time: 0.0008807
2026-05-09 22:52:39.168 10 INFO neutron.db.ovn_revision_numbers_db [None req-9da5b011-6f62-418e-b272-a9a0ac041bb1 e63ab23ec7d6481db4b758a6d2e5ffd9 3aee92eba8c04df6ba82301477145736 - - default default] Successfully bumped revision number for resource 7b813d4f-2117-4f41-85d1-2d44c9b4f24d (type: security_group_rules) to 0
2026-05-09 22:52:39.187 10 INFO neutron.db.ovn_revision_numbers_db [None req-9da5b011-6f62-418e-b272-a9a0ac041bb1 e63ab23ec7d6481db4b758a6d2e5ffd9 3aee92eba8c04df6ba82301477145736 - - default default] Successfully bumped revision number for resource 92fdc7c0-e63d-4645-88a0-ef12117260d1 (type: security_group_rules) to 0
2026-05-09 22:52:39.202 10 INFO neutron.db.ovn_revision_numbers_db [None req-9da5b011-6f62-418e-b272-a9a0ac041bb1 e63ab23ec7d6481db4b758a6d2e5ffd9 3aee92eba8c04df6ba82301477145736 - - default default] Successfully bumped revision number for resource e6e761b4-354a-4eb2-be52-8b9d0c20bde3 (type: security_group_rules) to 0
2026-05-09 22:52:39.224 10 INFO neutron.wsgi [None req-9da5b011-6f62-418e-b272-a9a0ac041bb1 e63ab23ec7d6481db4b758a6d2e5ffd9 3aee92eba8c04df6ba82301477145736 - - default default] 10.0.0.189 "GET /v2.0/security-groups?tenant_id=0b98abc21fcf47b1b403cefdc0556dfd&name=default HTTP/1.1" status: 200 len: 3120 time: 0.2107706
2026-05-09 22:52:39.332 9 INFO neutron.db.ovn_revision_numbers_db [None req-a627638a-eb63-48ec-8509-e00db45c24a2 adfd773d9c1a46478e10d69f7405d8f9 6898710043bd44bb9f9c5969f67b1462 - - default default] Successfully bumped revision number for resource 629e2575-2c43-4c98-af9d-f611c8a53cc2 (type: ports) to 2
2026-05-09 22:52:39.364 9 INFO neutron.db.ovn_revision_numbers_db [None req-a627638a-eb63-48ec-8509-e00db45c24a2 adfd773d9c1a46478e10d69f7405d8f9 6898710043bd44bb9f9c5969f67b1462 - - default default] Successfully bumped revision number for resource f322ef91-ce49-4b73-b51c-5b31c0afa233 (type: subnets) to 0
2026-05-09 22:52:39.382 9 INFO neutron.wsgi [None req-a627638a-eb63-48ec-8509-e00db45c24a2 adfd773d9c1a46478e10d69f7405d8f9 6898710043bd44bb9f9c5969f67b1462 - - default default] 10.0.0.189 "POST /v2.0/subnets HTTP/1.1" status: 201 len: 801 time: 0.8007691
2026-05-09 22:52:39.394 9 WARNING neutron_lib.context [None req-45c4e77c-365d-41f0-bea8-0dd70bac0770 adfd773d9c1a46478e10d69f7405d8f9 6898710043bd44bb9f9c5969f67b1462 - - default default] Method 'is_advsvc' is deprecated since 2023.2 release (neutron-lib 3.8.0) and will be removed once support for the old RBAC API policies will be removed from Neutron. Please use method 'is_service_role' instead.
2026-05-09 22:52:39.433 10 INFO neutron.wsgi [None req-b82df80e-27ab-4eb9-b94d-cd77c4a3dd52 e63ab23ec7d6481db4b758a6d2e5ffd9 3aee92eba8c04df6ba82301477145736 - - default default] 10.0.0.189 "DELETE /v2.0/security-groups/78395cf2-c4bc-495d-8fd6-9a19d89b961d HTTP/1.1" status: 204 len: 168 time: 0.2034001
2026-05-09 22:52:39.508 9 INFO neutron.db.ovn_revision_numbers_db [None req-45c4e77c-365d-41f0-bea8-0dd70bac0770 adfd773d9c1a46478e10d69f7405d8f9 6898710043bd44bb9f9c5969f67b1462 - - default default] Successfully bumped revision number for resource 6e705264-7699-4e6b-92de-bb810e864667 (type: routers) to 1
2026-05-09 22:52:39.523 9 INFO neutron.wsgi [None req-45c4e77c-365d-41f0-bea8-0dd70bac0770 adfd773d9c1a46478e10d69f7405d8f9 6898710043bd44bb9f9c5969f67b1462 - - default default] 10.0.0.189 "POST /v2.0/routers HTTP/1.1" status: 201 len: 800 time: 0.1349604
2026-05-09 22:52:39.770 9 WARNING neutron.plugins.ml2.drivers.ovn.mech_driver.ovsdb.ovn_client [None req-a8b18dd9-f8a7-4c0e-8c79-226990d16307 - - - - - -] No port found with ID 0fa5d8ce-362f-469f-a850-f55e9e683d91: RuntimeError: No port found with ID 0fa5d8ce-362f-469f-a850-f55e9e683d91
2026-05-09 22:52:40.006 9 WARNING neutron.scheduler.dhcp_agent_scheduler [None req-1734f79c-a75b-44af-a464-d5b5fc062a4b adfd773d9c1a46478e10d69f7405d8f9 6898710043bd44bb9f9c5969f67b1462 - - default default] No more DHCP agents
2026-05-09 22:52:40.008 9 WARNING neutron.api.rpc.agentnotifiers.dhcp_rpc_agent_api [None req-1734f79c-a75b-44af-a464-d5b5fc062a4b adfd773d9c1a46478e10d69f7405d8f9 6898710043bd44bb9f9c5969f67b1462 - - default default] Unable to schedule network 95c8cb60-8556-4507-abe5-a3cb65f53cee: no agents available; will retry on subsequent port and subnet creation events.
2026-05-09 22:52:40.161 9 INFO neutron.db.ovn_revision_numbers_db [None req-1734f79c-a75b-44af-a464-d5b5fc062a4b adfd773d9c1a46478e10d69f7405d8f9 6898710043bd44bb9f9c5969f67b1462 - - default default] Successfully bumped revision number for resource e4bb0f65-3fb3-45c4-a091-ed4cbec7a429 (type: ports) to 1
2026-05-09 22:52:40.524 10 WARNING neutron_lib.context [None req-fed2ab2d-c028-4b3c-addf-3b6b48b2d441 1eea57c1671d4e98a4eb9e3e8a1cccf0 f6c880f5bdf44b84b803a27a2ca6af6c - - default default] Method 'is_advsvc' is deprecated since 2023.2 release (neutron-lib 3.8.0) and will be removed once support for the old RBAC API policies will be removed from Neutron. Please use method 'is_service_role' instead.
2026-05-09 22:52:40.577 10 INFO neutron.wsgi [None req-fed2ab2d-c028-4b3c-addf-3b6b48b2d441 1eea57c1671d4e98a4eb9e3e8a1cccf0 f6c880f5bdf44b84b803a27a2ca6af6c - - default default] 10.0.0.189 "POST /v2.0/subnetpools HTTP/1.1" status: 201 len: 715 time: 0.2040873
2026-05-09 22:52:40.604 9 ERROR ovsdbapp.backend.ovs_idl.command [None req-1734f79c-a75b-44af-a464-d5b5fc062a4b adfd773d9c1a46478e10d69f7405d8f9 6898710043bd44bb9f9c5969f67b1462 - - default default] Error executing command (DbGetCommand): ovsdbapp.backend.ovs_idl.idlutils.RowNotFound: Cannot find Logical_Router_Port with name=lrp-e4bb0f65-3fb3-45c4-a091-ed4cbec7a429
2026-05-09 22:52:40.604 9 ERROR ovsdbapp.backend.ovs_idl.command
Traceback (most recent call last):
2026-05-09 22:52:40.604 9 ERROR ovsdbapp.backend.ovs_idl.command
File "/var/lib/openstack/lib/python3.10/site-packages/ovsdbapp/backend/ovs_idl/command.py", line 47, in execute
2026-05-09 22:52:40.604 9 ERROR ovsdbapp.backend.ovs_idl.command self.run_idl(None)
2026-05-09 22:52:40.604 9 ERROR ovsdbapp.backend.ovs_idl.command
File "/var/lib/openstack/lib/python3.10/site-packages/ovsdbapp/backend/ovs_idl/command.py", line 235, in run_idl
2026-05-09 22:52:40.604 9 ERROR ovsdbapp.backend.ovs_idl.command record = self.api.lookup(self.table, self.record)
2026-05-09 22:52:40.604 9 ERROR ovsdbapp.backend.ovs_idl.command
File "/var/lib/openstack/lib/python3.10/site-packages/ovsdbapp/backend/ovs_idl/__init__.py", line 184, in lookup
2026-05-09 22:52:40.604 9 ERROR ovsdbapp.backend.ovs_idl.command return self._lookup(table, record)
2026-05-09 22:52:40.604 9 ERROR ovsdbapp.backend.ovs_idl.command
File "/var/lib/openstack/lib/python3.10/site-packages/ovsdbapp/backend/ovs_idl/__init__.py", line 235, in _lookup
2026-05-09 22:52:40.604 9 ERROR ovsdbapp.backend.ovs_idl.command row = idlutils.row_by_value(self, rl.table, rl.column, record)
2026-05-09 22:52:40.604 9 ERROR ovsdbapp.backend.ovs_idl.command
File "/var/lib/openstack/lib/python3.10/site-packages/ovsdbapp/backend/ovs_idl/idlutils.py", line 114, in row_by_value
2026-05-09 22:52:40.604 9 ERROR ovsdbapp.backend.ovs_idl.command raise RowNotFound(table=table, col=column, match=match)
2026-05-09 22:52:40.604 9 ERROR ovsdbapp.backend.ovs_idl.command ovsdbapp.backend.ovs_idl.idlutils.RowNotFound: Cannot find Logical_Router_Port with name=lrp-e4bb0f65-3fb3-45c4-a091-ed4cbec7a429
2026-05-09 22:52:40.604 9 ERROR ovsdbapp.backend.ovs_idl.command 
2026-05-09 22:52:40.605 9 ERROR neutron_lib.callbacks.manager [None req-1734f79c-a75b-44af-a464-d5b5fc062a4b adfd773d9c1a46478e10d69f7405d8f9 6898710043bd44bb9f9c5969f67b1462 - - default default] Error during notification for neutron.services.ovn_l3.plugin.OVNL3RouterPlugin._port_update-8783339495151 port, after_update: ovsdbapp.backend.ovs_idl.idlutils.RowNotFound: Cannot find Logical_Router_Port with name=lrp-e4bb0f65-3fb3-45c4-a091-ed4cbec7a429
2026-05-09 22:52:40.605 9 ERROR neutron_lib.callbacks.manager
Traceback (most recent call last):
2026-05-09 22:52:40.605 9 ERROR neutron_lib.callbacks.manager
File "/var/lib/openstack/lib/python3.10/site-packages/neutron_lib/callbacks/manager.py", line 189, in _notify_loop
2026-05-09 22:52:40.605 9 ERROR neutron_lib.callbacks.manager callback.method(resource, event, trigger, payload=payload)
2026-05-09 22:52:40.605 9 ERROR neutron_lib.callbacks.manager
File "/var/lib/openstack/lib/python3.10/site-packages/neutron/services/ovn_l3/plugin.py", line 391, in _port_update
2026-05-09 22:52:40.605 9 ERROR neutron_lib.callbacks.manager l3plugin._ovn_client.update_router_port(context,
2026-05-09 22:52:40.605 9 ERROR neutron_lib.callbacks.manager
File "/var/lib/openstack/lib/python3.10/site-packages/neutron/plugins/ml2/drivers/ovn/mech_driver/ovsdb/ovn_client.py", line 1878, in update_router_port
2026-05-09 22:52:40.605 9 ERROR neutron_lib.callbacks.manager self._update_lrouter_port(context, port, if_exists=if_exists,
2026-05-09 22:52:40.605 9 ERROR neutron_lib.callbacks.manager
File "/var/lib/openstack/lib/python3.10/site-packages/neutron/plugins/ml2/drivers/ovn/mech_driver/ovsdb/ovn_client.py", line 1855, in _update_lrouter_port
2026-05-09 22:52:40.605 9 ERROR neutron_lib.callbacks.manager external_ids = self._nb_idl.db_get(
2026-05-09 22:52:40.605 9 ERROR neutron_lib.callbacks.manager
File "/var/lib/openstack/lib/python3.10/site-packages/ovsdbapp/backend/ovs_idl/command.py", line 47, in execute
2026-05-09 22:52:40.605 9 ERROR neutron_lib.callbacks.manager self.run_idl(None)
2026-05-09 22:52:40.605 9 ERROR neutron_lib.callbacks.manager
File "/var/lib/openstack/lib/python3.10/site-packages/ovsdbapp/backend/ovs_idl/command.py", line 235, in run_idl
2026-05-09 22:52:40.605 9 ERROR neutron_lib.callbacks.manager record = self.api.lookup(self.table, self.record)
2026-05-09 22:52:40.605 9 ERROR neutron_lib.callbacks.manager
File "/var/lib/openstack/lib/python3.10/site-packages/ovsdbapp/backend/ovs_idl/__init__.py", line 184, in lookup
2026-05-09 22:52:40.605 9 ERROR neutron_lib.callbacks.manager return self._lookup(table, record)
2026-05-09 22:52:40.605 9 ERROR neutron_lib.callbacks.manager
File "/var/lib/openstack/lib/python3.10/site-packages/ovsdbapp/backend/ovs_idl/__init__.py", line 235, in _lookup
2026-05-09 22:52:40.605 9 ERROR neutron_lib.callbacks.manager row = idlutils.row_by_value(self, rl.table, rl.column, record)
2026-05-09 22:52:40.605 9 ERROR neutron_lib.callbacks.manager
File "/var/lib/openstack/lib/python3.10/site-packages/ovsdbapp/backend/ovs_idl/idlutils.py", line 114, in row_by_value
2026-05-09 22:52:40.605 9 ERROR neutron_lib.callbacks.manager raise RowNotFound(table=table, col=column, match=match)
2026-05-09 22:52:40.605 9 ERROR neutron_lib.callbacks.manager ovsdbapp.backend.ovs_idl.idlutils.RowNotFound: Cannot find Logical_Router_Port with name=lrp-e4bb0f65-3fb3-45c4-a091-ed4cbec7a429
2026-05-09 22:52:40.605 9 ERROR neutron_lib.callbacks.manager 
2026-05-09 22:52:40.643 9 INFO neutron.wsgi [None req-3db26b2b-d8cc-49b6-af6f-6d51387029ba 1eea57c1671d4e98a4eb9e3e8a1cccf0 f6c880f5bdf44b84b803a27a2ca6af6c - - default default] 10.0.0.189 "PUT /v2.0/subnetpools/1e4dfdb0-c3fb-433c-80fe-9266a9cd7651/tags HTTP/1.1" status: 200 len: 218 time: 0.0598445
2026-05-09 22:52:40.679 9 INFO neutron.wsgi [None req-19228e2e-27ea-4316-9547-6aefbcc7b1c4 1eea57c1671d4e98a4eb9e3e8a1cccf0 f6c880f5bdf44b84b803a27a2ca6af6c - - default default] 10.0.0.189 "GET /v2.0/subnetpools/1e4dfdb0-c3fb-433c-80fe-9266a9cd7651/tags HTTP/1.1" status: 200 len: 218 time: 0.0305362
2026-05-09 22:52:40.729 10 INFO neutron.wsgi [None req-3ab55270-be32-4d2e-a64f-91e14e27fe1b 1eea57c1671d4e98a4eb9e3e8a1cccf0 f6c880f5bdf44b84b803a27a2ca6af6c - - default default] 10.0.0.189 "PUT /v2.0/subnetpools/1e4dfdb0-c3fb-433c-80fe-9266a9cd7651/tags/green HTTP/1.1" status: 201 len: 201 time: 0.0426521
2026-05-09 22:52:40.761 10 INFO neutron.wsgi [None req-e43f04b1-5404-43f2-9322-6cb07b7896a5 1eea57c1671d4e98a4eb9e3e8a1cccf0 f6c880f5bdf44b84b803a27a2ca6af6c - - default default] 10.0.0.189 "GET /v2.0/subnetpools/1e4dfdb0-c3fb-433c-80fe-9266a9cd7651/tags HTTP/1.1" status: 200 len: 227 time: 0.0260394
2026-05-09 22:52:40.793 10 INFO neutron.wsgi [None req-c11fc6de-04ab-41a2-ad20-ea229db6d8da 1eea57c1671d4e98a4eb9e3e8a1cccf0 f6c880f5bdf44b84b803a27a2ca6af6c - - default default] 10.0.0.189 "PUT /v2.0/subnetpools/1e4dfdb0-c3fb-433c-80fe-9266a9cd7651/tags/red HTTP/1.1" status: 201 len: 201 time: 0.0280664
2026-05-09 22:52:40.817 10 INFO neutron.wsgi [None req-1727841c-779c-4f1c-8bb1-f0ef05392268 1eea57c1671d4e98a4eb9e3e8a1cccf0 f6c880f5bdf44b84b803a27a2ca6af6c - - default default] 10.0.0.189 "GET /v2.0/subnetpools/1e4dfdb0-c3fb-433c-80fe-9266a9cd7651/tags HTTP/1.1" status: 200 len: 227 time: 0.0195541
2026-05-09 22:52:40.827 10 INFO neutron.plugins.ml2.drivers.ovn.mech_driver.mech_driver [None req-d9958fd4-08c2-4d53-9265-7b981d8368f2 - - - - - -] OVN reports status up for port: e4bb0f65-3fb3-45c4-a091-ed4cbec7a429
2026-05-09 22:52:40.836 10 INFO neutron.plugins.ml2.plugin [None req-d9958fd4-08c2-4d53-9265-7b981d8368f2 - - - - - -] Attempt 1 to provision port e4bb0f65-3fb3-45c4-a091-ed4cbec7a429
