2026-05-09 22:49:25.610 9 INFO neutron.db.ovn_revision_numbers_db [None req-a8b18dd9-f8a7-4c0e-8c79-226990d16307 - - - - - -] Successfully bumped revision number for resource 5e4c1bb0-be17-46ac-a044-d3d3d450d83e (type: router_ports) to 2
2026-05-09 22:49:25.751 10 INFO neutron.db.ovn_revision_numbers_db [None req-f948024d-cabd-465f-890f-23e6dab4643a e63ab23ec7d6481db4b758a6d2e5ffd9 3aee92eba8c04df6ba82301477145736 - - default default] Successfully bumped revision number for resource 89a50afc-bbb6-46ab-8b66-5101b88599d9 (type: security_groups) to 1
2026-05-09 22:49:25.778 10 INFO neutron.db.ovn_revision_numbers_db [None req-f948024d-cabd-465f-890f-23e6dab4643a e63ab23ec7d6481db4b758a6d2e5ffd9 3aee92eba8c04df6ba82301477145736 - - default default] Successfully bumped revision number for resource 69627056-e3fe-4460-bee2-1d849aa828e8 (type: security_group_rules) to 0
2026-05-09 22:49:25.785 10 INFO neutron.wsgi [req-1676bc03-b008-409d-a4a6-9607cdbb2dd7 req-f5b51cc1-7e05-432a-8175-86d27e345463 0cd400afc4834828a1133cbde7aaece7 1f164b24c4584e899302141c4aece720 - - default default] 10.0.0.184 "GET /v2.0/ports?device_id=973a4fb4-c1a5-4c89-b5c1-6954c8ccf0c7 HTTP/1.1" status: 200 len: 1160 time: 0.1255138 /var/lib/openstack/lib/python3.10/site-packages/pycadf/identifier.py:71: UserWarning: Invalid uuid: neutron. To ensure interoperability, identifiers should be a valid uuid. warnings.warn(('Invalid uuid: %s. To ensure interoperability, '
2026-05-09 22:49:25.811 10 INFO neutron.db.ovn_revision_numbers_db [None req-f948024d-cabd-465f-890f-23e6dab4643a e63ab23ec7d6481db4b758a6d2e5ffd9 3aee92eba8c04df6ba82301477145736 - - default default] Successfully bumped revision number for resource 6e3b2f5c-f35d-4c86-b2f5-280bc2a7ea9a (type: security_group_rules) to 0
2026-05-09 22:49:25.835 10 INFO neutron.db.ovn_revision_numbers_db [None req-f948024d-cabd-465f-890f-23e6dab4643a e63ab23ec7d6481db4b758a6d2e5ffd9 3aee92eba8c04df6ba82301477145736 - - default default] Successfully bumped revision number for resource b9686868-4d99-42fe-8afd-4ae250c742d6 (type: security_group_rules) to 0
2026-05-09 22:49:25.850 10 INFO neutron.wsgi [req-1676bc03-b008-409d-a4a6-9607cdbb2dd7 req-94037408-c3d5-494e-b3c3-e4fb08d6b21b 0cd400afc4834828a1133cbde7aaece7 1f164b24c4584e899302141c4aece720 - - default default] 10.0.0.184 "GET /v2.0/security-groups?id=90afd960-b86d-4e12-816d-cc0d55c2cdbe&fields=id&fields=name HTTP/1.1" status: 200 len: 312 time: 0.0561128
2026-05-09 22:49:25.859 10 INFO neutron.db.ovn_revision_numbers_db [None req-f948024d-cabd-465f-890f-23e6dab4643a e63ab23ec7d6481db4b758a6d2e5ffd9 3aee92eba8c04df6ba82301477145736 - - default default] Successfully bumped revision number for resource f90ee60f-4909-4014-84c2-97452bad5fab (type: security_group_rules) to 0
2026-05-09 22:49:25.892 10 INFO neutron.wsgi [None req-f948024d-cabd-465f-890f-23e6dab4643a e63ab23ec7d6481db4b758a6d2e5ffd9 3aee92eba8c04df6ba82301477145736 - - default default] 10.0.0.189 "GET /v2.0/security-groups?tenant_id=aabaf71ed3f246c0b8a95e4417091571&name=default HTTP/1.1" status: 200 len: 3120 time: 0.5800765
2026-05-09 22:49:25.932 10 INFO neutron.db.ovn_revision_numbers_db [None req-d9958fd4-08c2-4d53-9265-7b981d8368f2 - - - - - -] Successfully bumped revision number for resource 13995064-1bfd-489e-b791-6e8df03e6e07 (type: ports) to 4
2026-05-09 22:49:26.048 9 INFO neutron.db.ovn_revision_numbers_db [req-6d6c14e6-c471-4692-9d07-859f98171931 req-fd164834-d774-4db5-8db1-b712d00b6c1b 8fb33313bbf1451f8de96fe7fd6e05be ed0e085260f846ce9aadfbe0db79c776 - - 7658d3de922047b7a4564ef14e590b8b 7658d3de922047b7a4564ef14e590b8b] Successfully bumped revision number for resource e9449bd3-fb8c-4d93-be24-5c378ada043c (type: ports) to 2
2026-05-09 22:49:26.064 9 INFO neutron.wsgi [req-84cbb605-051d-4a2a-b4be-19c7b920479e req-2d56b30c-9af6-4d22-a22e-fd165fb981c0 bbac0c59a4454e56a8bc265ef57349d6 e56659014adb49c38400afc99bac59c6 - - default default] 10.0.0.184 "GET /v2.0/ports?device_id=6c05275c-7adb-409e-b802-dc82117b1b8e HTTP/1.1" status: 200 len: 1172 time: 0.2806640
2026-05-09 22:49:26.120 10 INFO neutron.wsgi [None req-f89d31d6-8d37-4524-b96d-69e588491a42 e63ab23ec7d6481db4b758a6d2e5ffd9 3aee92eba8c04df6ba82301477145736 - - default default] 10.0.0.189 "DELETE /v2.0/security-groups/89a50afc-bbb6-46ab-8b66-5101b88599d9 HTTP/1.1" status: 204 len: 168 time: 0.2151997
2026-05-09 22:49:26.124 9 INFO neutron.wsgi [req-84cbb605-051d-4a2a-b4be-19c7b920479e req-f0b462a6-cabe-4097-abb9-89c29e1d7411 bbac0c59a4454e56a8bc265ef57349d6 e56659014adb49c38400afc99bac59c6 - - default default] 10.0.0.184 "GET /v2.0/security-groups?id=d650e5c2-118a-4a08-b35f-900a1dc2002d&fields=id&fields=name HTTP/1.1" status: 200 len: 312 time: 0.0517700 /var/lib/openstack/lib/python3.10/site-packages/pycadf/identifier.py:71: UserWarning: Invalid uuid: neutron. To ensure interoperability, identifiers should be a valid uuid. warnings.warn(('Invalid uuid: %s. To ensure interoperability, '
2026-05-09 22:49:26.259 9 INFO neutron.db.ovn_revision_numbers_db [req-6d6c14e6-c471-4692-9d07-859f98171931 req-fd164834-d774-4db5-8db1-b712d00b6c1b 8fb33313bbf1451f8de96fe7fd6e05be ed0e085260f846ce9aadfbe0db79c776 - - 7658d3de922047b7a4564ef14e590b8b 7658d3de922047b7a4564ef14e590b8b] Successfully bumped revision number for resource e9449bd3-fb8c-4d93-be24-5c378ada043c (type: ports) to 2
2026-05-09 22:49:26.266 10 INFO neutron.wsgi [req-6a6ad02f-bef2-42cd-bc72-1f63bd1bd8e1 req-6a97c5cc-6396-4f34-9a61-b72c189d7b40 a39dd147892545d483545c4767b570da 7a609977db4b413da0138df92f1c7ccb - - default default] 10.0.0.184 "GET /v2.0/ports?device_id=cdfef2ba-5de6-4dec-86c9-8d4493ee1744 HTTP/1.1" status: 200 len: 1170 time: 0.1009705
2026-05-09 22:49:26.279 9 INFO neutron.wsgi [req-6d6c14e6-c471-4692-9d07-859f98171931 req-fd164834-d774-4db5-8db1-b712d00b6c1b 8fb33313bbf1451f8de96fe7fd6e05be ed0e085260f846ce9aadfbe0db79c776 - - 7658d3de922047b7a4564ef14e590b8b 7658d3de922047b7a4564ef14e590b8b] 199.204.45.19 "PUT /v2.0/ports/e9449bd3-fb8c-4d93-be24-5c378ada043c HTTP/1.1" status: 200 len: 1380 time: 0.9028106
2026-05-09 22:49:26.282 10 INFO neutron.notifiers.nova [-] Nova event matching ['req-03685d27-b19f-4e6e-ae96-651bfbffa396'] response: {'server_uuid': 'cdfef2ba-5de6-4dec-86c9-8d4493ee1744', 'name': 'network-vif-plugged', 'status': 'completed', 'tag': '13995064-1bfd-489e-b791-6e8df03e6e07', 'code': 200}
2026-05-09 22:49:26.283 10 INFO neutron.notifiers.nova [-] Nova event matching ['req-03685d27-b19f-4e6e-ae96-651bfbffa396'] response: {'server_uuid': 'cdfef2ba-5de6-4dec-86c9-8d4493ee1744', 'name': 'network-vif-plugged', 'status': 'completed', 'tag': '13995064-1bfd-489e-b791-6e8df03e6e07', 'code': 200}
2026-05-09 22:49:26.321 10 INFO neutron.wsgi [req-6a6ad02f-bef2-42cd-bc72-1f63bd1bd8e1 req-01273c4e-1450-4f38-b640-a491df298a3c a39dd147892545d483545c4767b570da 7a609977db4b413da0138df92f1c7ccb - - default default] 10.0.0.184 "GET /v2.0/security-groups?id=d0b971d0-c4c4-4125-8b9f-7d410b2828aa&fields=id&fields=name HTTP/1.1" status: 200 len: 313 time: 0.0511653 /var/lib/openstack/lib/python3.10/site-packages/pycadf/identifier.py:71: UserWarning: Invalid uuid: neutron. To ensure interoperability, identifiers should be a valid uuid. warnings.warn(('Invalid uuid: %s. To ensure interoperability, '
2026-05-09 22:49:26.387 9 INFO neutron.wsgi [req-6d6c14e6-c471-4692-9d07-859f98171931 req-3fe8da54-e2fc-4ad9-9f44-c2165f7bcacd 8fb33313bbf1451f8de96fe7fd6e05be ed0e085260f846ce9aadfbe0db79c776 - - 7658d3de922047b7a4564ef14e590b8b 7658d3de922047b7a4564ef14e590b8b] 199.204.45.19 "GET /v2.0/ports?tenant_id=1f164b24c4584e899302141c4aece720&device_id=973a4fb4-c1a5-4c89-b5c1-6954c8ccf0c7 HTTP/1.1" status: 200 len: 1411 time: 0.0620475
2026-05-09 22:49:26.426 9 INFO neutron.wsgi [req-6d6c14e6-c471-4692-9d07-859f98171931 req-a06a1dd3-1b5a-4120-a2d0-81ddb81831a3 8fb33313bbf1451f8de96fe7fd6e05be ed0e085260f846ce9aadfbe0db79c776 - - 7658d3de922047b7a4564ef14e590b8b 7658d3de922047b7a4564ef14e590b8b] 199.204.45.19 "GET /v2.0/floatingips?fixed_ip_address=10.100.0.12&port_id=e9449bd3-fb8c-4d93-be24-5c378ada043c HTTP/1.1" status: 200 len: 217 time: 0.0328786
2026-05-09 22:49:26.494 9 INFO neutron.wsgi [req-6d6c14e6-c471-4692-9d07-859f98171931 req-79caf0c0-a28d-48b7-a816-ee9a08e77672 8fb33313bbf1451f8de96fe7fd6e05be ed0e085260f846ce9aadfbe0db79c776 - - 7658d3de922047b7a4564ef14e590b8b 7658d3de922047b7a4564ef14e590b8b] 199.204.45.19 "GET /v2.0/subnets?id=212b19ab-e9dc-4914-8939-b504352b5756 HTTP/1.1" status: 200 len: 862 time: 0.0627267
2026-05-09 22:49:26.543 9 INFO neutron.wsgi [req-6d6c14e6-c471-4692-9d07-859f98171931 req-042fa8aa-762a-4ea4-88e6-b129f8e07a72 8fb33313bbf1451f8de96fe7fd6e05be ed0e085260f846ce9aadfbe0db79c776 - - 7658d3de922047b7a4564ef14e590b8b 7658d3de922047b7a4564ef14e590b8b] 199.204.45.19 "GET /v2.0/ports?network_id=79e6c684-91a5-4a81-97e5-1a28bcfde47b&device_owner=network%3Adhcp HTTP/1.1" status: 200 len: 210 time: 0.0317285
2026-05-09 22:49:26.622 9 INFO neutron.wsgi [req-6d6c14e6-c471-4692-9d07-859f98171931 req-e81c3966-0316-439f-a821-8d1dccfa1eff 8fb33313bbf1451f8de96fe7fd6e05be ed0e085260f846ce9aadfbe0db79c776 - - 7658d3de922047b7a4564ef14e590b8b 7658d3de922047b7a4564ef14e590b8b] 199.204.45.19 "GET /v2.0/networks/79e6c684-91a5-4a81-97e5-1a28bcfde47b?fields=segments HTTP/1.1" status: 200 len: 212 time: 0.0719824
2026-05-09 22:49:26.710 9 INFO neutron.wsgi [req-6d6c14e6-c471-4692-9d07-859f98171931 req-3084aa1a-2d27-47d4-a36d-2adac9b3ff62 8fb33313bbf1451f8de96fe7fd6e05be ed0e085260f846ce9aadfbe0db79c776 - - 7658d3de922047b7a4564ef14e590b8b 7658d3de922047b7a4564ef14e590b8b] 199.204.45.19 "GET /v2.0/networks/79e6c684-91a5-4a81-97e5-1a28bcfde47b?fields=provider%3Aphysical_network&fields=provider%3Anetwork_type HTTP/1.1" status: 200 len: 277 time: 0.0792496
2026-05-09 22:49:26.826 9 INFO neutron.notifiers.nova [-] Nova event matching ['req-4f4b2fab-e508-4fe1-874b-25c2170b0b41'] response: {'name': 'network-changed', 'server_uuid': '973a4fb4-c1a5-4c89-b5c1-6954c8ccf0c7', 'tag': 'e9449bd3-fb8c-4d93-be24-5c378ada043c', 'status': 'completed', 'code': 200}
2026-05-09 22:49:26.906 9 INFO neutron.wsgi [req-60e3d3a1-bda4-4e96-9a37-d58252f716ea req-7525d3af-652a-4718-821d-4635ca81365c 8fb33313bbf1451f8de96fe7fd6e05be ed0e085260f846ce9aadfbe0db79c776 - - 7658d3de922047b7a4564ef14e590b8b 7658d3de922047b7a4564ef14e590b8b] 199.204.45.19 "GET /v2.0/ports?tenant_id=1f164b24c4584e899302141c4aece720&device_id=973a4fb4-c1a5-4c89-b5c1-6954c8ccf0c7 HTTP/1.1" status: 200 len: 1411 time: 0.0584774
2026-05-09 22:49:26.984 10 INFO neutron.wsgi [req-fec9afb6-23ac-4635-be87-5fb0cd31630d req-5dbe3f1b-3098-4c4f-9da6-23343032df18 0cd400afc4834828a1133cbde7aaece7 1f164b24c4584e899302141c4aece720 - - default default] 10.0.0.184 "GET /v2.0/ports?device_id=973a4fb4-c1a5-4c89-b5c1-6954c8ccf0c7 HTTP/1.1" status: 200 len: 1172 time: 0.0573223
2026-05-09 22:49:26.987 9 INFO neutron.wsgi [req-60e3d3a1-bda4-4e96-9a37-d58252f716ea req-9a16a6b2-4d00-435a-afe4-c5aa9167c0db 8fb33313bbf1451f8de96fe7fd6e05be ed0e085260f846ce9aadfbe0db79c776 - - 7658d3de922047b7a4564ef14e590b8b 7658d3de922047b7a4564ef14e590b8b] 199.204.45.19 "GET /v2.0/networks?id=79e6c684-91a5-4a81-97e5-1a28bcfde47b HTTP/1.1" status: 200 len: 967 time: 0.0732570
2026-05-09 22:49:27.019 9 INFO neutron.wsgi [req-60e3d3a1-bda4-4e96-9a37-d58252f716ea req-1f3d73a3-ab42-4cdc-98b5-2687e78a62ad 8fb33313bbf1451f8de96fe7fd6e05be ed0e085260f846ce9aadfbe0db79c776 - - 7658d3de922047b7a4564ef14e590b8b 7658d3de922047b7a4564ef14e590b8b] 199.204.45.19 "GET /v2.0/floatingips?fixed_ip_address=10.100.0.12&port_id=e9449bd3-fb8c-4d93-be24-5c378ada043c HTTP/1.1" status: 200 len: 217 time: 0.0252285
2026-05-09 22:49:27.027 10 INFO neutron.wsgi [req-fec9afb6-23ac-4635-be87-5fb0cd31630d req-e0ee5aa7-47dc-4f21-8a66-cd28b84abf73 0cd400afc4834828a1133cbde7aaece7 1f164b24c4584e899302141c4aece720 - - default default] 10.0.0.184 "GET /v2.0/security-groups?id=90afd960-b86d-4e12-816d-cc0d55c2cdbe&fields=id&fields=name HTTP/1.1" status: 200 len: 312 time: 0.0427918
2026-05-09 22:49:27.065 9 INFO neutron.wsgi [req-60e3d3a1-bda4-4e96-9a37-d58252f716ea req-8dfef23a-53ce-4f17-997e-8f9247b5de7f 8fb33313bbf1451f8de96fe7fd6e05be ed0e085260f846ce9aadfbe0db79c776 - - 7658d3de922047b7a4564ef14e590b8b 7658d3de922047b7a4564ef14e590b8b] 199.204.45.19 "GET /v2.0/subnets?id=212b19ab-e9dc-4914-8939-b504352b5756 HTTP/1.1" status: 200 len: 862 time: 0.0381403
2026-05-09 22:49:27.093 9 INFO neutron.wsgi [req-60e3d3a1-bda4-4e96-9a37-d58252f716ea req-4fca4bdc-ffd9-4406-a2bf-6734b9fdd7a3 8fb33313bbf1451f8de96fe7fd6e05be ed0e085260f846ce9aadfbe0db79c776 - - 7658d3de922047b7a4564ef14e590b8b 7658d3de922047b7a4564ef14e590b8b] 199.204.45.19 "GET /v2.0/ports?network_id=79e6c684-91a5-4a81-97e5-1a28bcfde47b&device_owner=network%3Adhcp HTTP/1.1" status: 200 len: 210 time: 0.0198512
2026-05-09 22:49:27.168 9 INFO neutron.wsgi [req-60e3d3a1-bda4-4e96-9a37-d58252f716ea req-3b470cec-c240-442a-9237-50282e4bfd6e 8fb33313bbf1451f8de96fe7fd6e05be ed0e085260f846ce9aadfbe0db79c776 - - 7658d3de922047b7a4564ef14e590b8b 7658d3de922047b7a4564ef14e590b8b] 199.204.45.19 "GET /v2.0/networks/79e6c684-91a5-4a81-97e5-1a28bcfde47b?fields=segments HTTP/1.1" status: 200 len: 212 time: 0.0682719
2026-05-09 22:49:27.267 9 INFO neutron.wsgi [req-60e3d3a1-bda4-4e96-9a37-d58252f716ea req-21f93d19-d0d2-4d3a-8817-1e512bd7240a 8fb33313bbf1451f8de96fe7fd6e05be ed0e085260f846ce9aadfbe0db79c776 - - 7658d3de922047b7a4564ef14e590b8b 7658d3de922047b7a4564ef14e590b8b] 199.204.45.19 "GET /v2.0/networks/79e6c684-91a5-4a81-97e5-1a28bcfde47b?fields=provider%3Aphysical_network&fields=provider%3Anetwork_type HTTP/1.1" status: 200 len: 277 time: 0.0952156
2026-05-09 22:49:27.274 9 INFO neutron.wsgi [req-22c9cac8-2965-4b56-9468-197bf9597f1b req-8b3fe2fe-71dd-4845-83b5-6dfc987bb6de bbac0c59a4454e56a8bc265ef57349d6 e56659014adb49c38400afc99bac59c6 - - default default] 10.0.0.184 "GET /v2.0/ports?device_id=6c05275c-7adb-409e-b802-dc82117b1b8e HTTP/1.1" status: 200 len: 1172 time: 0.0699899
2026-05-09 22:49:27.347 9 INFO neutron.wsgi [req-22c9cac8-2965-4b56-9468-197bf9597f1b req-d5501b61-b85b-4716-b6e1-e2290a4e20bc bbac0c59a4454e56a8bc265ef57349d6 e56659014adb49c38400afc99bac59c6 - - default default] 10.0.0.184 "GET /v2.0/security-groups?id=d650e5c2-118a-4a08-b35f-900a1dc2002d&fields=id&fields=name HTTP/1.1" status: 200 len: 312 time: 0.0638435
2026-05-09 22:49:27.452 10 INFO neutron.wsgi [req-9ad90237-f4c7-4de5-89b9-f6c6911afcdb req-f484fde5-ae70-42a4-a866-a281d7c28dc5 a39dd147892545d483545c4767b570da 7a609977db4b413da0138df92f1c7ccb - - default default] 10.0.0.184 "GET /v2.0/ports?device_id=cdfef2ba-5de6-4dec-86c9-8d4493ee1744 HTTP/1.1" status: 200 len: 1170 time: 0.0408514
2026-05-09 22:49:27.500 10 INFO neutron.wsgi [req-9ad90237-f4c7-4de5-89b9-f6c6911afcdb req-58dbf7b0-af5f-4805-a4a9-64e4cd473ca8 a39dd147892545d483545c4767b570da 7a609977db4b413da0138df92f1c7ccb - - default default] 10.0.0.184 "GET /v2.0/security-groups?id=d0b971d0-c4c4-4125-8b9f-7d410b2828aa&fields=id&fields=name HTTP/1.1" status: 200 len: 313 time: 0.0406101
2026-05-09 22:49:27.617 9 INFO neutron.wsgi [req-b078125d-f594-4cbb-89fb-d387154e317a req-971d2000-4694-46cc-b917-b03154868d84 a39dd147892545d483545c4767b570da 7a609977db4b413da0138df92f1c7ccb - - default default] 10.0.0.184 "GET /v2.0/ports?device_id=cdfef2ba-5de6-4dec-86c9-8d4493ee1744 HTTP/1.1" status: 200 len: 1170 time: 0.0448494
2026-05-09 22:49:28.164 10 INFO neutron.wsgi [req-3db0f6e1-8fe9-4c08-9f98-8d64308d795c req-5b534f9e-c8ba-4be3-98b3-221660b790e1 0cd400afc4834828a1133cbde7aaece7 1f164b24c4584e899302141c4aece720 - - default default] 10.0.0.184 "GET /v2.0/ports?device_id=973a4fb4-c1a5-4c89-b5c1-6954c8ccf0c7 HTTP/1.1" status: 200 len: 1172 time: 0.0580630
2026-05-09 22:49:28.203 9 INFO neutron.wsgi [None req-533f0b69-b496-4a53-bb0b-13ae983511fb 86dbd39afe6f4befaef6e3eec4e2bbc3 c757d673063040e38fb0200ec9626db0 - - default default] 10.0.0.189 "GET /v2.0/extensions HTTP/1.1" status: 200 len: 18678 time: 0.2135835
2026-05-09 22:49:28.211 9 INFO neutron.wsgi [None req-718a4ffa-412b-454f-a36f-1baf3b254880 86dbd39afe6f4befaef6e3eec4e2bbc3 c757d673063040e38fb0200ec9626db0 - - default default] 10.0.0.189 "GET /v2.0/extensions/address-group HTTP/1.1" status: 200 len: 353 time: 0.0045297
2026-05-09 22:49:28.221 10 INFO neutron.wsgi [None req-eb613da6-b686-41c7-b908-bf4348a5287e 86dbd39afe6f4befaef6e3eec4e2bbc3 c757d673063040e38fb0200ec9626db0 - - default default] 10.0.0.189 "GET /v2.0/extensions/address-scope HTTP/1.1" status: 200 len: 357 time: 0.0067232
2026-05-09 22:49:28.230 10 INFO neutron.wsgi [req-3db0f6e1-8fe9-4c08-9f98-8d64308d795c req-74b0683b-47e5-4cdf-af7d-f39beb1a4d04 0cd400afc4834828a1133cbde7aaece7 1f164b24c4584e899302141c4aece720 - - default default] 10.0.0.184 "GET /v2.0/security-groups?id=90afd960-b86d-4e12-816d-cc0d55c2cdbe&fields=id&fields=name HTTP/1.1" status: 200 len: 312 time: 0.0602484
2026-05-09 22:49:28.232 9 INFO neutron.wsgi [None req-615fa932-281a-4a34-aee2-1b14ec5bd0e2 86dbd39afe6f4befaef6e3eec4e2bbc3 c757d673063040e38fb0200ec9626db0 - - default default] 10.0.0.189 "GET /v2.0/extensions/agent HTTP/1.1" status: 200 len: 347 time: 0.0073373
2026-05-09 22:49:28.250 10 INFO neutron.wsgi [None req-98f42f09-2677-4f5f-97cc-6a0c5ac9c16a 86dbd39afe6f4befaef6e3eec4e2bbc3 c757d673063040e38fb0200ec9626db0 - - default default] 10.0.0.189 "GET /v2.0/extensions/allowed-address-pairs HTTP/1.1" status: 200 len: 378 time: 0.0144377
2026-05-09 22:49:28.261 10 INFO neutron.wsgi [None req-327c0d25-0d11-4503-9dec-22df2ae504f9 86dbd39afe6f4befaef6e3eec4e2bbc3 c757d673063040e38fb0200ec9626db0 - - default default] 10.0.0.189 "GET /v2.0/extensions/auto-allocated-topology HTTP/1.1" status: 200 len: 394 time: 0.0054424
2026-05-09 22:49:28.271 9 INFO neutron.wsgi [None req-ed14175b-1d21-44ea-b407-82e9d3a2d76e 86dbd39afe6f4befaef6e3eec4e2bbc3 c757d673063040e38fb0200ec9626db0 - - default default] 10.0.0.189 "GET /v2.0/extensions/availability_zone HTTP/1.1" status: 200 len: 372 time: 0.0070233
2026-05-09 22:49:28.281 9 INFO neutron.wsgi [None req-1be6b63e-3633-4005-89a0-f7d61a391d67 86dbd39afe6f4befaef6e3eec4e2bbc3 c757d673063040e38fb0200ec9626db0 - - default default] 10.0.0.189 "GET /v2.0/extensions/default-subnetpools HTTP/1.1" status: 200 len: 405 time: 0.0059063
2026-05-09 22:49:28.287 9 INFO neutron.wsgi [None req-b3a1992c-9a05-4085-8264-53835401c059 86dbd39afe6f4befaef6e3eec4e2bbc3 c757d673063040e38fb0200ec9626db0 - - default default] 10.0.0.189 "GET /v2.0/extensions/dhcp_agent_scheduler HTTP/1.1" status: 200 len: 381 time: 0.0035381
2026-05-09 22:49:28.297 9 INFO neutron.wsgi [None req-7465e641-4b7a-414d-9f53-edf3453400f6 86dbd39afe6f4befaef6e3eec4e2bbc3 c757d673063040e38fb0200ec9626db0 - - default default] 10.0.0.189 "GET /v2.0/extensions/dns-integration HTTP/1.1" status: 200 len: 366 time: 0.0052612
2026-05-09 22:49:28.306 9 INFO neutron.wsgi [None req-9ff1f246-54fb-479a-948a-da33cb58e490 86dbd39afe6f4befaef6e3eec4e2bbc3 c757d673063040e38fb0200ec9626db0 - - default default] 10.0.0.189 "GET /v2.0/extensions/dns-domain-ports HTTP/1.1" status: 200 len: 399 time: 0.0065274
2026-05-09 22:49:28.318 9 INFO neutron.wsgi [None req-9da48574-691e-4901-abf3-5e81b293261b 86dbd39afe6f4befaef6e3eec4e2bbc3 c757d673063040e38fb0200ec9626db0 - - default default] 10.0.0.189 "GET /v2.0/extensions/dns-integration-domain-keywords HTTP/1.1" status: 200 len: 477 time: 0.0034292
2026-05-09 22:49:28.327 9 INFO neutron.wsgi [None req-117f231d-623e-40e8-ae0a-4f2c995cb408 86dbd39afe6f4befaef6e3eec4e2bbc3 c757d673063040e38fb0200ec9626db0 - - default default] 10.0.0.189 "GET /v2.0/extensions/empty-string-filtering HTTP/1.1" status: 200 len: 413 time: 0.0033381
2026-05-09 22:49:28.343 9 INFO neutron.wsgi [None req-2b709c96-9577-4451-a76f-145c601ce2bd 86dbd39afe6f4befaef6e3eec4e2bbc3 c757d673063040e38fb0200ec9626db0 - - default default] 10.0.0.189 "GET /v2.0/extensions/external-net HTTP/1.1" status: 200 len: 394 time: 0.0039999
2026-05-09 22:49:28.356 9 INFO neutron.wsgi [None req-7b12d8df-16d5-456c-8a48-0f6d66a063a2 86dbd39afe6f4befaef6e3eec4e2bbc3 c757d673063040e38fb0200ec9626db0 - - default default] 10.0.0.189 "GET /v2.0/extensions/extra_dhcp_opt HTTP/1.1" status: 200 len: 498 time: 0.0035048
2026-05-09 22:49:28.364 9 INFO neutron.wsgi [None req-482556e0-7e45-4362-83c5-f0a979b7e4bc 86dbd39afe6f4befaef6e3eec4e2bbc3 c757d673063040e38fb0200ec9626db0 - - default default] 10.0.0.189 "GET /v2.0/extensions/extraroute HTTP/1.1" status: 200 len: 375 time: 0.0038998
2026-05-09 22:49:28.380 9 INFO neutron.wsgi [None req-d344dd33-06cd-41e6-a0ec-fa399b590822 86dbd39afe6f4befaef6e3eec4e2bbc3 c757d673063040e38fb0200ec9626db0 - - default default] 10.0.0.189 "GET /v2.0/extensions/floating-ip-port-forwarding-detail HTTP/1.1" status: 200 len: 465 time: 0.0069132
2026-05-09 22:49:28.389 9 INFO neutron.wsgi [None req-f8f7744c-b7bf-4c9b-abed-c0fa862d83b2 86dbd39afe6f4befaef6e3eec4e2bbc3 c757d673063040e38fb0200ec9626db0 - - default default] 10.0.0.189 "GET /v2.0/extensions/fip-port-details HTTP/1.1" status: 200 len: 406 time: 0.0044706
2026-05-09 22:49:28.397 9 INFO neutron.wsgi [None req-0602c72d-ed17-412e-a2a0-9a9360c39c6e 86dbd39afe6f4befaef6e3eec4e2bbc3 c757d673063040e38fb0200ec9626db0 - - default default] 10.0.0.189 "GET /v2.0/extensions/flavors HTTP/1.1" status: 200 len: 387 time: 0.0047889
2026-05-09 22:49:28.405 9 INFO neutron.wsgi [None req-9fd6f543-4a87-4619-8e20-64c3494f1a1c 86dbd39afe6f4befaef6e3eec4e2bbc3 c757d673063040e38fb0200ec9626db0 - - default default] 10.0.0.189 "GET /v2.0/extensions/floatingip-pools HTTP/1.1" status: 200 len: 382 time: 0.0047047
2026-05-09 22:49:28.414 9 INFO neutron.wsgi [None req-78d23235-3629-4605-8642-fa3c1c9dce71 86dbd39afe6f4befaef6e3eec4e2bbc3 c757d673063040e38fb0200ec9626db0 - - default default] 10.0.0.189 "GET /v2.0/extensions/ip_allocation HTTP/1.1" status: 200 len: 356 time: 0.0051992
2026-05-09 22:49:28.432 9 INFO neutron.wsgi [None req-5dae1cb5-3d21-44c9-bdd9-5b410cf34577 86dbd39afe6f4befaef6e3eec4e2bbc3 c757d673063040e38fb0200ec9626db0 - - default default] 10.0.0.189 "GET /v2.0/extensions/l2_adjacency HTTP/1.1" status: 200 len: 372 time: 0.0086055
2026-05-09 22:49:28.443 9 INFO neutron.wsgi [None req-c45cbfa2-dcb6-4652-8836-eb27e78113f7 86dbd39afe6f4befaef6e3eec4e2bbc3 c757d673063040e38fb0200ec9626db0 - - default default] 10.0.0.189 "GET /v2.0/extensions/router HTTP/1.1" status: 200 len: 450 time: 0.0038457
2026-05-09 22:49:28.456 10 INFO neutron.wsgi [None req-9e10532a-01e4-4ee6-b213-fa46a598dc34 86dbd39afe6f4befaef6e3eec4e2bbc3 c757d673063040e38fb0200ec9626db0 - - default default] 10.0.0.189 "GET /v2.0/extensions/enable-default-route-bfd HTTP/1.1" status: 200 len: 406 time: 0.0059922
2026-05-09 22:49:28.467 10 INFO neutron.wsgi [None req-516a82f4-2c60-463d-bd62-b105440fde10 86dbd39afe6f4befaef6e3eec4e2bbc3 c757d673063040e38fb0200ec9626db0 - - default default] 10.0.0.189 "GET /v2.0/extensions/enable-default-route-ecmp HTTP/1.1" status: 200 len: 409 time: 0.0053008
2026-05-09 22:49:28.478 9 INFO neutron.wsgi [None req-64824f9a-ef71-4545-828c-364879d644e2 86dbd39afe6f4befaef6e3eec4e2bbc3 c757d673063040e38fb0200ec9626db0 - - default default] 10.0.0.189 "GET /v2.0/extensions/ext-gw-mode HTTP/1.1" status: 200 len: 462 time: 0.0076149
2026-05-09 22:49:28.485 9 INFO neutron.wsgi [req-4b602012-8c52-4b2f-b0b7-3fb46a9a7a1a req-74cb434c-defc-4e64-95cd-a26fc218249f bbac0c59a4454e56a8bc265ef57349d6 e56659014adb49c38400afc99bac59c6 - - default default] 10.0.0.184 "GET /v2.0/ports?device_id=6c05275c-7adb-409e-b802-dc82117b1b8e HTTP/1.1" status: 200 len: 1172 time: 0.0608072
2026-05-09 22:49:28.489 10 INFO neutron.wsgi [None req-7f7da769-b836-4229-8d07-334e84e6c95b 86dbd39afe6f4befaef6e3eec4e2bbc3 c757d673063040e38fb0200ec9626db0 - - default default] 10.0.0.189 "GET /v2.0/extensions/l3-ha HTTP/1.1" status: 200 len: 360 time: 0.0041301
2026-05-09 22:49:28.498 10 INFO neutron.wsgi [None req-371c5cb5-0d10-4a41-bdc5-0274235f4c5e 86dbd39afe6f4befaef6e3eec4e2bbc3 c757d673063040e38fb0200ec9626db0 - - default default] 10.0.0.189 "GET /v2.0/extensions/external-gateway-multihoming HTTP/1.1" status: 200 len: 421 time: 0.0041437
2026-05-09 22:49:28.506 10 INFO neutron.wsgi [None req-9656618e-fd14-465a-a1a3-ccc1dca23a73 86dbd39afe6f4befaef6e3eec4e2bbc3 c757d673063040e38fb0200ec9626db0 - - default default] 10.0.0.189 "GET /v2.0/extensions/l3-flavors HTTP/1.1" status: 200 len: 366 time: 0.0042965
2026-05-09 22:49:28.519 9 INFO neutron.wsgi [None req-15500d0c-2321-471a-a7ff-c1172371e588 86dbd39afe6f4befaef6e3eec4e2bbc3 c757d673063040e38fb0200ec9626db0 - - default default] 10.0.0.189 "GET /v2.0/extensions/logging HTTP/1.1" status: 200 len: 407 time: 0.0070622
2026-05-09 22:49:28.528 10 INFO neutron.wsgi [None req-5e89e81e-a8a2-43e4-9428-0b9c73cee1fd 86dbd39afe6f4befaef6e3eec4e2bbc3 c757d673063040e38fb0200ec9626db0 - - default default] 10.0.0.189 "GET /v2.0/extensions/multi-provider HTTP/1.1" status: 200 len: 406 time: 0.0039747
2026-05-09 22:49:28.539 9 INFO neutron.wsgi [None req-f676cc15-a05e-491e-b5ff-13f75f07bd3a 86dbd39afe6f4befaef6e3eec4e2bbc3 c757d673063040e38fb0200ec9626db0 - - default default] 10.0.0.189 "GET /v2.0/extensions/net-mtu HTTP/1.1" status: 200 len: 370 time: 0.0064602
2026-05-09 22:49:28.547 10 INFO neutron.wsgi [None req-eda326e0-33dc-4e14-9b6b-1cf4a305ccd4 86dbd39afe6f4befaef6e3eec4e2bbc3 c757d673063040e38fb0200ec9626db0 - - default default] 10.0.0.189 "GET /v2.0/extensions/net-mtu-writable HTTP/1.1" status: 200 len: 401 time: 0.0042005
2026-05-09 22:49:28.551 9 INFO neutron.wsgi [req-4b602012-8c52-4b2f-b0b7-3fb46a9a7a1a req-c45158d0-7138-4923-9bed-9f886a4b8a10 bbac0c59a4454e56a8bc265ef57349d6 e56659014adb49c38400afc99bac59c6 - - default default] 10.0.0.184 "GET /v2.0/security-groups?id=d650e5c2-118a-4a08-b35f-900a1dc2002d&fields=id&fields=name HTTP/1.1" status: 200 len: 312 time: 0.0555642
2026-05-09 22:49:28.555 10 INFO neutron.wsgi [None req-9a03dba1-cb56-4968-af26-1eae0a108538 86dbd39afe6f4befaef6e3eec4e2bbc3 c757d673063040e38fb0200ec9626db0 - - default default] 10.0.0.189 "GET /v2.0/extensions/network_availability_zone HTTP/1.1" status: 200 len: 394 time: 0.0048413
2026-05-09 22:49:28.569 9 INFO neutron.wsgi [None req-9c7b439b-8215-43fa-947e-1a26dac69fbc 86dbd39afe6f4befaef6e3eec4e2bbc3 c757d673063040e38fb0200ec9626db0 - - default default] 10.0.0.189 "GET /v2.0/extensions/network-ip-availability HTTP/1.1" status: 200 len: 410 time: 0.0098324
2026-05-09 22:49:28.576 9 INFO neutron.wsgi [None req-776c5f7c-36a0-4207-ba56-14e35bf27636 86dbd39afe6f4befaef6e3eec4e2bbc3 c757d673063040e38fb0200ec9626db0 - - default default] 10.0.0.189 "GET /v2.0/extensions/pagination HTTP/1.1" status: 200 len: 386 time: 0.0038321
2026-05-09 22:49:28.583 9 INFO neutron.wsgi [None req-5143bca2-956c-4a38-8d5b-21dee5176f9c 86dbd39afe6f4befaef6e3eec4e2bbc3 c757d673063040e38fb0200ec9626db0 - - default default] 10.0.0.189 "GET /v2.0/extensions/port-device-profile HTTP/1.1" status: 200 len: 383 time: 0.0038197
2026-05-09 22:49:28.591 10 INFO neutron.wsgi [None req-720ba12c-92ff-4694-8559-41468bd475a2 86dbd39afe6f4befaef6e3eec4e2bbc3 c757d673063040e38fb0200ec9626db0 - - default default] 10.0.0.189 "GET /v2.0/extensions/port-mac-address-regenerate HTTP/1.1" status: 200 len: 403 time: 0.0048137
2026-05-09 22:49:28.601 9 INFO neutron.wsgi [None req-51b72d78-9b60-4cab-bfee-4144da4dd668 86dbd39afe6f4befaef6e3eec4e2bbc3 c757d673063040e38fb0200ec9626db0 - - default default] 10.0.0.189 "GET /v2.0/extensions/port-numa-affinity-policy HTTP/1.1" status: 200 len: 392 time: 0.0057468
2026-05-09 22:49:28.608 9 INFO neutron.wsgi [None req-c0a86249-501c-4753-888c-54d704cc35e0 86dbd39afe6f4befaef6e3eec4e2bbc3 c757d673063040e38fb0200ec9626db0 - - default default] 10.0.0.189 "GET /v2.0/extensions/port-resource-request HTTP/1.1" status: 200 len: 379 time: 0.0043256
2026-05-09 22:49:28.623 9 INFO neutron.wsgi [None req-0acc73fa-ccc4-49a9-8427-727ba10e1941 86dbd39afe6f4befaef6e3eec4e2bbc3 c757d673063040e38fb0200ec9626db0 - - default default] 10.0.0.189 "GET /v2.0/extensions/port-resource-request-groups HTTP/1.1" status: 200 len: 465 time: 0.0055723
2026-05-09 22:49:28.632 9 INFO neutron.wsgi [None req-e75cb41f-31b4-4db2-898c-df5edd8fd831 86dbd39afe6f4befaef6e3eec4e2bbc3 c757d673063040e38fb0200ec9626db0 - - default default] 10.0.0.189 "GET /v2.0/extensions/binding HTTP/1.1" status: 200 len: 387 time: 0.0046251
2026-05-09 22:49:28.642 9 INFO neutron.wsgi [None req-78f80751-567b-4a59-a37e-4ef73350f5bf 86dbd39afe6f4befaef6e3eec4e2bbc3 c757d673063040e38fb0200ec9626db0 - - default default] 10.0.0.189 "GET /v2.0/extensions/binding-extended HTTP/1.1" status: 200 len: 406 time: 0.0064893
2026-05-09 22:49:28.649 9 INFO neutron.wsgi [None req-c56a298e-7f72-484c-888d-7f800e3cb347 86dbd39afe6f4befaef6e3eec4e2bbc3 c757d673063040e38fb0200ec9626db0 - - default default] 10.0.0.189 "GET /v2.0/extensions/port-security HTTP/1.1" status: 200 len: 354 time: 0.0040317
2026-05-09 22:49:28.654 10 INFO neutron.db.ovn_revision_numbers_db [None req-5a0b72ab-6e07-46ca-b0a6-926b6e7afbb7 a39dd147892545d483545c4767b570da 7a609977db4b413da0138df92f1c7ccb - - default default] Successfully bumped revision number for resource 87dca81d-c99c-4543-baa7-c352bc5dee76 (type: floatingips) to 1
2026-05-09 22:49:28.660 9 INFO neutron.wsgi [None req-d645ff3c-983c-472a-9c39-c94efd1f1238 86dbd39afe6f4befaef6e3eec4e2bbc3 c757d673063040e38fb0200ec9626db0 - - default default] 10.0.0.189 "GET /v2.0/extensions/project-id HTTP/1.1" status: 200 len: 398 time: 0.0071695
2026-05-09 22:49:28.674 9 INFO neutron.wsgi [None req-20421af7-987f-4bcd-87c9-95bdb6445c84 86dbd39afe6f4befaef6e3eec4e2bbc3 c757d673063040e38fb0200ec9626db0 - - default default] 10.0.0.189 "GET /v2.0/extensions/provider HTTP/1.1" status: 200 len: 385 time: 0.0115650
2026-05-09 22:49:28.684 9 INFO neutron.wsgi [None req-0478401f-94ae-41e8-9bac-fa11ae33756a 86dbd39afe6f4befaef6e3eec4e2bbc3 c757d673063040e38fb0200ec9626db0 - - default default] 10.0.0.189 "GET /v2.0/extensions/qos HTTP/1.1" status: 200 len: 360 time: 0.0048711
2026-05-09 22:49:28.691 9 INFO neutron.wsgi [None req-4f8d4502-262b-49f5-9136-cf6cbc8b5776 86dbd39afe6f4befaef6e3eec4e2bbc3 c757d673063040e38fb0200ec9626db0 - - default default] 10.0.0.189 "GET /v2.0/extensions/qos-bw-limit-direction HTTP/1.1" status: 200 len: 452 time: 0.0040889
2026-05-09 22:49:28.699 9 INFO neutron.wsgi [None req-2b85af8b-68c3-4c67-9a63-02848274e35f 86dbd39afe6f4befaef6e3eec4e2bbc3 c757d673063040e38fb0200ec9626db0 - - default default] 10.0.0.189 "GET /v2.0/extensions/qos-bw-minimum-ingress HTTP/1.1" status: 200 len: 445 time: 0.0040529
2026-05-09 22:49:28.705 9 INFO neutron.wsgi [None req-c4bdf7eb-c228-47c8-8db7-cd88eae62b99 86dbd39afe6f4befaef6e3eec4e2bbc3 c757d673063040e38fb0200ec9626db0 - - default default] 10.0.0.189 "GET /v2.0/extensions/qos-default HTTP/1.1" status: 200 len: 377 time: 0.0039713
2026-05-09 22:49:28.713 9 INFO neutron.wsgi [None req-08e1f325-8721-4ad0-89ec-8d6b7eac6789 86dbd39afe6f4befaef6e3eec4e2bbc3 c757d673063040e38fb0200ec9626db0 - - default default] 10.0.0.189 "GET /v2.0/extensions/qos-fip HTTP/1.1" status: 200 len: 372 time: 0.0042901
2026-05-09 22:49:28.720 9 INFO neutron.wsgi [None req-9be90246-6574-47ee-9cd3-7b9f7200b1da 86dbd39afe6f4befaef6e3eec4e2bbc3 c757d673063040e38fb0200ec9626db0 - - default default] 10.0.0.189 "GET /v2.0/extensions/qos-gateway-ip HTTP/1.1" status: 200 len: 391 time: 0.0039458
2026-05-09 22:49:28.728 9 INFO neutron.wsgi [None req-32457e89-e491-4fd9-8f9d-ad4617d8eb44 86dbd39afe6f4befaef6e3eec4e2bbc3 c757d673063040e38fb0200ec9626db0 - - default default] 10.0.0.189 "GET /v2.0/extensions/qos-port-network-policy HTTP/1.1" status: 200 len: 403 time: 0.0039060
2026-05-09 22:49:28.735 9 INFO neutron.wsgi [None req-a449db0e-8c41-49d7-9278-c748f657d12c 86dbd39afe6f4befaef6e3eec4e2bbc3 c757d673063040e38fb0200ec9626db0 - - default default] 10.0.0.189 "GET /v2.0/extensions/qos-pps-minimum HTTP/1.1" status: 200 len: 397 time: 0.0040410
2026-05-09 22:49:28.742 9 INFO neutron.wsgi [None req-936a5623-fc99-4026-b562-20ac2577e63c 86dbd39afe6f4befaef6e3eec4e2bbc3 c757d673063040e38fb0200ec9626db0 - - default default] 10.0.0.189 "GET /v2.0/extensions/qos-pps-minimum-rule-alias HTTP/1.1" status: 200 len: 471 time: 0.0045724
2026-05-09 22:49:28.764 9 INFO neutron.wsgi [None req-27cda82f-c2c5-4e32-9be6-60de2e9945e8 86dbd39afe6f4befaef6e3eec4e2bbc3 c757d673063040e38fb0200ec9626db0 - - default default] 10.0.0.189 "GET /v2.0/extensions/qos-pps HTTP/1.1" status: 200 len: 389 time: 0.0177567
2026-05-09 22:49:28.773 9 INFO neutron.wsgi [None req-4f19fa04-5ce0-400d-84e7-23c1b5904e91 86dbd39afe6f4befaef6e3eec4e2bbc3 c757d673063040e38fb0200ec9626db0 - - default default] 10.0.0.189 "GET /v2.0/extensions/qos-rule-type-details HTTP/1.1" status: 200 len: 423 time: 0.0051787
2026-05-09 22:49:28.782 10 INFO neutron.wsgi [None req-6456aae8-7618-47a4-be3c-bf2d6af890e2 86dbd39afe6f4befaef6e3eec4e2bbc3 c757d673063040e38fb0200ec9626db0 - - default default] 10.0.0.189 "GET /v2.0/extensions/qos-rule-type-filter HTTP/1.1" status: 200 len: 567 time: 0.0062466
2026-05-09 22:49:28.790 10 INFO neutron.wsgi [None req-a3b18516-03f9-4e0c-af5f-4f7ee09e6a37 86dbd39afe6f4befaef6e3eec4e2bbc3 c757d673063040e38fb0200ec9626db0 - - default default] 10.0.0.189 "GET /v2.0/extensions/qos-rules-alias HTTP/1.1" status: 200 len: 448 time: 0.0037017
2026-05-09 22:49:28.797 9 INFO neutron.wsgi [None req-00cd4435-7144-404d-a6d3-ef4697a2ec57 86dbd39afe6f4befaef6e3eec4e2bbc3 c757d673063040e38fb0200ec9626db0 - - default default] 10.0.0.189 "GET /v2.0/extensions/quota-check-limit HTTP/1.1" status: 200 len: 420 time: 0.0049217
2026-05-09 22:49:28.802 10 INFO neutron.db.ovn_revision_numbers_db [None req-5a0b72ab-6e07-46ca-b0a6-926b6e7afbb7 a39dd147892545d483545c4767b570da 7a609977db4b413da0138df92f1c7ccb - - default default] Successfully bumped revision number for resource 87dca81d-c99c-4543-baa7-c352bc5dee76 (type: floatingips) to 2
2026-05-09 22:49:28.802 10 INFO neutron.db.l3_db [None req-5a0b72ab-6e07-46ca-b0a6-926b6e7afbb7 a39dd147892545d483545c4767b570da 7a609977db4b413da0138df92f1c7ccb - - default default] Floating IP 87dca81d-c99c-4543-baa7-c352bc5dee76 associated. External IP: 10.96.250.209, port: 13995064-1bfd-489e-b791-6e8df03e6e07.
2026-05-09 22:49:28.807 10 INFO neutron.wsgi [None req-1e31230c-f453-4619-8e36-d0376be16ae2 86dbd39afe6f4befaef6e3eec4e2bbc3 c757d673063040e38fb0200ec9626db0 - - default default] 10.0.0.189 "GET /v2.0/extensions/quotas HTTP/1.1" status: 200 len: 386 time: 0.0061550
2026-05-09 22:49:28.817 9 INFO neutron.wsgi [None req-1e05b053-81cd-4384-9aef-6bf7e286d6a3 86dbd39afe6f4befaef6e3eec4e2bbc3 c757d673063040e38fb0200ec9626db0 - - default default] 10.0.0.189 "GET /v2.0/extensions/quota_details HTTP/1.1" status: 200 len: 407 time: 0.0070572
2026-05-09 22:49:28.826 9 INFO neutron.wsgi [None req-49c2a747-437c-4a55-9d94-305c23fdf2dd 86dbd39afe6f4befaef6e3eec4e2bbc3 c757d673063040e38fb0200ec9626db0 - - default default] 10.0.0.189 "GET /v2.0/extensions/rbac-policies HTTP/1.1" status: 200 len: 417 time: 0.0046906
2026-05-09 22:49:28.831 10 INFO neutron.wsgi [None req-5a0b72ab-6e07-46ca-b0a6-926b6e7afbb7 a39dd147892545d483545c4767b570da 7a609977db4b413da0138df92f1c7ccb - - default default] 10.0.0.189 "PUT /v2.0/floatingips/87dca81d-c99c-4543-baa7-c352bc5dee76 HTTP/1.1" status: 200 len: 1049 time: 1.1995499
2026-05-09 22:49:28.834 9 INFO neutron.wsgi [None req-295f73dd-af49-4ca6-8409-249e4fdd01fd 86dbd39afe6f4befaef6e3eec4e2bbc3 c757d673063040e38fb0200ec9626db0 - - default default] 10.0.0.189 "GET /v2.0/extensions/rbac-address-scope HTTP/1.1" status: 200 len: 384 time: 0.0045137
2026-05-09 22:49:28.840 10 INFO neutron.wsgi [None req-7f8fd482-3f6d-4fe1-a188-25e802b8336e 86dbd39afe6f4befaef6e3eec4e2bbc3 c757d673063040e38fb0200ec9626db0 - - default default] 10.0.0.189 "GET /v2.0/extensions/rbac-security-groups HTTP/1.1" status: 200 len: 404 time: 0.0034261
2026-05-09 22:49:28.846 10 INFO neutron.wsgi [None req-247ee3cc-491b-4f95-a5cb-c7a4b2a747d0 86dbd39afe6f4befaef6e3eec4e2bbc3 c757d673063040e38fb0200ec9626db0 - - default default] 10.0.0.189 "GET /v2.0/extensions/revision-if-match HTTP/1.1" status: 200 len: 441 time: 0.0029070
2026-05-09 22:49:28.853 10 INFO neutron.wsgi [None req-ddef3ddf-b8ac-44e8-997c-670393ba3411 86dbd39afe6f4befaef6e3eec4e2bbc3 c757d673063040e38fb0200ec9626db0 - - default default] 10.0.0.189 "GET /v2.0/extensions/standard-attr-revisions HTTP/1.1" status: 200 len: 423 time: 0.0042019
2026-05-09 22:49:28.861 10 INFO neutron.wsgi [None req-3bb7821a-7120-48cc-aa5d-27dfe0878b56 86dbd39afe6f4befaef6e3eec4e2bbc3 c757d673063040e38fb0200ec9626db0 - - default default] 10.0.0.189 "GET /v2.0/extensions/router_availability_zone HTTP/1.1" status: 200 len: 391 time: 0.0039461
2026-05-09 22:49:28.869 10 INFO neutron.wsgi [None req-f8b544ea-a8f6-46f2-9eab-5afa0b155e80 86dbd39afe6f4befaef6e3eec4e2bbc3 c757d673063040e38fb0200ec9626db0 - - default default] 10.0.0.189 "GET /v2.0/extensions/security-groups-default-rules HTTP/1.1" status: 200 len: 456 time: 0.0039797
2026-05-09 22:49:28.870 10 INFO neutron.notifiers.nova [-] Nova event matching ['req-7e2d9410-32c9-4d0b-9270-3ff6f0ea9d4c'] response: {'name': 'network-changed', 'server_uuid': 'cdfef2ba-5de6-4dec-86c9-8d4493ee1744', 'tag': '13995064-1bfd-489e-b791-6e8df03e6e07', 'status': 'completed', 'code': 200}
2026-05-09 22:49:28.878 10 INFO neutron.wsgi [None req-5af1debe-4312-45c7-b61e-88709cb01a13 86dbd39afe6f4befaef6e3eec4e2bbc3 c757d673063040e38fb0200ec9626db0 - - default default] 10.0.0.189 "GET /v2.0/extensions/security-groups-normalized-cidr HTTP/1.1" status: 200 len: 445 time: 0.0043299
2026-05-09 22:49:28.889 10 INFO neutron.wsgi [None req-7f1ada2d-58af-4c34-8094-03a0b098ee1a 86dbd39afe6f4befaef6e3eec4e2bbc3 c757d673063040e38fb0200ec9626db0 - - default default] 10.0.0.189 "GET /v2.0/extensions/security-groups-remote-address-group HTTP/1.1" status: 200 len: 448 time: 0.0039582
2026-05-09 22:49:28.897 10 INFO neutron.wsgi [None req-5d065689-4085-4aa9-acf3-3bc245d7b3db 86dbd39afe6f4befaef6e3eec4e2bbc3 c757d673063040e38fb0200ec9626db0 - - default default] 10.0.0.189 "GET /v2.0/extensions/security-groups-rules-belongs-to-default-sg HTTP/1.1" status: 200 len: 508 time: 0.0042510
2026-05-09 22:49:28.904 10 INFO neutron.wsgi [None req-5a2a69a9-0df4-41c6-8e81-b309829e37d6 86dbd39afe6f4befaef6e3eec4e2bbc3 c757d673063040e38fb0200ec9626db0 - - default default] 10.0.0.189 "GET /v2.0/extensions/security-groups-shared-filtering HTTP/1.1" status: 200 len: 435 time: 0.0039005
2026-05-09 22:49:28.910 10 INFO neutron.wsgi [None req-c3299903-fa6e-4ade-b902-7470d8fc30d4 86dbd39afe6f4befaef6e3eec4e2bbc3 c757d673063040e38fb0200ec9626db0 - - default default] 10.0.0.189 "GET /v2.0/extensions/security-group HTTP/1.1" status: 200 len: 364 time: 0.0039675
2026-05-09 22:49:28.918 10 INFO neutron.wsgi [None req-11866207-a09e-4af8-93fa-fbf7d4ce7043 86dbd39afe6f4befaef6e3eec4e2bbc3 c757d673063040e38fb0200ec9626db0 - - default default] 10.0.0.189 "GET /v2.0/extensions/segment HTTP/1.1" status: 200 len: 339 time: 0.0039449
2026-05-09 22:49:28.926 10 INFO neutron.wsgi [None req-50ebbb1c-12bb-4f0a-bf51-d207cb078e97 86dbd39afe6f4befaef6e3eec4e2bbc3 c757d673063040e38fb0200ec9626db0 - - default default] 10.0.0.189 "GET /v2.0/extensions/segments-peer-subnet-host-routes HTTP/1.1" status: 200 len: 427 time: 0.0046577
2026-05-09 22:49:28.934 10 INFO neutron.wsgi [None req-b8eaf468-ee50-46a5-bafe-a02a0abe88f5 86dbd39afe6f4befaef6e3eec4e2bbc3 c757d673063040e38fb0200ec9626db0 - - default default] 10.0.0.189 "GET /v2.0/extensions/service-type HTTP/1.1" status: 200 len: 415 time: 0.0039380
2026-05-09 22:49:28.940 10 INFO neutron.wsgi [None req-86ec2684-96ca-4a4b-a1ac-9373762a1b65 86dbd39afe6f4befaef6e3eec4e2bbc3 c757d673063040e38fb0200ec9626db0 - - default default] 10.0.0.189 "GET /v2.0/extensions/sorting HTTP/1.1" status: 200 len: 377 time: 0.0040698
2026-05-09 22:49:28.943 9 INFO neutron.wsgi [req-d74300a5-5401-4d3a-b4bd-32c183790e75 req-f4885aa4-7b46-4cce-b048-5d93126a6bd1 8fb33313bbf1451f8de96fe7fd6e05be ed0e085260f846ce9aadfbe0db79c776 - - 7658d3de922047b7a4564ef14e590b8b 7658d3de922047b7a4564ef14e590b8b] 199.204.45.19 "GET /v2.0/ports?tenant_id=7a609977db4b413da0138df92f1c7ccb&device_id=cdfef2ba-5de6-4dec-86c9-8d4493ee1744 HTTP/1.1" status: 200 len: 1409 time: 0.0464683
2026-05-09 22:49:28.948 10 INFO neutron.wsgi [None req-1be84e1d-ddfc-4ad1-9f81-b0f627b13af3 86dbd39afe6f4befaef6e3eec4e2bbc3 c757d673063040e38fb0200ec9626db0 - - default default] 10.0.0.189 "GET /v2.0/extensions/standard-attr-segment HTTP/1.1" status: 200 len: 406 time: 0.0040982
2026-05-09 22:49:28.956 10 INFO neutron.wsgi [None req-adcf8a6b-788c-4e88-966c-4ab58855cb1b 86dbd39afe6f4befaef6e3eec4e2bbc3 c757d673063040e38fb0200ec9626db0 - - default default] 10.0.0.189 "GET /v2.0/extensions/standard-attr-description HTTP/1.1" status: 200 len: 408 time: 0.0058229
2026-05-09 22:49:28.963 10 INFO neutron.wsgi [None req-6882a3e7-8f91-4059-9fff-75d2862d3c65 86dbd39afe6f4befaef6e3eec4e2bbc3 c757d673063040e38fb0200ec9626db0 - - default default] 10.0.0.189 "GET /v2.0/extensions/stateful-security-group HTTP/1.1" status: 200 len: 402 time: 0.0028327
2026-05-09 22:49:28.972 10 INFO neutron.wsgi [None req-2e384a93-feaf-458b-9641-672f40beb7db 86dbd39afe6f4befaef6e3eec4e2bbc3 c757d673063040e38fb0200ec9626db0 - - default default] 10.0.0.189 "GET /v2.0/extensions/subnet-dns-publish-fixed-ip HTTP/1.1" status: 200 len: 421 time: 0.0058789
2026-05-09 22:49:28.979 10 INFO neutron.wsgi [None req-fef3c8b8-3d0a-4e29-8629-a5de797a3e81 86dbd39afe6f4befaef6e3eec4e2bbc3 c757d673063040e38fb0200ec9626db0 - - default default] 10.0.0.189 "GET /v2.0/extensions/subnet-segmentid-writable HTTP/1.1" status: 200 len: 421 time: 0.0040059
2026-05-09 22:49:28.987 10 INFO neutron.wsgi [None req-37cff5ee-a1a1-480d-8ccb-cdfcb1342266 86dbd39afe6f4befaef6e3eec4e2bbc3 c757d673063040e38fb0200ec9626db0 - - default default] 10.0.0.189 "GET /v2.0/extensions/subnet-service-types HTTP/1.1" status: 200 len: 400 time: 0.0040796
2026-05-09 22:49:28.995 10 INFO neutron.wsgi [None req-96063515-8420-487a-b7b1-e1c0b11540a5 86dbd39afe6f4befaef6e3eec4e2bbc3 c757d673063040e38fb0200ec9626db0 - - default default] 10.0.0.189 "GET /v2.0/extensions/subnet_allocation HTTP/1.1" status: 200 len: 388 time: 0.0039465
2026-05-09 22:49:29.002 10 INFO neutron.wsgi [None req-4e49c5c7-3bc2-4d66-9772-3cbff607e5a2 86dbd39afe6f4befaef6e3eec4e2bbc3 c757d673063040e38fb0200ec9626db0 - - default default] 10.0.0.189 "GET /v2.0/extensions/subnetpool-prefix-ops HTTP/1.1" status: 200 len: 418 time: 0.0040228
2026-05-09 22:49:29.009 10 INFO neutron.wsgi [None req-d275c134-20eb-43c3-8026-8bf998172069 86dbd39afe6f4befaef6e3eec4e2bbc3 c757d673063040e38fb0200ec9626db0 - - default default] 10.0.0.189 "GET /v2.0/extensions/standard-attr-tag HTTP/1.1" status: 200 len: 537 time: 0.0039575
2026-05-09 22:49:29.014 9 INFO neutron.wsgi [req-909ebcf5-e055-47ec-b547-40b31b795aa1 req-b3f89c82-fbca-410e-b2dc-4a5d6c005bda a39dd147892545d483545c4767b570da 7a609977db4b413da0138df92f1c7ccb - - default default] 10.0.0.184 "GET /v2.0/ports?device_id=cdfef2ba-5de6-4dec-86c9-8d4493ee1744 HTTP/1.1" status: 200 len: 1170 time: 0.1415310
2026-05-09 22:49:29.016 10 INFO neutron.wsgi [None req-2be0fafa-bc05-4b61-a63c-2faad985ca8c 86dbd39afe6f4befaef6e3eec4e2bbc3 c757d673063040e38fb0200ec9626db0 - - default default] 10.0.0.189 "GET /v2.0/extensions/standard-attr-timestamp HTTP/1.1" status: 200 len: 449 time: 0.0041456
2026-05-09 22:49:29.023 10 INFO neutron.wsgi [None req-d7bb82d2-6d19-4b8b-9674-73e37867ce76 86dbd39afe6f4befaef6e3eec4e2bbc3 c757d673063040e38fb0200ec9626db0 - - default default] 10.0.0.189 "GET /v2.0/extensions/trunk HTTP/1.1" status: 200 len: 358 time: 0.0040565
2026-05-09 22:49:29.031 10 INFO neutron.wsgi [None req-a6556a32-8c4d-426e-8112-5e4767b0e80e 86dbd39afe6f4befaef6e3eec4e2bbc3 c757d673063040e38fb0200ec9626db0 - - default default] 10.0.0.189 "GET /v2.0/extensions/trunk-details HTTP/1.1" status: 200 len: 362 time: 0.0040791
2026-05-09 22:49:29.033 9 INFO neutron.wsgi [req-d74300a5-5401-4d3a-b4bd-32c183790e75 req-835f0549-2969-42f1-8a10-56e92f837049 8fb33313bbf1451f8de96fe7fd6e05be ed0e085260f846ce9aadfbe0db79c776 - - 7658d3de922047b7a4564ef14e590b8b 7658d3de922047b7a4564ef14e590b8b] 199.204.45.19 "GET /v2.0/networks?id=d22e1eb5-7918-4959-b28e-b4e5fbc5a378 HTTP/1.1" status: 200 len: 980 time: 0.0754442
2026-05-09 22:49:29.039 9 INFO neutron.wsgi [None req-41c187ea-ba6e-432d-89bd-66dbfba41f08 86dbd39afe6f4befaef6e3eec4e2bbc3 c757d673063040e38fb0200ec9626db0 - - default default] 10.0.0.189 "GET /v2.0/extensions/vpn-agent-scheduler HTTP/1.1" status: 200 len: 393 time: 0.0050607
2026-05-09 22:49:29.046 9 INFO neutron.wsgi [None req-1d8100b4-1485-430f-b47a-8beb1c7cd030 86dbd39afe6f4befaef6e3eec4e2bbc3 c757d673063040e38fb0200ec9626db0 - - default default] 10.0.0.189 "GET /v2.0/extensions/vpn-endpoint-groups HTTP/1.1" status: 200 len: 371 time: 0.0028486
2026-05-09 22:49:29.055 10 INFO neutron.wsgi [None req-525c3e99-d723-465b-8f4e-ebb8f086edd6 86dbd39afe6f4befaef6e3eec4e2bbc3 c757d673063040e38fb0200ec9626db0 - - default default] 10.0.0.189 "GET /v2.0/extensions/vpn-flavors HTTP/1.1" status: 200 len: 376 time: 0.0055928
2026-05-09 22:49:29.070 10 INFO neutron.wsgi [None req-971fc8b5-0388-45ff-a044-c4975b798c32 86dbd39afe6f4befaef6e3eec4e2bbc3 c757d673063040e38fb0200ec9626db0 - - default default] 10.0.0.189 "GET /v2.0/extensions/vpnaas HTTP/1.1" status: 200 len: 348 time: 0.0046229
2026-05-09 22:49:29.110 9 INFO neutron.wsgi [req-909ebcf5-e055-47ec-b547-40b31b795aa1 req-c0137463-1a70-4f54-9430-8443b61ce222 a39dd147892545d483545c4767b570da 7a609977db4b413da0138df92f1c7ccb - - default default] 10.0.0.184 "GET /v2.0/security-groups?id=d0b971d0-c4c4-4125-8b9f-7d410b2828aa&fields=id&fields=name HTTP/1.1" status: 200 len: 313 time: 0.0876470
2026-05-09 22:49:29.115 9 INFO neutron.wsgi [req-d74300a5-5401-4d3a-b4bd-32c183790e75 req-69a67372-aa34-488b-8d51-dab41ce60c59 8fb33313bbf1451f8de96fe7fd6e05be ed0e085260f846ce9aadfbe0db79c776 - - 7658d3de922047b7a4564ef14e590b8b 7658d3de922047b7a4564ef14e590b8b] 199.204.45.19 "GET /v2.0/floatingips?fixed_ip_address=10.100.0.7&port_id=13995064-1bfd-489e-b791-6e8df03e6e07 HTTP/1.1" status: 200 len: 1059 time: 0.0741618
2026-05-09 22:49:29.153 9 INFO neutron.wsgi [req-d74300a5-5401-4d3a-b4bd-32c183790e75 req-d67e6474-c6ea-4a8d-a72f-23539e0776e7 8fb33313bbf1451f8de96fe7fd6e05be ed0e085260f846ce9aadfbe0db79c776 - - 7658d3de922047b7a4564ef14e590b8b 7658d3de922047b7a4564ef14e590b8b] 199.204.45.19 "GET /v2.0/subnets?id=0e3b0799-b5d0-4264-a3c4-9804c0e666b5 HTTP/1.1" status: 200 len: 876 time: 0.0295010
2026-05-09 22:49:29.180 9 INFO neutron.wsgi [req-d74300a5-5401-4d3a-b4bd-32c183790e75 req-1901afb8-b730-4b2c-a9a0-d1aa409b42e7 8fb33313bbf1451f8de96fe7fd6e05be ed0e085260f846ce9aadfbe0db79c776 - - 7658d3de922047b7a4564ef14e590b8b 7658d3de922047b7a4564ef14e590b8b] 199.204.45.19 "GET /v2.0/ports?network_id=d22e1eb5-7918-4959-b28e-b4e5fbc5a378&device_owner=network%3Adhcp HTTP/1.1" status: 200 len: 210 time: 0.0216675
2026-05-09 22:49:29.242 9 INFO neutron.wsgi [req-d74300a5-5401-4d3a-b4bd-32c183790e75 req-d22c01cd-8406-49f5-98d0-3bebbf02858c 8fb33313bbf1451f8de96fe7fd6e05be ed0e085260f846ce9aadfbe0db79c776 - - 7658d3de922047b7a4564ef14e590b8b 7658d3de922047b7a4564ef14e590b8b] 199.204.45.19 "GET /v2.0/networks/d22e1eb5-7918-4959-b28e-b4e5fbc5a378?fields=segments HTTP/1.1" status: 200 len: 212 time: 0.0560443
2026-05-09 22:49:29.326 9 INFO neutron.wsgi [req-d74300a5-5401-4d3a-b4bd-32c183790e75 req-5a468706-2994-4df3-9291-78f5243ae0f7 8fb33313bbf1451f8de96fe7fd6e05be ed0e085260f846ce9aadfbe0db79c776 - - 7658d3de922047b7a4564ef14e590b8b 7658d3de922047b7a4564ef14e590b8b] 199.204.45.19 "GET /v2.0/networks/d22e1eb5-7918-4959-b28e-b4e5fbc5a378?fields=provider%3Aphysical_network&fields=provider%3Anetwork_type HTTP/1.1" status: 200 len: 277 time: 0.0758841
2026-05-09 22:49:29.340 10 INFO neutron.wsgi [req-4ea49c9d-0a6d-488f-960a-c551a6b69359 req-9fee72e4-36f8-4b83-8eca-866c0e2c343f 0cd400afc4834828a1133cbde7aaece7 1f164b24c4584e899302141c4aece720 - - default default] 10.0.0.184 "GET /v2.0/ports?device_id=973a4fb4-c1a5-4c89-b5c1-6954c8ccf0c7 HTTP/1.1" status: 200 len: 1172 time: 0.0446606
2026-05-09 22:49:29.382 10 INFO neutron.wsgi [req-4ea49c9d-0a6d-488f-960a-c551a6b69359 req-633758dd-466d-41ca-b2f7-668fd867b76f 0cd400afc4834828a1133cbde7aaece7 1f164b24c4584e899302141c4aece720 - - default default] 10.0.0.184 "GET /v2.0/security-groups?id=90afd960-b86d-4e12-816d-cc0d55c2cdbe&fields=id&fields=name HTTP/1.1" status: 200 len: 312 time: 0.0349817
2026-05-09 22:49:29.656 9 INFO neutron.wsgi [req-90054c70-ddad-4f22-9885-1549eb854a19 req-dd6b1a50-4411-49c1-a0aa-10d89c8918e5 bbac0c59a4454e56a8bc265ef57349d6 e56659014adb49c38400afc99bac59c6 - - default default] 10.0.0.184 "GET /v2.0/ports?device_id=6c05275c-7adb-409e-b802-dc82117b1b8e HTTP/1.1" status: 200 len: 1172 time: 0.0442073
2026-05-09 22:49:29.708 9 INFO neutron.wsgi [req-90054c70-ddad-4f22-9885-1549eb854a19 req-3ffc2e17-66a6-412a-ab7e-80ea644ef759 bbac0c59a4454e56a8bc265ef57349d6 e56659014adb49c38400afc99bac59c6 - - default default] 10.0.0.184 "GET /v2.0/security-groups?id=d650e5c2-118a-4a08-b35f-900a1dc2002d&fields=id&fields=name HTTP/1.1" status: 200 len: 312 time: 0.0450492
2026-05-09 22:49:29.792 9 INFO neutron.db.ovn_revision_numbers_db [None req-d2e86df0-ec99-47f3-be71-7504a6e93c5d e63ab23ec7d6481db4b758a6d2e5ffd9 3aee92eba8c04df6ba82301477145736 - - default default] Successfully bumped revision number for resource f148909e-6b8d-489d-82b3-1d4fe56935c9 (type: security_groups) to 1
2026-05-09 22:49:29.804 9 INFO neutron.db.ovn_revision_numbers_db [None req-d2e86df0-ec99-47f3-be71-7504a6e93c5d e63ab23ec7d6481db4b758a6d2e5ffd9 3aee92eba8c04df6ba82301477145736 - - default default] Successfully bumped revision number for resource 16054893-7228-4f4b-a427-ebb919bc2b6e (type: security_group_rules) to 0
