2026-05-09 22:51:21.923 9 INFO neutron.db.securitygroups_db [None req-9794d8eb-74bc-49ca-b1cf-48dd8d731503 b93e383ba7d54448be6227fdfa39add7 a6dc2418cecc43de95fe2738f331371a - - default default] Project a6dc2418cecc43de95fe2738f331371a added a security group rule with legacy IPv6 ICMP protocol name icmp, ipv6-icmp should be used instead. It was automatically converted.
2026-05-09 22:51:22.040 9 INFO neutron.db.ovn_revision_numbers_db [None req-9794d8eb-74bc-49ca-b1cf-48dd8d731503 b93e383ba7d54448be6227fdfa39add7 a6dc2418cecc43de95fe2738f331371a - - default default] Successfully bumped revision number for resource 4d86041a-3731-4c20-88da-ba33850116fd (type: security_group_rules) to 0
2026-05-09 22:51:22.075 9 INFO neutron.wsgi [None req-9794d8eb-74bc-49ca-b1cf-48dd8d731503 b93e383ba7d54448be6227fdfa39add7 a6dc2418cecc43de95fe2738f331371a - - default default] 10.0.0.189 "POST /v2.0/security-group-rules HTTP/1.1" status: 201 len: 806 time: 0.2032609
2026-05-09 22:51:22.087 9 WARNING neutron_lib.context [None req-6089f721-dd7f-43e0-af7f-625ff130c6f1 b93e383ba7d54448be6227fdfa39add7 a6dc2418cecc43de95fe2738f331371a - - default default] Method 'is_advsvc' is deprecated since 2023.2 release (neutron-lib 3.8.0) and will be removed once support for the old RBAC API policies will be removed from Neutron. Please use method 'is_service_role' instead.
2026-05-09 22:51:22.127 9 INFO neutron.db.securitygroups_db [None req-6089f721-dd7f-43e0-af7f-625ff130c6f1 b93e383ba7d54448be6227fdfa39add7 a6dc2418cecc43de95fe2738f331371a - - default default] Project a6dc2418cecc43de95fe2738f331371a added a security group rule with legacy IPv6 ICMP protocol name icmp, ipv6-icmp should be used instead. It was automatically converted.
2026-05-09 22:51:22.250 9 INFO neutron.db.ovn_revision_numbers_db [None req-6089f721-dd7f-43e0-af7f-625ff130c6f1 b93e383ba7d54448be6227fdfa39add7 a6dc2418cecc43de95fe2738f331371a - - default default] Successfully bumped revision number for resource d3553741-6efb-49bb-a0d0-61cf5ecca8f3 (type: security_group_rules) to 0
2026-05-09 22:51:22.277 9 INFO neutron.wsgi [None req-6089f721-dd7f-43e0-af7f-625ff130c6f1 b93e383ba7d54448be6227fdfa39add7 a6dc2418cecc43de95fe2738f331371a - - default default] 10.0.0.189 "POST /v2.0/security-group-rules HTTP/1.1" status: 201 len: 805 time: 0.1958938
2026-05-09 22:51:22.688 9 WARNING neutron_lib.context [None req-371d8c84-e369-446d-8e35-dfa29b8c4c57 b93e383ba7d54448be6227fdfa39add7 a6dc2418cecc43de95fe2738f331371a - - default default] Method 'is_advsvc' is deprecated since 2023.2 release (neutron-lib 3.8.0) and will be removed once support for the old RBAC API policies will be removed from Neutron. Please use method 'is_service_role' instead.
2026-05-09 22:51:22.877 9 INFO neutron.db.ovn_revision_numbers_db [None req-371d8c84-e369-446d-8e35-dfa29b8c4c57 b93e383ba7d54448be6227fdfa39add7 a6dc2418cecc43de95fe2738f331371a - - default default] Successfully bumped revision number for resource be6b45f1-7089-4176-bfd3-6c244ec19692 (type: security_groups) to 1
2026-05-09 22:51:22.892 9 INFO neutron.db.ovn_revision_numbers_db [None req-371d8c84-e369-446d-8e35-dfa29b8c4c57 b93e383ba7d54448be6227fdfa39add7 a6dc2418cecc43de95fe2738f331371a - - default default] Successfully bumped revision number for resource 79693c0d-8705-42f6-b4e5-8ff74c5a88b4 (type: security_group_rules) to 0
2026-05-09 22:51:22.910 9 INFO neutron.db.ovn_revision_numbers_db [None req-371d8c84-e369-446d-8e35-dfa29b8c4c57 b93e383ba7d54448be6227fdfa39add7 a6dc2418cecc43de95fe2738f331371a - - default default] Successfully bumped revision number for resource 9ea1191f-09f2-450b-9fc1-5ccbb15379c0 (type: security_group_rules) to 0
2026-05-09 22:51:22.933 9 INFO neutron.wsgi [None req-371d8c84-e369-446d-8e35-dfa29b8c4c57 b93e383ba7d54448be6227fdfa39add7 a6dc2418cecc43de95fe2738f331371a - - default default] 10.0.0.189 "POST /v2.0/security-groups HTTP/1.1" status: 201 len: 1859 time: 0.2556183
2026-05-09 22:51:22.945 10 WARNING neutron_lib.context [None req-7a398e7a-10da-4cff-bb5b-b8df1c70addc b93e383ba7d54448be6227fdfa39add7 a6dc2418cecc43de95fe2738f331371a - - default default] Method 'is_advsvc' is deprecated since 2023.2 release (neutron-lib 3.8.0) and will be removed once support for the old RBAC API policies will be removed from Neutron. Please use method 'is_service_role' instead.
2026-05-09 22:51:23.095 10 INFO neutron.db.ovn_revision_numbers_db [None req-7a398e7a-10da-4cff-bb5b-b8df1c70addc b93e383ba7d54448be6227fdfa39add7 a6dc2418cecc43de95fe2738f331371a - - default default] Successfully bumped revision number for resource 92408f4b-4fa4-45c4-bf89-4929d03fcc97 (type: security_group_rules) to 0
2026-05-09 22:51:23.125 10 INFO neutron.wsgi [None req-7a398e7a-10da-4cff-bb5b-b8df1c70addc b93e383ba7d54448be6227fdfa39add7 a6dc2418cecc43de95fe2738f331371a - - default default] 10.0.0.189 "POST /v2.0/security-group-rules HTTP/1.1" status: 201 len: 796 time: 0.1859467
2026-05-09 22:51:23.135 10 WARNING neutron_lib.context [None req-5594370d-dd54-4db0-b64e-7fb44044803d b93e383ba7d54448be6227fdfa39add7 a6dc2418cecc43de95fe2738f331371a - - default default] Method 'is_advsvc' is deprecated since 2023.2 release (neutron-lib 3.8.0) and will be removed once support for the old RBAC API policies will be removed from Neutron. Please use method 'is_service_role' instead.
2026-05-09 22:51:23.287 10 INFO neutron.db.ovn_revision_numbers_db [None req-5594370d-dd54-4db0-b64e-7fb44044803d b93e383ba7d54448be6227fdfa39add7 a6dc2418cecc43de95fe2738f331371a - - default default] Successfully bumped revision number for resource 69d05852-3700-42b2-b59c-f3a0a1deb8e2 (type: security_group_rules) to 0
2026-05-09 22:51:23.315 10 INFO neutron.wsgi [None req-5594370d-dd54-4db0-b64e-7fb44044803d b93e383ba7d54448be6227fdfa39add7 a6dc2418cecc43de95fe2738f331371a - - default default] 10.0.0.189 "POST /v2.0/security-group-rules HTTP/1.1" status: 201 len: 801 time: 0.1850646
2026-05-09 22:51:23.326 10 WARNING neutron_lib.context [None req-14f0a9a3-9b23-45c6-a547-a10cc9664da0 b93e383ba7d54448be6227fdfa39add7 a6dc2418cecc43de95fe2738f331371a - - default default] Method 'is_advsvc' is deprecated since 2023.2 release (neutron-lib 3.8.0) and will be removed once support for the old RBAC API policies will be removed from Neutron. Please use method 'is_service_role' instead.
2026-05-09 22:51:23.600 10 WARNING neutron.scheduler.dhcp_agent_scheduler [None req-14f0a9a3-9b23-45c6-a547-a10cc9664da0 b93e383ba7d54448be6227fdfa39add7 a6dc2418cecc43de95fe2738f331371a - - default default] No more DHCP agents
2026-05-09 22:51:23.603 10 WARNING neutron.api.rpc.agentnotifiers.dhcp_rpc_agent_api [None req-14f0a9a3-9b23-45c6-a547-a10cc9664da0 b93e383ba7d54448be6227fdfa39add7 a6dc2418cecc43de95fe2738f331371a - - default default] Unable to schedule network 734f4df4-bc0a-4a83-8243-ef350525367b: no agents available; will retry on subsequent port and subnet creation events.
2026-05-09 22:51:24.112 9 WARNING neutron_lib.context [None req-f86e66e6-4f87-41a4-82ef-a5e2fd582d88 103eff7d4b0548258257ecd547ff0e76 5675c3e2ee2c4696ac23b2b25b23f6e2 - - default default] Method 'is_advsvc' is deprecated since 2023.2 release (neutron-lib 3.8.0) and will be removed once support for the old RBAC API policies will be removed from Neutron. Please use method 'is_service_role' instead.
2026-05-09 22:51:24.131 9 INFO neutron.db.ovn_revision_numbers_db [None req-58d2de08-8566-4f4e-ad13-66d409f346df e63ab23ec7d6481db4b758a6d2e5ffd9 3aee92eba8c04df6ba82301477145736 - - default default] Successfully bumped revision number for resource 3bf58d96-45c5-41cd-9150-30ea848b9de2 (type: security_groups) to 1
2026-05-09 22:51:24.143 10 INFO neutron.wsgi [None req-14f0a9a3-9b23-45c6-a547-a10cc9664da0 b93e383ba7d54448be6227fdfa39add7 a6dc2418cecc43de95fe2738f331371a - - default default] 10.0.0.189 "POST /v2.0/floatingips HTTP/1.1" status: 201 len: 751 time: 0.8218970
2026-05-09 22:51:24.160 9 INFO neutron.wsgi [-] 10.0.0.120 "GET / HTTP/1.1" status: 200 len: 247 time: 0.0015895
2026-05-09 22:51:24.162 10 INFO neutron.wsgi [-] 10.0.0.120 "GET / HTTP/1.1" status: 200 len: 247 time: 0.0024590
2026-05-09 22:51:24.163 9 INFO neutron.db.ovn_revision_numbers_db [None req-58d2de08-8566-4f4e-ad13-66d409f346df e63ab23ec7d6481db4b758a6d2e5ffd9 3aee92eba8c04df6ba82301477145736 - - default default] Successfully bumped revision number for resource 78b4f4d0-623b-4953-a37f-1c27df437f86 (type: security_group_rules) to 0
2026-05-09 22:51:24.185 9 INFO neutron.db.ovn_revision_numbers_db [None req-58d2de08-8566-4f4e-ad13-66d409f346df e63ab23ec7d6481db4b758a6d2e5ffd9 3aee92eba8c04df6ba82301477145736 - - default default] Successfully bumped revision number for resource 79aa3501-8a73-4370-a350-514af9952599 (type: security_group_rules) to 0
2026-05-09 22:51:24.212 9 INFO neutron.db.ovn_revision_numbers_db [None req-58d2de08-8566-4f4e-ad13-66d409f346df e63ab23ec7d6481db4b758a6d2e5ffd9 3aee92eba8c04df6ba82301477145736 - - default default] Successfully bumped revision number for resource 81463e2a-b4e2-4cbd-8768-0033b5b83027 (type: security_group_rules) to 0
2026-05-09 22:51:24.233 9 INFO neutron.db.ovn_revision_numbers_db [None req-58d2de08-8566-4f4e-ad13-66d409f346df e63ab23ec7d6481db4b758a6d2e5ffd9 3aee92eba8c04df6ba82301477145736 - - default default] Successfully bumped revision number for resource fe2df68e-985c-4bd5-b8ec-1c619e711a25 (type: security_group_rules) to 0
2026-05-09 22:51:24.260 9 INFO neutron.wsgi [None req-58d2de08-8566-4f4e-ad13-66d409f346df e63ab23ec7d6481db4b758a6d2e5ffd9 3aee92eba8c04df6ba82301477145736 - - default default] 10.0.0.189 "GET /v2.0/security-groups?tenant_id=8c02fa2ed0e84f43b214d3f879387c2c&name=default HTTP/1.1" status: 200 len: 3120 time: 0.4401267
2026-05-09 22:51:24.287 10 INFO neutron.wsgi [req-c083faa8-367d-42dd-abd9-03355a7649aa req-cd929f18-5b47-493f-8943-33c377786994 b93e383ba7d54448be6227fdfa39add7 a6dc2418cecc43de95fe2738f331371a - - default default] 10.0.0.184 "GET /v2.0/security-groups?name=tempest-secgroup-smoke-148496848&fields=id&tenant_id=a6dc2418cecc43de95fe2738f331371a HTTP/1.1" status: 200 len: 267 time: 0.0456705
2026-05-09 22:51:24.330 10 INFO neutron.wsgi [req-c083faa8-367d-42dd-abd9-03355a7649aa req-26546af5-8dd9-4e48-bdc2-e80c399ea489 b93e383ba7d54448be6227fdfa39add7 a6dc2418cecc43de95fe2738f331371a - - default default] 10.0.0.184 "GET /v2.0/security-groups?name=tempest-securitygroup--730778607&fields=id&tenant_id=a6dc2418cecc43de95fe2738f331371a HTTP/1.1" status: 200 len: 267 time: 0.0375018
2026-05-09 22:51:24.399 10 INFO neutron.wsgi [req-c083faa8-367d-42dd-abd9-03355a7649aa req-5380b6f4-b41a-4390-9f5f-3d3c956a41d4 b93e383ba7d54448be6227fdfa39add7 a6dc2418cecc43de95fe2738f331371a - - default default] 10.0.0.184 "GET /v2.0/networks?id=7baea364-d35e-4f8a-906a-cfaa74ca8a0b HTTP/1.1" status: 200 len: 872 time: 0.0598092
2026-05-09 22:51:24.412 10 INFO neutron.wsgi [req-c083faa8-367d-42dd-abd9-03355a7649aa req-0234bcd4-7a0b-4e8b-9248-35ca83f985fa b93e383ba7d54448be6227fdfa39add7 a6dc2418cecc43de95fe2738f331371a - - default default] 10.0.0.184 "GET /v2.0/quotas/a6dc2418cecc43de95fe2738f331371a HTTP/1.1" status: 200 len: 491 time: 0.0083854
2026-05-09 22:51:24.427 9 WARNING neutron.scheduler.dhcp_agent_scheduler [None req-f86e66e6-4f87-41a4-82ef-a5e2fd582d88 103eff7d4b0548258257ecd547ff0e76 5675c3e2ee2c4696ac23b2b25b23f6e2 - - default default] No more DHCP agents
2026-05-09 22:51:24.432 9 WARNING neutron.api.rpc.agentnotifiers.dhcp_rpc_agent_api [None req-f86e66e6-4f87-41a4-82ef-a5e2fd582d88 103eff7d4b0548258257ecd547ff0e76 5675c3e2ee2c4696ac23b2b25b23f6e2 - - default default] Unable to schedule network 734f4df4-bc0a-4a83-8243-ef350525367b: no agents available; will retry on subsequent port and subnet creation events.
2026-05-09 22:51:24.514 10 INFO neutron.wsgi [req-c083faa8-367d-42dd-abd9-03355a7649aa req-d33853f7-f51e-434c-8470-3f7fdc47911b b93e383ba7d54448be6227fdfa39add7 a6dc2418cecc43de95fe2738f331371a - - default default] 10.0.0.184 "GET /v2.0/ports?tenant_id=a6dc2418cecc43de95fe2738f331371a&fields=id HTTP/1.1" status: 200 len: 302 time: 0.0985582
2026-05-09 22:51:24.549 9 INFO neutron.wsgi [None req-59a393e6-070f-431a-9397-b66bce9950bb e63ab23ec7d6481db4b758a6d2e5ffd9 3aee92eba8c04df6ba82301477145736 - - default default] 10.0.0.189 "DELETE /v2.0/security-groups/3bf58d96-45c5-41cd-9150-30ea848b9de2 HTTP/1.1" status: 204 len: 168 time: 0.2841644
2026-05-09 22:51:24.600 10 INFO neutron.wsgi [req-c083faa8-367d-42dd-abd9-03355a7649aa req-e34e5683-5467-476d-85ce-c7f1f175f97b 8fb33313bbf1451f8de96fe7fd6e05be ed0e085260f846ce9aadfbe0db79c776 - - 7658d3de922047b7a4564ef14e590b8b 7658d3de922047b7a4564ef14e590b8b] 10.0.0.184 "GET /v2.0/networks/7baea364-d35e-4f8a-906a-cfaa74ca8a0b?fields=segments HTTP/1.1" status: 200 len: 212 time: 0.0689187
2026-05-09 22:51:24.664 10 INFO neutron.wsgi [req-c083faa8-367d-42dd-abd9-03355a7649aa req-d8be8276-a993-42d0-a75c-9fcd6886b704 8fb33313bbf1451f8de96fe7fd6e05be ed0e085260f846ce9aadfbe0db79c776 - - 7658d3de922047b7a4564ef14e590b8b 7658d3de922047b7a4564ef14e590b8b] 10.0.0.184 "GET /v2.0/networks/7baea364-d35e-4f8a-906a-cfaa74ca8a0b?fields=provider%3Aphysical_network&fields=provider%3Anetwork_type HTTP/1.1" status: 200 len: 277 time: 0.0565124
2026-05-09 22:51:24.754 9 INFO neutron.wsgi [None req-f86e66e6-4f87-41a4-82ef-a5e2fd582d88 103eff7d4b0548258257ecd547ff0e76 5675c3e2ee2c4696ac23b2b25b23f6e2 - - default default] 10.0.0.189 "POST /v2.0/floatingips HTTP/1.1" status: 201 len: 751 time: 0.8632822
2026-05-09 22:51:24.820 9 INFO neutron.wsgi [req-ba96e08a-edf2-4631-8a12-c07555c63e2c req-a47c839e-f642-453c-b5af-c783ff1ad192 b93e383ba7d54448be6227fdfa39add7 a6dc2418cecc43de95fe2738f331371a - - default default] 10.0.0.184 "GET /v2.0/ports?device_id=e04a8cdb-a986-40f5-8578-fca8a76e633c HTTP/1.1" status: 200 len: 210 time: 0.0246515
2026-05-09 22:51:24.829 9 INFO neutron.wsgi [None req-b46cd843-d7b0-4a7c-9328-2daba367bebb 103eff7d4b0548258257ecd547ff0e76 5675c3e2ee2c4696ac23b2b25b23f6e2 - - default default] 10.0.0.189 "PUT /v2.0/floatingips/c92c0945-94ad-466d-9dfb-c1327b7e0086/tags HTTP/1.1" status: 200 len: 218 time: 0.0680270
2026-05-09 22:51:24.868 9 INFO neutron.wsgi [None req-7cfc6bfb-2bc7-4e95-b1b0-5e747a7ce2ea 103eff7d4b0548258257ecd547ff0e76 5675c3e2ee2c4696ac23b2b25b23f6e2 - - default default] 10.0.0.189 "GET /v2.0/floatingips/c92c0945-94ad-466d-9dfb-c1327b7e0086/tags HTTP/1.1" status: 200 len: 218 time: 0.0335917
2026-05-09 22:51:24.934 9 INFO neutron.wsgi [None req-e2b23879-2271-45bf-8071-5839005f4087 103eff7d4b0548258257ecd547ff0e76 5675c3e2ee2c4696ac23b2b25b23f6e2 - - default default] 10.0.0.189 "PUT /v2.0/floatingips/c92c0945-94ad-466d-9dfb-c1327b7e0086/tags/green HTTP/1.1" status: 201 len: 201 time: 0.0608077
2026-05-09 22:51:24.994 10 INFO neutron.wsgi [None req-9f442eb8-81b2-4399-8f46-91895056034e 103eff7d4b0548258257ecd547ff0e76 5675c3e2ee2c4696ac23b2b25b23f6e2 - - default default] 10.0.0.189 "GET /v2.0/floatingips/c92c0945-94ad-466d-9dfb-c1327b7e0086/tags HTTP/1.1" status: 200 len: 227 time: 0.0545168
2026-05-09 22:51:25.030 10 INFO neutron.wsgi [None req-a0c42123-de16-4d43-bd8d-05f1349a3de0 103eff7d4b0548258257ecd547ff0e76 5675c3e2ee2c4696ac23b2b25b23f6e2 - - default default] 10.0.0.189 "PUT /v2.0/floatingips/c92c0945-94ad-466d-9dfb-c1327b7e0086/tags/red HTTP/1.1" status: 201 len: 201 time: 0.0309894
2026-05-09 22:51:25.077 10 INFO neutron.wsgi [None req-ef40a1a3-ec3b-484e-ad79-24f4abfb2dc9 103eff7d4b0548258257ecd547ff0e76 5675c3e2ee2c4696ac23b2b25b23f6e2 - - default default] 10.0.0.189 "GET /v2.0/floatingips/c92c0945-94ad-466d-9dfb-c1327b7e0086/tags HTTP/1.1" status: 200 len: 227 time: 0.0421932
2026-05-09 22:51:25.126 10 INFO neutron.wsgi [None req-b835e146-119a-4b64-850c-7a2b435b1f90 103eff7d4b0548258257ecd547ff0e76 5675c3e2ee2c4696ac23b2b25b23f6e2 - - default default] 10.0.0.189 "PUT /v2.0/floatingips/c92c0945-94ad-466d-9dfb-c1327b7e0086/tags/black.or.white HTTP/1.1" status: 201 len: 201 time: 0.0449102
2026-05-09 22:51:25.169 9 WARNING neutron.plugins.ml2.drivers.ovn.mech_driver.ovsdb.ovn_client [None req-a8b18dd9-f8a7-4c0e-8c79-226990d16307 - - - - - -] No hosting information found for port 85e5c3c3-d756-435e-8c24-6f404338e928: RuntimeError: No hosting information found for port 85e5c3c3-d756-435e-8c24-6f404338e928
2026-05-09 22:51:25.171 10 INFO neutron.wsgi [None req-7b301a03-2b6f-4175-862a-53e8949a866a 103eff7d4b0548258257ecd547ff0e76 5675c3e2ee2c4696ac23b2b25b23f6e2 - - default default] 10.0.0.189 "GET /v2.0/floatingips/c92c0945-94ad-466d-9dfb-c1327b7e0086/tags HTTP/1.1" status: 200 len: 245 time: 0.0382364
2026-05-09 22:51:25.226 10 INFO neutron.wsgi [None req-9a44771f-e99d-4442-81bf-d8ece3ad71bf 103eff7d4b0548258257ecd547ff0e76 5675c3e2ee2c4696ac23b2b25b23f6e2 - - default default] 10.0.0.189 "PUT /v2.0/floatingips/c92c0945-94ad-466d-9dfb-c1327b7e0086/tags HTTP/1.1" status: 200 len: 230 time: 0.0512118
2026-05-09 22:51:25.268 10 INFO neutron.wsgi [None req-49c61350-5b06-43f6-824c-f132e9baa1c5 103eff7d4b0548258257ecd547ff0e76 5675c3e2ee2c4696ac23b2b25b23f6e2 - - default default] 10.0.0.189 "GET /v2.0/floatingips/c92c0945-94ad-466d-9dfb-c1327b7e0086/tags HTTP/1.1" status: 200 len: 230 time: 0.0355422
2026-05-09 22:51:25.331 10 INFO neutron.wsgi [None req-db28586c-b0ab-4fec-a8f0-74a0d9d9a677 103eff7d4b0548258257ecd547ff0e76 5675c3e2ee2c4696ac23b2b25b23f6e2 - - default default] 10.0.0.189 "GET /v2.0/floatingips/c92c0945-94ad-466d-9dfb-c1327b7e0086/tags/red HTTP/1.1" status: 204 len: 168 time: 0.0570738
2026-05-09 22:51:25.372 10 INFO neutron.api.v2.resource [None req-9b2c7b05-81da-4bb0-b373-faccec66d98f 103eff7d4b0548258257ecd547ff0e76 5675c3e2ee2c4696ac23b2b25b23f6e2 - - default default] show failed (client error): The resource could not be found.
2026-05-09 22:51:25.374 10 INFO neutron.wsgi [None req-9b2c7b05-81da-4bb0-b373-faccec66d98f 103eff7d4b0548258257ecd547ff0e76 5675c3e2ee2c4696ac23b2b25b23f6e2 - - default default] 10.0.0.189 "GET /v2.0/floatingips/c92c0945-94ad-466d-9dfb-c1327b7e0086/tags/green HTTP/1.1" status: 404 len: 299 time: 0.0377302
2026-05-09 22:51:25.445 10 INFO neutron.wsgi [None req-24b5e16f-cc24-4a20-a228-ccd37f574b54 103eff7d4b0548258257ecd547ff0e76 5675c3e2ee2c4696ac23b2b25b23f6e2 - - default default] 10.0.0.189 "DELETE /v2.0/floatingips/c92c0945-94ad-466d-9dfb-c1327b7e0086/tags/red HTTP/1.1" status: 204 len: 168 time: 0.0604315
2026-05-09 22:51:25.500 9 INFO neutron.wsgi [None req-cea87e3a-dbd1-419b-baac-211272b3c51d 103eff7d4b0548258257ecd547ff0e76 5675c3e2ee2c4696ac23b2b25b23f6e2 - - default default] 10.0.0.189 "GET /v2.0/floatingips/c92c0945-94ad-466d-9dfb-c1327b7e0086/tags HTTP/1.1" status: 200 len: 223 time: 0.0474877
2026-05-09 22:51:25.546 10 INFO neutron.api.v2.resource [None req-ca470174-2f0d-4c1c-a820-889c15ae63f1 103eff7d4b0548258257ecd547ff0e76 5675c3e2ee2c4696ac23b2b25b23f6e2 - - default default] delete failed (client error): The resource could not be found.
2026-05-09 22:51:25.548 10 INFO neutron.wsgi [None req-ca470174-2f0d-4c1c-a820-889c15ae63f1 103eff7d4b0548258257ecd547ff0e76 5675c3e2ee2c4696ac23b2b25b23f6e2 - - default default] 10.0.0.189 "DELETE /v2.0/floatingips/c92c0945-94ad-466d-9dfb-c1327b7e0086/tags/green HTTP/1.1" status: 404 len: 299 time: 0.0429871
2026-05-09 22:51:25.551 9 INFO neutron.wsgi [req-c083faa8-367d-42dd-abd9-03355a7649aa req-adb8c8f2-f350-4863-b700-e921c259cb9b b93e383ba7d54448be6227fdfa39add7 a6dc2418cecc43de95fe2738f331371a - - default default] 199.204.45.19 "GET /v2.0/networks?id=7baea364-d35e-4f8a-906a-cfaa74ca8a0b HTTP/1.1" status: 200 len: 872 time: 0.0693510
2026-05-09 22:51:25.615 9 INFO neutron.wsgi [req-c083faa8-367d-42dd-abd9-03355a7649aa req-b22cf6fa-8904-435b-a3a4-a67795f21cec b93e383ba7d54448be6227fdfa39add7 a6dc2418cecc43de95fe2738f331371a - - default default] 199.204.45.19 "GET /v2.0/security-groups?fields=id&fields=name&tenant_id=a6dc2418cecc43de95fe2738f331371a HTTP/1.1" status: 200 len: 471 time: 0.0561492
2026-05-09 22:51:25.617 9 INFO neutron.wsgi [None req-877379f7-731a-4f28-b0f2-b17581a3ee58 103eff7d4b0548258257ecd547ff0e76 5675c3e2ee2c4696ac23b2b25b23f6e2 - - default default] 10.0.0.189 "DELETE /v2.0/floatingips/c92c0945-94ad-466d-9dfb-c1327b7e0086/tags HTTP/1.1" status: 204 len: 168 time: 0.0641084
2026-05-09 22:51:25.624 9 WARNING neutron_lib.context [req-c083faa8-367d-42dd-abd9-03355a7649aa req-0e3f510c-d101-4aa7-a240-fac40bce3eaa b93e383ba7d54448be6227fdfa39add7 a6dc2418cecc43de95fe2738f331371a - - default default] Method 'is_advsvc' is deprecated since 2023.2 release (neutron-lib 3.8.0) and will be removed once support for the old RBAC API policies will be removed from Neutron. Please use method 'is_service_role' instead.
2026-05-09 22:51:25.661 10 INFO neutron.wsgi [None req-a9deee68-2273-4190-9c21-47a18e7f1d5d 103eff7d4b0548258257ecd547ff0e76 5675c3e2ee2c4696ac23b2b25b23f6e2 - - default default] 10.0.0.189 "GET /v2.0/floatingips/c92c0945-94ad-466d-9dfb-c1327b7e0086/tags HTTP/1.1" status: 200 len: 205 time: 0.0378129
2026-05-09 22:51:25.899 10 INFO neutron.wsgi [req-bbdc9b01-7a7b-44dd-b478-f8a765cb656b req-6b622195-dc8b-41b9-9ad1-47b702118c74 b93e383ba7d54448be6227fdfa39add7 a6dc2418cecc43de95fe2738f331371a - - default default] 10.0.0.184 "GET /v2.0/ports?device_id=e04a8cdb-a986-40f5-8578-fca8a76e633c HTTP/1.1" status: 200 len: 210 time: 0.0228176
2026-05-09 22:51:26.060 9 WARNING neutron.scheduler.dhcp_agent_scheduler [req-c083faa8-367d-42dd-abd9-03355a7649aa req-0e3f510c-d101-4aa7-a240-fac40bce3eaa b93e383ba7d54448be6227fdfa39add7 a6dc2418cecc43de95fe2738f331371a - - default default] No more DHCP agents
2026-05-09 22:51:26.064 9 WARNING neutron.api.rpc.agentnotifiers.dhcp_rpc_agent_api [req-c083faa8-367d-42dd-abd9-03355a7649aa req-0e3f510c-d101-4aa7-a240-fac40bce3eaa b93e383ba7d54448be6227fdfa39add7 a6dc2418cecc43de95fe2738f331371a - - default default] Unable to schedule network 7baea364-d35e-4f8a-906a-cfaa74ca8a0b: no agents available; will retry on subsequent port and subnet creation events.
2026-05-09 22:51:26.094 9 INFO neutron.wsgi [None req-ebc5b635-4021-4b56-a64f-79e7d8cdb08e 103eff7d4b0548258257ecd547ff0e76 5675c3e2ee2c4696ac23b2b25b23f6e2 - - default default] 10.0.0.189 "DELETE /v2.0/floatingips/c92c0945-94ad-466d-9dfb-c1327b7e0086 HTTP/1.1" status: 204 len: 168 time: 0.4280632
2026-05-09 22:51:26.215 9 INFO neutron.db.ovn_revision_numbers_db [req-c083faa8-367d-42dd-abd9-03355a7649aa req-0e3f510c-d101-4aa7-a240-fac40bce3eaa b93e383ba7d54448be6227fdfa39add7 a6dc2418cecc43de95fe2738f331371a - - default default] Successfully bumped revision number for resource 755422e5-6055-4ffd-b802-0da89b9d9335 (type: ports) to 1
2026-05-09 22:51:26.239 9 INFO neutron.wsgi [req-c083faa8-367d-42dd-abd9-03355a7649aa req-0e3f510c-d101-4aa7-a240-fac40bce3eaa b93e383ba7d54448be6227fdfa39add7 a6dc2418cecc43de95fe2738f331371a - - default default] 199.204.45.19 "POST /v2.0/ports HTTP/1.1" status: 201 len: 1201 time: 0.6196949 /var/lib/openstack/lib/python3.10/site-packages/pycadf/identifier.py:71: UserWarning: Invalid uuid: neutron. To ensure interoperability, identifiers should be a valid uuid. warnings.warn(('Invalid uuid: %s. To ensure interoperability, '
2026-05-09 22:51:26.496 9 INFO neutron.db.ovn_revision_numbers_db [None req-d54da340-1dfa-437d-b5b5-261bc47f57b6 e63ab23ec7d6481db4b758a6d2e5ffd9 3aee92eba8c04df6ba82301477145736 - - default default] Successfully bumped revision number for resource 4332fc25-811e-44b9-af69-d21a012ee7db (type: security_groups) to 1
2026-05-09 22:51:26.520 9 INFO neutron.db.ovn_revision_numbers_db [None req-d54da340-1dfa-437d-b5b5-261bc47f57b6 e63ab23ec7d6481db4b758a6d2e5ffd9 3aee92eba8c04df6ba82301477145736 - - default default] Successfully bumped revision number for resource 2c2920f7-0f27-45b1-af68-a8dc6514641f (type: security_group_rules) to 0
2026-05-09 22:51:26.546 9 INFO neutron.db.ovn_revision_numbers_db [None req-d54da340-1dfa-437d-b5b5-261bc47f57b6 e63ab23ec7d6481db4b758a6d2e5ffd9 3aee92eba8c04df6ba82301477145736 - - default default] Successfully bumped revision number for resource 700deb20-353f-40a3-b2cc-e85924214898 (type: security_group_rules) to 0
2026-05-09 22:51:26.561 9 INFO neutron.db.ovn_revision_numbers_db [None req-d54da340-1dfa-437d-b5b5-261bc47f57b6 e63ab23ec7d6481db4b758a6d2e5ffd9 3aee92eba8c04df6ba82301477145736 - - default default] Successfully bumped revision number for resource abf0ac7c-1cf5-4f47-80db-a13522f7c78f (type: security_group_rules) to 0
2026-05-09 22:51:26.582 9 INFO neutron.db.ovn_revision_numbers_db [None req-d54da340-1dfa-437d-b5b5-261bc47f57b6 e63ab23ec7d6481db4b758a6d2e5ffd9 3aee92eba8c04df6ba82301477145736 - - default default] Successfully bumped revision number for resource e4171e4b-9c5e-43e9-9d45-cfbbd4eec86d (type: security_group_rules) to 0
2026-05-09 22:51:26.612 9 INFO neutron.wsgi [None req-d54da340-1dfa-437d-b5b5-261bc47f57b6 e63ab23ec7d6481db4b758a6d2e5ffd9 3aee92eba8c04df6ba82301477145736 - - default default] 10.0.0.189 "GET /v2.0/security-groups?tenant_id=dfcd74868d2146a09789abbf0487ac3a&name=default HTTP/1.1" status: 200 len: 3120 time: 0.3661695
2026-05-09 22:51:26.693 9 INFO neutron.db.ovn_revision_numbers_db [req-c083faa8-367d-42dd-abd9-03355a7649aa req-9bea0366-f7e8-4f99-87f0-074e871996b2 8fb33313bbf1451f8de96fe7fd6e05be ed0e085260f846ce9aadfbe0db79c776 - - 7658d3de922047b7a4564ef14e590b8b 7658d3de922047b7a4564ef14e590b8b] Successfully bumped revision number for resource 755422e5-6055-4ffd-b802-0da89b9d9335 (type: ports) to 2
2026-05-09 22:51:26.886 10 INFO neutron.wsgi [None req-815a4efd-09f5-4801-82b9-01cdc301cb64 e63ab23ec7d6481db4b758a6d2e5ffd9 3aee92eba8c04df6ba82301477145736 - - default default] 10.0.0.189 "DELETE /v2.0/security-groups/4332fc25-811e-44b9-af69-d21a012ee7db HTTP/1.1" status: 204 len: 168 time: 0.2682245
2026-05-09 22:51:26.928 9 INFO neutron.db.ovn_revision_numbers_db [req-c083faa8-367d-42dd-abd9-03355a7649aa req-9bea0366-f7e8-4f99-87f0-074e871996b2 8fb33313bbf1451f8de96fe7fd6e05be ed0e085260f846ce9aadfbe0db79c776 - - 7658d3de922047b7a4564ef14e590b8b 7658d3de922047b7a4564ef14e590b8b] Successfully bumped revision number for resource 755422e5-6055-4ffd-b802-0da89b9d9335 (type: ports) to 2
2026-05-09 22:51:26.952 9 INFO neutron.wsgi [req-c083faa8-367d-42dd-abd9-03355a7649aa req-9bea0366-f7e8-4f99-87f0-074e871996b2 8fb33313bbf1451f8de96fe7fd6e05be ed0e085260f846ce9aadfbe0db79c776 - - 7658d3de922047b7a4564ef14e590b8b 7658d3de922047b7a4564ef14e590b8b] 199.204.45.19 "PUT /v2.0/ports/755422e5-6055-4ffd-b802-0da89b9d9335 HTTP/1.1" status: 200 len: 1419 time: 0.7002594 /var/lib/openstack/lib/python3.10/site-packages/pycadf/identifier.py:71: UserWarning: Invalid uuid: neutron. To ensure interoperability, identifiers should be a valid uuid. warnings.warn(('Invalid uuid: %s. To ensure interoperability, '
2026-05-09 22:51:27.007 9 INFO neutron.notifiers.nova [-] Nova event matching ['req-d906577a-07ad-40c0-b625-3940f1b29954'] response: {'name': 'network-changed', 'server_uuid': 'e04a8cdb-a986-40f5-8578-fca8a76e633c', 'tag': '755422e5-6055-4ffd-b802-0da89b9d9335', 'status': 'completed', 'code': 200}
2026-05-09 22:51:27.068 9 INFO neutron.wsgi [req-c083faa8-367d-42dd-abd9-03355a7649aa req-044ca1da-40b1-429f-bc6b-5beae1e5e911 8fb33313bbf1451f8de96fe7fd6e05be ed0e085260f846ce9aadfbe0db79c776 - - 7658d3de922047b7a4564ef14e590b8b 7658d3de922047b7a4564ef14e590b8b] 199.204.45.19 "GET /v2.0/ports?tenant_id=a6dc2418cecc43de95fe2738f331371a&device_id=e04a8cdb-a986-40f5-8578-fca8a76e633c HTTP/1.1" status: 200 len: 1450 time: 0.0693831
2026-05-09 22:51:27.100 9 INFO neutron.wsgi [req-c083faa8-367d-42dd-abd9-03355a7649aa req-b95d14d4-46f3-4357-bdb2-f69f533f5615 8fb33313bbf1451f8de96fe7fd6e05be ed0e085260f846ce9aadfbe0db79c776 - - 7658d3de922047b7a4564ef14e590b8b 7658d3de922047b7a4564ef14e590b8b] 199.204.45.19 "GET /v2.0/floatingips?fixed_ip_address=10.100.0.12&port_id=755422e5-6055-4ffd-b802-0da89b9d9335 HTTP/1.1" status: 200 len: 217 time: 0.0269456
2026-05-09 22:51:27.108 10 INFO neutron.db.ovn_revision_numbers_db [None req-1e6defe4-6785-491d-8d12-cb4da1a8d7a0 e63ab23ec7d6481db4b758a6d2e5ffd9 3aee92eba8c04df6ba82301477145736 - - default default] Successfully bumped revision number for resource 8f497a83-9f5d-47e6-9058-d72b2924ba31 (type: security_groups) to 1
2026-05-09 22:51:27.128 10 INFO neutron.db.ovn_revision_numbers_db [None req-1e6defe4-6785-491d-8d12-cb4da1a8d7a0 e63ab23ec7d6481db4b758a6d2e5ffd9 3aee92eba8c04df6ba82301477145736 - - default default] Successfully bumped revision number for resource 0f1f624b-809c-4959-9c56-2f6066b62a68 (type: security_group_rules) to 0
2026-05-09 22:51:27.151 10 INFO neutron.db.ovn_revision_numbers_db [None req-1e6defe4-6785-491d-8d12-cb4da1a8d7a0 e63ab23ec7d6481db4b758a6d2e5ffd9 3aee92eba8c04df6ba82301477145736 - - default default] Successfully bumped revision number for resource 21c7bd85-67f1-4db2-831f-be6136da43f7 (type: security_group_rules) to 0
2026-05-09 22:51:27.152 9 INFO neutron.wsgi [req-1d71309b-0fa2-4265-af91-81157d9e69cb req-93ffca14-3f96-4cc6-b2a3-4e7118f60e08 b93e383ba7d54448be6227fdfa39add7 a6dc2418cecc43de95fe2738f331371a - - default default] 10.0.0.184 "GET /v2.0/ports?device_id=e04a8cdb-a986-40f5-8578-fca8a76e633c HTTP/1.1" status: 200 len: 1212 time: 0.1768751
2026-05-09 22:51:27.156 9 INFO neutron.wsgi [req-c083faa8-367d-42dd-abd9-03355a7649aa req-e45f15f5-c55d-411b-9b3b-ff2895337223 8fb33313bbf1451f8de96fe7fd6e05be ed0e085260f846ce9aadfbe0db79c776 - - 7658d3de922047b7a4564ef14e590b8b 7658d3de922047b7a4564ef14e590b8b] 199.204.45.19 "GET /v2.0/subnets?id=1c89a555-b521-4ce5-b912-3cfe90cfdd90 HTTP/1.1" status: 200 len: 866 time: 0.0498111
2026-05-09 22:51:27.158 10 INFO neutron.db.ovn_revision_numbers_db [None req-4c3c7ea7-8dfb-4cb0-8b44-72f3cd3a5e17 e63ab23ec7d6481db4b758a6d2e5ffd9 3aee92eba8c04df6ba82301477145736 - - default default] Successfully bumped revision number for resource fbe348b1-6106-4293-9068-9f7d5d933026 (type: security_groups) to 1
2026-05-09 22:51:27.166 10 INFO neutron.db.ovn_revision_numbers_db [None req-1e6defe4-6785-491d-8d12-cb4da1a8d7a0 e63ab23ec7d6481db4b758a6d2e5ffd9 3aee92eba8c04df6ba82301477145736 - - default default] Successfully bumped revision number for resource 97a7fd07-c5a9-424b-abbc-a2fdad9b7033 (type: security_group_rules) to 0
2026-05-09 22:51:27.173 10 INFO neutron.db.ovn_revision_numbers_db [None req-4c3c7ea7-8dfb-4cb0-8b44-72f3cd3a5e17 e63ab23ec7d6481db4b758a6d2e5ffd9 3aee92eba8c04df6ba82301477145736 - - default default] Successfully bumped revision number for resource bed34ce6-075f-4dc0-87ca-f5c9324b92a9 (type: security_group_rules) to 0
2026-05-09 22:51:27.184 10 INFO neutron.db.ovn_revision_numbers_db [None req-1e6defe4-6785-491d-8d12-cb4da1a8d7a0 e63ab23ec7d6481db4b758a6d2e5ffd9 3aee92eba8c04df6ba82301477145736 - - default default] Successfully bumped revision number for resource 9a17373f-f9a1-4e62-a0bb-cabd4700f76a (type: security_group_rules) to 0
2026-05-09 22:51:27.185 9 INFO neutron.wsgi [req-c083faa8-367d-42dd-abd9-03355a7649aa req-3944ce40-035d-4266-8b11-62108cca13dd 8fb33313bbf1451f8de96fe7fd6e05be ed0e085260f846ce9aadfbe0db79c776 - - 7658d3de922047b7a4564ef14e590b8b 7658d3de922047b7a4564ef14e590b8b] 199.204.45.19 "GET /v2.0/ports?network_id=7baea364-d35e-4f8a-906a-cfaa74ca8a0b&device_owner=network%3Adhcp HTTP/1.1" status: 200 len: 210 time: 0.0205948
2026-05-09 22:51:27.191 10 INFO neutron.db.ovn_revision_numbers_db [None req-4c3c7ea7-8dfb-4cb0-8b44-72f3cd3a5e17 e63ab23ec7d6481db4b758a6d2e5ffd9 3aee92eba8c04df6ba82301477145736 - - default default] Successfully bumped revision number for resource c5f88395-9076-45c4-b4ad-4d17da7467fd (type: security_group_rules) to 0
2026-05-09 22:51:27.204 10 INFO neutron.wsgi [None req-1e6defe4-6785-491d-8d12-cb4da1a8d7a0 e63ab23ec7d6481db4b758a6d2e5ffd9 3aee92eba8c04df6ba82301477145736 - - default default] 10.0.0.189 "GET /v2.0/security-groups?tenant_id=21fc9a4e8e0948b09449e2119f46a41f&name=default HTTP/1.1" status: 200 len: 3120 time: 0.4414403
2026-05-09 22:51:27.215 10 INFO neutron.db.ovn_revision_numbers_db [None req-4c3c7ea7-8dfb-4cb0-8b44-72f3cd3a5e17 e63ab23ec7d6481db4b758a6d2e5ffd9 3aee92eba8c04df6ba82301477145736 - - default default] Successfully bumped revision number for resource e4f2e9f6-70d4-4d16-83dc-1b5d51105f3c (type: security_group_rules) to 0
2026-05-09 22:51:27.223 9 INFO neutron.wsgi [req-1d71309b-0fa2-4265-af91-81157d9e69cb req-b86052ff-63bf-494a-9517-90155e4d72d5 b93e383ba7d54448be6227fdfa39add7 a6dc2418cecc43de95fe2738f331371a - - default default] 10.0.0.184 "GET /v2.0/security-groups?id=d6bbd114-4f1e-4724-9a51-67ea72eb4feb&id=be6b45f1-7089-4176-bfd3-6c244ec19692&fields=id&fields=name HTTP/1.1" status: 200 len: 404 time: 0.0647042
2026-05-09 22:51:27.232 10 INFO neutron.db.ovn_revision_numbers_db [None req-4c3c7ea7-8dfb-4cb0-8b44-72f3cd3a5e17 e63ab23ec7d6481db4b758a6d2e5ffd9 3aee92eba8c04df6ba82301477145736 - - default default] Successfully bumped revision number for resource f3b4b2bb-1623-41ce-8fff-9767a6f3a612 (type: security_group_rules) to 0
2026-05-09 22:51:27.252 10 INFO neutron.wsgi [None req-4c3c7ea7-8dfb-4cb0-8b44-72f3cd3a5e17 e63ab23ec7d6481db4b758a6d2e5ffd9 3aee92eba8c04df6ba82301477145736 - - default default] 10.0.0.189 "GET /v2.0/security-groups?tenant_id=8e54e95e24c244daa4610b801dffdd66&name=default HTTP/1.1" status: 200 len: 3120 time: 0.2606435
2026-05-09 22:51:27.281 9 INFO neutron.wsgi [req-c083faa8-367d-42dd-abd9-03355a7649aa req-3804b1f7-8561-46ea-88ac-afb8e7be41d4 8fb33313bbf1451f8de96fe7fd6e05be ed0e085260f846ce9aadfbe0db79c776 - - 7658d3de922047b7a4564ef14e590b8b 7658d3de922047b7a4564ef14e590b8b] 199.204.45.19 "GET /v2.0/networks/7baea364-d35e-4f8a-906a-cfaa74ca8a0b?fields=segments HTTP/1.1" status: 200 len: 212 time: 0.0898039
2026-05-09 22:51:27.361 9 INFO neutron.wsgi [req-c083faa8-367d-42dd-abd9-03355a7649aa req-68595002-e299-4fe0-ba28-f445f133758a 8fb33313bbf1451f8de96fe7fd6e05be ed0e085260f846ce9aadfbe0db79c776 - - 7658d3de922047b7a4564ef14e590b8b 7658d3de922047b7a4564ef14e590b8b] 199.204.45.19 "GET /v2.0/networks/7baea364-d35e-4f8a-906a-cfaa74ca8a0b?fields=provider%3Aphysical_network&fields=provider%3Anetwork_type HTTP/1.1" status: 200 len: 277 time: 0.0714085
2026-05-09 22:51:27.448 9 INFO neutron.wsgi [req-4825e9e6-34cc-404d-94c3-ed24a553dc84 req-ace6b2d5-1e0e-4bbb-ab48-f4ecfd9917d3 8fb33313bbf1451f8de96fe7fd6e05be ed0e085260f846ce9aadfbe0db79c776 - - 7658d3de922047b7a4564ef14e590b8b 7658d3de922047b7a4564ef14e590b8b] 199.204.45.19 "GET /v2.0/ports?tenant_id=a6dc2418cecc43de95fe2738f331371a&device_id=e04a8cdb-a986-40f5-8578-fca8a76e633c HTTP/1.1" status: 200 len: 1450 time: 0.0504632
2026-05-09 22:51:27.489 10 INFO neutron.wsgi [None req-31b403d0-1df5-45e1-972d-d81d4b2031ed e63ab23ec7d6481db4b758a6d2e5ffd9 3aee92eba8c04df6ba82301477145736 - - default default] 10.0.0.189 "DELETE /v2.0/security-groups/fbe348b1-6106-4293-9068-9f7d5d933026 HTTP/1.1" status: 204 len: 168 time: 0.2248678
2026-05-09 22:51:27.533 9 INFO neutron.wsgi [req-4825e9e6-34cc-404d-94c3-ed24a553dc84 req-62ecc6b7-0a8b-483f-8ea6-ef906e2cacdf 8fb33313bbf1451f8de96fe7fd6e05be ed0e085260f846ce9aadfbe0db79c776 - - 7658d3de922047b7a4564ef14e590b8b 7658d3de922047b7a4564ef14e590b8b] 199.204.45.19 "GET /v2.0/networks?id=7baea364-d35e-4f8a-906a-cfaa74ca8a0b HTTP/1.1" status: 200 len: 971 time: 0.0739224
2026-05-09 22:51:27.563 9 INFO neutron.wsgi [None req-0258c21b-e0ff-4845-ad52-e8abd81043c2 e63ab23ec7d6481db4b758a6d2e5ffd9 3aee92eba8c04df6ba82301477145736 - - default default] 10.0.0.189 "DELETE /v2.0/security-groups/8f497a83-9f5d-47e6-9058-d72b2924ba31 HTTP/1.1" status: 204 len: 168 time: 0.3506010
2026-05-09 22:51:27.565 9 INFO neutron.wsgi [req-4825e9e6-34cc-404d-94c3-ed24a553dc84 req-ccf5c2d0-a7a9-41f5-b848-a6b282d7d5ee 8fb33313bbf1451f8de96fe7fd6e05be ed0e085260f846ce9aadfbe0db79c776 - - 7658d3de922047b7a4564ef14e590b8b 7658d3de922047b7a4564ef14e590b8b] 199.204.45.19 "GET /v2.0/floatingips?fixed_ip_address=10.100.0.12&port_id=755422e5-6055-4ffd-b802-0da89b9d9335 HTTP/1.1" status: 200 len: 217 time: 0.0276394
2026-05-09 22:51:27.571 10 INFO neutron.wsgi [req-edcd3dcb-0a08-4019-905e-734e95d433a1 req-bb6bb7e6-1142-446f-a9e0-5855651d1cf4 8fb33313bbf1451f8de96fe7fd6e05be ed0e085260f846ce9aadfbe0db79c776 - - 7658d3de922047b7a4564ef14e590b8b 7658d3de922047b7a4564ef14e590b8b] 199.204.45.19 "GET /v2.0/ports?device_id=e04a8cdb-a986-40f5-8578-fca8a76e633c HTTP/1.1" status: 200 len: 1450 time: 0.0429645
2026-05-09 22:51:27.608 9 INFO neutron.wsgi [req-4825e9e6-34cc-404d-94c3-ed24a553dc84 req-bc0b2f88-8d58-43c9-9e36-80f819873ffe 8fb33313bbf1451f8de96fe7fd6e05be ed0e085260f846ce9aadfbe0db79c776 - - 7658d3de922047b7a4564ef14e590b8b 7658d3de922047b7a4564ef14e590b8b] 199.204.45.19 "GET /v2.0/subnets?id=1c89a555-b521-4ce5-b912-3cfe90cfdd90 HTTP/1.1" status: 200 len: 866 time: 0.0371776
2026-05-09 22:51:27.608 10 INFO neutron.wsgi [req-edcd3dcb-0a08-4019-905e-734e95d433a1 req-ef755bc4-4cf3-41fd-ac6e-6ac5cbaf495b 8fb33313bbf1451f8de96fe7fd6e05be ed0e085260f846ce9aadfbe0db79c776 - - 7658d3de922047b7a4564ef14e590b8b 7658d3de922047b7a4564ef14e590b8b] 199.204.45.19 "GET /v2.0/security-groups?id=be6b45f1-7089-4176-bfd3-6c244ec19692&id=d6bbd114-4f1e-4724-9a51-67ea72eb4feb&fields=id&fields=name HTTP/1.1" status: 200 len: 404 time: 0.0331495
2026-05-09 22:51:27.658 9 INFO neutron.wsgi [req-4825e9e6-34cc-404d-94c3-ed24a553dc84 req-4e76e3cd-87ca-4623-8cf8-3de29047e36e 8fb33313bbf1451f8de96fe7fd6e05be ed0e085260f846ce9aadfbe0db79c776 - - 7658d3de922047b7a4564ef14e590b8b 7658d3de922047b7a4564ef14e590b8b] 199.204.45.19 "GET /v2.0/ports?network_id=7baea364-d35e-4f8a-906a-cfaa74ca8a0b&device_owner=network%3Adhcp HTTP/1.1" status: 200 len: 210 time: 0.0232196
2026-05-09 22:51:27.730 10 INFO neutron.plugins.ml2.drivers.ovn.mech_driver.mech_driver [None req-d9958fd4-08c2-4d53-9265-7b981d8368f2 - - - - - -] OVN reports status up for port: 755422e5-6055-4ffd-b802-0da89b9d9335
2026-05-09 22:51:27.744 10 INFO neutron.plugins.ml2.plugin [None req-d9958fd4-08c2-4d53-9265-7b981d8368f2 - - - - - -] Attempt 1 to provision port 755422e5-6055-4ffd-b802-0da89b9d9335
2026-05-09 22:51:27.902 10 INFO neutron.notifiers.nova [-] Nova event matching ['req-b0890e87-2eb1-4ae4-bc6c-6925b30b541f'] response: {'server_uuid': 'e04a8cdb-a986-40f5-8578-fca8a76e633c', 'name': 'network-vif-plugged', 'status': 'completed', 'tag': '755422e5-6055-4ffd-b802-0da89b9d9335', 'code': 200}
2026-05-09 22:51:28.066 9 INFO neutron.wsgi [req-4825e9e6-34cc-404d-94c3-ed24a553dc84 req-f5cd8d69-c540-4631-a3ef-e5490aa64a2a 8fb33313bbf1451f8de96fe7fd6e05be ed0e085260f846ce9aadfbe0db79c776 - - 7658d3de922047b7a4564ef14e590b8b 7658d3de922047b7a4564ef14e590b8b] 199.204.45.19 "GET /v2.0/networks/7baea364-d35e-4f8a-906a-cfaa74ca8a0b?fields=segments HTTP/1.1" status: 200 len: 212 time: 0.3957379
2026-05-09 22:51:28.081 10 INFO neutron.db.ovn_revision_numbers_db [None req-d9958fd4-08c2-4d53-9265-7b981d8368f2 - - - - - -] Successfully bumped revision number for resource 755422e5-6055-4ffd-b802-0da89b9d9335 (type: ports) to 4
2026-05-09 22:51:28.144 9 INFO neutron.wsgi [req-4825e9e6-34cc-404d-94c3-ed24a553dc84 req-38888587-af0a-4a1c-ab79-010237fc26a9 8fb33313bbf1451f8de96fe7fd6e05be ed0e085260f846ce9aadfbe0db79c776 - - 7658d3de922047b7a4564ef14e590b8b 7658d3de922047b7a4564ef14e590b8b] 199.204.45.19 "GET /v2.0/networks/7baea364-d35e-4f8a-906a-cfaa74ca8a0b?fields=provider%3Aphysical_network&fields=provider%3Anetwork_type HTTP/1.1" status: 200 len: 277 time: 0.0666616
2026-05-09 22:51:28.248 9 INFO neutron.db.ovn_revision_numbers_db [None req-1d684e08-f8ad-4c21-80f2-afdb3a1db66f e63ab23ec7d6481db4b758a6d2e5ffd9 3aee92eba8c04df6ba82301477145736 - - default default] Successfully bumped revision number for resource 3c571ad0-b13e-415e-a6a1-d116ede2b8c6 (type: security_groups) to 1
2026-05-09 22:51:28.268 9 INFO neutron.db.ovn_revision_numbers_db [None req-1d684e08-f8ad-4c21-80f2-afdb3a1db66f e63ab23ec7d6481db4b758a6d2e5ffd9 3aee92eba8c04df6ba82301477145736 - - default default] Successfully bumped revision number for resource 395d46d5-8490-4299-82d8-1aedaeed01ba (type: security_group_rules) to 0
2026-05-09 22:51:28.286 9 INFO neutron.db.ovn_revision_numbers_db [None req-1d684e08-f8ad-4c21-80f2-afdb3a1db66f e63ab23ec7d6481db4b758a6d2e5ffd9 3aee92eba8c04df6ba82301477145736 - - default default] Successfully bumped revision number for resource 74c972b0-c1ce-4488-abc1-e86222451518 (type: security_group_rules) to 0
2026-05-09 22:51:28.323 9 INFO neutron.db.ovn_revision_numbers_db [None req-1d684e08-f8ad-4c21-80f2-afdb3a1db66f e63ab23ec7d6481db4b758a6d2e5ffd9 3aee92eba8c04df6ba82301477145736 - - default default] Successfully bumped revision number for resource ce96887f-6284-4e65-8ce6-c1d714b50479 (type: security_group_rules) to 0
2026-05-09 22:51:28.342 9 INFO neutron.wsgi [req-68937f97-6b25-4843-b8d6-6b4e257e34ff req-d6ad3534-aec8-4256-be3f-e6a7a2c7027a b93e383ba7d54448be6227fdfa39add7 a6dc2418cecc43de95fe2738f331371a - - default default] 10.0.0.184 "GET /v2.0/ports?device_id=e04a8cdb-a986-40f5-8578-fca8a76e633c HTTP/1.1" status: 200 len: 1214 time: 0.0540662
2026-05-09 22:51:28.358 9 INFO neutron.db.ovn_revision_numbers_db [None req-1d684e08-f8ad-4c21-80f2-afdb3a1db66f e63ab23ec7d6481db4b758a6d2e5ffd9 3aee92eba8c04df6ba82301477145736 - - default default] Successfully bumped revision number for resource dcad834b-4967-4e65-b0fc-eaa7a61299e3 (type: security_group_rules) to 0
2026-05-09 22:51:28.385 9 INFO neutron.wsgi [None req-1d684e08-f8ad-4c21-80f2-afdb3a1db66f e63ab23ec7d6481db4b758a6d2e5ffd9 3aee92eba8c04df6ba82301477145736 - - default default] 10.0.0.189 "GET /v2.0/security-groups?tenant_id=5675c3e2ee2c4696ac23b2b25b23f6e2&name=default HTTP/1.1" status: 200 len: 3120 time: 0.6393118
2026-05-09 22:51:28.417 9 INFO neutron.wsgi [req-68937f97-6b25-4843-b8d6-6b4e257e34ff req-ce18f184-dd83-4336-b3de-c6b0f7405e49 b93e383ba7d54448be6227fdfa39add7 a6dc2418cecc43de95fe2738f331371a - - default default] 10.0.0.184 "GET /v2.0/security-groups?id=d6bbd114-4f1e-4724-9a51-67ea72eb4feb&id=be6b45f1-7089-4176-bfd3-6c244ec19692&fields=id&fields=name HTTP/1.1" status: 200 len: 404 time: 0.0665367
2026-05-09 22:51:28.641 9 INFO neutron.wsgi [None req-92508aa1-7df7-4367-990d-5c76cdb8c7fa e63ab23ec7d6481db4b758a6d2e5ffd9 3aee92eba8c04df6ba82301477145736 - - default default] 10.0.0.189 "DELETE /v2.0/security-groups/3c571ad0-b13e-415e-a6a1-d116ede2b8c6 HTTP/1.1" status: 204 len: 168 time: 0.2500224 /var/lib/openstack/lib/python3.10/site-packages/pycadf/identifier.py:71: UserWarning: Invalid uuid: neutron. To ensure interoperability, identifiers should be a valid uuid. warnings.warn(('Invalid uuid: %s. To ensure interoperability, '
2026-05-09 22:51:29.453 10 WARNING neutron_lib.context [None req-a555c89f-fa71-473d-a12d-58bde3698b6a 85616f8a28464f999baa002e9d68a579 76b29bbabd734a00ae192f16c5a91e85 - - default default] Method 'is_advsvc' is deprecated since 2023.2 release (neutron-lib 3.8.0) and will be removed once support for the old RBAC API policies will be removed from Neutron. Please use method 'is_service_role' instead.
2026-05-09 22:51:29.594 10 INFO neutron.wsgi [req-28f1bc43-7670-44b3-b55e-d08dd214952d req-f6658859-b38c-49fc-87d7-414688240453 b93e383ba7d54448be6227fdfa39add7 a6dc2418cecc43de95fe2738f331371a - - default default] 10.0.0.184 "GET /v2.0/ports?device_id=e04a8cdb-a986-40f5-8578-fca8a76e633c HTTP/1.1" status: 200 len: 1214 time: 0.1067870
2026-05-09 22:51:29.655 10 INFO neutron.wsgi [req-28f1bc43-7670-44b3-b55e-d08dd214952d req-41ba5546-e3bb-4758-a67d-fea327eddfcb b93e383ba7d54448be6227fdfa39add7 a6dc2418cecc43de95fe2738f331371a - - default default] 10.0.0.184 "GET /v2.0/security-groups?id=d6bbd114-4f1e-4724-9a51-67ea72eb4feb&id=be6b45f1-7089-4176-bfd3-6c244ec19692&fields=id&fields=name HTTP/1.1" status: 200 len: 404 time: 0.0531907
2026-05-09 22:51:29.670 10 INFO neutron.db.ovn_revision_numbers_db [None req-a555c89f-fa71-473d-a12d-58bde3698b6a 85616f8a28464f999baa002e9d68a579 76b29bbabd734a00ae192f16c5a91e85 - - default default] Successfully bumped revision number for resource b7cbe4e3-9911-46a0-abeb-592e24fda840 (type: security_groups) to 1
2026-05-09 22:51:29.687 10 INFO neutron.db.ovn_revision_numbers_db [None req-a555c89f-fa71-473d-a12d-58bde3698b6a 85616f8a28464f999baa002e9d68a579 76b29bbabd734a00ae192f16c5a91e85 - - default default] Successfully bumped revision number for resource 14be2a59-ea74-4597-8655-6fe1748db4bf (type: security_group_rules) to 0
2026-05-09 22:51:29.701 10 INFO neutron.db.ovn_revision_numbers_db [None req-a555c89f-fa71-473d-a12d-58bde3698b6a 85616f8a28464f999baa002e9d68a579 76b29bbabd734a00ae192f16c5a91e85 - - default default] Successfully bumped revision number for resource 418d1bd1-fdf4-4bb4-b38a-d93e1fd09e80 (type: security_group_rules) to 0
2026-05-09 22:51:29.717 10 INFO neutron.db.ovn_revision_numbers_db [None req-a555c89f-fa71-473d-a12d-58bde3698b6a 85616f8a28464f999baa002e9d68a579 76b29bbabd734a00ae192f16c5a91e85 - - default default] Successfully bumped revision number for resource 57dc1a95-3db8-424c-80c9-6f973a8fe8d7 (type: security_group_rules) to 0
2026-05-09 22:51:29.732 10 INFO neutron.db.ovn_revision_numbers_db [None req-a555c89f-fa71-473d-a12d-58bde3698b6a 85616f8a28464f999baa002e9d68a579 76b29bbabd734a00ae192f16c5a91e85 - - default default] Successfully bumped revision number for resource f4d3eff6-762a-4693-8f43-d0ff7a93f8ca (type: security_group_rules) to 0
2026-05-09 22:51:29.769 9 INFO neutron.wsgi [req-f01245bc-945b-4b9e-ac99-2c6d9f9e494f req-dfe270ef-6b6a-4307-b4f7-14647b4c5e4a b93e383ba7d54448be6227fdfa39add7 a6dc2418cecc43de95fe2738f331371a - - default default] 10.0.0.184 "GET /v2.0/ports?device_id=e04a8cdb-a986-40f5-8578-fca8a76e633c HTTP/1.1" status: 200 len: 1214 time: 0.0512912
2026-05-09 22:51:29.811 10 INFO neutron.db.segments_db [None req-a555c89f-fa71-473d-a12d-58bde3698b6a 85616f8a28464f999baa002e9d68a579 76b29bbabd734a00ae192f16c5a91e85 - - default default] Added segment 2c23f0c7-d520-4914-ae7d-9cdfaf629e39 of type geneve for network 8e37374a-a892-42fd-88cd-224291fa465a
2026-05-09 22:51:29.952 10 INFO neutron.notifiers.nova [-] Nova event matching ['req-8813e2be-2ef9-4337-868c-4530a9a1c92c'] response: {'server_uuid': 'e04a8cdb-a986-40f5-8578-fca8a76e633c', 'name': 'network-vif-plugged', 'status': 'completed', 'tag': '755422e5-6055-4ffd-b802-0da89b9d9335', 'code': 200}
2026-05-09 22:51:29.977 10 INFO neutron.db.ovn_revision_numbers_db [None req-a555c89f-fa71-473d-a12d-58bde3698b6a 85616f8a28464f999baa002e9d68a579 76b29bbabd734a00ae192f16c5a91e85 - - default default] Successfully bumped revision number for resource 8e37374a-a892-42fd-88cd-224291fa465a (type: networks) to 1
2026-05-09 22:51:30.165 10 WARNING neutron.scheduler.dhcp_agent_scheduler [None req-a555c89f-fa71-473d-a12d-58bde3698b6a 85616f8a28464f999baa002e9d68a579 76b29bbabd734a00ae192f16c5a91e85 - - default default] No more DHCP agents
2026-05-09 22:51:30.171 10 WARNING neutron.api.rpc.agentnotifiers.dhcp_rpc_agent_api [None req-a555c89f-fa71-473d-a12d-58bde3698b6a 85616f8a28464f999baa002e9d68a579 76b29bbabd734a00ae192f16c5a91e85 - - default default] Unable to schedule network 8e37374a-a892-42fd-88cd-224291fa465a: no agents available; will retry on subsequent port and subnet creation events.
2026-05-09 22:51:30.258 10 INFO neutron.db.ovn_revision_numbers_db [None req-a555c89f-fa71-473d-a12d-58bde3698b6a 85616f8a28464f999baa002e9d68a579 76b29bbabd734a00ae192f16c5a91e85 - - default default] Successfully bumped revision number for resource 6e9e117b-8199-4dc7-9ddc-080ed384e4fd (type: ports) to 1
2026-05-09 22:51:30.280 10 INFO neutron.wsgi [None req-a555c89f-fa71-473d-a12d-58bde3698b6a 85616f8a28464f999baa002e9d68a579 76b29bbabd734a00ae192f16c5a91e85 - - default default] 10.0.0.189 "POST /v2.0/networks HTTP/1.1" status: 201 len: 849 time: 0.9468927
2026-05-09 22:51:30.294 10 WARNING neutron_lib.context [None req-8ff9622a-248e-43e8-8abd-7e267dc74251 85616f8a28464f999baa002e9d68a579 76b29bbabd734a00ae192f16c5a91e85 - - default default] Method 'is_advsvc' is deprecated since 2023.2 release (neutron-lib 3.8.0) and will be removed once support for the old RBAC API policies will be removed from Neutron. Please use method 'is_service_role' instead.
2026-05-09 22:51:30.565 10 WARNING neutron.scheduler.dhcp_agent_scheduler [None req-8ff9622a-248e-43e8-8abd-7e267dc74251 85616f8a28464f999baa002e9d68a579 76b29bbabd734a00ae192f16c5a91e85 - - default default] No more DHCP agents
2026-05-09 22:51:30.572 10 WARNING neutron.api.rpc.agentnotifiers.dhcp_rpc_agent_api [None req-8ff9622a-248e-43e8-8abd-7e267dc74251 85616f8a28464f999baa002e9d68a579 76b29bbabd734a00ae192f16c5a91e85 - - default default] Unable to schedule network 8e37374a-a892-42fd-88cd-224291fa465a: no agents available; will retry on subsequent port and subnet creation events.
2026-05-09 22:51:30.599 10 INFO neutron.db.ovn_revision_numbers_db [None req-8ff9622a-248e-43e8-8abd-7e267dc74251 85616f8a28464f999baa002e9d68a579 76b29bbabd734a00ae192f16c5a91e85 - - default default] Successfully bumped revision number for resource 11b2fee4-eb60-43f4-be90-bb7fb37d5e78 (type: subnets) to 0
2026-05-09 22:51:30.613 10 INFO neutron.wsgi [None req-8ff9622a-248e-43e8-8abd-7e267dc74251 85616f8a28464f999baa002e9d68a579 76b29bbabd734a00ae192f16c5a91e85 - - default default] 10.0.0.189 "POST /v2.0/subnets HTTP/1.1" status: 201 len: 802 time: 0.3229971
2026-05-09 22:51:30.622 10 WARNING neutron_lib.context [None req-f29d8dcc-c099-4bb3-8905-8cdf389f6b81 85616f8a28464f999baa002e9d68a579 76b29bbabd734a00ae192f16c5a91e85 - - default default] Method 'is_advsvc' is deprecated since 2023.2 release (neutron-lib 3.8.0) and will be removed once support for the old RBAC API policies will be removed from Neutron. Please use method 'is_service_role' instead.
