2026-05-09 22:53:07.759 10 WARNING neutron_lib.context [None req-51814eb3-9163-41a6-a66f-9f8b7f636bfa 76600720549b4a5fab44800de1246e92 1d4952557458445aa88f1311e8f061af - - default default] Method 'is_advsvc' is deprecated since 2023.2 release (neutron-lib 3.8.0) and will be removed once support for the old RBAC API policies will be removed from Neutron. Please use method 'is_service_role' instead.
2026-05-09 22:53:07.866 9 WARNING neutron.scheduler.dhcp_agent_scheduler [None req-8079fa5b-fb2a-4460-a8e0-0f8820652670 8c7ef40d073a4d2b82673d491fab0221 ede8b3855c134f0597b3b7608b69c448 - - default default] No more DHCP agents
2026-05-09 22:53:07.870 9 WARNING neutron.api.rpc.agentnotifiers.dhcp_rpc_agent_api [None req-8079fa5b-fb2a-4460-a8e0-0f8820652670 8c7ef40d073a4d2b82673d491fab0221 ede8b3855c134f0597b3b7608b69c448 - - default default] Unable to schedule network e72bc4cf-6d43-47f6-a047-9c4ddb66d54a: no agents available; will retry on subsequent port and subnet creation events.
2026-05-09 22:53:07.963 9 INFO neutron.db.ovn_revision_numbers_db [None req-3336899d-1b06-42ce-8165-0a69e645b1db f99370ded15649a4b8928d0ba87b2374 d932047992c24b089111644d1c938a17 - - default default] Successfully bumped revision number for resource f594773a-ac08-46b5-b93c-b61bf80a7d27 (type: security_group_rules) to 0
2026-05-09 22:53:07.990 9 INFO neutron.wsgi [None req-3336899d-1b06-42ce-8165-0a69e645b1db f99370ded15649a4b8928d0ba87b2374 d932047992c24b089111644d1c938a17 - - default default] 10.0.0.189 "POST /v2.0/security-group-rules HTTP/1.1" status: 201 len: 801 time: 0.2529516
2026-05-09 22:53:08.001 9 WARNING neutron_lib.context [None req-4e419dfe-e785-447c-a58d-1e9275094415 f99370ded15649a4b8928d0ba87b2374 d932047992c24b089111644d1c938a17 - - default default] Method 'is_advsvc' is deprecated since 2023.2 release (neutron-lib 3.8.0) and will be removed once support for the old RBAC API policies will be removed from Neutron. Please use method 'is_service_role' instead.
2026-05-09 22:53:08.247 9 INFO neutron.db.ovn_revision_numbers_db [None req-4e419dfe-e785-447c-a58d-1e9275094415 f99370ded15649a4b8928d0ba87b2374 d932047992c24b089111644d1c938a17 - - default default] Successfully bumped revision number for resource b937725a-324c-4632-9bfe-cb24251945a1 (type: security_group_rules) to 0
2026-05-09 22:53:08.302 9 INFO neutron.wsgi [None req-4e419dfe-e785-447c-a58d-1e9275094415 f99370ded15649a4b8928d0ba87b2374 d932047992c24b089111644d1c938a17 - - default default] 10.0.0.189 "POST /v2.0/security-group-rules HTTP/1.1" status: 201 len: 800 time: 0.3061473
2026-05-09 22:53:08.316 10 WARNING neutron_lib.context [None req-ddaf0a10-a830-4d50-9084-7b060f3832c4 f99370ded15649a4b8928d0ba87b2374 d932047992c24b089111644d1c938a17 - - default default] Method 'is_advsvc' is deprecated since 2023.2 release (neutron-lib 3.8.0) and will be removed once support for the old RBAC API policies will be removed from Neutron. Please use method 'is_service_role' instead.
2026-05-09 22:53:08.320 10 WARNING neutron.scheduler.dhcp_agent_scheduler [None req-51814eb3-9163-41a6-a66f-9f8b7f636bfa 76600720549b4a5fab44800de1246e92 1d4952557458445aa88f1311e8f061af - - default default] No more DHCP agents
2026-05-09 22:53:08.327 10 WARNING neutron.api.rpc.agentnotifiers.dhcp_rpc_agent_api [None req-51814eb3-9163-41a6-a66f-9f8b7f636bfa 76600720549b4a5fab44800de1246e92 1d4952557458445aa88f1311e8f061af - - default default] Unable to schedule network 734f4df4-bc0a-4a83-8243-ef350525367b: no agents available; will retry on subsequent port and subnet creation events.
2026-05-09 22:53:08.371 10 INFO neutron.db.securitygroups_db [None req-ddaf0a10-a830-4d50-9084-7b060f3832c4 f99370ded15649a4b8928d0ba87b2374 d932047992c24b089111644d1c938a17 - - default default] Project d932047992c24b089111644d1c938a17 added a security group rule with legacy IPv6 ICMP protocol name icmp, ipv6-icmp should be used instead. It was automatically converted.
2026-05-09 22:53:08.484 9 INFO neutron.db.ovn_revision_numbers_db [None req-8079fa5b-fb2a-4460-a8e0-0f8820652670 8c7ef40d073a4d2b82673d491fab0221 ede8b3855c134f0597b3b7608b69c448 - - default default] Successfully bumped revision number for resource e2d49cee-61c6-45eb-87fa-4cf8a966db9d (type: ports) to 2
2026-05-09 22:53:08.526 9 INFO neutron.db.ovn_revision_numbers_db [None req-8079fa5b-fb2a-4460-a8e0-0f8820652670 8c7ef40d073a4d2b82673d491fab0221 ede8b3855c134f0597b3b7608b69c448 - - default default] Successfully bumped revision number for resource 44f23e65-1722-46af-a872-8037f703b24f (type: subnets) to 0
2026-05-09 22:53:08.531 10 INFO neutron.db.ovn_revision_numbers_db [None req-51814eb3-9163-41a6-a66f-9f8b7f636bfa 76600720549b4a5fab44800de1246e92 1d4952557458445aa88f1311e8f061af - - default default] Successfully bumped revision number for resource 0ae02ba7-f738-4725-adb4-82744513a78e (type: ports) to 1
2026-05-09 22:53:08.534 10 INFO neutron.db.ovn_revision_numbers_db [None req-ddaf0a10-a830-4d50-9084-7b060f3832c4 f99370ded15649a4b8928d0ba87b2374 d932047992c24b089111644d1c938a17 - - default default] Successfully bumped revision number for resource b71c3453-e102-4ab2-a96e-2e8026c5013d (type: security_group_rules) to 0
2026-05-09 22:53:08.543 9 INFO neutron.wsgi [None req-8079fa5b-fb2a-4460-a8e0-0f8820652670 8c7ef40d073a4d2b82673d491fab0221 ede8b3855c134f0597b3b7608b69c448 - - default default] 10.0.0.189 "POST /v2.0/subnets HTTP/1.1" status: 201 len: 804 time: 1.0063410
2026-05-09 22:53:08.553 9 WARNING neutron_lib.context [None req-d02dfe8c-502d-4a62-a681-62f98ea52fe7 8c7ef40d073a4d2b82673d491fab0221 ede8b3855c134f0597b3b7608b69c448 - - default default] Method 'is_advsvc' is deprecated since 2023.2 release (neutron-lib 3.8.0) and will be removed once support for the old RBAC API policies will be removed from Neutron. Please use method 'is_service_role' instead.
2026-05-09 22:53:08.593 10 INFO neutron.wsgi [None req-ddaf0a10-a830-4d50-9084-7b060f3832c4 f99370ded15649a4b8928d0ba87b2374 d932047992c24b089111644d1c938a17 - - default default] 10.0.0.189 "POST /v2.0/security-group-rules HTTP/1.1" status: 201 len: 806 time: 0.2840040
2026-05-09 22:53:08.603 10 WARNING neutron_lib.context [None req-edc9e6da-f92e-437b-a8c7-72752b71afb5 f99370ded15649a4b8928d0ba87b2374 d932047992c24b089111644d1c938a17 - - default default] Method 'is_advsvc' is deprecated since 2023.2 release (neutron-lib 3.8.0) and will be removed once support for the old RBAC API policies will be removed from Neutron. Please use method 'is_service_role' instead.
2026-05-09 22:53:08.655 10 INFO neutron.db.securitygroups_db [None req-edc9e6da-f92e-437b-a8c7-72752b71afb5 f99370ded15649a4b8928d0ba87b2374 d932047992c24b089111644d1c938a17 - - default default] Project d932047992c24b089111644d1c938a17 added a security group rule with legacy IPv6 ICMP protocol name icmp, ipv6-icmp should be used instead. It was automatically converted.
2026-05-09 22:53:08.792 10 INFO neutron.db.ovn_revision_numbers_db [None req-edc9e6da-f92e-437b-a8c7-72752b71afb5 f99370ded15649a4b8928d0ba87b2374 d932047992c24b089111644d1c938a17 - - default default] Successfully bumped revision number for resource d7acc4de-b2bb-4aee-af21-0011c5e73a44 (type: security_group_rules) to 0
2026-05-09 22:53:08.828 10 INFO neutron.wsgi [None req-edc9e6da-f92e-437b-a8c7-72752b71afb5 f99370ded15649a4b8928d0ba87b2374 d932047992c24b089111644d1c938a17 - - default default] 10.0.0.189 "POST /v2.0/security-group-rules HTTP/1.1" status: 201 len: 805 time: 0.2292984
2026-05-09 22:53:09.077 9 WARNING neutron.scheduler.dhcp_agent_scheduler [None req-d02dfe8c-502d-4a62-a681-62f98ea52fe7 8c7ef40d073a4d2b82673d491fab0221 ede8b3855c134f0597b3b7608b69c448 - - default default] No more DHCP agents
2026-05-09 22:53:09.080 9 WARNING neutron.api.rpc.agentnotifiers.dhcp_rpc_agent_api [None req-d02dfe8c-502d-4a62-a681-62f98ea52fe7 8c7ef40d073a4d2b82673d491fab0221 ede8b3855c134f0597b3b7608b69c448 - - default default] Unable to schedule network 734f4df4-bc0a-4a83-8243-ef350525367b: no agents available; will retry on subsequent port and subnet creation events.
2026-05-09 22:53:09.160 9 INFO neutron.wsgi [-] 10.0.0.120 "GET / HTTP/1.1" status: 200 len: 247 time: 0.0018222
2026-05-09 22:53:09.163 9 INFO neutron.wsgi [-] 10.0.0.120 "GET / HTTP/1.1" status: 200 len: 247 time: 0.0012624
2026-05-09 22:53:09.253 9 INFO neutron.db.ovn_revision_numbers_db [None req-d02dfe8c-502d-4a62-a681-62f98ea52fe7 8c7ef40d073a4d2b82673d491fab0221 ede8b3855c134f0597b3b7608b69c448 - - default default] Successfully bumped revision number for resource f1580a36-d906-4698-a561-8f8348a468a1 (type: ports) to 1
2026-05-09 22:53:09.325 10 INFO neutron.plugins.ml2.drivers.ovn.mech_driver.ovsdb.commands [None req-749a322d-a923-46a1-8b34-2ded629dfcee - - - - - -] Schedule LRP lrp-0ae02ba7-f738-4725-adb4-82744513a78e on gateway ce789e7f-474c-4302-ba22-3a1cdd9a56ef with priority 1
2026-05-09 22:53:09.334 10 INFO neutron.plugins.ml2.drivers.ovn.mech_driver.mech_driver [None req-d9958fd4-08c2-4d53-9265-7b981d8368f2 - - - - - -] OVN reports status up for port: 0ae02ba7-f738-4725-adb4-82744513a78e
2026-05-09 22:53:09.362 10 INFO neutron.plugins.ml2.drivers.ovn.mech_driver.ovsdb.ovsdb_monitor [None req-ed87c762-70d2-4fec-a081-6c2f1a2b5754 - - - - - -] Router 47923a2e-f17b-4019-91fe-cf21805c4e7d is bound to host instance
2026-05-09 22:53:09.369 10 INFO neutron.wsgi [None req-634983ff-390e-4564-b01b-73f060198993 f99370ded15649a4b8928d0ba87b2374 d932047992c24b089111644d1c938a17 - - default default] 10.0.0.189 "GET /v2.0/networks HTTP/1.1" status: 200 len: 1493 time: 0.1812553
2026-05-09 22:53:09.379 10 INFO neutron.plugins.ml2.plugin [None req-d9958fd4-08c2-4d53-9265-7b981d8368f2 - - - - - -] Attempt 1 to provision port 0ae02ba7-f738-4725-adb4-82744513a78e
2026-05-09 22:53:09.630 10 INFO neutron.db.ovn_revision_numbers_db [None req-51814eb3-9163-41a6-a66f-9f8b7f636bfa 76600720549b4a5fab44800de1246e92 1d4952557458445aa88f1311e8f061af - - default default] Successfully bumped revision number for resource 0ae02ba7-f738-4725-adb4-82744513a78e (type: router_ports) to 1
2026-05-09 22:53:09.727 10 INFO neutron.wsgi [req-c7817d3a-7458-44de-9d3c-ba80c7a9a319 req-597b9be1-3558-4f3c-bc9e-d53eba5e89a2 f99370ded15649a4b8928d0ba87b2374 d932047992c24b089111644d1c938a17 - - default default] 10.0.0.184 "GET /v2.0/security-groups?name=tempest-secgroup-smoke-616517253&fields=id&tenant_id=d932047992c24b089111644d1c938a17 HTTP/1.1" status: 200 len: 267 time: 0.1224277
2026-05-09 22:53:09.849 10 INFO neutron.db.ovn_revision_numbers_db [None req-51814eb3-9163-41a6-a66f-9f8b7f636bfa 76600720549b4a5fab44800de1246e92 1d4952557458445aa88f1311e8f061af - - default default] Successfully bumped revision number for resource 47923a2e-f17b-4019-91fe-cf21805c4e7d (type: routers) to 2
2026-05-09 22:53:09.884 10 INFO neutron.wsgi [None req-51814eb3-9163-41a6-a66f-9f8b7f636bfa 76600720549b4a5fab44800de1246e92 1d4952557458445aa88f1311e8f061af - - default default] 10.0.0.189 "POST /v2.0/routers HTTP/1.1" status: 201 len: 1144 time: 2.1302037
2026-05-09 22:53:09.902 10 INFO neutron.wsgi [req-c7817d3a-7458-44de-9d3c-ba80c7a9a319 req-4d5042de-47fe-4c29-8c14-60636ba53044 f99370ded15649a4b8928d0ba87b2374 d932047992c24b089111644d1c938a17 - - default default] 10.0.0.184 "GET /v2.0/networks?id=279da4fe-c131-4b26-82ec-15b4f5e1f6f3 HTTP/1.1" status: 200 len: 860 time: 0.1662173
2026-05-09 22:53:09.935 10 INFO neutron.wsgi [req-c7817d3a-7458-44de-9d3c-ba80c7a9a319 req-4a72ce83-243f-4aca-8825-abaa7bfb531e f99370ded15649a4b8928d0ba87b2374 d932047992c24b089111644d1c938a17 - - default default] 10.0.0.184 "GET /v2.0/quotas/d932047992c24b089111644d1c938a17 HTTP/1.1" status: 200 len: 491 time: 0.0172756
2026-05-09 22:53:10.131 10 INFO neutron.wsgi [req-c7817d3a-7458-44de-9d3c-ba80c7a9a319 req-c56b4401-5158-41ff-b2b5-dfe86a9223a4 f99370ded15649a4b8928d0ba87b2374 d932047992c24b089111644d1c938a17 - - default default] 10.0.0.184 "GET /v2.0/ports?tenant_id=d932047992c24b089111644d1c938a17&fields=id HTTP/1.1" status: 200 len: 302 time: 0.1881030
2026-05-09 22:53:10.256 10 INFO neutron.wsgi [req-c7817d3a-7458-44de-9d3c-ba80c7a9a319 req-3398c4af-9e1a-44f2-a6d5-aefe6e39d4c5 8fb33313bbf1451f8de96fe7fd6e05be ed0e085260f846ce9aadfbe0db79c776 - - 7658d3de922047b7a4564ef14e590b8b 7658d3de922047b7a4564ef14e590b8b] 10.0.0.184 "GET /v2.0/networks/279da4fe-c131-4b26-82ec-15b4f5e1f6f3?fields=segments HTTP/1.1" status: 200 len: 212 time: 0.1140378
2026-05-09 22:53:10.270 9 INFO neutron.plugins.ml2.drivers.ovn.mech_driver.ovsdb.commands [None req-3660d119-4429-418f-9fc8-0f0fcff1bd99 - - - - - -] Schedule LRP lrp-f1580a36-d906-4698-a561-8f8348a468a1 on gateway ce789e7f-474c-4302-ba22-3a1cdd9a56ef with priority 1
2026-05-09 22:53:10.307 9 INFO neutron.db.ovn_revision_numbers_db [None req-d02dfe8c-502d-4a62-a681-62f98ea52fe7 8c7ef40d073a4d2b82673d491fab0221 ede8b3855c134f0597b3b7608b69c448 - - default default] Successfully bumped revision number for resource f1580a36-d906-4698-a561-8f8348a468a1 (type: router_ports) to 1
2026-05-09 22:53:10.375 10 INFO neutron.wsgi [req-c7817d3a-7458-44de-9d3c-ba80c7a9a319 req-ec3260f8-ac9c-410f-a91b-d567a3e4af20 8fb33313bbf1451f8de96fe7fd6e05be ed0e085260f846ce9aadfbe0db79c776 - - 7658d3de922047b7a4564ef14e590b8b 7658d3de922047b7a4564ef14e590b8b] 10.0.0.184 "GET /v2.0/networks/279da4fe-c131-4b26-82ec-15b4f5e1f6f3?fields=provider%3Aphysical_network&fields=provider%3Anetwork_type HTTP/1.1" status: 200 len: 277 time: 0.1034098
2026-05-09 22:53:10.380 9 INFO neutron.db.ovn_revision_numbers_db [None req-d02dfe8c-502d-4a62-a681-62f98ea52fe7 8c7ef40d073a4d2b82673d491fab0221 ede8b3855c134f0597b3b7608b69c448 - - default default] Successfully bumped revision number for resource 15a60512-8d05-4fc3-951d-3143a2c1e577 (type: routers) to 2
2026-05-09 22:53:10.398 9 INFO neutron.wsgi [None req-d02dfe8c-502d-4a62-a681-62f98ea52fe7 8c7ef40d073a4d2b82673d491fab0221 ede8b3855c134f0597b3b7608b69c448 - - default default] 10.0.0.189 "POST /v2.0/routers HTTP/1.1" status: 201 len: 1136 time: 1.8503449
2026-05-09 22:53:10.544 9 INFO neutron.wsgi [req-e65b03b6-203d-4394-86ab-b2f086d365c4 req-a01ecacf-f98f-4b5f-bb0a-817e97d4b659 f99370ded15649a4b8928d0ba87b2374 d932047992c24b089111644d1c938a17 - - default default] 10.0.0.184 "GET /v2.0/ports?device_id=3e03ce4a-3305-4d01-9f24-b23afa3322c9 HTTP/1.1" status: 200 len: 210 time: 0.0297670
2026-05-09 22:53:11.029 9 WARNING neutron.scheduler.dhcp_agent_scheduler [None req-5c9b8c24-28a3-45fa-9eac-60b86280020f 8c7ef40d073a4d2b82673d491fab0221 ede8b3855c134f0597b3b7608b69c448 - - default default] No more DHCP agents
2026-05-09 22:53:11.031 9 WARNING neutron.api.rpc.agentnotifiers.dhcp_rpc_agent_api [None req-5c9b8c24-28a3-45fa-9eac-60b86280020f 8c7ef40d073a4d2b82673d491fab0221 ede8b3855c134f0597b3b7608b69c448 - - default default] Unable to schedule network e72bc4cf-6d43-47f6-a047-9c4ddb66d54a: no agents available; will retry on subsequent port and subnet creation events.
2026-05-09 22:53:11.036 10 INFO neutron.db.ovn_revision_numbers_db [None req-ed87c762-70d2-4fec-a081-6c2f1a2b5754 - - - - - -] Successfully bumped revision number for resource 0ae02ba7-f738-4725-adb4-82744513a78e (type: ports) to 1
2026-05-09 22:53:11.066 10 WARNING neutron.scheduler.dhcp_agent_scheduler [None req-a6f2de1c-cd93-48e7-90c2-bbb3bb7b6a0c 76600720549b4a5fab44800de1246e92 1d4952557458445aa88f1311e8f061af - - default default] No more DHCP agents
2026-05-09 22:53:11.071 10 WARNING neutron.api.rpc.agentnotifiers.dhcp_rpc_agent_api [None req-a6f2de1c-cd93-48e7-90c2-bbb3bb7b6a0c 76600720549b4a5fab44800de1246e92 1d4952557458445aa88f1311e8f061af - - default default] Unable to schedule network f35b14a1-4539-4cd7-bf27-4efedcd18b9f: no agents available; will retry on subsequent port and subnet creation events.
2026-05-09 22:53:11.206 9 INFO neutron.wsgi [req-c7817d3a-7458-44de-9d3c-ba80c7a9a319 req-33a89d52-71a3-489d-8515-08dc1750590d f99370ded15649a4b8928d0ba87b2374 d932047992c24b089111644d1c938a17 - - default default] 199.204.45.19 "GET /v2.0/networks?id=279da4fe-c131-4b26-82ec-15b4f5e1f6f3 HTTP/1.1" status: 200 len: 860 time: 0.1085317
2026-05-09 22:53:11.255 9 INFO neutron.db.ovn_revision_numbers_db [None req-5c9b8c24-28a3-45fa-9eac-60b86280020f 8c7ef40d073a4d2b82673d491fab0221 ede8b3855c134f0597b3b7608b69c448 - - default default] Successfully bumped revision number for resource a4cab367-09a4-472c-b72c-8de31855e4ee (type: ports) to 1
2026-05-09 22:53:11.262 9 INFO neutron.wsgi [req-c7817d3a-7458-44de-9d3c-ba80c7a9a319 req-2c8da8e9-9e89-48f9-918e-e6f2edb77f79 f99370ded15649a4b8928d0ba87b2374 d932047992c24b089111644d1c938a17 - - default default] 199.204.45.19 "GET /v2.0/security-groups?fields=id&fields=name&tenant_id=d932047992c24b089111644d1c938a17 HTTP/1.1" status: 200 len: 379 time: 0.0477979
2026-05-09 22:53:11.297 9 WARNING neutron_lib.context [req-c7817d3a-7458-44de-9d3c-ba80c7a9a319 req-93c7dcb5-ae2e-43de-bc55-dcf7afd37c1b f99370ded15649a4b8928d0ba87b2374 d932047992c24b089111644d1c938a17 - - default default] Method 'is_advsvc' is deprecated since 2023.2 release (neutron-lib 3.8.0) and will be removed once support for the old RBAC API policies will be removed from Neutron. Please use method 'is_service_role' instead.
2026-05-09 22:53:11.359 10 INFO neutron.db.ovn_revision_numbers_db [None req-a6f2de1c-cd93-48e7-90c2-bbb3bb7b6a0c 76600720549b4a5fab44800de1246e92 1d4952557458445aa88f1311e8f061af - - default default] Successfully bumped revision number for resource 09d9cc6b-c10d-43da-956b-f8c53753a057 (type: ports) to 1
2026-05-09 22:53:11.603 10 INFO neutron.db.ovn_revision_numbers_db [None req-ed87c762-70d2-4fec-a081-6c2f1a2b5754 - - - - - -] Successfully bumped revision number for resource 0ae02ba7-f738-4725-adb4-82744513a78e (type: router_ports) to 3
2026-05-09 22:53:11.655 9 INFO neutron.wsgi [req-ed34984b-70db-481a-851c-0b218a8aceb4 req-47bd0f81-f388-433a-9643-4c1ef1058800 f99370ded15649a4b8928d0ba87b2374 d932047992c24b089111644d1c938a17 - - default default] 10.0.0.184 "GET /v2.0/ports?device_id=3e03ce4a-3305-4d01-9f24-b23afa3322c9 HTTP/1.1" status: 200 len: 210 time: 0.0364101
2026-05-09 22:53:11.793 9 WARNING neutron.scheduler.dhcp_agent_scheduler [req-c7817d3a-7458-44de-9d3c-ba80c7a9a319 req-93c7dcb5-ae2e-43de-bc55-dcf7afd37c1b f99370ded15649a4b8928d0ba87b2374 d932047992c24b089111644d1c938a17 - - default default] No more DHCP agents
2026-05-09 22:53:11.795 9 WARNING neutron.api.rpc.agentnotifiers.dhcp_rpc_agent_api [req-c7817d3a-7458-44de-9d3c-ba80c7a9a319 req-93c7dcb5-ae2e-43de-bc55-dcf7afd37c1b f99370ded15649a4b8928d0ba87b2374 d932047992c24b089111644d1c938a17 - - default default] Unable to schedule network 279da4fe-c131-4b26-82ec-15b4f5e1f6f3: no agents available; will retry on subsequent port and subnet creation events.
2026-05-09 22:53:11.929 10 INFO neutron.db.ovn_revision_numbers_db [None req-ed87c762-70d2-4fec-a081-6c2f1a2b5754 - - - - - -] Successfully bumped revision number for resource 0ae02ba7-f738-4725-adb4-82744513a78e (type: ports) to 2
2026-05-09 22:53:12.030 9 INFO neutron.db.ovn_revision_numbers_db [req-c7817d3a-7458-44de-9d3c-ba80c7a9a319 req-93c7dcb5-ae2e-43de-bc55-dcf7afd37c1b f99370ded15649a4b8928d0ba87b2374 d932047992c24b089111644d1c938a17 - - default default] Successfully bumped revision number for resource 864cc42e-0eac-45f9-933c-1e511bfa9915 (type: ports) to 1
2026-05-09 22:53:12.064 9 INFO neutron.wsgi [req-c7817d3a-7458-44de-9d3c-ba80c7a9a319 req-93c7dcb5-ae2e-43de-bc55-dcf7afd37c1b f99370ded15649a4b8928d0ba87b2374 d932047992c24b089111644d1c938a17 - - default default] 199.204.45.19 "POST /v2.0/ports HTTP/1.1" status: 201 len: 1158 time: 0.7733200
2026-05-09 22:53:12.065 9 ERROR ovsdbapp.backend.ovs_idl.command [None req-5c9b8c24-28a3-45fa-9eac-60b86280020f 8c7ef40d073a4d2b82673d491fab0221 ede8b3855c134f0597b3b7608b69c448 - - default default] Error executing command (DbGetCommand): ovsdbapp.backend.ovs_idl.idlutils.RowNotFound: Cannot find Logical_Router_Port with name=lrp-a4cab367-09a4-472c-b72c-8de31855e4ee
2026-05-09 22:53:12.065 9 ERROR ovsdbapp.backend.ovs_idl.command
Traceback (most recent call last):
2026-05-09 22:53:12.065 9 ERROR ovsdbapp.backend.ovs_idl.command
File "/var/lib/openstack/lib/python3.10/site-packages/ovsdbapp/backend/ovs_idl/command.py", line 47, in execute
2026-05-09 22:53:12.065 9 ERROR ovsdbapp.backend.ovs_idl.command self.run_idl(None)
2026-05-09 22:53:12.065 9 ERROR ovsdbapp.backend.ovs_idl.command
File "/var/lib/openstack/lib/python3.10/site-packages/ovsdbapp/backend/ovs_idl/command.py", line 235, in run_idl
2026-05-09 22:53:12.065 9 ERROR ovsdbapp.backend.ovs_idl.command record = self.api.lookup(self.table, self.record)
2026-05-09 22:53:12.065 9 ERROR ovsdbapp.backend.ovs_idl.command
File "/var/lib/openstack/lib/python3.10/site-packages/ovsdbapp/backend/ovs_idl/__init__.py", line 184, in lookup
2026-05-09 22:53:12.065 9 ERROR ovsdbapp.backend.ovs_idl.command return self._lookup(table, record)
2026-05-09 22:53:12.065 9 ERROR ovsdbapp.backend.ovs_idl.command
File "/var/lib/openstack/lib/python3.10/site-packages/ovsdbapp/backend/ovs_idl/__init__.py", line 235, in _lookup
2026-05-09 22:53:12.065 9 ERROR ovsdbapp.backend.ovs_idl.command row = idlutils.row_by_value(self, rl.table, rl.column, record)
2026-05-09 22:53:12.065 9 ERROR ovsdbapp.backend.ovs_idl.command
File "/var/lib/openstack/lib/python3.10/site-packages/ovsdbapp/backend/ovs_idl/idlutils.py", line 114, in row_by_value
2026-05-09 22:53:12.065 9 ERROR ovsdbapp.backend.ovs_idl.command raise RowNotFound(table=table, col=column, match=match)
2026-05-09 22:53:12.065 9 ERROR ovsdbapp.backend.ovs_idl.command ovsdbapp.backend.ovs_idl.idlutils.RowNotFound: Cannot find Logical_Router_Port with name=lrp-a4cab367-09a4-472c-b72c-8de31855e4ee
2026-05-09 22:53:12.065 9 ERROR ovsdbapp.backend.ovs_idl.command 
2026-05-09 22:53:12.066 9 ERROR neutron_lib.callbacks.manager [None req-5c9b8c24-28a3-45fa-9eac-60b86280020f 8c7ef40d073a4d2b82673d491fab0221 ede8b3855c134f0597b3b7608b69c448 - - default default] Error during notification for neutron.services.ovn_l3.plugin.OVNL3RouterPlugin._port_update-8783339495151 port, after_update: ovsdbapp.backend.ovs_idl.idlutils.RowNotFound: Cannot find Logical_Router_Port with name=lrp-a4cab367-09a4-472c-b72c-8de31855e4ee
2026-05-09 22:53:12.066 9 ERROR neutron_lib.callbacks.manager
Traceback (most recent call last):
2026-05-09 22:53:12.066 9 ERROR neutron_lib.callbacks.manager
File "/var/lib/openstack/lib/python3.10/site-packages/neutron_lib/callbacks/manager.py", line 189, in _notify_loop
2026-05-09 22:53:12.066 9 ERROR neutron_lib.callbacks.manager callback.method(resource, event, trigger, payload=payload)
2026-05-09 22:53:12.066 9 ERROR neutron_lib.callbacks.manager
File "/var/lib/openstack/lib/python3.10/site-packages/neutron/services/ovn_l3/plugin.py", line 391, in _port_update
2026-05-09 22:53:12.066 9 ERROR neutron_lib.callbacks.manager l3plugin._ovn_client.update_router_port(context,
2026-05-09 22:53:12.066 9 ERROR neutron_lib.callbacks.manager
File "/var/lib/openstack/lib/python3.10/site-packages/neutron/plugins/ml2/drivers/ovn/mech_driver/ovsdb/ovn_client.py", line 1878, in update_router_port
2026-05-09 22:53:12.066 9 ERROR neutron_lib.callbacks.manager self._update_lrouter_port(context, port, if_exists=if_exists,
2026-05-09 22:53:12.066 9 ERROR neutron_lib.callbacks.manager
File "/var/lib/openstack/lib/python3.10/site-packages/neutron/plugins/ml2/drivers/ovn/mech_driver/ovsdb/ovn_client.py", line 1855, in _update_lrouter_port
2026-05-09 22:53:12.066 9 ERROR neutron_lib.callbacks.manager external_ids = self._nb_idl.db_get(
2026-05-09 22:53:12.066 9 ERROR neutron_lib.callbacks.manager
File "/var/lib/openstack/lib/python3.10/site-packages/ovsdbapp/backend/ovs_idl/command.py", line 47, in execute
2026-05-09 22:53:12.066 9 ERROR neutron_lib.callbacks.manager self.run_idl(None)
2026-05-09 22:53:12.066 9 ERROR neutron_lib.callbacks.manager
File "/var/lib/openstack/lib/python3.10/site-packages/ovsdbapp/backend/ovs_idl/command.py", line 235, in run_idl
2026-05-09 22:53:12.066 9 ERROR neutron_lib.callbacks.manager record = self.api.lookup(self.table, self.record)
2026-05-09 22:53:12.066 9 ERROR neutron_lib.callbacks.manager
File "/var/lib/openstack/lib/python3.10/site-packages/ovsdbapp/backend/ovs_idl/__init__.py", line 184, in lookup
2026-05-09 22:53:12.066 9 ERROR neutron_lib.callbacks.manager return self._lookup(table, record)
2026-05-09 22:53:12.066 9 ERROR neutron_lib.callbacks.manager
File "/var/lib/openstack/lib/python3.10/site-packages/ovsdbapp/backend/ovs_idl/__init__.py", line 235, in _lookup
2026-05-09 22:53:12.066 9 ERROR neutron_lib.callbacks.manager row = idlutils.row_by_value(self, rl.table, rl.column, record)
2026-05-09 22:53:12.066 9 ERROR neutron_lib.callbacks.manager
File "/var/lib/openstack/lib/python3.10/site-packages/ovsdbapp/backend/ovs_idl/idlutils.py", line 114, in row_by_value
2026-05-09 22:53:12.066 9 ERROR neutron_lib.callbacks.manager raise RowNotFound(table=table, col=column, match=match)
2026-05-09 22:53:12.066 9 ERROR neutron_lib.callbacks.manager ovsdbapp.backend.ovs_idl.idlutils.RowNotFound: Cannot find Logical_Router_Port with name=lrp-a4cab367-09a4-472c-b72c-8de31855e4ee
2026-05-09 22:53:12.066 9 ERROR neutron_lib.callbacks.manager  /var/lib/openstack/lib/python3.10/site-packages/pycadf/identifier.py:71: UserWarning: Invalid uuid: neutron. To ensure interoperability, identifiers should be a valid uuid. warnings.warn(('Invalid uuid: %s. To ensure interoperability, '
2026-05-09 22:53:12.121 9 WARNING neutron.plugins.ml2.drivers.ovn.mech_driver.ovsdb.ovn_client [None req-a8b18dd9-f8a7-4c0e-8c79-226990d16307 - - - - - -] No hosting information found for port 1def5c99-e98b-4d07-99d0-32216d1c8fc0: RuntimeError: No hosting information found for port 1def5c99-e98b-4d07-99d0-32216d1c8fc0
2026-05-09 22:53:12.121 9 INFO neutron.plugins.ml2.drivers.ovn.mech_driver.mech_driver [None req-a8b18dd9-f8a7-4c0e-8c79-226990d16307 - - - - - -] OVN reports status up for port: 3dc23687-2c46-46d2-a9e3-7c567fbb519d
2026-05-09 22:53:12.137 9 INFO neutron.plugins.ml2.plugin [None req-a8b18dd9-f8a7-4c0e-8c79-226990d16307 - - - - - -] Attempt 1 to provision port 3dc23687-2c46-46d2-a9e3-7c567fbb519d
2026-05-09 22:53:12.439 10 INFO neutron.plugins.ml2.drivers.ovn.mech_driver.mech_driver [None req-d9958fd4-08c2-4d53-9265-7b981d8368f2 - - - - - -] OVN reports status up for port: 40d8459c-c199-4a9c-af57-9e26b28d8b42
2026-05-09 22:53:12.443 10 ERROR ovsdbapp.backend.ovs_idl.command [None req-a6f2de1c-cd93-48e7-90c2-bbb3bb7b6a0c 76600720549b4a5fab44800de1246e92 1d4952557458445aa88f1311e8f061af - - default default] Error executing command (DbGetCommand): ovsdbapp.backend.ovs_idl.idlutils.RowNotFound: Cannot find Logical_Router_Port with name=lrp-09d9cc6b-c10d-43da-956b-f8c53753a057
2026-05-09 22:53:12.443 10 ERROR ovsdbapp.backend.ovs_idl.command
Traceback (most recent call last):
2026-05-09 22:53:12.443 10 ERROR ovsdbapp.backend.ovs_idl.command
File "/var/lib/openstack/lib/python3.10/site-packages/ovsdbapp/backend/ovs_idl/command.py", line 47, in execute
2026-05-09 22:53:12.443 10 ERROR ovsdbapp.backend.ovs_idl.command self.run_idl(None)
2026-05-09 22:53:12.443 10 ERROR ovsdbapp.backend.ovs_idl.command
File "/var/lib/openstack/lib/python3.10/site-packages/ovsdbapp/backend/ovs_idl/command.py", line 235, in run_idl
2026-05-09 22:53:12.443 10 ERROR ovsdbapp.backend.ovs_idl.command record = self.api.lookup(self.table, self.record)
2026-05-09 22:53:12.443 10 ERROR ovsdbapp.backend.ovs_idl.command
File "/var/lib/openstack/lib/python3.10/site-packages/ovsdbapp/backend/ovs_idl/__init__.py", line 184, in lookup
2026-05-09 22:53:12.443 10 ERROR ovsdbapp.backend.ovs_idl.command return self._lookup(table, record)
2026-05-09 22:53:12.443 10 ERROR ovsdbapp.backend.ovs_idl.command
File "/var/lib/openstack/lib/python3.10/site-packages/ovsdbapp/backend/ovs_idl/__init__.py", line 235, in _lookup
2026-05-09 22:53:12.443 10 ERROR ovsdbapp.backend.ovs_idl.command row = idlutils.row_by_value(self, rl.table, rl.column, record)
2026-05-09 22:53:12.443 10 ERROR ovsdbapp.backend.ovs_idl.command
File "/var/lib/openstack/lib/python3.10/site-packages/ovsdbapp/backend/ovs_idl/idlutils.py", line 114, in row_by_value
2026-05-09 22:53:12.443 10 ERROR ovsdbapp.backend.ovs_idl.command raise RowNotFound(table=table, col=column, match=match)
2026-05-09 22:53:12.443 10 ERROR ovsdbapp.backend.ovs_idl.command ovsdbapp.backend.ovs_idl.idlutils.RowNotFound: Cannot find Logical_Router_Port with name=lrp-09d9cc6b-c10d-43da-956b-f8c53753a057
2026-05-09 22:53:12.443 10 ERROR ovsdbapp.backend.ovs_idl.command 
2026-05-09 22:53:12.444 10 ERROR neutron_lib.callbacks.manager [None req-a6f2de1c-cd93-48e7-90c2-bbb3bb7b6a0c 76600720549b4a5fab44800de1246e92 1d4952557458445aa88f1311e8f061af - - default default] Error during notification for neutron.services.ovn_l3.plugin.OVNL3RouterPlugin._port_update-8783339495151 port, after_update: ovsdbapp.backend.ovs_idl.idlutils.RowNotFound: Cannot find Logical_Router_Port with name=lrp-09d9cc6b-c10d-43da-956b-f8c53753a057
2026-05-09 22:53:12.444 10 ERROR neutron_lib.callbacks.manager
Traceback (most recent call last):
2026-05-09 22:53:12.444 10 ERROR neutron_lib.callbacks.manager
File "/var/lib/openstack/lib/python3.10/site-packages/neutron_lib/callbacks/manager.py", line 189, in _notify_loop
2026-05-09 22:53:12.444 10 ERROR neutron_lib.callbacks.manager callback.method(resource, event, trigger, payload=payload)
2026-05-09 22:53:12.444 10 ERROR neutron_lib.callbacks.manager
File "/var/lib/openstack/lib/python3.10/site-packages/neutron/services/ovn_l3/plugin.py", line 391, in _port_update
2026-05-09 22:53:12.444 10 ERROR neutron_lib.callbacks.manager l3plugin._ovn_client.update_router_port(context,
2026-05-09 22:53:12.444 10 ERROR neutron_lib.callbacks.manager
File "/var/lib/openstack/lib/python3.10/site-packages/neutron/plugins/ml2/drivers/ovn/mech_driver/ovsdb/ovn_client.py", line 1878, in update_router_port
2026-05-09 22:53:12.444 10 ERROR neutron_lib.callbacks.manager self._update_lrouter_port(context, port, if_exists=if_exists,
2026-05-09 22:53:12.444 10 ERROR neutron_lib.callbacks.manager
File "/var/lib/openstack/lib/python3.10/site-packages/neutron/plugins/ml2/drivers/ovn/mech_driver/ovsdb/ovn_client.py", line 1855, in _update_lrouter_port
2026-05-09 22:53:12.444 10 ERROR neutron_lib.callbacks.manager external_ids = self._nb_idl.db_get(
2026-05-09 22:53:12.444 10 ERROR neutron_lib.callbacks.manager
File "/var/lib/openstack/lib/python3.10/site-packages/ovsdbapp/backend/ovs_idl/command.py", line 47, in execute
2026-05-09 22:53:12.444 10 ERROR neutron_lib.callbacks.manager self.run_idl(None)
2026-05-09 22:53:12.444 10 ERROR neutron_lib.callbacks.manager
File "/var/lib/openstack/lib/python3.10/site-packages/ovsdbapp/backend/ovs_idl/command.py", line 235, in run_idl
2026-05-09 22:53:12.444 10 ERROR neutron_lib.callbacks.manager record = self.api.lookup(self.table, self.record)
2026-05-09 22:53:12.444 10 ERROR neutron_lib.callbacks.manager
File "/var/lib/openstack/lib/python3.10/site-packages/ovsdbapp/backend/ovs_idl/__init__.py", line 184, in lookup
2026-05-09 22:53:12.444 10 ERROR neutron_lib.callbacks.manager return self._lookup(table, record)
2026-05-09 22:53:12.444 10 ERROR neutron_lib.callbacks.manager
File "/var/lib/openstack/lib/python3.10/site-packages/ovsdbapp/backend/ovs_idl/__init__.py", line 235, in _lookup
2026-05-09 22:53:12.444 10 ERROR neutron_lib.callbacks.manager row = idlutils.row_by_value(self, rl.table, rl.column, record)
2026-05-09 22:53:12.444 10 ERROR neutron_lib.callbacks.manager
File "/var/lib/openstack/lib/python3.10/site-packages/ovsdbapp/backend/ovs_idl/idlutils.py", line 114, in row_by_value
2026-05-09 22:53:12.444 10 ERROR neutron_lib.callbacks.manager raise RowNotFound(table=table, col=column, match=match)
2026-05-09 22:53:12.444 10 ERROR neutron_lib.callbacks.manager ovsdbapp.backend.ovs_idl.idlutils.RowNotFound: Cannot find Logical_Router_Port with name=lrp-09d9cc6b-c10d-43da-956b-f8c53753a057
2026-05-09 22:53:12.444 10 ERROR neutron_lib.callbacks.manager 
2026-05-09 22:53:12.467 10 INFO neutron.plugins.ml2.plugin [None req-d9958fd4-08c2-4d53-9265-7b981d8368f2 - - - - - -] Attempt 1 to provision port 40d8459c-c199-4a9c-af57-9e26b28d8b42
2026-05-09 22:53:12.713 9 INFO neutron.db.ovn_revision_numbers_db [None req-5c9b8c24-28a3-45fa-9eac-60b86280020f 8c7ef40d073a4d2b82673d491fab0221 ede8b3855c134f0597b3b7608b69c448 - - default default] Successfully bumped revision number for resource a4cab367-09a4-472c-b72c-8de31855e4ee (type: ports) to 1
2026-05-09 22:53:12.779 10 INFO neutron.db.ovn_revision_numbers_db [None req-ed87c762-70d2-4fec-a081-6c2f1a2b5754 - - - - - -] Successfully bumped revision number for resource 0ae02ba7-f738-4725-adb4-82744513a78e (type: ports) to 4
2026-05-09 22:53:12.807 10 INFO neutron.wsgi [req-341b3afc-f533-49a9-9711-0bd35c5a0728 req-44bf933f-a843-451f-b5c4-a07c1b461364 f99370ded15649a4b8928d0ba87b2374 d932047992c24b089111644d1c938a17 - - default default] 10.0.0.184 "GET /v2.0/ports?device_id=3e03ce4a-3305-4d01-9f24-b23afa3322c9 HTTP/1.1" status: 200 len: 1168 time: 0.0741372
2026-05-09 22:53:12.853 9 WARNING neutron.scheduler.dhcp_agent_scheduler [None req-5c9b8c24-28a3-45fa-9eac-60b86280020f 8c7ef40d073a4d2b82673d491fab0221 ede8b3855c134f0597b3b7608b69c448 - - default default] No more DHCP agents
2026-05-09 22:53:12.862 9 WARNING neutron.api.rpc.agentnotifiers.dhcp_rpc_agent_api [None req-5c9b8c24-28a3-45fa-9eac-60b86280020f 8c7ef40d073a4d2b82673d491fab0221 ede8b3855c134f0597b3b7608b69c448 - - default default] Unable to schedule network e72bc4cf-6d43-47f6-a047-9c4ddb66d54a: no agents available; will retry on subsequent port and subnet creation events.
2026-05-09 22:53:12.867 9 INFO neutron.db.ovn_revision_numbers_db [None req-a8b18dd9-f8a7-4c0e-8c79-226990d16307 - - - - - -] Successfully bumped revision number for resource 3dc23687-2c46-46d2-a9e3-7c567fbb519d (type: ports) to 3
2026-05-09 22:53:12.953 10 INFO neutron.wsgi [req-341b3afc-f533-49a9-9711-0bd35c5a0728 req-eef56df5-ade3-4e18-977e-e1ad6de13896 f99370ded15649a4b8928d0ba87b2374 d932047992c24b089111644d1c938a17 - - default default] 10.0.0.184 "GET /v2.0/security-groups?id=84708531-7a4c-44dc-9d0e-570bd31e12a9&fields=id&fields=name HTTP/1.1" status: 200 len: 312 time: 0.1355572
2026-05-09 22:53:12.957 10 INFO neutron.db.ovn_revision_numbers_db [None req-a6f2de1c-cd93-48e7-90c2-bbb3bb7b6a0c 76600720549b4a5fab44800de1246e92 1d4952557458445aa88f1311e8f061af - - default default] Successfully bumped revision number for resource 09d9cc6b-c10d-43da-956b-f8c53753a057 (type: ports) to 1
2026-05-09 22:53:13.040 10 INFO neutron.db.ovn_revision_numbers_db [None req-d9958fd4-08c2-4d53-9265-7b981d8368f2 - - - - - -] Successfully bumped revision number for resource 40d8459c-c199-4a9c-af57-9e26b28d8b42 (type: ports) to 3
2026-05-09 22:53:13.074 9 INFO neutron.db.ovn_revision_numbers_db [req-c7817d3a-7458-44de-9d3c-ba80c7a9a319 req-7f990cd1-98b9-47a6-a6c5-260437419cc0 8fb33313bbf1451f8de96fe7fd6e05be ed0e085260f846ce9aadfbe0db79c776 - - 7658d3de922047b7a4564ef14e590b8b 7658d3de922047b7a4564ef14e590b8b] Successfully bumped revision number for resource 864cc42e-0eac-45f9-933c-1e511bfa9915 (type: ports) to 2
2026-05-09 22:53:13.142 10 WARNING neutron.scheduler.dhcp_agent_scheduler [None req-a6f2de1c-cd93-48e7-90c2-bbb3bb7b6a0c 76600720549b4a5fab44800de1246e92 1d4952557458445aa88f1311e8f061af - - default default] No more DHCP agents
2026-05-09 22:53:13.144 10 WARNING neutron.api.rpc.agentnotifiers.dhcp_rpc_agent_api [None req-a6f2de1c-cd93-48e7-90c2-bbb3bb7b6a0c 76600720549b4a5fab44800de1246e92 1d4952557458445aa88f1311e8f061af - - default default] Unable to schedule network f35b14a1-4539-4cd7-bf27-4efedcd18b9f: no agents available; will retry on subsequent port and subnet creation events.
2026-05-09 22:53:13.284 10 INFO neutron.plugins.ml2.drivers.ovn.mech_driver.mech_driver [None req-d9958fd4-08c2-4d53-9265-7b981d8368f2 - - - - - -] OVN reports status up for port: f1580a36-d906-4698-a561-8f8348a468a1
2026-05-09 22:53:13.345 9 INFO neutron.db.ovn_revision_numbers_db [None req-5c9b8c24-28a3-45fa-9eac-60b86280020f 8c7ef40d073a4d2b82673d491fab0221 ede8b3855c134f0597b3b7608b69c448 - - default default] Successfully bumped revision number for resource a4cab367-09a4-472c-b72c-8de31855e4ee (type: router_ports) to 1
2026-05-09 22:53:13.352 9 INFO neutron.wsgi [None req-5c9b8c24-28a3-45fa-9eac-60b86280020f 8c7ef40d073a4d2b82673d491fab0221 ede8b3855c134f0597b3b7608b69c448 - - default default] 10.0.0.189 "PUT /v2.0/routers/15a60512-8d05-4fc3-951d-3143a2c1e577/add_router_interface HTTP/1.1" status: 200 len: 503 time: 2.9477789
2026-05-09 22:53:13.356 9 INFO neutron.db.ovn_revision_numbers_db [req-c7817d3a-7458-44de-9d3c-ba80c7a9a319 req-7f990cd1-98b9-47a6-a6c5-260437419cc0 8fb33313bbf1451f8de96fe7fd6e05be ed0e085260f846ce9aadfbe0db79c776 - - 7658d3de922047b7a4564ef14e590b8b 7658d3de922047b7a4564ef14e590b8b] Successfully bumped revision number for resource 864cc42e-0eac-45f9-933c-1e511bfa9915 (type: ports) to 2 /var/lib/openstack/lib/python3.10/site-packages/pycadf/identifier.py:71: UserWarning: Invalid uuid: neutron. To ensure interoperability, identifiers should be a valid uuid. warnings.warn(('Invalid uuid: %s. To ensure interoperability, '
2026-05-09 22:53:13.381 9 INFO neutron.wsgi [req-c7817d3a-7458-44de-9d3c-ba80c7a9a319 req-7f990cd1-98b9-47a6-a6c5-260437419cc0 8fb33313bbf1451f8de96fe7fd6e05be ed0e085260f846ce9aadfbe0db79c776 - - 7658d3de922047b7a4564ef14e590b8b 7658d3de922047b7a4564ef14e590b8b] 199.204.45.19 "PUT /v2.0/ports/864cc42e-0eac-45f9-933c-1e511bfa9915 HTTP/1.1" status: 200 len: 1376 time: 1.3065929
2026-05-09 22:53:13.450 9 INFO neutron.notifiers.nova [-] Nova event matching ['req-b4578443-843b-41be-8333-011df3ddb980'] response: {'name': 'network-changed', 'server_uuid': '3e03ce4a-3305-4d01-9f24-b23afa3322c9', 'tag': '864cc42e-0eac-45f9-933c-1e511bfa9915', 'status': 'completed', 'code': 200}
2026-05-09 22:53:13.485 9 INFO neutron.wsgi [req-c7817d3a-7458-44de-9d3c-ba80c7a9a319 req-028e480d-6442-46a2-96aa-f6ffc8dfd4e4 8fb33313bbf1451f8de96fe7fd6e05be ed0e085260f846ce9aadfbe0db79c776 - - 7658d3de922047b7a4564ef14e590b8b 7658d3de922047b7a4564ef14e590b8b] 199.204.45.19 "GET /v2.0/ports?tenant_id=d932047992c24b089111644d1c938a17&device_id=3e03ce4a-3305-4d01-9f24-b23afa3322c9 HTTP/1.1" status: 200 len: 1407 time: 0.0677185
2026-05-09 22:53:13.533 9 INFO neutron.wsgi [req-c7817d3a-7458-44de-9d3c-ba80c7a9a319 req-4b46fa71-136a-49da-b5d3-1c047509a908 8fb33313bbf1451f8de96fe7fd6e05be ed0e085260f846ce9aadfbe0db79c776 - - 7658d3de922047b7a4564ef14e590b8b 7658d3de922047b7a4564ef14e590b8b] 199.204.45.19 "GET /v2.0/floatingips?fixed_ip_address=10.100.0.4&port_id=864cc42e-0eac-45f9-933c-1e511bfa9915 HTTP/1.1" status: 200 len: 217 time: 0.0397315
2026-05-09 22:53:13.578 10 INFO neutron.plugins.ml2.plugin [None req-d9958fd4-08c2-4d53-9265-7b981d8368f2 - - - - - -] Attempt 1 to provision port f1580a36-d906-4698-a561-8f8348a468a1
2026-05-09 22:53:13.586 9 INFO neutron.wsgi [req-c7817d3a-7458-44de-9d3c-ba80c7a9a319 req-88e2dafe-bc2d-4914-b7e3-5100c0ce373a 8fb33313bbf1451f8de96fe7fd6e05be ed0e085260f846ce9aadfbe0db79c776 - - 7658d3de922047b7a4564ef14e590b8b 7658d3de922047b7a4564ef14e590b8b] 199.204.45.19 "GET /v2.0/subnets?id=6875c679-bb69-4f33-b368-8139b0fbda91 HTTP/1.1" status: 200 len: 853 time: 0.0411072
2026-05-09 22:53:13.622 9 INFO neutron.wsgi [req-c7817d3a-7458-44de-9d3c-ba80c7a9a319 req-71dcf35d-54ac-4a99-85b8-cf132ee483a4 8fb33313bbf1451f8de96fe7fd6e05be ed0e085260f846ce9aadfbe0db79c776 - - 7658d3de922047b7a4564ef14e590b8b 7658d3de922047b7a4564ef14e590b8b] 199.204.45.19 "GET /v2.0/ports?network_id=279da4fe-c131-4b26-82ec-15b4f5e1f6f3&device_owner=network%3Adhcp HTTP/1.1" status: 200 len: 210 time: 0.0292358
2026-05-09 22:53:13.667 10 INFO neutron.db.ovn_revision_numbers_db [None req-ed87c762-70d2-4fec-a081-6c2f1a2b5754 - - - - - -] Successfully bumped revision number for resource 0ae02ba7-f738-4725-adb4-82744513a78e (type: router_ports) to 4
2026-05-09 22:53:13.704 9 INFO neutron.wsgi [req-c7817d3a-7458-44de-9d3c-ba80c7a9a319 req-70edddac-5076-4cb9-8017-3bd869a1759c 8fb33313bbf1451f8de96fe7fd6e05be ed0e085260f846ce9aadfbe0db79c776 - - 7658d3de922047b7a4564ef14e590b8b 7658d3de922047b7a4564ef14e590b8b] 199.204.45.19 "GET /v2.0/networks/279da4fe-c131-4b26-82ec-15b4f5e1f6f3?fields=segments HTTP/1.1" status: 200 len: 212 time: 0.0765522
2026-05-09 22:53:13.882 10 INFO neutron.db.ovn_revision_numbers_db [None req-a6f2de1c-cd93-48e7-90c2-bbb3bb7b6a0c 76600720549b4a5fab44800de1246e92 1d4952557458445aa88f1311e8f061af - - default default] Successfully bumped revision number for resource 09d9cc6b-c10d-43da-956b-f8c53753a057 (type: router_ports) to 1
2026-05-09 22:53:13.888 10 INFO neutron.wsgi [None req-a6f2de1c-cd93-48e7-90c2-bbb3bb7b6a0c 76600720549b4a5fab44800de1246e92 1d4952557458445aa88f1311e8f061af - - default default] 10.0.0.189 "PUT /v2.0/routers/47923a2e-f17b-4019-91fe-cf21805c4e7d/add_router_interface HTTP/1.1" status: 200 len: 503 time: 3.9986448
2026-05-09 22:53:14.080 9 INFO neutron.wsgi [req-c7817d3a-7458-44de-9d3c-ba80c7a9a319 req-0f3ce93a-51f9-4d37-939c-7a92815f8085 8fb33313bbf1451f8de96fe7fd6e05be ed0e085260f846ce9aadfbe0db79c776 - - 7658d3de922047b7a4564ef14e590b8b 7658d3de922047b7a4564ef14e590b8b] 199.204.45.19 "GET /v2.0/networks/279da4fe-c131-4b26-82ec-15b4f5e1f6f3?fields=provider%3Aphysical_network&fields=provider%3Anetwork_type HTTP/1.1" status: 200 len: 277 time: 0.3663597
2026-05-09 22:53:14.095 10 INFO neutron.wsgi [req-bfa25877-d768-4721-9f53-3c4e4b9a27a4 req-aadab4ec-8e05-4e6e-852f-12b9e53a5377 f99370ded15649a4b8928d0ba87b2374 d932047992c24b089111644d1c938a17 - - default default] 10.0.0.184 "GET /v2.0/ports?device_id=3e03ce4a-3305-4d01-9f24-b23afa3322c9 HTTP/1.1" status: 200 len: 1168 time: 0.0530908
2026-05-09 22:53:14.156 10 INFO neutron.wsgi [req-bfa25877-d768-4721-9f53-3c4e4b9a27a4 req-d1dc9e00-2f49-4d3a-a45d-f12dc0e2751d f99370ded15649a4b8928d0ba87b2374 d932047992c24b089111644d1c938a17 - - default default] 10.0.0.184 "GET /v2.0/security-groups?id=84708531-7a4c-44dc-9d0e-570bd31e12a9&fields=id&fields=name HTTP/1.1" status: 200 len: 312 time: 0.0487683
2026-05-09 22:53:14.156 9 INFO neutron.wsgi [req-fffb2ade-12ec-42a7-b620-54ddba84f4c5 req-8a1a9b76-ce15-4b04-afcc-5fb5dfcd2abc 8fb33313bbf1451f8de96fe7fd6e05be ed0e085260f846ce9aadfbe0db79c776 - - 7658d3de922047b7a4564ef14e590b8b 7658d3de922047b7a4564ef14e590b8b] 199.204.45.19 "GET /v2.0/ports?tenant_id=d932047992c24b089111644d1c938a17&device_id=3e03ce4a-3305-4d01-9f24-b23afa3322c9 HTTP/1.1" status: 200 len: 1407 time: 0.0406997
2026-05-09 22:53:14.256 9 INFO neutron.wsgi [req-fffb2ade-12ec-42a7-b620-54ddba84f4c5 req-3c75a972-cf88-43a4-9817-9fb2b2ffdf6e 8fb33313bbf1451f8de96fe7fd6e05be ed0e085260f846ce9aadfbe0db79c776 - - 7658d3de922047b7a4564ef14e590b8b 7658d3de922047b7a4564ef14e590b8b] 199.204.45.19 "GET /v2.0/networks?id=279da4fe-c131-4b26-82ec-15b4f5e1f6f3 HTTP/1.1" status: 200 len: 959 time: 0.0932691
2026-05-09 22:53:14.292 9 INFO neutron.wsgi [req-fffb2ade-12ec-42a7-b620-54ddba84f4c5 req-e60b39a1-a648-46b0-b017-8ace95448fd2 8fb33313bbf1451f8de96fe7fd6e05be ed0e085260f846ce9aadfbe0db79c776 - - 7658d3de922047b7a4564ef14e590b8b 7658d3de922047b7a4564ef14e590b8b] 199.204.45.19 "GET /v2.0/floatingips?fixed_ip_address=10.100.0.4&port_id=864cc42e-0eac-45f9-933c-1e511bfa9915 HTTP/1.1" status: 200 len: 217 time: 0.0304525
2026-05-09 22:53:14.369 9 INFO neutron.wsgi [req-fffb2ade-12ec-42a7-b620-54ddba84f4c5 req-801192bc-ef47-4c31-87e0-84302b17d18e 8fb33313bbf1451f8de96fe7fd6e05be ed0e085260f846ce9aadfbe0db79c776 - - 7658d3de922047b7a4564ef14e590b8b 7658d3de922047b7a4564ef14e590b8b] 199.204.45.19 "GET /v2.0/subnets?id=6875c679-bb69-4f33-b368-8139b0fbda91 HTTP/1.1" status: 200 len: 853 time: 0.0636461
2026-05-09 22:53:14.411 9 INFO neutron.wsgi [req-fffb2ade-12ec-42a7-b620-54ddba84f4c5 req-02d979e9-e095-4ccd-bb12-195a30f04526 8fb33313bbf1451f8de96fe7fd6e05be ed0e085260f846ce9aadfbe0db79c776 - - 7658d3de922047b7a4564ef14e590b8b 7658d3de922047b7a4564ef14e590b8b] 199.204.45.19 "GET /v2.0/ports?network_id=279da4fe-c131-4b26-82ec-15b4f5e1f6f3&device_owner=network%3Adhcp HTTP/1.1" status: 200 len: 210 time: 0.0303774
2026-05-09 22:53:14.499 9 WARNING neutron.scheduler.dhcp_agent_scheduler [None req-1dde75bf-4676-4e86-9572-494a335c27a0 88a6fc928660472a82483674fd5eb2ff 99a6d7b20d6f4b7caeed9e0f7adec561 - - default default] No more DHCP agents
2026-05-09 22:53:14.503 9 WARNING neutron.api.rpc.agentnotifiers.dhcp_rpc_agent_api [None req-1dde75bf-4676-4e86-9572-494a335c27a0 88a6fc928660472a82483674fd5eb2ff 99a6d7b20d6f4b7caeed9e0f7adec561 - - default default] Unable to schedule network 734f4df4-bc0a-4a83-8243-ef350525367b: no agents available; will retry on subsequent port and subnet creation events.
2026-05-09 22:53:14.525 9 INFO neutron.wsgi [req-fffb2ade-12ec-42a7-b620-54ddba84f4c5 req-2e1cb346-c46e-432a-b8e4-26044a3c0433 8fb33313bbf1451f8de96fe7fd6e05be ed0e085260f846ce9aadfbe0db79c776 - - 7658d3de922047b7a4564ef14e590b8b 7658d3de922047b7a4564ef14e590b8b] 199.204.45.19 "GET /v2.0/networks/279da4fe-c131-4b26-82ec-15b4f5e1f6f3?fields=segments HTTP/1.1" status: 200 len: 212 time: 0.1077528
2026-05-09 22:53:14.629 9 INFO neutron.wsgi [req-fffb2ade-12ec-42a7-b620-54ddba84f4c5 req-4403837e-ffe4-40ac-9616-4d6f120605d3 8fb33313bbf1451f8de96fe7fd6e05be ed0e085260f846ce9aadfbe0db79c776 - - 7658d3de922047b7a4564ef14e590b8b 7658d3de922047b7a4564ef14e590b8b] 199.204.45.19 "GET /v2.0/networks/279da4fe-c131-4b26-82ec-15b4f5e1f6f3?fields=provider%3Aphysical_network&fields=provider%3Anetwork_type HTTP/1.1" status: 200 len: 277 time: 0.0962136
2026-05-09 22:53:14.640 10 WARNING neutron.scheduler.dhcp_agent_scheduler [None req-bcde570d-3b88-44b8-b2fc-b6f38cbe2dc1 76600720549b4a5fab44800de1246e92 1d4952557458445aa88f1311e8f061af - - default default] No more DHCP agents
2026-05-09 22:53:14.642 10 WARNING neutron.api.rpc.agentnotifiers.dhcp_rpc_agent_api [None req-bcde570d-3b88-44b8-b2fc-b6f38cbe2dc1 76600720549b4a5fab44800de1246e92 1d4952557458445aa88f1311e8f061af - - default default] Unable to schedule network f01b86ee-a55f-4438-85ef-c5b98ab6c1f7: no agents available; will retry on subsequent port and subnet creation events.
2026-05-09 22:53:14.728 9 INFO neutron.db.ovn_revision_numbers_db [None req-1dde75bf-4676-4e86-9572-494a335c27a0 88a6fc928660472a82483674fd5eb2ff 99a6d7b20d6f4b7caeed9e0f7adec561 - - default default] Successfully bumped revision number for resource fcc3999d-e30b-4edb-8091-1d127cccb0ba (type: ports) to 1
2026-05-09 22:53:14.837 10 INFO neutron.db.ovn_revision_numbers_db [None req-bcde570d-3b88-44b8-b2fc-b6f38cbe2dc1 76600720549b4a5fab44800de1246e92 1d4952557458445aa88f1311e8f061af - - default default] Successfully bumped revision number for resource 02bb4d3b-9544-460d-afcf-71b626636ce8 (type: ports) to 1
2026-05-09 22:53:14.980 9 INFO neutron.db.ovn_revision_numbers_db [None req-1dde75bf-4676-4e86-9572-494a335c27a0 88a6fc928660472a82483674fd5eb2ff 99a6d7b20d6f4b7caeed9e0f7adec561 - - default default] Successfully bumped revision number for resource fcc3999d-e30b-4edb-8091-1d127cccb0ba (type: ports) to 1
2026-05-09 22:53:15.050 9 INFO neutron.db.segments_db [None req-1dde75bf-4676-4e86-9572-494a335c27a0 88a6fc928660472a82483674fd5eb2ff 99a6d7b20d6f4b7caeed9e0f7adec561 - - default default] Added segment 078328fe-2604-471b-ae25-fca0a97838bd of type geneve for network f3cfa2a0-fd88-4cff-a2ba-7a8d0dd2d8b3
2026-05-09 22:53:15.192 9 INFO neutron.db.ovn_revision_numbers_db [None req-1dde75bf-4676-4e86-9572-494a335c27a0 88a6fc928660472a82483674fd5eb2ff 99a6d7b20d6f4b7caeed9e0f7adec561 - - default default] Successfully bumped revision number for resource f3cfa2a0-fd88-4cff-a2ba-7a8d0dd2d8b3 (type: networks) to 1
2026-05-09 22:53:15.380 9 INFO neutron.wsgi [req-93f2c6aa-d724-45a5-b43b-793ce604d705 req-67931f2b-1555-4a6f-bd47-987481ad0c56 f99370ded15649a4b8928d0ba87b2374 d932047992c24b089111644d1c938a17 - - default default] 10.0.0.184 "GET /v2.0/ports?device_id=3e03ce4a-3305-4d01-9f24-b23afa3322c9 HTTP/1.1" status: 200 len: 1168 time: 0.1411538
2026-05-09 22:53:15.417 9 WARNING neutron.scheduler.dhcp_agent_scheduler [None req-1dde75bf-4676-4e86-9572-494a335c27a0 88a6fc928660472a82483674fd5eb2ff 99a6d7b20d6f4b7caeed9e0f7adec561 - - default default] No more DHCP agents
2026-05-09 22:53:15.420 9 WARNING neutron.api.rpc.agentnotifiers.dhcp_rpc_agent_api [None req-1dde75bf-4676-4e86-9572-494a335c27a0 88a6fc928660472a82483674fd5eb2ff 99a6d7b20d6f4b7caeed9e0f7adec561 - - default default] Unable to schedule network f3cfa2a0-fd88-4cff-a2ba-7a8d0dd2d8b3: no agents available; will retry on subsequent port and subnet creation events.
2026-05-09 22:53:15.452 9 INFO neutron.wsgi [req-93f2c6aa-d724-45a5-b43b-793ce604d705 req-801d2fa5-fbc2-4390-bdf3-22c254a13ccf f99370ded15649a4b8928d0ba87b2374 d932047992c24b089111644d1c938a17 - - default default] 10.0.0.184 "GET /v2.0/security-groups?id=84708531-7a4c-44dc-9d0e-570bd31e12a9&fields=id&fields=name HTTP/1.1" status: 200 len: 312 time: 0.0561006
2026-05-09 22:53:15.520 9 INFO neutron.db.ovn_revision_numbers_db [None req-1dde75bf-4676-4e86-9572-494a335c27a0 88a6fc928660472a82483674fd5eb2ff 99a6d7b20d6f4b7caeed9e0f7adec561 - - default default] Successfully bumped revision number for resource f789ea3e-fda3-4fd9-a19a-fbb41e0de5cd (type: ports) to 1
2026-05-09 22:53:15.519 10 ERROR ovsdbapp.backend.ovs_idl.command [None req-bcde570d-3b88-44b8-b2fc-b6f38cbe2dc1 76600720549b4a5fab44800de1246e92 1d4952557458445aa88f1311e8f061af - - default default] Error executing command (DbGetCommand): ovsdbapp.backend.ovs_idl.idlutils.RowNotFound: Cannot find Logical_Router_Port with name=lrp-02bb4d3b-9544-460d-afcf-71b626636ce8
2026-05-09 22:53:15.519 10 ERROR ovsdbapp.backend.ovs_idl.command
Traceback (most recent call last):
2026-05-09 22:53:15.519 10 ERROR ovsdbapp.backend.ovs_idl.command
