2026-05-09 22:52:10.549 10 INFO neutron.wsgi [None req-ab9d4b5b-975a-414b-b52e-625945e5525f acf1c6fb49944771910a5ac259015927 424da1c30f9d4811a8ee272866887215 - - default default] 10.0.0.189 "PUT /v2.0/security-groups/8c93b893-204b-482f-8be4-c37bd1242be3/tags HTTP/1.1" status: 200 len: 210 time: 0.0340509
2026-05-09 22:52:10.586 10 INFO neutron.wsgi [None req-228b17e7-2298-4d8e-867c-e77f7359342e acf1c6fb49944771910a5ac259015927 424da1c30f9d4811a8ee272866887215 - - default default] 10.0.0.189 "PUT /v2.0/security-groups/73b29883-90fe-4b94-8099-ecdf0400f258/tags HTTP/1.1" status: 200 len: 218 time: 0.0305374
2026-05-09 22:52:10.590 9 INFO neutron.wsgi [None req-c2d58e22-5556-4742-bc27-f72220a83162 d409530b311048beae3ca99b59d063de e50ef304ba4b4dc0b869a4bc0ff84dd3 - - default default] 10.0.0.189 "GET /v2.0/networks/d7ed0d8e-0636-4449-b0eb-7dd8ee9144ea HTTP/1.1" status: 200 len: 847 time: 0.1229908
2026-05-09 22:52:10.627 10 INFO neutron.wsgi [None req-e329c36c-fafa-44bb-99d5-f77efe3d9143 acf1c6fb49944771910a5ac259015927 424da1c30f9d4811a8ee272866887215 - - default default] 10.0.0.189 "PUT /v2.0/security-groups/43e7064b-42ce-4429-b354-687f246ca052/tags HTTP/1.1" status: 200 len: 227 time: 0.0359483
2026-05-09 22:52:10.666 10 INFO neutron.plugins.ml2.drivers.ovn.mech_driver.mech_driver [None req-d9958fd4-08c2-4d53-9265-7b981d8368f2 - - - - - -] OVN reports status down for port: d66405aa-0db3-48c6-9f7f-7856d73d1bdb
2026-05-09 22:52:10.695 10 INFO neutron.wsgi [None req-31360371-8008-4d07-89fd-430b85745f46 acf1c6fb49944771910a5ac259015927 424da1c30f9d4811a8ee272866887215 - - default default] 10.0.0.189 "PUT /v2.0/security-groups/f1a60ea8-0638-44cb-b5d9-8fc34825dcc0/tags HTTP/1.1" status: 200 len: 212 time: 0.0545633
2026-05-09 22:52:10.698 9 INFO neutron.db.ovn_revision_numbers_db [None req-ada03f43-f5e0-4848-9129-228aace55798 f6bb3db5747a4862a8d47b5cff25ccda f741ad77b2dc44e1b2f8084a19e372b9 - - default default] Successfully bumped revision number for resource d66405aa-0db3-48c6-9f7f-7856d73d1bdb (type: ports) to 2
2026-05-09 22:52:10.701 9 INFO neutron.services.segments.plugin [-] Segment 20463db6-4a7a-456a-a385-9dc86ef34a97 resource provider aggregate not found
2026-05-09 22:52:10.706 9 INFO neutron.services.segments.plugin [-] Segment 20463db6-4a7a-456a-a385-9dc86ef34a97 resource provider aggregate not found
2026-05-09 22:52:10.719 9 INFO neutron.wsgi [None req-ada03f43-f5e0-4848-9129-228aace55798 f6bb3db5747a4862a8d47b5cff25ccda f741ad77b2dc44e1b2f8084a19e372b9 - - default default] 10.0.0.189 "PUT /v2.0/ports/d66405aa-0db3-48c6-9f7f-7856d73d1bdb HTTP/1.1" status: 200 len: 946 time: 0.3217802
2026-05-09 22:52:10.720 9 INFO neutron.services.segments.plugin [-] Segment 20463db6-4a7a-456a-a385-9dc86ef34a97 resource provider not found; error: Placement Client Error (4xx): {"errors": [{"status": 404, "title": "Not Found", "detail": "The resource could not be found.\n\n No resource provider with uuid 20463db6-4a7a-456a-a385-9dc86ef34a97 found for delete ", "request_id": "req-dba3b3ef-39f0-4bdd-83b6-9d27042024e2"}]}
2026-05-09 22:52:10.720 9 INFO neutron.services.segments.plugin [-] Segment 20463db6-4a7a-456a-a385-9dc86ef34a97 resource provider not found; error: Placement Client Error (4xx): {"errors": [{"status": 404, "title": "Not Found", "detail": "The resource could not be found.\n\n No resource provider with uuid 20463db6-4a7a-456a-a385-9dc86ef34a97 found for delete ", "request_id": "req-41c374ff-f954-4b36-9260-a5c361c38c8a"}]} /var/lib/openstack/lib/python3.10/site-packages/pycadf/identifier.py:71: UserWarning: Invalid uuid: neutron. To ensure interoperability, identifiers should be a valid uuid. warnings.warn(('Invalid uuid: %s. To ensure interoperability, '
2026-05-09 22:52:10.752 10 INFO neutron.wsgi [None req-aa1876a0-a667-4a12-9a94-e1925fbab1a6 acf1c6fb49944771910a5ac259015927 424da1c30f9d4811a8ee272866887215 - - default default] 10.0.0.189 "GET /v2.0/security-groups?tags=red HTTP/1.1" status: 200 len: 4999 time: 0.0499208
2026-05-09 22:52:10.795 10 INFO neutron.wsgi [None req-8ee23f5e-58ef-44d6-b877-2206fd858f15 acf1c6fb49944771910a5ac259015927 424da1c30f9d4811a8ee272866887215 - - default default] 10.0.0.189 "GET /v2.0/security-groups?tags=red%2Cblue HTTP/1.1" status: 200 len: 3413 time: 0.0374267
2026-05-09 22:52:10.842 10 INFO neutron.wsgi [None req-c478ecde-41e3-4c1e-8b19-4ba6caa69fa0 acf1c6fb49944771910a5ac259015927 424da1c30f9d4811a8ee272866887215 - - default default] 10.0.0.189 "GET /v2.0/security-groups?tags-any=blue HTTP/1.1" status: 200 len: 3413 time: 0.0423725
2026-05-09 22:52:10.885 10 INFO neutron.wsgi [None req-47f325ee-4485-4196-94c2-915b66da47e9 acf1c6fb49944771910a5ac259015927 424da1c30f9d4811a8ee272866887215 - - default default] 10.0.0.189 "GET /v2.0/security-groups?tags-any=red%2Cblue HTTP/1.1" status: 200 len: 4999 time: 0.0388353
2026-05-09 22:52:10.931 10 INFO neutron.wsgi [None req-22013940-7cdc-4194-b1ae-2ed1060da5ad acf1c6fb49944771910a5ac259015927 424da1c30f9d4811a8ee272866887215 - - default default] 10.0.0.189 "GET /v2.0/security-groups?not-tags=red HTTP/1.1" status: 200 len: 6289 time: 0.0414753
2026-05-09 22:52:10.992 10 INFO neutron.wsgi [None req-f979663e-25d6-49a7-8793-970d53095ac4 acf1c6fb49944771910a5ac259015927 424da1c30f9d4811a8ee272866887215 - - default default] 10.0.0.189 "GET /v2.0/security-groups?not-tags=red%2Cblue HTTP/1.1" status: 200 len: 7875 time: 0.0547109
2026-05-09 22:52:10.992 9 INFO neutron.wsgi [None req-b9100eab-e658-4bd7-9067-65303d2cb2ff f6bb3db5747a4862a8d47b5cff25ccda f741ad77b2dc44e1b2f8084a19e372b9 - - default default] 10.0.0.189 "DELETE /v2.0/ports/d66405aa-0db3-48c6-9f7f-7856d73d1bdb HTTP/1.1" status: 204 len: 168 time: 0.2682266
2026-05-09 22:52:11.041 9 INFO neutron.pecan_wsgi.hooks.translation [None req-6a5cb77d-b73d-469b-aa17-f76fe16c3eba 9ba52f581bf3489aa537c0534aa73462 85c5a7e71c254f2487979a9f20ef3f55 - - default default] GET failed (client error): The resource could not be found.
2026-05-09 22:52:11.043 9 INFO neutron.wsgi [None req-6a5cb77d-b73d-469b-aa17-f76fe16c3eba 9ba52f581bf3489aa537c0534aa73462 85c5a7e71c254f2487979a9f20ef3f55 - - default default] 10.0.0.189 "GET /v2.0/networks/d7ed0d8e-0636-4449-b0eb-7dd8ee9144ea HTTP/1.1" status: 404 len: 339 time: 0.0641236
2026-05-09 22:52:11.055 10 INFO neutron.wsgi [None req-4b3a5dba-46da-4265-9bf0-eca6cdfe4b81 acf1c6fb49944771910a5ac259015927 424da1c30f9d4811a8ee272866887215 - - default default] 10.0.0.189 "GET /v2.0/security-groups?not-tags-any=blue HTTP/1.1" status: 200 len: 7875 time: 0.0590222
2026-05-09 22:52:11.064 9 INFO neutron.wsgi [None req-a45bb057-6d17-4f11-8cd7-b34483ec3c7e f6bb3db5747a4862a8d47b5cff25ccda f741ad77b2dc44e1b2f8084a19e372b9 - - default default] 10.0.0.189 "GET /v2.0/ports HTTP/1.1" status: 200 len: 1729 time: 0.0677769
2026-05-09 22:52:11.086 9 INFO neutron.pecan_wsgi.hooks.translation [None req-f7aa7fb2-539e-4078-96e9-a971533a43e3 f6bb3db5747a4862a8d47b5cff25ccda f741ad77b2dc44e1b2f8084a19e372b9 - - default default] GET failed (client error): The resource could not be found.
2026-05-09 22:52:11.088 9 INFO neutron.wsgi [None req-f7aa7fb2-539e-4078-96e9-a971533a43e3 f6bb3db5747a4862a8d47b5cff25ccda f741ad77b2dc44e1b2f8084a19e372b9 - - default default] 10.0.0.189 "GET /v2.0/ports/d66405aa-0db3-48c6-9f7f-7856d73d1bdb HTTP/1.1" status: 404 len: 333 time: 0.0166535
2026-05-09 22:52:11.127 10 INFO neutron.wsgi [None req-cd0754f4-f032-4b34-a2eb-530a0dc5dfa1 acf1c6fb49944771910a5ac259015927 424da1c30f9d4811a8ee272866887215 - - default default] 10.0.0.189 "GET /v2.0/security-groups?not-tags-any=red%2Cblue HTTP/1.1" status: 200 len: 6289 time: 0.0642583
2026-05-09 22:52:11.136 9 INFO neutron.wsgi [None req-f5f16dfa-46a5-45d8-9344-29a6cde4fa8f f6bb3db5747a4862a8d47b5cff25ccda f741ad77b2dc44e1b2f8084a19e372b9 - - default default] 10.0.0.189 "GET /v2.0/ports HTTP/1.1" status: 200 len: 1729 time: 0.0413442
2026-05-09 22:52:11.240 10 INFO neutron.wsgi [None req-c53949d0-3388-46c0-9ef7-1fe75085d0aa f6bb3db5747a4862a8d47b5cff25ccda f741ad77b2dc44e1b2f8084a19e372b9 - - default default] 10.0.0.189 "GET /v2.0/ports/d6b22a8e-be26-4124-a38d-42f739d0bb34 HTTP/1.1" status: 200 len: 969 time: 0.0964401
2026-05-09 22:52:11.269 9 INFO neutron.pecan_wsgi.hooks.translation [None req-60c0fe87-4518-48f9-b969-aa1aedf22f9b f6bb3db5747a4862a8d47b5cff25ccda f741ad77b2dc44e1b2f8084a19e372b9 - - default default] DELETE failed (client error): The resource could not be found.
2026-05-09 22:52:11.272 9 INFO neutron.wsgi [None req-60c0fe87-4518-48f9-b969-aa1aedf22f9b f6bb3db5747a4862a8d47b5cff25ccda f741ad77b2dc44e1b2f8084a19e372b9 - - default default] 10.0.0.189 "DELETE /v2.0/ports/69a69e99-b3cc-4474-bed3-dfe21b9dea72 HTTP/1.1" status: 404 len: 333 time: 0.0243192
2026-05-09 22:52:11.293 9 INFO neutron.pecan_wsgi.hooks.translation [None req-562b3949-5fa0-47c6-ae80-cbde5203b92e f6bb3db5747a4862a8d47b5cff25ccda f741ad77b2dc44e1b2f8084a19e372b9 - - default default] DELETE failed (client error): The resource could not be found.
2026-05-09 22:52:11.296 9 INFO neutron.wsgi [None req-562b3949-5fa0-47c6-ae80-cbde5203b92e f6bb3db5747a4862a8d47b5cff25ccda f741ad77b2dc44e1b2f8084a19e372b9 - - default default] 10.0.0.189 "DELETE /v2.0/subnets/99ee1557-673c-442a-96c8-158606d825ae HTTP/1.1" status: 404 len: 337 time: 0.0190637
2026-05-09 22:52:11.322 9 INFO neutron.pecan_wsgi.hooks.translation [None req-8b92f967-1d8e-4b28-8e7e-90e92ce5b337 f6bb3db5747a4862a8d47b5cff25ccda f741ad77b2dc44e1b2f8084a19e372b9 - - default default] DELETE failed (client error): The resource could not be found.
2026-05-09 22:52:11.325 9 INFO neutron.wsgi [None req-8b92f967-1d8e-4b28-8e7e-90e92ce5b337 f6bb3db5747a4862a8d47b5cff25ccda f741ad77b2dc44e1b2f8084a19e372b9 - - default default] 10.0.0.189 "DELETE /v2.0/subnets/e59499b5-a600-47c1-88bb-e9905d3d3583 HTTP/1.1" status: 404 len: 337 time: 0.0239613
2026-05-09 22:52:11.325 10 INFO neutron.wsgi [None req-815d189d-d0b7-49fd-aca4-18585f74755b acf1c6fb49944771910a5ac259015927 424da1c30f9d4811a8ee272866887215 - - default default] 10.0.0.189 "DELETE /v2.0/security-groups/8c93b893-204b-482f-8be4-c37bd1242be3 HTTP/1.1" status: 204 len: 168 time: 0.1913307
2026-05-09 22:52:11.499 9 INFO neutron.wsgi [None req-66bfb6a9-fc58-486b-9eab-97018a95168b acf1c6fb49944771910a5ac259015927 424da1c30f9d4811a8ee272866887215 - - default default] 10.0.0.189 "DELETE /v2.0/security-groups/73b29883-90fe-4b94-8099-ecdf0400f258 HTTP/1.1" status: 204 len: 168 time: 0.1684818
2026-05-09 22:52:11.627 9 INFO neutron.wsgi [None req-2ee808cb-58d0-4c69-85a0-0d63bfe82098 f6bb3db5747a4862a8d47b5cff25ccda f741ad77b2dc44e1b2f8084a19e372b9 - - default default] 10.0.0.189 "DELETE /v2.0/ports/d6b22a8e-be26-4124-a38d-42f739d0bb34 HTTP/1.1" status: 204 len: 168 time: 0.2967222
2026-05-09 22:52:11.669 9 INFO neutron.wsgi [None req-7e5e7fca-df69-435f-84ef-de27fc435255 acf1c6fb49944771910a5ac259015927 424da1c30f9d4811a8ee272866887215 - - default default] 10.0.0.189 "DELETE /v2.0/security-groups/43e7064b-42ce-4429-b354-687f246ca052 HTTP/1.1" status: 204 len: 168 time: 0.1636784
2026-05-09 22:52:11.679 10 INFO neutron.services.segments.plugin [-] Segment 331703f6-0347-4a15-a4ae-b73bbf578171 resource provider aggregate not found
2026-05-09 22:52:11.683 10 INFO neutron.services.segments.plugin [-] Segment 331703f6-0347-4a15-a4ae-b73bbf578171 resource provider aggregate not found
2026-05-09 22:52:11.699 10 INFO neutron.services.segments.plugin [-] Segment 331703f6-0347-4a15-a4ae-b73bbf578171 resource provider not found; error: Placement Client Error (4xx): {"errors": [{"status": 404, "title": "Not Found", "detail": "The resource could not be found.\n\n No resource provider with uuid 331703f6-0347-4a15-a4ae-b73bbf578171 found for delete ", "request_id": "req-d83432bf-b78f-42f9-9d85-5ae7a5bdf566"}]}
2026-05-09 22:52:11.700 10 INFO neutron.services.segments.plugin [-] Segment 331703f6-0347-4a15-a4ae-b73bbf578171 resource provider not found; error: Placement Client Error (4xx): {"errors": [{"status": 404, "title": "Not Found", "detail": "The resource could not be found.\n\n No resource provider with uuid 331703f6-0347-4a15-a4ae-b73bbf578171 found for delete ", "request_id": "req-e8862b9c-af6e-4039-93c1-d89510cdfa9a"}]}
2026-05-09 22:52:11.717 10 INFO neutron.wsgi [None req-be8bb792-3d38-41f3-8a81-ba33dde691da 86752e1076354daeb3c3670696db1572 037ced4e44994440923810b72b147069 - - default default] 10.0.0.189 "DELETE /v2.0/networks/d7ed0d8e-0636-4449-b0eb-7dd8ee9144ea HTTP/1.1" status: 204 len: 168 time: 0.6693251
2026-05-09 22:52:11.740 10 INFO neutron.pecan_wsgi.hooks.translation [None req-1103cf5b-5f37-45ee-b6d4-4316f97441ea 86752e1076354daeb3c3670696db1572 037ced4e44994440923810b72b147069 - - default default] DELETE failed (client error): The resource could not be found.
2026-05-09 22:52:11.743 10 INFO neutron.wsgi [None req-1103cf5b-5f37-45ee-b6d4-4316f97441ea 86752e1076354daeb3c3670696db1572 037ced4e44994440923810b72b147069 - - default default] 10.0.0.189 "DELETE /v2.0/subnets/d4002097-ecee-4880-8cd8-b5beac07d5d5 HTTP/1.1" status: 404 len: 337 time: 0.0174754
2026-05-09 22:52:11.762 10 INFO neutron.pecan_wsgi.hooks.translation [None req-a22ce530-2f3f-483e-89fd-06b82c916618 86752e1076354daeb3c3670696db1572 037ced4e44994440923810b72b147069 - - default default] DELETE failed (client error): The resource could not be found.
2026-05-09 22:52:11.765 10 INFO neutron.wsgi [None req-a22ce530-2f3f-483e-89fd-06b82c916618 86752e1076354daeb3c3670696db1572 037ced4e44994440923810b72b147069 - - default default] 10.0.0.189 "DELETE /v2.0/subnets/81855909-2c50-40d6-973e-6a9b0714fd54 HTTP/1.1" status: 404 len: 337 time: 0.0164340
2026-05-09 22:52:11.783 10 INFO neutron.pecan_wsgi.hooks.translation [None req-1093c370-9c84-4113-a804-966a621b9e02 86752e1076354daeb3c3670696db1572 037ced4e44994440923810b72b147069 - - default default] DELETE failed (client error): The resource could not be found.
2026-05-09 22:52:11.786 10 INFO neutron.wsgi [None req-1093c370-9c84-4113-a804-966a621b9e02 86752e1076354daeb3c3670696db1572 037ced4e44994440923810b72b147069 - - default default] 10.0.0.189 "DELETE /v2.0/subnets/4502feef-9886-4949-8457-e2a6d4b62c7e HTTP/1.1" status: 404 len: 337 time: 0.0159645
2026-05-09 22:52:11.822 9 INFO neutron.wsgi [None req-d4658055-d01b-419e-9e32-28433ebd329b acf1c6fb49944771910a5ac259015927 424da1c30f9d4811a8ee272866887215 - - default default] 10.0.0.189 "DELETE /v2.0/security-groups/f1a60ea8-0638-44cb-b5d9-8fc34825dcc0 HTTP/1.1" status: 204 len: 168 time: 0.1471968
2026-05-09 22:52:11.938 10 INFO neutron.wsgi [None req-d730a4c3-2ed0-44f0-b305-108546f01705 acf1c6fb49944771910a5ac259015927 424da1c30f9d4811a8ee272866887215 - - default default] 10.0.0.189 "DELETE /v2.0/security-groups/e55c2192-4e0d-4b3e-9e58-60ee7290f99e HTTP/1.1" status: 204 len: 168 time: 0.1109931
2026-05-09 22:52:12.067 9 INFO neutron.wsgi [None req-fc25eeb4-4957-44b4-9001-896a7bde8469 f6bb3db5747a4862a8d47b5cff25ccda f741ad77b2dc44e1b2f8084a19e372b9 - - default default] 10.0.0.189 "DELETE /v2.0/networks/d5b479a4-435a-4053-bdff-7a752d7c75ef HTTP/1.1" status: 204 len: 168 time: 0.4368377
2026-05-09 22:52:12.744 9 INFO neutron.services.segments.plugin [-] Segment d21555e9-82fb-42b3-a4f8-c244698f494e resource provider aggregate not found
2026-05-09 22:52:12.752 9 INFO neutron.services.segments.plugin [-] Segment d21555e9-82fb-42b3-a4f8-c244698f494e resource provider aggregate not found
2026-05-09 22:52:12.761 9 INFO neutron.services.segments.plugin [-] Segment d21555e9-82fb-42b3-a4f8-c244698f494e resource provider not found; error: Placement Client Error (4xx): {"errors": [{"status": 404, "title": "Not Found", "detail": "The resource could not be found.\n\n No resource provider with uuid d21555e9-82fb-42b3-a4f8-c244698f494e found for delete ", "request_id": "req-ea243e24-c5ec-407f-a075-65cf349b1b97"}]}
2026-05-09 22:52:12.764 10 INFO neutron.wsgi [None req-eb6b6caf-eee8-44ab-95a3-5fbd8b0e3558 e63ab23ec7d6481db4b758a6d2e5ffd9 3aee92eba8c04df6ba82301477145736 - - default default] 10.0.0.189 "GET /v2.0/security-groups?tenant_id=f741ad77b2dc44e1b2f8084a19e372b9&name=default HTTP/1.1" status: 200 len: 3120 time: 0.1642532
2026-05-09 22:52:12.766 9 INFO neutron.services.segments.plugin [-] Segment d21555e9-82fb-42b3-a4f8-c244698f494e resource provider not found; error: Placement Client Error (4xx): {"errors": [{"status": 404, "title": "Not Found", "detail": "The resource could not be found.\n\n No resource provider with uuid d21555e9-82fb-42b3-a4f8-c244698f494e found for delete ", "request_id": "req-d87d27ef-296e-426d-9a76-05a22a32bd5c"}]}
2026-05-09 22:52:12.822 10 INFO neutron.db.ovn_revision_numbers_db [None req-fd49aa6c-6fb2-4cbf-913e-eddc9a29ea7b e63ab23ec7d6481db4b758a6d2e5ffd9 3aee92eba8c04df6ba82301477145736 - - default default] Successfully bumped revision number for resource 5cb25fc3-6349-4a67-80fb-6961233fe031 (type: security_groups) to 1
2026-05-09 22:52:12.838 10 INFO neutron.db.ovn_revision_numbers_db [None req-fd49aa6c-6fb2-4cbf-913e-eddc9a29ea7b e63ab23ec7d6481db4b758a6d2e5ffd9 3aee92eba8c04df6ba82301477145736 - - default default] Successfully bumped revision number for resource 4e375479-40d0-462d-adf5-979fe0bccd23 (type: security_group_rules) to 0
2026-05-09 22:52:12.853 10 INFO neutron.db.ovn_revision_numbers_db [None req-fd49aa6c-6fb2-4cbf-913e-eddc9a29ea7b e63ab23ec7d6481db4b758a6d2e5ffd9 3aee92eba8c04df6ba82301477145736 - - default default] Successfully bumped revision number for resource 7108b779-7a2b-468e-97f0-94f2f38d14ea (type: security_group_rules) to 0
2026-05-09 22:52:12.877 10 INFO neutron.db.ovn_revision_numbers_db [None req-fd49aa6c-6fb2-4cbf-913e-eddc9a29ea7b e63ab23ec7d6481db4b758a6d2e5ffd9 3aee92eba8c04df6ba82301477145736 - - default default] Successfully bumped revision number for resource c8266204-8e31-4269-ba05-389e1004ac2b (type: security_group_rules) to 0
2026-05-09 22:52:12.897 10 INFO neutron.db.ovn_revision_numbers_db [None req-fd49aa6c-6fb2-4cbf-913e-eddc9a29ea7b e63ab23ec7d6481db4b758a6d2e5ffd9 3aee92eba8c04df6ba82301477145736 - - default default] Successfully bumped revision number for resource ca0ec373-35ec-4109-bbf3-17354fb4472d (type: security_group_rules) to 0
2026-05-09 22:52:12.924 10 INFO neutron.wsgi [None req-fd49aa6c-6fb2-4cbf-913e-eddc9a29ea7b e63ab23ec7d6481db4b758a6d2e5ffd9 3aee92eba8c04df6ba82301477145736 - - default default] 10.0.0.189 "GET /v2.0/security-groups?tenant_id=e50ef304ba4b4dc0b869a4bc0ff84dd3&name=default HTTP/1.1" status: 200 len: 3120 time: 0.3518407
2026-05-09 22:52:12.985 10 INFO neutron.db.ovn_revision_numbers_db [None req-128bb8d9-3aac-4683-a7d5-f7870350e86a e63ab23ec7d6481db4b758a6d2e5ffd9 3aee92eba8c04df6ba82301477145736 - - default default] Successfully bumped revision number for resource 493b43d5-5631-4a82-a86a-3268a8afb95b (type: security_groups) to 1
2026-05-09 22:52:12.998 10 INFO neutron.db.ovn_revision_numbers_db [None req-128bb8d9-3aac-4683-a7d5-f7870350e86a e63ab23ec7d6481db4b758a6d2e5ffd9 3aee92eba8c04df6ba82301477145736 - - default default] Successfully bumped revision number for resource 0090d60e-7050-4c92-b55c-20865ecdccf2 (type: security_group_rules) to 0
2026-05-09 22:52:13.010 10 INFO neutron.db.ovn_revision_numbers_db [None req-128bb8d9-3aac-4683-a7d5-f7870350e86a e63ab23ec7d6481db4b758a6d2e5ffd9 3aee92eba8c04df6ba82301477145736 - - default default] Successfully bumped revision number for resource 4d30af2f-ba87-4432-81e1-69e3d9981573 (type: security_group_rules) to 0
2026-05-09 22:52:13.025 10 INFO neutron.db.ovn_revision_numbers_db [None req-128bb8d9-3aac-4683-a7d5-f7870350e86a e63ab23ec7d6481db4b758a6d2e5ffd9 3aee92eba8c04df6ba82301477145736 - - default default] Successfully bumped revision number for resource 9d8abb6e-9cad-455b-a963-c47d85abcc7f (type: security_group_rules) to 0
2026-05-09 22:52:13.038 10 INFO neutron.db.ovn_revision_numbers_db [None req-128bb8d9-3aac-4683-a7d5-f7870350e86a e63ab23ec7d6481db4b758a6d2e5ffd9 3aee92eba8c04df6ba82301477145736 - - default default] Successfully bumped revision number for resource bcac180a-0d1e-4d17-b7c0-2f3ce14a15c6 (type: security_group_rules) to 0
2026-05-09 22:52:13.041 9 INFO neutron.wsgi [None req-45297e3f-f204-4a53-88e8-60e6c9e482d8 e63ab23ec7d6481db4b758a6d2e5ffd9 3aee92eba8c04df6ba82301477145736 - - default default] 10.0.0.189 "DELETE /v2.0/security-groups/2d55c6a1-6477-425c-aba5-09e49a0f3177 HTTP/1.1" status: 204 len: 168 time: 0.2726066
2026-05-09 22:52:13.070 10 INFO neutron.wsgi [None req-128bb8d9-3aac-4683-a7d5-f7870350e86a e63ab23ec7d6481db4b758a6d2e5ffd9 3aee92eba8c04df6ba82301477145736 - - default default] 10.0.0.189 "GET /v2.0/security-groups?tenant_id=45ce6aca251a4509b42dd0ddb28359c9&name=default HTTP/1.1" status: 200 len: 3120 time: 0.2546551
2026-05-09 22:52:13.195 9 INFO neutron.wsgi [None req-8613fcaf-3c7b-4cfd-a7b8-d3273c8cd04e e63ab23ec7d6481db4b758a6d2e5ffd9 3aee92eba8c04df6ba82301477145736 - - default default] 10.0.0.189 "DELETE /v2.0/security-groups/5cb25fc3-6349-4a67-80fb-6961233fe031 HTTP/1.1" status: 204 len: 168 time: 0.2641499
2026-05-09 22:52:13.320 9 INFO neutron.wsgi [None req-ac651182-9f8a-438b-9f27-cb2983360564 e63ab23ec7d6481db4b758a6d2e5ffd9 3aee92eba8c04df6ba82301477145736 - - default default] 10.0.0.189 "DELETE /v2.0/security-groups/493b43d5-5631-4a82-a86a-3268a8afb95b HTTP/1.1" status: 204 len: 168 time: 0.2434032
2026-05-09 22:52:13.392 10 INFO neutron.wsgi [None req-6f186a27-d8c5-486f-9ef9-54983f9e6a4f e63ab23ec7d6481db4b758a6d2e5ffd9 3aee92eba8c04df6ba82301477145736 - - default default] 10.0.0.189 "GET /v2.0/security-groups?tenant_id=037ced4e44994440923810b72b147069&name=default HTTP/1.1" status: 200 len: 3120 time: 0.0469742
2026-05-09 22:52:13.628 10 INFO neutron.db.ovn_revision_numbers_db [None req-c1b045a4-b79e-416b-88b5-a16eeb62e3e7 e63ab23ec7d6481db4b758a6d2e5ffd9 3aee92eba8c04df6ba82301477145736 - - default default] Successfully bumped revision number for resource 88b575fc-b748-433d-949d-ccc1a411856b (type: security_groups) to 1
2026-05-09 22:52:13.633 10 INFO neutron.wsgi [None req-50eee9f8-f6a1-4fe4-87b0-3e308188c8ef e63ab23ec7d6481db4b758a6d2e5ffd9 3aee92eba8c04df6ba82301477145736 - - default default] 10.0.0.189 "DELETE /v2.0/security-groups/c2c525f7-9950-4752-ae93-efd1f057df9f HTTP/1.1" status: 204 len: 168 time: 0.2364261
2026-05-09 22:52:13.645 10 INFO neutron.db.ovn_revision_numbers_db [None req-c1b045a4-b79e-416b-88b5-a16eeb62e3e7 e63ab23ec7d6481db4b758a6d2e5ffd9 3aee92eba8c04df6ba82301477145736 - - default default] Successfully bumped revision number for resource 16846aac-003f-454d-a389-4d12e7c00da7 (type: security_group_rules) to 0
2026-05-09 22:52:13.660 10 INFO neutron.db.ovn_revision_numbers_db [None req-c1b045a4-b79e-416b-88b5-a16eeb62e3e7 e63ab23ec7d6481db4b758a6d2e5ffd9 3aee92eba8c04df6ba82301477145736 - - default default] Successfully bumped revision number for resource 676c34ed-7e83-413f-a0b6-2ecee6264064 (type: security_group_rules) to 0
2026-05-09 22:52:13.673 10 INFO neutron.db.ovn_revision_numbers_db [None req-c1b045a4-b79e-416b-88b5-a16eeb62e3e7 e63ab23ec7d6481db4b758a6d2e5ffd9 3aee92eba8c04df6ba82301477145736 - - default default] Successfully bumped revision number for resource 8799fd62-1e24-4980-818d-dd0edf11e8e5 (type: security_group_rules) to 0
2026-05-09 22:52:13.689 10 INFO neutron.db.ovn_revision_numbers_db [None req-c1b045a4-b79e-416b-88b5-a16eeb62e3e7 e63ab23ec7d6481db4b758a6d2e5ffd9 3aee92eba8c04df6ba82301477145736 - - default default] Successfully bumped revision number for resource d2b2fa18-956a-4979-b790-d1a538862178 (type: security_group_rules) to 0
2026-05-09 22:52:13.710 10 INFO neutron.wsgi [None req-c1b045a4-b79e-416b-88b5-a16eeb62e3e7 e63ab23ec7d6481db4b758a6d2e5ffd9 3aee92eba8c04df6ba82301477145736 - - default default] 10.0.0.189 "GET /v2.0/security-groups?tenant_id=4add31664e924249a7a1514c048a6b55&name=default HTTP/1.1" status: 200 len: 3120 time: 0.2195501
2026-05-09 22:52:13.952 10 INFO neutron.wsgi [None req-795b5a6a-f265-4d1b-8897-7bd814c34649 e63ab23ec7d6481db4b758a6d2e5ffd9 3aee92eba8c04df6ba82301477145736 - - default default] 10.0.0.189 "DELETE /v2.0/security-groups/88b575fc-b748-433d-949d-ccc1a411856b HTTP/1.1" status: 204 len: 168 time: 0.2362111
2026-05-09 22:52:13.992 9 INFO neutron.db.ovn_revision_numbers_db [None req-a8fa2ce5-e4fe-4dec-abea-27fc43f95e8e e63ab23ec7d6481db4b758a6d2e5ffd9 3aee92eba8c04df6ba82301477145736 - - default default] Successfully bumped revision number for resource 425a6eb9-bde8-4ded-a553-c8a9704e15c9 (type: security_groups) to 1
2026-05-09 22:52:14.006 9 INFO neutron.db.ovn_revision_numbers_db [None req-a8fa2ce5-e4fe-4dec-abea-27fc43f95e8e e63ab23ec7d6481db4b758a6d2e5ffd9 3aee92eba8c04df6ba82301477145736 - - default default] Successfully bumped revision number for resource 10fc30fa-ced0-4aae-8c31-30267620cd3b (type: security_group_rules) to 0
2026-05-09 22:52:14.029 9 INFO neutron.db.ovn_revision_numbers_db [None req-a8fa2ce5-e4fe-4dec-abea-27fc43f95e8e e63ab23ec7d6481db4b758a6d2e5ffd9 3aee92eba8c04df6ba82301477145736 - - default default] Successfully bumped revision number for resource 627edba5-3314-43a9-82de-f7abdf2b584b (type: security_group_rules) to 0
2026-05-09 22:52:14.042 9 INFO neutron.db.ovn_revision_numbers_db [None req-a8fa2ce5-e4fe-4dec-abea-27fc43f95e8e e63ab23ec7d6481db4b758a6d2e5ffd9 3aee92eba8c04df6ba82301477145736 - - default default] Successfully bumped revision number for resource 9506dae1-4c43-4a66-8da2-c4738f1c8f16 (type: security_group_rules) to 0
2026-05-09 22:52:14.060 9 INFO neutron.db.ovn_revision_numbers_db [None req-a8fa2ce5-e4fe-4dec-abea-27fc43f95e8e e63ab23ec7d6481db4b758a6d2e5ffd9 3aee92eba8c04df6ba82301477145736 - - default default] Successfully bumped revision number for resource a0326594-7a93-4041-98b2-187ca410c3f4 (type: security_group_rules) to 0
2026-05-09 22:52:14.080 9 INFO neutron.wsgi [None req-a8fa2ce5-e4fe-4dec-abea-27fc43f95e8e e63ab23ec7d6481db4b758a6d2e5ffd9 3aee92eba8c04df6ba82301477145736 - - default default] 10.0.0.189 "GET /v2.0/security-groups?tenant_id=85c5a7e71c254f2487979a9f20ef3f55&name=default HTTP/1.1" status: 200 len: 3120 time: 0.2642765
2026-05-09 22:52:14.139 10 INFO neutron.wsgi [None req-f2cf53f2-341c-45cf-bb3d-a66d2b952ba6 e63ab23ec7d6481db4b758a6d2e5ffd9 3aee92eba8c04df6ba82301477145736 - - default default] 10.0.0.189 "GET /v2.0/security-groups?tenant_id=424da1c30f9d4811a8ee272866887215&name=default HTTP/1.1" status: 200 len: 3120 time: 0.0600441
2026-05-09 22:52:14.325 9 INFO neutron.wsgi [None req-41b3dd16-1bc5-4604-8883-463dc065134b e63ab23ec7d6481db4b758a6d2e5ffd9 3aee92eba8c04df6ba82301477145736 - - default default] 10.0.0.189 "DELETE /v2.0/security-groups/425a6eb9-bde8-4ded-a553-c8a9704e15c9 HTTP/1.1" status: 204 len: 168 time: 0.2386317
2026-05-09 22:52:14.374 10 INFO neutron.wsgi [None req-9f1ae001-6840-4c52-a360-7388e33775bb e63ab23ec7d6481db4b758a6d2e5ffd9 3aee92eba8c04df6ba82301477145736 - - default default] 10.0.0.189 "DELETE /v2.0/security-groups/557c45ff-c9b5-435f-9b57-78b02694ff79 HTTP/1.1" status: 204 len: 168 time: 0.2257278
2026-05-09 22:52:14.844 10 WARNING neutron_lib.context [None req-ca120696-4017-4ca1-a648-41086f505591 adfd773d9c1a46478e10d69f7405d8f9 6898710043bd44bb9f9c5969f67b1462 - - default default] Method 'is_advsvc' is deprecated since 2023.2 release (neutron-lib 3.8.0) and will be removed once support for the old RBAC API policies will be removed from Neutron. Please use method 'is_service_role' instead.
2026-05-09 22:52:14.993 10 INFO neutron.db.ovn_revision_numbers_db [None req-ca120696-4017-4ca1-a648-41086f505591 adfd773d9c1a46478e10d69f7405d8f9 6898710043bd44bb9f9c5969f67b1462 - - default default] Successfully bumped revision number for resource 3227ac21-9bf4-4632-b4c4-c327cc53fdf4 (type: security_groups) to 1
2026-05-09 22:52:15.007 10 INFO neutron.db.ovn_revision_numbers_db [None req-ca120696-4017-4ca1-a648-41086f505591 adfd773d9c1a46478e10d69f7405d8f9 6898710043bd44bb9f9c5969f67b1462 - - default default] Successfully bumped revision number for resource 18ed9695-0029-455b-a4bf-043db92f6810 (type: security_group_rules) to 0
2026-05-09 22:52:15.019 10 INFO neutron.db.ovn_revision_numbers_db [None req-ca120696-4017-4ca1-a648-41086f505591 adfd773d9c1a46478e10d69f7405d8f9 6898710043bd44bb9f9c5969f67b1462 - - default default] Successfully bumped revision number for resource 43a307eb-cdb6-4f3d-90c3-d47db84c6b37 (type: security_group_rules) to 0
2026-05-09 22:52:15.032 10 INFO neutron.db.ovn_revision_numbers_db [None req-ca120696-4017-4ca1-a648-41086f505591 adfd773d9c1a46478e10d69f7405d8f9 6898710043bd44bb9f9c5969f67b1462 - - default default] Successfully bumped revision number for resource 9161c507-dc4f-41b2-a1d7-56c5e0ccd1cd (type: security_group_rules) to 0
2026-05-09 22:52:15.043 10 INFO neutron.db.ovn_revision_numbers_db [None req-ca120696-4017-4ca1-a648-41086f505591 adfd773d9c1a46478e10d69f7405d8f9 6898710043bd44bb9f9c5969f67b1462 - - default default] Successfully bumped revision number for resource dba7d45f-5831-4365-b168-3823abfdff09 (type: security_group_rules) to 0
2026-05-09 22:52:15.107 10 INFO neutron.db.segments_db [None req-ca120696-4017-4ca1-a648-41086f505591 adfd773d9c1a46478e10d69f7405d8f9 6898710043bd44bb9f9c5969f67b1462 - - default default] Added segment 9cf14aba-7236-4344-82dc-bc7a6924e6a6 of type geneve for network 8e5489ad-6ce5-4ae6-b8de-8b263165f8bd
2026-05-09 22:52:15.249 10 INFO neutron.db.ovn_revision_numbers_db [None req-ca120696-4017-4ca1-a648-41086f505591 adfd773d9c1a46478e10d69f7405d8f9 6898710043bd44bb9f9c5969f67b1462 - - default default] Successfully bumped revision number for resource 8e5489ad-6ce5-4ae6-b8de-8b263165f8bd (type: networks) to 1
2026-05-09 22:52:15.404 10 WARNING neutron.scheduler.dhcp_agent_scheduler [None req-ca120696-4017-4ca1-a648-41086f505591 adfd773d9c1a46478e10d69f7405d8f9 6898710043bd44bb9f9c5969f67b1462 - - default default] No more DHCP agents
2026-05-09 22:52:15.406 10 WARNING neutron.api.rpc.agentnotifiers.dhcp_rpc_agent_api [None req-ca120696-4017-4ca1-a648-41086f505591 adfd773d9c1a46478e10d69f7405d8f9 6898710043bd44bb9f9c5969f67b1462 - - default default] Unable to schedule network 8e5489ad-6ce5-4ae6-b8de-8b263165f8bd: no agents available; will retry on subsequent port and subnet creation events.
2026-05-09 22:52:15.490 10 INFO neutron.db.ovn_revision_numbers_db [None req-ca120696-4017-4ca1-a648-41086f505591 adfd773d9c1a46478e10d69f7405d8f9 6898710043bd44bb9f9c5969f67b1462 - - default default] Successfully bumped revision number for resource 64b521ef-10fa-4c92-b2bd-c20cacf455e3 (type: ports) to 1
2026-05-09 22:52:15.514 10 INFO neutron.wsgi [None req-ca120696-4017-4ca1-a648-41086f505591 adfd773d9c1a46478e10d69f7405d8f9 6898710043bd44bb9f9c5969f67b1462 - - default default] 10.0.0.189 "POST /v2.0/networks HTTP/1.1" status: 201 len: 828 time: 0.7667236
2026-05-09 22:52:15.524 10 WARNING neutron_lib.context [None req-88da3940-8755-4bde-97e2-1ee078bcfe3f adfd773d9c1a46478e10d69f7405d8f9 6898710043bd44bb9f9c5969f67b1462 - - default default] Method 'is_advsvc' is deprecated since 2023.2 release (neutron-lib 3.8.0) and will be removed once support for the old RBAC API policies will be removed from Neutron. Please use method 'is_service_role' instead.
2026-05-09 22:52:15.625 10 INFO neutron.db.segments_db [None req-88da3940-8755-4bde-97e2-1ee078bcfe3f adfd773d9c1a46478e10d69f7405d8f9 6898710043bd44bb9f9c5969f67b1462 - - default default] Added segment 5b5b44e6-03fd-4fd3-8c5d-4b3889589984 of type geneve for network bc76b765-a505-47e3-a1c3-01697d3b31c3
2026-05-09 22:52:15.783 10 INFO neutron.db.ovn_revision_numbers_db [None req-88da3940-8755-4bde-97e2-1ee078bcfe3f adfd773d9c1a46478e10d69f7405d8f9 6898710043bd44bb9f9c5969f67b1462 - - default default] Successfully bumped revision number for resource bc76b765-a505-47e3-a1c3-01697d3b31c3 (type: networks) to 1
2026-05-09 22:52:15.950 10 WARNING neutron.scheduler.dhcp_agent_scheduler [None req-88da3940-8755-4bde-97e2-1ee078bcfe3f adfd773d9c1a46478e10d69f7405d8f9 6898710043bd44bb9f9c5969f67b1462 - - default default] No more DHCP agents
2026-05-09 22:52:15.952 10 WARNING neutron.api.rpc.agentnotifiers.dhcp_rpc_agent_api [None req-88da3940-8755-4bde-97e2-1ee078bcfe3f adfd773d9c1a46478e10d69f7405d8f9 6898710043bd44bb9f9c5969f67b1462 - - default default] Unable to schedule network bc76b765-a505-47e3-a1c3-01697d3b31c3: no agents available; will retry on subsequent port and subnet creation events.
2026-05-09 22:52:16.257 10 INFO neutron.db.ovn_revision_numbers_db [None req-88da3940-8755-4bde-97e2-1ee078bcfe3f adfd773d9c1a46478e10d69f7405d8f9 6898710043bd44bb9f9c5969f67b1462 - - default default] Successfully bumped revision number for resource 228ce18f-c318-4561-9ec8-6665a9e7088b (type: ports) to 1
2026-05-09 22:52:16.276 10 INFO neutron.wsgi [None req-88da3940-8755-4bde-97e2-1ee078bcfe3f adfd773d9c1a46478e10d69f7405d8f9 6898710043bd44bb9f9c5969f67b1462 - - default default] 10.0.0.189 "POST /v2.0/networks HTTP/1.1" status: 201 len: 828 time: 0.7572668
2026-05-09 22:52:16.286 10 WARNING neutron_lib.context [None req-82ae926d-93dd-4c2f-b084-b86bb508bdfa adfd773d9c1a46478e10d69f7405d8f9 6898710043bd44bb9f9c5969f67b1462 - - default default] Method 'is_advsvc' is deprecated since 2023.2 release (neutron-lib 3.8.0) and will be removed once support for the old RBAC API policies will be removed from Neutron. Please use method 'is_service_role' instead.
2026-05-09 22:52:16.494 10 WARNING neutron.scheduler.dhcp_agent_scheduler [None req-82ae926d-93dd-4c2f-b084-b86bb508bdfa adfd773d9c1a46478e10d69f7405d8f9 6898710043bd44bb9f9c5969f67b1462 - - default default] No more DHCP agents
2026-05-09 22:52:16.496 10 WARNING neutron.api.rpc.agentnotifiers.dhcp_rpc_agent_api [None req-82ae926d-93dd-4c2f-b084-b86bb508bdfa adfd773d9c1a46478e10d69f7405d8f9 6898710043bd44bb9f9c5969f67b1462 - - default default] Unable to schedule network 8e5489ad-6ce5-4ae6-b8de-8b263165f8bd: no agents available; will retry on subsequent port and subnet creation events.
2026-05-09 22:52:16.987 10 INFO neutron.db.ovn_revision_numbers_db [None req-82ae926d-93dd-4c2f-b084-b86bb508bdfa adfd773d9c1a46478e10d69f7405d8f9 6898710043bd44bb9f9c5969f67b1462 - - default default] Successfully bumped revision number for resource 64b521ef-10fa-4c92-b2bd-c20cacf455e3 (type: ports) to 2
2026-05-09 22:52:17.016 10 INFO neutron.db.ovn_revision_numbers_db [None req-82ae926d-93dd-4c2f-b084-b86bb508bdfa adfd773d9c1a46478e10d69f7405d8f9 6898710043bd44bb9f9c5969f67b1462 - - default default] Successfully bumped revision number for resource 2dd453fb-8f45-4a4b-bfab-ff4f6a8e0037 (type: subnets) to 0
2026-05-09 22:52:17.033 10 INFO neutron.wsgi [None req-82ae926d-93dd-4c2f-b084-b86bb508bdfa adfd773d9c1a46478e10d69f7405d8f9 6898710043bd44bb9f9c5969f67b1462 - - default default] 10.0.0.189 "POST /v2.0/subnets HTTP/1.1" status: 201 len: 801 time: 0.7511408
2026-05-09 22:52:17.043 10 WARNING neutron_lib.context [None req-c913beb5-230e-4357-ba9c-27c7cb22d020 adfd773d9c1a46478e10d69f7405d8f9 6898710043bd44bb9f9c5969f67b1462 - - default default] Method 'is_advsvc' is deprecated since 2023.2 release (neutron-lib 3.8.0) and will be removed once support for the old RBAC API policies will be removed from Neutron. Please use method 'is_service_role' instead.
2026-05-09 22:52:17.266 10 WARNING neutron.scheduler.dhcp_agent_scheduler [None req-c913beb5-230e-4357-ba9c-27c7cb22d020 adfd773d9c1a46478e10d69f7405d8f9 6898710043bd44bb9f9c5969f67b1462 - - default default] No more DHCP agents
2026-05-09 22:52:17.278 10 WARNING neutron.api.rpc.agentnotifiers.dhcp_rpc_agent_api [None req-c913beb5-230e-4357-ba9c-27c7cb22d020 adfd773d9c1a46478e10d69f7405d8f9 6898710043bd44bb9f9c5969f67b1462 - - default default] Unable to schedule network bc76b765-a505-47e3-a1c3-01697d3b31c3: no agents available; will retry on subsequent port and subnet creation events.
2026-05-09 22:52:17.561 9 WARNING neutron_lib.context [None req-a24ed13c-140f-4436-bb5e-70b92bdbdf0e 24ec2540ae864bc7849d972d746ffb24 0780691321a8460ab5b5c875e630adca - - default default] Method 'is_advsvc' is deprecated since 2023.2 release (neutron-lib 3.8.0) and will be removed once support for the old RBAC API policies will be removed from Neutron. Please use method 'is_service_role' instead.
2026-05-09 22:52:17.707 9 INFO neutron.db.ovn_revision_numbers_db [None req-a24ed13c-140f-4436-bb5e-70b92bdbdf0e 24ec2540ae864bc7849d972d746ffb24 0780691321a8460ab5b5c875e630adca - - default default] Successfully bumped revision number for resource cb0938c1-9220-452d-8d3e-bd4b053aa954 (type: security_groups) to 1
2026-05-09 22:52:17.719 9 INFO neutron.db.ovn_revision_numbers_db [None req-a24ed13c-140f-4436-bb5e-70b92bdbdf0e 24ec2540ae864bc7849d972d746ffb24 0780691321a8460ab5b5c875e630adca - - default default] Successfully bumped revision number for resource 5665c45a-2f77-4b55-887a-829496f44652 (type: security_group_rules) to 0
2026-05-09 22:52:17.736 9 INFO neutron.db.ovn_revision_numbers_db [None req-a24ed13c-140f-4436-bb5e-70b92bdbdf0e 24ec2540ae864bc7849d972d746ffb24 0780691321a8460ab5b5c875e630adca - - default default] Successfully bumped revision number for resource 63e596a6-3dd4-4cbf-a30a-7010b961ee43 (type: security_group_rules) to 0
2026-05-09 22:52:17.752 10 INFO neutron.db.ovn_revision_numbers_db [None req-c913beb5-230e-4357-ba9c-27c7cb22d020 adfd773d9c1a46478e10d69f7405d8f9 6898710043bd44bb9f9c5969f67b1462 - - default default] Successfully bumped revision number for resource 228ce18f-c318-4561-9ec8-6665a9e7088b (type: ports) to 2
2026-05-09 22:52:17.765 9 INFO neutron.db.ovn_revision_numbers_db [None req-a24ed13c-140f-4436-bb5e-70b92bdbdf0e 24ec2540ae864bc7849d972d746ffb24 0780691321a8460ab5b5c875e630adca - - default default] Successfully bumped revision number for resource a30ba9f3-1c76-4e9b-8308-0883e2355fa0 (type: security_group_rules) to 0
2026-05-09 22:52:17.784 9 INFO neutron.db.ovn_revision_numbers_db [None req-a24ed13c-140f-4436-bb5e-70b92bdbdf0e 24ec2540ae864bc7849d972d746ffb24 0780691321a8460ab5b5c875e630adca - - default default] Successfully bumped revision number for resource f67f5ac6-b634-4676-8477-906e005b00b9 (type: security_group_rules) to 0
2026-05-09 22:52:17.792 10 INFO neutron.db.ovn_revision_numbers_db [None req-c913beb5-230e-4357-ba9c-27c7cb22d020 adfd773d9c1a46478e10d69f7405d8f9 6898710043bd44bb9f9c5969f67b1462 - - default default] Successfully bumped revision number for resource 4bf94d90-b9a0-4c4c-9a99-9b54a118c994 (type: subnets) to 0
2026-05-09 22:52:17.821 10 INFO neutron.wsgi [None req-c913beb5-230e-4357-ba9c-27c7cb22d020 adfd773d9c1a46478e10d69f7405d8f9 6898710043bd44bb9f9c5969f67b1462 - - default default] 10.0.0.189 "POST /v2.0/subnets HTTP/1.1" status: 201 len: 801 time: 0.7830276
2026-05-09 22:52:17.832 10 WARNING neutron_lib.context [None req-bc651dc9-1dcf-441b-83b5-e2eac3bbb229 adfd773d9c1a46478e10d69f7405d8f9 6898710043bd44bb9f9c5969f67b1462 - - default default] Method 'is_advsvc' is deprecated since 2023.2 release (neutron-lib 3.8.0) and will be removed once support for the old RBAC API policies will be removed from Neutron. Please use method 'is_service_role' instead.
2026-05-09 22:52:17.839 9 INFO neutron.db.segments_db [None req-a24ed13c-140f-4436-bb5e-70b92bdbdf0e 24ec2540ae864bc7849d972d746ffb24 0780691321a8460ab5b5c875e630adca - - default default] Added segment 46a35464-e6f2-420f-b966-f69b0f65538f of type geneve for network e69d25bf-999a-424f-8f3a-8ef787f34867
2026-05-09 22:52:17.992 9 INFO neutron.db.ovn_revision_numbers_db [None req-a24ed13c-140f-4436-bb5e-70b92bdbdf0e 24ec2540ae864bc7849d972d746ffb24 0780691321a8460ab5b5c875e630adca - - default default] Successfully bumped revision number for resource e69d25bf-999a-424f-8f3a-8ef787f34867 (type: networks) to 1
2026-05-09 22:52:18.002 10 INFO neutron.db.ovn_revision_numbers_db [None req-bc651dc9-1dcf-441b-83b5-e2eac3bbb229 adfd773d9c1a46478e10d69f7405d8f9 6898710043bd44bb9f9c5969f67b1462 - - default default] Successfully bumped revision number for resource 9cc39063-f0ff-4b77-8924-1013003d283b (type: routers) to 1
2026-05-09 22:52:18.019 10 INFO neutron.wsgi [None req-bc651dc9-1dcf-441b-83b5-e2eac3bbb229 adfd773d9c1a46478e10d69f7405d8f9 6898710043bd44bb9f9c5969f67b1462 - - default default] 10.0.0.189 "POST /v2.0/routers HTTP/1.1" status: 201 len: 801 time: 0.1928682
2026-05-09 22:52:18.182 9 WARNING neutron.scheduler.dhcp_agent_scheduler [None req-a24ed13c-140f-4436-bb5e-70b92bdbdf0e 24ec2540ae864bc7849d972d746ffb24 0780691321a8460ab5b5c875e630adca - - default default] No more DHCP agents
2026-05-09 22:52:18.184 9 WARNING neutron.api.rpc.agentnotifiers.dhcp_rpc_agent_api [None req-a24ed13c-140f-4436-bb5e-70b92bdbdf0e 24ec2540ae864bc7849d972d746ffb24 0780691321a8460ab5b5c875e630adca - - default default] Unable to schedule network e69d25bf-999a-424f-8f3a-8ef787f34867: no agents available; will retry on subsequent port and subnet creation events.
2026-05-09 22:52:18.260 9 INFO neutron.db.ovn_revision_numbers_db [None req-a24ed13c-140f-4436-bb5e-70b92bdbdf0e 24ec2540ae864bc7849d972d746ffb24 0780691321a8460ab5b5c875e630adca - - default default] Successfully bumped revision number for resource 94fb92a1-1589-413d-8da8-12958b301d77 (type: ports) to 1
2026-05-09 22:52:18.281 9 INFO neutron.wsgi [None req-a24ed13c-140f-4436-bb5e-70b92bdbdf0e 24ec2540ae864bc7849d972d746ffb24 0780691321a8460ab5b5c875e630adca - - default default] 10.0.0.189 "POST /v2.0/networks HTTP/1.1" status: 201 len: 830 time: 0.8962007
2026-05-09 22:52:18.300 9 WARNING neutron_lib.context [None req-2114101b-1510-4522-ae29-b3abc083997a 24ec2540ae864bc7849d972d746ffb24 0780691321a8460ab5b5c875e630adca - - default default] Method 'is_advsvc' is deprecated since 2023.2 release (neutron-lib 3.8.0) and will be removed once support for the old RBAC API policies will be removed from Neutron. Please use method 'is_service_role' instead.
2026-05-09 22:52:18.493 10 WARNING neutron.scheduler.dhcp_agent_scheduler [None req-2dd23512-8386-4cd8-a358-47f8e055cd34 adfd773d9c1a46478e10d69f7405d8f9 6898710043bd44bb9f9c5969f67b1462 - - default default] No more DHCP agents
2026-05-09 22:52:18.495 10 WARNING neutron.api.rpc.agentnotifiers.dhcp_rpc_agent_api [None req-2dd23512-8386-4cd8-a358-47f8e055cd34 adfd773d9c1a46478e10d69f7405d8f9 6898710043bd44bb9f9c5969f67b1462 - - default default] Unable to schedule network 8e5489ad-6ce5-4ae6-b8de-8b263165f8bd: no agents available; will retry on subsequent port and subnet creation events.
2026-05-09 22:52:18.554 9 WARNING neutron.scheduler.dhcp_agent_scheduler [None req-2114101b-1510-4522-ae29-b3abc083997a 24ec2540ae864bc7849d972d746ffb24 0780691321a8460ab5b5c875e630adca - - default default] No more DHCP agents
2026-05-09 22:52:18.556 9 WARNING neutron.api.rpc.agentnotifiers.dhcp_rpc_agent_api [None req-2114101b-1510-4522-ae29-b3abc083997a 24ec2540ae864bc7849d972d746ffb24 0780691321a8460ab5b5c875e630adca - - default default] Unable to schedule network e69d25bf-999a-424f-8f3a-8ef787f34867: no agents available; will retry on subsequent port and subnet creation events. /var/lib/openstack/lib/python3.10/site-packages/pycadf/identifier.py:71: UserWarning: Invalid uuid: neutron. To ensure interoperability, identifiers should be a valid uuid. warnings.warn(('Invalid uuid: %s. To ensure interoperability, '
2026-05-09 22:52:18.650 9 WARNING neutron_lib.context [None req-81d50241-8c9f-4988-b786-7acd900557a6 7abd20b2f4dc4309b57846c9bb62c34b 858a547bc26a424fa49fe901004d59c4 - - default default] Method 'is_advsvc' is deprecated since 2023.2 release (neutron-lib 3.8.0) and will be removed once support for the old RBAC API policies will be removed from Neutron. Please use method 'is_service_role' instead.
2026-05-09 22:52:18.653 9 INFO neutron.db.ovn_revision_numbers_db [None req-2114101b-1510-4522-ae29-b3abc083997a 24ec2540ae864bc7849d972d746ffb24 0780691321a8460ab5b5c875e630adca - - default default] Successfully bumped revision number for resource 9ce0a9d3-1414-4e4e-ae06-70bf61968f1c (type: ports) to 1
2026-05-09 22:52:18.654 10 INFO neutron.db.ovn_revision_numbers_db [None req-2dd23512-8386-4cd8-a358-47f8e055cd34 adfd773d9c1a46478e10d69f7405d8f9 6898710043bd44bb9f9c5969f67b1462 - - default default] Successfully bumped revision number for resource ef098a87-2803-4a37-9fba-b46c6b3eb627 (type: ports) to 1
2026-05-09 22:52:18.678 9 INFO neutron.wsgi [None req-2114101b-1510-4522-ae29-b3abc083997a 24ec2540ae864bc7849d972d746ffb24 0780691321a8460ab5b5c875e630adca - - default default] 10.0.0.189 "POST /v2.0/ports HTTP/1.1" status: 201 len: 942 time: 0.3854496
2026-05-09 22:52:18.739 9 INFO neutron.wsgi [None req-5b7bee15-89fd-4e0d-b18a-99a0607fd0b1 24ec2540ae864bc7849d972d746ffb24 0780691321a8460ab5b5c875e630adca - - default default] 10.0.0.189 "PUT /v2.0/ports/9ce0a9d3-1414-4e4e-ae06-70bf61968f1c/tags HTTP/1.1" status: 200 len: 218 time: 0.0502312
2026-05-09 22:52:18.794 10 INFO neutron.wsgi [None req-8a5f6f1c-92af-4248-9a64-720eb42f4199 24ec2540ae864bc7849d972d746ffb24 0780691321a8460ab5b5c875e630adca - - default default] 10.0.0.189 "GET /v2.0/ports/9ce0a9d3-1414-4e4e-ae06-70bf61968f1c/tags HTTP/1.1" status: 200 len: 218 time: 0.0497692
2026-05-09 22:52:18.812 9 INFO neutron.db.ovn_revision_numbers_db [None req-81d50241-8c9f-4988-b786-7acd900557a6 7abd20b2f4dc4309b57846c9bb62c34b 858a547bc26a424fa49fe901004d59c4 - - default default] Successfully bumped revision number for resource 58319474-5b9a-4a0b-8dce-a967682b2b65 (type: security_groups) to 1
2026-05-09 22:52:18.833 9 INFO neutron.db.ovn_revision_numbers_db [None req-81d50241-8c9f-4988-b786-7acd900557a6 7abd20b2f4dc4309b57846c9bb62c34b 858a547bc26a424fa49fe901004d59c4 - - default default] Successfully bumped revision number for resource 94ed812e-570a-4aed-b849-048bca47d850 (type: security_group_rules) to 0
2026-05-09 22:52:18.851 9 INFO neutron.db.ovn_revision_numbers_db [None req-81d50241-8c9f-4988-b786-7acd900557a6 7abd20b2f4dc4309b57846c9bb62c34b 858a547bc26a424fa49fe901004d59c4 - - default default] Successfully bumped revision number for resource c7c6fedc-7e8f-4026-8280-f00202e8ced8 (type: security_group_rules) to 0
2026-05-09 22:52:18.855 9 INFO neutron.wsgi [None req-ed57691d-6735-458f-a2ce-fd9c05bd6e05 24ec2540ae864bc7849d972d746ffb24 0780691321a8460ab5b5c875e630adca - - default default] 10.0.0.189 "PUT /v2.0/ports/9ce0a9d3-1414-4e4e-ae06-70bf61968f1c/tags/green HTTP/1.1" status: 201 len: 201 time: 0.0543067
2026-05-09 22:52:18.884 9 INFO neutron.db.ovn_revision_numbers_db [None req-81d50241-8c9f-4988-b786-7acd900557a6 7abd20b2f4dc4309b57846c9bb62c34b 858a547bc26a424fa49fe901004d59c4 - - default default] Successfully bumped revision number for resource e739bece-f6d5-43d8-8cf6-78693ac929d5 (type: security_group_rules) to 0
2026-05-09 22:52:18.900 9 INFO neutron.wsgi [None req-42703f4b-2e59-424a-8247-a01bc1f60254 24ec2540ae864bc7849d972d746ffb24 0780691321a8460ab5b5c875e630adca - - default default] 10.0.0.189 "GET /v2.0/ports/9ce0a9d3-1414-4e4e-ae06-70bf61968f1c/tags HTTP/1.1" status: 200 len: 227 time: 0.0406058
2026-05-09 22:52:18.901 9 INFO neutron.db.ovn_revision_numbers_db [None req-81d50241-8c9f-4988-b786-7acd900557a6 7abd20b2f4dc4309b57846c9bb62c34b 858a547bc26a424fa49fe901004d59c4 - - default default] Successfully bumped revision number for resource fe420133-0518-498f-8c62-78ce41caf569 (type: security_group_rules) to 0
2026-05-09 22:52:18.952 9 INFO neutron.db.segments_db [None req-81d50241-8c9f-4988-b786-7acd900557a6 7abd20b2f4dc4309b57846c9bb62c34b 858a547bc26a424fa49fe901004d59c4 - - default default] Added segment 1762e5c9-7dfc-42b8-a112-4b6f5486b2d8 of type geneve for network 60848790-62a8-41dd-872d-a12b53048f2b
2026-05-09 22:52:18.953 10 INFO neutron.wsgi [None req-717c18d0-a565-4740-b25b-45ccbe5c8287 24ec2540ae864bc7849d972d746ffb24 0780691321a8460ab5b5c875e630adca - - default default] 10.0.0.189 "PUT /v2.0/ports/9ce0a9d3-1414-4e4e-ae06-70bf61968f1c/tags/red HTTP/1.1" status: 201 len: 201 time: 0.0474095
2026-05-09 22:52:19.019 10 INFO neutron.wsgi [None req-a9bd84b8-c1bf-4ed1-acc9-8ec533090294 24ec2540ae864bc7849d972d746ffb24 0780691321a8460ab5b5c875e630adca - - default default] 10.0.0.189 "GET /v2.0/ports/9ce0a9d3-1414-4e4e-ae06-70bf61968f1c/tags HTTP/1.1" status: 200 len: 227 time: 0.0608189
2026-05-09 22:52:19.093 9 INFO neutron.db.ovn_revision_numbers_db [None req-81d50241-8c9f-4988-b786-7acd900557a6 7abd20b2f4dc4309b57846c9bb62c34b 858a547bc26a424fa49fe901004d59c4 - - default default] Successfully bumped revision number for resource 60848790-62a8-41dd-872d-a12b53048f2b (type: networks) to 1
2026-05-09 22:52:19.112 10 INFO neutron.wsgi [None req-9f149cca-f18c-4f6a-8ffd-f6a864a8dfe6 24ec2540ae864bc7849d972d746ffb24 0780691321a8460ab5b5c875e630adca - - default default] 10.0.0.189 "PUT /v2.0/ports/9ce0a9d3-1414-4e4e-ae06-70bf61968f1c/tags/black.or.white HTTP/1.1" status: 201 len: 201 time: 0.0885377
2026-05-09 22:52:19.132 10 ERROR ovsdbapp.backend.ovs_idl.command [None req-2dd23512-8386-4cd8-a358-47f8e055cd34 adfd773d9c1a46478e10d69f7405d8f9 6898710043bd44bb9f9c5969f67b1462 - - default default] Error executing command (DbGetCommand): ovsdbapp.backend.ovs_idl.idlutils.RowNotFound: Cannot find Logical_Router_Port with name=lrp-ef098a87-2803-4a37-9fba-b46c6b3eb627
2026-05-09 22:52:19.132 10 ERROR ovsdbapp.backend.ovs_idl.command
Traceback (most recent call last):
2026-05-09 22:52:19.132 10 ERROR ovsdbapp.backend.ovs_idl.command
File "/var/lib/openstack/lib/python3.10/site-packages/ovsdbapp/backend/ovs_idl/command.py", line 47, in execute
2026-05-09 22:52:19.132 10 ERROR ovsdbapp.backend.ovs_idl.command self.run_idl(None)
2026-05-09 22:52:19.132 10 ERROR ovsdbapp.backend.ovs_idl.command
File "/var/lib/openstack/lib/python3.10/site-packages/ovsdbapp/backend/ovs_idl/command.py", line 235, in run_idl
2026-05-09 22:52:19.132 10 ERROR ovsdbapp.backend.ovs_idl.command record = self.api.lookup(self.table, self.record)
2026-05-09 22:52:19.132 10 ERROR ovsdbapp.backend.ovs_idl.command
File "/var/lib/openstack/lib/python3.10/site-packages/ovsdbapp/backend/ovs_idl/__init__.py", line 184, in lookup
