2026-05-09 22:50:39.521 10 WARNING neutron_lib.context [None req-2a4585fa-0eff-4449-a7af-ea7c92b29b4c 6fb878dddaa64cc49829ce0a21eea39c de3e45940d8b49fa8fdab0e0c279b1ac - - default default] Method 'is_advsvc' is deprecated since 2023.2 release (neutron-lib 3.8.0) and will be removed once support for the old RBAC API policies will be removed from Neutron. Please use method 'is_service_role' instead.
2026-05-09 22:50:39.621 10 INFO neutron.db.segments_db [None req-2a4585fa-0eff-4449-a7af-ea7c92b29b4c 6fb878dddaa64cc49829ce0a21eea39c de3e45940d8b49fa8fdab0e0c279b1ac - - default default] Added segment e5a90968-432d-4eb8-a067-84b4aba53a3f of type geneve for network 1e2904f8-44ba-4006-98c2-d67134784cb1
2026-05-09 22:50:39.679 10 INFO neutron.wsgi [None req-425f1552-b70c-479e-b7fa-9d7cce4573b3 e63ab23ec7d6481db4b758a6d2e5ffd9 3aee92eba8c04df6ba82301477145736 - - default default] 10.0.0.189 "DELETE /v2.0/subnets/80798196-0ec0-4ba9-8a2e-3d66ca481fa3 HTTP/1.1" status: 204 len: 168 time: 0.2199824
2026-05-09 22:50:39.769 10 INFO neutron.db.ovn_revision_numbers_db [None req-2a4585fa-0eff-4449-a7af-ea7c92b29b4c 6fb878dddaa64cc49829ce0a21eea39c de3e45940d8b49fa8fdab0e0c279b1ac - - default default] Successfully bumped revision number for resource 1e2904f8-44ba-4006-98c2-d67134784cb1 (type: networks) to 1
2026-05-09 22:50:39.961 10 INFO neutron.wsgi [req-602ce41a-4e60-4e22-920e-e5c338fd70ad req-6aed8d14-116f-4fa9-bca7-35ee29ad973b a0119216cfe9484f8963aa7e65993b73 be68325102c2410890d98f512bb297a9 - - default default] 10.0.0.184 "GET /v2.0/networks?id=314bd499-5e28-4034-98e1-b1922b9e61de HTTP/1.1" status: 200 len: 872 time: 0.0769966
2026-05-09 22:50:39.984 10 INFO neutron.wsgi [req-602ce41a-4e60-4e22-920e-e5c338fd70ad req-057950be-d587-4918-ace9-6a964d2c34af a0119216cfe9484f8963aa7e65993b73 be68325102c2410890d98f512bb297a9 - - default default] 10.0.0.184 "GET /v2.0/quotas/be68325102c2410890d98f512bb297a9 HTTP/1.1" status: 200 len: 491 time: 0.0154982
2026-05-09 22:50:39.987 10 WARNING neutron.scheduler.dhcp_agent_scheduler [None req-2a4585fa-0eff-4449-a7af-ea7c92b29b4c 6fb878dddaa64cc49829ce0a21eea39c de3e45940d8b49fa8fdab0e0c279b1ac - - default default] No more DHCP agents
2026-05-09 22:50:39.990 10 WARNING neutron.api.rpc.agentnotifiers.dhcp_rpc_agent_api [None req-2a4585fa-0eff-4449-a7af-ea7c92b29b4c 6fb878dddaa64cc49829ce0a21eea39c de3e45940d8b49fa8fdab0e0c279b1ac - - default default] Unable to schedule network 1e2904f8-44ba-4006-98c2-d67134784cb1: no agents available; will retry on subsequent port and subnet creation events.
2026-05-09 22:50:40.113 10 INFO neutron.db.ovn_revision_numbers_db [None req-2a4585fa-0eff-4449-a7af-ea7c92b29b4c 6fb878dddaa64cc49829ce0a21eea39c de3e45940d8b49fa8fdab0e0c279b1ac - - default default] Successfully bumped revision number for resource 050cdc30-69e6-40b7-b645-3ff0d60a7ec5 (type: ports) to 1
2026-05-09 22:50:40.128 10 INFO neutron.wsgi [req-602ce41a-4e60-4e22-920e-e5c338fd70ad req-99fb9267-3236-47a9-b29d-7d272c8fd3bb a0119216cfe9484f8963aa7e65993b73 be68325102c2410890d98f512bb297a9 - - default default] 10.0.0.184 "GET /v2.0/ports?tenant_id=be68325102c2410890d98f512bb297a9&fields=id HTTP/1.1" status: 200 len: 302 time: 0.1361985
2026-05-09 22:50:40.154 10 INFO neutron.wsgi [None req-2a4585fa-0eff-4449-a7af-ea7c92b29b4c 6fb878dddaa64cc49829ce0a21eea39c de3e45940d8b49fa8fdab0e0c279b1ac - - default default] 10.0.0.189 "POST /v2.0/networks HTTP/1.1" status: 201 len: 830 time: 0.6389642
2026-05-09 22:50:40.164 9 WARNING neutron_lib.context [None req-78057d6d-7873-49b6-9b40-524cebcc56e6 6fb878dddaa64cc49829ce0a21eea39c de3e45940d8b49fa8fdab0e0c279b1ac - - default default] Method 'is_advsvc' is deprecated since 2023.2 release (neutron-lib 3.8.0) and will be removed once support for the old RBAC API policies will be removed from Neutron. Please use method 'is_service_role' instead.
2026-05-09 22:50:40.207 10 INFO neutron.wsgi [req-602ce41a-4e60-4e22-920e-e5c338fd70ad req-dea588c6-f2f4-466a-b858-67524d14fec3 8fb33313bbf1451f8de96fe7fd6e05be ed0e085260f846ce9aadfbe0db79c776 - - 7658d3de922047b7a4564ef14e590b8b 7658d3de922047b7a4564ef14e590b8b] 10.0.0.184 "GET /v2.0/networks/314bd499-5e28-4034-98e1-b1922b9e61de?fields=segments HTTP/1.1" status: 200 len: 212 time: 0.0685854
2026-05-09 22:50:40.275 10 INFO neutron.wsgi [req-602ce41a-4e60-4e22-920e-e5c338fd70ad req-c87c1aac-2fbc-4fa9-b8fc-bc068da536c5 8fb33313bbf1451f8de96fe7fd6e05be ed0e085260f846ce9aadfbe0db79c776 - - 7658d3de922047b7a4564ef14e590b8b 7658d3de922047b7a4564ef14e590b8b] 10.0.0.184 "GET /v2.0/networks/314bd499-5e28-4034-98e1-b1922b9e61de?fields=provider%3Aphysical_network&fields=provider%3Anetwork_type HTTP/1.1" status: 200 len: 277 time: 0.0593522
2026-05-09 22:50:40.325 9 INFO neutron.services.segments.plugin [-] Segment a4764e26-843a-44c1-a24b-1b47d7daf967 resource provider aggregate not found
2026-05-09 22:50:40.329 9 INFO neutron.services.segments.plugin [-] Segment a4764e26-843a-44c1-a24b-1b47d7daf967 resource provider aggregate not found
2026-05-09 22:50:40.354 9 INFO neutron.services.segments.plugin [-] Segment a4764e26-843a-44c1-a24b-1b47d7daf967 resource provider not found; error: Placement Client Error (4xx): {"errors": [{"status": 404, "title": "Not Found", "detail": "The resource could not be found.\n\n No resource provider with uuid a4764e26-843a-44c1-a24b-1b47d7daf967 found for delete ", "request_id": "req-466c499f-69f2-4f81-a621-72df539d3d95"}]}
2026-05-09 22:50:40.358 9 INFO neutron.services.segments.plugin [-] Segment a4764e26-843a-44c1-a24b-1b47d7daf967 resource provider not found; error: Placement Client Error (4xx): {"errors": [{"status": 404, "title": "Not Found", "detail": "The resource could not be found.\n\n No resource provider with uuid a4764e26-843a-44c1-a24b-1b47d7daf967 found for delete ", "request_id": "req-ad864c39-5434-43f8-93f7-0280719241fe"}]}
2026-05-09 22:50:40.367 9 INFO neutron.wsgi [None req-f4f5692e-50ab-4f91-9018-19d14cda3b2b e63ab23ec7d6481db4b758a6d2e5ffd9 3aee92eba8c04df6ba82301477145736 - - default default] 10.0.0.189 "DELETE /v2.0/networks/948cfce4-4387-4e09-811c-889349d5bea0 HTTP/1.1" status: 204 len: 168 time: 0.6822264
2026-05-09 22:50:40.440 9 INFO neutron.wsgi [req-c2ac8907-982f-4973-96ee-d984fde5a38f req-0a084308-a4c4-4dbc-9f59-fbc5ed96a8f9 a0119216cfe9484f8963aa7e65993b73 be68325102c2410890d98f512bb297a9 - - default default] 10.0.0.184 "GET /v2.0/ports?device_id=f5b49762-e64f-4c34-99ca-89f2eb4ee777 HTTP/1.1" status: 200 len: 210 time: 0.0275917
2026-05-09 22:50:40.473 10 WARNING neutron_lib.context [None req-6d2d569d-5984-4cdf-a23a-99d3a93b5fc1 eb57b1398b4f4b74b6be106a9431ded0 6c8112d372ef4d0986f796e4ce5e42e3 - - default default] Method 'is_advsvc' is deprecated since 2023.2 release (neutron-lib 3.8.0) and will be removed once support for the old RBAC API policies will be removed from Neutron. Please use method 'is_service_role' instead.
2026-05-09 22:50:40.491 9 WARNING neutron.scheduler.dhcp_agent_scheduler [None req-78057d6d-7873-49b6-9b40-524cebcc56e6 6fb878dddaa64cc49829ce0a21eea39c de3e45940d8b49fa8fdab0e0c279b1ac - - default default] No more DHCP agents
2026-05-09 22:50:40.493 9 WARNING neutron.api.rpc.agentnotifiers.dhcp_rpc_agent_api [None req-78057d6d-7873-49b6-9b40-524cebcc56e6 6fb878dddaa64cc49829ce0a21eea39c de3e45940d8b49fa8fdab0e0c279b1ac - - default default] Unable to schedule network 1e2904f8-44ba-4006-98c2-d67134784cb1: no agents available; will retry on subsequent port and subnet creation events.
2026-05-09 22:50:40.577 9 INFO neutron.wsgi [None req-e7f48720-31e5-4d17-864c-433b93b50176 e63ab23ec7d6481db4b758a6d2e5ffd9 3aee92eba8c04df6ba82301477145736 - - default default] 10.0.0.189 "GET /v2.0/security-groups?tenant_id=3477ccb508fb43a4b6c94a70f1f726da&name=default HTTP/1.1" status: 200 len: 3120 time: 0.0456479
2026-05-09 22:50:40.616 10 INFO neutron.db.ovn_revision_numbers_db [None req-6d2d569d-5984-4cdf-a23a-99d3a93b5fc1 eb57b1398b4f4b74b6be106a9431ded0 6c8112d372ef4d0986f796e4ce5e42e3 - - default default] Successfully bumped revision number for resource 47f54b19-6e04-46f6-b2d8-c6bbfb762b18 (type: security_groups) to 1
2026-05-09 22:50:40.631 10 INFO neutron.db.ovn_revision_numbers_db [None req-6d2d569d-5984-4cdf-a23a-99d3a93b5fc1 eb57b1398b4f4b74b6be106a9431ded0 6c8112d372ef4d0986f796e4ce5e42e3 - - default default] Successfully bumped revision number for resource 39ae7d9a-0369-4be0-8edd-03f72470405e (type: security_group_rules) to 0
2026-05-09 22:50:40.645 10 INFO neutron.db.ovn_revision_numbers_db [None req-6d2d569d-5984-4cdf-a23a-99d3a93b5fc1 eb57b1398b4f4b74b6be106a9431ded0 6c8112d372ef4d0986f796e4ce5e42e3 - - default default] Successfully bumped revision number for resource 3fb9fb70-6aa2-4876-b027-daf2a9ff9506 (type: security_group_rules) to 0
2026-05-09 22:50:40.660 10 INFO neutron.db.ovn_revision_numbers_db [None req-6d2d569d-5984-4cdf-a23a-99d3a93b5fc1 eb57b1398b4f4b74b6be106a9431ded0 6c8112d372ef4d0986f796e4ce5e42e3 - - default default] Successfully bumped revision number for resource ba34d6cc-d4fd-42eb-88b2-a2713318e6b2 (type: security_group_rules) to 0
2026-05-09 22:50:40.677 10 INFO neutron.db.ovn_revision_numbers_db [None req-6d2d569d-5984-4cdf-a23a-99d3a93b5fc1 eb57b1398b4f4b74b6be106a9431ded0 6c8112d372ef4d0986f796e4ce5e42e3 - - default default] Successfully bumped revision number for resource ff7eadd4-8d52-4388-835b-45407501bef1 (type: security_group_rules) to 0
2026-05-09 22:50:40.730 10 INFO neutron.db.segments_db [None req-6d2d569d-5984-4cdf-a23a-99d3a93b5fc1 eb57b1398b4f4b74b6be106a9431ded0 6c8112d372ef4d0986f796e4ce5e42e3 - - default default] Added segment 52b4125f-4d94-4d2b-83ae-12ec4580caf0 of type geneve for network 4b463d2c-ad6f-4efd-a74d-6dca3e3faa4b
2026-05-09 22:50:40.895 9 INFO neutron.wsgi [None req-ef7ec938-7bde-4378-9911-f8572ce9186a e63ab23ec7d6481db4b758a6d2e5ffd9 3aee92eba8c04df6ba82301477145736 - - default default] 10.0.0.189 "DELETE /v2.0/security-groups/52713ff8-3155-43dc-8f5f-3bba81607dd4 HTTP/1.1" status: 204 len: 168 time: 0.3119984
2026-05-09 22:50:40.895 10 INFO neutron.db.ovn_revision_numbers_db [None req-6d2d569d-5984-4cdf-a23a-99d3a93b5fc1 eb57b1398b4f4b74b6be106a9431ded0 6c8112d372ef4d0986f796e4ce5e42e3 - - default default] Successfully bumped revision number for resource 4b463d2c-ad6f-4efd-a74d-6dca3e3faa4b (type: networks) to 1
2026-05-09 22:50:41.077 9 INFO neutron.db.ovn_revision_numbers_db [None req-78057d6d-7873-49b6-9b40-524cebcc56e6 6fb878dddaa64cc49829ce0a21eea39c de3e45940d8b49fa8fdab0e0c279b1ac - - default default] Successfully bumped revision number for resource 050cdc30-69e6-40b7-b645-3ff0d60a7ec5 (type: ports) to 2
2026-05-09 22:50:41.078 10 WARNING neutron.scheduler.dhcp_agent_scheduler [None req-6d2d569d-5984-4cdf-a23a-99d3a93b5fc1 eb57b1398b4f4b74b6be106a9431ded0 6c8112d372ef4d0986f796e4ce5e42e3 - - default default] No more DHCP agents
2026-05-09 22:50:41.080 10 WARNING neutron.api.rpc.agentnotifiers.dhcp_rpc_agent_api [None req-6d2d569d-5984-4cdf-a23a-99d3a93b5fc1 eb57b1398b4f4b74b6be106a9431ded0 6c8112d372ef4d0986f796e4ce5e42e3 - - default default] Unable to schedule network 4b463d2c-ad6f-4efd-a74d-6dca3e3faa4b: no agents available; will retry on subsequent port and subnet creation events.
2026-05-09 22:50:41.152 9 INFO neutron.wsgi [req-602ce41a-4e60-4e22-920e-e5c338fd70ad req-73074cd4-339e-4606-ae2d-d6d625610743 a0119216cfe9484f8963aa7e65993b73 be68325102c2410890d98f512bb297a9 - - default default] 199.204.45.19 "GET /v2.0/networks?id=314bd499-5e28-4034-98e1-b1922b9e61de HTTP/1.1" status: 200 len: 872 time: 0.0976930
2026-05-09 22:50:41.152 9 INFO neutron.db.ovn_revision_numbers_db [None req-78057d6d-7873-49b6-9b40-524cebcc56e6 6fb878dddaa64cc49829ce0a21eea39c de3e45940d8b49fa8fdab0e0c279b1ac - - default default] Successfully bumped revision number for resource 5a0c1bf0-7f46-4454-a6e1-d784d73b9797 (type: subnets) to 0
2026-05-09 22:50:41.168 10 INFO neutron.db.ovn_revision_numbers_db [None req-6d2d569d-5984-4cdf-a23a-99d3a93b5fc1 eb57b1398b4f4b74b6be106a9431ded0 6c8112d372ef4d0986f796e4ce5e42e3 - - default default] Successfully bumped revision number for resource 1c7c80b6-d46a-408a-93e1-391ff34c3223 (type: ports) to 1
2026-05-09 22:50:41.171 9 WARNING neutron_lib.context [req-602ce41a-4e60-4e22-920e-e5c338fd70ad req-8fed0aeb-8e64-4e73-a343-803df8b1d263 a0119216cfe9484f8963aa7e65993b73 be68325102c2410890d98f512bb297a9 - - default default] Method 'is_advsvc' is deprecated since 2023.2 release (neutron-lib 3.8.0) and will be removed once support for the old RBAC API policies will be removed from Neutron. Please use method 'is_service_role' instead.
2026-05-09 22:50:41.177 9 INFO neutron.wsgi [None req-78057d6d-7873-49b6-9b40-524cebcc56e6 6fb878dddaa64cc49829ce0a21eea39c de3e45940d8b49fa8fdab0e0c279b1ac - - default default] 10.0.0.189 "POST /v2.0/subnets HTTP/1.1" status: 201 len: 804 time: 1.0185730
2026-05-09 22:50:41.187 10 WARNING neutron_lib.context [None req-b25a4bc0-4166-41ed-89cb-45a9c3b97e39 6fb878dddaa64cc49829ce0a21eea39c de3e45940d8b49fa8fdab0e0c279b1ac - - default default] Method 'is_advsvc' is deprecated since 2023.2 release (neutron-lib 3.8.0) and will be removed once support for the old RBAC API policies will be removed from Neutron. Please use method 'is_service_role' instead.
2026-05-09 22:50:41.194 10 INFO neutron.wsgi [None req-6d2d569d-5984-4cdf-a23a-99d3a93b5fc1 eb57b1398b4f4b74b6be106a9431ded0 6c8112d372ef4d0986f796e4ce5e42e3 - - default default] 10.0.0.189 "POST /v2.0/networks HTTP/1.1" status: 201 len: 832 time: 0.9085503
2026-05-09 22:50:41.203 10 WARNING neutron_lib.context [None req-2ef33066-ce8c-4ba8-9d90-5329814ae313 eb57b1398b4f4b74b6be106a9431ded0 6c8112d372ef4d0986f796e4ce5e42e3 - - default default] Method 'is_advsvc' is deprecated since 2023.2 release (neutron-lib 3.8.0) and will be removed once support for the old RBAC API policies will be removed from Neutron. Please use method 'is_service_role' instead.
2026-05-09 22:50:41.274 10 INFO neutron.db.segments_db [None req-b25a4bc0-4166-41ed-89cb-45a9c3b97e39 6fb878dddaa64cc49829ce0a21eea39c de3e45940d8b49fa8fdab0e0c279b1ac - - default default] Added segment 98fa013b-3246-4317-8e73-69b2c5432ebf of type geneve for network 30bda907-657c-4081-9e36-c125499aaee9
2026-05-09 22:50:41.304 10 INFO neutron.db.segments_db [None req-2ef33066-ce8c-4ba8-9d90-5329814ae313 eb57b1398b4f4b74b6be106a9431ded0 6c8112d372ef4d0986f796e4ce5e42e3 - - default default] Added segment ec9f6baa-9331-4f64-92df-4bab8a8ef8bf of type geneve for network bc4aec2e-12d2-45e7-ba70-2557006b3218
2026-05-09 22:50:41.476 10 INFO neutron.db.ovn_revision_numbers_db [None req-b25a4bc0-4166-41ed-89cb-45a9c3b97e39 6fb878dddaa64cc49829ce0a21eea39c de3e45940d8b49fa8fdab0e0c279b1ac - - default default] Successfully bumped revision number for resource 30bda907-657c-4081-9e36-c125499aaee9 (type: networks) to 1
2026-05-09 22:50:41.495 10 INFO neutron.db.ovn_revision_numbers_db [None req-2ef33066-ce8c-4ba8-9d90-5329814ae313 eb57b1398b4f4b74b6be106a9431ded0 6c8112d372ef4d0986f796e4ce5e42e3 - - default default] Successfully bumped revision number for resource bc4aec2e-12d2-45e7-ba70-2557006b3218 (type: networks) to 1
2026-05-09 22:50:41.532 10 INFO neutron.wsgi [req-63727ded-ffcb-4724-bc3a-67a04f0b0fdd req-7904b040-6f35-4656-8897-975079ba3c7e a0119216cfe9484f8963aa7e65993b73 be68325102c2410890d98f512bb297a9 - - default default] 10.0.0.184 "GET /v2.0/ports?device_id=f5b49762-e64f-4c34-99ca-89f2eb4ee777 HTTP/1.1" status: 200 len: 210 time: 0.0309277
2026-05-09 22:50:41.612 9 WARNING neutron.scheduler.dhcp_agent_scheduler [req-602ce41a-4e60-4e22-920e-e5c338fd70ad req-8fed0aeb-8e64-4e73-a343-803df8b1d263 a0119216cfe9484f8963aa7e65993b73 be68325102c2410890d98f512bb297a9 - - default default] No more DHCP agents
2026-05-09 22:50:41.613 9 WARNING neutron.api.rpc.agentnotifiers.dhcp_rpc_agent_api [req-602ce41a-4e60-4e22-920e-e5c338fd70ad req-8fed0aeb-8e64-4e73-a343-803df8b1d263 a0119216cfe9484f8963aa7e65993b73 be68325102c2410890d98f512bb297a9 - - default default] Unable to schedule network 314bd499-5e28-4034-98e1-b1922b9e61de: no agents available; will retry on subsequent port and subnet creation events.
2026-05-09 22:50:41.711 10 WARNING neutron.scheduler.dhcp_agent_scheduler [None req-b25a4bc0-4166-41ed-89cb-45a9c3b97e39 6fb878dddaa64cc49829ce0a21eea39c de3e45940d8b49fa8fdab0e0c279b1ac - - default default] No more DHCP agents
2026-05-09 22:50:41.714 10 WARNING neutron.api.rpc.agentnotifiers.dhcp_rpc_agent_api [None req-b25a4bc0-4166-41ed-89cb-45a9c3b97e39 6fb878dddaa64cc49829ce0a21eea39c de3e45940d8b49fa8fdab0e0c279b1ac - - default default] Unable to schedule network 30bda907-657c-4081-9e36-c125499aaee9: no agents available; will retry on subsequent port and subnet creation events.
2026-05-09 22:50:41.724 10 WARNING neutron.scheduler.dhcp_agent_scheduler [None req-2ef33066-ce8c-4ba8-9d90-5329814ae313 eb57b1398b4f4b74b6be106a9431ded0 6c8112d372ef4d0986f796e4ce5e42e3 - - default default] No more DHCP agents
2026-05-09 22:50:41.726 10 WARNING neutron.api.rpc.agentnotifiers.dhcp_rpc_agent_api [None req-2ef33066-ce8c-4ba8-9d90-5329814ae313 eb57b1398b4f4b74b6be106a9431ded0 6c8112d372ef4d0986f796e4ce5e42e3 - - default default] Unable to schedule network bc4aec2e-12d2-45e7-ba70-2557006b3218: no agents available; will retry on subsequent port and subnet creation events.
2026-05-09 22:50:41.776 9 INFO neutron.db.ovn_revision_numbers_db [req-602ce41a-4e60-4e22-920e-e5c338fd70ad req-8fed0aeb-8e64-4e73-a343-803df8b1d263 a0119216cfe9484f8963aa7e65993b73 be68325102c2410890d98f512bb297a9 - - default default] Successfully bumped revision number for resource 8744aa2c-b5a6-47f0-85e6-5d2fe752255a (type: ports) to 1
2026-05-09 22:50:41.804 9 INFO neutron.wsgi [req-602ce41a-4e60-4e22-920e-e5c338fd70ad req-8fed0aeb-8e64-4e73-a343-803df8b1d263 a0119216cfe9484f8963aa7e65993b73 be68325102c2410890d98f512bb297a9 - - default default] 199.204.45.19 "POST /v2.0/ports HTTP/1.1" status: 201 len: 1158 time: 0.6385601 /var/lib/openstack/lib/python3.10/site-packages/pycadf/identifier.py:71: UserWarning: Invalid uuid: neutron. To ensure interoperability, identifiers should be a valid uuid. warnings.warn(('Invalid uuid: %s. To ensure interoperability, '
2026-05-09 22:50:41.840 10 INFO neutron.db.ovn_revision_numbers_db [None req-b25a4bc0-4166-41ed-89cb-45a9c3b97e39 6fb878dddaa64cc49829ce0a21eea39c de3e45940d8b49fa8fdab0e0c279b1ac - - default default] Successfully bumped revision number for resource a84a7c37-45c1-4d34-b93c-d4b8b811ddf1 (type: ports) to 1
2026-05-09 22:50:41.849 10 INFO neutron.db.ovn_revision_numbers_db [None req-2ef33066-ce8c-4ba8-9d90-5329814ae313 eb57b1398b4f4b74b6be106a9431ded0 6c8112d372ef4d0986f796e4ce5e42e3 - - default default] Successfully bumped revision number for resource cae031e0-07ba-42e4-8757-94b1d4477e15 (type: ports) to 1
2026-05-09 22:50:41.860 10 INFO neutron.wsgi [None req-b25a4bc0-4166-41ed-89cb-45a9c3b97e39 6fb878dddaa64cc49829ce0a21eea39c de3e45940d8b49fa8fdab0e0c279b1ac - - default default] 10.0.0.189 "POST /v2.0/networks HTTP/1.1" status: 201 len: 829 time: 0.6768682
2026-05-09 22:50:41.874 10 WARNING neutron_lib.context [None req-fb0432bf-e0ab-43f7-af9b-a0717ea90a62 6fb878dddaa64cc49829ce0a21eea39c de3e45940d8b49fa8fdab0e0c279b1ac - - default default] Method 'is_advsvc' is deprecated since 2023.2 release (neutron-lib 3.8.0) and will be removed once support for the old RBAC API policies will be removed from Neutron. Please use method 'is_service_role' instead.
2026-05-09 22:50:41.878 10 INFO neutron.wsgi [None req-2ef33066-ce8c-4ba8-9d90-5329814ae313 eb57b1398b4f4b74b6be106a9431ded0 6c8112d372ef4d0986f796e4ce5e42e3 - - default default] 10.0.0.189 "POST /v2.0/networks HTTP/1.1" status: 201 len: 832 time: 0.6787968
2026-05-09 22:50:41.888 10 WARNING neutron_lib.context [None req-432711bf-254f-4ad4-b3ef-3d6649f6c51c eb57b1398b4f4b74b6be106a9431ded0 6c8112d372ef4d0986f796e4ce5e42e3 - - default default] Method 'is_advsvc' is deprecated since 2023.2 release (neutron-lib 3.8.0) and will be removed once support for the old RBAC API policies will be removed from Neutron. Please use method 'is_service_role' instead.
2026-05-09 22:50:42.157 10 WARNING neutron.scheduler.dhcp_agent_scheduler [None req-fb0432bf-e0ab-43f7-af9b-a0717ea90a62 6fb878dddaa64cc49829ce0a21eea39c de3e45940d8b49fa8fdab0e0c279b1ac - - default default] No more DHCP agents
2026-05-09 22:50:42.160 10 WARNING neutron.scheduler.dhcp_agent_scheduler [None req-432711bf-254f-4ad4-b3ef-3d6649f6c51c eb57b1398b4f4b74b6be106a9431ded0 6c8112d372ef4d0986f796e4ce5e42e3 - - default default] No more DHCP agents
2026-05-09 22:50:42.160 10 WARNING neutron.api.rpc.agentnotifiers.dhcp_rpc_agent_api [None req-fb0432bf-e0ab-43f7-af9b-a0717ea90a62 6fb878dddaa64cc49829ce0a21eea39c de3e45940d8b49fa8fdab0e0c279b1ac - - default default] Unable to schedule network 30bda907-657c-4081-9e36-c125499aaee9: no agents available; will retry on subsequent port and subnet creation events.
2026-05-09 22:50:42.169 10 WARNING neutron.api.rpc.agentnotifiers.dhcp_rpc_agent_api [None req-432711bf-254f-4ad4-b3ef-3d6649f6c51c eb57b1398b4f4b74b6be106a9431ded0 6c8112d372ef4d0986f796e4ce5e42e3 - - default default] Unable to schedule network 4b463d2c-ad6f-4efd-a74d-6dca3e3faa4b: no agents available; will retry on subsequent port and subnet creation events.
2026-05-09 22:50:42.237 10 INFO neutron.db.ovn_revision_numbers_db [None req-432711bf-254f-4ad4-b3ef-3d6649f6c51c eb57b1398b4f4b74b6be106a9431ded0 6c8112d372ef4d0986f796e4ce5e42e3 - - default default] Successfully bumped revision number for resource 225f7c3b-fae5-4afa-be18-d1aca144c18d (type: subnets) to 0
2026-05-09 22:50:42.254 9 INFO neutron.db.ovn_revision_numbers_db [req-602ce41a-4e60-4e22-920e-e5c338fd70ad req-afb6eb87-8e45-4e6d-8324-d20a5d15f260 8fb33313bbf1451f8de96fe7fd6e05be ed0e085260f846ce9aadfbe0db79c776 - - 7658d3de922047b7a4564ef14e590b8b 7658d3de922047b7a4564ef14e590b8b] Successfully bumped revision number for resource 8744aa2c-b5a6-47f0-85e6-5d2fe752255a (type: ports) to 2
2026-05-09 22:50:42.261 10 INFO neutron.wsgi [None req-432711bf-254f-4ad4-b3ef-3d6649f6c51c eb57b1398b4f4b74b6be106a9431ded0 6c8112d372ef4d0986f796e4ce5e42e3 - - default default] 10.0.0.189 "POST /v2.0/subnets HTTP/1.1" status: 201 len: 821 time: 0.3778312
2026-05-09 22:50:42.272 10 WARNING neutron_lib.context [None req-4e2d0369-de0e-43bd-80e2-1d2a3c3833b0 eb57b1398b4f4b74b6be106a9431ded0 6c8112d372ef4d0986f796e4ce5e42e3 - - default default] Method 'is_advsvc' is deprecated since 2023.2 release (neutron-lib 3.8.0) and will be removed once support for the old RBAC API policies will be removed from Neutron. Please use method 'is_service_role' instead.
2026-05-09 22:50:42.487 9 INFO neutron.db.ovn_revision_numbers_db [req-602ce41a-4e60-4e22-920e-e5c338fd70ad req-afb6eb87-8e45-4e6d-8324-d20a5d15f260 8fb33313bbf1451f8de96fe7fd6e05be ed0e085260f846ce9aadfbe0db79c776 - - 7658d3de922047b7a4564ef14e590b8b 7658d3de922047b7a4564ef14e590b8b] Successfully bumped revision number for resource 8744aa2c-b5a6-47f0-85e6-5d2fe752255a (type: ports) to 2
2026-05-09 22:50:42.539 9 INFO neutron.wsgi [req-602ce41a-4e60-4e22-920e-e5c338fd70ad req-afb6eb87-8e45-4e6d-8324-d20a5d15f260 8fb33313bbf1451f8de96fe7fd6e05be ed0e085260f846ce9aadfbe0db79c776 - - 7658d3de922047b7a4564ef14e590b8b 7658d3de922047b7a4564ef14e590b8b] 199.204.45.19 "PUT /v2.0/ports/8744aa2c-b5a6-47f0-85e6-5d2fe752255a HTTP/1.1" status: 200 len: 1376 time: 0.7285993
2026-05-09 22:50:42.564 10 WARNING neutron.scheduler.dhcp_agent_scheduler [None req-4e2d0369-de0e-43bd-80e2-1d2a3c3833b0 eb57b1398b4f4b74b6be106a9431ded0 6c8112d372ef4d0986f796e4ce5e42e3 - - default default] No more DHCP agents
2026-05-09 22:50:42.569 10 WARNING neutron.api.rpc.agentnotifiers.dhcp_rpc_agent_api [None req-4e2d0369-de0e-43bd-80e2-1d2a3c3833b0 eb57b1398b4f4b74b6be106a9431ded0 6c8112d372ef4d0986f796e4ce5e42e3 - - default default] Unable to schedule network bc4aec2e-12d2-45e7-ba70-2557006b3218: no agents available; will retry on subsequent port and subnet creation events.
2026-05-09 22:50:42.583 9 INFO neutron.notifiers.nova [-] Nova event matching ['req-5a9cab45-05bc-42c3-ab4e-51728a44f16b'] response: {'name': 'network-changed', 'server_uuid': 'f5b49762-e64f-4c34-99ca-89f2eb4ee777', 'tag': '8744aa2c-b5a6-47f0-85e6-5d2fe752255a', 'status': 'completed', 'code': 200} /var/lib/openstack/lib/python3.10/site-packages/pycadf/identifier.py:71: UserWarning: Invalid uuid: neutron. To ensure interoperability, identifiers should be a valid uuid. warnings.warn(('Invalid uuid: %s. To ensure interoperability, '
2026-05-09 22:50:42.622 10 INFO neutron.db.ovn_revision_numbers_db [None req-4e2d0369-de0e-43bd-80e2-1d2a3c3833b0 eb57b1398b4f4b74b6be106a9431ded0 6c8112d372ef4d0986f796e4ce5e42e3 - - default default] Successfully bumped revision number for resource f474c638-07f6-4467-9574-18e08c4fc7c9 (type: subnets) to 0
2026-05-09 22:50:42.642 9 INFO neutron.wsgi [req-602ce41a-4e60-4e22-920e-e5c338fd70ad req-d52701fb-9283-477b-9903-9993bc600dab 8fb33313bbf1451f8de96fe7fd6e05be ed0e085260f846ce9aadfbe0db79c776 - - 7658d3de922047b7a4564ef14e590b8b 7658d3de922047b7a4564ef14e590b8b] 199.204.45.19 "GET /v2.0/ports?tenant_id=be68325102c2410890d98f512bb297a9&device_id=f5b49762-e64f-4c34-99ca-89f2eb4ee777 HTTP/1.1" status: 200 len: 1407 time: 0.0625958
2026-05-09 22:50:42.652 10 INFO neutron.wsgi [None req-4e2d0369-de0e-43bd-80e2-1d2a3c3833b0 eb57b1398b4f4b74b6be106a9431ded0 6c8112d372ef4d0986f796e4ce5e42e3 - - default default] 10.0.0.189 "POST /v2.0/subnets HTTP/1.1" status: 201 len: 830 time: 0.3849094
2026-05-09 22:50:42.670 10 WARNING neutron_lib.context [None req-6486d1c5-fde3-4b14-abd4-c7dae7225c09 eb57b1398b4f4b74b6be106a9431ded0 6c8112d372ef4d0986f796e4ce5e42e3 - - default default] Method 'is_advsvc' is deprecated since 2023.2 release (neutron-lib 3.8.0) and will be removed once support for the old RBAC API policies will be removed from Neutron. Please use method 'is_service_role' instead.
2026-05-09 22:50:42.683 9 INFO neutron.wsgi [req-602ce41a-4e60-4e22-920e-e5c338fd70ad req-f5acd6cb-fc2a-4fe1-88d1-48b6c605bb60 8fb33313bbf1451f8de96fe7fd6e05be ed0e085260f846ce9aadfbe0db79c776 - - 7658d3de922047b7a4564ef14e590b8b 7658d3de922047b7a4564ef14e590b8b] 199.204.45.19 "GET /v2.0/floatingips?fixed_ip_address=10.100.0.5&port_id=8744aa2c-b5a6-47f0-85e6-5d2fe752255a HTTP/1.1" status: 200 len: 217 time: 0.0330830
2026-05-09 22:50:42.702 10 INFO neutron.wsgi [req-f42a7b7a-6587-4371-b5d8-cbb1073aaf33 req-c696d0a1-b524-453f-95ea-f21c054b4e3c a0119216cfe9484f8963aa7e65993b73 be68325102c2410890d98f512bb297a9 - - default default] 10.0.0.184 "GET /v2.0/ports?device_id=f5b49762-e64f-4c34-99ca-89f2eb4ee777 HTTP/1.1" status: 200 len: 1168 time: 0.0836418
2026-05-09 22:50:42.727 9 INFO neutron.wsgi [req-602ce41a-4e60-4e22-920e-e5c338fd70ad req-739c4123-a747-4b50-8cbc-8e94c625077d 8fb33313bbf1451f8de96fe7fd6e05be ed0e085260f846ce9aadfbe0db79c776 - - 7658d3de922047b7a4564ef14e590b8b 7658d3de922047b7a4564ef14e590b8b] 199.204.45.19 "GET /v2.0/subnets?id=9a57cacc-f463-4bca-9776-55806145561d HTTP/1.1" status: 200 len: 866 time: 0.0368447
2026-05-09 22:50:42.768 9 INFO neutron.wsgi [req-602ce41a-4e60-4e22-920e-e5c338fd70ad req-5feb66b9-689d-46c9-9fda-d684a76b29c4 8fb33313bbf1451f8de96fe7fd6e05be ed0e085260f846ce9aadfbe0db79c776 - - 7658d3de922047b7a4564ef14e590b8b 7658d3de922047b7a4564ef14e590b8b] 199.204.45.19 "GET /v2.0/ports?network_id=314bd499-5e28-4034-98e1-b1922b9e61de&device_owner=network%3Adhcp HTTP/1.1" status: 200 len: 210 time: 0.0331185
2026-05-09 22:50:42.778 10 INFO neutron.wsgi [req-f42a7b7a-6587-4371-b5d8-cbb1073aaf33 req-92e14388-413f-44b0-924a-59fd0b7e526c a0119216cfe9484f8963aa7e65993b73 be68325102c2410890d98f512bb297a9 - - default default] 10.0.0.184 "GET /v2.0/security-groups?id=43798bb7-58fa-4970-a2fe-f326cd76c7b0&fields=id&fields=name HTTP/1.1" status: 200 len: 286 time: 0.0691552
2026-05-09 22:50:42.847 10 INFO neutron.db.ovn_revision_numbers_db [None req-6486d1c5-fde3-4b14-abd4-c7dae7225c09 eb57b1398b4f4b74b6be106a9431ded0 6c8112d372ef4d0986f796e4ce5e42e3 - - default default] Successfully bumped revision number for resource ca66617b-cbe0-4f9f-8283-56447651131c (type: routers) to 1
2026-05-09 22:50:42.867 9 INFO neutron.wsgi [req-602ce41a-4e60-4e22-920e-e5c338fd70ad req-5c6d0119-10a7-410a-a0be-bf3c5943c7d5 8fb33313bbf1451f8de96fe7fd6e05be ed0e085260f846ce9aadfbe0db79c776 - - 7658d3de922047b7a4564ef14e590b8b 7658d3de922047b7a4564ef14e590b8b] 199.204.45.19 "GET /v2.0/networks/314bd499-5e28-4034-98e1-b1922b9e61de?fields=segments HTTP/1.1" status: 200 len: 212 time: 0.0924489
2026-05-09 22:50:42.881 10 INFO neutron.wsgi [None req-6486d1c5-fde3-4b14-abd4-c7dae7225c09 eb57b1398b4f4b74b6be106a9431ded0 6c8112d372ef4d0986f796e4ce5e42e3 - - default default] 10.0.0.189 "POST /v2.0/routers HTTP/1.1" status: 201 len: 805 time: 0.2228835
2026-05-09 22:50:42.920 10 INFO neutron.db.ovn_revision_numbers_db [None req-fb0432bf-e0ab-43f7-af9b-a0717ea90a62 6fb878dddaa64cc49829ce0a21eea39c de3e45940d8b49fa8fdab0e0c279b1ac - - default default] Successfully bumped revision number for resource a84a7c37-45c1-4d34-b93c-d4b8b811ddf1 (type: ports) to 2
2026-05-09 22:50:42.935 9 INFO neutron.wsgi [req-602ce41a-4e60-4e22-920e-e5c338fd70ad req-84f5b6b4-1cac-4286-b9c5-d2691f120489 8fb33313bbf1451f8de96fe7fd6e05be ed0e085260f846ce9aadfbe0db79c776 - - 7658d3de922047b7a4564ef14e590b8b 7658d3de922047b7a4564ef14e590b8b] 199.204.45.19 "GET /v2.0/networks/314bd499-5e28-4034-98e1-b1922b9e61de?fields=provider%3Aphysical_network&fields=provider%3Anetwork_type HTTP/1.1" status: 200 len: 277 time: 0.0603609
2026-05-09 22:50:43.028 9 INFO neutron.wsgi [req-95a02dd1-6174-4f69-b482-65272952c972 req-142ae836-ebfe-48e7-b80d-aefc091cd013 8fb33313bbf1451f8de96fe7fd6e05be ed0e085260f846ce9aadfbe0db79c776 - - 7658d3de922047b7a4564ef14e590b8b 7658d3de922047b7a4564ef14e590b8b] 199.204.45.19 "GET /v2.0/ports?tenant_id=be68325102c2410890d98f512bb297a9&device_id=f5b49762-e64f-4c34-99ca-89f2eb4ee777 HTTP/1.1" status: 200 len: 1407 time: 0.0371993
2026-05-09 22:50:43.104 9 INFO neutron.wsgi [req-95a02dd1-6174-4f69-b482-65272952c972 req-d00e0321-8255-4b98-92dc-f90c8158f917 8fb33313bbf1451f8de96fe7fd6e05be ed0e085260f846ce9aadfbe0db79c776 - - 7658d3de922047b7a4564ef14e590b8b 7658d3de922047b7a4564ef14e590b8b] 199.204.45.19 "GET /v2.0/networks?id=314bd499-5e28-4034-98e1-b1922b9e61de HTTP/1.1" status: 200 len: 971 time: 0.0682912
2026-05-09 22:50:43.155 9 INFO neutron.plugins.ml2.drivers.ovn.mech_driver.mech_driver [None req-a8b18dd9-f8a7-4c0e-8c79-226990d16307 - - - - - -] OVN reports status up for port: 8744aa2c-b5a6-47f0-85e6-5d2fe752255a
2026-05-09 22:50:43.160 9 INFO neutron.wsgi [req-95a02dd1-6174-4f69-b482-65272952c972 req-f5bf697b-91fd-4c0f-9dfc-69fc5fc062ea 8fb33313bbf1451f8de96fe7fd6e05be ed0e085260f846ce9aadfbe0db79c776 - - 7658d3de922047b7a4564ef14e590b8b 7658d3de922047b7a4564ef14e590b8b] 199.204.45.19 "GET /v2.0/floatingips?fixed_ip_address=10.100.0.5&port_id=8744aa2c-b5a6-47f0-85e6-5d2fe752255a HTTP/1.1" status: 200 len: 217 time: 0.0378187
2026-05-09 22:50:43.183 9 INFO neutron.plugins.ml2.plugin [None req-a8b18dd9-f8a7-4c0e-8c79-226990d16307 - - - - - -] Attempt 1 to provision port 8744aa2c-b5a6-47f0-85e6-5d2fe752255a
2026-05-09 22:50:43.227 9 INFO neutron.wsgi [req-95a02dd1-6174-4f69-b482-65272952c972 req-3a76bbda-b764-4bd5-a86c-6881023b17a0 8fb33313bbf1451f8de96fe7fd6e05be ed0e085260f846ce9aadfbe0db79c776 - - 7658d3de922047b7a4564ef14e590b8b 7658d3de922047b7a4564ef14e590b8b] 199.204.45.19 "GET /v2.0/subnets?id=9a57cacc-f463-4bca-9776-55806145561d HTTP/1.1" status: 200 len: 866 time: 0.0616109
2026-05-09 22:50:43.239 10 INFO neutron.db.ovn_revision_numbers_db [None req-fb0432bf-e0ab-43f7-af9b-a0717ea90a62 6fb878dddaa64cc49829ce0a21eea39c de3e45940d8b49fa8fdab0e0c279b1ac - - default default] Successfully bumped revision number for resource 124db52a-63a3-4e4d-bba8-2cf33059ebc0 (type: subnets) to 0
2026-05-09 22:50:43.261 9 INFO neutron.wsgi [req-95a02dd1-6174-4f69-b482-65272952c972 req-ddb57536-cf9d-452f-91ce-5875c3e6cf82 8fb33313bbf1451f8de96fe7fd6e05be ed0e085260f846ce9aadfbe0db79c776 - - 7658d3de922047b7a4564ef14e590b8b 7658d3de922047b7a4564ef14e590b8b] 199.204.45.19 "GET /v2.0/ports?network_id=314bd499-5e28-4034-98e1-b1922b9e61de&device_owner=network%3Adhcp HTTP/1.1" status: 200 len: 210 time: 0.0255785
2026-05-09 22:50:43.271 10 INFO neutron.wsgi [None req-fb0432bf-e0ab-43f7-af9b-a0717ea90a62 6fb878dddaa64cc49829ce0a21eea39c de3e45940d8b49fa8fdab0e0c279b1ac - - default default] 10.0.0.189 "POST /v2.0/subnets HTTP/1.1" status: 201 len: 804 time: 1.4034572
2026-05-09 22:50:43.283 10 WARNING neutron_lib.context [None req-b91d35ba-ef0d-4042-ae1e-6887af26660d 6fb878dddaa64cc49829ce0a21eea39c de3e45940d8b49fa8fdab0e0c279b1ac - - default default] Method 'is_advsvc' is deprecated since 2023.2 release (neutron-lib 3.8.0) and will be removed once support for the old RBAC API policies will be removed from Neutron. Please use method 'is_service_role' instead.
2026-05-09 22:50:43.360 10 INFO neutron.db.ovn_revision_numbers_db [None req-44f6ab0b-5e0a-44fd-ab1d-0443bef531c2 e63ab23ec7d6481db4b758a6d2e5ffd9 3aee92eba8c04df6ba82301477145736 - - default default] Successfully bumped revision number for resource 404a1c85-41d6-4525-b53f-6e1081273ab7 (type: security_groups) to 1
2026-05-09 22:50:43.430 10 INFO neutron.db.ovn_revision_numbers_db [None req-44f6ab0b-5e0a-44fd-ab1d-0443bef531c2 e63ab23ec7d6481db4b758a6d2e5ffd9 3aee92eba8c04df6ba82301477145736 - - default default] Successfully bumped revision number for resource 1f9d3055-874f-4699-9049-d037c2051cb3 (type: security_group_rules) to 0
2026-05-09 22:50:43.437 10 INFO neutron.db.segments_db [None req-b91d35ba-ef0d-4042-ae1e-6887af26660d 6fb878dddaa64cc49829ce0a21eea39c de3e45940d8b49fa8fdab0e0c279b1ac - - default default] Added segment f3db16a9-69f3-4fc1-9086-2a1d5825cd4d of type geneve for network 08576641-5051-4463-9532-33443cd801cb
2026-05-09 22:50:43.483 10 INFO neutron.db.ovn_revision_numbers_db [None req-44f6ab0b-5e0a-44fd-ab1d-0443bef531c2 e63ab23ec7d6481db4b758a6d2e5ffd9 3aee92eba8c04df6ba82301477145736 - - default default] Successfully bumped revision number for resource aabb2465-d3bb-4142-a96d-e12ed1e2c0b8 (type: security_group_rules) to 0
2026-05-09 22:50:43.532 10 INFO neutron.db.ovn_revision_numbers_db [None req-44f6ab0b-5e0a-44fd-ab1d-0443bef531c2 e63ab23ec7d6481db4b758a6d2e5ffd9 3aee92eba8c04df6ba82301477145736 - - default default] Successfully bumped revision number for resource b42de3f0-962d-461d-88c0-71240b84f28e (type: security_group_rules) to 0
2026-05-09 22:50:43.574 10 INFO neutron.db.ovn_revision_numbers_db [None req-44f6ab0b-5e0a-44fd-ab1d-0443bef531c2 e63ab23ec7d6481db4b758a6d2e5ffd9 3aee92eba8c04df6ba82301477145736 - - default default] Successfully bumped revision number for resource ff01835d-e5c8-4828-b06a-07a96b602916 (type: security_group_rules) to 0
2026-05-09 22:50:43.579 9 INFO neutron.wsgi [req-95a02dd1-6174-4f69-b482-65272952c972 req-d8d3cd8e-32f0-4a57-bf35-15954add040d 8fb33313bbf1451f8de96fe7fd6e05be ed0e085260f846ce9aadfbe0db79c776 - - 7658d3de922047b7a4564ef14e590b8b 7658d3de922047b7a4564ef14e590b8b] 199.204.45.19 "GET /v2.0/networks/314bd499-5e28-4034-98e1-b1922b9e61de?fields=segments HTTP/1.1" status: 200 len: 212 time: 0.3120823
2026-05-09 22:50:43.670 9 INFO neutron.wsgi [req-95a02dd1-6174-4f69-b482-65272952c972 req-6a289083-7c49-4147-b2f1-45dcd41d2475 8fb33313bbf1451f8de96fe7fd6e05be ed0e085260f846ce9aadfbe0db79c776 - - 7658d3de922047b7a4564ef14e590b8b 7658d3de922047b7a4564ef14e590b8b] 199.204.45.19 "GET /v2.0/networks/314bd499-5e28-4034-98e1-b1922b9e61de?fields=provider%3Aphysical_network&fields=provider%3Anetwork_type HTTP/1.1" status: 200 len: 277 time: 0.0853744
2026-05-09 22:50:43.677 10 INFO neutron.db.segments_db [None req-44f6ab0b-5e0a-44fd-ab1d-0443bef531c2 e63ab23ec7d6481db4b758a6d2e5ffd9 3aee92eba8c04df6ba82301477145736 - - default default] Added segment 8aba7c59-7a91-48bc-9a8f-a9a408d583cd of type geneve for network 158032b4-3da8-4ee2-857b-fceb32bf597e
2026-05-09 22:50:43.741 10 INFO neutron.db.ovn_revision_numbers_db [None req-b91d35ba-ef0d-4042-ae1e-6887af26660d 6fb878dddaa64cc49829ce0a21eea39c de3e45940d8b49fa8fdab0e0c279b1ac - - default default] Successfully bumped revision number for resource 08576641-5051-4463-9532-33443cd801cb (type: networks) to 1
2026-05-09 22:50:43.823 9 INFO neutron.db.ovn_revision_numbers_db [None req-a8b18dd9-f8a7-4c0e-8c79-226990d16307 - - - - - -] Successfully bumped revision number for resource 8744aa2c-b5a6-47f0-85e6-5d2fe752255a (type: ports) to 4
2026-05-09 22:50:43.949 10 WARNING neutron.scheduler.dhcp_agent_scheduler [None req-4a954dae-322f-4fcc-a599-c9367b84b2a0 eb57b1398b4f4b74b6be106a9431ded0 6c8112d372ef4d0986f796e4ce5e42e3 - - default default] No more DHCP agents
2026-05-09 22:50:43.953 10 INFO neutron.db.ovn_revision_numbers_db [None req-44f6ab0b-5e0a-44fd-ab1d-0443bef531c2 e63ab23ec7d6481db4b758a6d2e5ffd9 3aee92eba8c04df6ba82301477145736 - - default default] Successfully bumped revision number for resource 158032b4-3da8-4ee2-857b-fceb32bf597e (type: networks) to 1
2026-05-09 22:50:43.958 10 WARNING neutron.api.rpc.agentnotifiers.dhcp_rpc_agent_api [None req-4a954dae-322f-4fcc-a599-c9367b84b2a0 eb57b1398b4f4b74b6be106a9431ded0 6c8112d372ef4d0986f796e4ce5e42e3 - - default default] Unable to schedule network 4b463d2c-ad6f-4efd-a74d-6dca3e3faa4b: no agents available; will retry on subsequent port and subnet creation events.
2026-05-09 22:50:43.964 9 INFO neutron.wsgi [req-70aef044-41f0-4b9c-b67a-7f6aeb837687 req-fd0a20a5-ba22-4df7-8361-e1e718de0a87 a0119216cfe9484f8963aa7e65993b73 be68325102c2410890d98f512bb297a9 - - default default] 10.0.0.184 "GET /v2.0/ports?device_id=f5b49762-e64f-4c34-99ca-89f2eb4ee777 HTTP/1.1" status: 200 len: 1170 time: 0.1148906 /var/lib/openstack/lib/python3.10/site-packages/pycadf/identifier.py:71: UserWarning: Invalid uuid: neutron. To ensure interoperability, identifiers should be a valid uuid. warnings.warn(('Invalid uuid: %s. To ensure interoperability, '
2026-05-09 22:50:44.014 9 INFO neutron.wsgi [req-70aef044-41f0-4b9c-b67a-7f6aeb837687 req-8be12d5e-b90e-443e-a490-b84702eacb52 a0119216cfe9484f8963aa7e65993b73 be68325102c2410890d98f512bb297a9 - - default default] 10.0.0.184 "GET /v2.0/security-groups?id=43798bb7-58fa-4970-a2fe-f326cd76c7b0&fields=id&fields=name HTTP/1.1" status: 200 len: 286 time: 0.0426245
2026-05-09 22:50:44.139 10 WARNING neutron.scheduler.dhcp_agent_scheduler [None req-b91d35ba-ef0d-4042-ae1e-6887af26660d 6fb878dddaa64cc49829ce0a21eea39c de3e45940d8b49fa8fdab0e0c279b1ac - - default default] No more DHCP agents
2026-05-09 22:50:44.147 10 WARNING neutron.api.rpc.agentnotifiers.dhcp_rpc_agent_api [None req-b91d35ba-ef0d-4042-ae1e-6887af26660d 6fb878dddaa64cc49829ce0a21eea39c de3e45940d8b49fa8fdab0e0c279b1ac - - default default] Unable to schedule network 08576641-5051-4463-9532-33443cd801cb: no agents available; will retry on subsequent port and subnet creation events.
2026-05-09 22:50:44.172 10 INFO neutron.db.ovn_revision_numbers_db [None req-4a954dae-322f-4fcc-a599-c9367b84b2a0 eb57b1398b4f4b74b6be106a9431ded0 6c8112d372ef4d0986f796e4ce5e42e3 - - default default] Successfully bumped revision number for resource 2d197c49-bd35-4467-839e-61d0720575c7 (type: ports) to 1
2026-05-09 22:50:44.311 10 WARNING neutron.scheduler.dhcp_agent_scheduler [None req-44f6ab0b-5e0a-44fd-ab1d-0443bef531c2 e63ab23ec7d6481db4b758a6d2e5ffd9 3aee92eba8c04df6ba82301477145736 - - default default] No more DHCP agents
2026-05-09 22:50:44.314 10 INFO neutron.db.ovn_revision_numbers_db [None req-b91d35ba-ef0d-4042-ae1e-6887af26660d 6fb878dddaa64cc49829ce0a21eea39c de3e45940d8b49fa8fdab0e0c279b1ac - - default default] Successfully bumped revision number for resource 0ad8c2ab-336e-44c6-9510-32c96dc00e9b (type: ports) to 1
2026-05-09 22:50:44.319 10 WARNING neutron.api.rpc.agentnotifiers.dhcp_rpc_agent_api [None req-44f6ab0b-5e0a-44fd-ab1d-0443bef531c2 e63ab23ec7d6481db4b758a6d2e5ffd9 3aee92eba8c04df6ba82301477145736 - - default default] Unable to schedule network 158032b4-3da8-4ee2-857b-fceb32bf597e: no agents available; will retry on subsequent port and subnet creation events.
2026-05-09 22:50:44.351 10 WARNING neutron.plugins.ml2.drivers.ovn.mech_driver.ovsdb.ovn_client [None req-d9958fd4-08c2-4d53-9265-7b981d8368f2 - - - - - -] No hosting information found for port f3aeff84-ae4f-4137-b61b-afa9be3b6b32: RuntimeError: No hosting information found for port f3aeff84-ae4f-4137-b61b-afa9be3b6b32
2026-05-09 22:50:44.377 10 INFO neutron.wsgi [None req-b91d35ba-ef0d-4042-ae1e-6887af26660d 6fb878dddaa64cc49829ce0a21eea39c de3e45940d8b49fa8fdab0e0c279b1ac - - default default] 10.0.0.189 "POST /v2.0/networks HTTP/1.1" status: 201 len: 830 time: 1.1006489
2026-05-09 22:50:44.391 9 WARNING neutron_lib.context [None req-7de9f7e2-a706-4699-bc16-01def515b2fc 6fb878dddaa64cc49829ce0a21eea39c de3e45940d8b49fa8fdab0e0c279b1ac - - default default] Method 'is_advsvc' is deprecated since 2023.2 release (neutron-lib 3.8.0) and will be removed once support for the old RBAC API policies will be removed from Neutron. Please use method 'is_service_role' instead.
2026-05-09 22:50:44.460 10 INFO neutron.db.ovn_revision_numbers_db [None req-44f6ab0b-5e0a-44fd-ab1d-0443bef531c2 e63ab23ec7d6481db4b758a6d2e5ffd9 3aee92eba8c04df6ba82301477145736 - - default default] Successfully bumped revision number for resource 9e0f2478-1db0-4f83-a22e-a1b19fc3bd2c (type: ports) to 1
2026-05-09 22:50:44.509 10 INFO neutron.wsgi [None req-44f6ab0b-5e0a-44fd-ab1d-0443bef531c2 e63ab23ec7d6481db4b758a6d2e5ffd9 3aee92eba8c04df6ba82301477145736 - - default default] 10.0.0.189 "POST /v2.0/networks HTTP/1.1" status: 201 len: 947 time: 1.9007940
2026-05-09 22:50:44.618 9 INFO neutron.notifiers.nova [-] Nova event matching ['req-acbd0101-ecae-4d6c-9353-fd4b4418d36e'] response: {'server_uuid': 'f5b49762-e64f-4c34-99ca-89f2eb4ee777', 'name': 'network-vif-plugged', 'status': 'completed', 'tag': '8744aa2c-b5a6-47f0-85e6-5d2fe752255a', 'code': 200}
2026-05-09 22:50:44.619 9 INFO neutron.notifiers.nova [-] Nova event matching ['req-acbd0101-ecae-4d6c-9353-fd4b4418d36e'] response: {'server_uuid': 'f5b49762-e64f-4c34-99ca-89f2eb4ee777', 'name': 'network-vif-plugged', 'status': 'completed', 'tag': '8744aa2c-b5a6-47f0-85e6-5d2fe752255a', 'code': 200}
2026-05-09 22:50:44.646 9 WARNING neutron.scheduler.dhcp_agent_scheduler [None req-7de9f7e2-a706-4699-bc16-01def515b2fc 6fb878dddaa64cc49829ce0a21eea39c de3e45940d8b49fa8fdab0e0c279b1ac - - default default] No more DHCP agents
2026-05-09 22:50:44.649 9 WARNING neutron.api.rpc.agentnotifiers.dhcp_rpc_agent_api [None req-7de9f7e2-a706-4699-bc16-01def515b2fc 6fb878dddaa64cc49829ce0a21eea39c de3e45940d8b49fa8fdab0e0c279b1ac - - default default] Unable to schedule network 08576641-5051-4463-9532-33443cd801cb: no agents available; will retry on subsequent port and subnet creation events.
2026-05-09 22:50:45.057 10 WARNING neutron.scheduler.dhcp_agent_scheduler [None req-061519cb-a196-4174-bebc-08afd3c5586a e63ab23ec7d6481db4b758a6d2e5ffd9 3aee92eba8c04df6ba82301477145736 - - default default] No more DHCP agents
2026-05-09 22:50:45.070 10 WARNING neutron.api.rpc.agentnotifiers.dhcp_rpc_agent_api [None req-061519cb-a196-4174-bebc-08afd3c5586a e63ab23ec7d6481db4b758a6d2e5ffd9 3aee92eba8c04df6ba82301477145736 - - default default] Unable to schedule network 158032b4-3da8-4ee2-857b-fceb32bf597e: no agents available; will retry on subsequent port and subnet creation events.
2026-05-09 22:50:45.131 10 ERROR ovsdbapp.backend.ovs_idl.command [None req-4a954dae-322f-4fcc-a599-c9367b84b2a0 eb57b1398b4f4b74b6be106a9431ded0 6c8112d372ef4d0986f796e4ce5e42e3 - - default default] Error executing command (DbGetCommand): ovsdbapp.backend.ovs_idl.idlutils.RowNotFound: Cannot find Logical_Router_Port with name=lrp-2d197c49-bd35-4467-839e-61d0720575c7
2026-05-09 22:50:45.131 10 ERROR ovsdbapp.backend.ovs_idl.command
Traceback (most recent call last):
2026-05-09 22:50:45.131 10 ERROR ovsdbapp.backend.ovs_idl.command
File "/var/lib/openstack/lib/python3.10/site-packages/ovsdbapp/backend/ovs_idl/command.py", line 47, in execute
2026-05-09 22:50:45.131 10 ERROR ovsdbapp.backend.ovs_idl.command self.run_idl(None)
2026-05-09 22:50:45.131 10 ERROR ovsdbapp.backend.ovs_idl.command
File "/var/lib/openstack/lib/python3.10/site-packages/ovsdbapp/backend/ovs_idl/command.py", line 235, in run_idl
2026-05-09 22:50:45.131 10 ERROR ovsdbapp.backend.ovs_idl.command record = self.api.lookup(self.table, self.record)
2026-05-09 22:50:45.131 10 ERROR ovsdbapp.backend.ovs_idl.command
File "/var/lib/openstack/lib/python3.10/site-packages/ovsdbapp/backend/ovs_idl/__init__.py", line 184, in lookup
2026-05-09 22:50:45.131 10 ERROR ovsdbapp.backend.ovs_idl.command return self._lookup(table, record)
2026-05-09 22:50:45.131 10 ERROR ovsdbapp.backend.ovs_idl.command
File "/var/lib/openstack/lib/python3.10/site-packages/ovsdbapp/backend/ovs_idl/__init__.py", line 235, in _lookup
2026-05-09 22:50:45.131 10 ERROR ovsdbapp.backend.ovs_idl.command row = idlutils.row_by_value(self, rl.table, rl.column, record)
2026-05-09 22:50:45.131 10 ERROR ovsdbapp.backend.ovs_idl.command
File "/var/lib/openstack/lib/python3.10/site-packages/ovsdbapp/backend/ovs_idl/idlutils.py", line 114, in row_by_value
2026-05-09 22:50:45.131 10 ERROR ovsdbapp.backend.ovs_idl.command raise RowNotFound(table=table, col=column, match=match)
2026-05-09 22:50:45.131 10 ERROR ovsdbapp.backend.ovs_idl.command ovsdbapp.backend.ovs_idl.idlutils.RowNotFound: Cannot find Logical_Router_Port with name=lrp-2d197c49-bd35-4467-839e-61d0720575c7
2026-05-09 22:50:45.131 10 ERROR ovsdbapp.backend.ovs_idl.command 
2026-05-09 22:50:45.132 10 ERROR neutron_lib.callbacks.manager [None req-4a954dae-322f-4fcc-a599-c9367b84b2a0 eb57b1398b4f4b74b6be106a9431ded0 6c8112d372ef4d0986f796e4ce5e42e3 - - default default] Error during notification for neutron.services.ovn_l3.plugin.OVNL3RouterPlugin._port_update-8783339495151 port, after_update: ovsdbapp.backend.ovs_idl.idlutils.RowNotFound: Cannot find Logical_Router_Port with name=lrp-2d197c49-bd35-4467-839e-61d0720575c7
2026-05-09 22:50:45.132 10 ERROR neutron_lib.callbacks.manager
Traceback (most recent call last):
2026-05-09 22:50:45.132 10 ERROR neutron_lib.callbacks.manager
File "/var/lib/openstack/lib/python3.10/site-packages/neutron_lib/callbacks/manager.py", line 189, in _notify_loop
2026-05-09 22:50:45.132 10 ERROR neutron_lib.callbacks.manager callback.method(resource, event, trigger, payload=payload)
2026-05-09 22:50:45.132 10 ERROR neutron_lib.callbacks.manager
File "/var/lib/openstack/lib/python3.10/site-packages/neutron/services/ovn_l3/plugin.py", line 391, in _port_update
2026-05-09 22:50:45.132 10 ERROR neutron_lib.callbacks.manager l3plugin._ovn_client.update_router_port(context,
2026-05-09 22:50:45.132 10 ERROR neutron_lib.callbacks.manager
File "/var/lib/openstack/lib/python3.10/site-packages/neutron/plugins/ml2/drivers/ovn/mech_driver/ovsdb/ovn_client.py", line 1878, in update_router_port
2026-05-09 22:50:45.132 10 ERROR neutron_lib.callbacks.manager self._update_lrouter_port(context, port, if_exists=if_exists,
2026-05-09 22:50:45.132 10 ERROR neutron_lib.callbacks.manager
File "/var/lib/openstack/lib/python3.10/site-packages/neutron/plugins/ml2/drivers/ovn/mech_driver/ovsdb/ovn_client.py", line 1855, in _update_lrouter_port
2026-05-09 22:50:45.132 10 ERROR neutron_lib.callbacks.manager external_ids = self._nb_idl.db_get(
2026-05-09 22:50:45.132 10 ERROR neutron_lib.callbacks.manager
File "/var/lib/openstack/lib/python3.10/site-packages/ovsdbapp/backend/ovs_idl/command.py", line 47, in execute
2026-05-09 22:50:45.132 10 ERROR neutron_lib.callbacks.manager self.run_idl(None)
2026-05-09 22:50:45.132 10 ERROR neutron_lib.callbacks.manager
File "/var/lib/openstack/lib/python3.10/site-packages/ovsdbapp/backend/ovs_idl/command.py", line 235, in run_idl
2026-05-09 22:50:45.132 10 ERROR neutron_lib.callbacks.manager record = self.api.lookup(self.table, self.record)
2026-05-09 22:50:45.132 10 ERROR neutron_lib.callbacks.manager
File "/var/lib/openstack/lib/python3.10/site-packages/ovsdbapp/backend/ovs_idl/__init__.py", line 184, in lookup
2026-05-09 22:50:45.132 10 ERROR neutron_lib.callbacks.manager return self._lookup(table, record)
2026-05-09 22:50:45.132 10 ERROR neutron_lib.callbacks.manager
File "/var/lib/openstack/lib/python3.10/site-packages/ovsdbapp/backend/ovs_idl/__init__.py", line 235, in _lookup
2026-05-09 22:50:45.132 10 ERROR neutron_lib.callbacks.manager row = idlutils.row_by_value(self, rl.table, rl.column, record)
2026-05-09 22:50:45.132 10 ERROR neutron_lib.callbacks.manager
File "/var/lib/openstack/lib/python3.10/site-packages/ovsdbapp/backend/ovs_idl/idlutils.py", line 114, in row_by_value
2026-05-09 22:50:45.132 10 ERROR neutron_lib.callbacks.manager raise RowNotFound(table=table, col=column, match=match)
2026-05-09 22:50:45.132 10 ERROR neutron_lib.callbacks.manager ovsdbapp.backend.ovs_idl.idlutils.RowNotFound: Cannot find Logical_Router_Port with name=lrp-2d197c49-bd35-4467-839e-61d0720575c7
2026-05-09 22:50:45.132 10 ERROR neutron_lib.callbacks.manager 
2026-05-09 22:50:45.146 9 INFO neutron.wsgi [req-16a8b820-a42c-4a87-9279-000102d6c67b req-a0e1357c-937f-4633-9d27-fa144c760835 a0119216cfe9484f8963aa7e65993b73 be68325102c2410890d98f512bb297a9 - - default default] 10.0.0.184 "GET /v2.0/ports?device_id=f5b49762-e64f-4c34-99ca-89f2eb4ee777 HTTP/1.1" status: 200 len: 1170 time: 0.0484550
2026-05-09 22:50:45.216 9 INFO neutron.wsgi [req-16a8b820-a42c-4a87-9279-000102d6c67b req-8a34eb44-5abf-4c8e-97be-0a58b5e8d7c7 a0119216cfe9484f8963aa7e65993b73 be68325102c2410890d98f512bb297a9 - - default default] 10.0.0.184 "GET /v2.0/security-groups?id=43798bb7-58fa-4970-a2fe-f326cd76c7b0&fields=id&fields=name HTTP/1.1" status: 200 len: 286 time: 0.0583477
