2026-05-09 22:50:45.229 9 INFO neutron.db.ovn_revision_numbers_db [None req-7de9f7e2-a706-4699-bc16-01def515b2fc 6fb878dddaa64cc49829ce0a21eea39c de3e45940d8b49fa8fdab0e0c279b1ac - - default default] Successfully bumped revision number for resource 0ad8c2ab-336e-44c6-9510-32c96dc00e9b (type: ports) to 2
2026-05-09 22:50:45.267 9 INFO neutron.db.ovn_revision_numbers_db [None req-7de9f7e2-a706-4699-bc16-01def515b2fc 6fb878dddaa64cc49829ce0a21eea39c de3e45940d8b49fa8fdab0e0c279b1ac - - default default] Successfully bumped revision number for resource 43c36568-4d63-412c-84f6-a03f9f176500 (type: subnets) to 0
2026-05-09 22:50:45.290 9 INFO neutron.wsgi [None req-7de9f7e2-a706-4699-bc16-01def515b2fc 6fb878dddaa64cc49829ce0a21eea39c de3e45940d8b49fa8fdab0e0c279b1ac - - default default] 10.0.0.189 "POST /v2.0/subnets HTTP/1.1" status: 201 len: 804 time: 0.9061780
2026-05-09 22:50:45.310 9 WARNING neutron_lib.context [None req-5fda79db-e7de-42c9-a1b0-c8e1ce436b24 6fb878dddaa64cc49829ce0a21eea39c de3e45940d8b49fa8fdab0e0c279b1ac - - default default] Method 'is_advsvc' is deprecated since 2023.2 release (neutron-lib 3.8.0) and will be removed once support for the old RBAC API policies will be removed from Neutron. Please use method 'is_service_role' instead.
2026-05-09 22:50:45.328 9 INFO neutron.plugins.ml2.drivers.ovn.mech_driver.mech_driver [None req-a8b18dd9-f8a7-4c0e-8c79-226990d16307 - - - - - -] OVN reports status up for port: 2d197c49-bd35-4467-839e-61d0720575c7
2026-05-09 22:50:45.342 9 INFO neutron.plugins.ml2.plugin [None req-a8b18dd9-f8a7-4c0e-8c79-226990d16307 - - - - - -] Attempt 1 to provision port 2d197c49-bd35-4467-839e-61d0720575c7
2026-05-09 22:50:45.355 10 INFO neutron.db.ovn_revision_numbers_db [None req-4a954dae-322f-4fcc-a599-c9367b84b2a0 eb57b1398b4f4b74b6be106a9431ded0 6c8112d372ef4d0986f796e4ce5e42e3 - - default default] Successfully bumped revision number for resource 2d197c49-bd35-4467-839e-61d0720575c7 (type: ports) to 1
2026-05-09 22:50:45.415 9 INFO neutron.db.segments_db [None req-5fda79db-e7de-42c9-a1b0-c8e1ce436b24 6fb878dddaa64cc49829ce0a21eea39c de3e45940d8b49fa8fdab0e0c279b1ac - - default default] Added segment eec8c1b5-4a3e-4010-9ab9-f0e2c65cc672 of type geneve for network ae68f610-82ea-4eff-a74b-2db77755f75e
2026-05-09 22:50:45.458 10 WARNING neutron.scheduler.dhcp_agent_scheduler [None req-4a954dae-322f-4fcc-a599-c9367b84b2a0 eb57b1398b4f4b74b6be106a9431ded0 6c8112d372ef4d0986f796e4ce5e42e3 - - default default] No more DHCP agents
2026-05-09 22:50:45.460 10 WARNING neutron.api.rpc.agentnotifiers.dhcp_rpc_agent_api [None req-4a954dae-322f-4fcc-a599-c9367b84b2a0 eb57b1398b4f4b74b6be106a9431ded0 6c8112d372ef4d0986f796e4ce5e42e3 - - default default] Unable to schedule network 4b463d2c-ad6f-4efd-a74d-6dca3e3faa4b: no agents available; will retry on subsequent port and subnet creation events.
2026-05-09 22:50:45.611 9 INFO neutron.db.ovn_revision_numbers_db [None req-5fda79db-e7de-42c9-a1b0-c8e1ce436b24 6fb878dddaa64cc49829ce0a21eea39c de3e45940d8b49fa8fdab0e0c279b1ac - - default default] Successfully bumped revision number for resource ae68f610-82ea-4eff-a74b-2db77755f75e (type: networks) to 1
2026-05-09 22:50:45.682 10 INFO neutron.db.ovn_revision_numbers_db [None req-4a954dae-322f-4fcc-a599-c9367b84b2a0 eb57b1398b4f4b74b6be106a9431ded0 6c8112d372ef4d0986f796e4ce5e42e3 - - default default] Successfully bumped revision number for resource 2d197c49-bd35-4467-839e-61d0720575c7 (type: router_ports) to 1
2026-05-09 22:50:45.689 10 INFO neutron.wsgi [None req-4a954dae-322f-4fcc-a599-c9367b84b2a0 eb57b1398b4f4b74b6be106a9431ded0 6c8112d372ef4d0986f796e4ce5e42e3 - - default default] 10.0.0.189 "PUT /v2.0/routers/ca66617b-cbe0-4f9f-8283-56447651131c/add_router_interface HTTP/1.1" status: 200 len: 503 time: 2.8010688
2026-05-09 22:50:45.745 10 INFO neutron.wsgi [None req-ee7d9473-cfd0-45b4-b4bf-b544233cf91b eb57b1398b4f4b74b6be106a9431ded0 6c8112d372ef4d0986f796e4ce5e42e3 - - default default] 10.0.0.189 "GET /v2.0/ports/2d197c49-bd35-4467-839e-61d0720575c7 HTTP/1.1" status: 200 len: 1141 time: 0.0487092
2026-05-09 22:50:45.827 9 INFO neutron.wsgi [req-f1fb1f72-fcec-4c6d-aeb4-5e6508d8d947 req-caec7e5f-89c8-4af4-ada2-92b7d458921a a0119216cfe9484f8963aa7e65993b73 be68325102c2410890d98f512bb297a9 - - default default] 10.0.0.184 "GET /v2.0/ports?device_id=f5b49762-e64f-4c34-99ca-89f2eb4ee777 HTTP/1.1" status: 200 len: 1170 time: 0.0715976
2026-05-09 22:50:45.899 9 WARNING neutron.scheduler.dhcp_agent_scheduler [None req-5fda79db-e7de-42c9-a1b0-c8e1ce436b24 6fb878dddaa64cc49829ce0a21eea39c de3e45940d8b49fa8fdab0e0c279b1ac - - default default] No more DHCP agents
2026-05-09 22:50:45.903 9 WARNING neutron.api.rpc.agentnotifiers.dhcp_rpc_agent_api [None req-5fda79db-e7de-42c9-a1b0-c8e1ce436b24 6fb878dddaa64cc49829ce0a21eea39c de3e45940d8b49fa8fdab0e0c279b1ac - - default default] Unable to schedule network ae68f610-82ea-4eff-a74b-2db77755f75e: no agents available; will retry on subsequent port and subnet creation events.
2026-05-09 22:50:45.921 10 INFO neutron.db.ovn_revision_numbers_db [None req-061519cb-a196-4174-bebc-08afd3c5586a e63ab23ec7d6481db4b758a6d2e5ffd9 3aee92eba8c04df6ba82301477145736 - - default default] Successfully bumped revision number for resource 9e0f2478-1db0-4f83-a22e-a1b19fc3bd2c (type: ports) to 2
2026-05-09 22:50:45.931 9 INFO neutron.wsgi [req-f1fb1f72-fcec-4c6d-aeb4-5e6508d8d947 req-072bb5c0-e73a-4799-a59c-67cefbbc894d a0119216cfe9484f8963aa7e65993b73 be68325102c2410890d98f512bb297a9 - - default default] 10.0.0.184 "GET /v2.0/security-groups?id=43798bb7-58fa-4970-a2fe-f326cd76c7b0&fields=id&fields=name HTTP/1.1" status: 200 len: 286 time: 0.0944302
2026-05-09 22:50:45.948 9 INFO neutron.db.ovn_revision_numbers_db [None req-a8b18dd9-f8a7-4c0e-8c79-226990d16307 - - - - - -] Successfully bumped revision number for resource 2d197c49-bd35-4467-839e-61d0720575c7 (type: ports) to 2
2026-05-09 22:50:45.974 10 INFO neutron.db.ovn_revision_numbers_db [None req-061519cb-a196-4174-bebc-08afd3c5586a e63ab23ec7d6481db4b758a6d2e5ffd9 3aee92eba8c04df6ba82301477145736 - - default default] Successfully bumped revision number for resource c38f9b74-42a7-4905-84ce-d03da0f88343 (type: subnets) to 0
2026-05-09 22:50:46.004 10 INFO neutron.wsgi [None req-061519cb-a196-4174-bebc-08afd3c5586a e63ab23ec7d6481db4b758a6d2e5ffd9 3aee92eba8c04df6ba82301477145736 - - default default] 10.0.0.189 "POST /v2.0/subnets HTTP/1.1" status: 201 len: 867 time: 1.4877448
2026-05-09 22:50:46.065 9 INFO neutron.db.ovn_revision_numbers_db [None req-5fda79db-e7de-42c9-a1b0-c8e1ce436b24 6fb878dddaa64cc49829ce0a21eea39c de3e45940d8b49fa8fdab0e0c279b1ac - - default default] Successfully bumped revision number for resource fab887af-bea7-4584-9b0f-573a9a621164 (type: ports) to 1
2026-05-09 22:50:46.073 9 INFO neutron.wsgi [req-7ad2782d-e818-4cc8-a24b-8468516d2a2f req-88ef84fd-1c24-480c-a34d-4ae1aa71b211 a0119216cfe9484f8963aa7e65993b73 be68325102c2410890d98f512bb297a9 - - default default] 199.204.45.19 "GET /v2.0/ports?device_id=f5b49762-e64f-4c34-99ca-89f2eb4ee777 HTTP/1.1" status: 200 len: 1170 time: 0.0519238
2026-05-09 22:50:46.120 9 INFO neutron.wsgi [None req-5fda79db-e7de-42c9-a1b0-c8e1ce436b24 6fb878dddaa64cc49829ce0a21eea39c de3e45940d8b49fa8fdab0e0c279b1ac - - default default] 10.0.0.189 "POST /v2.0/networks HTTP/1.1" status: 201 len: 831 time: 0.8196974
2026-05-09 22:50:46.138 9 WARNING neutron_lib.context [None req-d6c75b13-14e3-4a8e-804d-fa6291f4700f 6fb878dddaa64cc49829ce0a21eea39c de3e45940d8b49fa8fdab0e0c279b1ac - - default default] Method 'is_advsvc' is deprecated since 2023.2 release (neutron-lib 3.8.0) and will be removed once support for the old RBAC API policies will be removed from Neutron. Please use method 'is_service_role' instead.
2026-05-09 22:50:46.159 9 INFO neutron.db.ovn_revision_numbers_db [None req-a8b18dd9-f8a7-4c0e-8c79-226990d16307 - - - - - -] Successfully bumped revision number for resource 2d197c49-bd35-4467-839e-61d0720575c7 (type: router_ports) to 2
2026-05-09 22:50:46.417 9 WARNING neutron.scheduler.dhcp_agent_scheduler [None req-d6c75b13-14e3-4a8e-804d-fa6291f4700f 6fb878dddaa64cc49829ce0a21eea39c de3e45940d8b49fa8fdab0e0c279b1ac - - default default] No more DHCP agents
2026-05-09 22:50:46.419 9 WARNING neutron.api.rpc.agentnotifiers.dhcp_rpc_agent_api [None req-d6c75b13-14e3-4a8e-804d-fa6291f4700f 6fb878dddaa64cc49829ce0a21eea39c de3e45940d8b49fa8fdab0e0c279b1ac - - default default] Unable to schedule network ae68f610-82ea-4eff-a74b-2db77755f75e: no agents available; will retry on subsequent port and subnet creation events.
2026-05-09 22:50:46.471 9 INFO neutron.wsgi [req-7ad2782d-e818-4cc8-a24b-8468516d2a2f req-6de85701-2787-46c2-8d77-dcb0ae636524 a0119216cfe9484f8963aa7e65993b73 be68325102c2410890d98f512bb297a9 - - default default] 199.204.45.19 "DELETE /v2.0/ports/8744aa2c-b5a6-47f0-85e6-5d2fe752255a HTTP/1.1" status: 204 len: 173 time: 0.3916197
2026-05-09 22:50:46.483 10 WARNING neutron.scheduler.dhcp_agent_scheduler [None req-9b9977fc-927e-4a69-9e6f-41a9988ce576 eb57b1398b4f4b74b6be106a9431ded0 6c8112d372ef4d0986f796e4ce5e42e3 - - default default] No more DHCP agents
2026-05-09 22:50:46.487 10 WARNING neutron.api.rpc.agentnotifiers.dhcp_rpc_agent_api [None req-9b9977fc-927e-4a69-9e6f-41a9988ce576 eb57b1398b4f4b74b6be106a9431ded0 6c8112d372ef4d0986f796e4ce5e42e3 - - default default] Unable to schedule network bc4aec2e-12d2-45e7-ba70-2557006b3218: no agents available; will retry on subsequent port and subnet creation events.
2026-05-09 22:50:46.665 9 INFO neutron.notifiers.nova [-] Nova event matching ['req-77239f01-01b2-4c6d-9489-bd2af64b266c'] response: {'server_uuid': 'f5b49762-e64f-4c34-99ca-89f2eb4ee777', 'name': 'network-vif-deleted', 'tag': '8744aa2c-b5a6-47f0-85e6-5d2fe752255a', 'status': 'completed', 'code': 200}
2026-05-09 22:50:46.824 10 WARNING neutron.scheduler.dhcp_agent_scheduler [None req-f949bfce-0ab8-4dc6-b7ff-7e33281401a0 e63ab23ec7d6481db4b758a6d2e5ffd9 3aee92eba8c04df6ba82301477145736 - - default default] No more DHCP agents
2026-05-09 22:50:46.830 10 WARNING neutron.api.rpc.agentnotifiers.dhcp_rpc_agent_api [None req-f949bfce-0ab8-4dc6-b7ff-7e33281401a0 e63ab23ec7d6481db4b758a6d2e5ffd9 3aee92eba8c04df6ba82301477145736 - - default default] Unable to schedule network 734f4df4-bc0a-4a83-8243-ef350525367b: no agents available; will retry on subsequent port and subnet creation events.
2026-05-09 22:50:46.838 10 INFO neutron.db.ovn_revision_numbers_db [None req-9b9977fc-927e-4a69-9e6f-41a9988ce576 eb57b1398b4f4b74b6be106a9431ded0 6c8112d372ef4d0986f796e4ce5e42e3 - - default default] Successfully bumped revision number for resource 2dcc4b33-a2bf-4df1-a5c5-8ef90ce75e0f (type: ports) to 1
2026-05-09 22:50:47.048 10 INFO neutron.db.ovn_revision_numbers_db [None req-f949bfce-0ab8-4dc6-b7ff-7e33281401a0 e63ab23ec7d6481db4b758a6d2e5ffd9 3aee92eba8c04df6ba82301477145736 - - default default] Successfully bumped revision number for resource d3c63852-6907-4dc8-8824-e1da64a2e43f (type: ports) to 1
2026-05-09 22:50:47.180 9 INFO neutron.db.ovn_revision_numbers_db [None req-d6c75b13-14e3-4a8e-804d-fa6291f4700f 6fb878dddaa64cc49829ce0a21eea39c de3e45940d8b49fa8fdab0e0c279b1ac - - default default] Successfully bumped revision number for resource fab887af-bea7-4584-9b0f-573a9a621164 (type: ports) to 2
2026-05-09 22:50:47.208 9 INFO neutron.db.ovn_revision_numbers_db [None req-d6c75b13-14e3-4a8e-804d-fa6291f4700f 6fb878dddaa64cc49829ce0a21eea39c de3e45940d8b49fa8fdab0e0c279b1ac - - default default] Successfully bumped revision number for resource 09c6b8c2-533c-4ef7-8fbc-50d1b15021cf (type: subnets) to 0
2026-05-09 22:50:47.228 9 INFO neutron.wsgi [None req-d6c75b13-14e3-4a8e-804d-fa6291f4700f 6fb878dddaa64cc49829ce0a21eea39c de3e45940d8b49fa8fdab0e0c279b1ac - - default default] 10.0.0.189 "POST /v2.0/subnets HTTP/1.1" status: 201 len: 804 time: 1.0985379
2026-05-09 22:50:47.310 9 INFO neutron.wsgi [None req-43b93c9f-18fe-492d-ac3b-7f9c8e80fe47 6fb878dddaa64cc49829ce0a21eea39c de3e45940d8b49fa8fdab0e0c279b1ac - - default default] 10.0.0.189 "PUT /v2.0/subnets/2dd69162-7714-4c1a-827d-b0efbbc4bb01/tags HTTP/1.1" status: 200 len: 210 time: 0.0759480
2026-05-09 22:50:47.361 9 INFO neutron.wsgi [None req-09fc42a1-6fa7-4f14-b159-93fa52063d94 6fb878dddaa64cc49829ce0a21eea39c de3e45940d8b49fa8fdab0e0c279b1ac - - default default] 10.0.0.189 "PUT /v2.0/subnets/5a0c1bf0-7f46-4454-a6e1-d784d73b9797/tags HTTP/1.1" status: 200 len: 218 time: 0.0472906
2026-05-09 22:50:47.436 9 INFO neutron.wsgi [None req-fa94e98a-ff42-4837-8fc0-549289b8ae54 6fb878dddaa64cc49829ce0a21eea39c de3e45940d8b49fa8fdab0e0c279b1ac - - default default] 10.0.0.189 "PUT /v2.0/subnets/124db52a-63a3-4e4d-bba8-2cf33059ebc0/tags HTTP/1.1" status: 200 len: 227 time: 0.0685768
2026-05-09 22:50:47.520 9 INFO neutron.wsgi [None req-396a009e-b992-41d9-9376-895cc8c92270 6fb878dddaa64cc49829ce0a21eea39c de3e45940d8b49fa8fdab0e0c279b1ac - - default default] 10.0.0.189 "PUT /v2.0/subnets/43c36568-4d63-412c-84f6-a03f9f176500/tags HTTP/1.1" status: 200 len: 212 time: 0.0629599
2026-05-09 22:50:47.528 10 ERROR ovsdbapp.backend.ovs_idl.command [None req-9b9977fc-927e-4a69-9e6f-41a9988ce576 eb57b1398b4f4b74b6be106a9431ded0 6c8112d372ef4d0986f796e4ce5e42e3 - - default default] Error executing command (DbGetCommand): ovsdbapp.backend.ovs_idl.idlutils.RowNotFound: Cannot find Logical_Router_Port with name=lrp-2dcc4b33-a2bf-4df1-a5c5-8ef90ce75e0f
2026-05-09 22:50:47.528 10 ERROR ovsdbapp.backend.ovs_idl.command
Traceback (most recent call last):
2026-05-09 22:50:47.528 10 ERROR ovsdbapp.backend.ovs_idl.command
File "/var/lib/openstack/lib/python3.10/site-packages/ovsdbapp/backend/ovs_idl/command.py", line 47, in execute
2026-05-09 22:50:47.528 10 ERROR ovsdbapp.backend.ovs_idl.command self.run_idl(None)
2026-05-09 22:50:47.528 10 ERROR ovsdbapp.backend.ovs_idl.command
File "/var/lib/openstack/lib/python3.10/site-packages/ovsdbapp/backend/ovs_idl/command.py", line 235, in run_idl
2026-05-09 22:50:47.528 10 ERROR ovsdbapp.backend.ovs_idl.command record = self.api.lookup(self.table, self.record)
2026-05-09 22:50:47.528 10 ERROR ovsdbapp.backend.ovs_idl.command
File "/var/lib/openstack/lib/python3.10/site-packages/ovsdbapp/backend/ovs_idl/__init__.py", line 184, in lookup
2026-05-09 22:50:47.528 10 ERROR ovsdbapp.backend.ovs_idl.command return self._lookup(table, record)
2026-05-09 22:50:47.528 10 ERROR ovsdbapp.backend.ovs_idl.command
File "/var/lib/openstack/lib/python3.10/site-packages/ovsdbapp/backend/ovs_idl/__init__.py", line 235, in _lookup
2026-05-09 22:50:47.528 10 ERROR ovsdbapp.backend.ovs_idl.command row = idlutils.row_by_value(self, rl.table, rl.column, record)
2026-05-09 22:50:47.528 10 ERROR ovsdbapp.backend.ovs_idl.command
File "/var/lib/openstack/lib/python3.10/site-packages/ovsdbapp/backend/ovs_idl/idlutils.py", line 114, in row_by_value
2026-05-09 22:50:47.528 10 ERROR ovsdbapp.backend.ovs_idl.command raise RowNotFound(table=table, col=column, match=match)
2026-05-09 22:50:47.528 10 ERROR ovsdbapp.backend.ovs_idl.command ovsdbapp.backend.ovs_idl.idlutils.RowNotFound: Cannot find Logical_Router_Port with name=lrp-2dcc4b33-a2bf-4df1-a5c5-8ef90ce75e0f
2026-05-09 22:50:47.528 10 ERROR ovsdbapp.backend.ovs_idl.command 
2026-05-09 22:50:47.528 10 ERROR neutron_lib.callbacks.manager [None req-9b9977fc-927e-4a69-9e6f-41a9988ce576 eb57b1398b4f4b74b6be106a9431ded0 6c8112d372ef4d0986f796e4ce5e42e3 - - default default] Error during notification for neutron.services.ovn_l3.plugin.OVNL3RouterPlugin._port_update-8783339495151 port, after_update: ovsdbapp.backend.ovs_idl.idlutils.RowNotFound: Cannot find Logical_Router_Port with name=lrp-2dcc4b33-a2bf-4df1-a5c5-8ef90ce75e0f
2026-05-09 22:50:47.528 10 ERROR neutron_lib.callbacks.manager
Traceback (most recent call last):
2026-05-09 22:50:47.528 10 ERROR neutron_lib.callbacks.manager
File "/var/lib/openstack/lib/python3.10/site-packages/neutron_lib/callbacks/manager.py", line 189, in _notify_loop
2026-05-09 22:50:47.528 10 ERROR neutron_lib.callbacks.manager callback.method(resource, event, trigger, payload=payload)
2026-05-09 22:50:47.528 10 ERROR neutron_lib.callbacks.manager
File "/var/lib/openstack/lib/python3.10/site-packages/neutron/services/ovn_l3/plugin.py", line 391, in _port_update
2026-05-09 22:50:47.528 10 ERROR neutron_lib.callbacks.manager l3plugin._ovn_client.update_router_port(context,
2026-05-09 22:50:47.528 10 ERROR neutron_lib.callbacks.manager
File "/var/lib/openstack/lib/python3.10/site-packages/neutron/plugins/ml2/drivers/ovn/mech_driver/ovsdb/ovn_client.py", line 1878, in update_router_port
2026-05-09 22:50:47.528 10 ERROR neutron_lib.callbacks.manager self._update_lrouter_port(context, port, if_exists=if_exists,
2026-05-09 22:50:47.528 10 ERROR neutron_lib.callbacks.manager
File "/var/lib/openstack/lib/python3.10/site-packages/neutron/plugins/ml2/drivers/ovn/mech_driver/ovsdb/ovn_client.py", line 1855, in _update_lrouter_port
2026-05-09 22:50:47.528 10 ERROR neutron_lib.callbacks.manager external_ids = self._nb_idl.db_get(
2026-05-09 22:50:47.528 10 ERROR neutron_lib.callbacks.manager
File "/var/lib/openstack/lib/python3.10/site-packages/ovsdbapp/backend/ovs_idl/command.py", line 47, in execute
2026-05-09 22:50:47.528 10 ERROR neutron_lib.callbacks.manager self.run_idl(None)
2026-05-09 22:50:47.528 10 ERROR neutron_lib.callbacks.manager
File "/var/lib/openstack/lib/python3.10/site-packages/ovsdbapp/backend/ovs_idl/command.py", line 235, in run_idl
2026-05-09 22:50:47.528 10 ERROR neutron_lib.callbacks.manager record = self.api.lookup(self.table, self.record)
2026-05-09 22:50:47.528 10 ERROR neutron_lib.callbacks.manager
File "/var/lib/openstack/lib/python3.10/site-packages/ovsdbapp/backend/ovs_idl/__init__.py", line 184, in lookup
2026-05-09 22:50:47.528 10 ERROR neutron_lib.callbacks.manager return self._lookup(table, record)
2026-05-09 22:50:47.528 10 ERROR neutron_lib.callbacks.manager
File "/var/lib/openstack/lib/python3.10/site-packages/ovsdbapp/backend/ovs_idl/__init__.py", line 235, in _lookup
2026-05-09 22:50:47.528 10 ERROR neutron_lib.callbacks.manager row = idlutils.row_by_value(self, rl.table, rl.column, record)
2026-05-09 22:50:47.528 10 ERROR neutron_lib.callbacks.manager
File "/var/lib/openstack/lib/python3.10/site-packages/ovsdbapp/backend/ovs_idl/idlutils.py", line 114, in row_by_value
2026-05-09 22:50:47.528 10 ERROR neutron_lib.callbacks.manager raise RowNotFound(table=table, col=column, match=match)
2026-05-09 22:50:47.528 10 ERROR neutron_lib.callbacks.manager ovsdbapp.backend.ovs_idl.idlutils.RowNotFound: Cannot find Logical_Router_Port with name=lrp-2dcc4b33-a2bf-4df1-a5c5-8ef90ce75e0f
2026-05-09 22:50:47.528 10 ERROR neutron_lib.callbacks.manager 
2026-05-09 22:50:47.591 9 INFO neutron.wsgi [None req-439faa3c-8df8-4349-af15-caee80fcfdb8 6fb878dddaa64cc49829ce0a21eea39c de3e45940d8b49fa8fdab0e0c279b1ac - - default default] 10.0.0.189 "GET /v2.0/subnets?tags=red HTTP/1.1" status: 200 len: 2027 time: 0.0650423
2026-05-09 22:50:47.669 9 INFO neutron.wsgi [None req-456e5b2d-ea26-409b-b25b-6d7fab07df9a 6fb878dddaa64cc49829ce0a21eea39c de3e45940d8b49fa8fdab0e0c279b1ac - - default default] 10.0.0.189 "GET /v2.0/subnets?tags=red%2Cblue HTTP/1.1" status: 200 len: 1430 time: 0.0719204
2026-05-09 22:50:47.709 10 INFO neutron.plugins.ml2.drivers.ovn.mech_driver.mech_driver [None req-d9958fd4-08c2-4d53-9265-7b981d8368f2 - - - - - -] OVN reports status up for port: 2dcc4b33-a2bf-4df1-a5c5-8ef90ce75e0f
2026-05-09 22:50:47.731 10 INFO neutron.plugins.ml2.plugin [None req-d9958fd4-08c2-4d53-9265-7b981d8368f2 - - - - - -] Attempt 1 to provision port 2dcc4b33-a2bf-4df1-a5c5-8ef90ce75e0f
2026-05-09 22:50:47.743 9 INFO neutron.wsgi [None req-a2cc7280-09a3-4f71-a306-bf8cef6894bb 6fb878dddaa64cc49829ce0a21eea39c de3e45940d8b49fa8fdab0e0c279b1ac - - default default] 10.0.0.189 "GET /v2.0/subnets?tags-any=blue HTTP/1.1" status: 200 len: 1430 time: 0.0684371
2026-05-09 22:50:47.755 10 INFO neutron.db.ovn_revision_numbers_db [None req-9b9977fc-927e-4a69-9e6f-41a9988ce576 eb57b1398b4f4b74b6be106a9431ded0 6c8112d372ef4d0986f796e4ce5e42e3 - - default default] Successfully bumped revision number for resource 2dcc4b33-a2bf-4df1-a5c5-8ef90ce75e0f (type: ports) to 1
2026-05-09 22:50:47.800 9 INFO neutron.wsgi [None req-7863360d-b8a4-4e66-9493-4e4949c65081 6fb878dddaa64cc49829ce0a21eea39c de3e45940d8b49fa8fdab0e0c279b1ac - - default default] 10.0.0.189 "GET /v2.0/subnets?tags-any=red%2Cblue HTTP/1.1" status: 200 len: 2027 time: 0.0516410
2026-05-09 22:50:47.863 9 INFO neutron.wsgi [None req-8959d3ee-a0ca-4777-a517-db9026c8f2c2 6fb878dddaa64cc49829ce0a21eea39c de3e45940d8b49fa8fdab0e0c279b1ac - - default default] 10.0.0.189 "GET /v2.0/subnets?not-tags=red HTTP/1.1" status: 200 len: 2018 time: 0.0582867
2026-05-09 22:50:47.958 9 INFO neutron.wsgi [None req-dddcbbdb-0710-49f0-81ab-7939362652f4 6fb878dddaa64cc49829ce0a21eea39c de3e45940d8b49fa8fdab0e0c279b1ac - - default default] 10.0.0.189 "GET /v2.0/subnets?not-tags=red%2Cblue HTTP/1.1" status: 200 len: 2615 time: 0.0913260
2026-05-09 22:50:48.035 9 INFO neutron.wsgi [None req-7856323c-693d-4506-ba8b-07b83ed27600 6fb878dddaa64cc49829ce0a21eea39c de3e45940d8b49fa8fdab0e0c279b1ac - - default default] 10.0.0.189 "GET /v2.0/subnets?not-tags-any=blue HTTP/1.1" status: 200 len: 2615 time: 0.0713212
2026-05-09 22:50:48.082 9 INFO neutron.wsgi [None req-0f4f6311-efb4-49d5-8eca-9fea8ed987a0 6fb878dddaa64cc49829ce0a21eea39c de3e45940d8b49fa8fdab0e0c279b1ac - - default default] 10.0.0.189 "GET /v2.0/subnets?not-tags-any=red%2Cblue HTTP/1.1" status: 200 len: 2018 time: 0.0428572
2026-05-09 22:50:48.123 10 WARNING neutron.scheduler.dhcp_agent_scheduler [None req-9b9977fc-927e-4a69-9e6f-41a9988ce576 eb57b1398b4f4b74b6be106a9431ded0 6c8112d372ef4d0986f796e4ce5e42e3 - - default default] No more DHCP agents
2026-05-09 22:50:48.129 10 WARNING neutron.api.rpc.agentnotifiers.dhcp_rpc_agent_api [None req-9b9977fc-927e-4a69-9e6f-41a9988ce576 eb57b1398b4f4b74b6be106a9431ded0 6c8112d372ef4d0986f796e4ce5e42e3 - - default default] Unable to schedule network bc4aec2e-12d2-45e7-ba70-2557006b3218: no agents available; will retry on subsequent port and subnet creation events.
2026-05-09 22:50:48.347 10 INFO neutron.plugins.ml2.drivers.ovn.mech_driver.ovsdb.commands [None req-749a322d-a923-46a1-8b34-2ded629dfcee - - - - - -] Schedule LRP lrp-d3c63852-6907-4dc8-8824-e1da64a2e43f on gateway ce789e7f-474c-4302-ba22-3a1cdd9a56ef with priority 1
2026-05-09 22:50:48.378 10 INFO neutron.plugins.ml2.drivers.ovn.mech_driver.ovsdb.ovsdb_monitor [None req-ed87c762-70d2-4fec-a081-6c2f1a2b5754 - - - - - -] Router 5e4f6d4b-f57a-4d83-96e7-736c10fa6495 is bound to host instance
2026-05-09 22:50:48.399 9 INFO neutron.wsgi [None req-82be89e8-df9d-487f-80dd-49e6b28b4b83 6fb878dddaa64cc49829ce0a21eea39c de3e45940d8b49fa8fdab0e0c279b1ac - - default default] 10.0.0.189 "DELETE /v2.0/subnets/2dd69162-7714-4c1a-827d-b0efbbc4bb01 HTTP/1.1" status: 204 len: 168 time: 0.3122456
2026-05-09 22:50:48.435 10 INFO neutron.db.ovn_revision_numbers_db [None req-9b9977fc-927e-4a69-9e6f-41a9988ce576 eb57b1398b4f4b74b6be106a9431ded0 6c8112d372ef4d0986f796e4ce5e42e3 - - default default] Successfully bumped revision number for resource 2dcc4b33-a2bf-4df1-a5c5-8ef90ce75e0f (type: router_ports) to 1
2026-05-09 22:50:48.441 10 INFO neutron.wsgi [None req-9b9977fc-927e-4a69-9e6f-41a9988ce576 eb57b1398b4f4b74b6be106a9431ded0 6c8112d372ef4d0986f796e4ce5e42e3 - - default default] 10.0.0.189 "PUT /v2.0/routers/ca66617b-cbe0-4f9f-8283-56447651131c/add_router_interface HTTP/1.1" status: 200 len: 503 time: 2.6851268
2026-05-09 22:50:48.475 10 INFO neutron.db.ovn_revision_numbers_db [None req-f949bfce-0ab8-4dc6-b7ff-7e33281401a0 e63ab23ec7d6481db4b758a6d2e5ffd9 3aee92eba8c04df6ba82301477145736 - - default default] Successfully bumped revision number for resource d3c63852-6907-4dc8-8824-e1da64a2e43f (type: router_ports) to 1
2026-05-09 22:50:48.653 10 INFO neutron.wsgi [None req-488a9b4a-1df7-4eb0-99cb-1ce7ceaa6e79 eb57b1398b4f4b74b6be106a9431ded0 6c8112d372ef4d0986f796e4ce5e42e3 - - default default] 10.0.0.189 "GET /v2.0/ports/2dcc4b33-a2bf-4df1-a5c5-8ef90ce75e0f HTTP/1.1" status: 200 len: 1149 time: 0.2047136
2026-05-09 22:50:48.660 9 INFO neutron.wsgi [None req-eea661cc-83e5-4f37-9ee1-b68564c9aa39 6fb878dddaa64cc49829ce0a21eea39c de3e45940d8b49fa8fdab0e0c279b1ac - - default default] 10.0.0.189 "DELETE /v2.0/subnets/5a0c1bf0-7f46-4454-a6e1-d784d73b9797 HTTP/1.1" status: 204 len: 168 time: 0.2551880
2026-05-09 22:50:48.698 10 INFO neutron.db.ovn_revision_numbers_db [None req-f949bfce-0ab8-4dc6-b7ff-7e33281401a0 e63ab23ec7d6481db4b758a6d2e5ffd9 3aee92eba8c04df6ba82301477145736 - - default default] Successfully bumped revision number for resource 5e4f6d4b-f57a-4d83-96e7-736c10fa6495 (type: routers) to 2
2026-05-09 22:50:48.724 10 INFO neutron.wsgi [None req-f949bfce-0ab8-4dc6-b7ff-7e33281401a0 e63ab23ec7d6481db4b758a6d2e5ffd9 3aee92eba8c04df6ba82301477145736 - - default default] 10.0.0.189 "POST /v2.0/routers HTTP/1.1" status: 201 len: 1169 time: 2.7143762
2026-05-09 22:50:48.825 9 INFO neutron.wsgi [None req-d9635c05-dace-4c11-806a-5d796d2ea62f eb57b1398b4f4b74b6be106a9431ded0 6c8112d372ef4d0986f796e4ce5e42e3 - - default default] 10.0.0.189 "GET /v2.0/ports/2dcc4b33-a2bf-4df1-a5c5-8ef90ce75e0f HTTP/1.1" status: 200 len: 1149 time: 0.1631174
2026-05-09 22:50:48.979 10 INFO neutron.db.ovn_revision_numbers_db [None req-d9958fd4-08c2-4d53-9265-7b981d8368f2 - - - - - -] Successfully bumped revision number for resource 2dcc4b33-a2bf-4df1-a5c5-8ef90ce75e0f (type: ports) to 2
2026-05-09 22:50:49.073 9 INFO neutron.wsgi [None req-2ae547c7-231b-44ef-bf50-63bd2f0558e5 6fb878dddaa64cc49829ce0a21eea39c de3e45940d8b49fa8fdab0e0c279b1ac - - default default] 10.0.0.189 "DELETE /v2.0/subnets/124db52a-63a3-4e4d-bba8-2cf33059ebc0 HTTP/1.1" status: 204 len: 168 time: 0.4028583
2026-05-09 22:50:49.243 10 INFO neutron.db.ovn_revision_numbers_db [None req-d9958fd4-08c2-4d53-9265-7b981d8368f2 - - - - - -] Successfully bumped revision number for resource 2dcc4b33-a2bf-4df1-a5c5-8ef90ce75e0f (type: router_ports) to 2
2026-05-09 22:50:49.674 10 WARNING neutron.scheduler.dhcp_agent_scheduler [None req-062fc5a5-5303-4a2a-90a0-37999db1d4c7 e63ab23ec7d6481db4b758a6d2e5ffd9 3aee92eba8c04df6ba82301477145736 - - default default] No more DHCP agents
2026-05-09 22:50:49.676 10 INFO neutron.db.ovn_revision_numbers_db [None req-ed87c762-70d2-4fec-a081-6c2f1a2b5754 - - - - - -] Successfully bumped revision number for resource d3c63852-6907-4dc8-8824-e1da64a2e43f (type: ports) to 1
2026-05-09 22:50:49.679 10 WARNING neutron.api.rpc.agentnotifiers.dhcp_rpc_agent_api [None req-062fc5a5-5303-4a2a-90a0-37999db1d4c7 e63ab23ec7d6481db4b758a6d2e5ffd9 3aee92eba8c04df6ba82301477145736 - - default default] Unable to schedule network 158032b4-3da8-4ee2-857b-fceb32bf597e: no agents available; will retry on subsequent port and subnet creation events.
2026-05-09 22:50:49.695 9 INFO neutron.wsgi [None req-95c43b10-258e-49e3-bbd8-edfd4d4cc9f3 6fb878dddaa64cc49829ce0a21eea39c de3e45940d8b49fa8fdab0e0c279b1ac - - default default] 10.0.0.189 "DELETE /v2.0/subnets/43c36568-4d63-412c-84f6-a03f9f176500 HTTP/1.1" status: 204 len: 168 time: 0.6163421
2026-05-09 22:50:50.101 9 INFO neutron.wsgi [None req-f1b3d7d2-8272-45e7-be9a-bbad310a3df4 eb57b1398b4f4b74b6be106a9431ded0 6c8112d372ef4d0986f796e4ce5e42e3 - - default default] 10.0.0.189 "PUT /v2.0/routers/ca66617b-cbe0-4f9f-8283-56447651131c/remove_router_interface HTTP/1.1" status: 200 len: 503 time: 1.2650559
2026-05-09 22:50:50.109 9 INFO neutron.wsgi [None req-9ddd64f8-2463-4e37-b609-53aa69f95302 e63ab23ec7d6481db4b758a6d2e5ffd9 3aee92eba8c04df6ba82301477145736 - - default default] 10.0.0.189 "PUT /v2.0/routers/c4a460b4-1efa-4a77-910b-b29e71b0b587/remove_router_interface HTTP/1.1" status: 200 len: 503 time: 1.9273782 /var/lib/openstack/lib/python3.10/site-packages/pycadf/identifier.py:71: UserWarning: Invalid uuid: neutron. To ensure interoperability, identifiers should be a valid uuid. warnings.warn(('Invalid uuid: %s. To ensure interoperability, '
2026-05-09 22:50:50.155 10 INFO neutron.db.ovn_revision_numbers_db [None req-062fc5a5-5303-4a2a-90a0-37999db1d4c7 e63ab23ec7d6481db4b758a6d2e5ffd9 3aee92eba8c04df6ba82301477145736 - - default default] Successfully bumped revision number for resource 5b44e5c8-c92d-4c7b-9892-28fdad8bf7d9 (type: ports) to 1
2026-05-09 22:50:50.235 9 INFO neutron.wsgi [None req-f7f5c5e9-463b-470d-89c4-9e0bd1800d0e eb57b1398b4f4b74b6be106a9431ded0 6c8112d372ef4d0986f796e4ce5e42e3 - - default default] 10.0.0.189 "GET /v2.0/ports/2d197c49-bd35-4467-839e-61d0720575c7 HTTP/1.1" status: 200 len: 1141 time: 0.1248617
2026-05-09 22:50:50.261 10 INFO neutron.wsgi [None req-ce5a4251-d923-4950-b746-9e19e2f59496 6fb878dddaa64cc49829ce0a21eea39c de3e45940d8b49fa8fdab0e0c279b1ac - - default default] 10.0.0.189 "DELETE /v2.0/subnets/09c6b8c2-533c-4ef7-8fbc-50d1b15021cf HTTP/1.1" status: 204 len: 168 time: 0.5618305
2026-05-09 22:50:50.405 10 INFO neutron.db.ovn_revision_numbers_db [None req-ed87c762-70d2-4fec-a081-6c2f1a2b5754 - - - - - -] Successfully bumped revision number for resource d3c63852-6907-4dc8-8824-e1da64a2e43f (type: router_ports) to 3
2026-05-09 22:50:50.685 10 INFO neutron.db.ovn_revision_numbers_db [None req-ed87c762-70d2-4fec-a081-6c2f1a2b5754 - - - - - -] Successfully bumped revision number for resource d3c63852-6907-4dc8-8824-e1da64a2e43f (type: ports) to 2
2026-05-09 22:50:50.794 10 ERROR ovsdbapp.backend.ovs_idl.command [None req-062fc5a5-5303-4a2a-90a0-37999db1d4c7 e63ab23ec7d6481db4b758a6d2e5ffd9 3aee92eba8c04df6ba82301477145736 - - default default] Error executing command (DbGetCommand): ovsdbapp.backend.ovs_idl.idlutils.RowNotFound: Cannot find Logical_Router_Port with name=lrp-5b44e5c8-c92d-4c7b-9892-28fdad8bf7d9
2026-05-09 22:50:50.794 10 ERROR ovsdbapp.backend.ovs_idl.command
Traceback (most recent call last):
2026-05-09 22:50:50.794 10 ERROR ovsdbapp.backend.ovs_idl.command
File "/var/lib/openstack/lib/python3.10/site-packages/ovsdbapp/backend/ovs_idl/command.py", line 47, in execute
2026-05-09 22:50:50.794 10 ERROR ovsdbapp.backend.ovs_idl.command self.run_idl(None)
2026-05-09 22:50:50.794 10 ERROR ovsdbapp.backend.ovs_idl.command
File "/var/lib/openstack/lib/python3.10/site-packages/ovsdbapp/backend/ovs_idl/command.py", line 235, in run_idl
2026-05-09 22:50:50.794 10 ERROR ovsdbapp.backend.ovs_idl.command record = self.api.lookup(self.table, self.record)
2026-05-09 22:50:50.794 10 ERROR ovsdbapp.backend.ovs_idl.command
File "/var/lib/openstack/lib/python3.10/site-packages/ovsdbapp/backend/ovs_idl/__init__.py", line 184, in lookup
2026-05-09 22:50:50.794 10 ERROR ovsdbapp.backend.ovs_idl.command return self._lookup(table, record)
2026-05-09 22:50:50.794 10 ERROR ovsdbapp.backend.ovs_idl.command
File "/var/lib/openstack/lib/python3.10/site-packages/ovsdbapp/backend/ovs_idl/__init__.py", line 235, in _lookup
2026-05-09 22:50:50.794 10 ERROR ovsdbapp.backend.ovs_idl.command row = idlutils.row_by_value(self, rl.table, rl.column, record)
2026-05-09 22:50:50.794 10 ERROR ovsdbapp.backend.ovs_idl.command
File "/var/lib/openstack/lib/python3.10/site-packages/ovsdbapp/backend/ovs_idl/idlutils.py", line 114, in row_by_value
2026-05-09 22:50:50.794 10 ERROR ovsdbapp.backend.ovs_idl.command raise RowNotFound(table=table, col=column, match=match)
2026-05-09 22:50:50.794 10 ERROR ovsdbapp.backend.ovs_idl.command ovsdbapp.backend.ovs_idl.idlutils.RowNotFound: Cannot find Logical_Router_Port with name=lrp-5b44e5c8-c92d-4c7b-9892-28fdad8bf7d9
2026-05-09 22:50:50.794 10 ERROR ovsdbapp.backend.ovs_idl.command 
2026-05-09 22:50:50.795 10 ERROR neutron_lib.callbacks.manager [None req-062fc5a5-5303-4a2a-90a0-37999db1d4c7 e63ab23ec7d6481db4b758a6d2e5ffd9 3aee92eba8c04df6ba82301477145736 - - default default] Error during notification for neutron.services.ovn_l3.plugin.OVNL3RouterPlugin._port_update-8783339495151 port, after_update: ovsdbapp.backend.ovs_idl.idlutils.RowNotFound: Cannot find Logical_Router_Port with name=lrp-5b44e5c8-c92d-4c7b-9892-28fdad8bf7d9
2026-05-09 22:50:50.795 10 ERROR neutron_lib.callbacks.manager
Traceback (most recent call last):
2026-05-09 22:50:50.795 10 ERROR neutron_lib.callbacks.manager
File "/var/lib/openstack/lib/python3.10/site-packages/neutron_lib/callbacks/manager.py", line 189, in _notify_loop
2026-05-09 22:50:50.795 10 ERROR neutron_lib.callbacks.manager callback.method(resource, event, trigger, payload=payload)
2026-05-09 22:50:50.795 10 ERROR neutron_lib.callbacks.manager
File "/var/lib/openstack/lib/python3.10/site-packages/neutron/services/ovn_l3/plugin.py", line 391, in _port_update
2026-05-09 22:50:50.795 10 ERROR neutron_lib.callbacks.manager l3plugin._ovn_client.update_router_port(context,
2026-05-09 22:50:50.795 10 ERROR neutron_lib.callbacks.manager
File "/var/lib/openstack/lib/python3.10/site-packages/neutron/plugins/ml2/drivers/ovn/mech_driver/ovsdb/ovn_client.py", line 1878, in update_router_port
2026-05-09 22:50:50.795 10 ERROR neutron_lib.callbacks.manager self._update_lrouter_port(context, port, if_exists=if_exists,
2026-05-09 22:50:50.795 10 ERROR neutron_lib.callbacks.manager
File "/var/lib/openstack/lib/python3.10/site-packages/neutron/plugins/ml2/drivers/ovn/mech_driver/ovsdb/ovn_client.py", line 1855, in _update_lrouter_port
2026-05-09 22:50:50.795 10 ERROR neutron_lib.callbacks.manager external_ids = self._nb_idl.db_get(
2026-05-09 22:50:50.795 10 ERROR neutron_lib.callbacks.manager
File "/var/lib/openstack/lib/python3.10/site-packages/ovsdbapp/backend/ovs_idl/command.py", line 47, in execute
2026-05-09 22:50:50.795 10 ERROR neutron_lib.callbacks.manager self.run_idl(None)
2026-05-09 22:50:50.795 10 ERROR neutron_lib.callbacks.manager
File "/var/lib/openstack/lib/python3.10/site-packages/ovsdbapp/backend/ovs_idl/command.py", line 235, in run_idl
2026-05-09 22:50:50.795 10 ERROR neutron_lib.callbacks.manager record = self.api.lookup(self.table, self.record)
2026-05-09 22:50:50.795 10 ERROR neutron_lib.callbacks.manager
File "/var/lib/openstack/lib/python3.10/site-packages/ovsdbapp/backend/ovs_idl/__init__.py", line 184, in lookup
2026-05-09 22:50:50.795 10 ERROR neutron_lib.callbacks.manager return self._lookup(table, record)
2026-05-09 22:50:50.795 10 ERROR neutron_lib.callbacks.manager
File "/var/lib/openstack/lib/python3.10/site-packages/ovsdbapp/backend/ovs_idl/__init__.py", line 235, in _lookup
2026-05-09 22:50:50.795 10 ERROR neutron_lib.callbacks.manager row = idlutils.row_by_value(self, rl.table, rl.column, record)
2026-05-09 22:50:50.795 10 ERROR neutron_lib.callbacks.manager
File "/var/lib/openstack/lib/python3.10/site-packages/ovsdbapp/backend/ovs_idl/idlutils.py", line 114, in row_by_value
2026-05-09 22:50:50.795 10 ERROR neutron_lib.callbacks.manager raise RowNotFound(table=table, col=column, match=match)
2026-05-09 22:50:50.795 10 ERROR neutron_lib.callbacks.manager ovsdbapp.backend.ovs_idl.idlutils.RowNotFound: Cannot find Logical_Router_Port with name=lrp-5b44e5c8-c92d-4c7b-9892-28fdad8bf7d9
2026-05-09 22:50:50.795 10 ERROR neutron_lib.callbacks.manager 
2026-05-09 22:50:51.091 10 INFO neutron.db.ovn_revision_numbers_db [None req-062fc5a5-5303-4a2a-90a0-37999db1d4c7 e63ab23ec7d6481db4b758a6d2e5ffd9 3aee92eba8c04df6ba82301477145736 - - default default] Successfully bumped revision number for resource 5b44e5c8-c92d-4c7b-9892-28fdad8bf7d9 (type: ports) to 1
2026-05-09 22:50:51.175 10 WARNING neutron.scheduler.dhcp_agent_scheduler [None req-062fc5a5-5303-4a2a-90a0-37999db1d4c7 e63ab23ec7d6481db4b758a6d2e5ffd9 3aee92eba8c04df6ba82301477145736 - - default default] No more DHCP agents
2026-05-09 22:50:51.177 10 WARNING neutron.api.rpc.agentnotifiers.dhcp_rpc_agent_api [None req-062fc5a5-5303-4a2a-90a0-37999db1d4c7 e63ab23ec7d6481db4b758a6d2e5ffd9 3aee92eba8c04df6ba82301477145736 - - default default] Unable to schedule network 158032b4-3da8-4ee2-857b-fceb32bf597e: no agents available; will retry on subsequent port and subnet creation events.
2026-05-09 22:50:51.195 10 INFO neutron.db.ovn_revision_numbers_db [None req-ed87c762-70d2-4fec-a081-6c2f1a2b5754 - - - - - -] Successfully bumped revision number for resource d3c63852-6907-4dc8-8824-e1da64a2e43f (type: ports) to 4
2026-05-09 22:50:51.288 9 INFO neutron.services.segments.plugin [-] Segment b4d21a4e-8187-455e-8ba2-24e9d587fd3f resource provider aggregate not found
2026-05-09 22:50:51.292 9 INFO neutron.services.segments.plugin [-] Segment b4d21a4e-8187-455e-8ba2-24e9d587fd3f resource provider aggregate not found
2026-05-09 22:50:51.312 9 INFO neutron.services.segments.plugin [-] Segment b4d21a4e-8187-455e-8ba2-24e9d587fd3f resource provider not found; error: Placement Client Error (4xx): {"errors": [{"status": 404, "title": "Not Found", "detail": "The resource could not be found.\n\n No resource provider with uuid b4d21a4e-8187-455e-8ba2-24e9d587fd3f found for delete ", "request_id": "req-03a21527-7c52-460e-b8d2-0bc3d7fa87b0"}]}
2026-05-09 22:50:51.313 9 INFO neutron.services.segments.plugin [-] Segment b4d21a4e-8187-455e-8ba2-24e9d587fd3f resource provider not found; error: Placement Client Error (4xx): {"errors": [{"status": 404, "title": "Not Found", "detail": "The resource could not be found.\n\n No resource provider with uuid b4d21a4e-8187-455e-8ba2-24e9d587fd3f found for delete ", "request_id": "req-17e3394e-a98f-443f-8884-69afea6edd21"}]}
2026-05-09 22:50:51.337 9 INFO neutron.wsgi [None req-63148583-ec5c-4646-a35b-5fb109b7b875 6fb878dddaa64cc49829ce0a21eea39c de3e45940d8b49fa8fdab0e0c279b1ac - - default default] 10.0.0.189 "DELETE /v2.0/networks/dd176749-9558-4075-8c5a-aeb8b4dfa596 HTTP/1.1" status: 204 len: 168 time: 1.0702167
2026-05-09 22:50:51.408 9 WARNING neutron.plugins.ml2.drivers.ovn.mech_driver.ovsdb.ovn_client [None req-a8b18dd9-f8a7-4c0e-8c79-226990d16307 - - - - - -] No port found with ID 2d197c49-bd35-4467-839e-61d0720575c7: RuntimeError: No port found with ID 2d197c49-bd35-4467-839e-61d0720575c7
2026-05-09 22:50:51.409 9 INFO neutron.plugins.ml2.drivers.ovn.mech_driver.mech_driver [None req-a8b18dd9-f8a7-4c0e-8c79-226990d16307 - - - - - -] OVN reports status down for port: 8744aa2c-b5a6-47f0-85e6-5d2fe752255a
2026-05-09 22:50:51.711 10 INFO neutron.db.ovn_revision_numbers_db [None req-ed87c762-70d2-4fec-a081-6c2f1a2b5754 - - - - - -] Successfully bumped revision number for resource d3c63852-6907-4dc8-8824-e1da64a2e43f (type: router_ports) to 4
2026-05-09 22:50:51.721 9 INFO neutron.wsgi [None req-a680f9bd-7847-43a1-8e6b-a6ae147ec2e2 eb57b1398b4f4b74b6be106a9431ded0 6c8112d372ef4d0986f796e4ce5e42e3 - - default default] 10.0.0.189 "PUT /v2.0/routers/ca66617b-cbe0-4f9f-8283-56447651131c/remove_router_interface HTTP/1.1" status: 200 len: 503 time: 1.4795790 /var/lib/openstack/lib/python3.10/site-packages/pycadf/identifier.py:71: UserWarning: Invalid uuid: neutron. To ensure interoperability, identifiers should be a valid uuid. warnings.warn(('Invalid uuid: %s. To ensure interoperability, '
2026-05-09 22:50:51.781 9 INFO neutron.wsgi [None req-719cd1e6-bd32-41dc-b953-1a134908acb8 eb57b1398b4f4b74b6be106a9431ded0 6c8112d372ef4d0986f796e4ce5e42e3 - - default default] 10.0.0.189 "GET /v2.0/ports?device_id=ca66617b-cbe0-4f9f-8283-56447651131c HTTP/1.1" status: 200 len: 205 time: 0.0406752
2026-05-09 22:50:51.925 9 INFO neutron.wsgi [None req-2a9b9d57-a41b-4009-8882-769748b3f742 e63ab23ec7d6481db4b758a6d2e5ffd9 3aee92eba8c04df6ba82301477145736 - - default default] 10.0.0.189 "DELETE /v2.0/routers/c4a460b4-1efa-4a77-910b-b29e71b0b587 HTTP/1.1" status: 204 len: 168 time: 1.8076560
2026-05-09 22:50:52.025 10 INFO neutron.db.ovn_revision_numbers_db [None req-062fc5a5-5303-4a2a-90a0-37999db1d4c7 e63ab23ec7d6481db4b758a6d2e5ffd9 3aee92eba8c04df6ba82301477145736 - - default default] Successfully bumped revision number for resource 5b44e5c8-c92d-4c7b-9892-28fdad8bf7d9 (type: router_ports) to 1
2026-05-09 22:50:52.030 10 INFO neutron.wsgi [None req-062fc5a5-5303-4a2a-90a0-37999db1d4c7 e63ab23ec7d6481db4b758a6d2e5ffd9 3aee92eba8c04df6ba82301477145736 - - default default] 10.0.0.189 "PUT /v2.0/routers/5e4f6d4b-f57a-4d83-96e7-736c10fa6495/add_router_interface HTTP/1.1" status: 200 len: 503 time: 3.2993710
2026-05-09 22:50:52.041 10 INFO neutron.wsgi [None req-3c8ac092-1a20-4ff8-9bdf-6c718021f110 eb57b1398b4f4b74b6be106a9431ded0 6c8112d372ef4d0986f796e4ce5e42e3 - - default default] 10.0.0.189 "DELETE /v2.0/routers/ca66617b-cbe0-4f9f-8283-56447651131c HTTP/1.1" status: 204 len: 168 time: 0.2517130
2026-05-09 22:50:52.165 9 INFO neutron.wsgi [None req-86037b49-7e8b-482a-affd-81a801d3ffff 6fb878dddaa64cc49829ce0a21eea39c de3e45940d8b49fa8fdab0e0c279b1ac - - default default] 10.0.0.189 "DELETE /v2.0/networks/1e2904f8-44ba-4006-98c2-d67134784cb1 HTTP/1.1" status: 204 len: 168 time: 0.8172719
2026-05-09 22:50:52.192 9 INFO neutron.wsgi [None req-e11adc96-10bd-4165-a830-ad5d79a2a978 e63ab23ec7d6481db4b758a6d2e5ffd9 3aee92eba8c04df6ba82301477145736 - - default default] 10.0.0.189 "DELETE /v2.0/subnets/9a57cacc-f463-4bca-9776-55806145561d HTTP/1.1" status: 204 len: 168 time: 0.2612045
2026-05-09 22:50:52.271 10 INFO neutron.wsgi [None req-416ec121-fbe6-4ba7-bd3f-6a6176834fa5 eb57b1398b4f4b74b6be106a9431ded0 6c8112d372ef4d0986f796e4ce5e42e3 - - default default] 10.0.0.189 "DELETE /v2.0/subnets/f474c638-07f6-4467-9574-18e08c4fc7c9 HTTP/1.1" status: 204 len: 168 time: 0.2247078
2026-05-09 22:50:52.522 9 INFO neutron.wsgi [None req-3cdfd5e9-e8af-4e5b-ba74-d0eb6a2465a3 eb57b1398b4f4b74b6be106a9431ded0 6c8112d372ef4d0986f796e4ce5e42e3 - - default default] 10.0.0.189 "DELETE /v2.0/subnets/225f7c3b-fae5-4afa-be18-d1aca144c18d HTTP/1.1" status: 204 len: 168 time: 0.2463489
2026-05-09 22:50:52.603 10 INFO neutron.services.segments.plugin [-] Segment 98fa013b-3246-4317-8e73-69b2c5432ebf resource provider aggregate not found
2026-05-09 22:50:52.608 10 INFO neutron.services.segments.plugin [-] Segment 98fa013b-3246-4317-8e73-69b2c5432ebf resource provider aggregate not found
2026-05-09 22:50:52.616 10 INFO neutron.services.segments.plugin [-] Segment 98fa013b-3246-4317-8e73-69b2c5432ebf resource provider not found; error: Placement Client Error (4xx): {"errors": [{"status": 404, "title": "Not Found", "detail": "The resource could not be found.\n\n No resource provider with uuid 98fa013b-3246-4317-8e73-69b2c5432ebf found for delete ", "request_id": "req-3bae24cf-9b4d-4114-964b-79b6b9ae03c3"}]}
2026-05-09 22:50:52.629 10 INFO neutron.wsgi [None req-f8efab66-a80b-44d0-bf4f-82c0a9bcca44 6fb878dddaa64cc49829ce0a21eea39c de3e45940d8b49fa8fdab0e0c279b1ac - - default default] 10.0.0.189 "DELETE /v2.0/networks/30bda907-657c-4081-9e36-c125499aaee9 HTTP/1.1" status: 204 len: 168 time: 0.4596870
2026-05-09 22:50:52.630 10 INFO neutron.services.segments.plugin [-] Segment 98fa013b-3246-4317-8e73-69b2c5432ebf resource provider not found; error: Placement Client Error (4xx): {"errors": [{"status": 404, "title": "Not Found", "detail": "The resource could not be found.\n\n No resource provider with uuid 98fa013b-3246-4317-8e73-69b2c5432ebf found for delete ", "request_id": "req-924965cc-3dd2-4a82-b735-c7c3cd5e75da"}]}
2026-05-09 22:50:52.677 9 INFO neutron.wsgi [None req-b72ab6e9-dc08-40b4-ad28-448f336af45d e63ab23ec7d6481db4b758a6d2e5ffd9 3aee92eba8c04df6ba82301477145736 - - default default] 10.0.0.189 "DELETE /v2.0/networks/314bd499-5e28-4034-98e1-b1922b9e61de HTTP/1.1" status: 204 len: 168 time: 0.4809861
2026-05-09 22:50:52.833 10 INFO neutron.wsgi [None req-6b5639d1-a6a9-46ab-8d8a-c764e2caa604 e63ab23ec7d6481db4b758a6d2e5ffd9 3aee92eba8c04df6ba82301477145736 - - default default] 10.0.0.189 "GET /v2.0/security-groups?tenant_id=be68325102c2410890d98f512bb297a9&name=default HTTP/1.1" status: 200 len: 3120 time: 0.0431881
2026-05-09 22:50:52.977 10 INFO neutron.wsgi [None req-9b6c103d-64c4-473a-a7ab-204196e8d96f eb57b1398b4f4b74b6be106a9431ded0 6c8112d372ef4d0986f796e4ce5e42e3 - - default default] 10.0.0.189 "DELETE /v2.0/networks/bc4aec2e-12d2-45e7-ba70-2557006b3218 HTTP/1.1" status: 204 len: 168 time: 0.4488952
2026-05-09 22:50:53.078 9 INFO neutron.wsgi [None req-507b4df4-2283-4875-8648-9bc6b222fb5e 6fb878dddaa64cc49829ce0a21eea39c de3e45940d8b49fa8fdab0e0c279b1ac - - default default] 10.0.0.189 "DELETE /v2.0/networks/08576641-5051-4463-9532-33443cd801cb HTTP/1.1" status: 204 len: 168 time: 0.4446187
2026-05-09 22:50:53.081 10 INFO neutron.wsgi [req-86aa4403-1162-44da-953e-0485192eebe3 req-e2e4a2c3-2f3b-4470-b4c9-0bc6a26f6547 84cb5b15cb144644a3427948df88328a 00134fc5e5b24348b36332f369a0f83c - - default default] 10.0.0.184 "GET /v2.0/networks?id=158032b4-3da8-4ee2-857b-fceb32bf597e HTTP/1.1" status: 200 len: 876 time: 0.0593970
2026-05-09 22:50:53.113 10 INFO neutron.wsgi [req-86aa4403-1162-44da-953e-0485192eebe3 req-5952e059-781e-4f78-a902-57a69df7197f 84cb5b15cb144644a3427948df88328a 00134fc5e5b24348b36332f369a0f83c - - default default] 10.0.0.184 "GET /v2.0/quotas/00134fc5e5b24348b36332f369a0f83c HTTP/1.1" status: 200 len: 491 time: 0.0236259
2026-05-09 22:50:53.142 10 INFO neutron.wsgi [None req-a3f37d63-a5a7-4c3d-9434-03ad31353199 e63ab23ec7d6481db4b758a6d2e5ffd9 3aee92eba8c04df6ba82301477145736 - - default default] 10.0.0.189 "DELETE /v2.0/security-groups/43798bb7-58fa-4970-a2fe-f326cd76c7b0 HTTP/1.1" status: 204 len: 168 time: 0.3018703
2026-05-09 22:50:53.232 10 INFO neutron.wsgi [req-86aa4403-1162-44da-953e-0485192eebe3 req-3edee56b-7ba0-418d-a2c5-9bf265e48a63 84cb5b15cb144644a3427948df88328a 00134fc5e5b24348b36332f369a0f83c - - default default] 10.0.0.184 "GET /v2.0/ports?tenant_id=00134fc5e5b24348b36332f369a0f83c&fields=id HTTP/1.1" status: 200 len: 302 time: 0.1077466
2026-05-09 22:50:53.311 10 INFO neutron.wsgi [req-86aa4403-1162-44da-953e-0485192eebe3 req-06077804-bcd2-4d38-abbf-4aecc7947ce4 8fb33313bbf1451f8de96fe7fd6e05be ed0e085260f846ce9aadfbe0db79c776 - - 7658d3de922047b7a4564ef14e590b8b 7658d3de922047b7a4564ef14e590b8b] 10.0.0.184 "GET /v2.0/networks/158032b4-3da8-4ee2-857b-fceb32bf597e?fields=segments HTTP/1.1" status: 200 len: 212 time: 0.0702269
2026-05-09 22:50:53.331 9 INFO neutron.services.segments.plugin [-] Segment e5a90968-432d-4eb8-a067-84b4aba53a3f resource provider aggregate not found
2026-05-09 22:50:53.338 9 INFO neutron.services.segments.plugin [-] Segment e5a90968-432d-4eb8-a067-84b4aba53a3f resource provider aggregate not found
2026-05-09 22:50:53.350 9 INFO neutron.services.segments.plugin [-] Segment e5a90968-432d-4eb8-a067-84b4aba53a3f resource provider not found; error: Placement Client Error (4xx): {"errors": [{"status": 404, "title": "Not Found", "detail": "The resource could not be found.\n\n No resource provider with uuid e5a90968-432d-4eb8-a067-84b4aba53a3f found for delete ", "request_id": "req-5ec09262-35c3-48eb-817b-60ab474c0a2e"}]}
2026-05-09 22:50:53.355 9 INFO neutron.services.segments.plugin [-] Segment e5a90968-432d-4eb8-a067-84b4aba53a3f resource provider not found; error: Placement Client Error (4xx): {"errors": [{"status": 404, "title": "Not Found", "detail": "The resource could not be found.\n\n No resource provider with uuid e5a90968-432d-4eb8-a067-84b4aba53a3f found for delete ", "request_id": "req-ad5f0ce2-235a-4308-8f4e-5e3651d6b8aa"}]}
2026-05-09 22:50:53.364 9 INFO neutron.services.segments.plugin [-] Segment c1f7673d-ea9e-40a1-a847-909403697f19 resource provider aggregate not found
2026-05-09 22:50:53.379 9 INFO neutron.services.segments.plugin [-] Segment c1f7673d-ea9e-40a1-a847-909403697f19 resource provider not found; error: Placement Client Error (4xx): {"errors": [{"status": 404, "title": "Not Found", "detail": "The resource could not be found.\n\n No resource provider with uuid c1f7673d-ea9e-40a1-a847-909403697f19 found for delete ", "request_id": "req-88d30279-6cc3-4d98-9a0f-6d6d19c4c22b"}]}
2026-05-09 22:50:53.383 9 INFO neutron.services.segments.plugin [-] Segment c1f7673d-ea9e-40a1-a847-909403697f19 resource provider aggregate not found
2026-05-09 22:50:53.384 10 INFO neutron.wsgi [req-86aa4403-1162-44da-953e-0485192eebe3 req-d24f5eb3-0b6e-4400-8bb6-3d13d133727c 8fb33313bbf1451f8de96fe7fd6e05be ed0e085260f846ce9aadfbe0db79c776 - - 7658d3de922047b7a4564ef14e590b8b 7658d3de922047b7a4564ef14e590b8b] 10.0.0.184 "GET /v2.0/networks/158032b4-3da8-4ee2-857b-fceb32bf597e?fields=provider%3Aphysical_network&fields=provider%3Anetwork_type HTTP/1.1" status: 200 len: 277 time: 0.0533895
2026-05-09 22:50:53.401 9 INFO neutron.services.segments.plugin [-] Segment c1f7673d-ea9e-40a1-a847-909403697f19 resource provider not found; error: Placement Client Error (4xx): {"errors": [{"status": 404, "title": "Not Found", "detail": "The resource could not be found.\n\n No resource provider with uuid c1f7673d-ea9e-40a1-a847-909403697f19 found for delete ", "request_id": "req-a9b143e6-3d07-4cfd-bf60-63869734b949"}]}
2026-05-09 22:50:53.407 9 INFO neutron.services.segments.plugin [-] Segment f3db16a9-69f3-4fc1-9086-2a1d5825cd4d resource provider aggregate not found
2026-05-09 22:50:53.420 9 INFO neutron.services.segments.plugin [-] Segment f3db16a9-69f3-4fc1-9086-2a1d5825cd4d resource provider aggregate not found
2026-05-09 22:50:53.424 9 INFO neutron.services.segments.plugin [-] Segment f3db16a9-69f3-4fc1-9086-2a1d5825cd4d resource provider not found; error: Placement Client Error (4xx): {"errors": [{"status": 404, "title": "Not Found", "detail": "The resource could not be found.\n\n No resource provider with uuid f3db16a9-69f3-4fc1-9086-2a1d5825cd4d found for delete ", "request_id": "req-dc258e0f-46c3-4b0c-a544-b119d0af5fc3"}]}
