2026-05-09 22:50:28.903 9 INFO neutron.db.ovn_revision_numbers_db [None req-bf62a0bf-3f07-45ef-9ca3-8c019f6e927c e63ab23ec7d6481db4b758a6d2e5ffd9 3aee92eba8c04df6ba82301477145736 - - default default] Successfully bumped revision number for resource d1bd0837-8b92-42ec-a05d-3d91f831f317 (type: security_groups) to 1
2026-05-09 22:50:28.920 9 INFO neutron.db.ovn_revision_numbers_db [None req-bf62a0bf-3f07-45ef-9ca3-8c019f6e927c e63ab23ec7d6481db4b758a6d2e5ffd9 3aee92eba8c04df6ba82301477145736 - - default default] Successfully bumped revision number for resource 44fe29a9-9a3f-4c58-908d-3ade5d5d5ef2 (type: security_group_rules) to 0
2026-05-09 22:50:28.942 9 INFO neutron.db.ovn_revision_numbers_db [None req-bf62a0bf-3f07-45ef-9ca3-8c019f6e927c e63ab23ec7d6481db4b758a6d2e5ffd9 3aee92eba8c04df6ba82301477145736 - - default default] Successfully bumped revision number for resource 76d16fe8-37fd-47b9-9325-2ad5457f6342 (type: security_group_rules) to 0
2026-05-09 22:50:28.957 9 INFO neutron.db.ovn_revision_numbers_db [None req-bf62a0bf-3f07-45ef-9ca3-8c019f6e927c e63ab23ec7d6481db4b758a6d2e5ffd9 3aee92eba8c04df6ba82301477145736 - - default default] Successfully bumped revision number for resource 80218471-abfe-4b71-b80a-827d452470b9 (type: security_group_rules) to 0
2026-05-09 22:50:28.974 9 INFO neutron.db.ovn_revision_numbers_db [None req-bf62a0bf-3f07-45ef-9ca3-8c019f6e927c e63ab23ec7d6481db4b758a6d2e5ffd9 3aee92eba8c04df6ba82301477145736 - - default default] Successfully bumped revision number for resource f6bde8aa-31da-44e8-9869-887884dccb4a (type: security_group_rules) to 0
2026-05-09 22:50:28.995 9 INFO neutron.wsgi [None req-bf62a0bf-3f07-45ef-9ca3-8c019f6e927c e63ab23ec7d6481db4b758a6d2e5ffd9 3aee92eba8c04df6ba82301477145736 - - default default] 10.0.0.189 "GET /v2.0/security-groups?tenant_id=df888f5f94734c7aa690e5adfd8e83c3&name=default HTTP/1.1" status: 200 len: 3120 time: 0.5095384
2026-05-09 22:50:29.098 9 INFO neutron.wsgi [None req-8c2d1277-18a0-42a1-ad66-9e104d87dfa0 5ebcf8770e564d66a513d690a1282f5a acd486b374a44033b8a6f9f23dee525e - - default default] 10.0.0.189 "DELETE /v2.0/floatingips/cfba59c0-7de8-41af-8878-06fbb4c2cc07 HTTP/1.1" status: 204 len: 168 time: 0.3572326
2026-05-09 22:50:29.218 10 INFO neutron.wsgi [None req-4305f1ec-8ea8-43fe-ba1c-c35056f5f3b3 e63ab23ec7d6481db4b758a6d2e5ffd9 3aee92eba8c04df6ba82301477145736 - - default default] 10.0.0.189 "DELETE /v2.0/security-groups/d1bd0837-8b92-42ec-a05d-3d91f831f317 HTTP/1.1" status: 204 len: 168 time: 0.2179520
2026-05-09 22:50:29.438 9 INFO neutron.wsgi [None req-0897ea06-ff2e-46d6-b746-92e7f14aba8b 5ebcf8770e564d66a513d690a1282f5a acd486b374a44033b8a6f9f23dee525e - - default default] 10.0.0.189 "DELETE /v2.0/floatingips/842ed080-374a-4009-b535-c112314157c6 HTTP/1.1" status: 204 len: 168 time: 0.3346260
2026-05-09 22:50:29.755 9 INFO neutron.wsgi [None req-5b220dfa-86e9-493c-9ebf-3292fe8e4117 5ebcf8770e564d66a513d690a1282f5a acd486b374a44033b8a6f9f23dee525e - - default default] 10.0.0.189 "DELETE /v2.0/floatingips/0b495234-1132-4936-b00d-1a7031d4425d HTTP/1.1" status: 204 len: 168 time: 0.3109629
2026-05-09 22:50:30.067 9 INFO neutron.wsgi [None req-0eef3849-c065-42ce-bbbc-f8634d786d32 5ebcf8770e564d66a513d690a1282f5a acd486b374a44033b8a6f9f23dee525e - - default default] 10.0.0.189 "DELETE /v2.0/floatingips/8cf56e2f-650c-4c8c-9cfa-62fa70151404 HTTP/1.1" status: 204 len: 168 time: 0.3077772
2026-05-09 22:50:30.449 9 INFO neutron.wsgi [None req-51c663a7-8717-4833-ba7a-aad0d2daba5f 5ebcf8770e564d66a513d690a1282f5a acd486b374a44033b8a6f9f23dee525e - - default default] 10.0.0.189 "DELETE /v2.0/floatingips/acd064f1-69b8-4d97-a1e4-64bc09b1945c HTTP/1.1" status: 204 len: 168 time: 0.3780725
2026-05-09 22:50:31.278 10 INFO neutron.db.ovn_revision_numbers_db [None req-98483403-343f-4522-8c13-a297090b784a e63ab23ec7d6481db4b758a6d2e5ffd9 3aee92eba8c04df6ba82301477145736 - - default default] Successfully bumped revision number for resource 43798bb7-58fa-4970-a2fe-f326cd76c7b0 (type: security_groups) to 1
2026-05-09 22:50:31.292 10 INFO neutron.db.ovn_revision_numbers_db [None req-98483403-343f-4522-8c13-a297090b784a e63ab23ec7d6481db4b758a6d2e5ffd9 3aee92eba8c04df6ba82301477145736 - - default default] Successfully bumped revision number for resource 0c1272b9-feb0-41c9-aec4-b6850ab8a47d (type: security_group_rules) to 0
2026-05-09 22:50:31.308 10 INFO neutron.db.ovn_revision_numbers_db [None req-98483403-343f-4522-8c13-a297090b784a e63ab23ec7d6481db4b758a6d2e5ffd9 3aee92eba8c04df6ba82301477145736 - - default default] Successfully bumped revision number for resource 2b4059c9-d971-4e31-8342-75a7e0ed11bf (type: security_group_rules) to 0
2026-05-09 22:50:31.323 10 INFO neutron.db.ovn_revision_numbers_db [None req-98483403-343f-4522-8c13-a297090b784a e63ab23ec7d6481db4b758a6d2e5ffd9 3aee92eba8c04df6ba82301477145736 - - default default] Successfully bumped revision number for resource 9e2ef0ac-6486-45a1-b264-4a94a4de28f4 (type: security_group_rules) to 0
2026-05-09 22:50:31.340 10 INFO neutron.db.ovn_revision_numbers_db [None req-98483403-343f-4522-8c13-a297090b784a e63ab23ec7d6481db4b758a6d2e5ffd9 3aee92eba8c04df6ba82301477145736 - - default default] Successfully bumped revision number for resource ae3c1e72-4485-4d4b-8d6b-c66934bdf439 (type: security_group_rules) to 0
2026-05-09 22:50:31.393 10 INFO neutron.db.segments_db [None req-98483403-343f-4522-8c13-a297090b784a e63ab23ec7d6481db4b758a6d2e5ffd9 3aee92eba8c04df6ba82301477145736 - - default default] Added segment c1f7673d-ea9e-40a1-a847-909403697f19 of type geneve for network 314bd499-5e28-4034-98e1-b1922b9e61de
2026-05-09 22:50:31.744 10 INFO neutron.db.ovn_revision_numbers_db [None req-98483403-343f-4522-8c13-a297090b784a e63ab23ec7d6481db4b758a6d2e5ffd9 3aee92eba8c04df6ba82301477145736 - - default default] Successfully bumped revision number for resource 314bd499-5e28-4034-98e1-b1922b9e61de (type: networks) to 1
2026-05-09 22:50:31.836 10 INFO neutron.db.ovn_revision_numbers_db [None req-a4a98d09-91e2-4e40-b8a3-6114187ad79f e63ab23ec7d6481db4b758a6d2e5ffd9 3aee92eba8c04df6ba82301477145736 - - default default] Successfully bumped revision number for resource 9fd2b46f-3ce2-4d4a-8f82-792c1256316b (type: security_groups) to 1
2026-05-09 22:50:31.855 10 INFO neutron.db.ovn_revision_numbers_db [None req-a4a98d09-91e2-4e40-b8a3-6114187ad79f e63ab23ec7d6481db4b758a6d2e5ffd9 3aee92eba8c04df6ba82301477145736 - - default default] Successfully bumped revision number for resource 1663fa3c-3e0e-4b5a-b4b0-d7061754a0b1 (type: security_group_rules) to 0
2026-05-09 22:50:31.875 10 INFO neutron.db.ovn_revision_numbers_db [None req-a4a98d09-91e2-4e40-b8a3-6114187ad79f e63ab23ec7d6481db4b758a6d2e5ffd9 3aee92eba8c04df6ba82301477145736 - - default default] Successfully bumped revision number for resource e641b574-6784-4247-9967-ea06120d19de (type: security_group_rules) to 0
2026-05-09 22:50:31.892 10 INFO neutron.db.ovn_revision_numbers_db [None req-a4a98d09-91e2-4e40-b8a3-6114187ad79f e63ab23ec7d6481db4b758a6d2e5ffd9 3aee92eba8c04df6ba82301477145736 - - default default] Successfully bumped revision number for resource f927cfbd-fd1c-4b7f-b9aa-f842c851aab1 (type: security_group_rules) to 0
2026-05-09 22:50:31.917 10 INFO neutron.db.ovn_revision_numbers_db [None req-a4a98d09-91e2-4e40-b8a3-6114187ad79f e63ab23ec7d6481db4b758a6d2e5ffd9 3aee92eba8c04df6ba82301477145736 - - default default] Successfully bumped revision number for resource fefb0854-899f-4ed7-834b-3f2729719b9a (type: security_group_rules) to 0
2026-05-09 22:50:31.947 10 WARNING neutron.scheduler.dhcp_agent_scheduler [None req-98483403-343f-4522-8c13-a297090b784a e63ab23ec7d6481db4b758a6d2e5ffd9 3aee92eba8c04df6ba82301477145736 - - default default] No more DHCP agents
2026-05-09 22:50:31.951 10 WARNING neutron.api.rpc.agentnotifiers.dhcp_rpc_agent_api [None req-98483403-343f-4522-8c13-a297090b784a e63ab23ec7d6481db4b758a6d2e5ffd9 3aee92eba8c04df6ba82301477145736 - - default default] Unable to schedule network 314bd499-5e28-4034-98e1-b1922b9e61de: no agents available; will retry on subsequent port and subnet creation events.
2026-05-09 22:50:31.957 10 INFO neutron.wsgi [None req-a4a98d09-91e2-4e40-b8a3-6114187ad79f e63ab23ec7d6481db4b758a6d2e5ffd9 3aee92eba8c04df6ba82301477145736 - - default default] 10.0.0.189 "GET /v2.0/security-groups?tenant_id=e12c3fee224b4b86ae555e7f8a8168e8&name=default HTTP/1.1" status: 200 len: 3120 time: 0.5948431
2026-05-09 22:50:32.032 10 INFO neutron.db.ovn_revision_numbers_db [None req-98483403-343f-4522-8c13-a297090b784a e63ab23ec7d6481db4b758a6d2e5ffd9 3aee92eba8c04df6ba82301477145736 - - default default] Successfully bumped revision number for resource ca702ab3-8763-4f7b-92e8-9dace2638c54 (type: ports) to 1
2026-05-09 22:50:32.054 10 INFO neutron.wsgi [None req-98483403-343f-4522-8c13-a297090b784a e63ab23ec7d6481db4b758a6d2e5ffd9 3aee92eba8c04df6ba82301477145736 - - default default] 10.0.0.189 "POST /v2.0/networks HTTP/1.1" status: 201 len: 943 time: 1.1302822
2026-05-09 22:50:32.137 9 INFO neutron.db.ovn_revision_numbers_db [None req-3459f69f-b787-4aca-97e5-72a8442ad64a e63ab23ec7d6481db4b758a6d2e5ffd9 3aee92eba8c04df6ba82301477145736 - - default default] Successfully bumped revision number for resource 1014ae0f-ceec-4c88-82a9-6eb764b9b7ad (type: security_groups) to 1
2026-05-09 22:50:32.150 9 INFO neutron.db.ovn_revision_numbers_db [None req-3459f69f-b787-4aca-97e5-72a8442ad64a e63ab23ec7d6481db4b758a6d2e5ffd9 3aee92eba8c04df6ba82301477145736 - - default default] Successfully bumped revision number for resource 1994f27e-f7d6-4051-92ba-244606dd38f0 (type: security_group_rules) to 0
2026-05-09 22:50:32.164 9 INFO neutron.db.ovn_revision_numbers_db [None req-3459f69f-b787-4aca-97e5-72a8442ad64a e63ab23ec7d6481db4b758a6d2e5ffd9 3aee92eba8c04df6ba82301477145736 - - default default] Successfully bumped revision number for resource 41320898-6385-4fec-8526-86c3c1145877 (type: security_group_rules) to 0
2026-05-09 22:50:32.178 9 INFO neutron.db.ovn_revision_numbers_db [None req-3459f69f-b787-4aca-97e5-72a8442ad64a e63ab23ec7d6481db4b758a6d2e5ffd9 3aee92eba8c04df6ba82301477145736 - - default default] Successfully bumped revision number for resource 901cb2fe-ff3f-4d14-8d59-769725e5f35b (type: security_group_rules) to 0
2026-05-09 22:50:32.193 9 INFO neutron.db.ovn_revision_numbers_db [None req-3459f69f-b787-4aca-97e5-72a8442ad64a e63ab23ec7d6481db4b758a6d2e5ffd9 3aee92eba8c04df6ba82301477145736 - - default default] Successfully bumped revision number for resource c932f074-76f5-4f8f-a6be-c4c42e6d7356 (type: security_group_rules) to 0
2026-05-09 22:50:32.196 9 INFO neutron.wsgi [None req-a30186fb-9bcb-4875-9566-41658d7c4d31 e63ab23ec7d6481db4b758a6d2e5ffd9 3aee92eba8c04df6ba82301477145736 - - default default] 10.0.0.189 "DELETE /v2.0/security-groups/9fd2b46f-3ce2-4d4a-8f82-792c1256316b HTTP/1.1" status: 204 len: 168 time: 0.2337151
2026-05-09 22:50:32.201 10 WARNING neutron.scheduler.dhcp_agent_scheduler [None req-93f1314d-4e1b-4572-919c-694d4683cad8 e63ab23ec7d6481db4b758a6d2e5ffd9 3aee92eba8c04df6ba82301477145736 - - default default] No more DHCP agents
2026-05-09 22:50:32.204 10 WARNING neutron.api.rpc.agentnotifiers.dhcp_rpc_agent_api [None req-93f1314d-4e1b-4572-919c-694d4683cad8 e63ab23ec7d6481db4b758a6d2e5ffd9 3aee92eba8c04df6ba82301477145736 - - default default] Unable to schedule network 314bd499-5e28-4034-98e1-b1922b9e61de: no agents available; will retry on subsequent port and subnet creation events.
2026-05-09 22:50:32.215 9 INFO neutron.wsgi [None req-3459f69f-b787-4aca-97e5-72a8442ad64a e63ab23ec7d6481db4b758a6d2e5ffd9 3aee92eba8c04df6ba82301477145736 - - default default] 10.0.0.189 "GET /v2.0/security-groups?tenant_id=484bb7a23f0648ac8f8f4535e5fdd852&name=default HTTP/1.1" status: 200 len: 3120 time: 0.3858795
2026-05-09 22:50:32.399 9 INFO neutron.db.ovn_revision_numbers_db [None req-ae46c9e4-0fa4-4741-bd7b-21c291770a56 e63ab23ec7d6481db4b758a6d2e5ffd9 3aee92eba8c04df6ba82301477145736 - - default default] Successfully bumped revision number for resource 4b24b0b9-1459-47e2-8642-b27bbf7ed4c6 (type: security_groups) to 1
2026-05-09 22:50:32.413 9 INFO neutron.db.ovn_revision_numbers_db [None req-ae46c9e4-0fa4-4741-bd7b-21c291770a56 e63ab23ec7d6481db4b758a6d2e5ffd9 3aee92eba8c04df6ba82301477145736 - - default default] Successfully bumped revision number for resource 55cdd1e4-ca20-4fd1-a114-390099f2a558 (type: security_group_rules) to 0
2026-05-09 22:50:32.424 9 INFO neutron.db.ovn_revision_numbers_db [None req-ae46c9e4-0fa4-4741-bd7b-21c291770a56 e63ab23ec7d6481db4b758a6d2e5ffd9 3aee92eba8c04df6ba82301477145736 - - default default] Successfully bumped revision number for resource a9464496-cfcd-4197-990a-d536cc857bc3 (type: security_group_rules) to 0
2026-05-09 22:50:32.437 9 INFO neutron.db.ovn_revision_numbers_db [None req-ae46c9e4-0fa4-4741-bd7b-21c291770a56 e63ab23ec7d6481db4b758a6d2e5ffd9 3aee92eba8c04df6ba82301477145736 - - default default] Successfully bumped revision number for resource db33a05a-ac7b-407f-bf9c-4fd62767da48 (type: security_group_rules) to 0
2026-05-09 22:50:32.451 9 INFO neutron.db.ovn_revision_numbers_db [None req-ae46c9e4-0fa4-4741-bd7b-21c291770a56 e63ab23ec7d6481db4b758a6d2e5ffd9 3aee92eba8c04df6ba82301477145736 - - default default] Successfully bumped revision number for resource f624b639-e344-4384-84c6-a5aa0772a181 (type: security_group_rules) to 0
2026-05-09 22:50:32.471 9 INFO neutron.wsgi [None req-ae46c9e4-0fa4-4741-bd7b-21c291770a56 e63ab23ec7d6481db4b758a6d2e5ffd9 3aee92eba8c04df6ba82301477145736 - - default default] 10.0.0.189 "GET /v2.0/security-groups?tenant_id=acd486b374a44033b8a6f9f23dee525e&name=default HTTP/1.1" status: 200 len: 3120 time: 0.1833982
2026-05-09 22:50:32.481 10 INFO neutron.wsgi [None req-f668b3cb-db63-4463-93da-9bc94fc07aed e63ab23ec7d6481db4b758a6d2e5ffd9 3aee92eba8c04df6ba82301477145736 - - default default] 10.0.0.189 "DELETE /v2.0/security-groups/1014ae0f-ceec-4c88-82a9-6eb764b9b7ad HTTP/1.1" status: 204 len: 168 time: 0.2609005
2026-05-09 22:50:32.712 10 INFO neutron.db.ovn_revision_numbers_db [None req-93f1314d-4e1b-4572-919c-694d4683cad8 e63ab23ec7d6481db4b758a6d2e5ffd9 3aee92eba8c04df6ba82301477145736 - - default default] Successfully bumped revision number for resource ca702ab3-8763-4f7b-92e8-9dace2638c54 (type: ports) to 2
2026-05-09 22:50:32.715 9 INFO neutron.wsgi [None req-62dbf7b4-63d2-4d30-8138-e872360c63c9 e63ab23ec7d6481db4b758a6d2e5ffd9 3aee92eba8c04df6ba82301477145736 - - default default] 10.0.0.189 "DELETE /v2.0/security-groups/4b24b0b9-1459-47e2-8642-b27bbf7ed4c6 HTTP/1.1" status: 204 len: 168 time: 0.2375743
2026-05-09 22:50:32.749 10 INFO neutron.db.ovn_revision_numbers_db [None req-93f1314d-4e1b-4572-919c-694d4683cad8 e63ab23ec7d6481db4b758a6d2e5ffd9 3aee92eba8c04df6ba82301477145736 - - default default] Successfully bumped revision number for resource 9a57cacc-f463-4bca-9776-55806145561d (type: subnets) to 0
2026-05-09 22:50:32.765 10 INFO neutron.wsgi [None req-93f1314d-4e1b-4572-919c-694d4683cad8 e63ab23ec7d6481db4b758a6d2e5ffd9 3aee92eba8c04df6ba82301477145736 - - default default] 10.0.0.189 "POST /v2.0/subnets HTTP/1.1" status: 201 len: 863 time: 0.7065549
2026-05-09 22:50:32.786 10 INFO neutron.db.ovn_revision_numbers_db [None req-b1f5757e-3cb1-4ee1-9dd1-5c8260da4c68 e63ab23ec7d6481db4b758a6d2e5ffd9 3aee92eba8c04df6ba82301477145736 - - default default] Successfully bumped revision number for resource 0c702878-7572-4823-bff1-36671227b3c4 (type: security_groups) to 1
2026-05-09 22:50:32.800 10 INFO neutron.db.ovn_revision_numbers_db [None req-b1f5757e-3cb1-4ee1-9dd1-5c8260da4c68 e63ab23ec7d6481db4b758a6d2e5ffd9 3aee92eba8c04df6ba82301477145736 - - default default] Successfully bumped revision number for resource 3abf9f74-d9aa-4e4a-8df5-5593c5e42bda (type: security_group_rules) to 0
2026-05-09 22:50:32.814 10 INFO neutron.db.ovn_revision_numbers_db [None req-b1f5757e-3cb1-4ee1-9dd1-5c8260da4c68 e63ab23ec7d6481db4b758a6d2e5ffd9 3aee92eba8c04df6ba82301477145736 - - default default] Successfully bumped revision number for resource 76853671-096e-40b4-b66c-bdaa0e3db716 (type: security_group_rules) to 0
2026-05-09 22:50:32.831 10 INFO neutron.db.ovn_revision_numbers_db [None req-b1f5757e-3cb1-4ee1-9dd1-5c8260da4c68 e63ab23ec7d6481db4b758a6d2e5ffd9 3aee92eba8c04df6ba82301477145736 - - default default] Successfully bumped revision number for resource 7f43506c-ee51-46da-8dce-1ad7ec368a95 (type: security_group_rules) to 0
2026-05-09 22:50:32.846 10 INFO neutron.db.ovn_revision_numbers_db [None req-b1f5757e-3cb1-4ee1-9dd1-5c8260da4c68 e63ab23ec7d6481db4b758a6d2e5ffd9 3aee92eba8c04df6ba82301477145736 - - default default] Successfully bumped revision number for resource fcf45385-7d0b-4486-8fd5-bb9bfe3a7e0e (type: security_group_rules) to 0
2026-05-09 22:50:32.869 10 INFO neutron.wsgi [None req-b1f5757e-3cb1-4ee1-9dd1-5c8260da4c68 e63ab23ec7d6481db4b758a6d2e5ffd9 3aee92eba8c04df6ba82301477145736 - - default default] 10.0.0.189 "GET /v2.0/security-groups?tenant_id=5daa04d8f9b945929d3f9fbc203d9c80&name=default HTTP/1.1" status: 200 len: 3120 time: 0.2273707
2026-05-09 22:50:33.076 9 INFO neutron.db.ovn_revision_numbers_db [None req-01baf7ca-d662-4895-bb11-dfddaecdcfd8 e63ab23ec7d6481db4b758a6d2e5ffd9 3aee92eba8c04df6ba82301477145736 - - default default] Successfully bumped revision number for resource 016b30de-091e-43b1-aa3e-b8a9ccf21fc7 (type: security_groups) to 1
2026-05-09 22:50:33.100 9 INFO neutron.db.ovn_revision_numbers_db [None req-01baf7ca-d662-4895-bb11-dfddaecdcfd8 e63ab23ec7d6481db4b758a6d2e5ffd9 3aee92eba8c04df6ba82301477145736 - - default default] Successfully bumped revision number for resource 8e8771f7-6f2e-4825-95d4-3be84a58afb4 (type: security_group_rules) to 0
2026-05-09 22:50:33.102 10 INFO neutron.wsgi [None req-5b285fb0-34d5-4acd-836b-d555f9dddbe1 e63ab23ec7d6481db4b758a6d2e5ffd9 3aee92eba8c04df6ba82301477145736 - - default default] 10.0.0.189 "DELETE /v2.0/security-groups/0c702878-7572-4823-bff1-36671227b3c4 HTTP/1.1" status: 204 len: 168 time: 0.2285919
2026-05-09 22:50:33.131 9 INFO neutron.db.ovn_revision_numbers_db [None req-01baf7ca-d662-4895-bb11-dfddaecdcfd8 e63ab23ec7d6481db4b758a6d2e5ffd9 3aee92eba8c04df6ba82301477145736 - - default default] Successfully bumped revision number for resource 9dad51c5-fd7e-49eb-ac76-67126ed7a18e (type: security_group_rules) to 0
2026-05-09 22:50:33.161 9 INFO neutron.db.ovn_revision_numbers_db [None req-01baf7ca-d662-4895-bb11-dfddaecdcfd8 e63ab23ec7d6481db4b758a6d2e5ffd9 3aee92eba8c04df6ba82301477145736 - - default default] Successfully bumped revision number for resource adaa619b-94ae-4ea3-8787-eeb966053dbb (type: security_group_rules) to 0
2026-05-09 22:50:33.202 9 INFO neutron.db.ovn_revision_numbers_db [None req-01baf7ca-d662-4895-bb11-dfddaecdcfd8 e63ab23ec7d6481db4b758a6d2e5ffd9 3aee92eba8c04df6ba82301477145736 - - default default] Successfully bumped revision number for resource c6ca2427-7d7f-4f9d-b857-3f2788a20287 (type: security_group_rules) to 0
2026-05-09 22:50:33.238 9 INFO neutron.wsgi [None req-01baf7ca-d662-4895-bb11-dfddaecdcfd8 e63ab23ec7d6481db4b758a6d2e5ffd9 3aee92eba8c04df6ba82301477145736 - - default default] 10.0.0.189 "GET /v2.0/security-groups?tenant_id=fba754b1de6f4dd688bac70ec7720304&name=default HTTP/1.1" status: 200 len: 3120 time: 0.3736794
2026-05-09 22:50:33.268 9 INFO neutron.wsgi [req-9a5d37e0-910c-484c-8851-a979c2419666 req-482d7e88-8e64-4b36-b672-3e0612333959 eb4fd6fa2c9749b6a506ad84a191b366 3477ccb508fb43a4b6c94a70f1f726da - - default default] 10.0.0.184 "GET /v2.0/ports?device_id=860a74e9-6e30-4346-bfa1-e139987b786f HTTP/1.1" status: 200 len: 1174 time: 0.1528821
2026-05-09 22:50:33.345 9 INFO neutron.wsgi [req-9a5d37e0-910c-484c-8851-a979c2419666 req-ca465fa8-d983-4413-85aa-56bf6f8c9275 eb4fd6fa2c9749b6a506ad84a191b366 3477ccb508fb43a4b6c94a70f1f726da - - default default] 10.0.0.184 "GET /v2.0/security-groups?id=6c4e251a-06ad-4114-8464-cd1ff61eeb3f&fields=id&fields=name HTTP/1.1" status: 200 len: 312 time: 0.0620487
2026-05-09 22:50:33.502 10 INFO neutron.wsgi [None req-2e3efdef-1598-4cf4-a721-f62b285f441c e63ab23ec7d6481db4b758a6d2e5ffd9 3aee92eba8c04df6ba82301477145736 - - default default] 10.0.0.189 "DELETE /v2.0/security-groups/016b30de-091e-43b1-aa3e-b8a9ccf21fc7 HTTP/1.1" status: 204 len: 168 time: 0.2594125
2026-05-09 22:50:33.580 10 INFO neutron.plugins.ml2.drivers.ovn.mech_driver.mech_driver [None req-d9958fd4-08c2-4d53-9265-7b981d8368f2 - - - - - -] OVN reports status down for port: 0ca1cc5d-0979-4cf3-b7ff-9606f971f7b0
2026-05-09 22:50:33.632 9 WARNING neutron.scheduler.dhcp_agent_scheduler [None req-0422d3de-319b-457c-bfc2-d45b9482d782 e63ab23ec7d6481db4b758a6d2e5ffd9 3aee92eba8c04df6ba82301477145736 - - default default] No more DHCP agents
2026-05-09 22:50:33.637 9 WARNING neutron.api.rpc.agentnotifiers.dhcp_rpc_agent_api [None req-0422d3de-319b-457c-bfc2-d45b9482d782 e63ab23ec7d6481db4b758a6d2e5ffd9 3aee92eba8c04df6ba82301477145736 - - default default] Unable to schedule network 734f4df4-bc0a-4a83-8243-ef350525367b: no agents available; will retry on subsequent port and subnet creation events.
2026-05-09 22:50:33.654 9 INFO neutron.wsgi [req-68195530-504a-485a-901e-1d4783eb48a6 req-89847801-b66b-4f4e-a2c5-652e5efc6e06 eb4fd6fa2c9749b6a506ad84a191b366 3477ccb508fb43a4b6c94a70f1f726da - - default default] 10.0.0.184 "GET /v2.0/ports?device_id=860a74e9-6e30-4346-bfa1-e139987b786f HTTP/1.1" status: 200 len: 1174 time: 0.0515847
2026-05-09 22:50:33.724 9 INFO neutron.wsgi [req-68195530-504a-485a-901e-1d4783eb48a6 req-fa46679f-8eda-4b73-9d6b-b5b1dcc7819f eb4fd6fa2c9749b6a506ad84a191b366 3477ccb508fb43a4b6c94a70f1f726da - - default default] 10.0.0.184 "GET /v2.0/security-groups?id=6c4e251a-06ad-4114-8464-cd1ff61eeb3f&fields=id&fields=name HTTP/1.1" status: 200 len: 312 time: 0.0608218
2026-05-09 22:50:33.768 10 INFO neutron.notifiers.nova [-] Nova event matching ['req-d3c9a4c8-226a-470e-9575-4957d4d7e2e1'] response: {'server_uuid': '860a74e9-6e30-4346-bfa1-e139987b786f', 'name': 'network-vif-unplugged', 'status': 'completed', 'tag': '0ca1cc5d-0979-4cf3-b7ff-9606f971f7b0', 'code': 200}
2026-05-09 22:50:33.823 9 INFO neutron.db.ovn_revision_numbers_db [None req-0422d3de-319b-457c-bfc2-d45b9482d782 e63ab23ec7d6481db4b758a6d2e5ffd9 3aee92eba8c04df6ba82301477145736 - - default default] Successfully bumped revision number for resource f99a730d-20c8-4702-a5e2-a4dd03f14f1f (type: ports) to 1
2026-05-09 22:50:33.920 9 INFO neutron.wsgi [req-87a84182-b6ba-41fe-89ec-89f46c5bfcaa req-2102fd2e-d4ff-4724-a288-4226752976b3 eb4fd6fa2c9749b6a506ad84a191b366 3477ccb508fb43a4b6c94a70f1f726da - - default default] 199.204.45.19 "GET /v2.0/ports?device_id=860a74e9-6e30-4346-bfa1-e139987b786f HTTP/1.1" status: 200 len: 1172 time: 0.0669355
2026-05-09 22:50:33.974 10 INFO neutron.db.ovn_revision_numbers_db [None req-d9958fd4-08c2-4d53-9265-7b981d8368f2 - - - - - -] Successfully bumped revision number for resource 0ca1cc5d-0979-4cf3-b7ff-9606f971f7b0 (type: ports) to 7
2026-05-09 22:50:34.419 9 INFO neutron.db.l3_db [req-87a84182-b6ba-41fe-89ec-89f46c5bfcaa req-0308abf2-6a7a-459a-87f7-fc0e109d6c40 eb4fd6fa2c9749b6a506ad84a191b366 3477ccb508fb43a4b6c94a70f1f726da - - default default] Floating IP b3669cad-b0ad-4b26-8d9f-ff049dfaf2f6 disassociated. External IP: 10.96.250.202, port: 0ca1cc5d-0979-4cf3-b7ff-9606f971f7b0.
2026-05-09 22:50:34.595 9 INFO neutron.wsgi [req-87a84182-b6ba-41fe-89ec-89f46c5bfcaa req-0308abf2-6a7a-459a-87f7-fc0e109d6c40 eb4fd6fa2c9749b6a506ad84a191b366 3477ccb508fb43a4b6c94a70f1f726da - - default default] 199.204.45.19 "DELETE /v2.0/ports/0ca1cc5d-0979-4cf3-b7ff-9606f971f7b0 HTTP/1.1" status: 204 len: 173 time: 0.6698496
2026-05-09 22:50:34.634 9 INFO neutron.notifiers.nova [-] Nova event matching ['req-1dce74e6-a160-49ea-ae84-83ec3488f922'] response: {'server_uuid': '860a74e9-6e30-4346-bfa1-e139987b786f', 'name': 'network-vif-deleted', 'tag': '0ca1cc5d-0979-4cf3-b7ff-9606f971f7b0', 'status': 'completed', 'code': 200}
2026-05-09 22:50:34.657 9 INFO neutron.plugins.ml2.drivers.ovn.mech_driver.ovsdb.commands [None req-3660d119-4429-418f-9fc8-0f0fcff1bd99 - - - - - -] Schedule LRP lrp-f99a730d-20c8-4702-a5e2-a4dd03f14f1f on gateway ce789e7f-474c-4302-ba22-3a1cdd9a56ef with priority 1
2026-05-09 22:50:34.669 10 INFO neutron.plugins.ml2.drivers.ovn.mech_driver.mech_driver [None req-d9958fd4-08c2-4d53-9265-7b981d8368f2 - - - - - -] OVN reports status up for port: f99a730d-20c8-4702-a5e2-a4dd03f14f1f
2026-05-09 22:50:34.684 10 INFO neutron.plugins.ml2.plugin [None req-d9958fd4-08c2-4d53-9265-7b981d8368f2 - - - - - -] Attempt 1 to provision port f99a730d-20c8-4702-a5e2-a4dd03f14f1f
2026-05-09 22:50:34.685 9 INFO neutron.plugins.ml2.drivers.ovn.mech_driver.ovsdb.ovsdb_monitor [None req-2479f7b0-1d0b-491b-8883-5aa5c7478e1c - - - - - -] Router c4a460b4-1efa-4a77-910b-b29e71b0b587 is bound to host instance
2026-05-09 22:50:34.729 9 INFO neutron.db.ovn_revision_numbers_db [None req-0422d3de-319b-457c-bfc2-d45b9482d782 e63ab23ec7d6481db4b758a6d2e5ffd9 3aee92eba8c04df6ba82301477145736 - - default default] Successfully bumped revision number for resource f99a730d-20c8-4702-a5e2-a4dd03f14f1f (type: router_ports) to 1 /var/lib/openstack/lib/python3.10/site-packages/pycadf/identifier.py:71: UserWarning: Invalid uuid: neutron. To ensure interoperability, identifiers should be a valid uuid. warnings.warn(('Invalid uuid: %s. To ensure interoperability, '
2026-05-09 22:50:34.840 9 INFO neutron.db.ovn_revision_numbers_db [None req-0422d3de-319b-457c-bfc2-d45b9482d782 e63ab23ec7d6481db4b758a6d2e5ffd9 3aee92eba8c04df6ba82301477145736 - - default default] Successfully bumped revision number for resource c4a460b4-1efa-4a77-910b-b29e71b0b587 (type: routers) to 2
2026-05-09 22:50:34.843 10 INFO neutron.wsgi [req-01722062-9149-4009-bd52-4b47f8e8db21 req-c81dacb9-bc32-45ca-ade3-e3acf41935a9 eb4fd6fa2c9749b6a506ad84a191b366 3477ccb508fb43a4b6c94a70f1f726da - - default default] 10.0.0.184 "GET /v2.0/ports?device_id=860a74e9-6e30-4346-bfa1-e139987b786f HTTP/1.1" status: 200 len: 210 time: 0.0283842
2026-05-09 22:50:34.868 9 INFO neutron.wsgi [None req-0422d3de-319b-457c-bfc2-d45b9482d782 e63ab23ec7d6481db4b758a6d2e5ffd9 3aee92eba8c04df6ba82301477145736 - - default default] 10.0.0.189 "POST /v2.0/routers HTTP/1.1" status: 201 len: 1165 time: 2.0976906
2026-05-09 22:50:35.457 10 WARNING neutron.scheduler.dhcp_agent_scheduler [None req-d7556126-b30a-4274-9722-6fc99010d412 e63ab23ec7d6481db4b758a6d2e5ffd9 3aee92eba8c04df6ba82301477145736 - - default default] No more DHCP agents
2026-05-09 22:50:35.459 10 WARNING neutron.api.rpc.agentnotifiers.dhcp_rpc_agent_api [None req-d7556126-b30a-4274-9722-6fc99010d412 e63ab23ec7d6481db4b758a6d2e5ffd9 3aee92eba8c04df6ba82301477145736 - - default default] Unable to schedule network 314bd499-5e28-4034-98e1-b1922b9e61de: no agents available; will retry on subsequent port and subnet creation events.
2026-05-09 22:50:35.619 10 INFO neutron.db.ovn_revision_numbers_db [None req-d7556126-b30a-4274-9722-6fc99010d412 e63ab23ec7d6481db4b758a6d2e5ffd9 3aee92eba8c04df6ba82301477145736 - - default default] Successfully bumped revision number for resource f3aeff84-ae4f-4137-b61b-afa9be3b6b32 (type: ports) to 1
2026-05-09 22:50:35.722 9 INFO neutron.db.ovn_revision_numbers_db [None req-2479f7b0-1d0b-491b-8883-5aa5c7478e1c - - - - - -] Successfully bumped revision number for resource f99a730d-20c8-4702-a5e2-a4dd03f14f1f (type: ports) to 1
2026-05-09 22:50:35.809 10 INFO neutron.notifiers.nova [-] Nova event matching ['req-04ec083a-0c44-4cce-99a7-b99899ccc588'] response: {'server_uuid': '860a74e9-6e30-4346-bfa1-e139987b786f', 'name': 'network-vif-unplugged', 'status': 'completed', 'tag': '0ca1cc5d-0979-4cf3-b7ff-9606f971f7b0', 'code': 200}
2026-05-09 22:50:36.164 10 INFO neutron.wsgi [None req-6ea20115-ccdc-4ae2-aee5-db8bd7ad1e06 eb4fd6fa2c9749b6a506ad84a191b366 3477ccb508fb43a4b6c94a70f1f726da - - default default] 10.0.0.189 "DELETE /v2.0/security-groups/6c4e251a-06ad-4114-8464-cd1ff61eeb3f HTTP/1.1" status: 204 len: 168 time: 0.2175438
2026-05-09 22:50:36.182 10 INFO neutron.api.v2.resource [None req-a6f1865d-6c5e-4885-9332-f08ea3feb2a4 eb4fd6fa2c9749b6a506ad84a191b366 3477ccb508fb43a4b6c94a70f1f726da - - default default] show failed (client error): The resource could not be found.
2026-05-09 22:50:36.183 10 INFO neutron.wsgi [None req-a6f1865d-6c5e-4885-9332-f08ea3feb2a4 eb4fd6fa2c9749b6a506ad84a191b366 3477ccb508fb43a4b6c94a70f1f726da - - default default] 10.0.0.189 "GET /v2.0/security-groups/6c4e251a-06ad-4114-8464-cd1ff61eeb3f HTTP/1.1" status: 404 len: 347 time: 0.0152869
2026-05-09 22:50:36.183 9 INFO neutron.db.ovn_revision_numbers_db [None req-2479f7b0-1d0b-491b-8883-5aa5c7478e1c - - - - - -] Successfully bumped revision number for resource f99a730d-20c8-4702-a5e2-a4dd03f14f1f (type: router_ports) to 3
2026-05-09 22:50:36.235 9 INFO neutron.wsgi [None req-cf609ffe-d26e-4ed9-a4d4-daef9042504c e63ab23ec7d6481db4b758a6d2e5ffd9 3aee92eba8c04df6ba82301477145736 - - default default] 10.0.0.206 "GET /v2.0/floatingips HTTP/1.1" status: 200 len: 730 time: 0.1476672
2026-05-09 22:50:36.256 10 ERROR ovsdbapp.backend.ovs_idl.command [None req-d7556126-b30a-4274-9722-6fc99010d412 e63ab23ec7d6481db4b758a6d2e5ffd9 3aee92eba8c04df6ba82301477145736 - - default default] Error executing command (DbGetCommand): ovsdbapp.backend.ovs_idl.idlutils.RowNotFound: Cannot find Logical_Router_Port with name=lrp-f3aeff84-ae4f-4137-b61b-afa9be3b6b32
2026-05-09 22:50:36.256 10 ERROR ovsdbapp.backend.ovs_idl.command
Traceback (most recent call last):
2026-05-09 22:50:36.256 10 ERROR ovsdbapp.backend.ovs_idl.command
File "/var/lib/openstack/lib/python3.10/site-packages/ovsdbapp/backend/ovs_idl/command.py", line 47, in execute
2026-05-09 22:50:36.256 10 ERROR ovsdbapp.backend.ovs_idl.command self.run_idl(None)
2026-05-09 22:50:36.256 10 ERROR ovsdbapp.backend.ovs_idl.command
File "/var/lib/openstack/lib/python3.10/site-packages/ovsdbapp/backend/ovs_idl/command.py", line 235, in run_idl
2026-05-09 22:50:36.256 10 ERROR ovsdbapp.backend.ovs_idl.command record = self.api.lookup(self.table, self.record)
2026-05-09 22:50:36.256 10 ERROR ovsdbapp.backend.ovs_idl.command
File "/var/lib/openstack/lib/python3.10/site-packages/ovsdbapp/backend/ovs_idl/__init__.py", line 184, in lookup
2026-05-09 22:50:36.256 10 ERROR ovsdbapp.backend.ovs_idl.command return self._lookup(table, record)
2026-05-09 22:50:36.256 10 ERROR ovsdbapp.backend.ovs_idl.command
File "/var/lib/openstack/lib/python3.10/site-packages/ovsdbapp/backend/ovs_idl/__init__.py", line 235, in _lookup
2026-05-09 22:50:36.256 10 ERROR ovsdbapp.backend.ovs_idl.command row = idlutils.row_by_value(self, rl.table, rl.column, record)
2026-05-09 22:50:36.256 10 ERROR ovsdbapp.backend.ovs_idl.command
File "/var/lib/openstack/lib/python3.10/site-packages/ovsdbapp/backend/ovs_idl/idlutils.py", line 114, in row_by_value
2026-05-09 22:50:36.256 10 ERROR ovsdbapp.backend.ovs_idl.command raise RowNotFound(table=table, col=column, match=match)
2026-05-09 22:50:36.256 10 ERROR ovsdbapp.backend.ovs_idl.command ovsdbapp.backend.ovs_idl.idlutils.RowNotFound: Cannot find Logical_Router_Port with name=lrp-f3aeff84-ae4f-4137-b61b-afa9be3b6b32
2026-05-09 22:50:36.256 10 ERROR ovsdbapp.backend.ovs_idl.command 
2026-05-09 22:50:36.257 10 ERROR neutron_lib.callbacks.manager [None req-d7556126-b30a-4274-9722-6fc99010d412 e63ab23ec7d6481db4b758a6d2e5ffd9 3aee92eba8c04df6ba82301477145736 - - default default] Error during notification for neutron.services.ovn_l3.plugin.OVNL3RouterPlugin._port_update-8783339495151 port, after_update: ovsdbapp.backend.ovs_idl.idlutils.RowNotFound: Cannot find Logical_Router_Port with name=lrp-f3aeff84-ae4f-4137-b61b-afa9be3b6b32
2026-05-09 22:50:36.257 10 ERROR neutron_lib.callbacks.manager
Traceback (most recent call last):
2026-05-09 22:50:36.257 10 ERROR neutron_lib.callbacks.manager
File "/var/lib/openstack/lib/python3.10/site-packages/neutron_lib/callbacks/manager.py", line 189, in _notify_loop
2026-05-09 22:50:36.257 10 ERROR neutron_lib.callbacks.manager callback.method(resource, event, trigger, payload=payload)
2026-05-09 22:50:36.257 10 ERROR neutron_lib.callbacks.manager
File "/var/lib/openstack/lib/python3.10/site-packages/neutron/services/ovn_l3/plugin.py", line 391, in _port_update
2026-05-09 22:50:36.257 10 ERROR neutron_lib.callbacks.manager l3plugin._ovn_client.update_router_port(context,
2026-05-09 22:50:36.257 10 ERROR neutron_lib.callbacks.manager
File "/var/lib/openstack/lib/python3.10/site-packages/neutron/plugins/ml2/drivers/ovn/mech_driver/ovsdb/ovn_client.py", line 1878, in update_router_port
2026-05-09 22:50:36.257 10 ERROR neutron_lib.callbacks.manager self._update_lrouter_port(context, port, if_exists=if_exists,
2026-05-09 22:50:36.257 10 ERROR neutron_lib.callbacks.manager
File "/var/lib/openstack/lib/python3.10/site-packages/neutron/plugins/ml2/drivers/ovn/mech_driver/ovsdb/ovn_client.py", line 1855, in _update_lrouter_port
2026-05-09 22:50:36.257 10 ERROR neutron_lib.callbacks.manager external_ids = self._nb_idl.db_get(
2026-05-09 22:50:36.257 10 ERROR neutron_lib.callbacks.manager
File "/var/lib/openstack/lib/python3.10/site-packages/ovsdbapp/backend/ovs_idl/command.py", line 47, in execute
2026-05-09 22:50:36.257 10 ERROR neutron_lib.callbacks.manager self.run_idl(None)
2026-05-09 22:50:36.257 10 ERROR neutron_lib.callbacks.manager
File "/var/lib/openstack/lib/python3.10/site-packages/ovsdbapp/backend/ovs_idl/command.py", line 235, in run_idl
2026-05-09 22:50:36.257 10 ERROR neutron_lib.callbacks.manager record = self.api.lookup(self.table, self.record)
2026-05-09 22:50:36.257 10 ERROR neutron_lib.callbacks.manager
File "/var/lib/openstack/lib/python3.10/site-packages/ovsdbapp/backend/ovs_idl/__init__.py", line 184, in lookup
2026-05-09 22:50:36.257 10 ERROR neutron_lib.callbacks.manager return self._lookup(table, record)
2026-05-09 22:50:36.257 10 ERROR neutron_lib.callbacks.manager
File "/var/lib/openstack/lib/python3.10/site-packages/ovsdbapp/backend/ovs_idl/__init__.py", line 235, in _lookup
2026-05-09 22:50:36.257 10 ERROR neutron_lib.callbacks.manager row = idlutils.row_by_value(self, rl.table, rl.column, record)
2026-05-09 22:50:36.257 10 ERROR neutron_lib.callbacks.manager
File "/var/lib/openstack/lib/python3.10/site-packages/ovsdbapp/backend/ovs_idl/idlutils.py", line 114, in row_by_value
2026-05-09 22:50:36.257 10 ERROR neutron_lib.callbacks.manager raise RowNotFound(table=table, col=column, match=match)
2026-05-09 22:50:36.257 10 ERROR neutron_lib.callbacks.manager ovsdbapp.backend.ovs_idl.idlutils.RowNotFound: Cannot find Logical_Router_Port with name=lrp-f3aeff84-ae4f-4137-b61b-afa9be3b6b32
2026-05-09 22:50:36.257 10 ERROR neutron_lib.callbacks.manager 
2026-05-09 22:50:36.314 9 INFO neutron.wsgi [None req-ba9c4b92-5eaa-40a0-97e5-1debcebeb593 e63ab23ec7d6481db4b758a6d2e5ffd9 3aee92eba8c04df6ba82301477145736 - - default default] 10.0.0.206 "GET /v2.0/security-groups HTTP/1.1" status: 200 len: 23382 time: 0.0768933
2026-05-09 22:50:36.378 9 INFO neutron.wsgi [None req-892a1665-7f40-458d-b02b-b175ac4924bf e63ab23ec7d6481db4b758a6d2e5ffd9 3aee92eba8c04df6ba82301477145736 - - default default] 10.0.0.206 "GET /v2.0/subnets HTTP/1.1" status: 200 len: 2748 time: 0.0538244
2026-05-09 22:50:36.481 9 INFO neutron.wsgi [None req-0e4549f9-98a1-4e29-89ed-91c54d74f9a4 e63ab23ec7d6481db4b758a6d2e5ffd9 3aee92eba8c04df6ba82301477145736 - - default default] 10.0.0.206 "GET /v2.0/ports HTTP/1.1" status: 200 len: 12788 time: 0.0999186
2026-05-09 22:50:36.530 10 INFO neutron.db.ovn_revision_numbers_db [None req-d7556126-b30a-4274-9722-6fc99010d412 e63ab23ec7d6481db4b758a6d2e5ffd9 3aee92eba8c04df6ba82301477145736 - - default default] Successfully bumped revision number for resource f3aeff84-ae4f-4137-b61b-afa9be3b6b32 (type: ports) to 1
2026-05-09 22:50:36.599 9 INFO neutron.db.ovn_revision_numbers_db [None req-2479f7b0-1d0b-491b-8883-5aa5c7478e1c - - - - - -] Successfully bumped revision number for resource f99a730d-20c8-4702-a5e2-a4dd03f14f1f (type: ports) to 2
2026-05-09 22:50:36.621 10 INFO neutron.wsgi [None req-af9ca76d-7532-4309-a687-934171f2ed8b eb4fd6fa2c9749b6a506ad84a191b366 3477ccb508fb43a4b6c94a70f1f726da - - default default] 10.0.0.189 "DELETE /v2.0/floatingips/b3669cad-b0ad-4b26-8d9f-ff049dfaf2f6 HTTP/1.1" status: 204 len: 168 time: 0.4320610
2026-05-09 22:50:36.622 9 INFO neutron.wsgi [None req-4fca108f-46e4-4761-a079-5ebc2e86c4d9 e63ab23ec7d6481db4b758a6d2e5ffd9 3aee92eba8c04df6ba82301477145736 - - default default] 10.0.0.206 "GET /v2.0/routers HTTP/1.1" status: 200 len: 2116 time: 0.1322272
2026-05-09 22:50:36.625 10 WARNING neutron.scheduler.dhcp_agent_scheduler [None req-d7556126-b30a-4274-9722-6fc99010d412 e63ab23ec7d6481db4b758a6d2e5ffd9 3aee92eba8c04df6ba82301477145736 - - default default] No more DHCP agents
2026-05-09 22:50:36.628 10 WARNING neutron.api.rpc.agentnotifiers.dhcp_rpc_agent_api [None req-d7556126-b30a-4274-9722-6fc99010d412 e63ab23ec7d6481db4b758a6d2e5ffd9 3aee92eba8c04df6ba82301477145736 - - default default] Unable to schedule network 314bd499-5e28-4034-98e1-b1922b9e61de: no agents available; will retry on subsequent port and subnet creation events.
2026-05-09 22:50:36.663 9 INFO neutron.wsgi [None req-8fdd2f6e-70c5-41b1-a013-b6a931c28d1a e63ab23ec7d6481db4b758a6d2e5ffd9 3aee92eba8c04df6ba82301477145736 - - default default] 10.0.0.206 "GET /v2.0/agents?binary=ovn-controller HTTP/1.1" status: 200 len: 591 time: 0.0397644
2026-05-09 22:50:36.690 9 INFO neutron.wsgi [None req-41473363-189c-474c-9127-b739fb4300f0 e63ab23ec7d6481db4b758a6d2e5ffd9 3aee92eba8c04df6ba82301477145736 - - default default] 10.0.0.206 "GET /v2.0/network-ip-availabilities HTTP/1.1" status: 200 len: 2230 time: 0.0174227
2026-05-09 22:50:36.736 9 INFO neutron.wsgi [None req-5f764187-c98f-4dac-a889-c9a481845b6c e63ab23ec7d6481db4b758a6d2e5ffd9 3aee92eba8c04df6ba82301477145736 - - default default] 10.0.0.206 "GET /v2.0/subnets HTTP/1.1" status: 200 len: 2748 time: 0.0430245
2026-05-09 22:50:36.758 9 INFO neutron.wsgi [None req-f3273013-349b-4a6e-b2c1-db06cc9a17bb e63ab23ec7d6481db4b758a6d2e5ffd9 3aee92eba8c04df6ba82301477145736 - - default default] 10.0.0.206 "GET /v2.0/subnetpools HTTP/1.1" status: 200 len: 193 time: 0.0209537
2026-05-09 22:50:37.099 9 INFO neutron.wsgi [None req-0076e148-d450-425b-94e2-8c48330d807d e63ab23ec7d6481db4b758a6d2e5ffd9 3aee92eba8c04df6ba82301477145736 - - default default] 10.0.0.206 "GET /v2.0/networks HTTP/1.1" status: 200 len: 3869 time: 0.3396475
2026-05-09 22:50:37.127 9 INFO neutron.wsgi [None req-9fd772d2-e391-485a-9e3c-0c4c4e949199 e63ab23ec7d6481db4b758a6d2e5ffd9 3aee92eba8c04df6ba82301477145736 - - default default] 10.0.0.206 "GET /v2.0/agents HTTP/1.1" status: 200 len: 1390 time: 0.0213606
2026-05-09 22:50:37.363 9 INFO neutron.db.ovn_revision_numbers_db [None req-2479f7b0-1d0b-491b-8883-5aa5c7478e1c - - - - - -] Successfully bumped revision number for resource f99a730d-20c8-4702-a5e2-a4dd03f14f1f (type: ports) to 4
2026-05-09 22:50:37.564 10 INFO neutron.db.ovn_revision_numbers_db [None req-d7556126-b30a-4274-9722-6fc99010d412 e63ab23ec7d6481db4b758a6d2e5ffd9 3aee92eba8c04df6ba82301477145736 - - default default] Successfully bumped revision number for resource f3aeff84-ae4f-4137-b61b-afa9be3b6b32 (type: router_ports) to 1
2026-05-09 22:50:37.570 10 INFO neutron.wsgi [None req-d7556126-b30a-4274-9722-6fc99010d412 e63ab23ec7d6481db4b758a6d2e5ffd9 3aee92eba8c04df6ba82301477145736 - - default default] 10.0.0.189 "PUT /v2.0/routers/c4a460b4-1efa-4a77-910b-b29e71b0b587/add_router_interface HTTP/1.1" status: 200 len: 503 time: 2.6955523
2026-05-09 22:50:37.603 9 INFO neutron.db.ovn_revision_numbers_db [None req-2479f7b0-1d0b-491b-8883-5aa5c7478e1c - - - - - -] Successfully bumped revision number for resource f99a730d-20c8-4702-a5e2-a4dd03f14f1f (type: router_ports) to 4
2026-05-09 22:50:37.785 10 INFO neutron.plugins.ml2.drivers.ovn.mech_driver.mech_driver [None req-d9958fd4-08c2-4d53-9265-7b981d8368f2 - - - - - -] OVN reports status up for port: f3aeff84-ae4f-4137-b61b-afa9be3b6b32
2026-05-09 22:50:37.797 10 INFO neutron.plugins.ml2.plugin [None req-d9958fd4-08c2-4d53-9265-7b981d8368f2 - - - - - -] Attempt 1 to provision port f3aeff84-ae4f-4137-b61b-afa9be3b6b32
2026-05-09 22:50:37.923 9 WARNING neutron_lib.context [None req-3f03aa3c-8f53-4842-b4cf-af2254bd0d1b 6fb878dddaa64cc49829ce0a21eea39c de3e45940d8b49fa8fdab0e0c279b1ac - - default default] Method 'is_advsvc' is deprecated since 2023.2 release (neutron-lib 3.8.0) and will be removed once support for the old RBAC API policies will be removed from Neutron. Please use method 'is_service_role' instead.
2026-05-09 22:50:38.083 9 INFO neutron.db.ovn_revision_numbers_db [None req-3f03aa3c-8f53-4842-b4cf-af2254bd0d1b 6fb878dddaa64cc49829ce0a21eea39c de3e45940d8b49fa8fdab0e0c279b1ac - - default default] Successfully bumped revision number for resource 0e09183c-affd-4242-9b86-5060f14fb504 (type: security_groups) to 1
2026-05-09 22:50:38.104 9 INFO neutron.db.ovn_revision_numbers_db [None req-0b31adab-3e2f-49c2-b544-e6c0f6f4fd7a e63ab23ec7d6481db4b758a6d2e5ffd9 3aee92eba8c04df6ba82301477145736 - - default default] Successfully bumped revision number for resource f9c630a4-1dbe-4e4a-a0a1-4ec1652122a7 (type: security_groups) to 1
2026-05-09 22:50:38.108 9 INFO neutron.db.ovn_revision_numbers_db [None req-3f03aa3c-8f53-4842-b4cf-af2254bd0d1b 6fb878dddaa64cc49829ce0a21eea39c de3e45940d8b49fa8fdab0e0c279b1ac - - default default] Successfully bumped revision number for resource 219abbb1-71db-41ad-b0ce-761722a7be02 (type: security_group_rules) to 0
2026-05-09 22:50:38.124 9 INFO neutron.db.ovn_revision_numbers_db [None req-0b31adab-3e2f-49c2-b544-e6c0f6f4fd7a e63ab23ec7d6481db4b758a6d2e5ffd9 3aee92eba8c04df6ba82301477145736 - - default default] Successfully bumped revision number for resource 918956cc-501d-444d-a56b-b65efe2efb25 (type: security_group_rules) to 0
2026-05-09 22:50:38.125 9 INFO neutron.db.ovn_revision_numbers_db [None req-3f03aa3c-8f53-4842-b4cf-af2254bd0d1b 6fb878dddaa64cc49829ce0a21eea39c de3e45940d8b49fa8fdab0e0c279b1ac - - default default] Successfully bumped revision number for resource 280aca97-3df5-47ab-af81-215a5cf192f1 (type: security_group_rules) to 0
2026-05-09 22:50:38.154 9 INFO neutron.db.ovn_revision_numbers_db [None req-0b31adab-3e2f-49c2-b544-e6c0f6f4fd7a e63ab23ec7d6481db4b758a6d2e5ffd9 3aee92eba8c04df6ba82301477145736 - - default default] Successfully bumped revision number for resource 9f0b9de5-3dbe-46cb-ba5c-42ba154d5a0e (type: security_group_rules) to 0
2026-05-09 22:50:38.155 9 INFO neutron.db.ovn_revision_numbers_db [None req-3f03aa3c-8f53-4842-b4cf-af2254bd0d1b 6fb878dddaa64cc49829ce0a21eea39c de3e45940d8b49fa8fdab0e0c279b1ac - - default default] Successfully bumped revision number for resource 2a4c3a35-1739-4e24-b142-de9a4974d6eb (type: security_group_rules) to 0
2026-05-09 22:50:38.172 9 INFO neutron.db.ovn_revision_numbers_db [None req-3f03aa3c-8f53-4842-b4cf-af2254bd0d1b 6fb878dddaa64cc49829ce0a21eea39c de3e45940d8b49fa8fdab0e0c279b1ac - - default default] Successfully bumped revision number for resource a80b7ba9-fc6f-4f06-8297-f1b2dbcaea00 (type: security_group_rules) to 0
2026-05-09 22:50:38.177 9 INFO neutron.db.ovn_revision_numbers_db [None req-0b31adab-3e2f-49c2-b544-e6c0f6f4fd7a e63ab23ec7d6481db4b758a6d2e5ffd9 3aee92eba8c04df6ba82301477145736 - - default default] Successfully bumped revision number for resource dc835ffa-2c29-4d8f-9bca-5bab45d373d7 (type: security_group_rules) to 0
2026-05-09 22:50:38.201 9 INFO neutron.db.ovn_revision_numbers_db [None req-0b31adab-3e2f-49c2-b544-e6c0f6f4fd7a e63ab23ec7d6481db4b758a6d2e5ffd9 3aee92eba8c04df6ba82301477145736 - - default default] Successfully bumped revision number for resource f9dd36e9-f2e5-4661-adbf-8df31002df9d (type: security_group_rules) to 0
2026-05-09 22:50:38.221 9 INFO neutron.wsgi [None req-0b31adab-3e2f-49c2-b544-e6c0f6f4fd7a e63ab23ec7d6481db4b758a6d2e5ffd9 3aee92eba8c04df6ba82301477145736 - - default default] 10.0.0.189 "GET /v2.0/security-groups?tenant_id=85c987ba684a4f73a815d214d05ffba3&name=default HTTP/1.1" status: 200 len: 3120 time: 0.2775962
2026-05-09 22:50:38.229 9 INFO neutron.db.segments_db [None req-3f03aa3c-8f53-4842-b4cf-af2254bd0d1b 6fb878dddaa64cc49829ce0a21eea39c de3e45940d8b49fa8fdab0e0c279b1ac - - default default] Added segment b4d21a4e-8187-455e-8ba2-24e9d587fd3f of type geneve for network dd176749-9558-4075-8c5a-aeb8b4dfa596
2026-05-09 22:50:38.324 10 INFO neutron.wsgi [None req-bb62b3ba-29e5-40b2-8b2b-1686bca5e9ba e63ab23ec7d6481db4b758a6d2e5ffd9 3aee92eba8c04df6ba82301477145736 - - default default] 10.0.0.189 "PUT /v2.0/routers/cd3bfe7a-6fd3-44ce-8e0e-9c5005b58925/remove_router_interface HTTP/1.1" status: 200 len: 503 time: 1.6981411 /var/lib/openstack/lib/python3.10/site-packages/pycadf/identifier.py:71: UserWarning: Invalid uuid: neutron. To ensure interoperability, identifiers should be a valid uuid. warnings.warn(('Invalid uuid: %s. To ensure interoperability, '
2026-05-09 22:50:38.420 10 INFO neutron.db.ovn_revision_numbers_db [None req-d9958fd4-08c2-4d53-9265-7b981d8368f2 - - - - - -] Successfully bumped revision number for resource f3aeff84-ae4f-4137-b61b-afa9be3b6b32 (type: ports) to 2
2026-05-09 22:50:38.420 9 INFO neutron.db.ovn_revision_numbers_db [None req-3f03aa3c-8f53-4842-b4cf-af2254bd0d1b 6fb878dddaa64cc49829ce0a21eea39c de3e45940d8b49fa8fdab0e0c279b1ac - - default default] Successfully bumped revision number for resource dd176749-9558-4075-8c5a-aeb8b4dfa596 (type: networks) to 1
2026-05-09 22:50:38.595 9 INFO neutron.wsgi [None req-12b6e594-7e9d-4ac8-b525-9f77c4ecfa6d e63ab23ec7d6481db4b758a6d2e5ffd9 3aee92eba8c04df6ba82301477145736 - - default default] 10.0.0.189 "DELETE /v2.0/security-groups/f9c630a4-1dbe-4e4a-a0a1-4ec1652122a7 HTTP/1.1" status: 204 len: 168 time: 0.3599272
2026-05-09 22:50:38.628 9 WARNING neutron.scheduler.dhcp_agent_scheduler [None req-3f03aa3c-8f53-4842-b4cf-af2254bd0d1b 6fb878dddaa64cc49829ce0a21eea39c de3e45940d8b49fa8fdab0e0c279b1ac - - default default] No more DHCP agents
2026-05-09 22:50:38.628 10 INFO neutron.db.ovn_revision_numbers_db [None req-d9958fd4-08c2-4d53-9265-7b981d8368f2 - - - - - -] Successfully bumped revision number for resource f3aeff84-ae4f-4137-b61b-afa9be3b6b32 (type: router_ports) to 2
2026-05-09 22:50:38.629 9 WARNING neutron.api.rpc.agentnotifiers.dhcp_rpc_agent_api [None req-3f03aa3c-8f53-4842-b4cf-af2254bd0d1b 6fb878dddaa64cc49829ce0a21eea39c de3e45940d8b49fa8fdab0e0c279b1ac - - default default] Unable to schedule network dd176749-9558-4075-8c5a-aeb8b4dfa596: no agents available; will retry on subsequent port and subnet creation events.
2026-05-09 22:50:38.714 9 INFO neutron.db.ovn_revision_numbers_db [None req-3f03aa3c-8f53-4842-b4cf-af2254bd0d1b 6fb878dddaa64cc49829ce0a21eea39c de3e45940d8b49fa8fdab0e0c279b1ac - - default default] Successfully bumped revision number for resource d87bf48f-005a-4dd7-8f31-ffa74eff1b02 (type: ports) to 1
2026-05-09 22:50:38.735 9 INFO neutron.wsgi [None req-3f03aa3c-8f53-4842-b4cf-af2254bd0d1b 6fb878dddaa64cc49829ce0a21eea39c de3e45940d8b49fa8fdab0e0c279b1ac - - default default] 10.0.0.189 "POST /v2.0/networks HTTP/1.1" status: 201 len: 830 time: 0.9490042
2026-05-09 22:50:38.745 9 WARNING neutron_lib.context [None req-92767d0b-043e-40ce-95ba-ec79c31bb0c9 6fb878dddaa64cc49829ce0a21eea39c de3e45940d8b49fa8fdab0e0c279b1ac - - default default] Method 'is_advsvc' is deprecated since 2023.2 release (neutron-lib 3.8.0) and will be removed once support for the old RBAC API policies will be removed from Neutron. Please use method 'is_service_role' instead.
2026-05-09 22:50:38.963 9 WARNING neutron.scheduler.dhcp_agent_scheduler [None req-92767d0b-043e-40ce-95ba-ec79c31bb0c9 6fb878dddaa64cc49829ce0a21eea39c de3e45940d8b49fa8fdab0e0c279b1ac - - default default] No more DHCP agents
2026-05-09 22:50:38.966 9 WARNING neutron.api.rpc.agentnotifiers.dhcp_rpc_agent_api [None req-92767d0b-043e-40ce-95ba-ec79c31bb0c9 6fb878dddaa64cc49829ce0a21eea39c de3e45940d8b49fa8fdab0e0c279b1ac - - default default] Unable to schedule network dd176749-9558-4075-8c5a-aeb8b4dfa596: no agents available; will retry on subsequent port and subnet creation events.
2026-05-09 22:50:39.161 9 INFO neutron.wsgi [-] 10.0.0.120 "GET / HTTP/1.1" status: 200 len: 247 time: 0.0017796
2026-05-09 22:50:39.162 9 INFO neutron.wsgi [-] 10.0.0.120 "GET / HTTP/1.1" status: 200 len: 247 time: 0.0011649
2026-05-09 22:50:39.449 9 INFO neutron.db.ovn_revision_numbers_db [None req-92767d0b-043e-40ce-95ba-ec79c31bb0c9 6fb878dddaa64cc49829ce0a21eea39c de3e45940d8b49fa8fdab0e0c279b1ac - - default default] Successfully bumped revision number for resource d87bf48f-005a-4dd7-8f31-ffa74eff1b02 (type: ports) to 2
2026-05-09 22:50:39.455 10 INFO neutron.wsgi [None req-08a6e6a6-9b2c-4cdf-8b5a-ade17e60c69f e63ab23ec7d6481db4b758a6d2e5ffd9 3aee92eba8c04df6ba82301477145736 - - default default] 10.0.0.189 "DELETE /v2.0/routers/cd3bfe7a-6fd3-44ce-8e0e-9c5005b58925 HTTP/1.1" status: 204 len: 168 time: 1.1253121
2026-05-09 22:50:39.495 9 INFO neutron.db.ovn_revision_numbers_db [None req-92767d0b-043e-40ce-95ba-ec79c31bb0c9 6fb878dddaa64cc49829ce0a21eea39c de3e45940d8b49fa8fdab0e0c279b1ac - - default default] Successfully bumped revision number for resource 2dd69162-7714-4c1a-827d-b0efbbc4bb01 (type: subnets) to 0
2026-05-09 22:50:39.510 9 INFO neutron.wsgi [None req-92767d0b-043e-40ce-95ba-ec79c31bb0c9 6fb878dddaa64cc49829ce0a21eea39c de3e45940d8b49fa8fdab0e0c279b1ac - - default default] 10.0.0.189 "POST /v2.0/subnets HTTP/1.1" status: 201 len: 801 time: 0.7695298
