2026-05-09 22:49:53.299 9 INFO neutron.wsgi [None req-55cd8bdf-14bb-4e3c-b4f5-41e7960acce5 a39dd147892545d483545c4767b570da 7a609977db4b413da0138df92f1c7ccb - - default default] 10.0.0.189 "DELETE /v2.0/floatingips/87dca81d-c99c-4543-baa7-c352bc5dee76 HTTP/1.1" status: 204 len: 168 time: 0.5792105
2026-05-09 22:49:53.313 9 INFO neutron.db.ovn_revision_numbers_db [None req-5091a45e-c1e8-4bae-9953-baec5b671074 c22e8aae837e4af2b418b13d119ddf71 4454b56785224213b5faf0d75db7426e - - default default] Successfully bumped revision number for resource ae43afca-91a0-4a8b-b125-206c733c2ce0 (type: networks) to 1
2026-05-09 22:49:53.321 10 INFO neutron.wsgi [None req-efe48395-bd40-432a-857b-543a12bff233 e63ab23ec7d6481db4b758a6d2e5ffd9 3aee92eba8c04df6ba82301477145736 - - default default] 10.0.0.189 "DELETE /v2.0/security-groups/67926465-a872-477a-be77-c3a291a3edf0 HTTP/1.1" status: 204 len: 168 time: 0.2296302
2026-05-09 22:49:53.369 9 INFO neutron.wsgi [req-3a1c1d6a-d4fb-4806-a5de-60b2a45df3be req-25b84ce8-2b7a-489d-8985-38ea135dc46a eb4fd6fa2c9749b6a506ad84a191b366 3477ccb508fb43a4b6c94a70f1f726da - - default default] 10.0.0.184 "GET /v2.0/ports?device_id=860a74e9-6e30-4346-bfa1-e139987b786f HTTP/1.1" status: 200 len: 210 time: 0.0278945
2026-05-09 22:49:53.546 9 WARNING neutron.scheduler.dhcp_agent_scheduler [req-8712e31b-494d-4ed1-8354-43a6992829cd req-b13b8967-d579-4632-a8aa-b86f75d3895a eb4fd6fa2c9749b6a506ad84a191b366 3477ccb508fb43a4b6c94a70f1f726da - - default default] No more DHCP agents
2026-05-09 22:49:53.549 9 WARNING neutron.api.rpc.agentnotifiers.dhcp_rpc_agent_api [req-8712e31b-494d-4ed1-8354-43a6992829cd req-b13b8967-d579-4632-a8aa-b86f75d3895a eb4fd6fa2c9749b6a506ad84a191b366 3477ccb508fb43a4b6c94a70f1f726da - - default default] Unable to schedule network 948cfce4-4387-4e09-811c-889349d5bea0: no agents available; will retry on subsequent port and subnet creation events.
2026-05-09 22:49:53.563 9 WARNING neutron.scheduler.dhcp_agent_scheduler [None req-5091a45e-c1e8-4bae-9953-baec5b671074 c22e8aae837e4af2b418b13d119ddf71 4454b56785224213b5faf0d75db7426e - - default default] No more DHCP agents
2026-05-09 22:49:53.565 9 WARNING neutron.api.rpc.agentnotifiers.dhcp_rpc_agent_api [None req-5091a45e-c1e8-4bae-9953-baec5b671074 c22e8aae837e4af2b418b13d119ddf71 4454b56785224213b5faf0d75db7426e - - default default] Unable to schedule network ae43afca-91a0-4a8b-b125-206c733c2ce0: no agents available; will retry on subsequent port and subnet creation events.
2026-05-09 22:49:53.677 9 INFO neutron.db.ovn_revision_numbers_db [None req-5091a45e-c1e8-4bae-9953-baec5b671074 c22e8aae837e4af2b418b13d119ddf71 4454b56785224213b5faf0d75db7426e - - default default] Successfully bumped revision number for resource 7ac065d1-80d9-4b4d-9875-e15b67a92fdd (type: ports) to 1
2026-05-09 22:49:53.770 9 INFO neutron.db.ovn_revision_numbers_db [None req-5091a45e-c1e8-4bae-9953-baec5b671074 c22e8aae837e4af2b418b13d119ddf71 4454b56785224213b5faf0d75db7426e - - default default] Successfully bumped revision number for resource 2b580477-cd4f-4c00-b80f-75b2f6f9925d (type: networks) to 1
2026-05-09 22:49:53.800 9 INFO neutron.db.ovn_revision_numbers_db [req-8712e31b-494d-4ed1-8354-43a6992829cd req-b13b8967-d579-4632-a8aa-b86f75d3895a eb4fd6fa2c9749b6a506ad84a191b366 3477ccb508fb43a4b6c94a70f1f726da - - default default] Successfully bumped revision number for resource 0ca1cc5d-0979-4cf3-b7ff-9606f971f7b0 (type: ports) to 1
2026-05-09 22:49:53.828 9 INFO neutron.wsgi [req-8712e31b-494d-4ed1-8354-43a6992829cd req-b13b8967-d579-4632-a8aa-b86f75d3895a eb4fd6fa2c9749b6a506ad84a191b366 3477ccb508fb43a4b6c94a70f1f726da - - default default] 199.204.45.19 "POST /v2.0/ports HTTP/1.1" status: 201 len: 1162 time: 0.8049569 /var/lib/openstack/lib/python3.10/site-packages/pycadf/identifier.py:71: UserWarning: Invalid uuid: neutron. To ensure interoperability, identifiers should be a valid uuid. warnings.warn(('Invalid uuid: %s. To ensure interoperability, '
2026-05-09 22:49:53.999 9 WARNING neutron.scheduler.dhcp_agent_scheduler [None req-5091a45e-c1e8-4bae-9953-baec5b671074 c22e8aae837e4af2b418b13d119ddf71 4454b56785224213b5faf0d75db7426e - - default default] No more DHCP agents
2026-05-09 22:49:54.008 9 WARNING neutron.api.rpc.agentnotifiers.dhcp_rpc_agent_api [None req-5091a45e-c1e8-4bae-9953-baec5b671074 c22e8aae837e4af2b418b13d119ddf71 4454b56785224213b5faf0d75db7426e - - default default] Unable to schedule network 2b580477-cd4f-4c00-b80f-75b2f6f9925d: no agents available; will retry on subsequent port and subnet creation events.
2026-05-09 22:49:54.119 9 INFO neutron.db.ovn_revision_numbers_db [None req-5091a45e-c1e8-4bae-9953-baec5b671074 c22e8aae837e4af2b418b13d119ddf71 4454b56785224213b5faf0d75db7426e - - default default] Successfully bumped revision number for resource 6014bf65-6878-4bcb-88f5-b82c8c144ba6 (type: ports) to 1
2026-05-09 22:49:54.147 9 INFO neutron.wsgi [None req-5091a45e-c1e8-4bae-9953-baec5b671074 c22e8aae837e4af2b418b13d119ddf71 4454b56785224213b5faf0d75db7426e - - default default] 10.0.0.189 "POST /v2.0/networks HTTP/1.1" status: 201 len: 1445 time: 1.7271209
2026-05-09 22:49:54.160 10 INFO neutron.wsgi [-] 10.0.0.120 "GET / HTTP/1.1" status: 200 len: 247 time: 0.0019677
2026-05-09 22:49:54.163 10 INFO neutron.wsgi [-] 10.0.0.120 "GET / HTTP/1.1" status: 200 len: 247 time: 0.0015819
2026-05-09 22:49:54.257 9 INFO neutron.wsgi [None req-e9ebe992-dad0-437d-8451-2c6e50c999d3 c22e8aae837e4af2b418b13d119ddf71 4454b56785224213b5faf0d75db7426e - - default default] 10.0.0.189 "GET /v2.0/networks HTTP/1.1" status: 200 len: 2051 time: 0.1050329 /var/lib/openstack/lib/python3.10/site-packages/pycadf/identifier.py:71: UserWarning: Invalid uuid: neutron. To ensure interoperability, identifiers should be a valid uuid. warnings.warn(('Invalid uuid: %s. To ensure interoperability, '
2026-05-09 22:49:54.402 10 WARNING neutron.plugins.ml2.drivers.ovn.mech_driver.ovsdb.ovn_client [None req-d9958fd4-08c2-4d53-9265-7b981d8368f2 - - - - - -] No hosting information found for port a2f1bfb7-5587-46a3-8bce-0f64097a01cf: RuntimeError: No hosting information found for port a2f1bfb7-5587-46a3-8bce-0f64097a01cf
2026-05-09 22:49:54.403 10 INFO neutron.plugins.ml2.drivers.ovn.mech_driver.mech_driver [None req-d9958fd4-08c2-4d53-9265-7b981d8368f2 - - - - - -] OVN reports status down for port: 13995064-1bfd-489e-b791-6e8df03e6e07
2026-05-09 22:49:54.413 10 INFO neutron.plugins.ml2.drivers.ovn.mech_driver.mech_driver [None req-d9958fd4-08c2-4d53-9265-7b981d8368f2 - - - - - -] OVN reports status down for port: 3e7b7f4d-d117-4440-86c9-bee0ad24bd5c
2026-05-09 22:49:54.668 9 INFO neutron.wsgi [req-acb8e5d0-3e5e-4dbd-95f3-673a09f0221c req-7eb62373-112f-463d-97b0-6b8e602743a6 eb4fd6fa2c9749b6a506ad84a191b366 3477ccb508fb43a4b6c94a70f1f726da - - default default] 10.0.0.184 "GET /v2.0/ports?device_id=860a74e9-6e30-4346-bfa1-e139987b786f HTTP/1.1" status: 200 len: 1172 time: 0.0553491
2026-05-09 22:49:54.716 9 INFO neutron.db.ovn_revision_numbers_db [req-8712e31b-494d-4ed1-8354-43a6992829cd req-c8f52633-0248-49aa-b2a1-68886d4dd024 8fb33313bbf1451f8de96fe7fd6e05be ed0e085260f846ce9aadfbe0db79c776 - - 7658d3de922047b7a4564ef14e590b8b 7658d3de922047b7a4564ef14e590b8b] Successfully bumped revision number for resource 0ca1cc5d-0979-4cf3-b7ff-9606f971f7b0 (type: ports) to 2
2026-05-09 22:49:54.758 9 INFO neutron.wsgi [req-acb8e5d0-3e5e-4dbd-95f3-673a09f0221c req-716ddb92-781f-44d2-873c-5c6ad5e42196 eb4fd6fa2c9749b6a506ad84a191b366 3477ccb508fb43a4b6c94a70f1f726da - - default default] 10.0.0.184 "GET /v2.0/security-groups?id=6c4e251a-06ad-4114-8464-cd1ff61eeb3f&fields=id&fields=name HTTP/1.1" status: 200 len: 312 time: 0.0726833
2026-05-09 22:49:54.900 10 INFO neutron.wsgi [None req-f127f0c0-054c-428c-9950-c51e23e7ea17 e63ab23ec7d6481db4b758a6d2e5ffd9 3aee92eba8c04df6ba82301477145736 - - default default] 10.0.0.189 "PUT /v2.0/routers/1d76326b-1ba8-4c88-a949-f71b6a1e8e80/remove_router_interface HTTP/1.1" status: 200 len: 503 time: 1.4977982 /var/lib/openstack/lib/python3.10/site-packages/pycadf/identifier.py:71: UserWarning: Invalid uuid: neutron. To ensure interoperability, identifiers should be a valid uuid. warnings.warn(('Invalid uuid: %s. To ensure interoperability, '
2026-05-09 22:49:54.998 9 INFO neutron.services.segments.plugin [-] Segment fcf630cc-6b64-45af-b7ce-4f51f86b7e92 resource provider aggregate not found
2026-05-09 22:49:55.003 9 INFO neutron.services.segments.plugin [-] Segment fcf630cc-6b64-45af-b7ce-4f51f86b7e92 resource provider aggregate not found
2026-05-09 22:49:55.014 9 INFO neutron.db.ovn_revision_numbers_db [req-8712e31b-494d-4ed1-8354-43a6992829cd req-c8f52633-0248-49aa-b2a1-68886d4dd024 8fb33313bbf1451f8de96fe7fd6e05be ed0e085260f846ce9aadfbe0db79c776 - - 7658d3de922047b7a4564ef14e590b8b 7658d3de922047b7a4564ef14e590b8b] Successfully bumped revision number for resource 0ca1cc5d-0979-4cf3-b7ff-9606f971f7b0 (type: ports) to 2
2026-05-09 22:49:55.019 9 INFO neutron.services.segments.plugin [-] Segment fcf630cc-6b64-45af-b7ce-4f51f86b7e92 resource provider not found; error: Placement Client Error (4xx): {"errors": [{"status": 404, "title": "Not Found", "detail": "The resource could not be found.\n\n No resource provider with uuid fcf630cc-6b64-45af-b7ce-4f51f86b7e92 found for delete ", "request_id": "req-8d81423b-8ccc-46b1-acb7-12c3f8dd42c2"}]}
2026-05-09 22:49:55.021 9 INFO neutron.services.segments.plugin [-] Segment fcf630cc-6b64-45af-b7ce-4f51f86b7e92 resource provider not found; error: Placement Client Error (4xx): {"errors": [{"status": 404, "title": "Not Found", "detail": "The resource could not be found.\n\n No resource provider with uuid fcf630cc-6b64-45af-b7ce-4f51f86b7e92 found for delete ", "request_id": "req-dadbc2bf-e558-4f2c-a5c8-d207fa8a80ea"}]}
2026-05-09 22:49:55.035 9 INFO neutron.wsgi [req-8712e31b-494d-4ed1-8354-43a6992829cd req-c8f52633-0248-49aa-b2a1-68886d4dd024 8fb33313bbf1451f8de96fe7fd6e05be ed0e085260f846ce9aadfbe0db79c776 - - 7658d3de922047b7a4564ef14e590b8b 7658d3de922047b7a4564ef14e590b8b] 199.204.45.19 "PUT /v2.0/ports/0ca1cc5d-0979-4cf3-b7ff-9606f971f7b0 HTTP/1.1" status: 200 len: 1380 time: 1.1944485
2026-05-09 22:49:55.052 9 INFO neutron.wsgi [None req-f49bb5e9-bc94-488a-a527-48d04ed75ef1 c22e8aae837e4af2b418b13d119ddf71 4454b56785224213b5faf0d75db7426e - - default default] 10.0.0.189 "DELETE /v2.0/networks/ae43afca-91a0-4a8b-b125-206c733c2ce0 HTTP/1.1" status: 204 len: 168 time: 0.7854602 /var/lib/openstack/lib/python3.10/site-packages/pycadf/identifier.py:71: UserWarning: Invalid uuid: neutron. To ensure interoperability, identifiers should be a valid uuid. warnings.warn(('Invalid uuid: %s. To ensure interoperability, '
2026-05-09 22:49:55.076 9 INFO neutron.notifiers.nova [-] Nova event matching ['req-33f417fb-2c28-4dcc-ad57-a81f568de2c7'] response: {'name': 'network-changed', 'server_uuid': '860a74e9-6e30-4346-bfa1-e139987b786f', 'tag': '0ca1cc5d-0979-4cf3-b7ff-9606f971f7b0', 'status': 'completed', 'code': 200}
2026-05-09 22:49:55.131 9 INFO neutron.wsgi [req-8712e31b-494d-4ed1-8354-43a6992829cd req-08302191-822c-40d3-b8fd-ccba68dc2ac9 8fb33313bbf1451f8de96fe7fd6e05be ed0e085260f846ce9aadfbe0db79c776 - - 7658d3de922047b7a4564ef14e590b8b 7658d3de922047b7a4564ef14e590b8b] 199.204.45.19 "GET /v2.0/ports?tenant_id=3477ccb508fb43a4b6c94a70f1f726da&device_id=860a74e9-6e30-4346-bfa1-e139987b786f HTTP/1.1" status: 200 len: 1411 time: 0.0542862
2026-05-09 22:49:55.165 10 WARNING neutron_lib.context [None req-6d32b116-0d96-440c-a9d0-b044760b699d 1b369182936348e7b787d02963cdea2f 9c0035445e2146629b2737a9e6dca2ef - - default default] Method 'is_advsvc' is deprecated since 2023.2 release (neutron-lib 3.8.0) and will be removed once support for the old RBAC API policies will be removed from Neutron. Please use method 'is_service_role' instead.
2026-05-09 22:49:55.170 9 INFO neutron.wsgi [req-8712e31b-494d-4ed1-8354-43a6992829cd req-e32bdf37-05db-449e-89c0-fdf6dc3893e3 8fb33313bbf1451f8de96fe7fd6e05be ed0e085260f846ce9aadfbe0db79c776 - - 7658d3de922047b7a4564ef14e590b8b 7658d3de922047b7a4564ef14e590b8b] 199.204.45.19 "GET /v2.0/floatingips?fixed_ip_address=10.100.0.10&port_id=0ca1cc5d-0979-4cf3-b7ff-9606f971f7b0 HTTP/1.1" status: 200 len: 217 time: 0.0291455
2026-05-09 22:49:55.223 9 INFO neutron.wsgi [req-8712e31b-494d-4ed1-8354-43a6992829cd req-92fcdd73-8c67-4a22-975e-edbb99045bdd 8fb33313bbf1451f8de96fe7fd6e05be ed0e085260f846ce9aadfbe0db79c776 - - 7658d3de922047b7a4564ef14e590b8b 7658d3de922047b7a4564ef14e590b8b] 199.204.45.19 "GET /v2.0/subnets?id=80798196-0ec0-4ba9-8a2e-3d66ca481fa3 HTTP/1.1" status: 200 len: 869 time: 0.0456064
2026-05-09 22:49:55.256 9 INFO neutron.wsgi [req-8712e31b-494d-4ed1-8354-43a6992829cd req-10b52705-1441-41b9-91f5-f44e5d83c2b1 8fb33313bbf1451f8de96fe7fd6e05be ed0e085260f846ce9aadfbe0db79c776 - - 7658d3de922047b7a4564ef14e590b8b 7658d3de922047b7a4564ef14e590b8b] 199.204.45.19 "GET /v2.0/ports?network_id=948cfce4-4387-4e09-811c-889349d5bea0&device_owner=network%3Adhcp HTTP/1.1" status: 200 len: 210 time: 0.0258009
2026-05-09 22:49:55.365 10 INFO neutron.db.ovn_revision_numbers_db [None req-6d32b116-0d96-440c-a9d0-b044760b699d 1b369182936348e7b787d02963cdea2f 9c0035445e2146629b2737a9e6dca2ef - - default default] Successfully bumped revision number for resource 0ddf6390-1418-4cd0-bca9-7d7ea4fcb71b (type: security_groups) to 1
2026-05-09 22:49:55.368 9 INFO neutron.wsgi [req-8712e31b-494d-4ed1-8354-43a6992829cd req-9b74cbbf-6864-4df2-9932-6d063bf516c5 8fb33313bbf1451f8de96fe7fd6e05be ed0e085260f846ce9aadfbe0db79c776 - - 7658d3de922047b7a4564ef14e590b8b 7658d3de922047b7a4564ef14e590b8b] 199.204.45.19 "GET /v2.0/networks/948cfce4-4387-4e09-811c-889349d5bea0?fields=segments HTTP/1.1" status: 200 len: 212 time: 0.1050704
2026-05-09 22:49:55.380 10 INFO neutron.db.ovn_revision_numbers_db [None req-6d32b116-0d96-440c-a9d0-b044760b699d 1b369182936348e7b787d02963cdea2f 9c0035445e2146629b2737a9e6dca2ef - - default default] Successfully bumped revision number for resource 4b0bae7b-8442-4084-b541-59d6cb604e39 (type: security_group_rules) to 0
2026-05-09 22:49:55.424 10 INFO neutron.db.ovn_revision_numbers_db [None req-6d32b116-0d96-440c-a9d0-b044760b699d 1b369182936348e7b787d02963cdea2f 9c0035445e2146629b2737a9e6dca2ef - - default default] Successfully bumped revision number for resource 549d6e76-0a90-41dd-b212-26626d2ab4ff (type: security_group_rules) to 0
2026-05-09 22:49:55.456 10 INFO neutron.db.ovn_revision_numbers_db [None req-6d32b116-0d96-440c-a9d0-b044760b699d 1b369182936348e7b787d02963cdea2f 9c0035445e2146629b2737a9e6dca2ef - - default default] Successfully bumped revision number for resource b835accf-2c2f-453e-b5b6-6ccc6ebc44b2 (type: security_group_rules) to 0
2026-05-09 22:49:55.460 9 INFO neutron.wsgi [req-8712e31b-494d-4ed1-8354-43a6992829cd req-309b5cd6-991f-4a6b-9096-befda9cf1bf4 8fb33313bbf1451f8de96fe7fd6e05be ed0e085260f846ce9aadfbe0db79c776 - - 7658d3de922047b7a4564ef14e590b8b 7658d3de922047b7a4564ef14e590b8b] 199.204.45.19 "GET /v2.0/networks/948cfce4-4387-4e09-811c-889349d5bea0?fields=provider%3Aphysical_network&fields=provider%3Anetwork_type HTTP/1.1" status: 200 len: 277 time: 0.0843148
2026-05-09 22:49:55.473 10 INFO neutron.db.ovn_revision_numbers_db [None req-6d32b116-0d96-440c-a9d0-b044760b699d 1b369182936348e7b787d02963cdea2f 9c0035445e2146629b2737a9e6dca2ef - - default default] Successfully bumped revision number for resource b9bfdca1-691a-4f7d-9890-aef9c21754d4 (type: security_group_rules) to 0
2026-05-09 22:49:55.550 9 INFO neutron.wsgi [req-6a4a0bb3-67a1-445b-adc9-02d0a1546879 req-fec0d2de-f6ba-4a10-88d0-fe1069d38eb5 8fb33313bbf1451f8de96fe7fd6e05be ed0e085260f846ce9aadfbe0db79c776 - - 7658d3de922047b7a4564ef14e590b8b 7658d3de922047b7a4564ef14e590b8b] 199.204.45.19 "GET /v2.0/ports?tenant_id=3477ccb508fb43a4b6c94a70f1f726da&device_id=860a74e9-6e30-4346-bfa1-e139987b786f HTTP/1.1" status: 200 len: 1411 time: 0.0496616
2026-05-09 22:49:55.582 10 INFO neutron.db.ovn_revision_numbers_db [None req-6d32b116-0d96-440c-a9d0-b044760b699d 1b369182936348e7b787d02963cdea2f 9c0035445e2146629b2737a9e6dca2ef - - default default] Successfully bumped revision number for resource 3a4d5d08-1a2c-4744-bd42-58c37f79e78f (type: security_groups) to 1
2026-05-09 22:49:55.632 10 INFO neutron.db.ovn_revision_numbers_db [None req-6d32b116-0d96-440c-a9d0-b044760b699d 1b369182936348e7b787d02963cdea2f 9c0035445e2146629b2737a9e6dca2ef - - default default] Successfully bumped revision number for resource 3c66b987-62a3-4ea4-a763-bb57d92532d9 (type: security_group_rules) to 0
2026-05-09 22:49:55.672 10 INFO neutron.plugins.ml2.drivers.ovn.mech_driver.mech_driver [None req-d9958fd4-08c2-4d53-9265-7b981d8368f2 - - - - - -] OVN reports status up for port: 0ca1cc5d-0979-4cf3-b7ff-9606f971f7b0
2026-05-09 22:49:55.674 10 INFO neutron.db.ovn_revision_numbers_db [None req-6d32b116-0d96-440c-a9d0-b044760b699d 1b369182936348e7b787d02963cdea2f 9c0035445e2146629b2737a9e6dca2ef - - default default] Successfully bumped revision number for resource 88678723-fe49-46c0-aaee-59e2e68f5b7d (type: security_group_rules) to 0
2026-05-09 22:49:55.675 9 INFO neutron.wsgi [req-6a4a0bb3-67a1-445b-adc9-02d0a1546879 req-d419155e-d538-40d7-a3e5-e6cf5bc6c06d 8fb33313bbf1451f8de96fe7fd6e05be ed0e085260f846ce9aadfbe0db79c776 - - 7658d3de922047b7a4564ef14e590b8b 7658d3de922047b7a4564ef14e590b8b] 199.204.45.19 "GET /v2.0/networks?id=948cfce4-4387-4e09-811c-889349d5bea0 HTTP/1.1" status: 200 len: 974 time: 0.1193881
2026-05-09 22:49:55.698 10 INFO neutron.wsgi [None req-6d32b116-0d96-440c-a9d0-b044760b699d 1b369182936348e7b787d02963cdea2f 9c0035445e2146629b2737a9e6dca2ef - - default default] 10.0.0.189 "POST /v2.0/security-groups HTTP/1.1" status: 201 len: 1825 time: 0.6970398
2026-05-09 22:49:55.701 9 INFO neutron.wsgi [None req-0da6aeb6-4953-4c60-aa73-eb64bbcb24ed c22e8aae837e4af2b418b13d119ddf71 4454b56785224213b5faf0d75db7426e - - default default] 10.0.0.189 "DELETE /v2.0/networks/2b580477-cd4f-4c00-b80f-75b2f6f9925d HTTP/1.1" status: 204 len: 168 time: 0.6369832
2026-05-09 22:49:55.711 10 INFO neutron.plugins.ml2.plugin [None req-d9958fd4-08c2-4d53-9265-7b981d8368f2 - - - - - -] Attempt 1 to provision port 0ca1cc5d-0979-4cf3-b7ff-9606f971f7b0
2026-05-09 22:49:55.735 9 INFO neutron.wsgi [req-6a4a0bb3-67a1-445b-adc9-02d0a1546879 req-fc4767f5-9d8b-44c9-89f0-80b0928196b4 8fb33313bbf1451f8de96fe7fd6e05be ed0e085260f846ce9aadfbe0db79c776 - - 7658d3de922047b7a4564ef14e590b8b 7658d3de922047b7a4564ef14e590b8b] 199.204.45.19 "GET /v2.0/floatingips?fixed_ip_address=10.100.0.10&port_id=0ca1cc5d-0979-4cf3-b7ff-9606f971f7b0 HTTP/1.1" status: 200 len: 217 time: 0.0547004
2026-05-09 22:49:55.811 9 INFO neutron.wsgi [req-6a4a0bb3-67a1-445b-adc9-02d0a1546879 req-8acb8851-d4b0-4815-bc96-ba323cee480a 8fb33313bbf1451f8de96fe7fd6e05be ed0e085260f846ce9aadfbe0db79c776 - - 7658d3de922047b7a4564ef14e590b8b 7658d3de922047b7a4564ef14e590b8b] 199.204.45.19 "GET /v2.0/subnets?id=80798196-0ec0-4ba9-8a2e-3d66ca481fa3 HTTP/1.1" status: 200 len: 869 time: 0.0672224
2026-05-09 22:49:55.816 9 INFO neutron.wsgi [None req-25d68dfc-43f3-4b3d-ad53-2c10695ab74a 1b369182936348e7b787d02963cdea2f 9c0035445e2146629b2737a9e6dca2ef - - default default] 10.0.0.189 "GET /v2.0/security-groups HTTP/1.1" status: 200 len: 4725 time: 0.1121502
2026-05-09 22:49:55.845 9 INFO neutron.wsgi [None req-a0ec74df-a46f-4f2a-9841-a7d25b505d55 c22e8aae837e4af2b418b13d119ddf71 4454b56785224213b5faf0d75db7426e - - default default] 10.0.0.189 "GET /v2.0/networks HTTP/1.1" status: 200 len: 845 time: 0.1238875
2026-05-09 22:49:55.853 9 INFO neutron.wsgi [req-6a4a0bb3-67a1-445b-adc9-02d0a1546879 req-6e5a616e-0b98-4880-9304-80e70e0e8b2e 8fb33313bbf1451f8de96fe7fd6e05be ed0e085260f846ce9aadfbe0db79c776 - - 7658d3de922047b7a4564ef14e590b8b 7658d3de922047b7a4564ef14e590b8b] 199.204.45.19 "GET /v2.0/ports?network_id=948cfce4-4387-4e09-811c-889349d5bea0&device_owner=network%3Adhcp HTTP/1.1" status: 200 len: 210 time: 0.0348372
2026-05-09 22:49:55.858 9 WARNING neutron_lib.context [None req-b71cab0a-edf7-4347-9adf-50f60e0d3361 c22e8aae837e4af2b418b13d119ddf71 4454b56785224213b5faf0d75db7426e - - default default] Method 'is_advsvc' is deprecated since 2023.2 release (neutron-lib 3.8.0) and will be removed once support for the old RBAC API policies will be removed from Neutron. Please use method 'is_service_role' instead.
2026-05-09 22:49:55.895 9 INFO neutron.wsgi [req-60025897-b4f2-40fe-95e5-87c469c72481 req-83ff7207-0dd4-4e3e-add5-b5f0417689fe eb4fd6fa2c9749b6a506ad84a191b366 3477ccb508fb43a4b6c94a70f1f726da - - default default] 10.0.0.184 "GET /v2.0/ports?device_id=860a74e9-6e30-4346-bfa1-e139987b786f HTTP/1.1" status: 200 len: 1172 time: 0.0685282
2026-05-09 22:49:55.913 10 INFO neutron.wsgi [None req-5dc1cbd2-b195-4663-b143-90a96e0fe590 e63ab23ec7d6481db4b758a6d2e5ffd9 3aee92eba8c04df6ba82301477145736 - - default default] 10.0.0.189 "DELETE /v2.0/routers/1d76326b-1ba8-4c88-a949-f71b6a1e8e80 HTTP/1.1" status: 204 len: 168 time: 1.0080614
2026-05-09 22:49:55.970 10 INFO neutron.notifiers.nova [-] Nova event matching ['req-cc399ebc-f2fc-46f0-9ecd-93b811a29b89'] response: {'server_uuid': '860a74e9-6e30-4346-bfa1-e139987b786f', 'name': 'network-vif-plugged', 'status': 'completed', 'tag': '0ca1cc5d-0979-4cf3-b7ff-9606f971f7b0', 'code': 200}
2026-05-09 22:49:55.978 9 INFO neutron.wsgi [req-6a4a0bb3-67a1-445b-adc9-02d0a1546879 req-bb32904e-dbf9-49a2-ab74-cbe48df247dc 8fb33313bbf1451f8de96fe7fd6e05be ed0e085260f846ce9aadfbe0db79c776 - - 7658d3de922047b7a4564ef14e590b8b 7658d3de922047b7a4564ef14e590b8b] 199.204.45.19 "GET /v2.0/networks/948cfce4-4387-4e09-811c-889349d5bea0?fields=segments HTTP/1.1" status: 200 len: 212 time: 0.1135345
2026-05-09 22:49:55.986 10 INFO neutron.db.ovn_revision_numbers_db [None req-92fdab38-055b-4db2-a979-9b6258288867 1b369182936348e7b787d02963cdea2f 9c0035445e2146629b2737a9e6dca2ef - - default default] Successfully bumped revision number for resource 3a4d5d08-1a2c-4744-bd42-58c37f79e78f (type: security_groups) to 2
2026-05-09 22:49:55.989 10 INFO neutron.wsgi [None req-92fdab38-055b-4db2-a979-9b6258288867 1b369182936348e7b787d02963cdea2f 9c0035445e2146629b2737a9e6dca2ef - - default default] 10.0.0.189 "PUT /v2.0/security-groups/3a4d5d08-1a2c-4744-bd42-58c37f79e78f HTTP/1.1" status: 200 len: 1859 time: 0.1669536
2026-05-09 22:49:56.003 9 INFO neutron.wsgi [req-60025897-b4f2-40fe-95e5-87c469c72481 req-cadbcf65-422f-4987-b3e4-9ce7edcb8b31 eb4fd6fa2c9749b6a506ad84a191b366 3477ccb508fb43a4b6c94a70f1f726da - - default default] 10.0.0.184 "GET /v2.0/security-groups?id=6c4e251a-06ad-4114-8464-cd1ff61eeb3f&fields=id&fields=name HTTP/1.1" status: 200 len: 312 time: 0.0996172
2026-05-09 22:49:56.026 10 INFO neutron.wsgi [None req-1e936e02-fabb-4776-971c-fba6678e8426 1b369182936348e7b787d02963cdea2f 9c0035445e2146629b2737a9e6dca2ef - - default default] 10.0.0.189 "GET /v2.0/security-groups/3a4d5d08-1a2c-4744-bd42-58c37f79e78f HTTP/1.1" status: 200 len: 1859 time: 0.0322173
2026-05-09 22:49:56.029 9 INFO neutron.db.segments_db [None req-b71cab0a-edf7-4347-9adf-50f60e0d3361 c22e8aae837e4af2b418b13d119ddf71 4454b56785224213b5faf0d75db7426e - - default default] Added segment 29728990-97e0-4158-b81c-1531ff982d92 of type geneve for network 7f6d8d13-01fc-4bd2-87cd-2742d2e98917
2026-05-09 22:49:56.104 9 INFO neutron.wsgi [req-6a4a0bb3-67a1-445b-adc9-02d0a1546879 req-fbd0f4b1-f3b2-4466-8d00-bdee582644dd 8fb33313bbf1451f8de96fe7fd6e05be ed0e085260f846ce9aadfbe0db79c776 - - 7658d3de922047b7a4564ef14e590b8b 7658d3de922047b7a4564ef14e590b8b] 199.204.45.19 "GET /v2.0/networks/948cfce4-4387-4e09-811c-889349d5bea0?fields=provider%3Aphysical_network&fields=provider%3Anetwork_type HTTP/1.1" status: 200 len: 277 time: 0.1175556
2026-05-09 22:49:56.152 10 INFO neutron.db.ovn_revision_numbers_db [None req-d9958fd4-08c2-4d53-9265-7b981d8368f2 - - - - - -] Successfully bumped revision number for resource 0ca1cc5d-0979-4cf3-b7ff-9606f971f7b0 (type: ports) to 4
2026-05-09 22:49:56.199 10 INFO neutron.wsgi [None req-ab77bef6-7136-47ef-9a10-6aa5748489a4 1b369182936348e7b787d02963cdea2f 9c0035445e2146629b2737a9e6dca2ef - - default default] 10.0.0.189 "DELETE /v2.0/security-groups/3a4d5d08-1a2c-4744-bd42-58c37f79e78f HTTP/1.1" status: 204 len: 168 time: 0.1688590
2026-05-09 22:49:56.231 9 INFO neutron.db.ovn_revision_numbers_db [None req-b71cab0a-edf7-4347-9adf-50f60e0d3361 c22e8aae837e4af2b418b13d119ddf71 4454b56785224213b5faf0d75db7426e - - default default] Successfully bumped revision number for resource 7f6d8d13-01fc-4bd2-87cd-2742d2e98917 (type: networks) to 1
2026-05-09 22:49:56.260 10 INFO neutron.wsgi [None req-a9c4402a-2cb3-4b83-8fc4-7b776d809867 1b369182936348e7b787d02963cdea2f 9c0035445e2146629b2737a9e6dca2ef - - default default] 10.0.0.189 "GET /v2.0/security-groups HTTP/1.1" status: 200 len: 3120 time: 0.0532334 /var/lib/openstack/lib/python3.10/site-packages/pycadf/identifier.py:71: UserWarning: Invalid uuid: neutron. To ensure interoperability, identifiers should be a valid uuid. warnings.warn(('Invalid uuid: %s. To ensure interoperability, '
2026-05-09 22:49:56.278 10 INFO neutron.api.v2.resource [None req-7c4c7f23-63fd-4031-a24c-aa372676430d 1b369182936348e7b787d02963cdea2f 9c0035445e2146629b2737a9e6dca2ef - - default default] delete failed (client error): The resource could not be found.
2026-05-09 22:49:56.279 10 INFO neutron.wsgi [None req-7c4c7f23-63fd-4031-a24c-aa372676430d 1b369182936348e7b787d02963cdea2f 9c0035445e2146629b2737a9e6dca2ef - - default default] 10.0.0.189 "DELETE /v2.0/security-groups/3a4d5d08-1a2c-4744-bd42-58c37f79e78f HTTP/1.1" status: 404 len: 347 time: 0.0131822
2026-05-09 22:49:56.290 10 WARNING neutron_lib.context [None req-a5a40232-c490-41bb-881b-5100ceb665f9 1b369182936348e7b787d02963cdea2f 9c0035445e2146629b2737a9e6dca2ef - - default default] Method 'is_advsvc' is deprecated since 2023.2 release (neutron-lib 3.8.0) and will be removed once support for the old RBAC API policies will be removed from Neutron. Please use method 'is_service_role' instead.
2026-05-09 22:49:56.298 9 INFO neutron.wsgi [None req-a62bee38-2350-4b9d-9816-29e6de6f872d e63ab23ec7d6481db4b758a6d2e5ffd9 3aee92eba8c04df6ba82301477145736 - - default default] 10.0.0.189 "DELETE /v2.0/subnets/0e3b0799-b5d0-4264-a3c4-9804c0e666b5 HTTP/1.1" status: 204 len: 168 time: 0.3762889
2026-05-09 22:49:56.442 9 WARNING neutron.scheduler.dhcp_agent_scheduler [None req-b71cab0a-edf7-4347-9adf-50f60e0d3361 c22e8aae837e4af2b418b13d119ddf71 4454b56785224213b5faf0d75db7426e - - default default] No more DHCP agents
2026-05-09 22:49:56.444 9 WARNING neutron.api.rpc.agentnotifiers.dhcp_rpc_agent_api [None req-b71cab0a-edf7-4347-9adf-50f60e0d3361 c22e8aae837e4af2b418b13d119ddf71 4454b56785224213b5faf0d75db7426e - - default default] Unable to schedule network 7f6d8d13-01fc-4bd2-87cd-2742d2e98917: no agents available; will retry on subsequent port and subnet creation events.
2026-05-09 22:49:56.451 10 INFO neutron.db.ovn_revision_numbers_db [None req-a5a40232-c490-41bb-881b-5100ceb665f9 1b369182936348e7b787d02963cdea2f 9c0035445e2146629b2737a9e6dca2ef - - default default] Successfully bumped revision number for resource 46171a29-676a-44a3-a647-10a1c69e4917 (type: security_groups) to 1
2026-05-09 22:49:56.470 10 INFO neutron.db.ovn_revision_numbers_db [None req-a5a40232-c490-41bb-881b-5100ceb665f9 1b369182936348e7b787d02963cdea2f 9c0035445e2146629b2737a9e6dca2ef - - default default] Successfully bumped revision number for resource b2525aa5-a6b2-4c26-b578-70a1d7135d74 (type: security_group_rules) to 0
2026-05-09 22:49:56.494 10 INFO neutron.db.ovn_revision_numbers_db [None req-a5a40232-c490-41bb-881b-5100ceb665f9 1b369182936348e7b787d02963cdea2f 9c0035445e2146629b2737a9e6dca2ef - - default default] Successfully bumped revision number for resource fff2cdb7-5d07-41e8-900e-81e33458ae75 (type: security_group_rules) to 0
2026-05-09 22:49:56.523 10 INFO neutron.wsgi [None req-a5a40232-c490-41bb-881b-5100ceb665f9 1b369182936348e7b787d02963cdea2f 9c0035445e2146629b2737a9e6dca2ef - - default default] 10.0.0.189 "POST /v2.0/security-groups HTTP/1.1" status: 201 len: 1825 time: 0.2372646
2026-05-09 22:49:56.534 9 WARNING neutron_lib.context [None req-7e425357-17d5-4a98-a4a0-b8e8da9dc9c9 1b369182936348e7b787d02963cdea2f 9c0035445e2146629b2737a9e6dca2ef - - default default] Method 'is_advsvc' is deprecated since 2023.2 release (neutron-lib 3.8.0) and will be removed once support for the old RBAC API policies will be removed from Neutron. Please use method 'is_service_role' instead.
2026-05-09 22:49:56.536 9 INFO neutron.db.ovn_revision_numbers_db [None req-b71cab0a-edf7-4347-9adf-50f60e0d3361 c22e8aae837e4af2b418b13d119ddf71 4454b56785224213b5faf0d75db7426e - - default default] Successfully bumped revision number for resource 15862ae0-3655-4561-89fa-62d54b9928c8 (type: ports) to 1
2026-05-09 22:49:56.568 9 INFO neutron.wsgi [None req-b71cab0a-edf7-4347-9adf-50f60e0d3361 c22e8aae837e4af2b418b13d119ddf71 4454b56785224213b5faf0d75db7426e - - default default] 10.0.0.189 "POST /v2.0/networks HTTP/1.1" status: 201 len: 849 time: 0.7146206
2026-05-09 22:49:56.579 10 WARNING neutron_lib.context [None req-2ccda454-4074-4228-a512-3024bf40da0f c22e8aae837e4af2b418b13d119ddf71 4454b56785224213b5faf0d75db7426e - - default default] Method 'is_advsvc' is deprecated since 2023.2 release (neutron-lib 3.8.0) and will be removed once support for the old RBAC API policies will be removed from Neutron. Please use method 'is_service_role' instead.
2026-05-09 22:49:56.682 10 INFO neutron.services.segments.plugin [-] Segment fb157e85-ab00-4bec-abd8-ef2f3a05ea26 resource provider aggregate not found
2026-05-09 22:49:56.688 10 INFO neutron.services.segments.plugin [-] Segment fb157e85-ab00-4bec-abd8-ef2f3a05ea26 resource provider aggregate not found
2026-05-09 22:49:56.693 10 INFO neutron.services.segments.plugin [-] Segment fb157e85-ab00-4bec-abd8-ef2f3a05ea26 resource provider not found; error: Placement Client Error (4xx): {"errors": [{"status": 404, "title": "Not Found", "detail": "The resource could not be found.\n\n No resource provider with uuid fb157e85-ab00-4bec-abd8-ef2f3a05ea26 found for delete ", "request_id": "req-3787038f-afde-4fe4-b238-0eb9a7327818"}]}
2026-05-09 22:49:56.704 10 INFO neutron.services.segments.plugin [-] Segment fb157e85-ab00-4bec-abd8-ef2f3a05ea26 resource provider not found; error: Placement Client Error (4xx): {"errors": [{"status": 404, "title": "Not Found", "detail": "The resource could not be found.\n\n No resource provider with uuid fb157e85-ab00-4bec-abd8-ef2f3a05ea26 found for delete ", "request_id": "req-ca96c3a9-a54d-4f25-be14-1f7be3b6a5fd"}]}
2026-05-09 22:49:56.705 10 INFO neutron.db.segments_db [None req-2ccda454-4074-4228-a512-3024bf40da0f c22e8aae837e4af2b418b13d119ddf71 4454b56785224213b5faf0d75db7426e - - default default] Added segment a6c2cefe-ebd5-4d62-81c4-35691952605e of type geneve for network 39dbe297-9b02-4843-82be-97b79c8d18b0
2026-05-09 22:49:56.718 9 INFO neutron.db.ovn_revision_numbers_db [None req-7e425357-17d5-4a98-a4a0-b8e8da9dc9c9 1b369182936348e7b787d02963cdea2f 9c0035445e2146629b2737a9e6dca2ef - - default default] Successfully bumped revision number for resource 35683127-4e62-4fd8-a548-03e3e58a1812 (type: security_group_rules) to 0
2026-05-09 22:49:56.722 10 INFO neutron.wsgi [None req-58f92fdc-705b-4fe0-a6ee-ba1b24bc91e9 e63ab23ec7d6481db4b758a6d2e5ffd9 3aee92eba8c04df6ba82301477145736 - - default default] 10.0.0.189 "DELETE /v2.0/networks/d22e1eb5-7918-4959-b28e-b4e5fbc5a378 HTTP/1.1" status: 204 len: 168 time: 0.4188883
2026-05-09 22:49:56.758 9 INFO neutron.wsgi [None req-7e425357-17d5-4a98-a4a0-b8e8da9dc9c9 1b369182936348e7b787d02963cdea2f 9c0035445e2146629b2737a9e6dca2ef - - default default] 10.0.0.189 "POST /v2.0/security-group-rules HTTP/1.1" status: 201 len: 800 time: 0.2304897
2026-05-09 22:49:56.791 9 INFO neutron.wsgi [None req-2120cd21-516d-48b4-8720-68cd5d0047a4 1b369182936348e7b787d02963cdea2f 9c0035445e2146629b2737a9e6dca2ef - - default default] 10.0.0.189 "GET /v2.0/security-group-rules/35683127-4e62-4fd8-a548-03e3e58a1812 HTTP/1.1" status: 200 len: 795 time: 0.0282874
2026-05-09 22:49:56.852 10 INFO neutron.db.ovn_revision_numbers_db [None req-2ccda454-4074-4228-a512-3024bf40da0f c22e8aae837e4af2b418b13d119ddf71 4454b56785224213b5faf0d75db7426e - - default default] Successfully bumped revision number for resource 39dbe297-9b02-4843-82be-97b79c8d18b0 (type: networks) to 1
2026-05-09 22:49:56.931 10 INFO neutron.wsgi [None req-58d9e09a-d85f-43c7-a054-cd4b56016fd4 1b369182936348e7b787d02963cdea2f 9c0035445e2146629b2737a9e6dca2ef - - default default] 10.0.0.189 "GET /v2.0/security-group-rules HTTP/1.1" status: 200 len: 4333 time: 0.1340675
2026-05-09 22:49:56.979 9 INFO neutron.wsgi [None req-adf1805e-18b7-4349-ad8f-69c5c8a0ef79 e63ab23ec7d6481db4b758a6d2e5ffd9 3aee92eba8c04df6ba82301477145736 - - default default] 10.0.0.189 "GET /v2.0/security-groups?tenant_id=7a609977db4b413da0138df92f1c7ccb&name=default HTTP/1.1" status: 200 len: 3120 time: 0.0412664
2026-05-09 22:49:57.050 9 INFO neutron.services.segments.plugin [-] Segment be254717-d671-4880-b1c7-6b3b2f195bb8 resource provider aggregate not found
2026-05-09 22:49:57.054 9 INFO neutron.services.segments.plugin [-] Segment be254717-d671-4880-b1c7-6b3b2f195bb8 resource provider aggregate not found
2026-05-09 22:49:57.078 9 INFO neutron.services.segments.plugin [-] Segment be254717-d671-4880-b1c7-6b3b2f195bb8 resource provider not found; error: Placement Client Error (4xx): {"errors": [{"status": 404, "title": "Not Found", "detail": "The resource could not be found.\n\n No resource provider with uuid be254717-d671-4880-b1c7-6b3b2f195bb8 found for delete ", "request_id": "req-215cf7ae-5d03-4140-b3fe-36ee79197dd2"}]}
2026-05-09 22:49:57.084 9 INFO neutron.services.segments.plugin [-] Segment be254717-d671-4880-b1c7-6b3b2f195bb8 resource provider not found; error: Placement Client Error (4xx): {"errors": [{"status": 404, "title": "Not Found", "detail": "The resource could not be found.\n\n No resource provider with uuid be254717-d671-4880-b1c7-6b3b2f195bb8 found for delete ", "request_id": "req-60dc75e9-0d7a-4c14-be27-c67fa26083ac"}]}
2026-05-09 22:49:57.109 10 WARNING neutron.scheduler.dhcp_agent_scheduler [None req-2ccda454-4074-4228-a512-3024bf40da0f c22e8aae837e4af2b418b13d119ddf71 4454b56785224213b5faf0d75db7426e - - default default] No more DHCP agents
2026-05-09 22:49:57.111 10 WARNING neutron.api.rpc.agentnotifiers.dhcp_rpc_agent_api [None req-2ccda454-4074-4228-a512-3024bf40da0f c22e8aae837e4af2b418b13d119ddf71 4454b56785224213b5faf0d75db7426e - - default default] Unable to schedule network 39dbe297-9b02-4843-82be-97b79c8d18b0: no agents available; will retry on subsequent port and subnet creation events.
2026-05-09 22:49:57.155 10 INFO neutron.wsgi [None req-9a5ff3eb-9c66-4cb7-b44e-bc0716445cc0 1b369182936348e7b787d02963cdea2f 9c0035445e2146629b2737a9e6dca2ef - - default default] 10.0.0.189 "DELETE /v2.0/security-group-rules/35683127-4e62-4fd8-a548-03e3e58a1812 HTTP/1.1" status: 204 len: 168 time: 0.2152698
2026-05-09 22:49:57.243 10 INFO neutron.wsgi [req-2b0096b1-edbe-4149-a534-884edaa343be req-9e66c54e-3a87-4d69-bf4e-254faf7814ef eb4fd6fa2c9749b6a506ad84a191b366 3477ccb508fb43a4b6c94a70f1f726da - - default default] 10.0.0.184 "GET /v2.0/ports?device_id=860a74e9-6e30-4346-bfa1-e139987b786f HTTP/1.1" status: 200 len: 1174 time: 0.1763127
2026-05-09 22:49:57.247 10 INFO neutron.db.ovn_revision_numbers_db [None req-2ccda454-4074-4228-a512-3024bf40da0f c22e8aae837e4af2b418b13d119ddf71 4454b56785224213b5faf0d75db7426e - - default default] Successfully bumped revision number for resource 3a463353-8820-4bd8-87a7-9b3454481bc7 (type: ports) to 1
2026-05-09 22:49:57.262 9 INFO neutron.wsgi [None req-e6a29ebe-a546-4fbf-a665-ccba461c7e6a 1b369182936348e7b787d02963cdea2f 9c0035445e2146629b2737a9e6dca2ef - - default default] 10.0.0.189 "GET /v2.0/security-group-rules HTTP/1.1" status: 200 len: 3755 time: 0.0996075
2026-05-09 22:49:57.271 9 WARNING neutron_lib.context [None req-5515a962-e917-451d-9f96-93fcdf5cb75a 1b369182936348e7b787d02963cdea2f 9c0035445e2146629b2737a9e6dca2ef - - default default] Method 'is_advsvc' is deprecated since 2023.2 release (neutron-lib 3.8.0) and will be removed once support for the old RBAC API policies will be removed from Neutron. Please use method 'is_service_role' instead.
2026-05-09 22:49:57.284 9 INFO neutron.wsgi [None req-5fe18011-6f08-4b7e-be3a-e8fe4c0229f2 e63ab23ec7d6481db4b758a6d2e5ffd9 3aee92eba8c04df6ba82301477145736 - - default default] 10.0.0.189 "DELETE /v2.0/security-groups/11cf43ab-7a62-43b0-b76a-8b51f6a7847e HTTP/1.1" status: 204 len: 168 time: 0.2997296
2026-05-09 22:49:57.287 10 INFO neutron.wsgi [None req-2ccda454-4074-4228-a512-3024bf40da0f c22e8aae837e4af2b418b13d119ddf71 4454b56785224213b5faf0d75db7426e - - default default] 10.0.0.189 "POST /v2.0/networks HTTP/1.1" status: 201 len: 849 time: 0.7139499
2026-05-09 22:49:57.299 9 WARNING neutron_lib.context [None req-3b337cc7-4977-4b98-ac2a-4f8db15149e4 c22e8aae837e4af2b418b13d119ddf71 4454b56785224213b5faf0d75db7426e - - default default] Method 'is_advsvc' is deprecated since 2023.2 release (neutron-lib 3.8.0) and will be removed once support for the old RBAC API policies will be removed from Neutron. Please use method 'is_service_role' instead.
2026-05-09 22:49:57.304 10 INFO neutron.wsgi [req-2b0096b1-edbe-4149-a534-884edaa343be req-520cd926-2349-4ab5-ae34-4cbc34efda42 eb4fd6fa2c9749b6a506ad84a191b366 3477ccb508fb43a4b6c94a70f1f726da - - default default] 10.0.0.184 "GET /v2.0/security-groups?id=6c4e251a-06ad-4114-8464-cd1ff61eeb3f&fields=id&fields=name HTTP/1.1" status: 200 len: 312 time: 0.0516608
2026-05-09 22:49:57.370 9 WARNING neutron_lib.context [None req-3b337cc7-4977-4b98-ac2a-4f8db15149e4 c22e8aae837e4af2b418b13d119ddf71 4454b56785224213b5faf0d75db7426e - - default default] Method 'is_advsvc' is deprecated since 2023.2 release (neutron-lib 3.8.0) and will be removed once support for the old RBAC API policies will be removed from Neutron. Please use method 'is_service_role' instead.
2026-05-09 22:49:57.526 9 INFO neutron.wsgi [req-3191103c-8674-4570-aef2-7b32c21c81ab req-6ca9b2c4-da62-409d-b3ee-39ef16ee8649 eb4fd6fa2c9749b6a506ad84a191b366 3477ccb508fb43a4b6c94a70f1f726da - - default default] 10.0.0.184 "GET /v2.0/ports?device_id=860a74e9-6e30-4346-bfa1-e139987b786f HTTP/1.1" status: 200 len: 1174 time: 0.1355498
2026-05-09 22:49:57.529 9 INFO neutron.db.ovn_revision_numbers_db [None req-5515a962-e917-451d-9f96-93fcdf5cb75a 1b369182936348e7b787d02963cdea2f 9c0035445e2146629b2737a9e6dca2ef - - default default] Successfully bumped revision number for resource 44f359f4-d401-4707-a894-c1b389ecb969 (type: security_group_rules) to 0
2026-05-09 22:49:57.575 9 INFO neutron.wsgi [None req-5515a962-e917-451d-9f96-93fcdf5cb75a 1b369182936348e7b787d02963cdea2f 9c0035445e2146629b2737a9e6dca2ef - - default default] 10.0.0.189 "POST /v2.0/security-group-rules HTTP/1.1" status: 201 len: 800 time: 0.3085399
2026-05-09 22:49:57.618 10 INFO neutron.wsgi [None req-b0f942c4-8f09-4d50-a512-bf10e470a241 1b369182936348e7b787d02963cdea2f 9c0035445e2146629b2737a9e6dca2ef - - default default] 10.0.0.189 "GET /v2.0/security-group-rules/44f359f4-d401-4707-a894-c1b389ecb969 HTTP/1.1" status: 200 len: 795 time: 0.0382280
2026-05-09 22:49:57.729 10 INFO neutron.wsgi [None req-e47f3c8f-57c9-4d5f-9b2d-309a280f855b 1b369182936348e7b787d02963cdea2f 9c0035445e2146629b2737a9e6dca2ef - - default default] 10.0.0.189 "GET /v2.0/security-group-rules HTTP/1.1" status: 200 len: 4333 time: 0.1064491
2026-05-09 22:49:57.985 9 WARNING neutron.scheduler.dhcp_agent_scheduler [None req-3b337cc7-4977-4b98-ac2a-4f8db15149e4 c22e8aae837e4af2b418b13d119ddf71 4454b56785224213b5faf0d75db7426e - - default default] No more DHCP agents
2026-05-09 22:49:57.987 9 WARNING neutron.api.rpc.agentnotifiers.dhcp_rpc_agent_api [None req-3b337cc7-4977-4b98-ac2a-4f8db15149e4 c22e8aae837e4af2b418b13d119ddf71 4454b56785224213b5faf0d75db7426e - - default default] Unable to schedule network 7f6d8d13-01fc-4bd2-87cd-2742d2e98917: no agents available; will retry on subsequent port and subnet creation events.
2026-05-09 22:49:58.012 10 INFO neutron.notifiers.nova [-] Nova event matching ['req-a32f82e2-0ba5-45f0-bd03-7042fb8ed6dc'] response: {'server_uuid': '860a74e9-6e30-4346-bfa1-e139987b786f', 'name': 'network-vif-plugged', 'status': 'completed', 'tag': '0ca1cc5d-0979-4cf3-b7ff-9606f971f7b0', 'code': 200}
2026-05-09 22:49:58.097 9 INFO neutron.db.ovn_revision_numbers_db [None req-3b337cc7-4977-4b98-ac2a-4f8db15149e4 c22e8aae837e4af2b418b13d119ddf71 4454b56785224213b5faf0d75db7426e - - default default] Successfully bumped revision number for resource 9b3dab6a-7b8d-4a3e-a1b5-1c64c797f49d (type: ports) to 1
2026-05-09 22:49:58.130 9 WARNING neutron.scheduler.dhcp_agent_scheduler [None req-3b337cc7-4977-4b98-ac2a-4f8db15149e4 c22e8aae837e4af2b418b13d119ddf71 4454b56785224213b5faf0d75db7426e - - default default] No more DHCP agents
2026-05-09 22:49:58.134 9 WARNING neutron.api.rpc.agentnotifiers.dhcp_rpc_agent_api [None req-3b337cc7-4977-4b98-ac2a-4f8db15149e4 c22e8aae837e4af2b418b13d119ddf71 4454b56785224213b5faf0d75db7426e - - default default] Unable to schedule network 39dbe297-9b02-4843-82be-97b79c8d18b0: no agents available; will retry on subsequent port and subnet creation events.
2026-05-09 22:49:58.158 10 INFO neutron.wsgi [None req-3a322fd5-b187-48d9-8db9-8a60673e9b7e 1b369182936348e7b787d02963cdea2f 9c0035445e2146629b2737a9e6dca2ef - - default default] 10.0.0.189 "DELETE /v2.0/security-group-rules/44f359f4-d401-4707-a894-c1b389ecb969 HTTP/1.1" status: 204 len: 168 time: 0.4249065
2026-05-09 22:49:58.352 9 INFO neutron.db.ovn_revision_numbers_db [None req-3b337cc7-4977-4b98-ac2a-4f8db15149e4 c22e8aae837e4af2b418b13d119ddf71 4454b56785224213b5faf0d75db7426e - - default default] Successfully bumped revision number for resource 79535502-3f92-4bf0-9c15-438dd02788b9 (type: ports) to 1
2026-05-09 22:49:58.368 10 INFO neutron.wsgi [None req-9bb4d075-8021-43c4-a623-133ce2708967 1b369182936348e7b787d02963cdea2f 9c0035445e2146629b2737a9e6dca2ef - - default default] 10.0.0.189 "GET /v2.0/security-group-rules HTTP/1.1" status: 200 len: 3755 time: 0.2050655 /var/lib/openstack/lib/python3.10/site-packages/pycadf/identifier.py:71: UserWarning: Invalid uuid: neutron. To ensure interoperability, identifiers should be a valid uuid. warnings.warn(('Invalid uuid: %s. To ensure interoperability, '
2026-05-09 22:49:58.379 9 WARNING neutron_lib.context [None req-bda811bd-c84c-485a-b59e-3e417e03d703 1b369182936348e7b787d02963cdea2f 9c0035445e2146629b2737a9e6dca2ef - - default default] Method 'is_advsvc' is deprecated since 2023.2 release (neutron-lib 3.8.0) and will be removed once support for the old RBAC API policies will be removed from Neutron. Please use method 'is_service_role' instead.
2026-05-09 22:49:58.384 9 INFO neutron.wsgi [None req-3b337cc7-4977-4b98-ac2a-4f8db15149e4 c22e8aae837e4af2b418b13d119ddf71 4454b56785224213b5faf0d75db7426e - - default default] 10.0.0.189 "POST /v2.0/ports HTTP/1.1" status: 201 len: 1706 time: 1.0911283
2026-05-09 22:49:58.429 9 INFO neutron.db.securitygroups_db [None req-bda811bd-c84c-485a-b59e-3e417e03d703 1b369182936348e7b787d02963cdea2f 9c0035445e2146629b2737a9e6dca2ef - - default default] Project 9c0035445e2146629b2737a9e6dca2ef added a security group rule with legacy IPv6 ICMP protocol name icmp, ipv6-icmp should be used instead. It was automatically converted.
2026-05-09 22:49:58.519 10 INFO neutron.db.ovn_revision_numbers_db [None req-a882b54b-b36a-414a-8c7e-90127963997c eb4fd6fa2c9749b6a506ad84a191b366 3477ccb508fb43a4b6c94a70f1f726da - - default default] Successfully bumped revision number for resource b3669cad-b0ad-4b26-8d9f-ff049dfaf2f6 (type: floatingips) to 1
2026-05-09 22:49:58.537 9 INFO neutron.wsgi [None req-ea843ae8-0512-48c8-978c-ea43d9e08f5b c22e8aae837e4af2b418b13d119ddf71 4454b56785224213b5faf0d75db7426e - - default default] 10.0.0.189 "GET /v2.0/ports HTTP/1.1" status: 200 len: 3213 time: 0.1476827
2026-05-09 22:49:58.569 9 INFO neutron.db.ovn_revision_numbers_db [None req-bda811bd-c84c-485a-b59e-3e417e03d703 1b369182936348e7b787d02963cdea2f 9c0035445e2146629b2737a9e6dca2ef - - default default] Successfully bumped revision number for resource 087730c7-5b11-401e-9ef2-2c6be69b1ac4 (type: security_group_rules) to 0
2026-05-09 22:49:58.610 9 INFO neutron.wsgi [None req-bda811bd-c84c-485a-b59e-3e417e03d703 1b369182936348e7b787d02963cdea2f 9c0035445e2146629b2737a9e6dca2ef - - default default] 10.0.0.189 "POST /v2.0/security-group-rules HTTP/1.1" status: 201 len: 806 time: 0.2361059
2026-05-09 22:49:58.632 9 INFO neutron.wsgi [None req-e298f9d8-8fa5-4b9d-9496-70a45fac8f61 1b369182936348e7b787d02963cdea2f 9c0035445e2146629b2737a9e6dca2ef - - default default] 10.0.0.189 "GET /v2.0/security-group-rules/087730c7-5b11-401e-9ef2-2c6be69b1ac4 HTTP/1.1" status: 200 len: 801 time: 0.0170109
2026-05-09 22:49:58.634 10 INFO neutron.db.ovn_revision_numbers_db [None req-a882b54b-b36a-414a-8c7e-90127963997c eb4fd6fa2c9749b6a506ad84a191b366 3477ccb508fb43a4b6c94a70f1f726da - - default default] Successfully bumped revision number for resource b3669cad-b0ad-4b26-8d9f-ff049dfaf2f6 (type: floatingips) to 2
2026-05-09 22:49:58.635 10 INFO neutron.db.l3_db [None req-a882b54b-b36a-414a-8c7e-90127963997c eb4fd6fa2c9749b6a506ad84a191b366 3477ccb508fb43a4b6c94a70f1f726da - - default default] Floating IP b3669cad-b0ad-4b26-8d9f-ff049dfaf2f6 associated. External IP: 10.96.250.202, port: 0ca1cc5d-0979-4cf3-b7ff-9606f971f7b0.
2026-05-09 22:49:58.668 10 INFO neutron.wsgi [None req-a882b54b-b36a-414a-8c7e-90127963997c eb4fd6fa2c9749b6a506ad84a191b366 3477ccb508fb43a4b6c94a70f1f726da - - default default] 10.0.0.189 "PUT /v2.0/floatingips/b3669cad-b0ad-4b26-8d9f-ff049dfaf2f6 HTTP/1.1" status: 200 len: 1050 time: 1.1296923
2026-05-09 22:49:58.719 9 INFO neutron.wsgi [None req-75f1f911-fc6b-408d-9432-e402d1e68af8 1b369182936348e7b787d02963cdea2f 9c0035445e2146629b2737a9e6dca2ef - - default default] 10.0.0.189 "GET /v2.0/security-group-rules HTTP/1.1" status: 200 len: 4339 time: 0.0817010
2026-05-09 22:49:58.843 9 INFO neutron.wsgi [None req-f9a2ee8d-23a7-4653-8262-451bf93017d6 c22e8aae837e4af2b418b13d119ddf71 4454b56785224213b5faf0d75db7426e - - default default] 10.0.0.189 "DELETE /v2.0/ports/9b3dab6a-7b8d-4a3e-a1b5-1c64c797f49d HTTP/1.1" status: 204 len: 168 time: 0.3015628 /var/lib/openstack/lib/python3.10/site-packages/pycadf/identifier.py:71: UserWarning: Invalid uuid: neutron. To ensure interoperability, identifiers should be a valid uuid. warnings.warn(('Invalid uuid: %s. To ensure interoperability, '
2026-05-09 22:49:58.889 9 INFO neutron.wsgi [None req-876689c6-f012-4b4f-9505-4dc62ee813dc 1b369182936348e7b787d02963cdea2f 9c0035445e2146629b2737a9e6dca2ef - - default default] 10.0.0.189 "DELETE /v2.0/security-group-rules/087730c7-5b11-401e-9ef2-2c6be69b1ac4 HTTP/1.1" status: 204 len: 168 time: 0.1656311
2026-05-09 22:49:58.952 9 INFO neutron.wsgi [None req-d51174e5-0108-4bf0-a60f-ce5d0ed9e4c0 1b369182936348e7b787d02963cdea2f 9c0035445e2146629b2737a9e6dca2ef - - default default] 10.0.0.189 "GET /v2.0/security-group-rules HTTP/1.1" status: 200 len: 3755 time: 0.0579789
2026-05-09 22:49:59.113 10 INFO neutron.wsgi [None req-7e5b2dfa-1692-4d1a-8c94-d3973160836c 1b369182936348e7b787d02963cdea2f 9c0035445e2146629b2737a9e6dca2ef - - default default] 10.0.0.189 "DELETE /v2.0/security-groups/46171a29-676a-44a3-a647-10a1c69e4917 HTTP/1.1" status: 204 len: 168 time: 0.1564023
2026-05-09 22:49:59.177 10 INFO neutron.wsgi [None req-62da2401-0217-4404-94b3-d2fa8846f304 1b369182936348e7b787d02963cdea2f 9c0035445e2146629b2737a9e6dca2ef - - default default] 10.0.0.189 "GET /v2.0/security-groups HTTP/1.1" status: 200 len: 3120 time: 0.0565665
2026-05-09 22:49:59.197 10 INFO neutron.wsgi [None req-737cb413-a7ed-4f04-a5d2-c0e65fd4e88c c22e8aae837e4af2b418b13d119ddf71 4454b56785224213b5faf0d75db7426e - - default default] 10.0.0.189 "DELETE /v2.0/ports/79535502-3f92-4bf0-9c15-438dd02788b9 HTTP/1.1" status: 204 len: 168 time: 0.3448131
2026-05-09 22:49:59.257 10 INFO neutron.wsgi [None req-45b1c527-d8bb-440c-8afd-1b5d3b454ca0 1b369182936348e7b787d02963cdea2f 9c0035445e2146629b2737a9e6dca2ef - - default default] 10.0.0.189 "GET /v2.0/security-groups HTTP/1.1" status: 200 len: 3120 time: 0.0705364
2026-05-09 22:49:59.303 10 INFO neutron.wsgi [None req-eb189805-73f1-4bec-a985-05cfa187f18d c22e8aae837e4af2b418b13d119ddf71 4454b56785224213b5faf0d75db7426e - - default default] 10.0.0.189 "GET /v2.0/ports HTTP/1.1" status: 200 len: 1718 time: 0.0998764
2026-05-09 22:49:59.312 10 WARNING neutron_lib.context [None req-260a8780-7762-4970-ba0f-748780b0eada c22e8aae837e4af2b418b13d119ddf71 4454b56785224213b5faf0d75db7426e - - default default] Method 'is_advsvc' is deprecated since 2023.2 release (neutron-lib 3.8.0) and will be removed once support for the old RBAC API policies will be removed from Neutron. Please use method 'is_service_role' instead.
2026-05-09 22:49:59.397 10 INFO neutron.db.segments_db [None req-260a8780-7762-4970-ba0f-748780b0eada c22e8aae837e4af2b418b13d119ddf71 4454b56785224213b5faf0d75db7426e - - default default] Added segment 4faf1271-c2d6-4550-9dd3-79d48f4373b8 of type geneve for network 9276d621-a3be-4322-86a1-292c00ec53b3
2026-05-09 22:49:59.427 9 INFO neutron.db.ovn_revision_numbers_db [None req-4ab59a17-280d-46b3-8d89-86a3efc23c1b e63ab23ec7d6481db4b758a6d2e5ffd9 3aee92eba8c04df6ba82301477145736 - - default default] Successfully bumped revision number for resource 67b2d3d6-fa94-4050-8935-210254c9bf37 (type: security_groups) to 1
