2026-05-09 22:52:26.711 9 INFO neutron.wsgi [None req-41e0a76f-6746-4f5f-850d-1f7a2d11d6b3 adfd773d9c1a46478e10d69f7405d8f9 6898710043bd44bb9f9c5969f67b1462 - - default default] 10.0.0.189 "GET /v2.0/ports/36cc42c5-7ecd-4812-aebe-59235568623f HTTP/1.1" status: 200 len: 1137 time: 0.1240134
2026-05-09 22:52:26.729 9 INFO neutron.db.ovn_revision_numbers_db [None req-c050ca93-535c-415f-8772-e0a83863bb02 e63ab23ec7d6481db4b758a6d2e5ffd9 3aee92eba8c04df6ba82301477145736 - - default default] Successfully bumped revision number for resource 6fb56ecf-c4de-4163-a2eb-f0671d838bea (type: security_group_rules) to 0
2026-05-09 22:52:26.776 9 INFO neutron.db.ovn_revision_numbers_db [None req-c050ca93-535c-415f-8772-e0a83863bb02 e63ab23ec7d6481db4b758a6d2e5ffd9 3aee92eba8c04df6ba82301477145736 - - default default] Successfully bumped revision number for resource a713d03a-8119-46cb-9b62-98442415eda1 (type: security_group_rules) to 0
2026-05-09 22:52:26.785 9 INFO neutron.wsgi [None req-4fe31330-3f4a-4ae8-a4bc-e99533335c66 3a23e183e5324c68a331e814318dbfe5 256e0e32dd0748b6871dae9726c23629 - - default default] 10.0.0.189 "PUT /v2.0/routers/312cf546-6b42-4e57-bd9b-f8aece9d459a/tags/black.or.white HTTP/1.1" status: 201 len: 201 time: 0.0962498
2026-05-09 22:52:26.803 9 INFO neutron.db.ovn_revision_numbers_db [None req-c050ca93-535c-415f-8772-e0a83863bb02 e63ab23ec7d6481db4b758a6d2e5ffd9 3aee92eba8c04df6ba82301477145736 - - default default] Successfully bumped revision number for resource da2cc807-49cd-4199-844f-3f53111faa54 (type: security_group_rules) to 0
2026-05-09 22:52:26.837 10 INFO neutron.db.ovn_revision_numbers_db [None req-d9958fd4-08c2-4d53-9265-7b981d8368f2 - - - - - -] Successfully bumped revision number for resource 36cc42c5-7ecd-4812-aebe-59235568623f (type: router_ports) to 2
2026-05-09 22:52:26.847 9 INFO neutron.wsgi [None req-c050ca93-535c-415f-8772-e0a83863bb02 e63ab23ec7d6481db4b758a6d2e5ffd9 3aee92eba8c04df6ba82301477145736 - - default default] 10.0.0.189 "GET /v2.0/security-groups?tenant_id=4a7cbdf530254d30a667589bd6c23bdf&name=default HTTP/1.1" status: 200 len: 3120 time: 0.5289519
2026-05-09 22:52:26.879 9 INFO neutron.wsgi [None req-4d40f3fc-9742-4db3-ad53-37c1391b7c15 3a23e183e5324c68a331e814318dbfe5 256e0e32dd0748b6871dae9726c23629 - - default default] 10.0.0.189 "GET /v2.0/routers/312cf546-6b42-4e57-bd9b-f8aece9d459a/tags HTTP/1.1" status: 200 len: 245 time: 0.0865357
2026-05-09 22:52:26.974 10 INFO neutron.wsgi [None req-9fff6b52-2a86-4f26-8891-9d0f75f9d38c 3a23e183e5324c68a331e814318dbfe5 256e0e32dd0748b6871dae9726c23629 - - default default] 10.0.0.189 "PUT /v2.0/routers/312cf546-6b42-4e57-bd9b-f8aece9d459a/tags HTTP/1.1" status: 200 len: 230 time: 0.0884123
2026-05-09 22:52:27.033 10 INFO neutron.wsgi [None req-140a15e7-f80b-4a05-a32d-f15340a2d344 3a23e183e5324c68a331e814318dbfe5 256e0e32dd0748b6871dae9726c23629 - - default default] 10.0.0.189 "GET /v2.0/routers/312cf546-6b42-4e57-bd9b-f8aece9d459a/tags HTTP/1.1" status: 200 len: 230 time: 0.0549018
2026-05-09 22:52:27.091 10 INFO neutron.wsgi [None req-23baeecf-e6f5-4eff-86af-620f7df022b8 3a23e183e5324c68a331e814318dbfe5 256e0e32dd0748b6871dae9726c23629 - - default default] 10.0.0.189 "GET /v2.0/routers/312cf546-6b42-4e57-bd9b-f8aece9d459a/tags/red HTTP/1.1" status: 204 len: 168 time: 0.0528917
2026-05-09 22:52:27.157 9 INFO neutron.api.v2.resource [None req-5e62f9d8-a010-49bf-8cb2-b1753db7d899 3a23e183e5324c68a331e814318dbfe5 256e0e32dd0748b6871dae9726c23629 - - default default] show failed (client error): The resource could not be found.
2026-05-09 22:52:27.158 9 INFO neutron.wsgi [None req-5e62f9d8-a010-49bf-8cb2-b1753db7d899 3a23e183e5324c68a331e814318dbfe5 256e0e32dd0748b6871dae9726c23629 - - default default] 10.0.0.189 "GET /v2.0/routers/312cf546-6b42-4e57-bd9b-f8aece9d459a/tags/green HTTP/1.1" status: 404 len: 299 time: 0.0613859
2026-05-09 22:52:27.166 10 INFO neutron.wsgi [None req-9a216b21-8979-4529-bf27-52c9fa9c1b29 e63ab23ec7d6481db4b758a6d2e5ffd9 3aee92eba8c04df6ba82301477145736 - - default default] 10.0.0.189 "DELETE /v2.0/security-groups/14ce59b4-3e16-4a72-819f-5f1df4c81de8 HTTP/1.1" status: 204 len: 168 time: 0.3138373
2026-05-09 22:52:27.283 9 INFO neutron.wsgi [None req-75cfd171-8971-4e7f-8243-7b2931853ac5 3a23e183e5324c68a331e814318dbfe5 256e0e32dd0748b6871dae9726c23629 - - default default] 10.0.0.189 "DELETE /v2.0/routers/312cf546-6b42-4e57-bd9b-f8aece9d459a/tags/red HTTP/1.1" status: 204 len: 168 time: 0.1206694
2026-05-09 22:52:27.378 10 INFO neutron.db.ovn_revision_numbers_db [None req-9dd4ebac-6ea0-417a-b142-e1b05afdb8b0 e63ab23ec7d6481db4b758a6d2e5ffd9 3aee92eba8c04df6ba82301477145736 - - default default] Successfully bumped revision number for resource b51c46a2-9b98-41bc-8544-121510658e91 (type: security_groups) to 1
2026-05-09 22:52:27.404 10 INFO neutron.db.ovn_revision_numbers_db [None req-9dd4ebac-6ea0-417a-b142-e1b05afdb8b0 e63ab23ec7d6481db4b758a6d2e5ffd9 3aee92eba8c04df6ba82301477145736 - - default default] Successfully bumped revision number for resource 1ffa2a8d-d7ae-4028-ab28-141a56a87c90 (type: security_group_rules) to 0
2026-05-09 22:52:27.417 10 INFO neutron.db.ovn_revision_numbers_db [None req-9dd4ebac-6ea0-417a-b142-e1b05afdb8b0 e63ab23ec7d6481db4b758a6d2e5ffd9 3aee92eba8c04df6ba82301477145736 - - default default] Successfully bumped revision number for resource 642e02b0-cf16-4a3f-b6fc-03967e011025 (type: security_group_rules) to 0
2026-05-09 22:52:27.444 10 INFO neutron.db.ovn_revision_numbers_db [None req-9dd4ebac-6ea0-417a-b142-e1b05afdb8b0 e63ab23ec7d6481db4b758a6d2e5ffd9 3aee92eba8c04df6ba82301477145736 - - default default] Successfully bumped revision number for resource 7169719b-4b87-4dd5-ab52-6c43a04f50b3 (type: security_group_rules) to 0
2026-05-09 22:52:27.455 10 INFO neutron.db.ovn_revision_numbers_db [None req-9dd4ebac-6ea0-417a-b142-e1b05afdb8b0 e63ab23ec7d6481db4b758a6d2e5ffd9 3aee92eba8c04df6ba82301477145736 - - default default] Successfully bumped revision number for resource a821dfdc-4ae6-4979-856e-fbdf8242c1e2 (type: security_group_rules) to 0
2026-05-09 22:52:27.475 10 INFO neutron.wsgi [None req-9dd4ebac-6ea0-417a-b142-e1b05afdb8b0 e63ab23ec7d6481db4b758a6d2e5ffd9 3aee92eba8c04df6ba82301477145736 - - default default] 10.0.0.189 "GET /v2.0/security-groups?tenant_id=2289c9d3a65b4a0daeaf37fdce8a60fd&name=default HTTP/1.1" status: 200 len: 3120 time: 0.1977468
2026-05-09 22:52:27.644 9 INFO neutron.wsgi [None req-262ad893-fb9f-448b-a2d7-e869db674f78 3a23e183e5324c68a331e814318dbfe5 256e0e32dd0748b6871dae9726c23629 - - default default] 10.0.0.189 "GET /v2.0/routers/312cf546-6b42-4e57-bd9b-f8aece9d459a/tags HTTP/1.1" status: 200 len: 223 time: 0.3556821
2026-05-09 22:52:27.691 10 INFO neutron.wsgi [None req-9c6a8b7b-f833-400d-8362-52ff3139d10c e63ab23ec7d6481db4b758a6d2e5ffd9 3aee92eba8c04df6ba82301477145736 - - default default] 10.0.0.189 "DELETE /v2.0/security-groups/b51c46a2-9b98-41bc-8544-121510658e91 HTTP/1.1" status: 204 len: 168 time: 0.2104189
2026-05-09 22:52:27.716 9 INFO neutron.api.v2.resource [None req-ee4c5feb-e9a7-4b18-8bdf-c18d7c3981ed 3a23e183e5324c68a331e814318dbfe5 256e0e32dd0748b6871dae9726c23629 - - default default] delete failed (client error): The resource could not be found.
2026-05-09 22:52:27.717 9 INFO neutron.wsgi [None req-ee4c5feb-e9a7-4b18-8bdf-c18d7c3981ed 3a23e183e5324c68a331e814318dbfe5 256e0e32dd0748b6871dae9726c23629 - - default default] 10.0.0.189 "DELETE /v2.0/routers/312cf546-6b42-4e57-bd9b-f8aece9d459a/tags/green HTTP/1.1" status: 404 len: 299 time: 0.0664520
2026-05-09 22:52:27.806 9 INFO neutron.wsgi [None req-46ce791c-1dfe-4226-860e-902f95e44d03 3a23e183e5324c68a331e814318dbfe5 256e0e32dd0748b6871dae9726c23629 - - default default] 10.0.0.189 "DELETE /v2.0/routers/312cf546-6b42-4e57-bd9b-f8aece9d459a/tags HTTP/1.1" status: 204 len: 168 time: 0.0836976
2026-05-09 22:52:27.867 10 INFO neutron.wsgi [None req-67c3c625-b940-4b63-a382-f2838457175d 3a23e183e5324c68a331e814318dbfe5 256e0e32dd0748b6871dae9726c23629 - - default default] 10.0.0.189 "GET /v2.0/routers/312cf546-6b42-4e57-bd9b-f8aece9d459a/tags HTTP/1.1" status: 200 len: 205 time: 0.0560863
2026-05-09 22:52:27.928 10 INFO neutron.wsgi [None req-eaca3e0e-0b6b-4113-a7ac-6664f28b67e8 3a23e183e5324c68a331e814318dbfe5 256e0e32dd0748b6871dae9726c23629 - - default default] 10.0.0.189 "GET /v2.0/routers/312cf546-6b42-4e57-bd9b-f8aece9d459a HTTP/1.1" status: 200 len: 770 time: 0.0533028
2026-05-09 22:52:27.972 10 INFO neutron.wsgi [None req-7e4f01a6-f0fd-4a86-90aa-e396d6b7ef85 e63ab23ec7d6481db4b758a6d2e5ffd9 3aee92eba8c04df6ba82301477145736 - - default default] 10.0.0.189 "GET /v2.0/security-groups?tenant_id=858a547bc26a424fa49fe901004d59c4&name=default HTTP/1.1" status: 200 len: 3120 time: 0.0339665
2026-05-09 22:52:28.008 9 INFO neutron.wsgi [None req-9dd0ef06-89e4-4d75-ad98-962ed58f01d2 adfd773d9c1a46478e10d69f7405d8f9 6898710043bd44bb9f9c5969f67b1462 - - default default] 10.0.0.189 "PUT /v2.0/routers/9cc39063-f0ff-4b77-8924-1013003d283b/remove_router_interface HTTP/1.1" status: 200 len: 503 time: 1.2836876 /var/lib/openstack/lib/python3.10/site-packages/pycadf/identifier.py:71: UserWarning: Invalid uuid: neutron. To ensure interoperability, identifiers should be a valid uuid. warnings.warn(('Invalid uuid: %s. To ensure interoperability, '
2026-05-09 22:52:28.195 9 INFO neutron.wsgi [None req-23a5938e-b424-4c17-9598-5bc30d24526a adfd773d9c1a46478e10d69f7405d8f9 6898710043bd44bb9f9c5969f67b1462 - - default default] 10.0.0.189 "GET /v2.0/ports/ef098a87-2803-4a37-9fba-b46c6b3eb627 HTTP/1.1" status: 200 len: 1137 time: 0.1803305
2026-05-09 22:52:28.199 10 INFO neutron.wsgi [None req-2b79578d-cc3e-4c0e-b2a3-b2ff649604df e63ab23ec7d6481db4b758a6d2e5ffd9 3aee92eba8c04df6ba82301477145736 - - default default] 10.0.0.189 "DELETE /v2.0/security-groups/58319474-5b9a-4a0b-8dce-a967682b2b65 HTTP/1.1" status: 204 len: 168 time: 0.2223749
2026-05-09 22:52:28.415 9 INFO neutron.db.ovn_revision_numbers_db [None req-e920b8aa-f66c-45af-a2a6-30181847d64c 3a23e183e5324c68a331e814318dbfe5 256e0e32dd0748b6871dae9726c23629 - - default default] Successfully bumped revision number for resource 312cf546-6b42-4e57-bd9b-f8aece9d459a (type: routers) to 7
2026-05-09 22:52:28.421 9 INFO neutron.wsgi [None req-e920b8aa-f66c-45af-a2a6-30181847d64c 3a23e183e5324c68a331e814318dbfe5 256e0e32dd0748b6871dae9726c23629 - - default default] 10.0.0.189 "PUT /v2.0/routers/312cf546-6b42-4e57-bd9b-f8aece9d459a HTTP/1.1" status: 200 len: 770 time: 0.4885480
2026-05-09 22:52:28.442 9 INFO neutron.wsgi [None req-7e3cd180-68b8-419d-8753-641a3038ac66 3a23e183e5324c68a331e814318dbfe5 256e0e32dd0748b6871dae9726c23629 - - default default] 10.0.0.189 "GET /v2.0/ports?device_id=312cf546-6b42-4e57-bd9b-f8aece9d459a HTTP/1.1" status: 200 len: 205 time: 0.0160594
2026-05-09 22:52:28.656 9 INFO neutron.wsgi [None req-2915dfb9-2e0e-481a-b29b-a06dfd425930 3a23e183e5324c68a331e814318dbfe5 256e0e32dd0748b6871dae9726c23629 - - default default] 10.0.0.189 "DELETE /v2.0/routers/312cf546-6b42-4e57-bd9b-f8aece9d459a HTTP/1.1" status: 204 len: 168 time: 0.2093956
2026-05-09 22:52:29.111 10 INFO neutron.wsgi [None req-f97047d9-2981-4a94-a22d-4ae5957951b4 adfd773d9c1a46478e10d69f7405d8f9 6898710043bd44bb9f9c5969f67b1462 - - default default] 10.0.0.189 "PUT /v2.0/routers/9cc39063-f0ff-4b77-8924-1013003d283b/remove_router_interface HTTP/1.1" status: 200 len: 503 time: 0.9107153 /var/lib/openstack/lib/python3.10/site-packages/pycadf/identifier.py:71: UserWarning: Invalid uuid: neutron. To ensure interoperability, identifiers should be a valid uuid. warnings.warn(('Invalid uuid: %s. To ensure interoperability, '
2026-05-09 22:52:29.150 10 INFO neutron.wsgi [None req-2cc00438-38ac-4607-87a3-32117855eb5a adfd773d9c1a46478e10d69f7405d8f9 6898710043bd44bb9f9c5969f67b1462 - - default default] 10.0.0.189 "GET /v2.0/ports?device_id=9cc39063-f0ff-4b77-8924-1013003d283b HTTP/1.1" status: 200 len: 205 time: 0.0317814
2026-05-09 22:52:29.381 10 INFO neutron.wsgi [None req-f7de8676-8ece-4886-96f4-ad9344939bea adfd773d9c1a46478e10d69f7405d8f9 6898710043bd44bb9f9c5969f67b1462 - - default default] 10.0.0.189 "DELETE /v2.0/routers/9cc39063-f0ff-4b77-8924-1013003d283b HTTP/1.1" status: 204 len: 168 time: 0.2262073
2026-05-09 22:52:29.559 10 INFO neutron.wsgi [None req-21d3dedf-ef63-416d-821b-f8200d8dfbf3 adfd773d9c1a46478e10d69f7405d8f9 6898710043bd44bb9f9c5969f67b1462 - - default default] 10.0.0.189 "DELETE /v2.0/subnets/4bf94d90-b9a0-4c4c-9a99-9b54a118c994 HTTP/1.1" status: 204 len: 168 time: 0.1727877
2026-05-09 22:52:29.583 9 INFO neutron.db.ovn_revision_numbers_db [None req-f10b1b8c-8fd1-42c9-aceb-585d75b21e06 e63ab23ec7d6481db4b758a6d2e5ffd9 3aee92eba8c04df6ba82301477145736 - - default default] Successfully bumped revision number for resource ff171f15-0d45-474a-a20b-d0e0375fe5b2 (type: security_groups) to 1
2026-05-09 22:52:29.606 9 INFO neutron.db.ovn_revision_numbers_db [None req-f10b1b8c-8fd1-42c9-aceb-585d75b21e06 e63ab23ec7d6481db4b758a6d2e5ffd9 3aee92eba8c04df6ba82301477145736 - - default default] Successfully bumped revision number for resource 53775495-2bb5-45bc-9e1e-1632847c0e6f (type: security_group_rules) to 0
2026-05-09 22:52:29.626 9 INFO neutron.db.ovn_revision_numbers_db [None req-f10b1b8c-8fd1-42c9-aceb-585d75b21e06 e63ab23ec7d6481db4b758a6d2e5ffd9 3aee92eba8c04df6ba82301477145736 - - default default] Successfully bumped revision number for resource 8dc7b901-54fe-4bf0-8df1-cb7f862a7740 (type: security_group_rules) to 0
2026-05-09 22:52:29.666 9 INFO neutron.db.ovn_revision_numbers_db [None req-f10b1b8c-8fd1-42c9-aceb-585d75b21e06 e63ab23ec7d6481db4b758a6d2e5ffd9 3aee92eba8c04df6ba82301477145736 - - default default] Successfully bumped revision number for resource cf7782c9-a23b-4c95-a138-25aa22272a39 (type: security_group_rules) to 0
2026-05-09 22:52:29.686 9 INFO neutron.db.ovn_revision_numbers_db [None req-f10b1b8c-8fd1-42c9-aceb-585d75b21e06 e63ab23ec7d6481db4b758a6d2e5ffd9 3aee92eba8c04df6ba82301477145736 - - default default] Successfully bumped revision number for resource f41b632c-aaa9-4d88-9a98-e9fa0e87122c (type: security_group_rules) to 0
2026-05-09 22:52:29.711 9 INFO neutron.wsgi [None req-f10b1b8c-8fd1-42c9-aceb-585d75b21e06 e63ab23ec7d6481db4b758a6d2e5ffd9 3aee92eba8c04df6ba82301477145736 - - default default] 10.0.0.189 "GET /v2.0/security-groups?tenant_id=256e0e32dd0748b6871dae9726c23629&name=default HTTP/1.1" status: 200 len: 3120 time: 0.4085875
2026-05-09 22:52:29.783 9 INFO neutron.wsgi [None req-115d6ff5-6df0-4a3e-9e32-c4e72f85aa5c adfd773d9c1a46478e10d69f7405d8f9 6898710043bd44bb9f9c5969f67b1462 - - default default] 10.0.0.189 "DELETE /v2.0/subnets/2dd453fb-8f45-4a4b-bfab-ff4f6a8e0037 HTTP/1.1" status: 204 len: 168 time: 0.2196097
2026-05-09 22:52:29.981 10 INFO neutron.wsgi [None req-5502a08c-85a0-43e2-b3c2-492521db9eae e63ab23ec7d6481db4b758a6d2e5ffd9 3aee92eba8c04df6ba82301477145736 - - default default] 10.0.0.189 "DELETE /v2.0/security-groups/ff171f15-0d45-474a-a20b-d0e0375fe5b2 HTTP/1.1" status: 204 len: 168 time: 0.2639060
2026-05-09 22:52:30.160 10 INFO neutron.services.segments.plugin [-] Segment 5b5b44e6-03fd-4fd3-8c5d-4b3889589984 resource provider aggregate not found
2026-05-09 22:52:30.164 10 INFO neutron.services.segments.plugin [-] Segment 5b5b44e6-03fd-4fd3-8c5d-4b3889589984 resource provider aggregate not found
2026-05-09 22:52:30.174 10 INFO neutron.services.segments.plugin [-] Segment 5b5b44e6-03fd-4fd3-8c5d-4b3889589984 resource provider not found; error: Placement Client Error (4xx): {"errors": [{"status": 404, "title": "Not Found", "detail": "The resource could not be found.\n\n No resource provider with uuid 5b5b44e6-03fd-4fd3-8c5d-4b3889589984 found for delete ", "request_id": "req-0c6fd8eb-6995-4762-8b00-fb909248fa9a"}]}
2026-05-09 22:52:30.189 10 INFO neutron.services.segments.plugin [-] Segment 5b5b44e6-03fd-4fd3-8c5d-4b3889589984 resource provider not found; error: Placement Client Error (4xx): {"errors": [{"status": 404, "title": "Not Found", "detail": "The resource could not be found.\n\n No resource provider with uuid 5b5b44e6-03fd-4fd3-8c5d-4b3889589984 found for delete ", "request_id": "req-32a243fe-914f-4569-9824-503ee1de7c8f"}]}
2026-05-09 22:52:30.193 10 INFO neutron.wsgi [None req-fba3afd6-e1d0-4467-95fd-d72fe0603eeb adfd773d9c1a46478e10d69f7405d8f9 6898710043bd44bb9f9c5969f67b1462 - - default default] 10.0.0.189 "DELETE /v2.0/networks/bc76b765-a505-47e3-a1c3-01697d3b31c3 HTTP/1.1" status: 204 len: 168 time: 0.4053102
2026-05-09 22:52:30.274 9 INFO neutron.db.ovn_revision_numbers_db [None req-8ee95c15-519b-4fb1-a3b8-6565aab157d3 e63ab23ec7d6481db4b758a6d2e5ffd9 3aee92eba8c04df6ba82301477145736 - - default default] Successfully bumped revision number for resource 945c9b35-89f7-42ad-85ec-13e013c86dd0 (type: security_groups) to 1
2026-05-09 22:52:30.287 9 INFO neutron.db.ovn_revision_numbers_db [None req-8ee95c15-519b-4fb1-a3b8-6565aab157d3 e63ab23ec7d6481db4b758a6d2e5ffd9 3aee92eba8c04df6ba82301477145736 - - default default] Successfully bumped revision number for resource 086a0fba-3de6-4282-ad0f-13a05952d095 (type: security_group_rules) to 0
2026-05-09 22:52:30.299 9 INFO neutron.db.ovn_revision_numbers_db [None req-8ee95c15-519b-4fb1-a3b8-6565aab157d3 e63ab23ec7d6481db4b758a6d2e5ffd9 3aee92eba8c04df6ba82301477145736 - - default default] Successfully bumped revision number for resource 1abe6b77-68c4-4fa6-970c-60f467cf8875 (type: security_group_rules) to 0
2026-05-09 22:52:30.312 9 INFO neutron.db.ovn_revision_numbers_db [None req-8ee95c15-519b-4fb1-a3b8-6565aab157d3 e63ab23ec7d6481db4b758a6d2e5ffd9 3aee92eba8c04df6ba82301477145736 - - default default] Successfully bumped revision number for resource 2a682d5e-73b5-48c2-8695-49b7695572a7 (type: security_group_rules) to 0
2026-05-09 22:52:30.327 9 INFO neutron.db.ovn_revision_numbers_db [None req-8ee95c15-519b-4fb1-a3b8-6565aab157d3 e63ab23ec7d6481db4b758a6d2e5ffd9 3aee92eba8c04df6ba82301477145736 - - default default] Successfully bumped revision number for resource c28df3bf-ea72-4a42-82f6-10a7da274dcd (type: security_group_rules) to 0
2026-05-09 22:52:30.347 9 INFO neutron.wsgi [None req-8ee95c15-519b-4fb1-a3b8-6565aab157d3 e63ab23ec7d6481db4b758a6d2e5ffd9 3aee92eba8c04df6ba82301477145736 - - default default] 10.0.0.189 "GET /v2.0/security-groups?tenant_id=2e9d1b1b1c1c4d57bc295ff4fcd43dc7&name=default HTTP/1.1" status: 200 len: 3120 time: 0.2128506
2026-05-09 22:52:30.707 10 INFO neutron.wsgi [None req-106c631a-207a-491e-a072-d166226e0adc e63ab23ec7d6481db4b758a6d2e5ffd9 3aee92eba8c04df6ba82301477145736 - - default default] 10.0.0.189 "DELETE /v2.0/security-groups/945c9b35-89f7-42ad-85ec-13e013c86dd0 HTTP/1.1" status: 204 len: 168 time: 0.3547800
2026-05-09 22:52:30.726 10 INFO neutron.wsgi [None req-6ee96473-353d-4194-834e-b8025f10eaa7 adfd773d9c1a46478e10d69f7405d8f9 6898710043bd44bb9f9c5969f67b1462 - - default default] 10.0.0.189 "DELETE /v2.0/networks/8e5489ad-6ce5-4ae6-b8de-8b263165f8bd HTTP/1.1" status: 204 len: 168 time: 0.5268459
2026-05-09 22:52:30.739 9 WARNING neutron_lib.context [None req-769708dc-4ddc-4f48-a845-e2006a2f3f8f adfd773d9c1a46478e10d69f7405d8f9 6898710043bd44bb9f9c5969f67b1462 - - default default] Method 'is_advsvc' is deprecated since 2023.2 release (neutron-lib 3.8.0) and will be removed once support for the old RBAC API policies will be removed from Neutron. Please use method 'is_service_role' instead.
2026-05-09 22:52:30.847 9 INFO neutron.db.segments_db [None req-769708dc-4ddc-4f48-a845-e2006a2f3f8f adfd773d9c1a46478e10d69f7405d8f9 6898710043bd44bb9f9c5969f67b1462 - - default default] Added segment e0625fc8-89c2-4552-a66a-c6f8b26ddcd0 of type geneve for network 4d88e98d-ef2e-46de-86e5-9f44e63fadbf
2026-05-09 22:52:30.992 9 INFO neutron.db.ovn_revision_numbers_db [None req-769708dc-4ddc-4f48-a845-e2006a2f3f8f adfd773d9c1a46478e10d69f7405d8f9 6898710043bd44bb9f9c5969f67b1462 - - default default] Successfully bumped revision number for resource 4d88e98d-ef2e-46de-86e5-9f44e63fadbf (type: networks) to 1
2026-05-09 22:52:31.173 9 WARNING neutron.scheduler.dhcp_agent_scheduler [None req-769708dc-4ddc-4f48-a845-e2006a2f3f8f adfd773d9c1a46478e10d69f7405d8f9 6898710043bd44bb9f9c5969f67b1462 - - default default] No more DHCP agents
2026-05-09 22:52:31.175 9 WARNING neutron.api.rpc.agentnotifiers.dhcp_rpc_agent_api [None req-769708dc-4ddc-4f48-a845-e2006a2f3f8f adfd773d9c1a46478e10d69f7405d8f9 6898710043bd44bb9f9c5969f67b1462 - - default default] Unable to schedule network 4d88e98d-ef2e-46de-86e5-9f44e63fadbf: no agents available; will retry on subsequent port and subnet creation events.
2026-05-09 22:52:31.286 9 INFO neutron.db.ovn_revision_numbers_db [None req-769708dc-4ddc-4f48-a845-e2006a2f3f8f adfd773d9c1a46478e10d69f7405d8f9 6898710043bd44bb9f9c5969f67b1462 - - default default] Successfully bumped revision number for resource 991f4b04-8a59-4f56-b2d4-277b4f685333 (type: ports) to 1
2026-05-09 22:52:31.309 9 INFO neutron.wsgi [None req-769708dc-4ddc-4f48-a845-e2006a2f3f8f adfd773d9c1a46478e10d69f7405d8f9 6898710043bd44bb9f9c5969f67b1462 - - default default] 10.0.0.189 "POST /v2.0/networks HTTP/1.1" status: 201 len: 829 time: 0.5753024
2026-05-09 22:52:31.318 9 WARNING neutron_lib.context [None req-9c523bb3-6e70-40fc-94ef-88bc535b0653 adfd773d9c1a46478e10d69f7405d8f9 6898710043bd44bb9f9c5969f67b1462 - - default default] Method 'is_advsvc' is deprecated since 2023.2 release (neutron-lib 3.8.0) and will be removed once support for the old RBAC API policies will be removed from Neutron. Please use method 'is_service_role' instead.
2026-05-09 22:52:31.591 9 WARNING neutron.scheduler.dhcp_agent_scheduler [None req-9c523bb3-6e70-40fc-94ef-88bc535b0653 adfd773d9c1a46478e10d69f7405d8f9 6898710043bd44bb9f9c5969f67b1462 - - default default] No more DHCP agents
2026-05-09 22:52:31.602 9 WARNING neutron.api.rpc.agentnotifiers.dhcp_rpc_agent_api [None req-9c523bb3-6e70-40fc-94ef-88bc535b0653 adfd773d9c1a46478e10d69f7405d8f9 6898710043bd44bb9f9c5969f67b1462 - - default default] Unable to schedule network 4d88e98d-ef2e-46de-86e5-9f44e63fadbf: no agents available; will retry on subsequent port and subnet creation events.
2026-05-09 22:52:32.201 10 INFO neutron.services.segments.plugin [-] Segment 9cf14aba-7236-4344-82dc-bc7a6924e6a6 resource provider aggregate not found
2026-05-09 22:52:32.212 10 INFO neutron.services.segments.plugin [-] Segment 9cf14aba-7236-4344-82dc-bc7a6924e6a6 resource provider not found; error: Placement Client Error (4xx): {"errors": [{"status": 404, "title": "Not Found", "detail": "The resource could not be found.\n\n No resource provider with uuid 9cf14aba-7236-4344-82dc-bc7a6924e6a6 found for delete ", "request_id": "req-dbc345bf-7937-4918-adc6-d5dc1c43a7d2"}]}
2026-05-09 22:52:32.222 10 INFO neutron.services.segments.plugin [-] Segment 9cf14aba-7236-4344-82dc-bc7a6924e6a6 resource provider aggregate not found
2026-05-09 22:52:32.239 10 INFO neutron.services.segments.plugin [-] Segment 9cf14aba-7236-4344-82dc-bc7a6924e6a6 resource provider not found; error: Placement Client Error (4xx): {"errors": [{"status": 404, "title": "Not Found", "detail": "The resource could not be found.\n\n No resource provider with uuid 9cf14aba-7236-4344-82dc-bc7a6924e6a6 found for delete ", "request_id": "req-575847c1-8ff4-4e92-9c69-cf4e5bd58fcb"}]}
2026-05-09 22:52:32.332 10 WARNING neutron.plugins.ml2.drivers.ovn.mech_driver.ovsdb.ovn_client [None req-d9958fd4-08c2-4d53-9265-7b981d8368f2 - - - - - -] No port found with ID 36cc42c5-7ecd-4812-aebe-59235568623f: RuntimeError: No port found with ID 36cc42c5-7ecd-4812-aebe-59235568623f
2026-05-09 22:52:32.425 9 INFO neutron.db.ovn_revision_numbers_db [None req-9c523bb3-6e70-40fc-94ef-88bc535b0653 adfd773d9c1a46478e10d69f7405d8f9 6898710043bd44bb9f9c5969f67b1462 - - default default] Successfully bumped revision number for resource 991f4b04-8a59-4f56-b2d4-277b4f685333 (type: ports) to 2
2026-05-09 22:52:32.464 9 INFO neutron.db.ovn_revision_numbers_db [None req-9c523bb3-6e70-40fc-94ef-88bc535b0653 adfd773d9c1a46478e10d69f7405d8f9 6898710043bd44bb9f9c5969f67b1462 - - default default] Successfully bumped revision number for resource df79a887-4947-4461-ae03-5521aaa5bbae (type: subnets) to 0
2026-05-09 22:52:32.482 9 INFO neutron.wsgi [None req-9c523bb3-6e70-40fc-94ef-88bc535b0653 adfd773d9c1a46478e10d69f7405d8f9 6898710043bd44bb9f9c5969f67b1462 - - default default] 10.0.0.189 "POST /v2.0/subnets HTTP/1.1" status: 201 len: 801 time: 1.1687498
2026-05-09 22:52:32.492 9 WARNING neutron_lib.context [None req-428b7dbf-13c2-4d18-8656-d2d87e95f453 adfd773d9c1a46478e10d69f7405d8f9 6898710043bd44bb9f9c5969f67b1462 - - default default] Method 'is_advsvc' is deprecated since 2023.2 release (neutron-lib 3.8.0) and will be removed once support for the old RBAC API policies will be removed from Neutron. Please use method 'is_service_role' instead.
2026-05-09 22:52:32.630 9 INFO neutron.db.ovn_revision_numbers_db [None req-428b7dbf-13c2-4d18-8656-d2d87e95f453 adfd773d9c1a46478e10d69f7405d8f9 6898710043bd44bb9f9c5969f67b1462 - - default default] Successfully bumped revision number for resource b30dcdce-8005-4aba-beff-d9563035fe7e (type: routers) to 1
2026-05-09 22:52:32.651 9 INFO neutron.wsgi [None req-428b7dbf-13c2-4d18-8656-d2d87e95f453 adfd773d9c1a46478e10d69f7405d8f9 6898710043bd44bb9f9c5969f67b1462 - - default default] 10.0.0.189 "POST /v2.0/routers HTTP/1.1" status: 201 len: 801 time: 0.1645026
2026-05-09 22:52:32.661 9 WARNING neutron_lib.context [None req-8f61a51d-5bc0-44ad-a0bc-88c4b8d42f1e adfd773d9c1a46478e10d69f7405d8f9 6898710043bd44bb9f9c5969f67b1462 - - default default] Method 'is_advsvc' is deprecated since 2023.2 release (neutron-lib 3.8.0) and will be removed once support for the old RBAC API policies will be removed from Neutron. Please use method 'is_service_role' instead.
2026-05-09 22:52:32.680 10 WARNING neutron_lib.context [None req-40bf61ce-d3af-4dd0-a7b2-fe4ddf6abba3 14a4ba22cf5944b887170f858b318a17 3f37f5ecc63d4dd6adf5ddb939777e5a - - default default] Method 'is_advsvc' is deprecated since 2023.2 release (neutron-lib 3.8.0) and will be removed once support for the old RBAC API policies will be removed from Neutron. Please use method 'is_service_role' instead.
2026-05-09 22:52:32.755 10 INFO neutron.wsgi [None req-40bf61ce-d3af-4dd0-a7b2-fe4ddf6abba3 14a4ba22cf5944b887170f858b318a17 3f37f5ecc63d4dd6adf5ddb939777e5a - - default default] 10.0.0.189 "POST /v2.0/subnetpools HTTP/1.1" status: 201 len: 715 time: 0.3014035
2026-05-09 22:52:32.766 10 WARNING neutron_lib.context [None req-b6a6f9cd-6ca8-47d3-aff3-94d3165b6a3e 14a4ba22cf5944b887170f858b318a17 3f37f5ecc63d4dd6adf5ddb939777e5a - - default default] Method 'is_advsvc' is deprecated since 2023.2 release (neutron-lib 3.8.0) and will be removed once support for the old RBAC API policies will be removed from Neutron. Please use method 'is_service_role' instead.
2026-05-09 22:52:32.819 10 INFO neutron.wsgi [None req-b6a6f9cd-6ca8-47d3-aff3-94d3165b6a3e 14a4ba22cf5944b887170f858b318a17 3f37f5ecc63d4dd6adf5ddb939777e5a - - default default] 10.0.0.189 "POST /v2.0/subnetpools HTTP/1.1" status: 201 len: 715 time: 0.0573938
2026-05-09 22:52:32.830 10 WARNING neutron_lib.context [None req-cc4f7099-3f7d-49d6-bf91-9d48569ea02c 14a4ba22cf5944b887170f858b318a17 3f37f5ecc63d4dd6adf5ddb939777e5a - - default default] Method 'is_advsvc' is deprecated since 2023.2 release (neutron-lib 3.8.0) and will be removed once support for the old RBAC API policies will be removed from Neutron. Please use method 'is_service_role' instead.
2026-05-09 22:52:32.887 10 INFO neutron.wsgi [None req-cc4f7099-3f7d-49d6-bf91-9d48569ea02c 14a4ba22cf5944b887170f858b318a17 3f37f5ecc63d4dd6adf5ddb939777e5a - - default default] 10.0.0.189 "POST /v2.0/subnetpools HTTP/1.1" status: 201 len: 715 time: 0.0621405
2026-05-09 22:52:32.896 10 WARNING neutron_lib.context [None req-dd5a5def-ea87-47f8-b78a-555d182d1f4c 14a4ba22cf5944b887170f858b318a17 3f37f5ecc63d4dd6adf5ddb939777e5a - - default default] Method 'is_advsvc' is deprecated since 2023.2 release (neutron-lib 3.8.0) and will be removed once support for the old RBAC API policies will be removed from Neutron. Please use method 'is_service_role' instead.
2026-05-09 22:52:32.950 10 INFO neutron.wsgi [None req-dd5a5def-ea87-47f8-b78a-555d182d1f4c 14a4ba22cf5944b887170f858b318a17 3f37f5ecc63d4dd6adf5ddb939777e5a - - default default] 10.0.0.189 "POST /v2.0/subnetpools HTTP/1.1" status: 201 len: 715 time: 0.0592315
2026-05-09 22:52:32.959 10 WARNING neutron_lib.context [None req-87c50bef-cc2e-4f4c-875a-9e67ea2662e1 14a4ba22cf5944b887170f858b318a17 3f37f5ecc63d4dd6adf5ddb939777e5a - - default default] Method 'is_advsvc' is deprecated since 2023.2 release (neutron-lib 3.8.0) and will be removed once support for the old RBAC API policies will be removed from Neutron. Please use method 'is_service_role' instead.
2026-05-09 22:52:32.992 9 WARNING neutron.scheduler.dhcp_agent_scheduler [None req-8f61a51d-5bc0-44ad-a0bc-88c4b8d42f1e adfd773d9c1a46478e10d69f7405d8f9 6898710043bd44bb9f9c5969f67b1462 - - default default] No more DHCP agents
2026-05-09 22:52:32.993 9 WARNING neutron.api.rpc.agentnotifiers.dhcp_rpc_agent_api [None req-8f61a51d-5bc0-44ad-a0bc-88c4b8d42f1e adfd773d9c1a46478e10d69f7405d8f9 6898710043bd44bb9f9c5969f67b1462 - - default default] Unable to schedule network 4d88e98d-ef2e-46de-86e5-9f44e63fadbf: no agents available; will retry on subsequent port and subnet creation events.
2026-05-09 22:52:33.001 10 INFO neutron.wsgi [None req-87c50bef-cc2e-4f4c-875a-9e67ea2662e1 14a4ba22cf5944b887170f858b318a17 3f37f5ecc63d4dd6adf5ddb939777e5a - - default default] 10.0.0.189 "POST /v2.0/subnetpools HTTP/1.1" status: 201 len: 715 time: 0.0469971
2026-05-09 22:52:33.043 10 INFO neutron.wsgi [None req-a274d22e-0c60-4cb6-a0f4-593b78d4b48f 14a4ba22cf5944b887170f858b318a17 3f37f5ecc63d4dd6adf5ddb939777e5a - - default default] 10.0.0.189 "PUT /v2.0/subnetpools/90f4f483-82ca-430f-870a-641b6b4d7908/tags HTTP/1.1" status: 200 len: 210 time: 0.0364401
2026-05-09 22:52:33.077 10 INFO neutron.wsgi [None req-fb3e1f02-404a-4766-b3fe-d0a612e5ac26 14a4ba22cf5944b887170f858b318a17 3f37f5ecc63d4dd6adf5ddb939777e5a - - default default] 10.0.0.189 "PUT /v2.0/subnetpools/8d06f37b-e6fb-4b5b-b7c3-c61ccd6afa31/tags HTTP/1.1" status: 200 len: 218 time: 0.0302696
2026-05-09 22:52:33.111 10 INFO neutron.wsgi [None req-ece24252-76a5-401c-b5ee-952f0827366e 14a4ba22cf5944b887170f858b318a17 3f37f5ecc63d4dd6adf5ddb939777e5a - - default default] 10.0.0.189 "PUT /v2.0/subnetpools/eaba30dc-d1a9-4129-a601-5e4bbfca1d7f/tags HTTP/1.1" status: 200 len: 227 time: 0.0283186
2026-05-09 22:52:33.150 9 INFO neutron.db.ovn_revision_numbers_db [None req-8f61a51d-5bc0-44ad-a0bc-88c4b8d42f1e adfd773d9c1a46478e10d69f7405d8f9 6898710043bd44bb9f9c5969f67b1462 - - default default] Successfully bumped revision number for resource 0fa5d8ce-362f-469f-a850-f55e9e683d91 (type: ports) to 1
2026-05-09 22:52:33.163 10 INFO neutron.wsgi [None req-43c50b93-6ec5-4913-b051-3f8cd3428161 14a4ba22cf5944b887170f858b318a17 3f37f5ecc63d4dd6adf5ddb939777e5a - - default default] 10.0.0.189 "PUT /v2.0/subnetpools/77fe82eb-deb8-4d17-9524-ae428073dc9b/tags HTTP/1.1" status: 200 len: 212 time: 0.0354364
2026-05-09 22:52:33.178 9 INFO neutron.wsgi [None req-8f61a51d-5bc0-44ad-a0bc-88c4b8d42f1e adfd773d9c1a46478e10d69f7405d8f9 6898710043bd44bb9f9c5969f67b1462 - - default default] 10.0.0.189 "POST /v2.0/ports HTTP/1.1" status: 201 len: 1151 time: 0.5228086 /var/lib/openstack/lib/python3.10/site-packages/pycadf/identifier.py:71: UserWarning: Invalid uuid: neutron. To ensure interoperability, identifiers should be a valid uuid. warnings.warn(('Invalid uuid: %s. To ensure interoperability, '
2026-05-09 22:52:33.204 10 INFO neutron.wsgi [None req-259b3b40-acfd-4a59-859d-7209f92f5101 14a4ba22cf5944b887170f858b318a17 3f37f5ecc63d4dd6adf5ddb939777e5a - - default default] 10.0.0.189 "GET /v2.0/subnetpools?tags=red HTTP/1.1" status: 200 len: 1758 time: 0.0347569
2026-05-09 22:52:33.233 10 INFO neutron.wsgi [None req-35cd9759-d0a7-49ea-b6aa-6933caa92275 14a4ba22cf5944b887170f858b318a17 3f37f5ecc63d4dd6adf5ddb939777e5a - - default default] 10.0.0.189 "GET /v2.0/subnetpools?tags=red%2Cblue HTTP/1.1" status: 200 len: 1251 time: 0.0235045
2026-05-09 22:52:33.268 10 INFO neutron.wsgi [None req-65005d7f-b305-41fc-bd52-bdc2bdcac043 14a4ba22cf5944b887170f858b318a17 3f37f5ecc63d4dd6adf5ddb939777e5a - - default default] 10.0.0.189 "GET /v2.0/subnetpools?tags-any=blue HTTP/1.1" status: 200 len: 1251 time: 0.0292451
2026-05-09 22:52:33.290 10 INFO neutron.wsgi [None req-7c620508-af41-4af5-b636-27e2c4346be5 14a4ba22cf5944b887170f858b318a17 3f37f5ecc63d4dd6adf5ddb939777e5a - - default default] 10.0.0.189 "GET /v2.0/subnetpools?tags-any=red%2Cblue HTTP/1.1" status: 200 len: 1758 time: 0.0174818
2026-05-09 22:52:33.320 10 INFO neutron.wsgi [None req-9ff1fd8f-2327-44a7-b0cd-a1f245135c27 14a4ba22cf5944b887170f858b318a17 3f37f5ecc63d4dd6adf5ddb939777e5a - - default default] 10.0.0.189 "GET /v2.0/subnetpools?not-tags=red HTTP/1.1" status: 200 len: 1223 time: 0.0258098
2026-05-09 22:52:33.352 10 INFO neutron.wsgi [None req-5dfa7374-aae5-40af-a0c2-696fafdb3b25 14a4ba22cf5944b887170f858b318a17 3f37f5ecc63d4dd6adf5ddb939777e5a - - default default] 10.0.0.189 "GET /v2.0/subnetpools?not-tags=red%2Cblue HTTP/1.1" status: 200 len: 1730 time: 0.0268254
2026-05-09 22:52:33.381 10 INFO neutron.wsgi [None req-07b5ee57-3b11-4dd5-ba45-630566499743 14a4ba22cf5944b887170f858b318a17 3f37f5ecc63d4dd6adf5ddb939777e5a - - default default] 10.0.0.189 "GET /v2.0/subnetpools?not-tags-any=blue HTTP/1.1" status: 200 len: 1730 time: 0.0251963
2026-05-09 22:52:33.402 10 INFO neutron.wsgi [None req-8bdba32e-25cc-49e6-9250-5e4f8a277999 14a4ba22cf5944b887170f858b318a17 3f37f5ecc63d4dd6adf5ddb939777e5a - - default default] 10.0.0.189 "GET /v2.0/subnetpools?not-tags-any=red%2Cblue HTTP/1.1" status: 200 len: 1223 time: 0.0170794
2026-05-09 22:52:33.462 10 INFO neutron.wsgi [None req-9261478e-1cb1-4d6b-8dc5-f53c9957c483 14a4ba22cf5944b887170f858b318a17 3f37f5ecc63d4dd6adf5ddb939777e5a - - default default] 10.0.0.189 "DELETE /v2.0/subnetpools/90f4f483-82ca-430f-870a-641b6b4d7908 HTTP/1.1" status: 204 len: 168 time: 0.0525346
2026-05-09 22:52:33.582 9 INFO neutron.wsgi [None req-fc9cd7ef-9f36-4628-b8be-9ab924cb7e2b 14a4ba22cf5944b887170f858b318a17 3f37f5ecc63d4dd6adf5ddb939777e5a - - default default] 10.0.0.189 "DELETE /v2.0/subnetpools/8d06f37b-e6fb-4b5b-b7c3-c61ccd6afa31 HTTP/1.1" status: 204 len: 168 time: 0.1152055
2026-05-09 22:52:33.608 9 ERROR ovsdbapp.backend.ovs_idl.command [None req-36031e44-cf22-4815-9856-a3ec75c73ec2 adfd773d9c1a46478e10d69f7405d8f9 6898710043bd44bb9f9c5969f67b1462 - - default default] Error executing command (DbGetCommand): ovsdbapp.backend.ovs_idl.idlutils.RowNotFound: Cannot find Logical_Router_Port with name=lrp-0fa5d8ce-362f-469f-a850-f55e9e683d91
2026-05-09 22:52:33.608 9 ERROR ovsdbapp.backend.ovs_idl.command
Traceback (most recent call last):
2026-05-09 22:52:33.608 9 ERROR ovsdbapp.backend.ovs_idl.command
File "/var/lib/openstack/lib/python3.10/site-packages/ovsdbapp/backend/ovs_idl/command.py", line 47, in execute
2026-05-09 22:52:33.608 9 ERROR ovsdbapp.backend.ovs_idl.command self.run_idl(None)
2026-05-09 22:52:33.608 9 ERROR ovsdbapp.backend.ovs_idl.command
File "/var/lib/openstack/lib/python3.10/site-packages/ovsdbapp/backend/ovs_idl/command.py", line 235, in run_idl
2026-05-09 22:52:33.608 9 ERROR ovsdbapp.backend.ovs_idl.command record = self.api.lookup(self.table, self.record)
2026-05-09 22:52:33.608 9 ERROR ovsdbapp.backend.ovs_idl.command
File "/var/lib/openstack/lib/python3.10/site-packages/ovsdbapp/backend/ovs_idl/__init__.py", line 184, in lookup
2026-05-09 22:52:33.608 9 ERROR ovsdbapp.backend.ovs_idl.command return self._lookup(table, record)
2026-05-09 22:52:33.608 9 ERROR ovsdbapp.backend.ovs_idl.command
File "/var/lib/openstack/lib/python3.10/site-packages/ovsdbapp/backend/ovs_idl/__init__.py", line 235, in _lookup
2026-05-09 22:52:33.608 9 ERROR ovsdbapp.backend.ovs_idl.command row = idlutils.row_by_value(self, rl.table, rl.column, record)
2026-05-09 22:52:33.608 9 ERROR ovsdbapp.backend.ovs_idl.command
File "/var/lib/openstack/lib/python3.10/site-packages/ovsdbapp/backend/ovs_idl/idlutils.py", line 114, in row_by_value
2026-05-09 22:52:33.608 9 ERROR ovsdbapp.backend.ovs_idl.command raise RowNotFound(table=table, col=column, match=match)
2026-05-09 22:52:33.608 9 ERROR ovsdbapp.backend.ovs_idl.command ovsdbapp.backend.ovs_idl.idlutils.RowNotFound: Cannot find Logical_Router_Port with name=lrp-0fa5d8ce-362f-469f-a850-f55e9e683d91
2026-05-09 22:52:33.608 9 ERROR ovsdbapp.backend.ovs_idl.command 
2026-05-09 22:52:33.609 9 ERROR neutron_lib.callbacks.manager [None req-36031e44-cf22-4815-9856-a3ec75c73ec2 adfd773d9c1a46478e10d69f7405d8f9 6898710043bd44bb9f9c5969f67b1462 - - default default] Error during notification for neutron.services.ovn_l3.plugin.OVNL3RouterPlugin._port_update-8783339495151 port, after_update: ovsdbapp.backend.ovs_idl.idlutils.RowNotFound: Cannot find Logical_Router_Port with name=lrp-0fa5d8ce-362f-469f-a850-f55e9e683d91
2026-05-09 22:52:33.609 9 ERROR neutron_lib.callbacks.manager
Traceback (most recent call last):
2026-05-09 22:52:33.609 9 ERROR neutron_lib.callbacks.manager
File "/var/lib/openstack/lib/python3.10/site-packages/neutron_lib/callbacks/manager.py", line 189, in _notify_loop
2026-05-09 22:52:33.609 9 ERROR neutron_lib.callbacks.manager callback.method(resource, event, trigger, payload=payload)
2026-05-09 22:52:33.609 9 ERROR neutron_lib.callbacks.manager
File "/var/lib/openstack/lib/python3.10/site-packages/neutron/services/ovn_l3/plugin.py", line 391, in _port_update
2026-05-09 22:52:33.609 9 ERROR neutron_lib.callbacks.manager l3plugin._ovn_client.update_router_port(context,
2026-05-09 22:52:33.609 9 ERROR neutron_lib.callbacks.manager
File "/var/lib/openstack/lib/python3.10/site-packages/neutron/plugins/ml2/drivers/ovn/mech_driver/ovsdb/ovn_client.py", line 1878, in update_router_port
2026-05-09 22:52:33.609 9 ERROR neutron_lib.callbacks.manager self._update_lrouter_port(context, port, if_exists=if_exists,
2026-05-09 22:52:33.609 9 ERROR neutron_lib.callbacks.manager
File "/var/lib/openstack/lib/python3.10/site-packages/neutron/plugins/ml2/drivers/ovn/mech_driver/ovsdb/ovn_client.py", line 1855, in _update_lrouter_port
2026-05-09 22:52:33.609 9 ERROR neutron_lib.callbacks.manager external_ids = self._nb_idl.db_get(
2026-05-09 22:52:33.609 9 ERROR neutron_lib.callbacks.manager
File "/var/lib/openstack/lib/python3.10/site-packages/ovsdbapp/backend/ovs_idl/command.py", line 47, in execute
2026-05-09 22:52:33.609 9 ERROR neutron_lib.callbacks.manager self.run_idl(None)
2026-05-09 22:52:33.609 9 ERROR neutron_lib.callbacks.manager
File "/var/lib/openstack/lib/python3.10/site-packages/ovsdbapp/backend/ovs_idl/command.py", line 235, in run_idl
2026-05-09 22:52:33.609 9 ERROR neutron_lib.callbacks.manager record = self.api.lookup(self.table, self.record)
2026-05-09 22:52:33.609 9 ERROR neutron_lib.callbacks.manager
File "/var/lib/openstack/lib/python3.10/site-packages/ovsdbapp/backend/ovs_idl/__init__.py", line 184, in lookup
2026-05-09 22:52:33.609 9 ERROR neutron_lib.callbacks.manager return self._lookup(table, record)
2026-05-09 22:52:33.609 9 ERROR neutron_lib.callbacks.manager
File "/var/lib/openstack/lib/python3.10/site-packages/ovsdbapp/backend/ovs_idl/__init__.py", line 235, in _lookup
2026-05-09 22:52:33.609 9 ERROR neutron_lib.callbacks.manager row = idlutils.row_by_value(self, rl.table, rl.column, record)
2026-05-09 22:52:33.609 9 ERROR neutron_lib.callbacks.manager
File "/var/lib/openstack/lib/python3.10/site-packages/ovsdbapp/backend/ovs_idl/idlutils.py", line 114, in row_by_value
2026-05-09 22:52:33.609 9 ERROR neutron_lib.callbacks.manager raise RowNotFound(table=table, col=column, match=match)
2026-05-09 22:52:33.609 9 ERROR neutron_lib.callbacks.manager ovsdbapp.backend.ovs_idl.idlutils.RowNotFound: Cannot find Logical_Router_Port with name=lrp-0fa5d8ce-362f-469f-a850-f55e9e683d91
2026-05-09 22:52:33.609 9 ERROR neutron_lib.callbacks.manager 
2026-05-09 22:52:33.645 10 INFO neutron.wsgi [None req-f3c79d8b-cdbd-43ed-a7fd-eecfc7e97352 14a4ba22cf5944b887170f858b318a17 3f37f5ecc63d4dd6adf5ddb939777e5a - - default default] 10.0.0.189 "DELETE /v2.0/subnetpools/eaba30dc-d1a9-4129-a601-5e4bbfca1d7f HTTP/1.1" status: 204 len: 168 time: 0.0573013
2026-05-09 22:52:33.717 10 INFO neutron.wsgi [None req-44fce8b3-0da3-4844-885e-1bf7ff9b4bc0 14a4ba22cf5944b887170f858b318a17 3f37f5ecc63d4dd6adf5ddb939777e5a - - default default] 10.0.0.189 "DELETE /v2.0/subnetpools/77fe82eb-deb8-4d17-9524-ae428073dc9b HTTP/1.1" status: 204 len: 168 time: 0.0678191
2026-05-09 22:52:33.766 9 INFO neutron.plugins.ml2.drivers.ovn.mech_driver.mech_driver [None req-a8b18dd9-f8a7-4c0e-8c79-226990d16307 - - - - - -] OVN reports status up for port: 0fa5d8ce-362f-469f-a850-f55e9e683d91
2026-05-09 22:52:33.786 10 INFO neutron.wsgi [None req-a65f5587-8080-481d-9d2f-fa5ea5e61d28 14a4ba22cf5944b887170f858b318a17 3f37f5ecc63d4dd6adf5ddb939777e5a - - default default] 10.0.0.189 "DELETE /v2.0/subnetpools/5c91c83d-29ac-4120-947e-e8f421e6500f HTTP/1.1" status: 204 len: 168 time: 0.0606625
2026-05-09 22:52:33.792 9 INFO neutron.plugins.ml2.plugin [None req-a8b18dd9-f8a7-4c0e-8c79-226990d16307 - - - - - -] Attempt 1 to provision port 0fa5d8ce-362f-469f-a850-f55e9e683d91
2026-05-09 22:52:33.816 9 INFO neutron.db.ovn_revision_numbers_db [None req-36031e44-cf22-4815-9856-a3ec75c73ec2 adfd773d9c1a46478e10d69f7405d8f9 6898710043bd44bb9f9c5969f67b1462 - - default default] Successfully bumped revision number for resource 0fa5d8ce-362f-469f-a850-f55e9e683d91 (type: ports) to 2
2026-05-09 22:52:33.921 10 WARNING neutron_lib.context [None req-dd05ee90-9dec-4e72-a317-3657b1614bf0 deaa3891c6234ef2b053cf55556db10f a7f3d029523f4bc8b86336e8e87e3803 - - default default] Method 'is_advsvc' is deprecated since 2023.2 release (neutron-lib 3.8.0) and will be removed once support for the old RBAC API policies will be removed from Neutron. Please use method 'is_service_role' instead.
2026-05-09 22:52:34.058 10 INFO neutron.db.ovn_revision_numbers_db [None req-dd05ee90-9dec-4e72-a317-3657b1614bf0 deaa3891c6234ef2b053cf55556db10f a7f3d029523f4bc8b86336e8e87e3803 - - default default] Successfully bumped revision number for resource 1a75f138-cb4c-47fb-93c6-55674a070206 (type: security_groups) to 1
2026-05-09 22:52:34.071 10 INFO neutron.db.ovn_revision_numbers_db [None req-dd05ee90-9dec-4e72-a317-3657b1614bf0 deaa3891c6234ef2b053cf55556db10f a7f3d029523f4bc8b86336e8e87e3803 - - default default] Successfully bumped revision number for resource 7275f774-d156-4d3c-82aa-c190357ded0d (type: security_group_rules) to 0
2026-05-09 22:52:34.086 10 INFO neutron.db.ovn_revision_numbers_db [None req-dd05ee90-9dec-4e72-a317-3657b1614bf0 deaa3891c6234ef2b053cf55556db10f a7f3d029523f4bc8b86336e8e87e3803 - - default default] Successfully bumped revision number for resource ce2a022d-d5a4-4af9-914a-22c056fb0746 (type: security_group_rules) to 0
2026-05-09 22:52:34.100 10 INFO neutron.db.ovn_revision_numbers_db [None req-dd05ee90-9dec-4e72-a317-3657b1614bf0 deaa3891c6234ef2b053cf55556db10f a7f3d029523f4bc8b86336e8e87e3803 - - default default] Successfully bumped revision number for resource f051cb00-84d6-437f-8634-4c071ae31ab7 (type: security_group_rules) to 0
2026-05-09 22:52:34.111 10 INFO neutron.db.ovn_revision_numbers_db [None req-dd05ee90-9dec-4e72-a317-3657b1614bf0 deaa3891c6234ef2b053cf55556db10f a7f3d029523f4bc8b86336e8e87e3803 - - default default] Successfully bumped revision number for resource fa80f452-0b03-447d-83db-f1853ef54e77 (type: security_group_rules) to 0
2026-05-09 22:52:34.168 10 INFO neutron.db.segments_db [None req-dd05ee90-9dec-4e72-a317-3657b1614bf0 deaa3891c6234ef2b053cf55556db10f a7f3d029523f4bc8b86336e8e87e3803 - - default default] Added segment f1a0eb33-7fbc-4a78-93ed-dc7e0b731fdb of type geneve for network 505e701c-bc14-4f2f-bf7e-9c89ca28ecac
2026-05-09 22:52:34.665 9 INFO neutron.db.ovn_revision_numbers_db [None req-a8b18dd9-f8a7-4c0e-8c79-226990d16307 - - - - - -] Successfully bumped revision number for resource 0fa5d8ce-362f-469f-a850-f55e9e683d91 (type: ports) to 3
2026-05-09 22:52:34.711 10 INFO neutron.db.ovn_revision_numbers_db [None req-dd05ee90-9dec-4e72-a317-3657b1614bf0 deaa3891c6234ef2b053cf55556db10f a7f3d029523f4bc8b86336e8e87e3803 - - default default] Successfully bumped revision number for resource 505e701c-bc14-4f2f-bf7e-9c89ca28ecac (type: networks) to 1
2026-05-09 22:52:34.804 9 ERROR ovsdbapp.backend.ovs_idl.command [None req-a8b18dd9-f8a7-4c0e-8c79-226990d16307 - - - - - -] Error executing command (DbGetCommand): ovsdbapp.backend.ovs_idl.idlutils.RowNotFound: Cannot find Logical_Router_Port with name=lrp-0fa5d8ce-362f-469f-a850-f55e9e683d91
2026-05-09 22:52:34.804 9 ERROR ovsdbapp.backend.ovs_idl.command
Traceback (most recent call last):
2026-05-09 22:52:34.804 9 ERROR ovsdbapp.backend.ovs_idl.command
File "/var/lib/openstack/lib/python3.10/site-packages/ovsdbapp/backend/ovs_idl/command.py", line 47, in execute
2026-05-09 22:52:34.804 9 ERROR ovsdbapp.backend.ovs_idl.command self.run_idl(None)
2026-05-09 22:52:34.804 9 ERROR ovsdbapp.backend.ovs_idl.command
File "/var/lib/openstack/lib/python3.10/site-packages/ovsdbapp/backend/ovs_idl/command.py", line 235, in run_idl
2026-05-09 22:52:34.804 9 ERROR ovsdbapp.backend.ovs_idl.command record = self.api.lookup(self.table, self.record)
2026-05-09 22:52:34.804 9 ERROR ovsdbapp.backend.ovs_idl.command
File "/var/lib/openstack/lib/python3.10/site-packages/ovsdbapp/backend/ovs_idl/__init__.py", line 184, in lookup
2026-05-09 22:52:34.804 9 ERROR ovsdbapp.backend.ovs_idl.command return self._lookup(table, record)
2026-05-09 22:52:34.804 9 ERROR ovsdbapp.backend.ovs_idl.command
File "/var/lib/openstack/lib/python3.10/site-packages/ovsdbapp/backend/ovs_idl/__init__.py", line 235, in _lookup
2026-05-09 22:52:34.804 9 ERROR ovsdbapp.backend.ovs_idl.command row = idlutils.row_by_value(self, rl.table, rl.column, record)
2026-05-09 22:52:34.804 9 ERROR ovsdbapp.backend.ovs_idl.command
File "/var/lib/openstack/lib/python3.10/site-packages/ovsdbapp/backend/ovs_idl/idlutils.py", line 114, in row_by_value
2026-05-09 22:52:34.804 9 ERROR ovsdbapp.backend.ovs_idl.command raise RowNotFound(table=table, col=column, match=match)
2026-05-09 22:52:34.804 9 ERROR ovsdbapp.backend.ovs_idl.command ovsdbapp.backend.ovs_idl.idlutils.RowNotFound: Cannot find Logical_Router_Port with name=lrp-0fa5d8ce-362f-469f-a850-f55e9e683d91
2026-05-09 22:52:34.804 9 ERROR ovsdbapp.backend.ovs_idl.command 
2026-05-09 22:52:34.805 9 ERROR neutron_lib.callbacks.manager [None req-a8b18dd9-f8a7-4c0e-8c79-226990d16307 - - - - - -] Error during notification for neutron.services.ovn_l3.plugin.OVNL3RouterPlugin._port_update-8783339495151 port, after_update: ovsdbapp.backend.ovs_idl.idlutils.RowNotFound: Cannot find Logical_Router_Port with name=lrp-0fa5d8ce-362f-469f-a850-f55e9e683d91
2026-05-09 22:52:34.805 9 ERROR neutron_lib.callbacks.manager
Traceback (most recent call last):
2026-05-09 22:52:34.805 9 ERROR neutron_lib.callbacks.manager
File "/var/lib/openstack/lib/python3.10/site-packages/neutron_lib/callbacks/manager.py", line 189, in _notify_loop
2026-05-09 22:52:34.805 9 ERROR neutron_lib.callbacks.manager callback.method(resource, event, trigger, payload=payload)
2026-05-09 22:52:34.805 9 ERROR neutron_lib.callbacks.manager
File "/var/lib/openstack/lib/python3.10/site-packages/neutron/services/ovn_l3/plugin.py", line 391, in _port_update
2026-05-09 22:52:34.805 9 ERROR neutron_lib.callbacks.manager l3plugin._ovn_client.update_router_port(context,
2026-05-09 22:52:34.805 9 ERROR neutron_lib.callbacks.manager
File "/var/lib/openstack/lib/python3.10/site-packages/neutron/plugins/ml2/drivers/ovn/mech_driver/ovsdb/ovn_client.py", line 1878, in update_router_port
2026-05-09 22:52:34.805 9 ERROR neutron_lib.callbacks.manager self._update_lrouter_port(context, port, if_exists=if_exists,
2026-05-09 22:52:34.805 9 ERROR neutron_lib.callbacks.manager
File "/var/lib/openstack/lib/python3.10/site-packages/neutron/plugins/ml2/drivers/ovn/mech_driver/ovsdb/ovn_client.py", line 1855, in _update_lrouter_port
2026-05-09 22:52:34.805 9 ERROR neutron_lib.callbacks.manager external_ids = self._nb_idl.db_get(
2026-05-09 22:52:34.805 9 ERROR neutron_lib.callbacks.manager
File "/var/lib/openstack/lib/python3.10/site-packages/ovsdbapp/backend/ovs_idl/command.py", line 47, in execute
2026-05-09 22:52:34.805 9 ERROR neutron_lib.callbacks.manager self.run_idl(None)
2026-05-09 22:52:34.805 9 ERROR neutron_lib.callbacks.manager
File "/var/lib/openstack/lib/python3.10/site-packages/ovsdbapp/backend/ovs_idl/command.py", line 235, in run_idl
2026-05-09 22:52:34.805 9 ERROR neutron_lib.callbacks.manager record = self.api.lookup(self.table, self.record)
2026-05-09 22:52:34.805 9 ERROR neutron_lib.callbacks.manager
File "/var/lib/openstack/lib/python3.10/site-packages/ovsdbapp/backend/ovs_idl/__init__.py", line 184, in lookup
2026-05-09 22:52:34.805 9 ERROR neutron_lib.callbacks.manager return self._lookup(table, record)
2026-05-09 22:52:34.805 9 ERROR neutron_lib.callbacks.manager
File "/var/lib/openstack/lib/python3.10/site-packages/ovsdbapp/backend/ovs_idl/__init__.py", line 235, in _lookup
2026-05-09 22:52:34.805 9 ERROR neutron_lib.callbacks.manager row = idlutils.row_by_value(self, rl.table, rl.column, record)
2026-05-09 22:52:34.805 9 ERROR neutron_lib.callbacks.manager
File "/var/lib/openstack/lib/python3.10/site-packages/ovsdbapp/backend/ovs_idl/idlutils.py", line 114, in row_by_value
2026-05-09 22:52:34.805 9 ERROR neutron_lib.callbacks.manager raise RowNotFound(table=table, col=column, match=match)
