2026-05-09 22:50:59.002 9 INFO neutron.wsgi [None req-ba2325fa-f2c0-444c-a67f-7533f0fbd470 eb57b1398b4f4b74b6be106a9431ded0 6c8112d372ef4d0986f796e4ce5e42e3 - - default default] 10.0.0.189 "GET /v2.0/ports/c1ffb1ad-5971-4c81-b8d3-1598e9fc5642 HTTP/1.1" status: 200 len: 1216 time: 0.0414321
2026-05-09 22:50:59.748 9 INFO neutron.wsgi [None req-e8107798-e93e-4725-9126-3ad656f3d8df eb57b1398b4f4b74b6be106a9431ded0 6c8112d372ef4d0986f796e4ce5e42e3 - - default default] 10.0.0.189 "PUT /v2.0/routers/be2b786f-c5ec-4f48-869d-e480220def1d/remove_router_interface HTTP/1.1" status: 200 len: 503 time: 0.7421522 /var/lib/openstack/lib/python3.10/site-packages/pycadf/identifier.py:71: UserWarning: Invalid uuid: neutron. To ensure interoperability, identifiers should be a valid uuid. warnings.warn(('Invalid uuid: %s. To ensure interoperability, '
2026-05-09 22:50:59.824 9 INFO neutron.api.v2.resource [None req-4b6649cc-6809-42d9-afc0-71b69554006a eb57b1398b4f4b74b6be106a9431ded0 6c8112d372ef4d0986f796e4ce5e42e3 - - default default] remove_router_interface failed (client error): The resource could not be found.
2026-05-09 22:50:59.825 9 INFO neutron.wsgi [None req-4b6649cc-6809-42d9-afc0-71b69554006a eb57b1398b4f4b74b6be106a9431ded0 6c8112d372ef4d0986f796e4ce5e42e3 - - default default] 10.0.0.189 "PUT /v2.0/routers/be2b786f-c5ec-4f48-869d-e480220def1d/remove_router_interface HTTP/1.1" status: 404 len: 398 time: 0.0724611
2026-05-09 22:50:59.852 10 INFO neutron.wsgi [None req-28317755-deb1-4505-84b6-2701a35c766b eb57b1398b4f4b74b6be106a9431ded0 6c8112d372ef4d0986f796e4ce5e42e3 - - default default] 10.0.0.189 "GET /v2.0/ports?device_id=be2b786f-c5ec-4f48-869d-e480220def1d HTTP/1.1" status: 200 len: 205 time: 0.0206110
2026-05-09 22:50:59.871 9 INFO neutron.wsgi [req-cf6fe84e-c079-4321-b095-da0ce894242c req-5ddd5571-e030-4942-bd8b-157cbc316ae1 84cb5b15cb144644a3427948df88328a 00134fc5e5b24348b36332f369a0f83c - - default default] 10.0.0.184 "GET /v2.0/ports?device_id=8bb59ba2-b00a-46b3-90f2-af3eee9a70e7 HTTP/1.1" status: 200 len: 1168 time: 0.0442677
2026-05-09 22:50:59.933 9 INFO neutron.wsgi [req-cf6fe84e-c079-4321-b095-da0ce894242c req-89660597-35fb-42cf-ac32-87611db03f08 84cb5b15cb144644a3427948df88328a 00134fc5e5b24348b36332f369a0f83c - - default default] 10.0.0.184 "GET /v2.0/security-groups?id=404a1c85-41d6-4525-b53f-6e1081273ab7&fields=id&fields=name HTTP/1.1" status: 200 len: 286 time: 0.0532389
2026-05-09 22:51:00.069 10 INFO neutron.wsgi [None req-2d007011-38c8-48cb-a0b0-81fff38fb608 eb57b1398b4f4b74b6be106a9431ded0 6c8112d372ef4d0986f796e4ce5e42e3 - - default default] 10.0.0.189 "DELETE /v2.0/routers/be2b786f-c5ec-4f48-869d-e480220def1d HTTP/1.1" status: 204 len: 168 time: 0.2117591
2026-05-09 22:51:00.255 10 INFO neutron.wsgi [None req-1c01ba80-ccf9-4d38-8834-a23515c515af eb57b1398b4f4b74b6be106a9431ded0 6c8112d372ef4d0986f796e4ce5e42e3 - - default default] 10.0.0.189 "DELETE /v2.0/subnets/8a86c63b-eb99-4dce-a126-b746fabb1d2e HTTP/1.1" status: 204 len: 168 time: 0.1806796
2026-05-09 22:51:00.622 10 INFO neutron.services.segments.plugin [-] Segment 9430d622-79ae-4ae7-b280-f8e21e7cff25 resource provider aggregate not found
2026-05-09 22:51:00.631 10 INFO neutron.services.segments.plugin [-] Segment 9430d622-79ae-4ae7-b280-f8e21e7cff25 resource provider aggregate not found
2026-05-09 22:51:00.646 10 INFO neutron.services.segments.plugin [-] Segment 9430d622-79ae-4ae7-b280-f8e21e7cff25 resource provider not found; error: Placement Client Error (4xx): {"errors": [{"status": 404, "title": "Not Found", "detail": "The resource could not be found.\n\n No resource provider with uuid 9430d622-79ae-4ae7-b280-f8e21e7cff25 found for delete ", "request_id": "req-0b225707-5116-4125-9566-a31806f9286e"}]}
2026-05-09 22:51:00.660 10 INFO neutron.services.segments.plugin [-] Segment 9430d622-79ae-4ae7-b280-f8e21e7cff25 resource provider not found; error: Placement Client Error (4xx): {"errors": [{"status": 404, "title": "Not Found", "detail": "The resource could not be found.\n\n No resource provider with uuid 9430d622-79ae-4ae7-b280-f8e21e7cff25 found for delete ", "request_id": "req-adaaf3e3-d968-4860-bc29-0e39a1cb69b7"}]}
2026-05-09 22:51:00.724 10 INFO neutron.wsgi [None req-01dc6571-dc7c-43f3-966b-006c69307067 eb57b1398b4f4b74b6be106a9431ded0 6c8112d372ef4d0986f796e4ce5e42e3 - - default default] 10.0.0.189 "DELETE /v2.0/networks/1baef46b-e58f-4402-9605-af1a9fa8230a HTTP/1.1" status: 204 len: 168 time: 0.4642353
2026-05-09 22:51:00.735 9 WARNING neutron_lib.context [None req-7ffff8cf-6a0e-4984-9f1e-4f1dac9f4a4b eb57b1398b4f4b74b6be106a9431ded0 6c8112d372ef4d0986f796e4ce5e42e3 - - default default] Method 'is_advsvc' is deprecated since 2023.2 release (neutron-lib 3.8.0) and will be removed once support for the old RBAC API policies will be removed from Neutron. Please use method 'is_service_role' instead.
2026-05-09 22:51:00.841 9 INFO neutron.db.segments_db [None req-7ffff8cf-6a0e-4984-9f1e-4f1dac9f4a4b eb57b1398b4f4b74b6be106a9431ded0 6c8112d372ef4d0986f796e4ce5e42e3 - - default default] Added segment 8d8ed124-3ba6-40fc-9802-08c9651bfe63 of type geneve for network 698ce795-ef3b-48ad-9415-fc2ffdc174a9
2026-05-09 22:51:01.063 9 INFO neutron.db.ovn_revision_numbers_db [None req-7ffff8cf-6a0e-4984-9f1e-4f1dac9f4a4b eb57b1398b4f4b74b6be106a9431ded0 6c8112d372ef4d0986f796e4ce5e42e3 - - default default] Successfully bumped revision number for resource 698ce795-ef3b-48ad-9415-fc2ffdc174a9 (type: networks) to 1
2026-05-09 22:51:01.114 10 WARNING neutron_lib.context [None req-314036d4-e1f3-46fc-b062-edce758ff013 1d8bdb7af4c645209bb7e3b1ffa07800 73b2cc6372c74d96b026eb556773cda0 - - default default] Method 'is_advsvc' is deprecated since 2023.2 release (neutron-lib 3.8.0) and will be removed once support for the old RBAC API policies will be removed from Neutron. Please use method 'is_service_role' instead.
2026-05-09 22:51:01.198 9 INFO neutron.wsgi [req-6cbcc168-68c9-4470-9455-0d92dd12523d req-2ea2cf11-00b3-4cc3-a612-4ca88bb13a0f 84cb5b15cb144644a3427948df88328a 00134fc5e5b24348b36332f369a0f83c - - default default] 10.0.0.184 "GET /v2.0/ports?device_id=8bb59ba2-b00a-46b3-90f2-af3eee9a70e7 HTTP/1.1" status: 200 len: 1168 time: 0.1792221
2026-05-09 22:51:01.256 10 INFO neutron.db.ovn_revision_numbers_db [None req-314036d4-e1f3-46fc-b062-edce758ff013 1d8bdb7af4c645209bb7e3b1ffa07800 73b2cc6372c74d96b026eb556773cda0 - - default default] Successfully bumped revision number for resource 4d820f0c-03e2-4409-86ec-ede91bdb294c (type: security_groups) to 1
2026-05-09 22:51:01.273 10 INFO neutron.db.ovn_revision_numbers_db [None req-314036d4-e1f3-46fc-b062-edce758ff013 1d8bdb7af4c645209bb7e3b1ffa07800 73b2cc6372c74d96b026eb556773cda0 - - default default] Successfully bumped revision number for resource 30895a1d-718d-4369-bbf5-bbd2db09da82 (type: security_group_rules) to 0
2026-05-09 22:51:01.280 9 INFO neutron.wsgi [req-6cbcc168-68c9-4470-9455-0d92dd12523d req-4bec58e2-3a5a-43af-9c90-c774b6a3d1d0 84cb5b15cb144644a3427948df88328a 00134fc5e5b24348b36332f369a0f83c - - default default] 10.0.0.184 "GET /v2.0/security-groups?id=404a1c85-41d6-4525-b53f-6e1081273ab7&fields=id&fields=name HTTP/1.1" status: 200 len: 286 time: 0.0753143
2026-05-09 22:51:01.288 10 INFO neutron.db.ovn_revision_numbers_db [None req-314036d4-e1f3-46fc-b062-edce758ff013 1d8bdb7af4c645209bb7e3b1ffa07800 73b2cc6372c74d96b026eb556773cda0 - - default default] Successfully bumped revision number for resource c72a6244-6711-4d7d-b3fa-cda7a0b1c503 (type: security_group_rules) to 0
2026-05-09 22:51:01.301 10 INFO neutron.db.ovn_revision_numbers_db [None req-314036d4-e1f3-46fc-b062-edce758ff013 1d8bdb7af4c645209bb7e3b1ffa07800 73b2cc6372c74d96b026eb556773cda0 - - default default] Successfully bumped revision number for resource e1fa4d87-8599-4a6d-9f4a-a58e9fe4d39e (type: security_group_rules) to 0
2026-05-09 22:51:01.315 10 INFO neutron.db.ovn_revision_numbers_db [None req-314036d4-e1f3-46fc-b062-edce758ff013 1d8bdb7af4c645209bb7e3b1ffa07800 73b2cc6372c74d96b026eb556773cda0 - - default default] Successfully bumped revision number for resource e3361ed7-ff13-42a7-9202-8de1a18522bf (type: security_group_rules) to 0
2026-05-09 22:51:01.353 9 WARNING neutron.scheduler.dhcp_agent_scheduler [None req-7ffff8cf-6a0e-4984-9f1e-4f1dac9f4a4b eb57b1398b4f4b74b6be106a9431ded0 6c8112d372ef4d0986f796e4ce5e42e3 - - default default] No more DHCP agents
2026-05-09 22:51:01.355 9 WARNING neutron.api.rpc.agentnotifiers.dhcp_rpc_agent_api [None req-7ffff8cf-6a0e-4984-9f1e-4f1dac9f4a4b eb57b1398b4f4b74b6be106a9431ded0 6c8112d372ef4d0986f796e4ce5e42e3 - - default default] Unable to schedule network 698ce795-ef3b-48ad-9415-fc2ffdc174a9: no agents available; will retry on subsequent port and subnet creation events.
2026-05-09 22:51:01.366 10 INFO neutron.db.segments_db [None req-314036d4-e1f3-46fc-b062-edce758ff013 1d8bdb7af4c645209bb7e3b1ffa07800 73b2cc6372c74d96b026eb556773cda0 - - default default] Added segment 55bae83e-9d1a-4b9c-a72a-96cf50435904 of type geneve for network d65ea826-7a2a-4771-be7b-ede16d12f33f
2026-05-09 22:51:01.457 9 INFO neutron.db.ovn_revision_numbers_db [None req-7ffff8cf-6a0e-4984-9f1e-4f1dac9f4a4b eb57b1398b4f4b74b6be106a9431ded0 6c8112d372ef4d0986f796e4ce5e42e3 - - default default] Successfully bumped revision number for resource 8b6c8eef-32e8-4923-9ce0-4a69979bd159 (type: ports) to 1
2026-05-09 22:51:01.482 9 INFO neutron.wsgi [None req-7ffff8cf-6a0e-4984-9f1e-4f1dac9f4a4b eb57b1398b4f4b74b6be106a9431ded0 6c8112d372ef4d0986f796e4ce5e42e3 - - default default] 10.0.0.189 "POST /v2.0/networks HTTP/1.1" status: 201 len: 833 time: 0.7528658
2026-05-09 22:51:01.493 9 WARNING neutron_lib.context [None req-ad4c796c-403d-44ec-bb92-1249ce013b12 eb57b1398b4f4b74b6be106a9431ded0 6c8112d372ef4d0986f796e4ce5e42e3 - - default default] Method 'is_advsvc' is deprecated since 2023.2 release (neutron-lib 3.8.0) and will be removed once support for the old RBAC API policies will be removed from Neutron. Please use method 'is_service_role' instead.
2026-05-09 22:51:01.496 10 WARNING neutron.plugins.ml2.drivers.ovn.mech_driver.ovsdb.ovn_client [None req-d9958fd4-08c2-4d53-9265-7b981d8368f2 - - - - - -] No hosting information found for port 5b44e5c8-c92d-4c7b-9892-28fdad8bf7d9: RuntimeError: No hosting information found for port 5b44e5c8-c92d-4c7b-9892-28fdad8bf7d9
2026-05-09 22:51:01.496 10 INFO neutron.plugins.ml2.drivers.ovn.mech_driver.mech_driver [None req-d9958fd4-08c2-4d53-9265-7b981d8368f2 - - - - - -] OVN reports status up for port: 7e1e0f64-9f58-45ae-b259-feaa0ba03754
2026-05-09 22:51:01.520 10 INFO neutron.plugins.ml2.plugin [None req-d9958fd4-08c2-4d53-9265-7b981d8368f2 - - - - - -] Attempt 1 to provision port 7e1e0f64-9f58-45ae-b259-feaa0ba03754
2026-05-09 22:51:01.544 10 INFO neutron.db.ovn_revision_numbers_db [None req-314036d4-e1f3-46fc-b062-edce758ff013 1d8bdb7af4c645209bb7e3b1ffa07800 73b2cc6372c74d96b026eb556773cda0 - - default default] Successfully bumped revision number for resource d65ea826-7a2a-4771-be7b-ede16d12f33f (type: networks) to 1
2026-05-09 22:51:01.723 10 INFO neutron.notifiers.nova [-] Nova event matching ['req-84693523-4ef0-4ef0-9bff-1295269b760a'] response: {'server_uuid': '8bb59ba2-b00a-46b3-90f2-af3eee9a70e7', 'name': 'network-vif-plugged', 'status': 'completed', 'tag': '7e1e0f64-9f58-45ae-b259-feaa0ba03754', 'code': 200}
2026-05-09 22:51:01.780 9 WARNING neutron.scheduler.dhcp_agent_scheduler [None req-ad4c796c-403d-44ec-bb92-1249ce013b12 eb57b1398b4f4b74b6be106a9431ded0 6c8112d372ef4d0986f796e4ce5e42e3 - - default default] No more DHCP agents
2026-05-09 22:51:01.782 9 WARNING neutron.api.rpc.agentnotifiers.dhcp_rpc_agent_api [None req-ad4c796c-403d-44ec-bb92-1249ce013b12 eb57b1398b4f4b74b6be106a9431ded0 6c8112d372ef4d0986f796e4ce5e42e3 - - default default] Unable to schedule network 698ce795-ef3b-48ad-9415-fc2ffdc174a9: no agents available; will retry on subsequent port and subnet creation events.
2026-05-09 22:51:01.816 10 WARNING neutron.scheduler.dhcp_agent_scheduler [None req-314036d4-e1f3-46fc-b062-edce758ff013 1d8bdb7af4c645209bb7e3b1ffa07800 73b2cc6372c74d96b026eb556773cda0 - - default default] No more DHCP agents
2026-05-09 22:51:01.819 10 WARNING neutron.api.rpc.agentnotifiers.dhcp_rpc_agent_api [None req-314036d4-e1f3-46fc-b062-edce758ff013 1d8bdb7af4c645209bb7e3b1ffa07800 73b2cc6372c74d96b026eb556773cda0 - - default default] Unable to schedule network d65ea826-7a2a-4771-be7b-ede16d12f33f: no agents available; will retry on subsequent port and subnet creation events.
2026-05-09 22:51:01.823 9 INFO neutron.db.ovn_revision_numbers_db [None req-ad4c796c-403d-44ec-bb92-1249ce013b12 eb57b1398b4f4b74b6be106a9431ded0 6c8112d372ef4d0986f796e4ce5e42e3 - - default default] Successfully bumped revision number for resource 6fd77b7f-64ca-43b1-b675-f1ef4a51df55 (type: subnets) to 0
2026-05-09 22:51:01.840 9 INFO neutron.wsgi [None req-ad4c796c-403d-44ec-bb92-1249ce013b12 eb57b1398b4f4b74b6be106a9431ded0 6c8112d372ef4d0986f796e4ce5e42e3 - - default default] 10.0.0.189 "POST /v2.0/subnets HTTP/1.1" status: 201 len: 821 time: 0.3530023
2026-05-09 22:51:01.851 9 WARNING neutron_lib.context [None req-0505de29-740f-4b7b-9f32-5b241d23ce51 eb57b1398b4f4b74b6be106a9431ded0 6c8112d372ef4d0986f796e4ce5e42e3 - - default default] Method 'is_advsvc' is deprecated since 2023.2 release (neutron-lib 3.8.0) and will be removed once support for the old RBAC API policies will be removed from Neutron. Please use method 'is_service_role' instead.
2026-05-09 22:51:01.919 10 INFO neutron.db.ovn_revision_numbers_db [None req-314036d4-e1f3-46fc-b062-edce758ff013 1d8bdb7af4c645209bb7e3b1ffa07800 73b2cc6372c74d96b026eb556773cda0 - - default default] Successfully bumped revision number for resource 88d85bf5-ae6a-4bba-b152-22e9fc5e10c6 (type: ports) to 1
2026-05-09 22:51:01.921 10 INFO neutron.db.ovn_revision_numbers_db [None req-d9958fd4-08c2-4d53-9265-7b981d8368f2 - - - - - -] Successfully bumped revision number for resource 7e1e0f64-9f58-45ae-b259-feaa0ba03754 (type: ports) to 4
2026-05-09 22:51:01.963 10 INFO neutron.wsgi [None req-314036d4-e1f3-46fc-b062-edce758ff013 1d8bdb7af4c645209bb7e3b1ffa07800 73b2cc6372c74d96b026eb556773cda0 - - default default] 10.0.0.189 "POST /v2.0/networks HTTP/1.1" status: 201 len: 831 time: 1.0327559
2026-05-09 22:51:01.978 9 WARNING neutron_lib.context [None req-5eaed253-39fe-4e12-8bd3-21a3f175e964 1d8bdb7af4c645209bb7e3b1ffa07800 73b2cc6372c74d96b026eb556773cda0 - - default default] Method 'is_advsvc' is deprecated since 2023.2 release (neutron-lib 3.8.0) and will be removed once support for the old RBAC API policies will be removed from Neutron. Please use method 'is_service_role' instead.
2026-05-09 22:51:02.017 9 INFO neutron.db.ovn_revision_numbers_db [None req-0505de29-740f-4b7b-9f32-5b241d23ce51 eb57b1398b4f4b74b6be106a9431ded0 6c8112d372ef4d0986f796e4ce5e42e3 - - default default] Successfully bumped revision number for resource 40d6878c-3525-4a2b-bb6c-73c296057ac9 (type: routers) to 1
2026-05-09 22:51:02.062 9 INFO neutron.wsgi [None req-0505de29-740f-4b7b-9f32-5b241d23ce51 eb57b1398b4f4b74b6be106a9431ded0 6c8112d372ef4d0986f796e4ce5e42e3 - - default default] 10.0.0.189 "POST /v2.0/routers HTTP/1.1" status: 201 len: 806 time: 0.2183266 /var/lib/openstack/lib/python3.10/site-packages/pycadf/identifier.py:71: UserWarning: Invalid uuid: neutron. To ensure interoperability, identifiers should be a valid uuid. warnings.warn(('Invalid uuid: %s. To ensure interoperability, '
2026-05-09 22:51:02.290 9 WARNING neutron.scheduler.dhcp_agent_scheduler [None req-5eaed253-39fe-4e12-8bd3-21a3f175e964 1d8bdb7af4c645209bb7e3b1ffa07800 73b2cc6372c74d96b026eb556773cda0 - - default default] No more DHCP agents
2026-05-09 22:51:02.293 9 WARNING neutron.api.rpc.agentnotifiers.dhcp_rpc_agent_api [None req-5eaed253-39fe-4e12-8bd3-21a3f175e964 1d8bdb7af4c645209bb7e3b1ffa07800 73b2cc6372c74d96b026eb556773cda0 - - default default] Unable to schedule network d65ea826-7a2a-4771-be7b-ede16d12f33f: no agents available; will retry on subsequent port and subnet creation events. /var/lib/openstack/lib/python3.10/site-packages/pycadf/identifier.py:71: UserWarning: Invalid uuid: neutron. To ensure interoperability, identifiers should be a valid uuid. warnings.warn(('Invalid uuid: %s. To ensure interoperability, '
2026-05-09 22:51:02.388 9 INFO neutron.wsgi [req-a43def8e-3ac5-4e14-9070-46ba3c9e7f50 req-052a55d7-b0f8-40bf-aad0-889e02082684 84cb5b15cb144644a3427948df88328a 00134fc5e5b24348b36332f369a0f83c - - default default] 10.0.0.184 "GET /v2.0/ports?device_id=8bb59ba2-b00a-46b3-90f2-af3eee9a70e7 HTTP/1.1" status: 200 len: 1170 time: 0.0440249
2026-05-09 22:51:02.400 9 INFO neutron.db.ovn_revision_numbers_db [None req-5eaed253-39fe-4e12-8bd3-21a3f175e964 1d8bdb7af4c645209bb7e3b1ffa07800 73b2cc6372c74d96b026eb556773cda0 - - default default] Successfully bumped revision number for resource c3b79636-63d2-47a0-96ad-4df2750eb169 (type: ports) to 1
2026-05-09 22:51:02.436 9 INFO neutron.wsgi [None req-5eaed253-39fe-4e12-8bd3-21a3f175e964 1d8bdb7af4c645209bb7e3b1ffa07800 73b2cc6372c74d96b026eb556773cda0 - - default default] 10.0.0.189 "POST /v2.0/ports HTTP/1.1" status: 201 len: 942 time: 0.4640021
2026-05-09 22:51:02.441 9 INFO neutron.wsgi [req-a43def8e-3ac5-4e14-9070-46ba3c9e7f50 req-1797fb51-3a8c-424c-b24a-3ca9c604da90 84cb5b15cb144644a3427948df88328a 00134fc5e5b24348b36332f369a0f83c - - default default] 10.0.0.184 "GET /v2.0/security-groups?id=404a1c85-41d6-4525-b53f-6e1081273ab7&fields=id&fields=name HTTP/1.1" status: 200 len: 286 time: 0.0464902
2026-05-09 22:51:02.448 10 WARNING neutron_lib.context [None req-a8e0f1a7-d206-4b95-b155-9ebf702fa118 1d8bdb7af4c645209bb7e3b1ffa07800 73b2cc6372c74d96b026eb556773cda0 - - default default] Method 'is_advsvc' is deprecated since 2023.2 release (neutron-lib 3.8.0) and will be removed once support for the old RBAC API policies will be removed from Neutron. Please use method 'is_service_role' instead.
2026-05-09 22:51:02.759 10 WARNING neutron.scheduler.dhcp_agent_scheduler [None req-dffd88d2-b810-43b2-b8c2-1cdbc3ae31ed eb57b1398b4f4b74b6be106a9431ded0 6c8112d372ef4d0986f796e4ce5e42e3 - - default default] No more DHCP agents
2026-05-09 22:51:02.760 10 INFO neutron.plugins.ml2.drivers.ovn.mech_driver.mech_driver [None req-d9958fd4-08c2-4d53-9265-7b981d8368f2 - - - - - -] OVN reports status down for port: 7e1e0f64-9f58-45ae-b259-feaa0ba03754
2026-05-09 22:51:02.771 10 WARNING neutron.api.rpc.agentnotifiers.dhcp_rpc_agent_api [None req-dffd88d2-b810-43b2-b8c2-1cdbc3ae31ed eb57b1398b4f4b74b6be106a9431ded0 6c8112d372ef4d0986f796e4ce5e42e3 - - default default] Unable to schedule network 698ce795-ef3b-48ad-9415-fc2ffdc174a9: no agents available; will retry on subsequent port and subnet creation events.
2026-05-09 22:51:02.798 10 INFO neutron.wsgi [None req-a8e0f1a7-d206-4b95-b155-9ebf702fa118 1d8bdb7af4c645209bb7e3b1ffa07800 73b2cc6372c74d96b026eb556773cda0 - - default default] 10.0.0.189 "POST /v2.0/trunks HTTP/1.1" status: 201 len: 608 time: 0.3558326
2026-05-09 22:51:02.814 10 WARNING neutron_lib.context [None req-d48fb693-9abf-4930-a20c-162697914b4b 1d8bdb7af4c645209bb7e3b1ffa07800 73b2cc6372c74d96b026eb556773cda0 - - default default] Method 'is_advsvc' is deprecated since 2023.2 release (neutron-lib 3.8.0) and will be removed once support for the old RBAC API policies will be removed from Neutron. Please use method 'is_service_role' instead.
2026-05-09 22:51:02.833 10 INFO neutron.wsgi [req-97320d00-afa8-4d23-a2d1-a20f9fd7b633 req-215ac91b-03d7-4bbb-84c0-cd2e6461c572 84cb5b15cb144644a3427948df88328a 00134fc5e5b24348b36332f369a0f83c - - default default] 10.0.0.184 "GET /v2.0/ports?device_id=8bb59ba2-b00a-46b3-90f2-af3eee9a70e7 HTTP/1.1" status: 200 len: 1170 time: 0.0907044
2026-05-09 22:51:02.945 10 INFO neutron.wsgi [req-97320d00-afa8-4d23-a2d1-a20f9fd7b633 req-7086d446-6b77-4788-9193-004b5de63262 84cb5b15cb144644a3427948df88328a 00134fc5e5b24348b36332f369a0f83c - - default default] 10.0.0.184 "GET /v2.0/security-groups?id=404a1c85-41d6-4525-b53f-6e1081273ab7&fields=id&fields=name HTTP/1.1" status: 200 len: 286 time: 0.1052094
2026-05-09 22:51:02.987 10 INFO neutron.db.segments_db [None req-d48fb693-9abf-4930-a20c-162697914b4b 1d8bdb7af4c645209bb7e3b1ffa07800 73b2cc6372c74d96b026eb556773cda0 - - default default] Added segment 1784fd32-6ded-4215-b18f-ba8db6c36d6b of type geneve for network 4713f2c8-1b9c-445e-be93-819316f6a6f2
2026-05-09 22:51:03.004 10 INFO neutron.db.ovn_revision_numbers_db [None req-dffd88d2-b810-43b2-b8c2-1cdbc3ae31ed eb57b1398b4f4b74b6be106a9431ded0 6c8112d372ef4d0986f796e4ce5e42e3 - - default default] Successfully bumped revision number for resource 4b880675-d137-4bec-bc3a-33ef5c73686f (type: ports) to 1
2026-05-09 22:51:03.086 9 INFO neutron.wsgi [req-2994bc51-2821-481e-9b75-62dedb52508a req-477982ab-8795-45ca-bb51-1e63d7aae0ed 84cb5b15cb144644a3427948df88328a 00134fc5e5b24348b36332f369a0f83c - - default default] 199.204.45.19 "GET /v2.0/ports?device_id=8bb59ba2-b00a-46b3-90f2-af3eee9a70e7 HTTP/1.1" status: 200 len: 1168 time: 0.0429275
2026-05-09 22:51:03.225 10 INFO neutron.db.ovn_revision_numbers_db [None req-d48fb693-9abf-4930-a20c-162697914b4b 1d8bdb7af4c645209bb7e3b1ffa07800 73b2cc6372c74d96b026eb556773cda0 - - default default] Successfully bumped revision number for resource 4713f2c8-1b9c-445e-be93-819316f6a6f2 (type: networks) to 1
2026-05-09 22:51:03.323 10 INFO neutron.db.ovn_revision_numbers_db [None req-d9958fd4-08c2-4d53-9265-7b981d8368f2 - - - - - -] Successfully bumped revision number for resource 7e1e0f64-9f58-45ae-b259-feaa0ba03754 (type: ports) to 5
2026-05-09 22:51:03.397 9 INFO neutron.wsgi [req-2994bc51-2821-481e-9b75-62dedb52508a req-b4737d38-a22c-4791-893c-636d07901bcc 84cb5b15cb144644a3427948df88328a 00134fc5e5b24348b36332f369a0f83c - - default default] 199.204.45.19 "DELETE /v2.0/ports/7e1e0f64-9f58-45ae-b259-feaa0ba03754 HTTP/1.1" status: 204 len: 173 time: 0.3057125
2026-05-09 22:51:03.433 9 INFO neutron.notifiers.nova [-] Nova event matching ['req-73a97c9f-1d98-4d41-a693-78b82c16def3'] response: {'server_uuid': '8bb59ba2-b00a-46b3-90f2-af3eee9a70e7', 'name': 'network-vif-deleted', 'tag': '7e1e0f64-9f58-45ae-b259-feaa0ba03754', 'status': 'completed', 'code': 200}
2026-05-09 22:51:03.503 10 WARNING neutron.scheduler.dhcp_agent_scheduler [None req-d48fb693-9abf-4930-a20c-162697914b4b 1d8bdb7af4c645209bb7e3b1ffa07800 73b2cc6372c74d96b026eb556773cda0 - - default default] No more DHCP agents
2026-05-09 22:51:03.507 10 WARNING neutron.api.rpc.agentnotifiers.dhcp_rpc_agent_api [None req-d48fb693-9abf-4930-a20c-162697914b4b 1d8bdb7af4c645209bb7e3b1ffa07800 73b2cc6372c74d96b026eb556773cda0 - - default default] Unable to schedule network 4713f2c8-1b9c-445e-be93-819316f6a6f2: no agents available; will retry on subsequent port and subnet creation events.
2026-05-09 22:51:03.557 9 WARNING neutron.plugins.ml2.drivers.ovn.mech_driver.ovsdb.ovn_client [None req-a8b18dd9-f8a7-4c0e-8c79-226990d16307 - - - - - -] No port found with ID c1ffb1ad-5971-4c81-b8d3-1598e9fc5642: RuntimeError: No port found with ID c1ffb1ad-5971-4c81-b8d3-1598e9fc5642
2026-05-09 22:51:03.659 9 INFO neutron.db.ovn_revision_numbers_db [None req-6ffe64e4-dbed-44bb-8b62-78a754aafb6a e63ab23ec7d6481db4b758a6d2e5ffd9 3aee92eba8c04df6ba82301477145736 - - default default] Successfully bumped revision number for resource 13fa7686-aa68-4044-9308-1699f597d632 (type: security_groups) to 1
2026-05-09 22:51:03.676 9 INFO neutron.db.ovn_revision_numbers_db [None req-6ffe64e4-dbed-44bb-8b62-78a754aafb6a e63ab23ec7d6481db4b758a6d2e5ffd9 3aee92eba8c04df6ba82301477145736 - - default default] Successfully bumped revision number for resource 5eb2e065-9c5c-4428-83d3-2f5069a3ba5e (type: security_group_rules) to 0
2026-05-09 22:51:03.694 9 INFO neutron.db.ovn_revision_numbers_db [None req-6ffe64e4-dbed-44bb-8b62-78a754aafb6a e63ab23ec7d6481db4b758a6d2e5ffd9 3aee92eba8c04df6ba82301477145736 - - default default] Successfully bumped revision number for resource 687cfc11-ab3f-420a-aac3-0532ff766bff (type: security_group_rules) to 0
2026-05-09 22:51:03.716 9 INFO neutron.db.ovn_revision_numbers_db [None req-6ffe64e4-dbed-44bb-8b62-78a754aafb6a e63ab23ec7d6481db4b758a6d2e5ffd9 3aee92eba8c04df6ba82301477145736 - - default default] Successfully bumped revision number for resource a9534d9c-5eaf-47bd-bcef-6db65b82828c (type: security_group_rules) to 0
2026-05-09 22:51:03.732 9 INFO neutron.db.ovn_revision_numbers_db [None req-6ffe64e4-dbed-44bb-8b62-78a754aafb6a e63ab23ec7d6481db4b758a6d2e5ffd9 3aee92eba8c04df6ba82301477145736 - - default default] Successfully bumped revision number for resource ab13c776-fef6-447b-a602-623a9ccd178e (type: security_group_rules) to 0
2026-05-09 22:51:03.757 9 INFO neutron.wsgi [None req-6ffe64e4-dbed-44bb-8b62-78a754aafb6a e63ab23ec7d6481db4b758a6d2e5ffd9 3aee92eba8c04df6ba82301477145736 - - default default] 10.0.0.189 "GET /v2.0/security-groups?tenant_id=40fc6334b84746e5aa5c00658e8054ec&name=default HTTP/1.1" status: 200 len: 3120 time: 0.4033265
2026-05-09 22:51:03.774 10 INFO neutron.notifiers.nova [-] Nova event matching ['req-848bae4e-dfbd-495e-a75d-3a92b5bc7537'] response: {'server_uuid': '8bb59ba2-b00a-46b3-90f2-af3eee9a70e7', 'name': 'network-vif-plugged', 'status': 'completed', 'tag': '7e1e0f64-9f58-45ae-b259-feaa0ba03754', 'code': 200}
2026-05-09 22:51:03.775 10 INFO neutron.notifiers.nova [-] Nova event matching ['req-848bae4e-dfbd-495e-a75d-3a92b5bc7537'] response: {'server_uuid': '8bb59ba2-b00a-46b3-90f2-af3eee9a70e7', 'name': 'network-vif-unplugged', 'status': 'completed', 'tag': '7e1e0f64-9f58-45ae-b259-feaa0ba03754', 'code': 200}
2026-05-09 22:51:03.775 10 INFO neutron.notifiers.nova [-] Nova event matching ['req-848bae4e-dfbd-495e-a75d-3a92b5bc7537'] response: {'server_uuid': '8bb59ba2-b00a-46b3-90f2-af3eee9a70e7', 'name': 'network-vif-unplugged', 'status': 'completed', 'tag': '7e1e0f64-9f58-45ae-b259-feaa0ba03754', 'code': 200}
2026-05-09 22:51:03.868 10 INFO neutron.db.ovn_revision_numbers_db [None req-d48fb693-9abf-4930-a20c-162697914b4b 1d8bdb7af4c645209bb7e3b1ffa07800 73b2cc6372c74d96b026eb556773cda0 - - default default] Successfully bumped revision number for resource dcd48b16-7673-49a4-8ff5-607e358bc5a6 (type: ports) to 1
2026-05-09 22:51:03.919 10 INFO neutron.wsgi [None req-d48fb693-9abf-4930-a20c-162697914b4b 1d8bdb7af4c645209bb7e3b1ffa07800 73b2cc6372c74d96b026eb556773cda0 - - default default] 10.0.0.189 "POST /v2.0/networks HTTP/1.1" status: 201 len: 831 time: 1.1136360
2026-05-09 22:51:03.933 9 WARNING neutron_lib.context [None req-8b708b9e-6dfa-4e75-8f45-8e618bf55ff3 1d8bdb7af4c645209bb7e3b1ffa07800 73b2cc6372c74d96b026eb556773cda0 - - default default] Method 'is_advsvc' is deprecated since 2023.2 release (neutron-lib 3.8.0) and will be removed once support for the old RBAC API policies will be removed from Neutron. Please use method 'is_service_role' instead.
2026-05-09 22:51:03.936 10 ERROR ovsdbapp.backend.ovs_idl.command [None req-dffd88d2-b810-43b2-b8c2-1cdbc3ae31ed eb57b1398b4f4b74b6be106a9431ded0 6c8112d372ef4d0986f796e4ce5e42e3 - - default default] Error executing command (DbGetCommand): ovsdbapp.backend.ovs_idl.idlutils.RowNotFound: Cannot find Logical_Router_Port with name=lrp-4b880675-d137-4bec-bc3a-33ef5c73686f
2026-05-09 22:51:03.936 10 ERROR ovsdbapp.backend.ovs_idl.command
Traceback (most recent call last):
2026-05-09 22:51:03.936 10 ERROR ovsdbapp.backend.ovs_idl.command
File "/var/lib/openstack/lib/python3.10/site-packages/ovsdbapp/backend/ovs_idl/command.py", line 47, in execute
2026-05-09 22:51:03.936 10 ERROR ovsdbapp.backend.ovs_idl.command self.run_idl(None)
2026-05-09 22:51:03.936 10 ERROR ovsdbapp.backend.ovs_idl.command
File "/var/lib/openstack/lib/python3.10/site-packages/ovsdbapp/backend/ovs_idl/command.py", line 235, in run_idl
2026-05-09 22:51:03.936 10 ERROR ovsdbapp.backend.ovs_idl.command record = self.api.lookup(self.table, self.record)
2026-05-09 22:51:03.936 10 ERROR ovsdbapp.backend.ovs_idl.command
File "/var/lib/openstack/lib/python3.10/site-packages/ovsdbapp/backend/ovs_idl/__init__.py", line 184, in lookup
2026-05-09 22:51:03.936 10 ERROR ovsdbapp.backend.ovs_idl.command return self._lookup(table, record)
2026-05-09 22:51:03.936 10 ERROR ovsdbapp.backend.ovs_idl.command
File "/var/lib/openstack/lib/python3.10/site-packages/ovsdbapp/backend/ovs_idl/__init__.py", line 235, in _lookup
2026-05-09 22:51:03.936 10 ERROR ovsdbapp.backend.ovs_idl.command row = idlutils.row_by_value(self, rl.table, rl.column, record)
2026-05-09 22:51:03.936 10 ERROR ovsdbapp.backend.ovs_idl.command
File "/var/lib/openstack/lib/python3.10/site-packages/ovsdbapp/backend/ovs_idl/idlutils.py", line 114, in row_by_value
2026-05-09 22:51:03.936 10 ERROR ovsdbapp.backend.ovs_idl.command raise RowNotFound(table=table, col=column, match=match)
2026-05-09 22:51:03.936 10 ERROR ovsdbapp.backend.ovs_idl.command ovsdbapp.backend.ovs_idl.idlutils.RowNotFound: Cannot find Logical_Router_Port with name=lrp-4b880675-d137-4bec-bc3a-33ef5c73686f
2026-05-09 22:51:03.936 10 ERROR ovsdbapp.backend.ovs_idl.command 
2026-05-09 22:51:03.937 10 ERROR neutron_lib.callbacks.manager [None req-dffd88d2-b810-43b2-b8c2-1cdbc3ae31ed eb57b1398b4f4b74b6be106a9431ded0 6c8112d372ef4d0986f796e4ce5e42e3 - - default default] Error during notification for neutron.services.ovn_l3.plugin.OVNL3RouterPlugin._port_update-8783339495151 port, after_update: ovsdbapp.backend.ovs_idl.idlutils.RowNotFound: Cannot find Logical_Router_Port with name=lrp-4b880675-d137-4bec-bc3a-33ef5c73686f
2026-05-09 22:51:03.937 10 ERROR neutron_lib.callbacks.manager
Traceback (most recent call last):
2026-05-09 22:51:03.937 10 ERROR neutron_lib.callbacks.manager
File "/var/lib/openstack/lib/python3.10/site-packages/neutron_lib/callbacks/manager.py", line 189, in _notify_loop
2026-05-09 22:51:03.937 10 ERROR neutron_lib.callbacks.manager callback.method(resource, event, trigger, payload=payload)
2026-05-09 22:51:03.937 10 ERROR neutron_lib.callbacks.manager
File "/var/lib/openstack/lib/python3.10/site-packages/neutron/services/ovn_l3/plugin.py", line 391, in _port_update
2026-05-09 22:51:03.937 10 ERROR neutron_lib.callbacks.manager l3plugin._ovn_client.update_router_port(context,
2026-05-09 22:51:03.937 10 ERROR neutron_lib.callbacks.manager
File "/var/lib/openstack/lib/python3.10/site-packages/neutron/plugins/ml2/drivers/ovn/mech_driver/ovsdb/ovn_client.py", line 1878, in update_router_port
2026-05-09 22:51:03.937 10 ERROR neutron_lib.callbacks.manager self._update_lrouter_port(context, port, if_exists=if_exists,
2026-05-09 22:51:03.937 10 ERROR neutron_lib.callbacks.manager
File "/var/lib/openstack/lib/python3.10/site-packages/neutron/plugins/ml2/drivers/ovn/mech_driver/ovsdb/ovn_client.py", line 1855, in _update_lrouter_port
2026-05-09 22:51:03.937 10 ERROR neutron_lib.callbacks.manager external_ids = self._nb_idl.db_get(
2026-05-09 22:51:03.937 10 ERROR neutron_lib.callbacks.manager
File "/var/lib/openstack/lib/python3.10/site-packages/ovsdbapp/backend/ovs_idl/command.py", line 47, in execute
2026-05-09 22:51:03.937 10 ERROR neutron_lib.callbacks.manager self.run_idl(None)
2026-05-09 22:51:03.937 10 ERROR neutron_lib.callbacks.manager
File "/var/lib/openstack/lib/python3.10/site-packages/ovsdbapp/backend/ovs_idl/command.py", line 235, in run_idl
2026-05-09 22:51:03.937 10 ERROR neutron_lib.callbacks.manager record = self.api.lookup(self.table, self.record)
2026-05-09 22:51:03.937 10 ERROR neutron_lib.callbacks.manager
File "/var/lib/openstack/lib/python3.10/site-packages/ovsdbapp/backend/ovs_idl/__init__.py", line 184, in lookup
2026-05-09 22:51:03.937 10 ERROR neutron_lib.callbacks.manager return self._lookup(table, record)
2026-05-09 22:51:03.937 10 ERROR neutron_lib.callbacks.manager
File "/var/lib/openstack/lib/python3.10/site-packages/ovsdbapp/backend/ovs_idl/__init__.py", line 235, in _lookup
2026-05-09 22:51:03.937 10 ERROR neutron_lib.callbacks.manager row = idlutils.row_by_value(self, rl.table, rl.column, record)
2026-05-09 22:51:03.937 10 ERROR neutron_lib.callbacks.manager
File "/var/lib/openstack/lib/python3.10/site-packages/ovsdbapp/backend/ovs_idl/idlutils.py", line 114, in row_by_value
2026-05-09 22:51:03.937 10 ERROR neutron_lib.callbacks.manager raise RowNotFound(table=table, col=column, match=match)
2026-05-09 22:51:03.937 10 ERROR neutron_lib.callbacks.manager ovsdbapp.backend.ovs_idl.idlutils.RowNotFound: Cannot find Logical_Router_Port with name=lrp-4b880675-d137-4bec-bc3a-33ef5c73686f
2026-05-09 22:51:03.937 10 ERROR neutron_lib.callbacks.manager 
2026-05-09 22:51:04.140 9 INFO neutron.plugins.ml2.drivers.ovn.mech_driver.mech_driver [None req-a8b18dd9-f8a7-4c0e-8c79-226990d16307 - - - - - -] OVN reports status up for port: 4b880675-d137-4bec-bc3a-33ef5c73686f
2026-05-09 22:51:04.161 9 INFO neutron.plugins.ml2.plugin [None req-a8b18dd9-f8a7-4c0e-8c79-226990d16307 - - - - - -] Attempt 1 to provision port 4b880675-d137-4bec-bc3a-33ef5c73686f
2026-05-09 22:51:04.172 10 INFO neutron.db.ovn_revision_numbers_db [None req-dffd88d2-b810-43b2-b8c2-1cdbc3ae31ed eb57b1398b4f4b74b6be106a9431ded0 6c8112d372ef4d0986f796e4ce5e42e3 - - default default] Successfully bumped revision number for resource 4b880675-d137-4bec-bc3a-33ef5c73686f (type: ports) to 1
2026-05-09 22:51:04.185 10 INFO neutron.wsgi [None req-a956a489-dc80-4677-98b4-2f704e30141a e63ab23ec7d6481db4b758a6d2e5ffd9 3aee92eba8c04df6ba82301477145736 - - default default] 10.0.0.189 "DELETE /v2.0/security-groups/13fa7686-aa68-4044-9308-1699f597d632 HTTP/1.1" status: 204 len: 168 time: 0.4203434
2026-05-09 22:51:04.231 9 WARNING neutron.scheduler.dhcp_agent_scheduler [None req-8b708b9e-6dfa-4e75-8f45-8e618bf55ff3 1d8bdb7af4c645209bb7e3b1ffa07800 73b2cc6372c74d96b026eb556773cda0 - - default default] No more DHCP agents
2026-05-09 22:51:04.235 9 WARNING neutron.api.rpc.agentnotifiers.dhcp_rpc_agent_api [None req-8b708b9e-6dfa-4e75-8f45-8e618bf55ff3 1d8bdb7af4c645209bb7e3b1ffa07800 73b2cc6372c74d96b026eb556773cda0 - - default default] Unable to schedule network 4713f2c8-1b9c-445e-be93-819316f6a6f2: no agents available; will retry on subsequent port and subnet creation events.
2026-05-09 22:51:04.283 10 WARNING neutron.scheduler.dhcp_agent_scheduler [None req-dffd88d2-b810-43b2-b8c2-1cdbc3ae31ed eb57b1398b4f4b74b6be106a9431ded0 6c8112d372ef4d0986f796e4ce5e42e3 - - default default] No more DHCP agents
2026-05-09 22:51:04.285 10 WARNING neutron.api.rpc.agentnotifiers.dhcp_rpc_agent_api [None req-dffd88d2-b810-43b2-b8c2-1cdbc3ae31ed eb57b1398b4f4b74b6be106a9431ded0 6c8112d372ef4d0986f796e4ce5e42e3 - - default default] Unable to schedule network 698ce795-ef3b-48ad-9415-fc2ffdc174a9: no agents available; will retry on subsequent port and subnet creation events.
2026-05-09 22:51:04.388 9 INFO neutron.db.ovn_revision_numbers_db [None req-8b708b9e-6dfa-4e75-8f45-8e618bf55ff3 1d8bdb7af4c645209bb7e3b1ffa07800 73b2cc6372c74d96b026eb556773cda0 - - default default] Successfully bumped revision number for resource a6a62c9e-3142-4de8-a431-0e64115fb969 (type: ports) to 1
2026-05-09 22:51:04.422 9 INFO neutron.wsgi [None req-8b708b9e-6dfa-4e75-8f45-8e618bf55ff3 1d8bdb7af4c645209bb7e3b1ffa07800 73b2cc6372c74d96b026eb556773cda0 - - default default] 10.0.0.189 "POST /v2.0/ports HTTP/1.1" status: 201 len: 942 time: 0.4949291
2026-05-09 22:51:04.438 10 WARNING neutron_lib.context [None req-93b7300e-8de9-4377-8363-1de353bb26a7 1d8bdb7af4c645209bb7e3b1ffa07800 73b2cc6372c74d96b026eb556773cda0 - - default default] Method 'is_advsvc' is deprecated since 2023.2 release (neutron-lib 3.8.0) and will be removed once support for the old RBAC API policies will be removed from Neutron. Please use method 'is_service_role' instead.
2026-05-09 22:51:04.496 10 INFO neutron.db.ovn_revision_numbers_db [None req-dffd88d2-b810-43b2-b8c2-1cdbc3ae31ed eb57b1398b4f4b74b6be106a9431ded0 6c8112d372ef4d0986f796e4ce5e42e3 - - default default] Successfully bumped revision number for resource 4b880675-d137-4bec-bc3a-33ef5c73686f (type: router_ports) to 1
2026-05-09 22:51:04.510 10 INFO neutron.wsgi [None req-dffd88d2-b810-43b2-b8c2-1cdbc3ae31ed eb57b1398b4f4b74b6be106a9431ded0 6c8112d372ef4d0986f796e4ce5e42e3 - - default default] 10.0.0.189 "PUT /v2.0/routers/40d6878c-3525-4a2b-bb6c-73c296057ac9/add_router_interface HTTP/1.1" status: 200 len: 503 time: 2.4419913 /var/lib/openstack/lib/python3.10/site-packages/pycadf/identifier.py:71: UserWarning: Invalid uuid: neutron. To ensure interoperability, identifiers should be a valid uuid. warnings.warn(('Invalid uuid: %s. To ensure interoperability, '
2026-05-09 22:51:04.582 9 INFO neutron.wsgi [None req-efb59809-6a24-4278-b31f-1a0d52197d83 eb57b1398b4f4b74b6be106a9431ded0 6c8112d372ef4d0986f796e4ce5e42e3 - - default default] 10.0.0.189 "GET /v2.0/ports/4b880675-d137-4bec-bc3a-33ef5c73686f HTTP/1.1" status: 200 len: 1141 time: 0.0645440
2026-05-09 22:51:04.647 9 INFO neutron.wsgi [None req-14d80f0f-fbec-42de-a3b1-46f4d98c3e7b eb57b1398b4f4b74b6be106a9431ded0 6c8112d372ef4d0986f796e4ce5e42e3 - - default default] 10.0.0.189 "GET /v2.0/ports/4b880675-d137-4bec-bc3a-33ef5c73686f HTTP/1.1" status: 200 len: 1141 time: 0.0602114
2026-05-09 22:51:04.728 10 INFO neutron.wsgi [None req-93b7300e-8de9-4377-8363-1de353bb26a7 1d8bdb7af4c645209bb7e3b1ffa07800 73b2cc6372c74d96b026eb556773cda0 - - default default] 10.0.0.189 "POST /v2.0/trunks HTTP/1.1" status: 201 len: 608 time: 0.2952580
2026-05-09 22:51:04.743 10 WARNING neutron_lib.context [None req-2de6e520-61d0-4374-bd2d-5d7796b73848 1d8bdb7af4c645209bb7e3b1ffa07800 73b2cc6372c74d96b026eb556773cda0 - - default default] Method 'is_advsvc' is deprecated since 2023.2 release (neutron-lib 3.8.0) and will be removed once support for the old RBAC API policies will be removed from Neutron. Please use method 'is_service_role' instead.
2026-05-09 22:51:04.847 10 INFO neutron.db.segments_db [None req-2de6e520-61d0-4374-bd2d-5d7796b73848 1d8bdb7af4c645209bb7e3b1ffa07800 73b2cc6372c74d96b026eb556773cda0 - - default default] Added segment a368f9ed-66fd-404e-890d-be5145771747 of type geneve for network 333aed8d-c5dd-44ca-b06a-7341f5cebd27
2026-05-09 22:51:05.055 10 INFO neutron.db.ovn_revision_numbers_db [None req-2de6e520-61d0-4374-bd2d-5d7796b73848 1d8bdb7af4c645209bb7e3b1ffa07800 73b2cc6372c74d96b026eb556773cda0 - - default default] Successfully bumped revision number for resource 333aed8d-c5dd-44ca-b06a-7341f5cebd27 (type: networks) to 1
2026-05-09 22:51:05.101 9 INFO neutron.db.ovn_revision_numbers_db [None req-a8b18dd9-f8a7-4c0e-8c79-226990d16307 - - - - - -] Successfully bumped revision number for resource 4b880675-d137-4bec-bc3a-33ef5c73686f (type: ports) to 2
2026-05-09 22:51:05.293 9 INFO neutron.db.ovn_revision_numbers_db [None req-a8b18dd9-f8a7-4c0e-8c79-226990d16307 - - - - - -] Successfully bumped revision number for resource 4b880675-d137-4bec-bc3a-33ef5c73686f (type: router_ports) to 2
2026-05-09 22:51:05.454 10 WARNING neutron.scheduler.dhcp_agent_scheduler [None req-2de6e520-61d0-4374-bd2d-5d7796b73848 1d8bdb7af4c645209bb7e3b1ffa07800 73b2cc6372c74d96b026eb556773cda0 - - default default] No more DHCP agents
2026-05-09 22:51:05.459 10 WARNING neutron.api.rpc.agentnotifiers.dhcp_rpc_agent_api [None req-2de6e520-61d0-4374-bd2d-5d7796b73848 1d8bdb7af4c645209bb7e3b1ffa07800 73b2cc6372c74d96b026eb556773cda0 - - default default] Unable to schedule network 333aed8d-c5dd-44ca-b06a-7341f5cebd27: no agents available; will retry on subsequent port and subnet creation events.
2026-05-09 22:51:05.557 10 INFO neutron.db.ovn_revision_numbers_db [None req-2de6e520-61d0-4374-bd2d-5d7796b73848 1d8bdb7af4c645209bb7e3b1ffa07800 73b2cc6372c74d96b026eb556773cda0 - - default default] Successfully bumped revision number for resource 5ef1fd00-07cd-45c9-9712-547c18c616fe (type: ports) to 1
2026-05-09 22:51:05.580 10 INFO neutron.wsgi [None req-2de6e520-61d0-4374-bd2d-5d7796b73848 1d8bdb7af4c645209bb7e3b1ffa07800 73b2cc6372c74d96b026eb556773cda0 - - default default] 10.0.0.189 "POST /v2.0/networks HTTP/1.1" status: 201 len: 830 time: 0.8419795
2026-05-09 22:51:05.595 9 WARNING neutron_lib.context [None req-6da0243d-2263-43df-bcd9-14f901f83d1c 1d8bdb7af4c645209bb7e3b1ffa07800 73b2cc6372c74d96b026eb556773cda0 - - default default] Method 'is_advsvc' is deprecated since 2023.2 release (neutron-lib 3.8.0) and will be removed once support for the old RBAC API policies will be removed from Neutron. Please use method 'is_service_role' instead.
2026-05-09 22:51:05.613 10 INFO neutron.wsgi [None req-5bfcbf3a-3e59-474f-9795-056c9c46864d e63ab23ec7d6481db4b758a6d2e5ffd9 3aee92eba8c04df6ba82301477145736 - - default default] 10.0.0.189 "PUT /v2.0/routers/5e4f6d4b-f57a-4d83-96e7-736c10fa6495/remove_router_interface HTTP/1.1" status: 200 len: 503 time: 1.6113305 /var/lib/openstack/lib/python3.10/site-packages/pycadf/identifier.py:71: UserWarning: Invalid uuid: neutron. To ensure interoperability, identifiers should be a valid uuid. warnings.warn(('Invalid uuid: %s. To ensure interoperability, '
2026-05-09 22:51:05.733 9 INFO neutron.wsgi [None req-e95a7606-5c54-4757-b365-de1265dae74d eb57b1398b4f4b74b6be106a9431ded0 6c8112d372ef4d0986f796e4ce5e42e3 - - default default] 10.0.0.189 "PUT /v2.0/routers/40d6878c-3525-4a2b-bb6c-73c296057ac9/remove_router_interface HTTP/1.1" status: 200 len: 503 time: 1.0809414
2026-05-09 22:51:05.758 10 INFO neutron.wsgi [None req-87b969d4-a299-465e-94f7-cb81e6d629f3 eb57b1398b4f4b74b6be106a9431ded0 6c8112d372ef4d0986f796e4ce5e42e3 - - default default] 10.0.0.189 "GET /v2.0/ports?device_id=40d6878c-3525-4a2b-bb6c-73c296057ac9 HTTP/1.1" status: 200 len: 205 time: 0.0200119 /var/lib/openstack/lib/python3.10/site-packages/pycadf/identifier.py:71: UserWarning: Invalid uuid: neutron. To ensure interoperability, identifiers should be a valid uuid. warnings.warn(('Invalid uuid: %s. To ensure interoperability, '
2026-05-09 22:51:06.101 9 INFO neutron.wsgi [None req-053bb59c-5eb4-45f4-958b-e815906b0282 eb57b1398b4f4b74b6be106a9431ded0 6c8112d372ef4d0986f796e4ce5e42e3 - - default default] 10.0.0.189 "DELETE /v2.0/routers/40d6878c-3525-4a2b-bb6c-73c296057ac9 HTTP/1.1" status: 204 len: 168 time: 0.3392966 /var/lib/openstack/lib/python3.10/site-packages/pycadf/identifier.py:71: UserWarning: Invalid uuid: neutron. To ensure interoperability, identifiers should be a valid uuid. warnings.warn(('Invalid uuid: %s. To ensure interoperability, '
2026-05-09 22:51:06.122 9 WARNING neutron.scheduler.dhcp_agent_scheduler [None req-6da0243d-2263-43df-bcd9-14f901f83d1c 1d8bdb7af4c645209bb7e3b1ffa07800 73b2cc6372c74d96b026eb556773cda0 - - default default] No more DHCP agents
2026-05-09 22:51:06.127 9 WARNING neutron.api.rpc.agentnotifiers.dhcp_rpc_agent_api [None req-6da0243d-2263-43df-bcd9-14f901f83d1c 1d8bdb7af4c645209bb7e3b1ffa07800 73b2cc6372c74d96b026eb556773cda0 - - default default] Unable to schedule network 333aed8d-c5dd-44ca-b06a-7341f5cebd27: no agents available; will retry on subsequent port and subnet creation events.
2026-05-09 22:51:06.236 9 INFO neutron.db.ovn_revision_numbers_db [None req-6da0243d-2263-43df-bcd9-14f901f83d1c 1d8bdb7af4c645209bb7e3b1ffa07800 73b2cc6372c74d96b026eb556773cda0 - - default default] Successfully bumped revision number for resource cc7ac756-adc3-413b-ad46-febc21c8db83 (type: ports) to 1
2026-05-09 22:51:06.273 9 INFO neutron.wsgi [None req-6da0243d-2263-43df-bcd9-14f901f83d1c 1d8bdb7af4c645209bb7e3b1ffa07800 73b2cc6372c74d96b026eb556773cda0 - - default default] 10.0.0.189 "POST /v2.0/ports HTTP/1.1" status: 201 len: 942 time: 0.6825225
2026-05-09 22:51:06.284 10 WARNING neutron_lib.context [None req-5762f2f6-853a-49e9-803f-469d4c77adc7 1d8bdb7af4c645209bb7e3b1ffa07800 73b2cc6372c74d96b026eb556773cda0 - - default default] Method 'is_advsvc' is deprecated since 2023.2 release (neutron-lib 3.8.0) and will be removed once support for the old RBAC API policies will be removed from Neutron. Please use method 'is_service_role' instead.
2026-05-09 22:51:06.323 9 INFO neutron.wsgi [None req-6e57b797-0cb4-4805-82fb-8b9ebd6d9d45 eb57b1398b4f4b74b6be106a9431ded0 6c8112d372ef4d0986f796e4ce5e42e3 - - default default] 10.0.0.189 "DELETE /v2.0/subnets/6fd77b7f-64ca-43b1-b675-f1ef4a51df55 HTTP/1.1" status: 204 len: 168 time: 0.2163062 /var/lib/openstack/lib/python3.10/site-packages/pycadf/identifier.py:71: UserWarning: Invalid uuid: neutron. To ensure interoperability, identifiers should be a valid uuid. warnings.warn(('Invalid uuid: %s. To ensure interoperability, '
2026-05-09 22:51:06.356 10 INFO neutron.db.ovn_revision_numbers_db [None req-dd4c6533-da4c-4ec8-a375-f362387c199d e63ab23ec7d6481db4b758a6d2e5ffd9 3aee92eba8c04df6ba82301477145736 - - default default] Successfully bumped revision number for resource 34b3f1a8-3b88-4dcf-8d27-a6840e9ade04 (type: security_groups) to 1
2026-05-09 22:51:06.400 10 INFO neutron.db.ovn_revision_numbers_db [None req-dd4c6533-da4c-4ec8-a375-f362387c199d e63ab23ec7d6481db4b758a6d2e5ffd9 3aee92eba8c04df6ba82301477145736 - - default default] Successfully bumped revision number for resource 097251fb-dcfa-4cd5-b3d6-ce3ddbbe0a17 (type: security_group_rules) to 0
2026-05-09 22:51:06.457 10 INFO neutron.db.ovn_revision_numbers_db [None req-dd4c6533-da4c-4ec8-a375-f362387c199d e63ab23ec7d6481db4b758a6d2e5ffd9 3aee92eba8c04df6ba82301477145736 - - default default] Successfully bumped revision number for resource 137bfb3c-a5a5-4a8e-8e53-c36568870927 (type: security_group_rules) to 0
2026-05-09 22:51:06.487 10 INFO neutron.db.ovn_revision_numbers_db [None req-dd4c6533-da4c-4ec8-a375-f362387c199d e63ab23ec7d6481db4b758a6d2e5ffd9 3aee92eba8c04df6ba82301477145736 - - default default] Successfully bumped revision number for resource 497c6236-d5ff-4c5d-b101-1f8b2a608ae0 (type: security_group_rules) to 0
2026-05-09 22:51:06.535 10 INFO neutron.db.ovn_revision_numbers_db [None req-dd4c6533-da4c-4ec8-a375-f362387c199d e63ab23ec7d6481db4b758a6d2e5ffd9 3aee92eba8c04df6ba82301477145736 - - default default] Successfully bumped revision number for resource 9664d146-60f2-43da-94a3-5022370e79a2 (type: security_group_rules) to 0
2026-05-09 22:51:06.597 10 INFO neutron.wsgi [None req-4d2db749-00a4-41ff-a7c4-1e92e5c8876c e63ab23ec7d6481db4b758a6d2e5ffd9 3aee92eba8c04df6ba82301477145736 - - default default] 10.0.0.189 "DELETE /v2.0/routers/5e4f6d4b-f57a-4d83-96e7-736c10fa6495 HTTP/1.1" status: 204 len: 168 time: 0.9788728
2026-05-09 22:51:06.602 10 INFO neutron.db.segments_db [None req-dd4c6533-da4c-4ec8-a375-f362387c199d e63ab23ec7d6481db4b758a6d2e5ffd9 3aee92eba8c04df6ba82301477145736 - - default default] Added segment 7d3ecd67-7cd5-473f-856c-2d164a0090d9 of type geneve for network 7baea364-d35e-4f8a-906a-cfaa74ca8a0b
2026-05-09 22:51:06.694 10 INFO neutron.wsgi [None req-5762f2f6-853a-49e9-803f-469d4c77adc7 1d8bdb7af4c645209bb7e3b1ffa07800 73b2cc6372c74d96b026eb556773cda0 - - default default] 10.0.0.189 "POST /v2.0/trunks HTTP/1.1" status: 201 len: 608 time: 0.4153378
2026-05-09 22:51:06.713 10 WARNING neutron_lib.context [None req-75bc2bff-7d34-47a6-957b-4643c36cda66 1d8bdb7af4c645209bb7e3b1ffa07800 73b2cc6372c74d96b026eb556773cda0 - - default default] Method 'is_advsvc' is deprecated since 2023.2 release (neutron-lib 3.8.0) and will be removed once support for the old RBAC API policies will be removed from Neutron. Please use method 'is_service_role' instead.
2026-05-09 22:51:06.727 9 INFO neutron.services.segments.plugin [-] Segment 8d8ed124-3ba6-40fc-9802-08c9651bfe63 resource provider aggregate not found
2026-05-09 22:51:06.730 9 INFO neutron.services.segments.plugin [-] Segment 8d8ed124-3ba6-40fc-9802-08c9651bfe63 resource provider aggregate not found
2026-05-09 22:51:06.745 9 INFO neutron.services.segments.plugin [-] Segment 8d8ed124-3ba6-40fc-9802-08c9651bfe63 resource provider not found; error: Placement Client Error (4xx): {"errors": [{"status": 404, "title": "Not Found", "detail": "The resource could not be found.\n\n No resource provider with uuid 8d8ed124-3ba6-40fc-9802-08c9651bfe63 found for delete ", "request_id": "req-32ccbf0b-3ee0-4cae-a196-1f9f0057705f"}]}
2026-05-09 22:51:06.751 9 INFO neutron.services.segments.plugin [-] Segment 8d8ed124-3ba6-40fc-9802-08c9651bfe63 resource provider not found; error: Placement Client Error (4xx): {"errors": [{"status": 404, "title": "Not Found", "detail": "The resource could not be found.\n\n No resource provider with uuid 8d8ed124-3ba6-40fc-9802-08c9651bfe63 found for delete ", "request_id": "req-adddc2f2-45b2-4c86-8cc5-51f275e7f57f"}]}
2026-05-09 22:51:06.780 10 INFO neutron.db.ovn_revision_numbers_db [None req-dd4c6533-da4c-4ec8-a375-f362387c199d e63ab23ec7d6481db4b758a6d2e5ffd9 3aee92eba8c04df6ba82301477145736 - - default default] Successfully bumped revision number for resource 7baea364-d35e-4f8a-906a-cfaa74ca8a0b (type: networks) to 1
2026-05-09 22:51:06.782 9 INFO neutron.wsgi [None req-2be34b5d-991f-4c24-8665-160c1fa9dd24 eb57b1398b4f4b74b6be106a9431ded0 6c8112d372ef4d0986f796e4ce5e42e3 - - default default] 10.0.0.189 "DELETE /v2.0/networks/698ce795-ef3b-48ad-9415-fc2ffdc174a9 HTTP/1.1" status: 204 len: 168 time: 0.4536304
2026-05-09 22:51:06.795 9 WARNING neutron_lib.context [None req-ee08abd0-4df3-485d-9415-20c86182e679 eb57b1398b4f4b74b6be106a9431ded0 6c8112d372ef4d0986f796e4ce5e42e3 - - default default] Method 'is_advsvc' is deprecated since 2023.2 release (neutron-lib 3.8.0) and will be removed once support for the old RBAC API policies will be removed from Neutron. Please use method 'is_service_role' instead.
2026-05-09 22:51:06.826 10 INFO neutron.db.segments_db [None req-75bc2bff-7d34-47a6-957b-4643c36cda66 1d8bdb7af4c645209bb7e3b1ffa07800 73b2cc6372c74d96b026eb556773cda0 - - default default] Added segment 4b455ab9-467e-4e35-ad8a-89c5888d1c91 of type geneve for network f73fc060-b5bc-4e5a-b4e9-374554f1ccfa
