2026-05-09 22:51:43.011 10 WARNING neutron.scheduler.dhcp_agent_scheduler [None req-617942de-6ee3-441a-a529-2063922f5ae3 1a44be311de245abbc0102adcd8de03d 970a2167116c4e00a1e492a82a1a20ae - - default default] No more DHCP agents
2026-05-09 22:51:43.014 10 WARNING neutron.api.rpc.agentnotifiers.dhcp_rpc_agent_api [None req-617942de-6ee3-441a-a529-2063922f5ae3 1a44be311de245abbc0102adcd8de03d 970a2167116c4e00a1e492a82a1a20ae - - default default] Unable to schedule network 00bbea6d-8a48-4e5a-ac2b-29bbf5c167a6: no agents available; will retry on subsequent port and subnet creation events.
2026-05-09 22:51:43.100 10 INFO neutron.db.ovn_revision_numbers_db [None req-617942de-6ee3-441a-a529-2063922f5ae3 1a44be311de245abbc0102adcd8de03d 970a2167116c4e00a1e492a82a1a20ae - - default default] Successfully bumped revision number for resource 634e35e5-ec2d-4801-b217-f65ff258aff9 (type: ports) to 1
2026-05-09 22:51:43.132 10 INFO neutron.wsgi [None req-617942de-6ee3-441a-a529-2063922f5ae3 1a44be311de245abbc0102adcd8de03d 970a2167116c4e00a1e492a82a1a20ae - - default default] 10.0.0.189 "POST /v2.0/networks HTTP/1.1" status: 201 len: 831 time: 0.8465729
2026-05-09 22:51:43.143 10 WARNING neutron_lib.context [None req-fe18a66b-0827-4625-bbb6-c4b7460e9e1e 1a44be311de245abbc0102adcd8de03d 970a2167116c4e00a1e492a82a1a20ae - - default default] Method 'is_advsvc' is deprecated since 2023.2 release (neutron-lib 3.8.0) and will be removed once support for the old RBAC API policies will be removed from Neutron. Please use method 'is_service_role' instead.
2026-05-09 22:51:43.270 9 INFO neutron.wsgi [None req-2a1c0b46-f85d-4f12-b0c7-7ed27459aece 85616f8a28464f999baa002e9d68a579 76b29bbabd734a00ae192f16c5a91e85 - - default default] 10.0.0.189 "PUT /v2.0/routers/2ca6efd5-e91b-449f-9ab2-a6fc4fb927fc/remove_router_interface HTTP/1.1" status: 200 len: 503 time: 1.3156786 /var/lib/openstack/lib/python3.10/site-packages/pycadf/identifier.py:71: UserWarning: Invalid uuid: neutron. To ensure interoperability, identifiers should be a valid uuid. warnings.warn(('Invalid uuid: %s. To ensure interoperability, '
2026-05-09 22:51:43.396 10 WARNING neutron.scheduler.dhcp_agent_scheduler [None req-fe18a66b-0827-4625-bbb6-c4b7460e9e1e 1a44be311de245abbc0102adcd8de03d 970a2167116c4e00a1e492a82a1a20ae - - default default] No more DHCP agents
2026-05-09 22:51:43.397 10 WARNING neutron.api.rpc.agentnotifiers.dhcp_rpc_agent_api [None req-fe18a66b-0827-4625-bbb6-c4b7460e9e1e 1a44be311de245abbc0102adcd8de03d 970a2167116c4e00a1e492a82a1a20ae - - default default] Unable to schedule network 00bbea6d-8a48-4e5a-ac2b-29bbf5c167a6: no agents available; will retry on subsequent port and subnet creation events.
2026-05-09 22:51:43.478 10 INFO neutron.db.ovn_revision_numbers_db [None req-fe18a66b-0827-4625-bbb6-c4b7460e9e1e 1a44be311de245abbc0102adcd8de03d 970a2167116c4e00a1e492a82a1a20ae - - default default] Successfully bumped revision number for resource 0feb630c-8ec8-4908-aa35-6e92bd3ec321 (type: ports) to 1
2026-05-09 22:51:43.499 10 INFO neutron.wsgi [None req-fe18a66b-0827-4625-bbb6-c4b7460e9e1e 1a44be311de245abbc0102adcd8de03d 970a2167116c4e00a1e492a82a1a20ae - - default default] 10.0.0.189 "POST /v2.0/ports HTTP/1.1" status: 201 len: 942 time: 0.3617477 /var/lib/openstack/lib/python3.10/site-packages/pycadf/identifier.py:71: UserWarning: Invalid uuid: neutron. To ensure interoperability, identifiers should be a valid uuid. warnings.warn(('Invalid uuid: %s. To ensure interoperability, '
2026-05-09 22:51:43.509 10 WARNING neutron_lib.context [None req-2d4294bc-b30f-4f38-be4e-35c7189510ad 1a44be311de245abbc0102adcd8de03d 970a2167116c4e00a1e492a82a1a20ae - - default default] Method 'is_advsvc' is deprecated since 2023.2 release (neutron-lib 3.8.0) and will be removed once support for the old RBAC API policies will be removed from Neutron. Please use method 'is_service_role' instead.
2026-05-09 22:51:43.586 10 INFO neutron.db.segments_db [None req-2d4294bc-b30f-4f38-be4e-35c7189510ad 1a44be311de245abbc0102adcd8de03d 970a2167116c4e00a1e492a82a1a20ae - - default default] Added segment c8324b9f-8667-4f1c-a386-b6bf8d2d5bb8 of type geneve for network 30d33e9a-a6a5-46ed-833a-9cf86065feb6
2026-05-09 22:51:43.741 10 INFO neutron.db.ovn_revision_numbers_db [None req-2d4294bc-b30f-4f38-be4e-35c7189510ad 1a44be311de245abbc0102adcd8de03d 970a2167116c4e00a1e492a82a1a20ae - - default default] Successfully bumped revision number for resource 30d33e9a-a6a5-46ed-833a-9cf86065feb6 (type: networks) to 1
2026-05-09 22:51:43.941 10 WARNING neutron.scheduler.dhcp_agent_scheduler [None req-2d4294bc-b30f-4f38-be4e-35c7189510ad 1a44be311de245abbc0102adcd8de03d 970a2167116c4e00a1e492a82a1a20ae - - default default] No more DHCP agents
2026-05-09 22:51:43.944 10 WARNING neutron.api.rpc.agentnotifiers.dhcp_rpc_agent_api [None req-2d4294bc-b30f-4f38-be4e-35c7189510ad 1a44be311de245abbc0102adcd8de03d 970a2167116c4e00a1e492a82a1a20ae - - default default] Unable to schedule network 30d33e9a-a6a5-46ed-833a-9cf86065feb6: no agents available; will retry on subsequent port and subnet creation events.
2026-05-09 22:51:44.031 10 INFO neutron.db.ovn_revision_numbers_db [None req-2d4294bc-b30f-4f38-be4e-35c7189510ad 1a44be311de245abbc0102adcd8de03d 970a2167116c4e00a1e492a82a1a20ae - - default default] Successfully bumped revision number for resource adbd3efc-528a-4a06-9143-5c217f81f847 (type: ports) to 1
2026-05-09 22:51:44.059 10 INFO neutron.wsgi [None req-2d4294bc-b30f-4f38-be4e-35c7189510ad 1a44be311de245abbc0102adcd8de03d 970a2167116c4e00a1e492a82a1a20ae - - default default] 10.0.0.189 "POST /v2.0/networks HTTP/1.1" status: 201 len: 830 time: 0.5546319
2026-05-09 22:51:44.069 10 WARNING neutron_lib.context [None req-84326578-8cd4-46ea-8684-56293685a0c9 1a44be311de245abbc0102adcd8de03d 970a2167116c4e00a1e492a82a1a20ae - - default default] Method 'is_advsvc' is deprecated since 2023.2 release (neutron-lib 3.8.0) and will be removed once support for the old RBAC API policies will be removed from Neutron. Please use method 'is_service_role' instead.
2026-05-09 22:51:44.185 9 INFO neutron.wsgi [None req-9e893bd6-2af8-4d5d-88d9-05acb9040c7c 85616f8a28464f999baa002e9d68a579 76b29bbabd734a00ae192f16c5a91e85 - - default default] 10.0.0.189 "DELETE /v2.0/routers/2ca6efd5-e91b-449f-9ab2-a6fc4fb927fc HTTP/1.1" status: 204 len: 168 time: 0.9095426
2026-05-09 22:51:44.332 10 WARNING neutron.scheduler.dhcp_agent_scheduler [None req-84326578-8cd4-46ea-8684-56293685a0c9 1a44be311de245abbc0102adcd8de03d 970a2167116c4e00a1e492a82a1a20ae - - default default] No more DHCP agents
2026-05-09 22:51:44.334 10 WARNING neutron.api.rpc.agentnotifiers.dhcp_rpc_agent_api [None req-84326578-8cd4-46ea-8684-56293685a0c9 1a44be311de245abbc0102adcd8de03d 970a2167116c4e00a1e492a82a1a20ae - - default default] Unable to schedule network 30d33e9a-a6a5-46ed-833a-9cf86065feb6: no agents available; will retry on subsequent port and subnet creation events.
2026-05-09 22:51:44.371 9 INFO neutron.wsgi [None req-87e1effc-4b36-4a6b-9674-3f82119932c6 85616f8a28464f999baa002e9d68a579 76b29bbabd734a00ae192f16c5a91e85 - - default default] 10.0.0.189 "DELETE /v2.0/subnets/11b2fee4-eb60-43f4-be90-bb7fb37d5e78 HTTP/1.1" status: 204 len: 168 time: 0.1814992
2026-05-09 22:51:44.423 10 INFO neutron.db.ovn_revision_numbers_db [None req-84326578-8cd4-46ea-8684-56293685a0c9 1a44be311de245abbc0102adcd8de03d 970a2167116c4e00a1e492a82a1a20ae - - default default] Successfully bumped revision number for resource de2ab9c2-a579-40e6-9473-6895083b1c62 (type: ports) to 1
2026-05-09 22:51:44.449 10 INFO neutron.wsgi [None req-84326578-8cd4-46ea-8684-56293685a0c9 1a44be311de245abbc0102adcd8de03d 970a2167116c4e00a1e492a82a1a20ae - - default default] 10.0.0.189 "POST /v2.0/ports HTTP/1.1" status: 201 len: 942 time: 0.3845966 /var/lib/openstack/lib/python3.10/site-packages/pycadf/identifier.py:71: UserWarning: Invalid uuid: neutron. To ensure interoperability, identifiers should be a valid uuid. warnings.warn(('Invalid uuid: %s. To ensure interoperability, '
2026-05-09 22:51:44.459 10 WARNING neutron_lib.context [None req-a0fadced-1729-4594-a97d-2412ddf27f07 1a44be311de245abbc0102adcd8de03d 970a2167116c4e00a1e492a82a1a20ae - - default default] Method 'is_advsvc' is deprecated since 2023.2 release (neutron-lib 3.8.0) and will be removed once support for the old RBAC API policies will be removed from Neutron. Please use method 'is_service_role' instead.
2026-05-09 22:51:44.540 10 INFO neutron.db.segments_db [None req-a0fadced-1729-4594-a97d-2412ddf27f07 1a44be311de245abbc0102adcd8de03d 970a2167116c4e00a1e492a82a1a20ae - - default default] Added segment a80b1bc3-ef88-4adb-bcf9-847885b9b1a8 of type geneve for network b8982f61-674d-4826-bc99-b0e908901cd6
2026-05-09 22:51:44.680 10 INFO neutron.db.ovn_revision_numbers_db [None req-a0fadced-1729-4594-a97d-2412ddf27f07 1a44be311de245abbc0102adcd8de03d 970a2167116c4e00a1e492a82a1a20ae - - default default] Successfully bumped revision number for resource b8982f61-674d-4826-bc99-b0e908901cd6 (type: networks) to 1
2026-05-09 22:51:44.750 9 INFO neutron.services.segments.plugin [-] Segment 2c23f0c7-d520-4914-ae7d-9cdfaf629e39 resource provider aggregate not found
2026-05-09 22:51:44.754 9 INFO neutron.services.segments.plugin [-] Segment 2c23f0c7-d520-4914-ae7d-9cdfaf629e39 resource provider aggregate not found
2026-05-09 22:51:44.767 9 INFO neutron.services.segments.plugin [-] Segment 2c23f0c7-d520-4914-ae7d-9cdfaf629e39 resource provider not found; error: Placement Client Error (4xx): {"errors": [{"status": 404, "title": "Not Found", "detail": "The resource could not be found.\n\n No resource provider with uuid 2c23f0c7-d520-4914-ae7d-9cdfaf629e39 found for delete ", "request_id": "req-6705769d-de48-4d39-9607-727035f619b0"}]}
2026-05-09 22:51:44.786 9 INFO neutron.services.segments.plugin [-] Segment 2c23f0c7-d520-4914-ae7d-9cdfaf629e39 resource provider not found; error: Placement Client Error (4xx): {"errors": [{"status": 404, "title": "Not Found", "detail": "The resource could not be found.\n\n No resource provider with uuid 2c23f0c7-d520-4914-ae7d-9cdfaf629e39 found for delete ", "request_id": "req-0f80f396-a5aa-456e-aae5-6c0046fe2881"}]}
2026-05-09 22:51:44.791 9 INFO neutron.wsgi [None req-9ffba777-914a-4b75-a51c-1e35332a82c0 85616f8a28464f999baa002e9d68a579 76b29bbabd734a00ae192f16c5a91e85 - - default default] 10.0.0.189 "DELETE /v2.0/networks/8e37374a-a892-42fd-88cd-224291fa465a HTTP/1.1" status: 204 len: 168 time: 0.4126897
2026-05-09 22:51:44.869 10 WARNING neutron.scheduler.dhcp_agent_scheduler [None req-a0fadced-1729-4594-a97d-2412ddf27f07 1a44be311de245abbc0102adcd8de03d 970a2167116c4e00a1e492a82a1a20ae - - default default] No more DHCP agents
2026-05-09 22:51:44.872 10 WARNING neutron.api.rpc.agentnotifiers.dhcp_rpc_agent_api [None req-a0fadced-1729-4594-a97d-2412ddf27f07 1a44be311de245abbc0102adcd8de03d 970a2167116c4e00a1e492a82a1a20ae - - default default] Unable to schedule network b8982f61-674d-4826-bc99-b0e908901cd6: no agents available; will retry on subsequent port and subnet creation events.
2026-05-09 22:51:44.961 10 INFO neutron.db.ovn_revision_numbers_db [None req-a0fadced-1729-4594-a97d-2412ddf27f07 1a44be311de245abbc0102adcd8de03d 970a2167116c4e00a1e492a82a1a20ae - - default default] Successfully bumped revision number for resource 8c5b78e3-867c-408c-b9cd-7866f3db485f (type: ports) to 1
2026-05-09 22:51:44.984 10 INFO neutron.wsgi [None req-a0fadced-1729-4594-a97d-2412ddf27f07 1a44be311de245abbc0102adcd8de03d 970a2167116c4e00a1e492a82a1a20ae - - default default] 10.0.0.189 "POST /v2.0/networks HTTP/1.1" status: 201 len: 830 time: 0.5293036
2026-05-09 22:51:44.994 10 WARNING neutron_lib.context [None req-2f3154f3-9149-4b2d-98c2-fcbd0354b2af 1a44be311de245abbc0102adcd8de03d 970a2167116c4e00a1e492a82a1a20ae - - default default] Method 'is_advsvc' is deprecated since 2023.2 release (neutron-lib 3.8.0) and will be removed once support for the old RBAC API policies will be removed from Neutron. Please use method 'is_service_role' instead.
2026-05-09 22:51:45.242 10 WARNING neutron.scheduler.dhcp_agent_scheduler [None req-2f3154f3-9149-4b2d-98c2-fcbd0354b2af 1a44be311de245abbc0102adcd8de03d 970a2167116c4e00a1e492a82a1a20ae - - default default] No more DHCP agents
2026-05-09 22:51:45.244 10 WARNING neutron.api.rpc.agentnotifiers.dhcp_rpc_agent_api [None req-2f3154f3-9149-4b2d-98c2-fcbd0354b2af 1a44be311de245abbc0102adcd8de03d 970a2167116c4e00a1e492a82a1a20ae - - default default] Unable to schedule network b8982f61-674d-4826-bc99-b0e908901cd6: no agents available; will retry on subsequent port and subnet creation events.
2026-05-09 22:51:45.333 10 INFO neutron.db.ovn_revision_numbers_db [None req-2f3154f3-9149-4b2d-98c2-fcbd0354b2af 1a44be311de245abbc0102adcd8de03d 970a2167116c4e00a1e492a82a1a20ae - - default default] Successfully bumped revision number for resource a805a267-4136-4067-a975-c863ee32324f (type: ports) to 1
2026-05-09 22:51:45.353 10 INFO neutron.wsgi [None req-2f3154f3-9149-4b2d-98c2-fcbd0354b2af 1a44be311de245abbc0102adcd8de03d 970a2167116c4e00a1e492a82a1a20ae - - default default] 10.0.0.189 "POST /v2.0/ports HTTP/1.1" status: 201 len: 942 time: 0.3630111 /var/lib/openstack/lib/python3.10/site-packages/pycadf/identifier.py:71: UserWarning: Invalid uuid: neutron. To ensure interoperability, identifiers should be a valid uuid. warnings.warn(('Invalid uuid: %s. To ensure interoperability, '
2026-05-09 22:51:45.363 10 WARNING neutron_lib.context [None req-fa2b81e3-34fd-4184-9f55-247e19ea6169 1a44be311de245abbc0102adcd8de03d 970a2167116c4e00a1e492a82a1a20ae - - default default] Method 'is_advsvc' is deprecated since 2023.2 release (neutron-lib 3.8.0) and will be removed once support for the old RBAC API policies will be removed from Neutron. Please use method 'is_service_role' instead.
2026-05-09 22:51:45.432 10 INFO neutron.wsgi [None req-dca17414-4974-4a16-bd3e-c460596df26b e63ab23ec7d6481db4b758a6d2e5ffd9 3aee92eba8c04df6ba82301477145736 - - default default] 10.0.0.189 "GET /v2.0/security-groups?tenant_id=76b29bbabd734a00ae192f16c5a91e85&name=default HTTP/1.1" status: 200 len: 3120 time: 0.1329086
2026-05-09 22:51:45.460 10 INFO neutron.db.segments_db [None req-fa2b81e3-34fd-4184-9f55-247e19ea6169 1a44be311de245abbc0102adcd8de03d 970a2167116c4e00a1e492a82a1a20ae - - default default] Added segment c11fe9e3-8a5a-4af6-b251-6b3be82faeb5 of type geneve for network 1725d9e6-1861-4a56-ab74-f2ea2988a2f7
2026-05-09 22:51:45.636 10 INFO neutron.db.ovn_revision_numbers_db [None req-fa2b81e3-34fd-4184-9f55-247e19ea6169 1a44be311de245abbc0102adcd8de03d 970a2167116c4e00a1e492a82a1a20ae - - default default] Successfully bumped revision number for resource 1725d9e6-1861-4a56-ab74-f2ea2988a2f7 (type: networks) to 1
2026-05-09 22:51:45.789 10 INFO neutron.wsgi [None req-0c123f1e-f688-4eab-8418-ce3c23f77a2a e63ab23ec7d6481db4b758a6d2e5ffd9 3aee92eba8c04df6ba82301477145736 - - default default] 10.0.0.189 "DELETE /v2.0/security-groups/b7cbe4e3-9911-46a0-abeb-592e24fda840 HTTP/1.1" status: 204 len: 168 time: 0.3512883
2026-05-09 22:51:45.834 10 WARNING neutron.scheduler.dhcp_agent_scheduler [None req-fa2b81e3-34fd-4184-9f55-247e19ea6169 1a44be311de245abbc0102adcd8de03d 970a2167116c4e00a1e492a82a1a20ae - - default default] No more DHCP agents
2026-05-09 22:51:45.836 10 WARNING neutron.api.rpc.agentnotifiers.dhcp_rpc_agent_api [None req-fa2b81e3-34fd-4184-9f55-247e19ea6169 1a44be311de245abbc0102adcd8de03d 970a2167116c4e00a1e492a82a1a20ae - - default default] Unable to schedule network 1725d9e6-1861-4a56-ab74-f2ea2988a2f7: no agents available; will retry on subsequent port and subnet creation events.
2026-05-09 22:51:45.918 10 INFO neutron.db.ovn_revision_numbers_db [None req-fa2b81e3-34fd-4184-9f55-247e19ea6169 1a44be311de245abbc0102adcd8de03d 970a2167116c4e00a1e492a82a1a20ae - - default default] Successfully bumped revision number for resource cb4c4e27-0bc9-4bf4-96b3-7b638dd45b9e (type: ports) to 1
2026-05-09 22:51:45.940 10 INFO neutron.wsgi [None req-fa2b81e3-34fd-4184-9f55-247e19ea6169 1a44be311de245abbc0102adcd8de03d 970a2167116c4e00a1e492a82a1a20ae - - default default] 10.0.0.189 "POST /v2.0/networks HTTP/1.1" status: 201 len: 831 time: 0.5813205
2026-05-09 22:51:45.950 10 WARNING neutron_lib.context [None req-d1e3d209-d96d-43aa-b714-d1548792aeb1 1a44be311de245abbc0102adcd8de03d 970a2167116c4e00a1e492a82a1a20ae - - default default] Method 'is_advsvc' is deprecated since 2023.2 release (neutron-lib 3.8.0) and will be removed once support for the old RBAC API policies will be removed from Neutron. Please use method 'is_service_role' instead.
2026-05-09 22:51:46.435 10 INFO neutron.wsgi [req-751ec8af-defa-49bd-92a0-930d5ceef54c req-12a4ea50-8c01-498f-82a7-614c0529eafd b93e383ba7d54448be6227fdfa39add7 a6dc2418cecc43de95fe2738f331371a - - default default] 10.0.0.184 "GET /v2.0/ports?device_id=e04a8cdb-a986-40f5-8578-fca8a76e633c HTTP/1.1" status: 200 len: 1214 time: 0.1084952
2026-05-09 22:51:46.502 10 INFO neutron.wsgi [req-751ec8af-defa-49bd-92a0-930d5ceef54c req-28e25f30-2249-47e0-bac0-7cb6876c5bb3 b93e383ba7d54448be6227fdfa39add7 a6dc2418cecc43de95fe2738f331371a - - default default] 10.0.0.184 "GET /v2.0/security-groups?id=d6bbd114-4f1e-4724-9a51-67ea72eb4feb&id=be6b45f1-7089-4176-bfd3-6c244ec19692&fields=id&fields=name HTTP/1.1" status: 200 len: 404 time: 0.0534067
2026-05-09 22:51:46.507 10 WARNING neutron.scheduler.dhcp_agent_scheduler [None req-d1e3d209-d96d-43aa-b714-d1548792aeb1 1a44be311de245abbc0102adcd8de03d 970a2167116c4e00a1e492a82a1a20ae - - default default] No more DHCP agents
2026-05-09 22:51:46.509 10 WARNING neutron.api.rpc.agentnotifiers.dhcp_rpc_agent_api [None req-d1e3d209-d96d-43aa-b714-d1548792aeb1 1a44be311de245abbc0102adcd8de03d 970a2167116c4e00a1e492a82a1a20ae - - default default] Unable to schedule network 1725d9e6-1861-4a56-ab74-f2ea2988a2f7: no agents available; will retry on subsequent port and subnet creation events.
2026-05-09 22:51:46.608 10 INFO neutron.db.ovn_revision_numbers_db [None req-d1e3d209-d96d-43aa-b714-d1548792aeb1 1a44be311de245abbc0102adcd8de03d 970a2167116c4e00a1e492a82a1a20ae - - default default] Successfully bumped revision number for resource 9601016d-d228-45ae-a985-613c2fc1e0d7 (type: ports) to 1
2026-05-09 22:51:46.630 10 INFO neutron.wsgi [None req-d1e3d209-d96d-43aa-b714-d1548792aeb1 1a44be311de245abbc0102adcd8de03d 970a2167116c4e00a1e492a82a1a20ae - - default default] 10.0.0.189 "POST /v2.0/ports HTTP/1.1" status: 201 len: 942 time: 0.6846895 /var/lib/openstack/lib/python3.10/site-packages/pycadf/identifier.py:71: UserWarning: Invalid uuid: neutron. To ensure interoperability, identifiers should be a valid uuid. warnings.warn(('Invalid uuid: %s. To ensure interoperability, '
2026-05-09 22:51:46.641 10 WARNING neutron_lib.context [None req-eacf2041-e9f4-46aa-b929-3296300f31cb 1a44be311de245abbc0102adcd8de03d 970a2167116c4e00a1e492a82a1a20ae - - default default] Method 'is_advsvc' is deprecated since 2023.2 release (neutron-lib 3.8.0) and will be removed once support for the old RBAC API policies will be removed from Neutron. Please use method 'is_service_role' instead.
2026-05-09 22:51:46.722 10 INFO neutron.db.segments_db [None req-eacf2041-e9f4-46aa-b929-3296300f31cb 1a44be311de245abbc0102adcd8de03d 970a2167116c4e00a1e492a82a1a20ae - - default default] Added segment c77fb150-ab76-4aaa-86b1-1e987ae92467 of type geneve for network 066f0010-288d-4d30-b8b7-819fd53050c7
2026-05-09 22:51:46.787 9 INFO neutron.wsgi [None req-69f9819a-1675-4a88-9ab2-4b712810d158 3a08469e7eb2448ba85bc59ac4342fb9 026c0d04a5a14eb78af9b438cf47b58d - - default default] 10.0.0.189 "GET /v2.0/ports?device_id=e04a8cdb-a986-40f5-8578-fca8a76e633c HTTP/1.1" status: 200 len: 1447 time: 0.2549980
2026-05-09 22:51:46.861 10 INFO neutron.db.ovn_revision_numbers_db [None req-eacf2041-e9f4-46aa-b929-3296300f31cb 1a44be311de245abbc0102adcd8de03d 970a2167116c4e00a1e492a82a1a20ae - - default default] Successfully bumped revision number for resource 066f0010-288d-4d30-b8b7-819fd53050c7 (type: networks) to 1
2026-05-09 22:51:46.866 9 INFO neutron.wsgi [None req-9147fa28-719b-4ce6-a6c8-aed0e528a403 b93e383ba7d54448be6227fdfa39add7 a6dc2418cecc43de95fe2738f331371a - - default default] 10.0.0.189 "GET /v2.0/floatingips?floating_network_id=734f4df4-bc0a-4a83-8243-ef350525367b&port_id=755422e5-6055-4ffd-b802-0da89b9d9335 HTTP/1.1" status: 200 len: 1055 time: 0.0733056
2026-05-09 22:51:47.019 10 WARNING neutron.scheduler.dhcp_agent_scheduler [None req-eacf2041-e9f4-46aa-b929-3296300f31cb 1a44be311de245abbc0102adcd8de03d 970a2167116c4e00a1e492a82a1a20ae - - default default] No more DHCP agents
2026-05-09 22:51:47.021 10 WARNING neutron.api.rpc.agentnotifiers.dhcp_rpc_agent_api [None req-eacf2041-e9f4-46aa-b929-3296300f31cb 1a44be311de245abbc0102adcd8de03d 970a2167116c4e00a1e492a82a1a20ae - - default default] Unable to schedule network 066f0010-288d-4d30-b8b7-819fd53050c7: no agents available; will retry on subsequent port and subnet creation events.
2026-05-09 22:51:47.149 10 INFO neutron.wsgi [req-2c62f753-d331-4c51-bb9c-d24b5a661e3c req-3db26227-5ae4-4eb8-b204-7fd5a9dc6f34 8fb33313bbf1451f8de96fe7fd6e05be ed0e085260f846ce9aadfbe0db79c776 - - 7658d3de922047b7a4564ef14e590b8b 7658d3de922047b7a4564ef14e590b8b] 10.0.0.63 "GET /v2.0/ports?device_id=e04a8cdb-a986-40f5-8578-fca8a76e633c HTTP/1.1" status: 200 len: 1452 time: 0.0378797
2026-05-09 22:51:47.150 10 INFO neutron.db.ovn_revision_numbers_db [None req-eacf2041-e9f4-46aa-b929-3296300f31cb 1a44be311de245abbc0102adcd8de03d 970a2167116c4e00a1e492a82a1a20ae - - default default] Successfully bumped revision number for resource f08a2f8a-b1d0-4237-adb3-3d23ead24c75 (type: ports) to 1
2026-05-09 22:51:47.174 10 INFO neutron.wsgi [None req-eacf2041-e9f4-46aa-b929-3296300f31cb 1a44be311de245abbc0102adcd8de03d 970a2167116c4e00a1e492a82a1a20ae - - default default] 10.0.0.189 "POST /v2.0/networks HTTP/1.1" status: 201 len: 831 time: 0.5385108
2026-05-09 22:51:47.189 10 WARNING neutron_lib.context [None req-d7c14cd0-c90e-4072-8cf7-1cc019bbb7f4 1a44be311de245abbc0102adcd8de03d 970a2167116c4e00a1e492a82a1a20ae - - default default] Method 'is_advsvc' is deprecated since 2023.2 release (neutron-lib 3.8.0) and will be removed once support for the old RBAC API policies will be removed from Neutron. Please use method 'is_service_role' instead.
2026-05-09 22:51:47.223 10 INFO neutron.wsgi [req-2c62f753-d331-4c51-bb9c-d24b5a661e3c req-7121947a-caf1-40f0-a33e-cb84d5df82ba 8fb33313bbf1451f8de96fe7fd6e05be ed0e085260f846ce9aadfbe0db79c776 - - 7658d3de922047b7a4564ef14e590b8b 7658d3de922047b7a4564ef14e590b8b] 10.0.0.63 "GET /v2.0/security-groups?id=d6bbd114-4f1e-4724-9a51-67ea72eb4feb&id=be6b45f1-7089-4176-bfd3-6c244ec19692&fields=id&fields=name HTTP/1.1" status: 200 len: 404 time: 0.0652847
2026-05-09 22:51:47.469 10 WARNING neutron.scheduler.dhcp_agent_scheduler [None req-d7c14cd0-c90e-4072-8cf7-1cc019bbb7f4 1a44be311de245abbc0102adcd8de03d 970a2167116c4e00a1e492a82a1a20ae - - default default] No more DHCP agents
2026-05-09 22:51:47.471 10 WARNING neutron.api.rpc.agentnotifiers.dhcp_rpc_agent_api [None req-d7c14cd0-c90e-4072-8cf7-1cc019bbb7f4 1a44be311de245abbc0102adcd8de03d 970a2167116c4e00a1e492a82a1a20ae - - default default] Unable to schedule network 066f0010-288d-4d30-b8b7-819fd53050c7: no agents available; will retry on subsequent port and subnet creation events.
2026-05-09 22:51:47.572 10 INFO neutron.db.ovn_revision_numbers_db [None req-d7c14cd0-c90e-4072-8cf7-1cc019bbb7f4 1a44be311de245abbc0102adcd8de03d 970a2167116c4e00a1e492a82a1a20ae - - default default] Successfully bumped revision number for resource a57d049f-866c-4865-9cfa-26699e267111 (type: ports) to 1
2026-05-09 22:51:47.599 10 INFO neutron.wsgi [None req-d7c14cd0-c90e-4072-8cf7-1cc019bbb7f4 1a44be311de245abbc0102adcd8de03d 970a2167116c4e00a1e492a82a1a20ae - - default default] 10.0.0.189 "POST /v2.0/ports HTTP/1.1" status: 201 len: 942 time: 0.4158626 /var/lib/openstack/lib/python3.10/site-packages/pycadf/identifier.py:71: UserWarning: Invalid uuid: neutron. To ensure interoperability, identifiers should be a valid uuid. warnings.warn(('Invalid uuid: %s. To ensure interoperability, '
2026-05-09 22:51:47.687 9 WARNING neutron_lib.context [None req-2f395757-38f7-4eda-83b9-f761afdd3cef 86f43e0c04704c7e91e72ca445be135f a59d5e852c36419a8e5e66fd67708fd6 - - default default] Method 'is_advsvc' is deprecated since 2023.2 release (neutron-lib 3.8.0) and will be removed once support for the old RBAC API policies will be removed from Neutron. Please use method 'is_service_role' instead.
2026-05-09 22:51:47.688 9 WARNING neutron_lib.context [None req-2f395757-38f7-4eda-83b9-f761afdd3cef 86f43e0c04704c7e91e72ca445be135f a59d5e852c36419a8e5e66fd67708fd6 - - default default] Method 'is_advsvc' is deprecated since 2023.2 release (neutron-lib 3.8.0) and will be removed once support for the old RBAC API policies will be removed from Neutron. Please use method 'is_service_role' instead.
2026-05-09 22:51:47.688 10 INFO neutron.wsgi [None req-281ef918-11c7-4de7-bbfc-a058ab0ff088 1a44be311de245abbc0102adcd8de03d 970a2167116c4e00a1e492a82a1a20ae - - default default] 10.0.0.189 "PUT /v2.0/ports/0feb630c-8ec8-4908-aa35-6e92bd3ec321/tags HTTP/1.1" status: 200 len: 210 time: 0.0751562
2026-05-09 22:51:47.739 10 INFO neutron.wsgi [None req-615b4c5c-9b29-460d-b279-7fe694f60310 1a44be311de245abbc0102adcd8de03d 970a2167116c4e00a1e492a82a1a20ae - - default default] 10.0.0.189 "PUT /v2.0/ports/de2ab9c2-a579-40e6-9473-6895083b1c62/tags HTTP/1.1" status: 200 len: 218 time: 0.0452566
2026-05-09 22:51:47.796 10 INFO neutron.wsgi [None req-e22c009c-77da-4fe9-b73e-ce07fccfd41c 1a44be311de245abbc0102adcd8de03d 970a2167116c4e00a1e492a82a1a20ae - - default default] 10.0.0.189 "PUT /v2.0/ports/a805a267-4136-4067-a975-c863ee32324f/tags HTTP/1.1" status: 200 len: 227 time: 0.0501695
2026-05-09 22:51:47.854 10 INFO neutron.wsgi [None req-18648eec-2710-489d-962d-27754848cfcd 1a44be311de245abbc0102adcd8de03d 970a2167116c4e00a1e492a82a1a20ae - - default default] 10.0.0.189 "PUT /v2.0/ports/9601016d-d228-45ae-a985-613c2fc1e0d7/tags HTTP/1.1" status: 200 len: 212 time: 0.0528986
2026-05-09 22:51:47.855 9 INFO neutron.db.ovn_revision_numbers_db [None req-2f395757-38f7-4eda-83b9-f761afdd3cef 86f43e0c04704c7e91e72ca445be135f a59d5e852c36419a8e5e66fd67708fd6 - - default default] Successfully bumped revision number for resource 0bbe756e-685a-4934-911f-a13884182f52 (type: security_groups) to 1
2026-05-09 22:51:47.871 9 INFO neutron.db.ovn_revision_numbers_db [None req-2f395757-38f7-4eda-83b9-f761afdd3cef 86f43e0c04704c7e91e72ca445be135f a59d5e852c36419a8e5e66fd67708fd6 - - default default] Successfully bumped revision number for resource 4988f7fd-3b7c-45b8-89cf-ba19ab3634b0 (type: security_group_rules) to 0
2026-05-09 22:51:47.886 9 INFO neutron.db.ovn_revision_numbers_db [None req-2f395757-38f7-4eda-83b9-f761afdd3cef 86f43e0c04704c7e91e72ca445be135f a59d5e852c36419a8e5e66fd67708fd6 - - default default] Successfully bumped revision number for resource 56f7e27e-58be-437c-8f50-f71d8df89fbc (type: security_group_rules) to 0
2026-05-09 22:51:47.906 9 INFO neutron.db.ovn_revision_numbers_db [None req-2f395757-38f7-4eda-83b9-f761afdd3cef 86f43e0c04704c7e91e72ca445be135f a59d5e852c36419a8e5e66fd67708fd6 - - default default] Successfully bumped revision number for resource 771efb49-2494-4fa9-be7d-f1ac91701f31 (type: security_group_rules) to 0
2026-05-09 22:51:47.931 9 INFO neutron.db.ovn_revision_numbers_db [None req-2f395757-38f7-4eda-83b9-f761afdd3cef 86f43e0c04704c7e91e72ca445be135f a59d5e852c36419a8e5e66fd67708fd6 - - default default] Successfully bumped revision number for resource a2f4343a-2b02-4407-b0ff-890a3fedcb61 (type: security_group_rules) to 0
2026-05-09 22:51:48.000 9 INFO neutron.db.segments_db [None req-2f395757-38f7-4eda-83b9-f761afdd3cef 86f43e0c04704c7e91e72ca445be135f a59d5e852c36419a8e5e66fd67708fd6 - - default default] Added segment 24e44894-4adf-401a-96bb-1451a00d7206 of type geneve for network 16a95b3a-911c-43ad-84aa-d30aaf177a97
2026-05-09 22:51:48.037 10 INFO neutron.wsgi [None req-1b0a94b3-8154-4bc5-8119-4d9254a3c298 1a44be311de245abbc0102adcd8de03d 970a2167116c4e00a1e492a82a1a20ae - - default default] 10.0.0.189 "GET /v2.0/ports?tags=red HTTP/1.1" status: 200 len: 2448 time: 0.1775703
2026-05-09 22:51:48.107 10 INFO neutron.wsgi [None req-8efe93d8-3e59-4c75-a128-46b14a792bed 1a44be311de245abbc0102adcd8de03d 970a2167116c4e00a1e492a82a1a20ae - - default default] 10.0.0.189 "GET /v2.0/ports?tags=red%2Cblue HTTP/1.1" status: 200 len: 1708 time: 0.0641806
2026-05-09 22:51:48.164 9 INFO neutron.db.segments_db [None req-2f395757-38f7-4eda-83b9-f761afdd3cef 86f43e0c04704c7e91e72ca445be135f a59d5e852c36419a8e5e66fd67708fd6 - - default default] Added segment bee21842-c521-427b-9769-ae8a8385eba1 of type geneve for network 0b5e335b-e334-4686-a015-289de3c10255
2026-05-09 22:51:48.300 9 INFO neutron.wsgi [None req-f100c24b-1d01-46f3-877e-2af7f2060b7b 1a44be311de245abbc0102adcd8de03d 970a2167116c4e00a1e492a82a1a20ae - - default default] 10.0.0.189 "GET /v2.0/ports?tags-any=blue HTTP/1.1" status: 200 len: 1708 time: 0.1889317
2026-05-09 22:51:48.378 9 INFO neutron.db.ovn_revision_numbers_db [None req-2f395757-38f7-4eda-83b9-f761afdd3cef 86f43e0c04704c7e91e72ca445be135f a59d5e852c36419a8e5e66fd67708fd6 - - default default] Successfully bumped revision number for resource 16a95b3a-911c-43ad-84aa-d30aaf177a97 (type: networks) to 1
2026-05-09 22:51:48.426 9 INFO neutron.wsgi [None req-8b5b948e-40fe-44d2-b458-01b6ce0cc0c9 1a44be311de245abbc0102adcd8de03d 970a2167116c4e00a1e492a82a1a20ae - - default default] 10.0.0.189 "GET /v2.0/ports?tags-any=red%2Cblue HTTP/1.1" status: 200 len: 2448 time: 0.1142609
2026-05-09 22:51:48.574 9 WARNING neutron.scheduler.dhcp_agent_scheduler [None req-2f395757-38f7-4eda-83b9-f761afdd3cef 86f43e0c04704c7e91e72ca445be135f a59d5e852c36419a8e5e66fd67708fd6 - - default default] No more DHCP agents
2026-05-09 22:51:48.575 9 WARNING neutron.api.rpc.agentnotifiers.dhcp_rpc_agent_api [None req-2f395757-38f7-4eda-83b9-f761afdd3cef 86f43e0c04704c7e91e72ca445be135f a59d5e852c36419a8e5e66fd67708fd6 - - default default] Unable to schedule network 16a95b3a-911c-43ad-84aa-d30aaf177a97: no agents available; will retry on subsequent port and subnet creation events.
2026-05-09 22:51:48.584 10 INFO neutron.wsgi [None req-0542f357-5a5f-4ed6-951a-3b3d3dd339f0 1a44be311de245abbc0102adcd8de03d 970a2167116c4e00a1e492a82a1a20ae - - default default] 10.0.0.189 "GET /v2.0/ports?not-tags=red HTTP/1.1" status: 200 len: 5463 time: 0.1521266
2026-05-09 22:51:48.678 9 INFO neutron.db.ovn_revision_numbers_db [None req-2f395757-38f7-4eda-83b9-f761afdd3cef 86f43e0c04704c7e91e72ca445be135f a59d5e852c36419a8e5e66fd67708fd6 - - default default] Successfully bumped revision number for resource 19d64405-dfc2-4154-9919-5b42f9a22ed5 (type: ports) to 1
2026-05-09 22:51:48.682 10 INFO neutron.wsgi [None req-d1c2072e-6e8a-4533-b611-ce2fea64736a 1a44be311de245abbc0102adcd8de03d 970a2167116c4e00a1e492a82a1a20ae - - default default] 10.0.0.189 "GET /v2.0/ports?not-tags=red%2Cblue HTTP/1.1" status: 200 len: 6203 time: 0.0915956
2026-05-09 22:51:48.768 10 INFO neutron.wsgi [None req-2b503b0b-cfa1-4925-ad10-321d8fee1589 1a44be311de245abbc0102adcd8de03d 970a2167116c4e00a1e492a82a1a20ae - - default default] 10.0.0.189 "GET /v2.0/ports?not-tags-any=blue HTTP/1.1" status: 200 len: 6203 time: 0.0797153
2026-05-09 22:51:48.769 9 INFO neutron.db.ovn_revision_numbers_db [None req-2f395757-38f7-4eda-83b9-f761afdd3cef 86f43e0c04704c7e91e72ca445be135f a59d5e852c36419a8e5e66fd67708fd6 - - default default] Successfully bumped revision number for resource 0b5e335b-e334-4686-a015-289de3c10255 (type: networks) to 1
2026-05-09 22:51:48.832 10 INFO neutron.wsgi [None req-21f497ab-ead1-4f53-8df9-b03543f86211 1a44be311de245abbc0102adcd8de03d 970a2167116c4e00a1e492a82a1a20ae - - default default] 10.0.0.189 "GET /v2.0/ports?not-tags-any=red%2Cblue HTTP/1.1" status: 200 len: 5463 time: 0.0568547
2026-05-09 22:51:49.078 10 INFO neutron.wsgi [None req-0110868e-beba-4e94-9f1d-cfaa1cf886c4 1a44be311de245abbc0102adcd8de03d 970a2167116c4e00a1e492a82a1a20ae - - default default] 10.0.0.189 "DELETE /v2.0/ports/0feb630c-8ec8-4908-aa35-6e92bd3ec321 HTTP/1.1" status: 204 len: 168 time: 0.2401829
2026-05-09 22:51:49.238 10 INFO neutron.plugins.ml2.drivers.ovn.mech_driver.mech_driver [None req-d9958fd4-08c2-4d53-9265-7b981d8368f2 - - - - - -] OVN reports status down for port: 755422e5-6055-4ffd-b802-0da89b9d9335
2026-05-09 22:51:49.417 9 INFO neutron.wsgi [req-a6bd74c0-fef9-4fee-a13a-e0522ee7c515 req-f82a438c-e27c-48f6-aa0a-567a84bcda32 b93e383ba7d54448be6227fdfa39add7 a6dc2418cecc43de95fe2738f331371a - - default default] 10.0.0.184 "GET /v2.0/ports?device_id=e04a8cdb-a986-40f5-8578-fca8a76e633c HTTP/1.1" status: 200 len: 1214 time: 0.1273267
2026-05-09 22:51:49.435 10 INFO neutron.wsgi [None req-1795948f-e2cb-435b-a5ec-9912cfb9be6f 1a44be311de245abbc0102adcd8de03d 970a2167116c4e00a1e492a82a1a20ae - - default default] 10.0.0.189 "DELETE /v2.0/ports/de2ab9c2-a579-40e6-9473-6895083b1c62 HTTP/1.1" status: 204 len: 168 time: 0.3508897
2026-05-09 22:51:49.455 10 INFO neutron.notifiers.nova [-] Nova event matching ['req-3ff72175-9cd4-4399-bde2-23c7baba079f'] response: {'server_uuid': 'e04a8cdb-a986-40f5-8578-fca8a76e633c', 'name': 'network-vif-unplugged', 'status': 'completed', 'tag': '755422e5-6055-4ffd-b802-0da89b9d9335', 'code': 200}
2026-05-09 22:51:49.497 9 INFO neutron.wsgi [req-a6bd74c0-fef9-4fee-a13a-e0522ee7c515 req-afa1264d-c736-42a2-9d9c-b2db1bb4de85 b93e383ba7d54448be6227fdfa39add7 a6dc2418cecc43de95fe2738f331371a - - default default] 10.0.0.184 "GET /v2.0/security-groups?id=d6bbd114-4f1e-4724-9a51-67ea72eb4feb&id=be6b45f1-7089-4176-bfd3-6c244ec19692&fields=id&fields=name HTTP/1.1" status: 200 len: 404 time: 0.0733948
2026-05-09 22:51:49.526 9 WARNING neutron.scheduler.dhcp_agent_scheduler [None req-2f395757-38f7-4eda-83b9-f761afdd3cef 86f43e0c04704c7e91e72ca445be135f a59d5e852c36419a8e5e66fd67708fd6 - - default default] No more DHCP agents
2026-05-09 22:51:49.532 9 WARNING neutron.api.rpc.agentnotifiers.dhcp_rpc_agent_api [None req-2f395757-38f7-4eda-83b9-f761afdd3cef 86f43e0c04704c7e91e72ca445be135f a59d5e852c36419a8e5e66fd67708fd6 - - default default] Unable to schedule network 0b5e335b-e334-4686-a015-289de3c10255: no agents available; will retry on subsequent port and subnet creation events.
2026-05-09 22:51:49.600 10 INFO neutron.db.ovn_revision_numbers_db [None req-d9958fd4-08c2-4d53-9265-7b981d8368f2 - - - - - -] Successfully bumped revision number for resource 755422e5-6055-4ffd-b802-0da89b9d9335 (type: ports) to 5
2026-05-09 22:51:49.607 9 INFO neutron.wsgi [req-6f1147a6-92df-4a58-94f5-87c1ef5e2296 req-f1b854b4-84a4-4dd9-b112-7509a5573a6e b93e383ba7d54448be6227fdfa39add7 a6dc2418cecc43de95fe2738f331371a - - default default] 199.204.45.19 "GET /v2.0/ports?device_id=e04a8cdb-a986-40f5-8578-fca8a76e633c HTTP/1.1" status: 200 len: 1212 time: 0.0650492
2026-05-09 22:51:49.722 9 INFO neutron.db.ovn_revision_numbers_db [None req-2f395757-38f7-4eda-83b9-f761afdd3cef 86f43e0c04704c7e91e72ca445be135f a59d5e852c36419a8e5e66fd67708fd6 - - default default] Successfully bumped revision number for resource be0182ae-6029-4810-b55d-bd99238ac3c9 (type: ports) to 1
2026-05-09 22:51:49.765 9 INFO neutron.wsgi [None req-2f395757-38f7-4eda-83b9-f761afdd3cef 86f43e0c04704c7e91e72ca445be135f a59d5e852c36419a8e5e66fd67708fd6 - - default default] 10.0.0.189 "POST /v2.0/networks HTTP/1.1" status: 201 len: 1445 time: 2.2666788
2026-05-09 22:51:49.923 9 INFO neutron.wsgi [None req-b4845bd8-022d-4886-b54f-546817457ad8 86f43e0c04704c7e91e72ca445be135f a59d5e852c36419a8e5e66fd67708fd6 - - default default] 10.0.0.189 "GET /v2.0/networks HTTP/1.1" status: 200 len: 2051 time: 0.1461611 /var/lib/openstack/lib/python3.10/site-packages/pycadf/identifier.py:71: UserWarning: Invalid uuid: neutron. To ensure interoperability, identifiers should be a valid uuid. warnings.warn(('Invalid uuid: %s. To ensure interoperability, '
2026-05-09 22:51:49.950 9 INFO neutron.wsgi [None req-56b9d1fa-b601-4094-b641-5683b74a109d 1a44be311de245abbc0102adcd8de03d 970a2167116c4e00a1e492a82a1a20ae - - default default] 10.0.0.189 "DELETE /v2.0/ports/a805a267-4136-4067-a975-c863ee32324f HTTP/1.1" status: 204 len: 168 time: 0.4946194
2026-05-09 22:51:50.249 9 INFO neutron.db.l3_db [req-6f1147a6-92df-4a58-94f5-87c1ef5e2296 req-fb39d805-0c71-417f-96de-bf80f9d3d96d b93e383ba7d54448be6227fdfa39add7 a6dc2418cecc43de95fe2738f331371a - - default default] Floating IP 3691e6bd-16e1-4153-a53d-eaaf5e22331b disassociated. External IP: 10.96.250.209, port: 755422e5-6055-4ffd-b802-0da89b9d9335.
2026-05-09 22:51:50.278 10 INFO neutron.wsgi [None req-b64313dd-265b-4365-b7cf-a4c373ba0a3e 1a44be311de245abbc0102adcd8de03d 970a2167116c4e00a1e492a82a1a20ae - - default default] 10.0.0.189 "DELETE /v2.0/ports/9601016d-d228-45ae-a985-613c2fc1e0d7 HTTP/1.1" status: 204 len: 168 time: 0.3218997 /var/lib/openstack/lib/python3.10/site-packages/pycadf/identifier.py:71: UserWarning: Invalid uuid: neutron. To ensure interoperability, identifiers should be a valid uuid. warnings.warn(('Invalid uuid: %s. To ensure interoperability, '
2026-05-09 22:51:50.417 10 INFO neutron.services.segments.plugin [-] Segment 24e44894-4adf-401a-96bb-1451a00d7206 resource provider aggregate not found
2026-05-09 22:51:50.423 10 INFO neutron.services.segments.plugin [-] Segment 24e44894-4adf-401a-96bb-1451a00d7206 resource provider aggregate not found
2026-05-09 22:51:50.431 10 INFO neutron.services.segments.plugin [-] Segment 24e44894-4adf-401a-96bb-1451a00d7206 resource provider not found; error: Placement Client Error (4xx): {"errors": [{"status": 404, "title": "Not Found", "detail": "The resource could not be found.\n\n No resource provider with uuid 24e44894-4adf-401a-96bb-1451a00d7206 found for delete ", "request_id": "req-e0aae2f3-8871-4ec1-bc4f-98bcfab840ca"}]}
2026-05-09 22:51:50.439 10 INFO neutron.wsgi [None req-72a6ff9c-64d5-41a3-9649-13c25d7044fe 86f43e0c04704c7e91e72ca445be135f a59d5e852c36419a8e5e66fd67708fd6 - - default default] 10.0.0.189 "DELETE /v2.0/networks/16a95b3a-911c-43ad-84aa-d30aaf177a97 HTTP/1.1" status: 204 len: 168 time: 0.5101542
2026-05-09 22:51:50.440 10 INFO neutron.services.segments.plugin [-] Segment 24e44894-4adf-401a-96bb-1451a00d7206 resource provider not found; error: Placement Client Error (4xx): {"errors": [{"status": 404, "title": "Not Found", "detail": "The resource could not be found.\n\n No resource provider with uuid 24e44894-4adf-401a-96bb-1451a00d7206 found for delete ", "request_id": "req-d32bbd4d-d6ae-42fa-a81a-f57493eb08ec"}]}
2026-05-09 22:51:50.469 9 INFO neutron.wsgi [req-6f1147a6-92df-4a58-94f5-87c1ef5e2296 req-fb39d805-0c71-417f-96de-bf80f9d3d96d b93e383ba7d54448be6227fdfa39add7 a6dc2418cecc43de95fe2738f331371a - - default default] 199.204.45.19 "DELETE /v2.0/ports/755422e5-6055-4ffd-b802-0da89b9d9335 HTTP/1.1" status: 204 len: 173 time: 0.8549864
2026-05-09 22:51:50.517 9 INFO neutron.notifiers.nova [-] Nova event matching ['req-4d6a2494-4306-4663-9aad-aef0c44f4217'] response: {'server_uuid': 'e04a8cdb-a986-40f5-8578-fca8a76e633c', 'name': 'network-vif-deleted', 'tag': '755422e5-6055-4ffd-b802-0da89b9d9335', 'status': 'completed', 'code': 200}
2026-05-09 22:51:50.666 9 INFO neutron.wsgi [None req-25dc6ec0-7a9c-46d3-819c-271d729c51cc 1a44be311de245abbc0102adcd8de03d 970a2167116c4e00a1e492a82a1a20ae - - default default] 10.0.0.189 "DELETE /v2.0/ports/a57d049f-866c-4865-9cfa-26699e267111 HTTP/1.1" status: 204 len: 168 time: 0.3763559
2026-05-09 22:51:50.745 9 INFO neutron.wsgi [req-207e59de-011d-4cc2-9e1f-887d2eac12cf req-b6d92e4d-ee06-4187-a283-9953982f582a b93e383ba7d54448be6227fdfa39add7 a6dc2418cecc43de95fe2738f331371a - - default default] 10.0.0.184 "GET /v2.0/ports?device_id=e04a8cdb-a986-40f5-8578-fca8a76e633c HTTP/1.1" status: 200 len: 210 time: 0.0201609
2026-05-09 22:51:50.845 10 INFO neutron.wsgi [None req-849f6d93-c579-4f84-8714-cb186bcfc36e 86f43e0c04704c7e91e72ca445be135f a59d5e852c36419a8e5e66fd67708fd6 - - default default] 10.0.0.189 "DELETE /v2.0/networks/0b5e335b-e334-4686-a015-289de3c10255 HTTP/1.1" status: 204 len: 168 time: 0.3991408
2026-05-09 22:51:50.936 9 INFO neutron.wsgi [None req-ca450790-5e4a-4e98-a2cd-9b4c7261e6e6 86f43e0c04704c7e91e72ca445be135f a59d5e852c36419a8e5e66fd67708fd6 - - default default] 10.0.0.189 "GET /v2.0/networks HTTP/1.1" status: 200 len: 845 time: 0.0867724
2026-05-09 22:51:50.949 10 WARNING neutron_lib.context [None req-73ab2390-a967-48cd-9683-1da1fd7cefc0 86f43e0c04704c7e91e72ca445be135f a59d5e852c36419a8e5e66fd67708fd6 - - default default] Method 'is_advsvc' is deprecated since 2023.2 release (neutron-lib 3.8.0) and will be removed once support for the old RBAC API policies will be removed from Neutron. Please use method 'is_service_role' instead.
2026-05-09 22:51:51.033 10 INFO neutron.db.segments_db [None req-73ab2390-a967-48cd-9683-1da1fd7cefc0 86f43e0c04704c7e91e72ca445be135f a59d5e852c36419a8e5e66fd67708fd6 - - default default] Added segment 2ab44e26-df87-44e9-8311-8f598a0ce144 of type geneve for network d46b8616-9351-4110-8569-d6ef5e2fc32b
2026-05-09 22:51:51.079 9 INFO neutron.services.segments.plugin [-] Segment 67caf52c-1d59-4584-abc2-7e74a8b3fb6a resource provider aggregate not found
2026-05-09 22:51:51.083 9 INFO neutron.services.segments.plugin [-] Segment 67caf52c-1d59-4584-abc2-7e74a8b3fb6a resource provider aggregate not found
2026-05-09 22:51:51.097 9 INFO neutron.services.segments.plugin [-] Segment 67caf52c-1d59-4584-abc2-7e74a8b3fb6a resource provider not found; error: Placement Client Error (4xx): {"errors": [{"status": 404, "title": "Not Found", "detail": "The resource could not be found.\n\n No resource provider with uuid 67caf52c-1d59-4584-abc2-7e74a8b3fb6a found for delete ", "request_id": "req-9529a3cf-c1e2-4492-9fec-c6bd66b55ae5"}]}
2026-05-09 22:51:51.101 9 INFO neutron.services.segments.plugin [-] Segment 67caf52c-1d59-4584-abc2-7e74a8b3fb6a resource provider not found; error: Placement Client Error (4xx): {"errors": [{"status": 404, "title": "Not Found", "detail": "The resource could not be found.\n\n No resource provider with uuid 67caf52c-1d59-4584-abc2-7e74a8b3fb6a found for delete ", "request_id": "req-e5e5b685-e158-44e7-b8bb-6e63cb582748"}]}
2026-05-09 22:51:51.104 9 INFO neutron.wsgi [None req-db7548d4-2a55-4250-a7b6-a0782d78685e 1a44be311de245abbc0102adcd8de03d 970a2167116c4e00a1e492a82a1a20ae - - default default] 10.0.0.189 "DELETE /v2.0/networks/00bbea6d-8a48-4e5a-ac2b-29bbf5c167a6 HTTP/1.1" status: 204 len: 168 time: 0.4335861
2026-05-09 22:51:51.162 10 INFO neutron.db.ovn_revision_numbers_db [None req-73ab2390-a967-48cd-9683-1da1fd7cefc0 86f43e0c04704c7e91e72ca445be135f a59d5e852c36419a8e5e66fd67708fd6 - - default default] Successfully bumped revision number for resource d46b8616-9351-4110-8569-d6ef5e2fc32b (type: networks) to 1
2026-05-09 22:51:51.503 9 INFO neutron.wsgi [None req-dfd2a6cb-f8f7-4a32-8d55-d47cfc6429b1 1a44be311de245abbc0102adcd8de03d 970a2167116c4e00a1e492a82a1a20ae - - default default] 10.0.0.189 "DELETE /v2.0/networks/30d33e9a-a6a5-46ed-833a-9cf86065feb6 HTTP/1.1" status: 204 len: 168 time: 0.3923872
2026-05-09 22:51:51.608 10 WARNING neutron.scheduler.dhcp_agent_scheduler [None req-73ab2390-a967-48cd-9683-1da1fd7cefc0 86f43e0c04704c7e91e72ca445be135f a59d5e852c36419a8e5e66fd67708fd6 - - default default] No more DHCP agents
2026-05-09 22:51:51.612 10 WARNING neutron.api.rpc.agentnotifiers.dhcp_rpc_agent_api [None req-73ab2390-a967-48cd-9683-1da1fd7cefc0 86f43e0c04704c7e91e72ca445be135f a59d5e852c36419a8e5e66fd67708fd6 - - default default] Unable to schedule network d46b8616-9351-4110-8569-d6ef5e2fc32b: no agents available; will retry on subsequent port and subnet creation events.
2026-05-09 22:51:51.643 10 INFO neutron.notifiers.nova [-] Nova event matching ['req-fb354945-ac65-4a10-b6a9-a410aabe0bda'] response: {'server_uuid': 'e04a8cdb-a986-40f5-8578-fca8a76e633c', 'name': 'network-vif-unplugged', 'status': 'completed', 'tag': '755422e5-6055-4ffd-b802-0da89b9d9335', 'code': 200}
2026-05-09 22:51:51.696 10 INFO neutron.db.ovn_revision_numbers_db [None req-73ab2390-a967-48cd-9683-1da1fd7cefc0 86f43e0c04704c7e91e72ca445be135f a59d5e852c36419a8e5e66fd67708fd6 - - default default] Successfully bumped revision number for resource 7de2a3c5-cd35-4278-baff-1e32030d0b9d (type: ports) to 1
2026-05-09 22:51:51.718 10 INFO neutron.wsgi [None req-73ab2390-a967-48cd-9683-1da1fd7cefc0 86f43e0c04704c7e91e72ca445be135f a59d5e852c36419a8e5e66fd67708fd6 - - default default] 10.0.0.189 "POST /v2.0/networks HTTP/1.1" status: 201 len: 852 time: 0.7750347
2026-05-09 22:51:51.728 10 WARNING neutron_lib.context [None req-a9f68aa6-6435-4532-9903-19caea956522 86f43e0c04704c7e91e72ca445be135f a59d5e852c36419a8e5e66fd67708fd6 - - default default] Method 'is_advsvc' is deprecated since 2023.2 release (neutron-lib 3.8.0) and will be removed once support for the old RBAC API policies will be removed from Neutron. Please use method 'is_service_role' instead.
2026-05-09 22:51:51.820 10 INFO neutron.db.segments_db [None req-a9f68aa6-6435-4532-9903-19caea956522 86f43e0c04704c7e91e72ca445be135f a59d5e852c36419a8e5e66fd67708fd6 - - default default] Added segment 38d23d52-f321-4add-a59d-0b8f8b544068 of type geneve for network 534dd98c-9547-4258-987a-0d3c0c3b2d0a
2026-05-09 22:51:51.949 9 INFO neutron.wsgi [None req-95787078-ce39-4479-8410-552d2a7da363 1a44be311de245abbc0102adcd8de03d 970a2167116c4e00a1e492a82a1a20ae - - default default] 10.0.0.189 "DELETE /v2.0/networks/b8982f61-674d-4826-bc99-b0e908901cd6 HTTP/1.1" status: 204 len: 168 time: 0.4423077
2026-05-09 22:51:52.038 10 INFO neutron.db.ovn_revision_numbers_db [None req-a9f68aa6-6435-4532-9903-19caea956522 86f43e0c04704c7e91e72ca445be135f a59d5e852c36419a8e5e66fd67708fd6 - - default default] Successfully bumped revision number for resource 534dd98c-9547-4258-987a-0d3c0c3b2d0a (type: networks) to 1
2026-05-09 22:51:52.143 10 INFO neutron.wsgi [None req-b6c37571-b9df-4db2-851e-6bfc11f74838 b93e383ba7d54448be6227fdfa39add7 a6dc2418cecc43de95fe2738f331371a - - default default] 10.0.0.189 "DELETE /v2.0/security-groups/be6b45f1-7089-4176-bfd3-6c244ec19692 HTTP/1.1" status: 204 len: 168 time: 0.2589273
2026-05-09 22:51:52.170 9 INFO neutron.api.v2.resource [None req-f4c03989-946b-4698-a39f-0eb59407660f b93e383ba7d54448be6227fdfa39add7 a6dc2418cecc43de95fe2738f331371a - - default default] show failed (client error): The resource could not be found.
2026-05-09 22:51:52.171 9 INFO neutron.wsgi [None req-f4c03989-946b-4698-a39f-0eb59407660f b93e383ba7d54448be6227fdfa39add7 a6dc2418cecc43de95fe2738f331371a - - default default] 10.0.0.189 "GET /v2.0/security-groups/be6b45f1-7089-4176-bfd3-6c244ec19692 HTTP/1.1" status: 404 len: 347 time: 0.0243719
2026-05-09 22:51:52.256 10 WARNING neutron.scheduler.dhcp_agent_scheduler [None req-a9f68aa6-6435-4532-9903-19caea956522 86f43e0c04704c7e91e72ca445be135f a59d5e852c36419a8e5e66fd67708fd6 - - default default] No more DHCP agents
2026-05-09 22:51:52.260 10 WARNING neutron.api.rpc.agentnotifiers.dhcp_rpc_agent_api [None req-a9f68aa6-6435-4532-9903-19caea956522 86f43e0c04704c7e91e72ca445be135f a59d5e852c36419a8e5e66fd67708fd6 - - default default] Unable to schedule network 534dd98c-9547-4258-987a-0d3c0c3b2d0a: no agents available; will retry on subsequent port and subnet creation events.
2026-05-09 22:51:52.360 10 INFO neutron.db.ovn_revision_numbers_db [None req-a9f68aa6-6435-4532-9903-19caea956522 86f43e0c04704c7e91e72ca445be135f a59d5e852c36419a8e5e66fd67708fd6 - - default default] Successfully bumped revision number for resource f206babb-7369-40e7-beac-8601acb111f9 (type: ports) to 1
2026-05-09 22:51:52.364 9 INFO neutron.wsgi [None req-8dc17cb1-2297-4b42-8366-c1799d22fa92 1a44be311de245abbc0102adcd8de03d 970a2167116c4e00a1e492a82a1a20ae - - default default] 10.0.0.189 "DELETE /v2.0/networks/1725d9e6-1861-4a56-ab74-f2ea2988a2f7 HTTP/1.1" status: 204 len: 168 time: 0.4087000
2026-05-09 22:51:52.386 10 INFO neutron.wsgi [None req-a9f68aa6-6435-4532-9903-19caea956522 86f43e0c04704c7e91e72ca445be135f a59d5e852c36419a8e5e66fd67708fd6 - - default default] 10.0.0.189 "POST /v2.0/networks HTTP/1.1" status: 201 len: 853 time: 0.6628315
2026-05-09 22:51:52.405 9 WARNING neutron_lib.context [None req-41934bff-3a99-461a-8db9-ceabfec0220b 86f43e0c04704c7e91e72ca445be135f a59d5e852c36419a8e5e66fd67708fd6 - - default default] Method 'is_advsvc' is deprecated since 2023.2 release (neutron-lib 3.8.0) and will be removed once support for the old RBAC API policies will be removed from Neutron. Please use method 'is_service_role' instead.
2026-05-09 22:51:52.454 9 WARNING neutron_lib.context [None req-41934bff-3a99-461a-8db9-ceabfec0220b 86f43e0c04704c7e91e72ca445be135f a59d5e852c36419a8e5e66fd67708fd6 - - default default] Method 'is_advsvc' is deprecated since 2023.2 release (neutron-lib 3.8.0) and will be removed once support for the old RBAC API policies will be removed from Neutron. Please use method 'is_service_role' instead.
2026-05-09 22:51:52.456 10 INFO neutron.services.segments.plugin [-] Segment bee21842-c521-427b-9769-ae8a8385eba1 resource provider aggregate not found
2026-05-09 22:51:52.460 10 INFO neutron.services.segments.plugin [-] Segment bee21842-c521-427b-9769-ae8a8385eba1 resource provider aggregate not found
2026-05-09 22:51:52.471 10 INFO neutron.services.segments.plugin [-] Segment bee21842-c521-427b-9769-ae8a8385eba1 resource provider not found; error: Placement Client Error (4xx): {"errors": [{"status": 404, "title": "Not Found", "detail": "The resource could not be found.\n\n No resource provider with uuid bee21842-c521-427b-9769-ae8a8385eba1 found for delete ", "request_id": "req-2cc076fc-e1ef-4969-b042-68a7c0028748"}]}
