2026-08-15 03:57:52.232 8 INFO neutron.db.ovn_revision_numbers_db [None req-9c7733a3-be87-4420-a55c-3a7e2369a2d4 c1eae720b40845519e78826a1cae28de bee2ba101a954a22b55adb01d7f70be9 - - default default] Successfully bumped revision number for resource b33143bd-5031-4fe6-865e-3039bf4e4d9b (type: security_group_rules) to 0 [pid: 8|app: 0|req: 940/1929] 10.0.0.26 () {32 vars in 773 bytes} [Sat Aug 15 03:57:51 2026] GET /v2.0/security-groups?tenant_id=9790d52057c04dffbb58b28d255e35c3&name=default => generated 2925 bytes in 397 msecs (HTTP/1.1 200) 4 headers in 158 bytes (1 switches on core 0) [pid: 8|app: 0|req: 941/1930] 10.0.0.26 () {32 vars in 665 bytes} [Sat Aug 15 03:57:52 2026] GET /v2.0/networks?tags=red => generated 1873 bytes in 49 msecs (HTTP/1.1 200) 4 headers in 158 bytes (1 switches on core 0)
2026-08-15 03:57:52.366 7 WARNING neutron.scheduler.dhcp_agent_scheduler [None req-cf4a933a-1724-4042-9936-093aece8ca53 3ea427e2f37748129d5e98ba88dcd1dd 052d04e6838e46518230c1bce2978b88 - - default default] No more DHCP agents
2026-08-15 03:57:52.368 7 WARNING neutron.api.rpc.agentnotifiers.dhcp_rpc_agent_api [None req-cf4a933a-1724-4042-9936-093aece8ca53 3ea427e2f37748129d5e98ba88dcd1dd 052d04e6838e46518230c1bce2978b88 - - default default] Unable to schedule network 1ba8cb73-bac9-4bca-8a3f-1a24ac8baf7c: no agents available; will retry on subsequent port and subnet creation events. [pid: 8|app: 0|req: 942/1931] 10.0.0.26 () {32 vars in 739 bytes} [Sat Aug 15 03:57:52 2026] DELETE /v2.0/security-groups/e88027a4-5e23-4010-ba9e-6867ac537376 => generated 0 bytes in 229 msecs (HTTP/1.1 204) 2 headers in 112 bytes (1 switches on core 0) [pid: 8|app: 0|req: 943/1932] 10.0.0.26 () {32 vars in 679 bytes} [Sat Aug 15 03:57:52 2026] GET /v2.0/networks?tags=red%2Cblue => generated 1261 bytes in 45 msecs (HTTP/1.1 200) 4 headers in 158 bytes (1 switches on core 0) [pid: 8|app: 0|req: 944/1933] 10.0.0.26 () {32 vars in 675 bytes} [Sat Aug 15 03:57:52 2026] GET /v2.0/networks?tags-any=blue => generated 1261 bytes in 49 msecs (HTTP/1.1 200) 4 headers in 158 bytes (1 switches on core 0) [pid: 8|app: 0|req: 945/1934] 10.0.0.26 () {32 vars in 687 bytes} [Sat Aug 15 03:57:52 2026] GET /v2.0/networks?tags-any=red%2Cblue => generated 1873 bytes in 41 msecs (HTTP/1.1 200) 4 headers in 158 bytes (1 switches on core 0) [pid: 8|app: 0|req: 946/1935] 10.0.0.26 () {32 vars in 673 bytes} [Sat Aug 15 03:57:52 2026] GET /v2.0/networks?not-tags=red => generated 1874 bytes in 56 msecs (HTTP/1.1 200) 4 headers in 158 bytes (1 switches on core 0)
2026-08-15 03:57:52.822 7 INFO neutron.db.ovn_revision_numbers_db [None req-d475fd4a-b055-44c3-ab80-86faeb273272 - - - - - -] Successfully bumped revision number for resource 5aed0944-44cd-47c4-bb4b-46681611d4e4 (type: ports) to 2
2026-08-15 03:57:52.848 7 INFO neutron.db.ovn_revision_numbers_db [None req-d475fd4a-b055-44c3-ab80-86faeb273272 - - - - - -] Successfully bumped revision number for resource 0281ee21-ad80-465c-9432-c6c9e1b794b7 (type: subnets) to 0 [pid: 8|app: 0|req: 947/1936] 10.0.0.26 () {32 vars in 687 bytes} [Sat Aug 15 03:57:52 2026] GET /v2.0/networks?not-tags=red%2Cblue => generated 2486 bytes in 80 msecs (HTTP/1.1 200) 4 headers in 158 bytes (1 switches on core 0) [pid: 7|app: 0|req: 990/1937] 10.0.0.26 () {34 vars in 668 bytes} [Sat Aug 15 03:57:52 2026] POST /v2.0/subnets => generated 626 bytes in 692 msecs (HTTP/1.1 201) 4 headers in 162 bytes (1 switches on core 0) [pid: 8|app: 0|req: 948/1938] 10.0.0.26 () {32 vars in 683 bytes} [Sat Aug 15 03:57:52 2026] GET /v2.0/networks?not-tags-any=blue => generated 2486 bytes in 64 msecs (HTTP/1.1 200) 4 headers in 158 bytes (1 switches on core 0)
2026-08-15 03:57:52.941 7 INFO neutron.db.segments_db [None req-ad4f8d5b-730b-4df6-bdbe-7f4dfe216a0e 3ea427e2f37748129d5e98ba88dcd1dd 052d04e6838e46518230c1bce2978b88 - - default default] Added segment 349dcd09-b19c-428f-86a7-216e73aafc38 of type geneve for network d7c6f44b-c464-47e7-83c0-f8443056b02c [pid: 8|app: 0|req: 949/1939] 10.0.0.26 () {32 vars in 695 bytes} [Sat Aug 15 03:57:52 2026] GET /v2.0/networks?not-tags-any=red%2Cblue => generated 1874 bytes in 48 msecs (HTTP/1.1 200) 4 headers in 158 bytes (1 switches on core 0)
2026-08-15 03:57:53.024 7 INFO neutron.db.ovn_revision_numbers_db [None req-ad4f8d5b-730b-4df6-bdbe-7f4dfe216a0e 3ea427e2f37748129d5e98ba88dcd1dd 052d04e6838e46518230c1bce2978b88 - - default default] Successfully bumped revision number for resource d7c6f44b-c464-47e7-83c0-f8443056b02c (type: networks) to 1
2026-08-15 03:57:53.087 8 INFO neutron_taas.services.taas.taas_plugin [None req-a59b75b3-06fe-4d99-a8b2-4f2b2cdd7e9f 5f51aa468ab44c27a4bd54a54ad60254 8323933e58c44d608b0a8b60d1d02842 - - default default] TaaS: Handle Delete Port: ab8a6adc-96d0-48dc-964c-46cf374358f9
2026-08-15 03:57:53.089 8 INFO neutron_taas.services.taas.tap_mirror_plugin [None req-a59b75b3-06fe-4d99-a8b2-4f2b2cdd7e9f 5f51aa468ab44c27a4bd54a54ad60254 8323933e58c44d608b0a8b60d1d02842 - - default default] Tap Mirror: Handle Delete Port: ab8a6adc-96d0-48dc-964c-46cf374358f9
2026-08-15 03:57:53.210 7 WARNING neutron.scheduler.dhcp_agent_scheduler [None req-ad4f8d5b-730b-4df6-bdbe-7f4dfe216a0e 3ea427e2f37748129d5e98ba88dcd1dd 052d04e6838e46518230c1bce2978b88 - - default default] No more DHCP agents
2026-08-15 03:57:53.211 7 WARNING neutron.api.rpc.agentnotifiers.dhcp_rpc_agent_api [None req-ad4f8d5b-730b-4df6-bdbe-7f4dfe216a0e 3ea427e2f37748129d5e98ba88dcd1dd 052d04e6838e46518230c1bce2978b88 - - default default] Unable to schedule network d7c6f44b-c464-47e7-83c0-f8443056b02c: no agents available; will retry on subsequent port and subnet creation events.
2026-08-15 03:57:53.247 7 INFO neutron.plugins.ml2.drivers.ovn.mech_driver.mech_driver [None req-8381f265-f70a-4716-a25d-f0398373ef36 - - - - - -] OVN reports status down for port: 175e5f8e-6cf3-4463-8874-bb6487b25176
2026-08-15 03:57:53.277 8 INFO neutron.services.segments.plugin [-] Segment 460e026e-1843-4db0-9838-5f6c0ee7b343 resource provider aggregate not found
2026-08-15 03:57:53.284 8 INFO neutron.services.segments.plugin [-] Segment 460e026e-1843-4db0-9838-5f6c0ee7b343 resource provider aggregate not found
2026-08-15 03:57:53.300 8 INFO neutron.services.segments.plugin [-] Client error retrieving segment 460e026e-1843-4db0-9838-5f6c0ee7b343 resource provider; error: Placement Client Error (4xx): {"errors": [{"status": 404, "title": "Not Found", "detail": "The resource could not be found.\n\n No resource provider with uuid 460e026e-1843-4db0-9838-5f6c0ee7b343 found for delete ", "request_id": "req-f19851c8-2683-4880-bd02-b5a1f5214e7a"}]}
2026-08-15 03:57:53.303 8 INFO neutron.services.segments.plugin [-] Client error retrieving segment 460e026e-1843-4db0-9838-5f6c0ee7b343 resource provider; error: Placement Client Error (4xx): {"errors": [{"status": 404, "title": "Not Found", "detail": "The resource could not be found.\n\n No resource provider with uuid 460e026e-1843-4db0-9838-5f6c0ee7b343 found for delete ", "request_id": "req-13263031-4c64-421f-ab66-17296b27ad25"}]}
2026-08-15 03:57:53.305 7 INFO neutron.db.ovn_revision_numbers_db [None req-ad4f8d5b-730b-4df6-bdbe-7f4dfe216a0e 3ea427e2f37748129d5e98ba88dcd1dd 052d04e6838e46518230c1bce2978b88 - - default default] Successfully bumped revision number for resource 175e5f8e-6cf3-4463-8874-bb6487b25176 (type: ports) to 1 [pid: 8|app: 0|req: 950/1940] 10.0.0.26 () {32 vars in 725 bytes} [Sat Aug 15 03:57:52 2026] DELETE /v2.0/networks/e8d1cbd1-901d-4e3c-b9e4-7ddf4aa08ec2 => generated 0 bytes in 336 msecs (HTTP/1.1 204) 3 headers in 131 bytes (1 switches on core 0) [pid: 7|app: 0|req: 991/1941] 10.0.0.26 () {34 vars in 669 bytes} [Sat Aug 15 03:57:52 2026] POST /v2.0/networks => generated 632 bytes in 478 msecs (HTTP/1.1 201) 4 headers in 162 bytes (1 switches on core 0)
2026-08-15 03:57:53.408 8 INFO neutron_taas.services.taas.taas_plugin [None req-df9cd4c3-285c-4f13-b35e-c8528392410f 5f51aa468ab44c27a4bd54a54ad60254 8323933e58c44d608b0a8b60d1d02842 - - default default] TaaS: Handle Delete Port: 2bd8c057-a371-43c8-a0d1-295c093ac761
2026-08-15 03:57:53.411 8 INFO neutron_taas.services.taas.tap_mirror_plugin [None req-df9cd4c3-285c-4f13-b35e-c8528392410f 5f51aa468ab44c27a4bd54a54ad60254 8323933e58c44d608b0a8b60d1d02842 - - default default] Tap Mirror: Handle Delete Port: 2bd8c057-a371-43c8-a0d1-295c093ac761
2026-08-15 03:57:53.521 7 WARNING neutron.scheduler.dhcp_agent_scheduler [None req-33e76d76-0e04-4523-b5c1-fa6b4c6a7f68 3ea427e2f37748129d5e98ba88dcd1dd 052d04e6838e46518230c1bce2978b88 - - default default] No more DHCP agents
2026-08-15 03:57:53.522 7 WARNING neutron.api.rpc.agentnotifiers.dhcp_rpc_agent_api [None req-33e76d76-0e04-4523-b5c1-fa6b4c6a7f68 3ea427e2f37748129d5e98ba88dcd1dd 052d04e6838e46518230c1bce2978b88 - - default default] Unable to schedule network d7c6f44b-c464-47e7-83c0-f8443056b02c: no agents available; will retry on subsequent port and subnet creation events. [pid: 8|app: 0|req: 951/1942] 10.0.0.26 () {32 vars in 725 bytes} [Sat Aug 15 03:57:53 2026] DELETE /v2.0/networks/6b7472ff-5926-40f4-a7a8-3a1acc836b21 => generated 0 bytes in 266 msecs (HTTP/1.1 204) 3 headers in 131 bytes (1 switches on core 0)
2026-08-15 03:57:53.698 8 INFO neutron_taas.services.taas.taas_plugin [None req-774bd8c7-6855-47b9-b081-48535632b17a 5f51aa468ab44c27a4bd54a54ad60254 8323933e58c44d608b0a8b60d1d02842 - - default default] TaaS: Handle Delete Port: d080b534-4325-4f3e-94cf-299797feca90
2026-08-15 03:57:53.700 8 INFO neutron_taas.services.taas.tap_mirror_plugin [None req-774bd8c7-6855-47b9-b081-48535632b17a 5f51aa468ab44c27a4bd54a54ad60254 8323933e58c44d608b0a8b60d1d02842 - - default default] Tap Mirror: Handle Delete Port: d080b534-4325-4f3e-94cf-299797feca90 [pid: 8|app: 0|req: 952/1943] 10.0.0.26 () {32 vars in 725 bytes} [Sat Aug 15 03:57:53 2026] DELETE /v2.0/networks/9a0ae453-cad7-49e1-adec-a4c33892676d => generated 0 bytes in 300 msecs (HTTP/1.1 204) 3 headers in 131 bytes (1 switches on core 0)
2026-08-15 03:57:53.948 7 INFO neutron.db.ovn_revision_numbers_db [None req-def63eba-de72-4246-a27c-b5bdfe4846b1 - - - - - -] Successfully bumped revision number for resource 175e5f8e-6cf3-4463-8874-bb6487b25176 (type: ports) to 2
2026-08-15 03:57:53.981 7 INFO neutron.db.ovn_revision_numbers_db [None req-def63eba-de72-4246-a27c-b5bdfe4846b1 - - - - - -] Successfully bumped revision number for resource d58ac5c8-aa31-4e0b-ad6e-8ebd5de2ad54 (type: subnets) to 0 [pid: 7|app: 0|req: 992/1944] 10.0.0.26 () {34 vars in 668 bytes} [Sat Aug 15 03:57:53 2026] POST /v2.0/subnets => generated 629 bytes in 652 msecs (HTTP/1.1 201) 4 headers in 162 bytes (1 switches on core 0)
2026-08-15 03:57:54.159 7 INFO neutron_taas.services.taas.taas_plugin [None req-49a815d8-bd95-49dd-8d8c-6b11adef8bac 5f51aa468ab44c27a4bd54a54ad60254 8323933e58c44d608b0a8b60d1d02842 - - default default] TaaS: Handle Delete Port: 3b73dea9-8e39-47e7-a525-85e3080ee6c4
2026-08-15 03:57:54.162 7 INFO neutron_taas.services.taas.tap_mirror_plugin [None req-49a815d8-bd95-49dd-8d8c-6b11adef8bac 5f51aa468ab44c27a4bd54a54ad60254 8323933e58c44d608b0a8b60d1d02842 - - default default] Tap Mirror: Handle Delete Port: 3b73dea9-8e39-47e7-a525-85e3080ee6c4
2026-08-15 03:57:54.239 8 INFO neutron.db.ovn_revision_numbers_db [None req-00991760-0dec-44b4-b781-2addc56e57fa c1eae720b40845519e78826a1cae28de bee2ba101a954a22b55adb01d7f70be9 - - default default] Successfully bumped revision number for resource 916cd852-363a-446b-9a5c-b95734efade6 (type: security_groups) to 1
2026-08-15 03:57:54.250 8 INFO neutron.db.ovn_revision_numbers_db [None req-00991760-0dec-44b4-b781-2addc56e57fa c1eae720b40845519e78826a1cae28de bee2ba101a954a22b55adb01d7f70be9 - - default default] Successfully bumped revision number for resource 3907c834-e39f-4d46-bb0f-949083225749 (type: security_group_rules) to 0
2026-08-15 03:57:54.283 8 INFO neutron.db.ovn_revision_numbers_db [None req-00991760-0dec-44b4-b781-2addc56e57fa c1eae720b40845519e78826a1cae28de bee2ba101a954a22b55adb01d7f70be9 - - default default] Successfully bumped revision number for resource 9169b917-0da0-4c3c-933f-fabefc6d302c (type: security_group_rules) to 0
2026-08-15 03:57:54.295 8 INFO neutron.db.ovn_revision_numbers_db [None req-00991760-0dec-44b4-b781-2addc56e57fa c1eae720b40845519e78826a1cae28de bee2ba101a954a22b55adb01d7f70be9 - - default default] Successfully bumped revision number for resource 930d7082-8985-40a2-94a2-daf178ae34df (type: security_group_rules) to 0
2026-08-15 03:57:54.306 8 INFO neutron.db.ovn_revision_numbers_db [None req-00991760-0dec-44b4-b781-2addc56e57fa c1eae720b40845519e78826a1cae28de bee2ba101a954a22b55adb01d7f70be9 - - default default] Successfully bumped revision number for resource 9f430e9c-55a9-419d-b967-e1e6ffad70b9 (type: security_group_rules) to 0 [pid: 8|app: 0|req: 953/1945] 10.0.0.26 () {32 vars in 773 bytes} [Sat Aug 15 03:57:53 2026] GET /v2.0/security-groups?tenant_id=0b1efe7b5de64fc3b2b356c9d6d05423&name=default => generated 2925 bytes in 452 msecs (HTTP/1.1 200) 4 headers in 158 bytes (1 switches on core 0)
2026-08-15 03:57:54.352 7 INFO neutron.services.segments.plugin [-] Segment 7da96286-a97f-4774-9af8-740cf4d1a575 resource provider aggregate not found
2026-08-15 03:57:54.357 7 INFO neutron.services.segments.plugin [-] Segment 7da96286-a97f-4774-9af8-740cf4d1a575 resource provider aggregate not found
2026-08-15 03:57:54.375 7 INFO neutron.services.segments.plugin [-] Client error retrieving segment 7da96286-a97f-4774-9af8-740cf4d1a575 resource provider; error: Placement Client Error (4xx): {"errors": [{"status": 404, "title": "Not Found", "detail": "The resource could not be found.\n\n No resource provider with uuid 7da96286-a97f-4774-9af8-740cf4d1a575 found for delete ", "request_id": "req-4f6ad5f7-f2a3-4a9f-ae28-c2beca5cebef"}]}
2026-08-15 03:57:54.377 7 INFO neutron.services.segments.plugin [-] Client error retrieving segment 7da96286-a97f-4774-9af8-740cf4d1a575 resource provider; error: Placement Client Error (4xx): {"errors": [{"status": 404, "title": "Not Found", "detail": "The resource could not be found.\n\n No resource provider with uuid 7da96286-a97f-4774-9af8-740cf4d1a575 found for delete ", "request_id": "req-7b7065c3-211d-4f83-8a80-eae36a43c9b3"}]} [pid: 7|app: 0|req: 993/1946] 10.0.0.26 () {32 vars in 725 bytes} [Sat Aug 15 03:57:53 2026] DELETE /v2.0/networks/f28146da-23bd-40f1-94e8-67fec03a543a => generated 0 bytes in 404 msecs (HTTP/1.1 204) 3 headers in 131 bytes (1 switches on core 0)
2026-08-15 03:57:54.429 8 INFO neutron.db.segments_db [None req-b7c9bbc1-0758-4861-bf2e-d581bd78679f 3ea427e2f37748129d5e98ba88dcd1dd 052d04e6838e46518230c1bce2978b88 - - default default] Added segment bcbeb0c9-505b-44bb-8849-6b396b9b6a94 of type geneve for network ba68cbe0-a714-4aba-a904-41b05af50137
2026-08-15 03:57:54.526 8 INFO neutron.db.ovn_revision_numbers_db [None req-b7c9bbc1-0758-4861-bf2e-d581bd78679f 3ea427e2f37748129d5e98ba88dcd1dd 052d04e6838e46518230c1bce2978b88 - - default default] Successfully bumped revision number for resource ba68cbe0-a714-4aba-a904-41b05af50137 (type: networks) to 1
2026-08-15 03:57:54.569 7 INFO neutron.db.ovn_revision_numbers_db [None req-9d8a96ce-3dc5-4f2d-af6f-4f7a44b7d198 739ee7c61f97450abcc7305557b9645d 76263e719f2c4550ad1f77df6ad1b6c2 - - default default] Successfully bumped revision number for resource 8917bd97-6972-4e2b-bfd4-2b4603c79911 (type: security_groups) to 1
2026-08-15 03:57:54.584 7 INFO neutron.db.ovn_revision_numbers_db [None req-9d8a96ce-3dc5-4f2d-af6f-4f7a44b7d198 739ee7c61f97450abcc7305557b9645d 76263e719f2c4550ad1f77df6ad1b6c2 - - default default] Successfully bumped revision number for resource 3187281f-de52-4d46-862e-a16a57b1251d (type: security_group_rules) to 0
2026-08-15 03:57:54.595 7 INFO neutron.db.ovn_revision_numbers_db [None req-9d8a96ce-3dc5-4f2d-af6f-4f7a44b7d198 739ee7c61f97450abcc7305557b9645d 76263e719f2c4550ad1f77df6ad1b6c2 - - default default] Successfully bumped revision number for resource 47bd2bd5-8059-4004-a13c-b6f3753f5443 (type: security_group_rules) to 0
2026-08-15 03:57:54.606 7 INFO neutron.db.ovn_revision_numbers_db [None req-9d8a96ce-3dc5-4f2d-af6f-4f7a44b7d198 739ee7c61f97450abcc7305557b9645d 76263e719f2c4550ad1f77df6ad1b6c2 - - default default] Successfully bumped revision number for resource 58b4b3e3-e1a8-4137-be52-27c521a5d0eb (type: security_group_rules) to 0
2026-08-15 03:57:54.620 7 INFO neutron.db.ovn_revision_numbers_db [None req-9d8a96ce-3dc5-4f2d-af6f-4f7a44b7d198 739ee7c61f97450abcc7305557b9645d 76263e719f2c4550ad1f77df6ad1b6c2 - - default default] Successfully bumped revision number for resource bf5a635d-3c7a-4e11-95a9-57eb5abf1b7a (type: security_group_rules) to 0
2026-08-15 03:57:54.678 8 WARNING neutron.scheduler.dhcp_agent_scheduler [None req-b7c9bbc1-0758-4861-bf2e-d581bd78679f 3ea427e2f37748129d5e98ba88dcd1dd 052d04e6838e46518230c1bce2978b88 - - default default] No more DHCP agents
2026-08-15 03:57:54.679 8 WARNING neutron.api.rpc.agentnotifiers.dhcp_rpc_agent_api [None req-b7c9bbc1-0758-4861-bf2e-d581bd78679f 3ea427e2f37748129d5e98ba88dcd1dd 052d04e6838e46518230c1bce2978b88 - - default default] Unable to schedule network ba68cbe0-a714-4aba-a904-41b05af50137: no agents available; will retry on subsequent port and subnet creation events.
2026-08-15 03:57:54.700 7 INFO neutron.db.segments_db [None req-9d8a96ce-3dc5-4f2d-af6f-4f7a44b7d198 739ee7c61f97450abcc7305557b9645d 76263e719f2c4550ad1f77df6ad1b6c2 - - default default] Added segment 1ecfab7e-b735-4df9-844d-e515e958aa8c of type geneve for network d581ce36-a382-4d59-a3cf-2b39b2538525
2026-08-15 03:57:54.711 8 INFO neutron.plugins.ml2.drivers.ovn.mech_driver.mech_driver [None req-8096f4e9-a1e0-41a6-94ea-e2041e9570d4 - - - - - -] OVN reports status down for port: 102fb048-c370-4da6-b43c-0c0c6b598256
2026-08-15 03:57:54.766 8 INFO neutron.db.ovn_revision_numbers_db [None req-b7c9bbc1-0758-4861-bf2e-d581bd78679f 3ea427e2f37748129d5e98ba88dcd1dd 052d04e6838e46518230c1bce2978b88 - - default default] Successfully bumped revision number for resource 102fb048-c370-4da6-b43c-0c0c6b598256 (type: ports) to 1
2026-08-15 03:57:54.794 7 INFO neutron.db.ovn_revision_numbers_db [None req-9d8a96ce-3dc5-4f2d-af6f-4f7a44b7d198 739ee7c61f97450abcc7305557b9645d 76263e719f2c4550ad1f77df6ad1b6c2 - - default default] Successfully bumped revision number for resource d581ce36-a382-4d59-a3cf-2b39b2538525 (type: networks) to 1 [pid: 8|app: 0|req: 954/1947] 10.0.0.26 () {34 vars in 669 bytes} [Sat Aug 15 03:57:54 2026] POST /v2.0/networks => generated 631 bytes in 457 msecs (HTTP/1.1 201) 4 headers in 162 bytes (1 switches on core 0)
2026-08-15 03:57:54.944 7 WARNING neutron.scheduler.dhcp_agent_scheduler [None req-9d8a96ce-3dc5-4f2d-af6f-4f7a44b7d198 739ee7c61f97450abcc7305557b9645d 76263e719f2c4550ad1f77df6ad1b6c2 - - default default] No more DHCP agents
2026-08-15 03:57:54.946 7 WARNING neutron.api.rpc.agentnotifiers.dhcp_rpc_agent_api [None req-9d8a96ce-3dc5-4f2d-af6f-4f7a44b7d198 739ee7c61f97450abcc7305557b9645d 76263e719f2c4550ad1f77df6ad1b6c2 - - default default] Unable to schedule network d581ce36-a382-4d59-a3cf-2b39b2538525: no agents available; will retry on subsequent port and subnet creation events.
2026-08-15 03:57:54.988 8 INFO neutron.plugins.ml2.drivers.ovn.mech_driver.mech_driver [None req-8096f4e9-a1e0-41a6-94ea-e2041e9570d4 - - - - - -] OVN reports status down for port: 108d8d54-3285-4751-aa53-21e9bb83dac1
2026-08-15 03:57:55.011 7 INFO neutron.db.ovn_revision_numbers_db [None req-9d8a96ce-3dc5-4f2d-af6f-4f7a44b7d198 739ee7c61f97450abcc7305557b9645d 76263e719f2c4550ad1f77df6ad1b6c2 - - default default] Successfully bumped revision number for resource 108d8d54-3285-4751-aa53-21e9bb83dac1 (type: ports) to 1 [pid: 7|app: 0|req: 994/1948] 10.0.0.26 () {34 vars in 669 bytes} [Sat Aug 15 03:57:54 2026] POST /v2.0/networks => generated 649 bytes in 629 msecs (HTTP/1.1 201) 4 headers in 162 bytes (1 switches on core 0) [pid: 8|app: 0|req: 955/1949] 10.0.0.26 () {32 vars in 739 bytes} [Sat Aug 15 03:57:54 2026] DELETE /v2.0/security-groups/916cd852-363a-446b-9a5c-b95734efade6 => generated 0 bytes in 229 msecs (HTTP/1.1 204) 2 headers in 112 bytes (1 switches on core 0)
2026-08-15 03:57:55.148 7 INFO neutron_taas.services.taas.taas_plugin [None req-6504cdf9-2932-408e-b1ae-c990b3f45fd2 5f51aa468ab44c27a4bd54a54ad60254 8323933e58c44d608b0a8b60d1d02842 - - default default] TaaS: Handle Delete Port: a5b2391d-65c9-4871-bc62-21460bc9e64e
2026-08-15 03:57:55.153 7 INFO neutron_taas.services.taas.tap_mirror_plugin [None req-6504cdf9-2932-408e-b1ae-c990b3f45fd2 5f51aa468ab44c27a4bd54a54ad60254 8323933e58c44d608b0a8b60d1d02842 - - default default] Tap Mirror: Handle Delete Port: a5b2391d-65c9-4871-bc62-21460bc9e64e
2026-08-15 03:57:55.254 8 WARNING neutron.scheduler.dhcp_agent_scheduler [None req-86fe6c41-ecdf-4ccc-90df-70d11e6533c1 3ea427e2f37748129d5e98ba88dcd1dd 052d04e6838e46518230c1bce2978b88 - - default default] No more DHCP agents
2026-08-15 03:57:55.255 8 WARNING neutron.api.rpc.agentnotifiers.dhcp_rpc_agent_api [None req-86fe6c41-ecdf-4ccc-90df-70d11e6533c1 3ea427e2f37748129d5e98ba88dcd1dd 052d04e6838e46518230c1bce2978b88 - - default default] Unable to schedule network ba68cbe0-a714-4aba-a904-41b05af50137: no agents available; will retry on subsequent port and subnet creation events. [pid: 7|app: 0|req: 995/1950] 10.0.0.26 () {32 vars in 725 bytes} [Sat Aug 15 03:57:55 2026] DELETE /v2.0/networks/0d616373-353a-42eb-ad84-dbb4bf4a95e3 => generated 0 bytes in 278 msecs (HTTP/1.1 204) 3 headers in 131 bytes (1 switches on core 0)
2026-08-15 03:57:55.320 8 INFO neutron.services.segments.plugin [-] Segment d0ad77e4-37de-4e65-b6c5-ee26c39c4de3 resource provider aggregate not found
2026-08-15 03:57:55.332 8 INFO neutron.services.segments.plugin [-] Segment d0ad77e4-37de-4e65-b6c5-ee26c39c4de3 resource provider aggregate not found
2026-08-15 03:57:55.338 8 INFO neutron.services.segments.plugin [-] Client error retrieving segment d0ad77e4-37de-4e65-b6c5-ee26c39c4de3 resource provider; error: Placement Client Error (4xx): {"errors": [{"status": 404, "title": "Not Found", "detail": "The resource could not be found.\n\n No resource provider with uuid d0ad77e4-37de-4e65-b6c5-ee26c39c4de3 found for delete ", "request_id": "req-ecdbb757-37c9-4b14-9fc1-bb7574ee7973"}]}
2026-08-15 03:57:55.354 8 INFO neutron.services.segments.plugin [-] Segment b11f7a9e-bee6-4d04-b293-64ee7cb23cbb resource provider aggregate not found
2026-08-15 03:57:55.358 8 INFO neutron.services.segments.plugin [-] Client error retrieving segment d0ad77e4-37de-4e65-b6c5-ee26c39c4de3 resource provider; error: Placement Client Error (4xx): {"errors": [{"status": 404, "title": "Not Found", "detail": "The resource could not be found.\n\n No resource provider with uuid d0ad77e4-37de-4e65-b6c5-ee26c39c4de3 found for delete ", "request_id": "req-d03ab0c4-e20e-467a-85e0-c2a1549ed75c"}]}
2026-08-15 03:57:55.374 8 INFO neutron.services.segments.plugin [-] Client error retrieving segment b11f7a9e-bee6-4d04-b293-64ee7cb23cbb resource provider; error: Placement Client Error (4xx): {"errors": [{"status": 404, "title": "Not Found", "detail": "The resource could not be found.\n\n No resource provider with uuid b11f7a9e-bee6-4d04-b293-64ee7cb23cbb found for delete ", "request_id": "req-2b2f42f1-010f-4b2e-b57e-17b604594d61"}]}
2026-08-15 03:57:55.379 8 INFO neutron.services.segments.plugin [-] Segment b11f7a9e-bee6-4d04-b293-64ee7cb23cbb resource provider aggregate not found
2026-08-15 03:57:55.401 8 INFO neutron.services.segments.plugin [-] Client error retrieving segment b11f7a9e-bee6-4d04-b293-64ee7cb23cbb resource provider; error: Placement Client Error (4xx): {"errors": [{"status": 404, "title": "Not Found", "detail": "The resource could not be found.\n\n No resource provider with uuid b11f7a9e-bee6-4d04-b293-64ee7cb23cbb found for delete ", "request_id": "req-52c3a23b-348e-4cc6-9b52-4b32f67f262b"}]}
2026-08-15 03:57:55.449 7 WARNING neutron.scheduler.dhcp_agent_scheduler [None req-6921629f-91a7-498f-afaf-a7d1b6c06215 739ee7c61f97450abcc7305557b9645d 76263e719f2c4550ad1f77df6ad1b6c2 - - default default] No more DHCP agents
2026-08-15 03:57:55.450 7 WARNING neutron.api.rpc.agentnotifiers.dhcp_rpc_agent_api [None req-6921629f-91a7-498f-afaf-a7d1b6c06215 739ee7c61f97450abcc7305557b9645d 76263e719f2c4550ad1f77df6ad1b6c2 - - default default] Unable to schedule network d581ce36-a382-4d59-a3cf-2b39b2538525: no agents available; will retry on subsequent port and subnet creation events.
2026-08-15 03:57:55.466 7 INFO neutron.db.ovn_revision_numbers_db [None req-6921629f-91a7-498f-afaf-a7d1b6c06215 739ee7c61f97450abcc7305557b9645d 76263e719f2c4550ad1f77df6ad1b6c2 - - default default] Successfully bumped revision number for resource c97569bc-10d8-4b18-bcd1-0e2700b5e9b6 (type: subnets) to 0 [pid: 7|app: 0|req: 996/1951] 10.0.0.26 () {34 vars in 668 bytes} [Sat Aug 15 03:57:55 2026] POST /v2.0/subnets => generated 627 bytes in 167 msecs (HTTP/1.1 201) 4 headers in 162 bytes (1 switches on core 0)
2026-08-15 03:57:55.706 8 INFO neutron.db.ovn_revision_numbers_db [None req-c0cd1287-5c49-4f72-bc11-1453be7d12a5 - - - - - -] Successfully bumped revision number for resource 102fb048-c370-4da6-b43c-0c0c6b598256 (type: ports) to 2
2026-08-15 03:57:55.731 8 INFO neutron.db.ovn_revision_numbers_db [None req-c0cd1287-5c49-4f72-bc11-1453be7d12a5 - - - - - -] Successfully bumped revision number for resource 40182554-275c-4700-b492-6f3e3c177bcc (type: subnets) to 0 [pid: 8|app: 0|req: 956/1952] 10.0.0.26 () {34 vars in 668 bytes} [Sat Aug 15 03:57:55 2026] POST /v2.0/subnets => generated 629 bytes in 709 msecs (HTTP/1.1 201) 4 headers in 162 bytes (1 switches on core 0)
2026-08-15 03:57:55.799 7 WARNING neutron.scheduler.dhcp_agent_scheduler [None req-e3743d5d-2b24-4cea-8952-effb4be3787f 739ee7c61f97450abcc7305557b9645d 76263e719f2c4550ad1f77df6ad1b6c2 - - default default] No more DHCP agents
2026-08-15 03:57:55.800 7 WARNING neutron.api.rpc.agentnotifiers.dhcp_rpc_agent_api [None req-e3743d5d-2b24-4cea-8952-effb4be3787f 739ee7c61f97450abcc7305557b9645d 76263e719f2c4550ad1f77df6ad1b6c2 - - default default] Unable to schedule network b7d28aec-f59e-45c9-96ec-518c3c03e0ca: no agents available; will retry on subsequent port and subnet creation events.
2026-08-15 03:57:55.830 8 INFO neutron.db.segments_db [None req-99453d42-6667-444e-9c10-c42c32f2ba98 3ea427e2f37748129d5e98ba88dcd1dd 052d04e6838e46518230c1bce2978b88 - - default default] Added segment e896431d-837c-48fe-ba65-d61007103c35 of type geneve for network 73e17638-fe4e-40d3-93b1-21b52eec99f5
2026-08-15 03:57:55.900 8 INFO neutron.plugins.ml2.drivers.ovn.mech_driver.mech_driver [None req-8096f4e9-a1e0-41a6-94ea-e2041e9570d4 - - - - - -] OVN reports status down for port: dc7a3f99-0127-4970-afce-5d617f3e91c3
2026-08-15 03:57:55.927 7 INFO neutron.db.ovn_revision_numbers_db [None req-e3743d5d-2b24-4cea-8952-effb4be3787f 739ee7c61f97450abcc7305557b9645d 76263e719f2c4550ad1f77df6ad1b6c2 - - default default] Successfully bumped revision number for resource dc7a3f99-0127-4970-afce-5d617f3e91c3 (type: ports) to 1
2026-08-15 03:57:55.969 8 INFO neutron.db.ovn_revision_numbers_db [None req-99453d42-6667-444e-9c10-c42c32f2ba98 3ea427e2f37748129d5e98ba88dcd1dd 052d04e6838e46518230c1bce2978b88 - - default default] Successfully bumped revision number for resource 73e17638-fe4e-40d3-93b1-21b52eec99f5 (type: networks) to 1
2026-08-15 03:57:56.123 8 WARNING neutron.scheduler.dhcp_agent_scheduler [None req-99453d42-6667-444e-9c10-c42c32f2ba98 3ea427e2f37748129d5e98ba88dcd1dd 052d04e6838e46518230c1bce2978b88 - - default default] No more DHCP agents
2026-08-15 03:57:56.125 8 WARNING neutron.api.rpc.agentnotifiers.dhcp_rpc_agent_api [None req-99453d42-6667-444e-9c10-c42c32f2ba98 3ea427e2f37748129d5e98ba88dcd1dd 052d04e6838e46518230c1bce2978b88 - - default default] Unable to schedule network 73e17638-fe4e-40d3-93b1-21b52eec99f5: no agents available; will retry on subsequent port and subnet creation events.
2026-08-15 03:57:56.171 7 INFO neutron.plugins.ml2.drivers.ovn.mech_driver.mech_driver [None req-8381f265-f70a-4716-a25d-f0398373ef36 - - - - - -] OVN reports status down for port: 6b1c46a6-0d0c-40da-9a47-0353254af193
2026-08-15 03:57:56.193 8 INFO neutron.db.ovn_revision_numbers_db [None req-99453d42-6667-444e-9c10-c42c32f2ba98 3ea427e2f37748129d5e98ba88dcd1dd 052d04e6838e46518230c1bce2978b88 - - default default] Successfully bumped revision number for resource 6b1c46a6-0d0c-40da-9a47-0353254af193 (type: ports) to 1 [pid: 8|app: 0|req: 957/1953] 10.0.0.26 () {34 vars in 669 bytes} [Sat Aug 15 03:57:55 2026] POST /v2.0/networks => generated 632 bytes in 465 msecs (HTTP/1.1 201) 4 headers in 162 bytes (1 switches on core 0)
2026-08-15 03:57:56.403 7 INFO neutron.services.segments.plugin [-] Segment ee496386-23bf-40e7-96c1-063f874c9712 resource provider aggregate not found
2026-08-15 03:57:56.415 7 INFO neutron.services.segments.plugin [-] Segment ee496386-23bf-40e7-96c1-063f874c9712 resource provider aggregate not found
2026-08-15 03:57:56.428 7 INFO neutron.services.segments.plugin [-] Client error retrieving segment ee496386-23bf-40e7-96c1-063f874c9712 resource provider; error: Placement Client Error (4xx): {"errors": [{"status": 404, "title": "Not Found", "detail": "The resource could not be found.\n\n No resource provider with uuid ee496386-23bf-40e7-96c1-063f874c9712 found for delete ", "request_id": "req-dbbea77c-1649-4fb5-8ae1-cf3e6eabc599"}]}
2026-08-15 03:57:56.431 7 INFO neutron.services.segments.plugin [-] Client error retrieving segment ee496386-23bf-40e7-96c1-063f874c9712 resource provider; error: Placement Client Error (4xx): {"errors": [{"status": 404, "title": "Not Found", "detail": "The resource could not be found.\n\n No resource provider with uuid ee496386-23bf-40e7-96c1-063f874c9712 found for delete ", "request_id": "req-59611b6e-df84-4062-b970-4e623e4a3bfa"}]}
2026-08-15 03:57:56.472 8 INFO neutron.db.ovn_revision_numbers_db [None req-7bb05dd6-f247-4f87-820c-3890ae89559a c1eae720b40845519e78826a1cae28de bee2ba101a954a22b55adb01d7f70be9 - - default default] Successfully bumped revision number for resource 221222ac-c803-4204-ad45-0f1b0bd17608 (type: security_groups) to 1
2026-08-15 03:57:56.485 8 INFO neutron.db.ovn_revision_numbers_db [None req-7bb05dd6-f247-4f87-820c-3890ae89559a c1eae720b40845519e78826a1cae28de bee2ba101a954a22b55adb01d7f70be9 - - default default] Successfully bumped revision number for resource 39c1889e-1cbc-4a1e-8800-26a1ba2723e9 (type: security_group_rules) to 0
2026-08-15 03:57:56.497 8 INFO neutron.db.ovn_revision_numbers_db [None req-7bb05dd6-f247-4f87-820c-3890ae89559a c1eae720b40845519e78826a1cae28de bee2ba101a954a22b55adb01d7f70be9 - - default default] Successfully bumped revision number for resource 5c2da382-6ef7-441f-a5f0-b3a0d0971ba6 (type: security_group_rules) to 0
2026-08-15 03:57:56.508 8 INFO neutron.db.ovn_revision_numbers_db [None req-7bb05dd6-f247-4f87-820c-3890ae89559a c1eae720b40845519e78826a1cae28de bee2ba101a954a22b55adb01d7f70be9 - - default default] Successfully bumped revision number for resource 793cbe61-a462-450e-93c5-9bc8b31670b5 (type: security_group_rules) to 0
2026-08-15 03:57:56.519 8 INFO neutron.db.ovn_revision_numbers_db [None req-7bb05dd6-f247-4f87-820c-3890ae89559a c1eae720b40845519e78826a1cae28de bee2ba101a954a22b55adb01d7f70be9 - - default default] Successfully bumped revision number for resource b05246c8-21fc-4bf4-b4d4-11619fe739fd (type: security_group_rules) to 0
2026-08-15 03:57:56.552 7 INFO neutron.plugins.ml2.drivers.ovn.mech_driver.ovsdb.commands [None req-79972cd8-c7ea-455a-a1aa-b6ba4ce77af3 - - - - - -] Schedule LRP lrp-dc7a3f99-0127-4970-afce-5d617f3e91c3 on gateway e13b8dcc-2a1a-4c24-ade4-8b3913a74da6 with priority 1 [pid: 8|app: 0|req: 958/1954] 10.0.0.26 () {32 vars in 773 bytes} [Sat Aug 15 03:57:56 2026] GET /v2.0/security-groups?tenant_id=6dba8b4aef1e4e72a309f199ead39cb6&name=default => generated 2925 bytes in 351 msecs (HTTP/1.1 200) 4 headers in 158 bytes (1 switches on core 0)
2026-08-15 03:57:56.571 8 INFO neutron.plugins.ml2.drivers.ovn.mech_driver.mech_driver [None req-8096f4e9-a1e0-41a6-94ea-e2041e9570d4 - - - - - -] OVN reports status up for port: dc7a3f99-0127-4970-afce-5d617f3e91c3
2026-08-15 03:57:56.587 8 INFO neutron.plugins.ml2.plugin [None req-8096f4e9-a1e0-41a6-94ea-e2041e9570d4 - - - - - -] Attempt 1 to provision port dc7a3f99-0127-4970-afce-5d617f3e91c3
2026-08-15 03:57:56.596 7 INFO neutron.db.ovn_revision_numbers_db [None req-e3743d5d-2b24-4cea-8952-effb4be3787f 739ee7c61f97450abcc7305557b9645d 76263e719f2c4550ad1f77df6ad1b6c2 - - default default] Successfully bumped revision number for resource dc7a3f99-0127-4970-afce-5d617f3e91c3 (type: router_ports) to 1
2026-08-15 03:57:56.666 7 INFO neutron.db.ovn_revision_numbers_db [None req-e3743d5d-2b24-4cea-8952-effb4be3787f 739ee7c61f97450abcc7305557b9645d 76263e719f2c4550ad1f77df6ad1b6c2 - - default default] Successfully bumped revision number for resource beac9605-942a-4502-ba60-40cd56ba5cb7 (type: routers) to 2 [pid: 7|app: 0|req: 997/1955] 10.0.0.26 () {34 vars in 668 bytes} [Sat Aug 15 03:57:55 2026] POST /v2.0/routers => generated 955 bytes in 1199 msecs (HTTP/1.1 201) 4 headers in 162 bytes (1 switches on core 0)
2026-08-15 03:57:56.785 8 WARNING neutron.scheduler.dhcp_agent_scheduler [None req-bef2d016-f9c4-44ea-b2d5-3387ab0c73c1 3ea427e2f37748129d5e98ba88dcd1dd 052d04e6838e46518230c1bce2978b88 - - default default] No more DHCP agents
2026-08-15 03:57:56.786 8 WARNING neutron.api.rpc.agentnotifiers.dhcp_rpc_agent_api [None req-bef2d016-f9c4-44ea-b2d5-3387ab0c73c1 3ea427e2f37748129d5e98ba88dcd1dd 052d04e6838e46518230c1bce2978b88 - - default default] Unable to schedule network 73e17638-fe4e-40d3-93b1-21b52eec99f5: no agents available; will retry on subsequent port and subnet creation events. [pid: 7|app: 0|req: 998/1956] 10.0.0.26 () {32 vars in 739 bytes} [Sat Aug 15 03:57:56 2026] DELETE /v2.0/security-groups/221222ac-c803-4204-ad45-0f1b0bd17608 => generated 0 bytes in 208 msecs (HTTP/1.1 204) 2 headers in 112 bytes (1 switches on core 0)
2026-08-15 03:57:57.220 8 INFO neutron.db.ovn_revision_numbers_db [None req-49934ec5-88a9-4f62-b0d2-0301fcde1f77 - - - - - -] Successfully bumped revision number for resource 6b1c46a6-0d0c-40da-9a47-0353254af193 (type: ports) to 2
2026-08-15 03:57:57.253 8 INFO neutron.db.ovn_revision_numbers_db [None req-49934ec5-88a9-4f62-b0d2-0301fcde1f77 - - - - - -] Successfully bumped revision number for resource 138820a9-cbf2-478c-bf37-68923a5c91cb (type: subnets) to 0 [pid: 8|app: 0|req: 959/1957] 10.0.0.26 () {34 vars in 668 bytes} [Sat Aug 15 03:57:56 2026] POST /v2.0/subnets => generated 629 bytes in 702 msecs (HTTP/1.1 201) 4 headers in 162 bytes (1 switches on core 0)
2026-08-15 03:57:57.358 7 WARNING neutron.scheduler.dhcp_agent_scheduler [None req-8945e007-adb0-4fa3-95a8-9c437f0e3299 739ee7c61f97450abcc7305557b9645d 76263e719f2c4550ad1f77df6ad1b6c2 - - default default] No more DHCP agents
2026-08-15 03:57:57.359 7 WARNING neutron.api.rpc.agentnotifiers.dhcp_rpc_agent_api [None req-8945e007-adb0-4fa3-95a8-9c437f0e3299 739ee7c61f97450abcc7305557b9645d 76263e719f2c4550ad1f77df6ad1b6c2 - - default default] Unable to schedule network d581ce36-a382-4d59-a3cf-2b39b2538525: no agents available; will retry on subsequent port and subnet creation events.
2026-08-15 03:57:57.387 8 INFO neutron.db.ovn_revision_numbers_db [None req-19cb1449-4df6-4a15-bd61-72f21c815bb4 c1eae720b40845519e78826a1cae28de bee2ba101a954a22b55adb01d7f70be9 - - default default] Successfully bumped revision number for resource 9b1ec9f9-b776-4f9c-b0fd-6ea0d0212868 (type: security_groups) to 1
2026-08-15 03:57:57.398 8 INFO neutron.db.ovn_revision_numbers_db [None req-19cb1449-4df6-4a15-bd61-72f21c815bb4 c1eae720b40845519e78826a1cae28de bee2ba101a954a22b55adb01d7f70be9 - - default default] Successfully bumped revision number for resource 0ace783a-cf89-48d0-978b-77ba84d98928 (type: security_group_rules) to 0
2026-08-15 03:57:57.412 8 INFO neutron.db.ovn_revision_numbers_db [None req-19cb1449-4df6-4a15-bd61-72f21c815bb4 c1eae720b40845519e78826a1cae28de bee2ba101a954a22b55adb01d7f70be9 - - default default] Successfully bumped revision number for resource 8bf9eed2-af12-4014-8a3f-aa247d58ac67 (type: security_group_rules) to 0
2026-08-15 03:57:57.425 8 INFO neutron.db.ovn_revision_numbers_db [None req-19cb1449-4df6-4a15-bd61-72f21c815bb4 c1eae720b40845519e78826a1cae28de bee2ba101a954a22b55adb01d7f70be9 - - default default] Successfully bumped revision number for resource cc342fd8-c8af-4fab-8258-8945f4a87ca4 (type: security_group_rules) to 0
2026-08-15 03:57:57.438 8 INFO neutron.db.ovn_revision_numbers_db [None req-19cb1449-4df6-4a15-bd61-72f21c815bb4 c1eae720b40845519e78826a1cae28de bee2ba101a954a22b55adb01d7f70be9 - - default default] Successfully bumped revision number for resource d2ccd9e0-6bdb-41d9-a11b-33527ae7d112 (type: security_group_rules) to 0
2026-08-15 03:57:57.459 7 INFO neutron.plugins.ml2.drivers.ovn.mech_driver.mech_driver [None req-8381f265-f70a-4716-a25d-f0398373ef36 - - - - - -] OVN reports status down for port: 0e616473-b036-4b2c-87ac-74efd37ad655 [pid: 8|app: 0|req: 960/1958] 10.0.0.26 () {32 vars in 773 bytes} [Sat Aug 15 03:57:57 2026] GET /v2.0/security-groups?tenant_id=9117bae2e6e34ff08b8e6b1269249107&name=default => generated 2925 bytes in 225 msecs (HTTP/1.1 200) 4 headers in 158 bytes (1 switches on core 0)
2026-08-15 03:57:57.511 7 INFO neutron.db.ovn_revision_numbers_db [None req-8945e007-adb0-4fa3-95a8-9c437f0e3299 739ee7c61f97450abcc7305557b9645d 76263e719f2c4550ad1f77df6ad1b6c2 - - default default] Successfully bumped revision number for resource 0e616473-b036-4b2c-87ac-74efd37ad655 (type: ports) to 1
2026-08-15 03:57:57.571 8 INFO neutron.db.segments_db [None req-a623c48a-3cfb-4a09-b8e5-9afa2d015f46 3ea427e2f37748129d5e98ba88dcd1dd 052d04e6838e46518230c1bce2978b88 - - default default] Added segment 0668ede7-c6e8-4ddd-9a9e-929b27d13c38 of type geneve for network fba9764e-5a0c-45ed-b94f-241cf4739a97
2026-08-15 03:57:57.665 8 INFO neutron.db.ovn_revision_numbers_db [None req-a623c48a-3cfb-4a09-b8e5-9afa2d015f46 3ea427e2f37748129d5e98ba88dcd1dd 052d04e6838e46518230c1bce2978b88 - - default default] Successfully bumped revision number for resource fba9764e-5a0c-45ed-b94f-241cf4739a97 (type: networks) to 1
2026-08-15 03:57:57.811 8 WARNING neutron.scheduler.dhcp_agent_scheduler [None req-a623c48a-3cfb-4a09-b8e5-9afa2d015f46 3ea427e2f37748129d5e98ba88dcd1dd 052d04e6838e46518230c1bce2978b88 - - default default] No more DHCP agents
2026-08-15 03:57:57.812 8 WARNING neutron.api.rpc.agentnotifiers.dhcp_rpc_agent_api [None req-a623c48a-3cfb-4a09-b8e5-9afa2d015f46 3ea427e2f37748129d5e98ba88dcd1dd 052d04e6838e46518230c1bce2978b88 - - default default] Unable to schedule network fba9764e-5a0c-45ed-b94f-241cf4739a97: no agents available; will retry on subsequent port and subnet creation events.
2026-08-15 03:57:57.852 7 INFO neutron.plugins.ml2.drivers.ovn.mech_driver.mech_driver [None req-8381f265-f70a-4716-a25d-f0398373ef36 - - - - - -] OVN reports status down for port: f2d67d9a-0954-41cb-ba5f-4b0f0a32e9aa
2026-08-15 03:57:57.883 8 INFO neutron.db.ovn_revision_numbers_db [None req-a623c48a-3cfb-4a09-b8e5-9afa2d015f46 3ea427e2f37748129d5e98ba88dcd1dd 052d04e6838e46518230c1bce2978b88 - - default default] Successfully bumped revision number for resource f2d67d9a-0954-41cb-ba5f-4b0f0a32e9aa (type: ports) to 1 [pid: 8|app: 0|req: 961/1959] 10.0.0.26 () {34 vars in 669 bytes} [Sat Aug 15 03:57:57 2026] POST /v2.0/networks => generated 631 bytes in 417 msecs (HTTP/1.1 201) 4 headers in 162 bytes (1 switches on core 0) [pid: 8|app: 0|req: 962/1960] 10.0.0.26 () {32 vars in 739 bytes} [Sat Aug 15 03:57:57 2026] DELETE /v2.0/security-groups/9b1ec9f9-b776-4f9c-b0fd-6ea0d0212868 => generated 0 bytes in 211 msecs (HTTP/1.1 204) 2 headers in 112 bytes (1 switches on core 0)
2026-08-15 03:57:58.168 7 INFO neutron.plugins.ml2.drivers.ovn.mech_driver.mech_driver [None req-8381f265-f70a-4716-a25d-f0398373ef36 - - - - - -] OVN reports status up for port: 0e616473-b036-4b2c-87ac-74efd37ad655
2026-08-15 03:57:58.193 7 INFO neutron.plugins.ml2.plugin [None req-8381f265-f70a-4716-a25d-f0398373ef36 - - - - - -] Attempt 1 to provision port 0e616473-b036-4b2c-87ac-74efd37ad655
2026-08-15 03:57:58.284 8 WARNING neutron.scheduler.dhcp_agent_scheduler [None req-3f2b1806-0fcf-4dbc-9a37-8af033c124cf 3ea427e2f37748129d5e98ba88dcd1dd 052d04e6838e46518230c1bce2978b88 - - default default] No more DHCP agents
2026-08-15 03:57:58.285 8 WARNING neutron.api.rpc.agentnotifiers.dhcp_rpc_agent_api [None req-3f2b1806-0fcf-4dbc-9a37-8af033c124cf 3ea427e2f37748129d5e98ba88dcd1dd 052d04e6838e46518230c1bce2978b88 - - default default] Unable to schedule network fba9764e-5a0c-45ed-b94f-241cf4739a97: no agents available; will retry on subsequent port and subnet creation events.
2026-08-15 03:57:58.653 8 INFO neutron.db.ovn_revision_numbers_db [None req-c9c475e7-1bea-45fe-992f-00b4e3c34750 - - - - - -] Successfully bumped revision number for resource f2d67d9a-0954-41cb-ba5f-4b0f0a32e9aa (type: ports) to 2
2026-08-15 03:57:58.682 8 INFO neutron.db.ovn_revision_numbers_db [None req-c9c475e7-1bea-45fe-992f-00b4e3c34750 - - - - - -] Successfully bumped revision number for resource 5a76ed9d-50fc-4df5-8488-cd223f28b295 (type: subnets) to 0 [pid: 8|app: 0|req: 963/1961] 10.0.0.26 () {34 vars in 668 bytes} [Sat Aug 15 03:57:58 2026] POST /v2.0/subnets => generated 629 bytes in 576 msecs (HTTP/1.1 201) 4 headers in 162 bytes (1 switches on core 0)
2026-08-15 03:57:58.765 7 WARNING neutron.scheduler.dhcp_agent_scheduler [None req-8945e007-adb0-4fa3-95a8-9c437f0e3299 739ee7c61f97450abcc7305557b9645d 76263e719f2c4550ad1f77df6ad1b6c2 - - default default] No more DHCP agents
2026-08-15 03:57:58.767 7 WARNING neutron.api.rpc.agentnotifiers.dhcp_rpc_agent_api [None req-8945e007-adb0-4fa3-95a8-9c437f0e3299 739ee7c61f97450abcc7305557b9645d 76263e719f2c4550ad1f77df6ad1b6c2 - - default default] Unable to schedule network d581ce36-a382-4d59-a3cf-2b39b2538525: no agents available; will retry on subsequent port and subnet creation events. [pid: 8|app: 0|req: 964/1962] 10.0.0.217 () {30 vars in 650 bytes} [Sat Aug 15 03:57:58 2026] GET /v2.0/extensions => generated 20118 bytes in 148 msecs (HTTP/1.1 200) 4 headers in 159 bytes (1 switches on core 0) [pid: 8|app: 0|req: 965/1963] 10.0.0.26 () {32 vars in 773 bytes} [Sat Aug 15 03:57:58 2026] GET /v2.0/security-groups?tenant_id=8323933e58c44d608b0a8b60d1d02842&name=default => generated 2925 bytes in 28 msecs (HTTP/1.1 200) 4 headers in 158 bytes (1 switches on core 0) [pid: 8|app: 0|req: 966/1964] 10.0.0.26 () {34 vars in 750 bytes} [Sat Aug 15 03:57:58 2026] PUT /v2.0/subnets/0281ee21-ad80-465c-9432-c6c9e1b794b7/tags => generated 17 bytes in 47 msecs (HTTP/1.1 200) 4 headers in 156 bytes (1 switches on core 0) [pid: 8|app: 0|req: 967/1965] 10.0.0.217 () {30 vars in 724 bytes} [Sat Aug 15 03:57:58 2026] GET /v2.0/quotas/95c9415110404e3da6a08e17ea2e62eb/details => generated 847 bytes in 82 msecs (HTTP/1.1 200) 4 headers in 157 bytes (1 switches on core 0) [pid: 8|app: 0|req: 968/1966] 10.0.0.26 () {32 vars in 739 bytes} [Sat Aug 15 03:57:59 2026] DELETE /v2.0/security-groups/4b7aa55a-d851-415b-aa1e-074733115e77 => generated 0 bytes in 255 msecs (HTTP/1.1 204) 2 headers in 112 bytes (1 switches on core 0)
2026-08-15 03:57:59.281 7 INFO neutron.db.ovn_revision_numbers_db [None req-8381f265-f70a-4716-a25d-f0398373ef36 - - - - - -] Successfully bumped revision number for resource 0e616473-b036-4b2c-87ac-74efd37ad655 (type: ports) to 2 [pid: 8|app: 0|req: 969/1967] 10.0.0.26 () {34 vars in 750 bytes} [Sat Aug 15 03:57:59 2026] PUT /v2.0/subnets/d58ac5c8-aa31-4e0b-ad6e-8ebd5de2ad54/tags => generated 25 bytes in 62 msecs (HTTP/1.1 200) 4 headers in 156 bytes (1 switches on core 0) [pid: 8|app: 0|req: 970/1968] 10.0.0.26 () {34 vars in 750 bytes} [Sat Aug 15 03:57:59 2026] PUT /v2.0/subnets/40182554-275c-4700-b492-6f3e3c177bcc/tags => generated 34 bytes in 57 msecs (HTTP/1.1 200) 4 headers in 156 bytes (1 switches on core 0) [pid: 8|app: 0|req: 971/1969] 10.0.0.26 () {34 vars in 750 bytes} [Sat Aug 15 03:57:59 2026] PUT /v2.0/subnets/138820a9-cbf2-478c-bf37-68923a5c91cb/tags => generated 19 bytes in 50 msecs (HTTP/1.1 200) 4 headers in 156 bytes (1 switches on core 0) [pid: 8|app: 0|req: 972/1970] 10.0.0.26 () {32 vars in 663 bytes} [Sat Aug 15 03:57:59 2026] GET /v2.0/subnets?tags=red => generated 1904 bytes in 54 msecs (HTTP/1.1 200) 4 headers in 158 bytes (1 switches on core 0)
2026-08-15 03:57:59.520 7 INFO neutron.db.ovn_revision_numbers_db [None req-8945e007-adb0-4fa3-95a8-9c437f0e3299 739ee7c61f97450abcc7305557b9645d 76263e719f2c4550ad1f77df6ad1b6c2 - - default default] Successfully bumped revision number for resource 0e616473-b036-4b2c-87ac-74efd37ad655 (type: router_ports) to 1 [pid: 7|app: 0|req: 999/1971] 10.0.0.26 () {34 vars in 782 bytes} [Sat Aug 15 03:57:56 2026] PUT /v2.0/routers/beac9605-942a-4502-ba60-40cd56ba5cb7/add_router_interface => generated 309 bytes in 2642 msecs (HTTP/1.1 200) 4 headers in 157 bytes (1 switches on core 0) [pid: 8|app: 0|req: 973/1972] 10.0.0.26 () {32 vars in 677 bytes} [Sat Aug 15 03:57:59 2026] GET /v2.0/subnets?tags=red%2Cblue => generated 1283 bytes in 52 msecs (HTTP/1.1 200) 4 headers in 158 bytes (1 switches on core 0)
2026-08-15 03:57:59.593 7 INFO neutron.db.ovn_revision_numbers_db [None req-1ea36de7-6225-4be3-aff2-edd2297dcb4b - - - - - -] Successfully bumped revision number for resource 0e616473-b036-4b2c-87ac-74efd37ad655 (type: router_ports) to 2 [pid: 8|app: 0|req: 974/1973] 10.0.0.26 () {32 vars in 673 bytes} [Sat Aug 15 03:57:59 2026] GET /v2.0/subnets?tags-any=blue => generated 1283 bytes in 44 msecs (HTTP/1.1 200) 4 headers in 158 bytes (1 switches on core 0) [pid: 8|app: 0|req: 975/1974] 10.0.0.26 () {32 vars in 685 bytes} [Sat Aug 15 03:57:59 2026] GET /v2.0/subnets?tags-any=red%2Cblue => generated 1904 bytes in 34 msecs (HTTP/1.1 200) 4 headers in 158 bytes (1 switches on core 0) [pid: 8|app: 0|req: 976/1975] 10.0.0.26 () {32 vars in 671 bytes} [Sat Aug 15 03:57:59 2026] GET /v2.0/subnets?not-tags=red => generated 1894 bytes in 39 msecs (HTTP/1.1 200) 4 headers in 158 bytes (1 switches on core 0) [pid: 8|app: 0|req: 977/1976] 10.0.0.26 () {32 vars in 685 bytes} [Sat Aug 15 03:57:59 2026] GET /v2.0/subnets?not-tags=red%2Cblue => generated 2515 bytes in 40 msecs (HTTP/1.1 200) 4 headers in 158 bytes (1 switches on core 0) [pid: 8|app: 0|req: 978/1977] 10.0.0.26 () {32 vars in 681 bytes} [Sat Aug 15 03:57:59 2026] GET /v2.0/subnets?not-tags-any=blue => generated 2515 bytes in 48 msecs (HTTP/1.1 200) 4 headers in 158 bytes (1 switches on core 0) [pid: 8|app: 0|req: 979/1978] 10.0.0.26 () {32 vars in 693 bytes} [Sat Aug 15 03:57:59 2026] GET /v2.0/subnets?not-tags-any=red%2Cblue => generated 1894 bytes in 31 msecs (HTTP/1.1 200) 4 headers in 158 bytes (1 switches on core 0)
2026-08-15 03:57:59.864 7 WARNING neutron.scheduler.dhcp_agent_scheduler [None req-b9469444-3db3-4bba-9551-3195575ffbbb 739ee7c61f97450abcc7305557b9645d 76263e719f2c4550ad1f77df6ad1b6c2 - - default default] No more DHCP agents
2026-08-15 03:57:59.865 7 WARNING neutron.api.rpc.agentnotifiers.dhcp_rpc_agent_api [None req-b9469444-3db3-4bba-9551-3195575ffbbb 739ee7c61f97450abcc7305557b9645d 76263e719f2c4550ad1f77df6ad1b6c2 - - default default] Unable to schedule network d581ce36-a382-4d59-a3cf-2b39b2538525: no agents available; will retry on subsequent port and subnet creation events.
2026-08-15 03:57:59.992 7 INFO neutron.plugins.ml2.drivers.ovn.mech_driver.mech_driver [None req-1ea36de7-6225-4be3-aff2-edd2297dcb4b - - - - - -] OVN reports status down for port: 278292da-34ba-40e1-a9d6-2aa067dab3b1 [pid: 8|app: 0|req: 980/1979] 10.0.0.26 () {32 vars in 723 bytes} [Sat Aug 15 03:57:59 2026] DELETE /v2.0/subnets/0281ee21-ad80-465c-9432-c6c9e1b794b7 => generated 0 bytes in 191 msecs (HTTP/1.1 204) 3 headers in 131 bytes (1 switches on core 0)
2026-08-15 03:58:00.052 7 INFO neutron.db.ovn_revision_numbers_db [None req-b9469444-3db3-4bba-9551-3195575ffbbb 739ee7c61f97450abcc7305557b9645d 76263e719f2c4550ad1f77df6ad1b6c2 - - default default] Successfully bumped revision number for resource 278292da-34ba-40e1-a9d6-2aa067dab3b1 (type: ports) to 1 [pid: 7|app: 0|req: 1000/1982] 10.0.0.26 () {34 vars in 664 bytes} [Sat Aug 15 03:57:59 2026] POST /v2.0/ports => generated 958 bytes in 557 msecs (HTTP/1.1 201) 4 headers in 162 bytes (1 switches on core 0) /var/lib/openstack/lib/python3.12/site-packages/pycadf/identifier.py:70: UserWarning: Invalid uuid: neutron. To ensure interoperability, identifiers should be a valid uuid. warnings.warn(('Invalid uuid: %s. To ensure interoperability, ' [pid: 8|app: 0|req: 983/1983] 10.0.0.26 () {32 vars in 723 bytes} [Sat Aug 15 03:58:00 2026] DELETE /v2.0/subnets/d58ac5c8-aa31-4e0b-ad6e-8ebd5de2ad54 => generated 0 bytes in 241 msecs (HTTP/1.1 204) 3 headers in 131 bytes (1 switches on core 0)
2026-08-15 03:58:00.423 7 WARNING neutron.scheduler.dhcp_agent_scheduler [None req-c0f876f0-cb89-46d6-940f-0caee149f1d0 739ee7c61f97450abcc7305557b9645d 76263e719f2c4550ad1f77df6ad1b6c2 - - default default] No more DHCP agents
2026-08-15 03:58:00.424 7 WARNING neutron.api.rpc.agentnotifiers.dhcp_rpc_agent_api [None req-c0f876f0-cb89-46d6-940f-0caee149f1d0 739ee7c61f97450abcc7305557b9645d 76263e719f2c4550ad1f77df6ad1b6c2 - - default default] Unable to schedule network d581ce36-a382-4d59-a3cf-2b39b2538525: no agents available; will retry on subsequent port and subnet creation events. [pid: 8|app: 0|req: 984/1984] 10.0.0.26 () {32 vars in 723 bytes} [Sat Aug 15 03:58:00 2026] DELETE /v2.0/subnets/40182554-275c-4700-b492-6f3e3c177bcc => generated 0 bytes in 182 msecs (HTTP/1.1 204) 3 headers in 131 bytes (1 switches on core 0)
