2026-08-15 03:56:18.775 8 INFO neutron.plugins.ml2.drivers.ovn.mech_driver.mech_driver [None req-7c35e187-35bf-47ac-9089-cc186e0667c8 - - - - - -] OVN reports status down for port: fc152f91-8d24-4252-9228-2ec04ac3a4ae
2026-08-15 03:56:18.810 7 INFO neutron.db.ovn_revision_numbers_db [None req-d620472f-654b-483e-8e6f-307a94186c9b 78fe655c2d3f4d97949c33870a18379d ec8593c269eb4a5d86da27be2322f4bb - - default default] Successfully bumped revision number for resource fc152f91-8d24-4252-9228-2ec04ac3a4ae (type: ports) to 1 [pid: 7|app: 0|req: 626/1243] 10.0.0.26 () {34 vars in 669 bytes} [Sat Aug 15 03:56:17 2026] POST /v2.0/networks => generated 645 bytes in 867 msecs (HTTP/1.1 201) 4 headers in 162 bytes (1 switches on core 0) [pid: 7|app: 0|req: 627/1244] 10.0.0.174 () {34 vars in 990 bytes} [Sat Aug 15 03:56:18 2026] GET /v2.0/ports?device_id=d00123a5-aabe-4ed4-befd-26a06a9294b4 => generated 12 bytes in 19 msecs (HTTP/1.1 200) 4 headers in 156 bytes (1 switches on core 0)
2026-08-15 03:56:19.064 8 WARNING neutron.scheduler.dhcp_agent_scheduler [None req-67048fbe-b33c-4c60-87c9-ecec165bfbc2 78fe655c2d3f4d97949c33870a18379d ec8593c269eb4a5d86da27be2322f4bb - - default default] No more DHCP agents
2026-08-15 03:56:19.065 8 WARNING neutron.api.rpc.agentnotifiers.dhcp_rpc_agent_api [None req-67048fbe-b33c-4c60-87c9-ecec165bfbc2 78fe655c2d3f4d97949c33870a18379d ec8593c269eb4a5d86da27be2322f4bb - - default default] Unable to schedule network 5ced8168-6f22-4de3-b6e2-4a2b9c5b74ae: no agents available; will retry on subsequent port and subnet creation events.
2026-08-15 03:56:19.130 8 INFO neutron.plugins.ml2.drivers.ovn.mech_driver.mech_driver [None req-7c35e187-35bf-47ac-9089-cc186e0667c8 - - - - - -] OVN reports status down for port: 70cccaca-85a0-44f1-ab18-b5643bf6e93c
2026-08-15 03:56:19.190 8 INFO neutron.db.ovn_revision_numbers_db [None req-67048fbe-b33c-4c60-87c9-ecec165bfbc2 78fe655c2d3f4d97949c33870a18379d ec8593c269eb4a5d86da27be2322f4bb - - default default] Successfully bumped revision number for resource 70cccaca-85a0-44f1-ab18-b5643bf6e93c (type: ports) to 1 [pid: 8|app: 0|req: 618/1245] 10.0.0.26 () {34 vars in 664 bytes} [Sat Aug 15 03:56:18 2026] POST /v2.0/ports => generated 775 bytes in 409 msecs (HTTP/1.1 201) 4 headers in 162 bytes (1 switches on core 0)
2026-08-15 03:56:19.359 7 INFO neutron.db.segments_db [None req-215707ba-6e2f-48a5-82b8-19b5d7d4f5b2 78fe655c2d3f4d97949c33870a18379d ec8593c269eb4a5d86da27be2322f4bb - - default default] Added segment bd20a41d-c276-41a5-b414-b0b19253f25d of type geneve for network ceb13a8e-97f1-4f5d-820d-eb32aec2e57c
2026-08-15 03:56:19.493 7 INFO neutron.db.ovn_revision_numbers_db [None req-215707ba-6e2f-48a5-82b8-19b5d7d4f5b2 78fe655c2d3f4d97949c33870a18379d ec8593c269eb4a5d86da27be2322f4bb - - default default] Successfully bumped revision number for resource ceb13a8e-97f1-4f5d-820d-eb32aec2e57c (type: networks) to 1
2026-08-15 03:56:19.671 7 WARNING neutron.scheduler.dhcp_agent_scheduler [None req-215707ba-6e2f-48a5-82b8-19b5d7d4f5b2 78fe655c2d3f4d97949c33870a18379d ec8593c269eb4a5d86da27be2322f4bb - - default default] No more DHCP agents
2026-08-15 03:56:19.672 7 WARNING neutron.api.rpc.agentnotifiers.dhcp_rpc_agent_api [None req-215707ba-6e2f-48a5-82b8-19b5d7d4f5b2 78fe655c2d3f4d97949c33870a18379d ec8593c269eb4a5d86da27be2322f4bb - - default default] Unable to schedule network ceb13a8e-97f1-4f5d-820d-eb32aec2e57c: no agents available; will retry on subsequent port and subnet creation events.
2026-08-15 03:56:19.723 8 INFO neutron.plugins.ml2.drivers.ovn.mech_driver.mech_driver [None req-7c35e187-35bf-47ac-9089-cc186e0667c8 - - - - - -] OVN reports status down for port: c3c7c111-25a3-4712-8885-d6f7ff7686f0
2026-08-15 03:56:19.752 7 INFO neutron.db.ovn_revision_numbers_db [None req-215707ba-6e2f-48a5-82b8-19b5d7d4f5b2 78fe655c2d3f4d97949c33870a18379d ec8593c269eb4a5d86da27be2322f4bb - - default default] Successfully bumped revision number for resource c3c7c111-25a3-4712-8885-d6f7ff7686f0 (type: ports) to 1 [pid: 7|app: 0|req: 628/1246] 10.0.0.26 () {34 vars in 669 bytes} [Sat Aug 15 03:56:19 2026] POST /v2.0/networks => generated 631 bytes in 498 msecs (HTTP/1.1 201) 4 headers in 162 bytes (1 switches on core 0) /var/lib/openstack/lib/python3.12/site-packages/pycadf/identifier.py:70: UserWarning: Invalid uuid: neutron. To ensure interoperability, identifiers should be a valid uuid. warnings.warn(('Invalid uuid: %s. To ensure interoperability, ' [pid: 7|app: 0|req: 629/1247] 199.19.213.24 () {34 vars in 985 bytes} [Sat Aug 15 03:56:19 2026] GET /v2.0/networks?id=864ac558-4d0d-4a74-bfcc-608b02996d0d => generated 675 bytes in 46 msecs (HTTP/1.1 200) 4 headers in 157 bytes (1 switches on core 0) [pid: 7|app: 0|req: 630/1248] 199.19.213.24 () {34 vars in 1049 bytes} [Sat Aug 15 03:56:19 2026] GET /v2.0/security-groups?fields=id&fields=name&tenant_id=fc3dc3cc4fbe4f08aa4a4b5ba7331a99 => generated 181 bytes in 33 msecs (HTTP/1.1 200) 4 headers in 157 bytes (1 switches on core 0)
2026-08-15 03:56:19.997 8 WARNING neutron.scheduler.dhcp_agent_scheduler [None req-874c9970-dbe4-4211-90cd-c618b837378e 78fe655c2d3f4d97949c33870a18379d ec8593c269eb4a5d86da27be2322f4bb - - default default] No more DHCP agents
2026-08-15 03:56:19.999 8 WARNING neutron.api.rpc.agentnotifiers.dhcp_rpc_agent_api [None req-874c9970-dbe4-4211-90cd-c618b837378e 78fe655c2d3f4d97949c33870a18379d ec8593c269eb4a5d86da27be2322f4bb - - default default] Unable to schedule network ceb13a8e-97f1-4f5d-820d-eb32aec2e57c: no agents available; will retry on subsequent port and subnet creation events. [pid: 7|app: 0|req: 631/1249] 10.0.0.174 () {34 vars in 990 bytes} [Sat Aug 15 03:56:19 2026] GET /v2.0/ports?device_id=d00123a5-aabe-4ed4-befd-26a06a9294b4 => generated 12 bytes in 20 msecs (HTTP/1.1 200) 4 headers in 156 bytes (1 switches on core 0)
2026-08-15 03:56:20.264 7 WARNING neutron.scheduler.dhcp_agent_scheduler [req-c25da731-cf82-4af5-94a3-583f25073706 req-e81eda75-3b79-49b6-a5fe-f797314038d8 6e5dd1a333cc40d5ae92f31e10916ff1 fc3dc3cc4fbe4f08aa4a4b5ba7331a99 - - default default] No more DHCP agents
2026-08-15 03:56:20.265 7 WARNING neutron.api.rpc.agentnotifiers.dhcp_rpc_agent_api [req-c25da731-cf82-4af5-94a3-583f25073706 req-e81eda75-3b79-49b6-a5fe-f797314038d8 6e5dd1a333cc40d5ae92f31e10916ff1 fc3dc3cc4fbe4f08aa4a4b5ba7331a99 - - default default] Unable to schedule network 864ac558-4d0d-4a74-bfcc-608b02996d0d: no agents available; will retry on subsequent port and subnet creation events.
2026-08-15 03:56:20.365 7 INFO neutron.plugins.ml2.drivers.ovn.mech_driver.mech_driver [None req-ec114e62-4c3b-4e86-bb14-4bb7e6bbb0c0 - - - - - -] OVN reports status down for port: 2e9eef46-c5a5-4325-af63-2aca0df4805d
2026-08-15 03:56:20.449 7 INFO neutron.db.ovn_revision_numbers_db [req-c25da731-cf82-4af5-94a3-583f25073706 req-e81eda75-3b79-49b6-a5fe-f797314038d8 6e5dd1a333cc40d5ae92f31e10916ff1 fc3dc3cc4fbe4f08aa4a4b5ba7331a99 - - default default] Successfully bumped revision number for resource 2e9eef46-c5a5-4325-af63-2aca0df4805d (type: ports) to 1
2026-08-15 03:56:20.469 8 INFO neutron.db.ovn_revision_numbers_db [None req-8f4fdfe3-be5e-4b7d-af65-a8448421a732 - - - - - -] Successfully bumped revision number for resource c3c7c111-25a3-4712-8885-d6f7ff7686f0 (type: ports) to 2
2026-08-15 03:56:20.505 8 INFO neutron.db.ovn_revision_numbers_db [None req-8f4fdfe3-be5e-4b7d-af65-a8448421a732 - - - - - -] Successfully bumped revision number for resource b79c8588-a500-4e44-9f70-806c01f6b80a (type: subnets) to 0 [pid: 8|app: 0|req: 619/1250] 10.0.0.26 () {34 vars in 668 bytes} [Sat Aug 15 03:56:19 2026] POST /v2.0/subnets => generated 626 bytes in 744 msecs (HTTP/1.1 201) 4 headers in 162 bytes (1 switches on core 0) [pid: 7|app: 0|req: 632/1251] 199.19.213.24 () {38 vars in 954 bytes} [Sat Aug 15 03:56:20 2026] POST /v2.0/ports => generated 954 bytes in 545 msecs (HTTP/1.1 201) 4 headers in 162 bytes (1 switches on core 0) /var/lib/openstack/lib/python3.12/site-packages/pycadf/identifier.py:70: UserWarning: Invalid uuid: neutron. To ensure interoperability, identifiers should be a valid uuid. warnings.warn(('Invalid uuid: %s. To ensure interoperability, '
2026-08-15 03:56:20.824 8 INFO neutron.db.ovn_revision_numbers_db [None req-5e208427-2038-4422-9399-abd212c7b60e c1eae720b40845519e78826a1cae28de bee2ba101a954a22b55adb01d7f70be9 - - default default] Successfully bumped revision number for resource 9e1cb5c3-1d27-4fd1-bd3b-a586b06a445e (type: security_groups) to 1
2026-08-15 03:56:20.834 7 WARNING neutron.scheduler.dhcp_agent_scheduler [None req-b7f1b967-c05f-4d39-acf9-244bcd83ae43 78fe655c2d3f4d97949c33870a18379d ec8593c269eb4a5d86da27be2322f4bb - - default default] No more DHCP agents
2026-08-15 03:56:20.836 7 WARNING neutron.api.rpc.agentnotifiers.dhcp_rpc_agent_api [None req-b7f1b967-c05f-4d39-acf9-244bcd83ae43 78fe655c2d3f4d97949c33870a18379d ec8593c269eb4a5d86da27be2322f4bb - - default default] Unable to schedule network ceb13a8e-97f1-4f5d-820d-eb32aec2e57c: no agents available; will retry on subsequent port and subnet creation events.
2026-08-15 03:56:20.836 8 INFO neutron.db.ovn_revision_numbers_db [None req-5e208427-2038-4422-9399-abd212c7b60e c1eae720b40845519e78826a1cae28de bee2ba101a954a22b55adb01d7f70be9 - - default default] Successfully bumped revision number for resource 30401106-0f9c-4153-b197-f6c66930e5cb (type: security_group_rules) to 0
2026-08-15 03:56:20.851 8 INFO neutron.db.ovn_revision_numbers_db [None req-5e208427-2038-4422-9399-abd212c7b60e c1eae720b40845519e78826a1cae28de bee2ba101a954a22b55adb01d7f70be9 - - default default] Successfully bumped revision number for resource 4c50b4d4-5b5c-46eb-97c9-67a326298458 (type: security_group_rules) to 0
2026-08-15 03:56:20.864 8 INFO neutron.db.ovn_revision_numbers_db [None req-5e208427-2038-4422-9399-abd212c7b60e c1eae720b40845519e78826a1cae28de bee2ba101a954a22b55adb01d7f70be9 - - default default] Successfully bumped revision number for resource 7d7e1452-ff37-4575-a048-7b33780577f7 (type: security_group_rules) to 0
2026-08-15 03:56:20.880 8 INFO neutron.db.ovn_revision_numbers_db [None req-5e208427-2038-4422-9399-abd212c7b60e c1eae720b40845519e78826a1cae28de bee2ba101a954a22b55adb01d7f70be9 - - default default] Successfully bumped revision number for resource df7be820-4efa-420b-b919-0562ec618726 (type: security_group_rules) to 0 [pid: 8|app: 0|req: 620/1252] 10.0.0.26 () {32 vars in 773 bytes} [Sat Aug 15 03:56:20 2026] GET /v2.0/security-groups?tenant_id=c44da94b43524585a09a917f7f706dbb&name=default => generated 2925 bytes in 397 msecs (HTTP/1.1 200) 4 headers in 158 bytes (1 switches on core 0)
2026-08-15 03:56:20.945 7 INFO neutron.plugins.ml2.drivers.ovn.mech_driver.mech_driver [None req-ec114e62-4c3b-4e86-bb14-4bb7e6bbb0c0 - - - - - -] OVN reports status down for port: fa7cc4d2-f0a5-443e-b75a-4a4c59d4a2ba
2026-08-15 03:56:21.004 7 INFO neutron.db.ovn_revision_numbers_db [None req-b7f1b967-c05f-4d39-acf9-244bcd83ae43 78fe655c2d3f4d97949c33870a18379d ec8593c269eb4a5d86da27be2322f4bb - - default default] Successfully bumped revision number for resource fa7cc4d2-f0a5-443e-b75a-4a4c59d4a2ba (type: ports) to 1 [pid: 7|app: 0|req: 633/1253] 10.0.0.26 () {34 vars in 664 bytes} [Sat Aug 15 03:56:20 2026] POST /v2.0/ports => generated 949 bytes in 560 msecs (HTTP/1.1 201) 4 headers in 162 bytes (1 switches on core 0) /var/lib/openstack/lib/python3.12/site-packages/pycadf/identifier.py:70: UserWarning: Invalid uuid: neutron. To ensure interoperability, identifiers should be a valid uuid. warnings.warn(('Invalid uuid: %s. To ensure interoperability, '
2026-08-15 03:56:21.287 8 INFO neutron.db.ovn_revision_numbers_db [req-c25da731-cf82-4af5-94a3-583f25073706 req-a99bb2f8-65c1-4858-93f1-8b9586062a0e bebe0bf344f84d5bb46b70b474737d2b f35022ae4f024a22b08d7f8631787686 - - f19f8d7542a74051b1425853db9b5ded f19f8d7542a74051b1425853db9b5ded] Successfully bumped revision number for resource 2e9eef46-c5a5-4325-af63-2aca0df4805d (type: ports) to 2 [pid: 7|app: 0|req: 634/1254] 10.0.0.26 () {32 vars in 739 bytes} [Sat Aug 15 03:56:21 2026] DELETE /v2.0/security-groups/9e1cb5c3-1d27-4fd1-bd3b-a586b06a445e => generated 0 bytes in 220 msecs (HTTP/1.1 204) 2 headers in 112 bytes (1 switches on core 0) [pid: 7|app: 0|req: 635/1255] 10.0.0.174 () {34 vars in 990 bytes} [Sat Aug 15 03:56:21 2026] GET /v2.0/ports?device_id=d00123a5-aabe-4ed4-befd-26a06a9294b4 => generated 969 bytes in 30 msecs (HTTP/1.1 200) 4 headers in 157 bytes (1 switches on core 0)
2026-08-15 03:56:21.494 8 INFO neutron.db.ovn_revision_numbers_db [req-c25da731-cf82-4af5-94a3-583f25073706 req-a99bb2f8-65c1-4858-93f1-8b9586062a0e bebe0bf344f84d5bb46b70b474737d2b f35022ae4f024a22b08d7f8631787686 - - f19f8d7542a74051b1425853db9b5ded f19f8d7542a74051b1425853db9b5ded] Successfully bumped revision number for resource 2e9eef46-c5a5-4325-af63-2aca0df4805d (type: ports) to 4
2026-08-15 03:56:21.510 7 INFO neutron_taas.services.taas.taas_plugin [None req-9e5a2e75-f0ab-400f-8217-6d7f8eed099e 78fe655c2d3f4d97949c33870a18379d ec8593c269eb4a5d86da27be2322f4bb - - default default] TaaS: Handle Delete Port: fa7cc4d2-f0a5-443e-b75a-4a4c59d4a2ba
2026-08-15 03:56:21.513 7 INFO neutron_taas.services.taas.tap_mirror_plugin [None req-9e5a2e75-f0ab-400f-8217-6d7f8eed099e 78fe655c2d3f4d97949c33870a18379d ec8593c269eb4a5d86da27be2322f4bb - - default default] Tap Mirror: Handle Delete Port: fa7cc4d2-f0a5-443e-b75a-4a4c59d4a2ba [pid: 8|app: 0|req: 621/1256] 199.19.213.24 () {38 vars in 1027 bytes} [Sat Aug 15 03:56:20 2026] PUT /v2.0/ports/2e9eef46-c5a5-4325-af63-2aca0df4805d => generated 1204 bytes in 603 msecs (HTTP/1.1 200) 4 headers in 158 bytes (1 switches on core 0) /var/lib/openstack/lib/python3.12/site-packages/pycadf/identifier.py:70: UserWarning: Invalid uuid: neutron. To ensure interoperability, identifiers should be a valid uuid. warnings.warn(('Invalid uuid: %s. To ensure interoperability, ' [pid: 8|app: 0|req: 622/1257] 10.0.0.174 () {34 vars in 1040 bytes} [Sat Aug 15 03:56:21 2026] GET /v2.0/security-groups?id=fae467a3-278b-421f-b072-0c0844763f28&fields=id&fields=name => generated 114 bytes in 34 msecs (HTTP/1.1 200) 4 headers in 157 bytes (1 switches on core 0)
2026-08-15 03:56:21.564 8 INFO neutron.notifiers.nova [-] Nova event matching ['req-05da3e2d-a5b9-4b3d-bb45-cb45b73372c5'] response: {'name': 'network-changed', 'server_uuid': 'd00123a5-aabe-4ed4-befd-26a06a9294b4', 'tag': '2e9eef46-c5a5-4325-af63-2aca0df4805d', 'status': 'completed', 'code': 200} [pid: 7|app: 0|req: 636/1258] 10.0.0.26 () {32 vars in 719 bytes} [Sat Aug 15 03:56:21 2026] DELETE /v2.0/ports/fa7cc4d2-f0a5-443e-b75a-4a4c59d4a2ba => generated 0 bytes in 318 msecs (HTTP/1.1 204) 3 headers in 131 bytes (1 switches on core 0)
2026-08-15 03:56:21.707 8 INFO neutron.pecan_wsgi.hooks.translation [None req-768046c1-8748-483f-9d88-ad014af989d7 78fe655c2d3f4d97949c33870a18379d ec8593c269eb4a5d86da27be2322f4bb - - default default] DELETE failed (client error): The resource could not be found. [pid: 8|app: 0|req: 623/1259] 10.0.0.26 () {32 vars in 719 bytes} [Sat Aug 15 03:56:21 2026] DELETE /v2.0/ports/fa7cc4d2-f0a5-443e-b75a-4a4c59d4a2ba => generated 132 bytes in 26 msecs (HTTP/1.1 404) 4 headers in 164 bytes (1 switches on core 0)
2026-08-15 03:56:21.731 7 INFO neutron.pecan_wsgi.hooks.translation [None req-2150ff0d-bfeb-49fe-b504-3c3eca618e86 78fe655c2d3f4d97949c33870a18379d ec8593c269eb4a5d86da27be2322f4bb - - default default] GET failed (client error): The resource could not be found. [pid: 7|app: 0|req: 637/1260] 10.0.0.26 () {32 vars in 716 bytes} [Sat Aug 15 03:56:21 2026] GET /v2.0/ports/fa7cc4d2-f0a5-443e-b75a-4a4c59d4a2ba => generated 132 bytes in 16 msecs (HTTP/1.1 404) 4 headers in 164 bytes (1 switches on core 0) [pid: 8|app: 0|req: 624/1261] 10.0.0.26 () {32 vars in 723 bytes} [Sat Aug 15 03:56:21 2026] DELETE /v2.0/subnets/b79c8588-a500-4e44-9f70-806c01f6b80a => generated 0 bytes in 155 msecs (HTTP/1.1 204) 3 headers in 131 bytes (1 switches on core 0)
2026-08-15 03:56:21.982 7 INFO neutron_taas.services.taas.taas_plugin [None req-36bea8a7-3912-4c84-9bd5-044f89cf7ce9 78fe655c2d3f4d97949c33870a18379d ec8593c269eb4a5d86da27be2322f4bb - - default default] TaaS: Handle Delete Port: c3c7c111-25a3-4712-8885-d6f7ff7686f0
2026-08-15 03:56:21.984 7 INFO neutron_taas.services.taas.tap_mirror_plugin [None req-36bea8a7-3912-4c84-9bd5-044f89cf7ce9 78fe655c2d3f4d97949c33870a18379d ec8593c269eb4a5d86da27be2322f4bb - - default default] Tap Mirror: Handle Delete Port: c3c7c111-25a3-4712-8885-d6f7ff7686f0
2026-08-15 03:56:22.145 7 INFO neutron.services.segments.plugin [-] Segment bd20a41d-c276-41a5-b414-b0b19253f25d resource provider aggregate not found
2026-08-15 03:56:22.158 7 INFO neutron.services.segments.plugin [-] Segment bd20a41d-c276-41a5-b414-b0b19253f25d resource provider aggregate not found
2026-08-15 03:56:22.171 7 INFO neutron.services.segments.plugin [-] Client error retrieving segment bd20a41d-c276-41a5-b414-b0b19253f25d resource provider; error: Placement Client Error (4xx): {"errors": [{"status": 404, "title": "Not Found", "detail": "The resource could not be found.\n\n No resource provider with uuid bd20a41d-c276-41a5-b414-b0b19253f25d found for delete ", "request_id": "req-b8a8cff1-3ce7-4c55-b219-62e067be8649"}]}
2026-08-15 03:56:22.179 7 INFO neutron.services.segments.plugin [-] Client error retrieving segment bd20a41d-c276-41a5-b414-b0b19253f25d resource provider; error: Placement Client Error (4xx): {"errors": [{"status": 404, "title": "Not Found", "detail": "The resource could not be found.\n\n No resource provider with uuid bd20a41d-c276-41a5-b414-b0b19253f25d found for delete ", "request_id": "req-7d1daf69-4407-4156-8f91-97bc9631c605"}]} [pid: 7|app: 0|req: 638/1262] 10.0.0.26 () {32 vars in 725 bytes} [Sat Aug 15 03:56:21 2026] DELETE /v2.0/networks/ceb13a8e-97f1-4f5d-820d-eb32aec2e57c => generated 0 bytes in 308 msecs (HTTP/1.1 204) 3 headers in 131 bytes (1 switches on core 0) [pid: 7|app: 0|req: 639/1263] 199.19.213.24 () {34 vars in 1079 bytes} [Sat Aug 15 03:56:22 2026] GET /v2.0/ports?tenant_id=fc3dc3cc4fbe4f08aa4a4b5ba7331a99&device_id=d00123a5-aabe-4ed4-befd-26a06a9294b4 => generated 1207 bytes in 33 msecs (HTTP/1.1 200) 4 headers in 158 bytes (1 switches on core 0)
2026-08-15 03:56:22.267 8 INFO neutron.db.ovn_revision_numbers_db [None req-a06474ee-c83e-4e32-8823-8c7cb84d24ff c1eae720b40845519e78826a1cae28de bee2ba101a954a22b55adb01d7f70be9 - - default default] Successfully bumped revision number for resource 646ddc79-2a44-404c-9e42-e70bcdfd0c3c (type: security_groups) to 1
2026-08-15 03:56:22.277 8 INFO neutron.db.ovn_revision_numbers_db [None req-a06474ee-c83e-4e32-8823-8c7cb84d24ff c1eae720b40845519e78826a1cae28de bee2ba101a954a22b55adb01d7f70be9 - - default default] Successfully bumped revision number for resource 234369f1-d025-4bae-84e4-34a62b9b3114 (type: security_group_rules) to 0
2026-08-15 03:56:22.288 8 INFO neutron.db.ovn_revision_numbers_db [None req-a06474ee-c83e-4e32-8823-8c7cb84d24ff c1eae720b40845519e78826a1cae28de bee2ba101a954a22b55adb01d7f70be9 - - default default] Successfully bumped revision number for resource a3cbe45f-7dd2-459e-afb3-52a5148ba871 (type: security_group_rules) to 0
2026-08-15 03:56:22.301 8 INFO neutron.db.ovn_revision_numbers_db [None req-a06474ee-c83e-4e32-8823-8c7cb84d24ff c1eae720b40845519e78826a1cae28de bee2ba101a954a22b55adb01d7f70be9 - - default default] Successfully bumped revision number for resource b0fb9fec-ff52-483b-a13f-c3ee4bfad9c2 (type: security_group_rules) to 0
2026-08-15 03:56:22.313 8 INFO neutron.db.ovn_revision_numbers_db [None req-a06474ee-c83e-4e32-8823-8c7cb84d24ff c1eae720b40845519e78826a1cae28de bee2ba101a954a22b55adb01d7f70be9 - - default default] Successfully bumped revision number for resource ca9d51c2-3c6a-4816-97a0-e1f67b79e060 (type: security_group_rules) to 0
2026-08-15 03:56:22.335 7 INFO neutron.db.segments_db [None req-f090b91d-2237-4ee4-b6c4-df0e68bea482 78fe655c2d3f4d97949c33870a18379d ec8593c269eb4a5d86da27be2322f4bb - - default default] Added segment f17378af-d56d-4903-b61e-3740551b9142 of type geneve for network 703ddc50-103a-4720-9e77-e201ff641a87 [pid: 8|app: 0|req: 625/1264] 10.0.0.26 () {32 vars in 773 bytes} [Sat Aug 15 03:56:22 2026] GET /v2.0/security-groups?tenant_id=f73308cf43254eb98ca2bf2964488c1d&name=default => generated 2925 bytes in 317 msecs (HTTP/1.1 200) 4 headers in 158 bytes (1 switches on core 0) [pid: 8|app: 0|req: 626/1265] 199.19.213.24 () {34 vars in 1017 bytes} [Sat Aug 15 03:56:22 2026] GET /v2.0/networks?tenant_id=fc3dc3cc4fbe4f08aa4a4b5ba7331a99&shared=False => generated 774 bytes in 32 msecs (HTTP/1.1 200) 4 headers in 157 bytes (1 switches on core 0)
2026-08-15 03:56:22.432 7 INFO neutron.db.ovn_revision_numbers_db [None req-f090b91d-2237-4ee4-b6c4-df0e68bea482 78fe655c2d3f4d97949c33870a18379d ec8593c269eb4a5d86da27be2322f4bb - - default default] Successfully bumped revision number for resource 703ddc50-103a-4720-9e77-e201ff641a87 (type: networks) to 1
2026-08-15 03:56:22.595 7 WARNING neutron.scheduler.dhcp_agent_scheduler [None req-f090b91d-2237-4ee4-b6c4-df0e68bea482 78fe655c2d3f4d97949c33870a18379d ec8593c269eb4a5d86da27be2322f4bb - - default default] No more DHCP agents
2026-08-15 03:56:22.596 7 WARNING neutron.api.rpc.agentnotifiers.dhcp_rpc_agent_api [None req-f090b91d-2237-4ee4-b6c4-df0e68bea482 78fe655c2d3f4d97949c33870a18379d ec8593c269eb4a5d86da27be2322f4bb - - default default] Unable to schedule network 703ddc50-103a-4720-9e77-e201ff641a87: no agents available; will retry on subsequent port and subnet creation events. [pid: 8|app: 0|req: 627/1266] 10.0.0.26 () {32 vars in 739 bytes} [Sat Aug 15 03:56:22 2026] DELETE /v2.0/security-groups/646ddc79-2a44-404c-9e42-e70bcdfd0c3c => generated 0 bytes in 265 msecs (HTTP/1.1 204) 2 headers in 112 bytes (1 switches on core 0)
2026-08-15 03:56:22.649 8 INFO neutron.plugins.ml2.drivers.ovn.mech_driver.mech_driver [None req-7c35e187-35bf-47ac-9089-cc186e0667c8 - - - - - -] OVN reports status down for port: 25a1e0ac-937a-419c-aa21-ce34238090f1
2026-08-15 03:56:22.662 7 INFO neutron.db.ovn_revision_numbers_db [None req-f090b91d-2237-4ee4-b6c4-df0e68bea482 78fe655c2d3f4d97949c33870a18379d ec8593c269eb4a5d86da27be2322f4bb - - default default] Successfully bumped revision number for resource 25a1e0ac-937a-419c-aa21-ce34238090f1 (type: ports) to 1 [pid: 7|app: 0|req: 640/1267] 10.0.0.26 () {34 vars in 669 bytes} [Sat Aug 15 03:56:22 2026] POST /v2.0/networks => generated 631 bytes in 441 msecs (HTTP/1.1 201) 4 headers in 162 bytes (1 switches on core 0) [pid: 8|app: 0|req: 628/1268] 199.19.213.24 () {34 vars in 929 bytes} [Sat Aug 15 03:56:22 2026] GET /v2.0/networks?shared=True => generated 753 bytes in 67 msecs (HTTP/1.1 200) 4 headers in 157 bytes (1 switches on core 0) [pid: 7|app: 0|req: 641/1269] 10.0.0.174 () {34 vars in 990 bytes} [Sat Aug 15 03:56:22 2026] GET /v2.0/ports?device_id=d00123a5-aabe-4ed4-befd-26a06a9294b4 => generated 969 bytes in 33 msecs (HTTP/1.1 200) 4 headers in 157 bytes (1 switches on core 0)
2026-08-15 03:56:22.834 7 INFO neutron.db.ovn_revision_numbers_db [None req-3bda7a44-d458-4d13-b2d1-888b81fca3d5 c1eae720b40845519e78826a1cae28de bee2ba101a954a22b55adb01d7f70be9 - - default default] Successfully bumped revision number for resource 6627a23d-f700-48b4-ba79-46bf560ea383 (type: security_groups) to 1
2026-08-15 03:56:22.844 7 INFO neutron.db.ovn_revision_numbers_db [None req-3bda7a44-d458-4d13-b2d1-888b81fca3d5 c1eae720b40845519e78826a1cae28de bee2ba101a954a22b55adb01d7f70be9 - - default default] Successfully bumped revision number for resource 0e09a193-b64c-4522-b8e9-4aeaf5224448 (type: security_group_rules) to 0
2026-08-15 03:56:22.854 7 INFO neutron.db.ovn_revision_numbers_db [None req-3bda7a44-d458-4d13-b2d1-888b81fca3d5 c1eae720b40845519e78826a1cae28de bee2ba101a954a22b55adb01d7f70be9 - - default default] Successfully bumped revision number for resource 2373bb6c-bf79-476b-9e46-833a668fb4c0 (type: security_group_rules) to 0
2026-08-15 03:56:22.866 7 INFO neutron.db.ovn_revision_numbers_db [None req-3bda7a44-d458-4d13-b2d1-888b81fca3d5 c1eae720b40845519e78826a1cae28de bee2ba101a954a22b55adb01d7f70be9 - - default default] Successfully bumped revision number for resource 71485dd8-c0ba-4f89-9987-6ae83d6fe1ee (type: security_group_rules) to 0
2026-08-15 03:56:22.876 7 INFO neutron.db.ovn_revision_numbers_db [None req-3bda7a44-d458-4d13-b2d1-888b81fca3d5 c1eae720b40845519e78826a1cae28de bee2ba101a954a22b55adb01d7f70be9 - - default default] Successfully bumped revision number for resource 8844a51a-46b3-404c-a282-ae7054d9f146 (type: security_group_rules) to 0 [pid: 7|app: 0|req: 642/1270] 10.0.0.26 () {32 vars in 773 bytes} [Sat Aug 15 03:56:22 2026] GET /v2.0/security-groups?tenant_id=0082265d73514ca49cb2be226e70d4fa&name=default => generated 2925 bytes in 190 msecs (HTTP/1.1 200) 4 headers in 158 bytes (1 switches on core 0) [pid: 7|app: 0|req: 643/1271] 10.0.0.174 () {34 vars in 1040 bytes} [Sat Aug 15 03:56:22 2026] GET /v2.0/security-groups?id=fae467a3-278b-421f-b072-0c0844763f28&fields=id&fields=name => generated 114 bytes in 25 msecs (HTTP/1.1 200) 4 headers in 157 bytes (1 switches on core 0)
2026-08-15 03:56:22.947 8 WARNING neutron.scheduler.dhcp_agent_scheduler [None req-db1ac18a-cbfa-4fd2-929e-11c9cb9a98b7 78fe655c2d3f4d97949c33870a18379d ec8593c269eb4a5d86da27be2322f4bb - - default default] No more DHCP agents
2026-08-15 03:56:22.948 8 WARNING neutron.api.rpc.agentnotifiers.dhcp_rpc_agent_api [None req-db1ac18a-cbfa-4fd2-929e-11c9cb9a98b7 78fe655c2d3f4d97949c33870a18379d ec8593c269eb4a5d86da27be2322f4bb - - default default] Unable to schedule network 703ddc50-103a-4720-9e77-e201ff641a87: no agents available; will retry on subsequent port and subnet creation events. [pid: 7|app: 0|req: 644/1272] 10.0.0.26 () {32 vars in 739 bytes} [Sat Aug 15 03:56:22 2026] DELETE /v2.0/security-groups/6627a23d-f700-48b4-ba79-46bf560ea383 => generated 0 bytes in 263 msecs (HTTP/1.1 204) 2 headers in 112 bytes (1 switches on core 0)
2026-08-15 03:56:23.411 8 INFO neutron.db.ovn_revision_numbers_db [None req-762ab3c8-e60f-44e7-aac9-5c04144c58ef - - - - - -] Successfully bumped revision number for resource 25a1e0ac-937a-419c-aa21-ce34238090f1 (type: ports) to 2
2026-08-15 03:56:23.450 8 INFO neutron.db.ovn_revision_numbers_db [None req-762ab3c8-e60f-44e7-aac9-5c04144c58ef - - - - - -] Successfully bumped revision number for resource d68daec6-4d9b-4981-b1c6-69498e864529 (type: subnets) to 0 [pid: 8|app: 0|req: 629/1273] 10.0.0.26 () {34 vars in 668 bytes} [Sat Aug 15 03:56:22 2026] POST /v2.0/subnets => generated 626 bytes in 753 msecs (HTTP/1.1 201) 4 headers in 162 bytes (1 switches on core 0)
2026-08-15 03:56:23.532 7 INFO neutron.db.ovn_revision_numbers_db [None req-b789b3ae-a6f7-4bc7-9e61-c7154b7fb6e8 c1eae720b40845519e78826a1cae28de bee2ba101a954a22b55adb01d7f70be9 - - default default] Successfully bumped revision number for resource 41f5ccbe-0c67-47a7-8e3b-b2f6892ff523 (type: security_groups) to 1
2026-08-15 03:56:23.552 7 INFO neutron.db.ovn_revision_numbers_db [None req-b789b3ae-a6f7-4bc7-9e61-c7154b7fb6e8 c1eae720b40845519e78826a1cae28de bee2ba101a954a22b55adb01d7f70be9 - - default default] Successfully bumped revision number for resource 2435dd45-47aa-4d72-9561-68fea1f38682 (type: security_group_rules) to 0
2026-08-15 03:56:23.570 7 INFO neutron.db.ovn_revision_numbers_db [None req-b789b3ae-a6f7-4bc7-9e61-c7154b7fb6e8 c1eae720b40845519e78826a1cae28de bee2ba101a954a22b55adb01d7f70be9 - - default default] Successfully bumped revision number for resource 3ca7942c-00a8-4544-b698-8c715e4e10ea (type: security_group_rules) to 0
2026-08-15 03:56:23.581 7 INFO neutron.db.ovn_revision_numbers_db [None req-b789b3ae-a6f7-4bc7-9e61-c7154b7fb6e8 c1eae720b40845519e78826a1cae28de bee2ba101a954a22b55adb01d7f70be9 - - default default] Successfully bumped revision number for resource 567c49b2-325a-4f9b-99c8-e2f19b3bd7b2 (type: security_group_rules) to 0
2026-08-15 03:56:23.592 7 INFO neutron.db.ovn_revision_numbers_db [None req-b789b3ae-a6f7-4bc7-9e61-c7154b7fb6e8 c1eae720b40845519e78826a1cae28de bee2ba101a954a22b55adb01d7f70be9 - - default default] Successfully bumped revision number for resource d0b0c561-b609-4a17-a01d-80e71760bd54 (type: security_group_rules) to 0
2026-08-15 03:56:23.668 7 INFO neutron.db.segments_db [None req-b789b3ae-a6f7-4bc7-9e61-c7154b7fb6e8 c1eae720b40845519e78826a1cae28de bee2ba101a954a22b55adb01d7f70be9 - - default default] Added segment d8dd0f4e-ab50-4ecf-8cb7-4d0a425e3ebe of type geneve for network db10f4ab-fb55-460a-96b8-207735e72a52
2026-08-15 03:56:23.714 8 WARNING neutron.scheduler.dhcp_agent_scheduler [None req-6e37fde1-ac32-49a9-8e6c-3ee6f00f18be 78fe655c2d3f4d97949c33870a18379d ec8593c269eb4a5d86da27be2322f4bb - - default default] No more DHCP agents
2026-08-15 03:56:23.715 8 WARNING neutron.api.rpc.agentnotifiers.dhcp_rpc_agent_api [None req-6e37fde1-ac32-49a9-8e6c-3ee6f00f18be 78fe655c2d3f4d97949c33870a18379d ec8593c269eb4a5d86da27be2322f4bb - - default default] Unable to schedule network 703ddc50-103a-4720-9e77-e201ff641a87: no agents available; will retry on subsequent port and subnet creation events.
2026-08-15 03:56:23.766 7 INFO neutron.db.ovn_revision_numbers_db [None req-b789b3ae-a6f7-4bc7-9e61-c7154b7fb6e8 c1eae720b40845519e78826a1cae28de bee2ba101a954a22b55adb01d7f70be9 - - default default] Successfully bumped revision number for resource db10f4ab-fb55-460a-96b8-207735e72a52 (type: networks) to 1
2026-08-15 03:56:23.835 8 INFO neutron.plugins.ml2.drivers.ovn.mech_driver.mech_driver [None req-7c35e187-35bf-47ac-9089-cc186e0667c8 - - - - - -] OVN reports status down for port: ed5f454b-a261-417e-a895-156e598f6420
2026-08-15 03:56:23.887 8 INFO neutron.db.ovn_revision_numbers_db [None req-6e37fde1-ac32-49a9-8e6c-3ee6f00f18be 78fe655c2d3f4d97949c33870a18379d ec8593c269eb4a5d86da27be2322f4bb - - default default] Successfully bumped revision number for resource ed5f454b-a261-417e-a895-156e598f6420 (type: ports) to 1
2026-08-15 03:56:23.933 7 WARNING neutron.scheduler.dhcp_agent_scheduler [None req-b789b3ae-a6f7-4bc7-9e61-c7154b7fb6e8 c1eae720b40845519e78826a1cae28de bee2ba101a954a22b55adb01d7f70be9 - - default default] No more DHCP agents [pid: 8|app: 0|req: 630/1274] 10.0.0.26 () {34 vars in 664 bytes} [Sat Aug 15 03:56:23 2026] POST /v2.0/ports => generated 911 bytes in 465 msecs (HTTP/1.1 201) 4 headers in 162 bytes (1 switches on core 0)
2026-08-15 03:56:23.937 7 WARNING neutron.api.rpc.agentnotifiers.dhcp_rpc_agent_api [None req-b789b3ae-a6f7-4bc7-9e61-c7154b7fb6e8 c1eae720b40845519e78826a1cae28de bee2ba101a954a22b55adb01d7f70be9 - - default default] Unable to schedule network db10f4ab-fb55-460a-96b8-207735e72a52: no agents available; will retry on subsequent port and subnet creation events.
2026-08-15 03:56:23.980 7 INFO neutron.plugins.ml2.drivers.ovn.mech_driver.mech_driver [None req-ec114e62-4c3b-4e86-bb14-4bb7e6bbb0c0 - - - - - -] OVN reports status down for port: f7192fd1-fb37-4dfc-b920-53fa2aff33d4 [pid: 8|app: 0|req: 631/1275] 199.19.213.24 () {34 vars in 1079 bytes} [Sat Aug 15 03:56:23 2026] GET /v2.0/ports?tenant_id=fc3dc3cc4fbe4f08aa4a4b5ba7331a99&device_id=d00123a5-aabe-4ed4-befd-26a06a9294b4 => generated 1207 bytes in 57 msecs (HTTP/1.1 200) 4 headers in 158 bytes (1 switches on core 0)
2026-08-15 03:56:24.037 7 INFO neutron.db.ovn_revision_numbers_db [None req-b789b3ae-a6f7-4bc7-9e61-c7154b7fb6e8 c1eae720b40845519e78826a1cae28de bee2ba101a954a22b55adb01d7f70be9 - - default default] Successfully bumped revision number for resource f7192fd1-fb37-4dfc-b920-53fa2aff33d4 (type: ports) to 1 [pid: 7|app: 0|req: 645/1276] 10.0.0.26 () {34 vars in 670 bytes} [Sat Aug 15 03:56:23 2026] POST /v2.0/networks => generated 743 bytes in 898 msecs (HTTP/1.1 201) 4 headers in 162 bytes (1 switches on core 0) [pid: 7|app: 0|req: 646/1277] 10.0.0.174 () {34 vars in 990 bytes} [Sat Aug 15 03:56:24 2026] GET /v2.0/ports?device_id=d00123a5-aabe-4ed4-befd-26a06a9294b4 => generated 969 bytes in 35 msecs (HTTP/1.1 200) 4 headers in 157 bytes (1 switches on core 0)
2026-08-15 03:56:24.141 8 INFO neutron_taas.services.taas.taas_plugin [None req-b7c1c5d1-ae9f-4b71-b05e-43ef919cc99f 78fe655c2d3f4d97949c33870a18379d ec8593c269eb4a5d86da27be2322f4bb - - default default] TaaS: Handle Delete Port: ed5f454b-a261-417e-a895-156e598f6420
2026-08-15 03:56:24.143 8 INFO neutron_taas.services.taas.tap_mirror_plugin [None req-b7c1c5d1-ae9f-4b71-b05e-43ef919cc99f 78fe655c2d3f4d97949c33870a18379d ec8593c269eb4a5d86da27be2322f4bb - - default default] Tap Mirror: Handle Delete Port: ed5f454b-a261-417e-a895-156e598f6420 [pid: 7|app: 0|req: 647/1278] 199.19.213.24 () {34 vars in 1057 bytes} [Sat Aug 15 03:56:24 2026] GET /v2.0/floatingips?fixed_ip_address=10.100.0.6&port_id=2e9eef46-c5a5-4325-af63-2aca0df4805d => generated 19 bytes in 15 msecs (HTTP/1.1 200) 4 headers in 156 bytes (1 switches on core 0)
2026-08-15 03:56:24.265 7 WARNING neutron.scheduler.dhcp_agent_scheduler [None req-92e3dc5d-ca20-48b1-a866-42e6753963b3 c1eae720b40845519e78826a1cae28de bee2ba101a954a22b55adb01d7f70be9 - - default default] No more DHCP agents
2026-08-15 03:56:24.266 7 WARNING neutron.api.rpc.agentnotifiers.dhcp_rpc_agent_api [None req-92e3dc5d-ca20-48b1-a866-42e6753963b3 c1eae720b40845519e78826a1cae28de bee2ba101a954a22b55adb01d7f70be9 - - default default] Unable to schedule network db10f4ab-fb55-460a-96b8-207735e72a52: no agents available; will retry on subsequent port and subnet creation events. [pid: 8|app: 0|req: 632/1279] 10.0.0.26 () {32 vars in 719 bytes} [Sat Aug 15 03:56:23 2026] DELETE /v2.0/ports/ed5f454b-a261-417e-a895-156e598f6420 => generated 0 bytes in 308 msecs (HTTP/1.1 204) 3 headers in 131 bytes (1 switches on core 0) [pid: 8|app: 0|req: 633/1280] 10.0.0.174 () {34 vars in 1040 bytes} [Sat Aug 15 03:56:24 2026] GET /v2.0/security-groups?id=fae467a3-278b-421f-b072-0c0844763f28&fields=id&fields=name => generated 114 bytes in 24 msecs (HTTP/1.1 200) 4 headers in 157 bytes (1 switches on core 0) [pid: 8|app: 0|req: 634/1281] 199.19.213.24 () {34 vars in 983 bytes} [Sat Aug 15 03:56:24 2026] GET /v2.0/subnets?id=abf8d768-144d-42a8-8700-571c25f69117 => generated 693 bytes in 30 msecs (HTTP/1.1 200) 4 headers in 157 bytes (1 switches on core 0)
2026-08-15 03:56:24.368 8 INFO neutron.pecan_wsgi.hooks.translation [None req-7e944fac-a455-4ff2-a344-d5806f4d9180 78fe655c2d3f4d97949c33870a18379d ec8593c269eb4a5d86da27be2322f4bb - - default default] GET failed (client error): The resource could not be found. [pid: 8|app: 0|req: 635/1282] 10.0.0.26 () {32 vars in 716 bytes} [Sat Aug 15 03:56:24 2026] GET /v2.0/ports/ed5f454b-a261-417e-a895-156e598f6420 => generated 132 bytes in 13 msecs (HTTP/1.1 404) 4 headers in 164 bytes (1 switches on core 0) [pid: 8|app: 0|req: 636/1283] 199.19.213.24 () {34 vars in 1051 bytes} [Sat Aug 15 03:56:24 2026] GET /v2.0/ports?network_id=864ac558-4d0d-4a74-bfcc-608b02996d0d&device_owner=network%3Adhcp => generated 12 bytes in 14 msecs (HTTP/1.1 200) 4 headers in 156 bytes (1 switches on core 0) [pid: 8|app: 0|req: 637/1284] 10.0.0.26 () {32 vars in 723 bytes} [Sat Aug 15 03:56:24 2026] DELETE /v2.0/subnets/d68daec6-4d9b-4981-b1c6-69498e864529 => generated 0 bytes in 155 msecs (HTTP/1.1 204) 3 headers in 131 bytes (1 switches on core 0) [pid: 8|app: 0|req: 638/1285] 199.19.213.24 () {34 vars in 1011 bytes} [Sat Aug 15 03:56:24 2026] GET /v2.0/networks/864ac558-4d0d-4a74-bfcc-608b02996d0d?fields=segments => generated 14 bytes in 35 msecs (HTTP/1.1 200) 4 headers in 156 bytes (1 switches on core 0)
2026-08-15 03:56:24.702 8 INFO neutron_taas.services.taas.taas_plugin [None req-ccdd2b80-874b-42ff-b769-8705c021a74c 78fe655c2d3f4d97949c33870a18379d ec8593c269eb4a5d86da27be2322f4bb - - default default] TaaS: Handle Delete Port: 25a1e0ac-937a-419c-aa21-ce34238090f1
2026-08-15 03:56:24.705 8 INFO neutron_taas.services.taas.tap_mirror_plugin [None req-ccdd2b80-874b-42ff-b769-8705c021a74c 78fe655c2d3f4d97949c33870a18379d ec8593c269eb4a5d86da27be2322f4bb - - default default] Tap Mirror: Handle Delete Port: 25a1e0ac-937a-419c-aa21-ce34238090f1
2026-08-15 03:56:24.711 7 INFO neutron.db.ovn_revision_numbers_db [None req-c4dee0ba-3dbf-4052-a511-4e1065aa013b - - - - - -] Successfully bumped revision number for resource f7192fd1-fb37-4dfc-b920-53fa2aff33d4 (type: ports) to 2
2026-08-15 03:56:24.745 7 INFO neutron.db.ovn_revision_numbers_db [None req-c4dee0ba-3dbf-4052-a511-4e1065aa013b - - - - - -] Successfully bumped revision number for resource 47ffd761-0026-4b09-9f9c-c452fb986d43 (type: subnets) to 0 [pid: 7|app: 0|req: 648/1286] 10.0.0.26 () {34 vars in 668 bytes} [Sat Aug 15 03:56:24 2026] POST /v2.0/subnets => generated 687 bytes in 613 msecs (HTTP/1.1 201) 4 headers in 162 bytes (1 switches on core 0) [pid: 7|app: 0|req: 649/1287] 199.19.213.24 () {34 vars in 1111 bytes} [Sat Aug 15 03:56:24 2026] GET /v2.0/networks/864ac558-4d0d-4a74-bfcc-608b02996d0d?fields=provider%3Aphysical_network&fields=provider%3Anetwork_type => generated 79 bytes in 48 msecs (HTTP/1.1 200) 4 headers in 156 bytes (1 switches on core 0)
2026-08-15 03:56:24.861 8 INFO neutron.services.segments.plugin [-] Segment f17378af-d56d-4903-b61e-3740551b9142 resource provider aggregate not found
2026-08-15 03:56:24.864 8 INFO neutron.services.segments.plugin [-] Segment f17378af-d56d-4903-b61e-3740551b9142 resource provider aggregate not found
2026-08-15 03:56:24.881 8 INFO neutron.services.segments.plugin [-] Client error retrieving segment f17378af-d56d-4903-b61e-3740551b9142 resource provider; error: Placement Client Error (4xx): {"errors": [{"status": 404, "title": "Not Found", "detail": "The resource could not be found.\n\n No resource provider with uuid f17378af-d56d-4903-b61e-3740551b9142 found for delete ", "request_id": "req-196e29c7-072b-46c5-9871-dcbd56587358"}]}
2026-08-15 03:56:24.892 8 INFO neutron.services.segments.plugin [-] Client error retrieving segment f17378af-d56d-4903-b61e-3740551b9142 resource provider; error: Placement Client Error (4xx): {"errors": [{"status": 404, "title": "Not Found", "detail": "The resource could not be found.\n\n No resource provider with uuid f17378af-d56d-4903-b61e-3740551b9142 found for delete ", "request_id": "req-594ebc2c-0245-4b5e-8939-d4b431fd32e9"}]} [pid: 8|app: 0|req: 639/1288] 10.0.0.26 () {32 vars in 725 bytes} [Sat Aug 15 03:56:24 2026] DELETE /v2.0/networks/703ddc50-103a-4720-9e77-e201ff641a87 => generated 0 bytes in 319 msecs (HTTP/1.1 204) 3 headers in 131 bytes (1 switches on core 0)
2026-08-15 03:56:25.121 8 WARNING neutron.scheduler.dhcp_agent_scheduler [None req-90e0305c-1fb0-4b90-a2c5-28092c947d0b 78fe655c2d3f4d97949c33870a18379d ec8593c269eb4a5d86da27be2322f4bb - - default default] No more DHCP agents
2026-08-15 03:56:25.122 8 WARNING neutron.api.rpc.agentnotifiers.dhcp_rpc_agent_api [None req-90e0305c-1fb0-4b90-a2c5-28092c947d0b 78fe655c2d3f4d97949c33870a18379d ec8593c269eb4a5d86da27be2322f4bb - - default default] Unable to schedule network 5ced8168-6f22-4de3-b6e2-4a2b9c5b74ae: no agents available; will retry on subsequent port and subnet creation events.
2026-08-15 03:56:25.175 7 INFO neutron.plugins.ml2.drivers.ovn.mech_driver.mech_driver [None req-ec114e62-4c3b-4e86-bb14-4bb7e6bbb0c0 - - - - - -] OVN reports status down for port: 5d134b41-10be-46bc-b8e5-eed765480ee4
2026-08-15 03:56:25.204 8 INFO neutron.db.ovn_revision_numbers_db [None req-90e0305c-1fb0-4b90-a2c5-28092c947d0b 78fe655c2d3f4d97949c33870a18379d ec8593c269eb4a5d86da27be2322f4bb - - default default] Successfully bumped revision number for resource 5d134b41-10be-46bc-b8e5-eed765480ee4 (type: ports) to 1
2026-08-15 03:56:25.240 7 WARNING neutron.scheduler.dhcp_agent_scheduler [None req-09a4b9ba-7f6a-4df7-847e-a4ca44322c02 c1eae720b40845519e78826a1cae28de bee2ba101a954a22b55adb01d7f70be9 - - default default] No more DHCP agents
2026-08-15 03:56:25.242 7 WARNING neutron.api.rpc.agentnotifiers.dhcp_rpc_agent_api [None req-09a4b9ba-7f6a-4df7-847e-a4ca44322c02 c1eae720b40845519e78826a1cae28de bee2ba101a954a22b55adb01d7f70be9 - - default default] Unable to schedule network b7d28aec-f59e-45c9-96ec-518c3c03e0ca: no agents available; will retry on subsequent port and subnet creation events. [pid: 8|app: 0|req: 640/1289] 10.0.0.26 () {34 vars in 664 bytes} [Sat Aug 15 03:56:24 2026] POST /v2.0/ports => generated 775 bytes in 354 msecs (HTTP/1.1 201) 4 headers in 162 bytes (1 switches on core 0) /var/lib/openstack/lib/python3.12/site-packages/pycadf/identifier.py:70: UserWarning: Invalid uuid: neutron. To ensure interoperability, identifiers should be a valid uuid. warnings.warn(('Invalid uuid: %s. To ensure interoperability, '
2026-08-15 03:56:25.380 8 INFO neutron.plugins.ml2.drivers.ovn.mech_driver.mech_driver [None req-7c35e187-35bf-47ac-9089-cc186e0667c8 - - - - - -] OVN reports status down for port: e01c508a-f38a-4a24-acae-b5c3ce6765af
2026-08-15 03:56:25.386 7 INFO neutron.db.ovn_revision_numbers_db [None req-09a4b9ba-7f6a-4df7-847e-a4ca44322c02 c1eae720b40845519e78826a1cae28de bee2ba101a954a22b55adb01d7f70be9 - - default default] Successfully bumped revision number for resource e01c508a-f38a-4a24-acae-b5c3ce6765af (type: ports) to 1
2026-08-15 03:56:25.556 7 INFO neutron.plugins.ml2.drivers.ovn.mech_driver.mech_driver [None req-ec114e62-4c3b-4e86-bb14-4bb7e6bbb0c0 - - - - - -] OVN reports status down for port: 5d134b41-10be-46bc-b8e5-eed765480ee4
2026-08-15 03:56:25.564 8 INFO neutron.db.ovn_revision_numbers_db [None req-3a95d51b-1fe7-4a44-8e1b-d7cb245779f0 78fe655c2d3f4d97949c33870a18379d ec8593c269eb4a5d86da27be2322f4bb - - default default] Successfully bumped revision number for resource 5d134b41-10be-46bc-b8e5-eed765480ee4 (type: ports) to 2 [pid: 8|app: 0|req: 641/1290] 10.0.0.26 () {34 vars in 736 bytes} [Sat Aug 15 03:56:25 2026] PUT /v2.0/ports/5d134b41-10be-46bc-b8e5-eed765480ee4 => generated 752 bytes in 328 msecs (HTTP/1.1 200) 4 headers in 157 bytes (1 switches on core 0) /var/lib/openstack/lib/python3.12/site-packages/pycadf/identifier.py:70: UserWarning: Invalid uuid: neutron. To ensure interoperability, identifiers should be a valid uuid. warnings.warn(('Invalid uuid: %s. To ensure interoperability, ' [pid: 8|app: 0|req: 642/1291] 10.0.0.174 () {34 vars in 990 bytes} [Sat Aug 15 03:56:25 2026] GET /v2.0/ports?device_id=d00123a5-aabe-4ed4-befd-26a06a9294b4 => generated 969 bytes in 65 msecs (HTTP/1.1 200) 4 headers in 157 bytes (1 switches on core 0)
2026-08-15 03:56:25.758 8 INFO neutron_taas.services.taas.taas_plugin [None req-e8834033-45d1-4a30-b11b-764c8c22369f 78fe655c2d3f4d97949c33870a18379d ec8593c269eb4a5d86da27be2322f4bb - - default default] TaaS: Handle Delete Port: 5d134b41-10be-46bc-b8e5-eed765480ee4
2026-08-15 03:56:25.760 8 INFO neutron_taas.services.taas.tap_mirror_plugin [None req-e8834033-45d1-4a30-b11b-764c8c22369f 78fe655c2d3f4d97949c33870a18379d ec8593c269eb4a5d86da27be2322f4bb - - default default] Tap Mirror: Handle Delete Port: 5d134b41-10be-46bc-b8e5-eed765480ee4 [pid: 8|app: 0|req: 643/1292] 10.0.0.26 () {32 vars in 719 bytes} [Sat Aug 15 03:56:25 2026] DELETE /v2.0/ports/5d134b41-10be-46bc-b8e5-eed765480ee4 => generated 0 bytes in 204 msecs (HTTP/1.1 204) 3 headers in 131 bytes (1 switches on core 0) [pid: 8|app: 0|req: 644/1293] 10.0.0.174 () {34 vars in 1040 bytes} [Sat Aug 15 03:56:25 2026] GET /v2.0/security-groups?id=fae467a3-278b-421f-b072-0c0844763f28&fields=id&fields=name => generated 114 bytes in 37 msecs (HTTP/1.1 200) 4 headers in 157 bytes (1 switches on core 0) [pid: 8|app: 0|req: 645/1294] 10.0.0.26 () {32 vars in 642 bytes} [Sat Aug 15 03:56:25 2026] GET /v2.0/ports => generated 1534 bytes in 44 msecs (HTTP/1.1 200) 4 headers in 158 bytes (1 switches on core 0)
2026-08-15 03:56:25.960 8 INFO neutron.pecan_wsgi.hooks.translation [None req-80da80fd-9f37-46c4-aef3-8ea1fa54b152 78fe655c2d3f4d97949c33870a18379d ec8593c269eb4a5d86da27be2322f4bb - - default default] GET failed (client error): The resource could not be found. [pid: 8|app: 0|req: 646/1295] 10.0.0.26 () {32 vars in 716 bytes} [Sat Aug 15 03:56:25 2026] GET /v2.0/ports/5d134b41-10be-46bc-b8e5-eed765480ee4 => generated 132 bytes in 14 msecs (HTTP/1.1 404) 4 headers in 164 bytes (1 switches on core 0) [pid: 8|app: 0|req: 647/1296] 10.0.0.26 () {32 vars in 642 bytes} [Sat Aug 15 03:56:25 2026] GET /v2.0/ports => generated 1534 bytes in 44 msecs (HTTP/1.1 200) 4 headers in 158 bytes (1 switches on core 0)
2026-08-15 03:56:26.026 7 INFO neutron.plugins.ml2.drivers.ovn.mech_driver.ovsdb.commands [None req-79972cd8-c7ea-455a-a1aa-b6ba4ce77af3 - - - - - -] Schedule LRP lrp-e01c508a-f38a-4a24-acae-b5c3ce6765af on gateway e13b8dcc-2a1a-4c24-ade4-8b3913a74da6 with priority 1
2026-08-15 03:56:26.097 7 INFO neutron.db.ovn_revision_numbers_db [None req-09a4b9ba-7f6a-4df7-847e-a4ca44322c02 c1eae720b40845519e78826a1cae28de bee2ba101a954a22b55adb01d7f70be9 - - default default] Successfully bumped revision number for resource e01c508a-f38a-4a24-acae-b5c3ce6765af (type: router_ports) to 1
2026-08-15 03:56:26.098 8 INFO neutron.plugins.ml2.drivers.ovn.mech_driver.mech_driver [None req-7c35e187-35bf-47ac-9089-cc186e0667c8 - - - - - -] OVN reports status up for port: e01c508a-f38a-4a24-acae-b5c3ce6765af [pid: 8|app: 0|req: 648/1297] 10.0.0.26 () {32 vars in 716 bytes} [Sat Aug 15 03:56:26 2026] GET /v2.0/ports/70cccaca-85a0-44f1-ab18-b5643bf6e93c => generated 775 bytes in 93 msecs (HTTP/1.1 200) 4 headers in 157 bytes (1 switches on core 0)
2026-08-15 03:56:26.138 8 INFO neutron.plugins.ml2.plugin [None req-7c35e187-35bf-47ac-9089-cc186e0667c8 - - - - - -] Attempt 1 to provision port e01c508a-f38a-4a24-acae-b5c3ce6765af
2026-08-15 03:56:26.142 8 INFO neutron.plugins.ml2.drivers.ovn.mech_driver.ovsdb.ovsdb_monitor [-] Router 890e5f15-cd63-42ed-b0e1-0f8a2af07ec7 is bound to host instance
2026-08-15 03:56:26.162 7 INFO neutron.db.ovn_revision_numbers_db [None req-09a4b9ba-7f6a-4df7-847e-a4ca44322c02 c1eae720b40845519e78826a1cae28de bee2ba101a954a22b55adb01d7f70be9 - - default default] Successfully bumped revision number for resource 890e5f15-cd63-42ed-b0e1-0f8a2af07ec7 (type: routers) to 2 [pid: 7|app: 0|req: 650/1298] 10.0.0.26 () {34 vars in 668 bytes} [Sat Aug 15 03:56:24 2026] POST /v2.0/routers => generated 965 bytes in 1367 msecs (HTTP/1.1 201) 4 headers in 162 bytes (1 switches on core 0)
2026-08-15 03:56:26.184 8 INFO neutron.pecan_wsgi.hooks.translation [None req-d60e73c2-5a0b-442d-903f-359739f49f66 78fe655c2d3f4d97949c33870a18379d ec8593c269eb4a5d86da27be2322f4bb - - default default] DELETE failed (client error): The resource could not be found. [pid: 8|app: 0|req: 649/1299] 10.0.0.26 () {32 vars in 719 bytes} [Sat Aug 15 03:56:26 2026] DELETE /v2.0/ports/ed5f454b-a261-417e-a895-156e598f6420 => generated 132 bytes in 74 msecs (HTTP/1.1 404) 4 headers in 164 bytes (1 switches on core 0)
2026-08-15 03:56:26.242 8 INFO neutron.pecan_wsgi.hooks.translation [None req-66603309-4747-4acb-9111-cbf424b0ae0f 78fe655c2d3f4d97949c33870a18379d ec8593c269eb4a5d86da27be2322f4bb - - default default] DELETE failed (client error): The resource could not be found. [pid: 8|app: 0|req: 650/1300] 10.0.0.26 () {32 vars in 723 bytes} [Sat Aug 15 03:56:26 2026] DELETE /v2.0/subnets/d68daec6-4d9b-4981-b1c6-69498e864529 => generated 136 bytes in 52 msecs (HTTP/1.1 404) 4 headers in 164 bytes (1 switches on core 0)
2026-08-15 03:56:26.288 8 INFO neutron.pecan_wsgi.hooks.translation [None req-1651a01c-7b4b-4f6c-a8d9-ddd685e539d4 78fe655c2d3f4d97949c33870a18379d ec8593c269eb4a5d86da27be2322f4bb - - default default] DELETE failed (client error): The resource could not be found. [pid: 8|app: 0|req: 651/1301] 10.0.0.26 () {32 vars in 723 bytes} [Sat Aug 15 03:56:26 2026] DELETE /v2.0/subnets/b79c8588-a500-4e44-9f70-806c01f6b80a => generated 136 bytes in 42 msecs (HTTP/1.1 404) 4 headers in 164 bytes (1 switches on core 0)
2026-08-15 03:56:26.531 8 INFO neutron_taas.services.taas.taas_plugin [None req-eb13fc8a-8116-4477-8398-cd23bf57f092 78fe655c2d3f4d97949c33870a18379d ec8593c269eb4a5d86da27be2322f4bb - - default default] TaaS: Handle Delete Port: 70cccaca-85a0-44f1-ab18-b5643bf6e93c
2026-08-15 03:56:26.537 8 INFO neutron_taas.services.taas.tap_mirror_plugin [None req-eb13fc8a-8116-4477-8398-cd23bf57f092 78fe655c2d3f4d97949c33870a18379d ec8593c269eb4a5d86da27be2322f4bb - - default default] Tap Mirror: Handle Delete Port: 70cccaca-85a0-44f1-ab18-b5643bf6e93c
2026-08-15 03:56:26.585 7 WARNING neutron.scheduler.dhcp_agent_scheduler [None req-3353563a-e4e6-4b9f-93e7-247bff28df5f c1eae720b40845519e78826a1cae28de bee2ba101a954a22b55adb01d7f70be9 - - default default] No more DHCP agents
2026-08-15 03:56:26.586 7 WARNING neutron.api.rpc.agentnotifiers.dhcp_rpc_agent_api [None req-3353563a-e4e6-4b9f-93e7-247bff28df5f c1eae720b40845519e78826a1cae28de bee2ba101a954a22b55adb01d7f70be9 - - default default] Unable to schedule network db10f4ab-fb55-460a-96b8-207735e72a52: no agents available; will retry on subsequent port and subnet creation events.
2026-08-15 03:56:26.727 7 INFO neutron.plugins.ml2.drivers.ovn.mech_driver.mech_driver [None req-ec114e62-4c3b-4e86-bb14-4bb7e6bbb0c0 - - - - - -] OVN reports status down for port: f443ed50-0645-4109-b375-15177ca94e2d [pid: 8|app: 0|req: 652/1302] 10.0.0.26 () {32 vars in 719 bytes} [Sat Aug 15 03:56:26 2026] DELETE /v2.0/ports/70cccaca-85a0-44f1-ab18-b5643bf6e93c => generated 0 bytes in 438 msecs (HTTP/1.1 204) 3 headers in 131 bytes (1 switches on core 0)
2026-08-15 03:56:26.784 7 INFO neutron.db.ovn_revision_numbers_db [None req-3353563a-e4e6-4b9f-93e7-247bff28df5f c1eae720b40845519e78826a1cae28de bee2ba101a954a22b55adb01d7f70be9 - - default default] Successfully bumped revision number for resource f443ed50-0645-4109-b375-15177ca94e2d (type: ports) to 1
