2026-08-15 03:57:14.321 8 INFO neutron.db.ovn_revision_numbers_db [None req-520b482b-5964-451f-90a4-910656c32b81 22517e8e917e4c6c9afdbd4d9d75273f 057e2e4a6f804358b6a451a20c37fc3c - - default default] Successfully bumped revision number for resource ef3b78ed-3411-4332-ad90-44da5b59d969 (type: routers) to 1 [pid: 8|app: 0|req: 853/1717] 10.0.0.26 () {34 vars in 668 bytes} [Sat Aug 15 03:57:14 2026] POST /v2.0/routers => generated 603 bytes in 128 msecs (HTTP/1.1 201) 4 headers in 162 bytes (1 switches on core 0) /var/lib/openstack/lib/python3.12/site-packages/pycadf/identifier.py:70: UserWarning: Invalid uuid: neutron. To ensure interoperability, identifiers should be a valid uuid. warnings.warn(('Invalid uuid: %s. To ensure interoperability, '
2026-08-15 03:57:14.692 7 WARNING neutron.scheduler.dhcp_agent_scheduler [None req-4dc542d3-6772-4f62-9ffc-41b97ce3502f 22517e8e917e4c6c9afdbd4d9d75273f 057e2e4a6f804358b6a451a20c37fc3c - - default default] No more DHCP agents
2026-08-15 03:57:14.693 7 WARNING neutron.api.rpc.agentnotifiers.dhcp_rpc_agent_api [None req-4dc542d3-6772-4f62-9ffc-41b97ce3502f 22517e8e917e4c6c9afdbd4d9d75273f 057e2e4a6f804358b6a451a20c37fc3c - - default default] Unable to schedule network 5d6a99ea-87f9-483c-8776-aaa00613e845: no agents available; will retry on subsequent port and subnet creation events.
2026-08-15 03:57:14.818 7 INFO neutron.db.ovn_revision_numbers_db [None req-4dc542d3-6772-4f62-9ffc-41b97ce3502f 22517e8e917e4c6c9afdbd4d9d75273f 057e2e4a6f804358b6a451a20c37fc3c - - default default] Successfully bumped revision number for resource 0164485e-1b97-4a9d-9f00-459f6a296e62 (type: ports) to 1 [pid: 8|app: 0|req: 854/1718] 10.0.0.174 () {34 vars in 990 bytes} [Sat Aug 15 03:57:14 2026] GET /v2.0/ports?device_id=d00123a5-aabe-4ed4-befd-26a06a9294b4 => generated 969 bytes in 58 msecs (HTTP/1.1 200) 4 headers in 157 bytes (1 switches on core 0)
2026-08-15 03:57:14.820 8 INFO neutron.plugins.ml2.drivers.ovn.mech_driver.mech_driver [None req-9d884da1-6e49-45c4-a76f-3c42c06dd748 - - - - - -] OVN reports status down for port: 0164485e-1b97-4a9d-9f00-459f6a296e62 [pid: 8|app: 0|req: 855/1719] 199.19.213.24 () {34 vars in 993 bytes} [Sat Aug 15 03:57:14 2026] GET /v2.0/ports?device_id=d00123a5-aabe-4ed4-befd-26a06a9294b4 => generated 969 bytes in 64 msecs (HTTP/1.1 200) 4 headers in 157 bytes (1 switches on core 0) [pid: 8|app: 0|req: 856/1720] 10.0.0.174 () {34 vars in 1040 bytes} [Sat Aug 15 03:57:14 2026] GET /v2.0/security-groups?id=fae467a3-278b-421f-b072-0c0844763f28&fields=id&fields=name => generated 114 bytes in 44 msecs (HTTP/1.1 200) 4 headers in 157 bytes (1 switches on core 0)
2026-08-15 03:57:14.992 8 INFO neutron.plugins.ml2.drivers.ovn.mech_driver.mech_driver [None req-9d884da1-6e49-45c4-a76f-3c42c06dd748 - - - - - -] OVN reports status down for port: 1e7bbb79-44ce-48a8-a752-259e31064928
2026-08-15 03:57:15.184 8 INFO neutron_taas.services.taas.taas_plugin [req-e9aedad3-ebb1-42ab-8755-995c1bdeaca7 req-45ee40f9-e7d4-45cc-928b-b2e975caa591 6e5dd1a333cc40d5ae92f31e10916ff1 fc3dc3cc4fbe4f08aa4a4b5ba7331a99 - - default default] TaaS: Handle Delete Port: 2e9eef46-c5a5-4325-af63-2aca0df4805d
2026-08-15 03:57:15.188 8 INFO neutron_taas.services.taas.tap_mirror_plugin [req-e9aedad3-ebb1-42ab-8755-995c1bdeaca7 req-45ee40f9-e7d4-45cc-928b-b2e975caa591 6e5dd1a333cc40d5ae92f31e10916ff1 fc3dc3cc4fbe4f08aa4a4b5ba7331a99 - - default default] Tap Mirror: Handle Delete Port: 2e9eef46-c5a5-4325-af63-2aca0df4805d
2026-08-15 03:57:15.207 8 INFO neutron.notifiers.nova [-] Nova event matching ['req-5caa4a41-a4ad-4aee-a845-50ec4ff4e8ea'] response: {'server_uuid': 'b321f406-ed45-495c-b7b0-397bf9092a57', 'name': 'network-vif-unplugged', 'status': 'completed', 'tag': '1e7bbb79-44ce-48a8-a752-259e31064928', 'code': 200}
2026-08-15 03:57:15.457 8 INFO neutron.db.ovn_revision_numbers_db [None req-9d884da1-6e49-45c4-a76f-3c42c06dd748 - - - - - -] Successfully bumped revision number for resource 1e7bbb79-44ce-48a8-a752-259e31064928 (type: ports) to 6
2026-08-15 03:57:15.490 7 WARNING neutron.scheduler.dhcp_agent_scheduler [None req-4dc542d3-6772-4f62-9ffc-41b97ce3502f 22517e8e917e4c6c9afdbd4d9d75273f 057e2e4a6f804358b6a451a20c37fc3c - - default default] No more DHCP agents
2026-08-15 03:57:15.491 7 WARNING neutron.api.rpc.agentnotifiers.dhcp_rpc_agent_api [None req-4dc542d3-6772-4f62-9ffc-41b97ce3502f 22517e8e917e4c6c9afdbd4d9d75273f 057e2e4a6f804358b6a451a20c37fc3c - - default default] Unable to schedule network 5d6a99ea-87f9-483c-8776-aaa00613e845: no agents available; will retry on subsequent port and subnet creation events.
2026-08-15 03:57:15.531 8 INFO neutron.db.l3_db [req-e9aedad3-ebb1-42ab-8755-995c1bdeaca7 req-45ee40f9-e7d4-45cc-928b-b2e975caa591 6e5dd1a333cc40d5ae92f31e10916ff1 fc3dc3cc4fbe4f08aa4a4b5ba7331a99 - - default default] Floating IP 31610008-6b96-4481-8290-7c8f020acfa9 disassociated. External IP: 10.96.250.217, port: 2e9eef46-c5a5-4325-af63-2aca0df4805d.
2026-08-15 03:57:15.599 8 INFO neutron.plugins.ml2.drivers.ovn.mech_driver.mech_driver [None req-8144f108-72b2-4a8d-872c-cc1d095137f1 - - - - - -] OVN reports status up for port: 0164485e-1b97-4a9d-9f00-459f6a296e62
2026-08-15 03:57:15.619 8 INFO neutron.plugins.ml2.plugin [None req-8144f108-72b2-4a8d-872c-cc1d095137f1 - - - - - -] Attempt 1 to provision port 0164485e-1b97-4a9d-9f00-459f6a296e62
2026-08-15 03:57:15.687 7 INFO neutron.db.ovn_revision_numbers_db [None req-4dc542d3-6772-4f62-9ffc-41b97ce3502f 22517e8e917e4c6c9afdbd4d9d75273f 057e2e4a6f804358b6a451a20c37fc3c - - default default] Successfully bumped revision number for resource 0164485e-1b97-4a9d-9f00-459f6a296e62 (type: router_ports) to 1 [pid: 7|app: 0|req: 865/1723] 10.0.0.26 () {34 vars in 782 bytes} [Sat Aug 15 03:57:14 2026] PUT /v2.0/routers/ef3b78ed-3411-4332-ad90-44da5b59d969/add_router_interface => generated 309 bytes in 1358 msecs (HTTP/1.1 200) 4 headers in 157 bytes (1 switches on core 0) [pid: 7|app: 0|req: 866/1724] 10.0.0.174 () {34 vars in 990 bytes} [Sat Aug 15 03:57:15 2026] GET /v2.0/ports?device_id=b321f406-ed45-495c-b7b0-397bf9092a57 => generated 1012 bytes in 48 msecs (HTTP/1.1 200) 4 headers in 158 bytes (1 switches on core 0) [pid: 7|app: 0|req: 867/1725] 10.0.0.26 () {32 vars in 716 bytes} [Sat Aug 15 03:57:15 2026] GET /v2.0/ports/0164485e-1b97-4a9d-9f00-459f6a296e62 => generated 941 bytes in 94 msecs (HTTP/1.1 200) 4 headers in 157 bytes (1 switches on core 0) [pid: 8|app: 0|req: 859/1726] 199.19.213.24 () {36 vars in 996 bytes} [Sat Aug 15 03:57:14 2026] DELETE /v2.0/ports/2e9eef46-c5a5-4325-af63-2aca0df4805d => generated 0 bytes in 942 msecs (HTTP/1.1 204) 3 headers in 131 bytes (1 switches on core 0) [pid: 7|app: 0|req: 868/1727] 10.0.0.174 () {34 vars in 1120 bytes} [Sat Aug 15 03:57:15 2026] GET /v2.0/security-groups?id=c2e1a1b3-110f-4ba0-80d0-48f1c37d0c52&id=4a245745-8b91-4a1d-a120-2db0fe2fb824&fields=id&fields=name => generated 206 bytes in 40 msecs (HTTP/1.1 200) 4 headers in 157 bytes (1 switches on core 0) /var/lib/openstack/lib/python3.12/site-packages/pycadf/identifier.py:70: UserWarning: Invalid uuid: neutron. To ensure interoperability, identifiers should be a valid uuid. warnings.warn(('Invalid uuid: %s. To ensure interoperability, ' [pid: 7|app: 0|req: 869/1728] 10.0.0.174 () {34 vars in 990 bytes} [Sat Aug 15 03:57:15 2026] GET /v2.0/ports?device_id=d00123a5-aabe-4ed4-befd-26a06a9294b4 => generated 12 bytes in 20 msecs (HTTP/1.1 200) 4 headers in 156 bytes (1 switches on core 0) [pid: 7|app: 0|req: 870/1729] 199.19.213.24 () {34 vars in 993 bytes} [Sat Aug 15 03:57:16 2026] GET /v2.0/ports?device_id=b321f406-ed45-495c-b7b0-397bf9092a57 => generated 1012 bytes in 74 msecs (HTTP/1.1 200) 4 headers in 158 bytes (1 switches on core 0)
2026-08-15 03:57:16.373 7 INFO neutron_taas.services.taas.taas_plugin [req-70caadcf-2076-45d4-bd56-bc6303813ecf req-ccbf8faf-d4d0-4659-a7e0-39072b0664e8 e0310eaf1bb743b8999cbccc68790a8c 1b5ace84aaa149e683e07422b4ae9281 - - default default] TaaS: Handle Delete Port: 1e7bbb79-44ce-48a8-a752-259e31064928
2026-08-15 03:57:16.376 7 INFO neutron_taas.services.taas.tap_mirror_plugin [req-70caadcf-2076-45d4-bd56-bc6303813ecf req-ccbf8faf-d4d0-4659-a7e0-39072b0664e8 e0310eaf1bb743b8999cbccc68790a8c 1b5ace84aaa149e683e07422b4ae9281 - - default default] Tap Mirror: Handle Delete Port: 1e7bbb79-44ce-48a8-a752-259e31064928
2026-08-15 03:57:16.472 8 INFO neutron.db.ovn_revision_numbers_db [None req-8144f108-72b2-4a8d-872c-cc1d095137f1 - - - - - -] Successfully bumped revision number for resource 0164485e-1b97-4a9d-9f00-459f6a296e62 (type: ports) to 2
2026-08-15 03:57:16.532 7 INFO neutron.db.l3_db [req-70caadcf-2076-45d4-bd56-bc6303813ecf req-ccbf8faf-d4d0-4659-a7e0-39072b0664e8 e0310eaf1bb743b8999cbccc68790a8c 1b5ace84aaa149e683e07422b4ae9281 - - default default] Floating IP 90a76523-3bc4-4de1-8f5c-317fccc1abcb disassociated. External IP: 10.96.250.214, port: 1e7bbb79-44ce-48a8-a752-259e31064928. [pid: 7|app: 0|req: 871/1730] 199.19.213.24 () {36 vars in 996 bytes} [Sat Aug 15 03:57:16 2026] DELETE /v2.0/ports/1e7bbb79-44ce-48a8-a752-259e31064928 => generated 0 bytes in 424 msecs (HTTP/1.1 204) 3 headers in 131 bytes (1 switches on core 0) /var/lib/openstack/lib/python3.12/site-packages/pycadf/identifier.py:70: UserWarning: Invalid uuid: neutron. To ensure interoperability, identifiers should be a valid uuid. warnings.warn(('Invalid uuid: %s. To ensure interoperability, '
2026-08-15 03:57:16.708 7 INFO neutron.notifiers.nova [-] Nova event matching ['req-faebd433-d8c1-45e0-80d9-5172d0a7422c'] response: {'server_uuid': 'b321f406-ed45-495c-b7b0-397bf9092a57', 'name': 'network-vif-deleted', 'tag': '1e7bbb79-44ce-48a8-a752-259e31064928', 'status': 'completed', 'code': 200}
2026-08-15 03:57:16.816 8 WARNING neutron.scheduler.dhcp_agent_scheduler [None req-b177ddd0-7dbd-4e8f-b1d6-f679fa09f86a 22517e8e917e4c6c9afdbd4d9d75273f 057e2e4a6f804358b6a451a20c37fc3c - - default default] No more DHCP agents
2026-08-15 03:57:16.819 8 WARNING neutron.api.rpc.agentnotifiers.dhcp_rpc_agent_api [None req-b177ddd0-7dbd-4e8f-b1d6-f679fa09f86a 22517e8e917e4c6c9afdbd4d9d75273f 057e2e4a6f804358b6a451a20c37fc3c - - default default] Unable to schedule network 2fdbe3e7-18a2-45d6-b214-ac88078c1d5e: no agents available; will retry on subsequent port and subnet creation events.
2026-08-15 03:57:16.871 8 INFO neutron.db.ovn_revision_numbers_db [None req-9aefd7a3-85a6-4f80-b799-d1a618fd1905 - - - - - -] Successfully bumped revision number for resource 0164485e-1b97-4a9d-9f00-459f6a296e62 (type: router_ports) to 2
2026-08-15 03:57:16.950 7 INFO neutron_taas.services.taas.taas_plugin [None req-aacf7113-d3bb-47e1-bf56-9b95d51226bf c1eae720b40845519e78826a1cae28de bee2ba101a954a22b55adb01d7f70be9 - - default default] TaaS: Handle Delete Port: 1dfcd224-7743-4818-9096-300e7dda7a67
2026-08-15 03:57:16.954 7 INFO neutron_taas.services.taas.tap_mirror_plugin [None req-aacf7113-d3bb-47e1-bf56-9b95d51226bf c1eae720b40845519e78826a1cae28de bee2ba101a954a22b55adb01d7f70be9 - - default default] Tap Mirror: Handle Delete Port: 1dfcd224-7743-4818-9096-300e7dda7a67
2026-08-15 03:57:17.007 7 INFO neutron.plugins.ml2.drivers.ovn.mech_driver.mech_driver [None req-bc8758f5-9e76-457e-9ce0-2e26adf8d538 - - - - - -] OVN reports status down for port: 60882ff7-b0a2-4d9b-b443-82f1beacc1be
2026-08-15 03:57:17.012 8 INFO neutron.db.ovn_revision_numbers_db [None req-b177ddd0-7dbd-4e8f-b1d6-f679fa09f86a 22517e8e917e4c6c9afdbd4d9d75273f 057e2e4a6f804358b6a451a20c37fc3c - - default default] Successfully bumped revision number for resource 60882ff7-b0a2-4d9b-b443-82f1beacc1be (type: ports) to 1
2026-08-15 03:57:17.675 7 INFO neutron.plugins.ml2.drivers.ovn.mech_driver.mech_driver [None req-bc8758f5-9e76-457e-9ce0-2e26adf8d538 - - - - - -] OVN reports status up for port: 60882ff7-b0a2-4d9b-b443-82f1beacc1be [pid: 7|app: 0|req: 872/1731] 10.0.0.26 () {34 vars in 788 bytes} [Sat Aug 15 03:57:16 2026] PUT /v2.0/routers/38ce84e8-504a-4f90-bcb0-796d58ecd536/remove_router_interface => generated 309 bytes in 1018 msecs (HTTP/1.1 200) 4 headers in 157 bytes (1 switches on core 0) /var/lib/openstack/lib/python3.12/site-packages/pycadf/identifier.py:70: UserWarning: Invalid uuid: neutron. To ensure interoperability, identifiers should be a valid uuid. warnings.warn(('Invalid uuid: %s. To ensure interoperability, '
2026-08-15 03:57:17.705 7 INFO neutron.plugins.ml2.plugin [None req-bc8758f5-9e76-457e-9ce0-2e26adf8d538 - - - - - -] Attempt 1 to provision port 60882ff7-b0a2-4d9b-b443-82f1beacc1be [pid: 7|app: 0|req: 873/1732] 10.0.0.174 () {34 vars in 990 bytes} [Sat Aug 15 03:57:17 2026] GET /v2.0/ports?device_id=b321f406-ed45-495c-b7b0-397bf9092a57 => generated 12 bytes in 39 msecs (HTTP/1.1 200) 4 headers in 156 bytes (1 switches on core 0)
2026-08-15 03:57:17.734 8 WARNING neutron.scheduler.dhcp_agent_scheduler [None req-b177ddd0-7dbd-4e8f-b1d6-f679fa09f86a 22517e8e917e4c6c9afdbd4d9d75273f 057e2e4a6f804358b6a451a20c37fc3c - - default default] No more DHCP agents
2026-08-15 03:57:17.735 8 WARNING neutron.api.rpc.agentnotifiers.dhcp_rpc_agent_api [None req-b177ddd0-7dbd-4e8f-b1d6-f679fa09f86a 22517e8e917e4c6c9afdbd4d9d75273f 057e2e4a6f804358b6a451a20c37fc3c - - default default] Unable to schedule network 2fdbe3e7-18a2-45d6-b214-ac88078c1d5e: no agents available; will retry on subsequent port and subnet creation events. [pid: 7|app: 0|req: 874/1733] 10.0.0.174 () {34 vars in 990 bytes} [Sat Aug 15 03:57:17 2026] GET /v2.0/ports?device_id=d00123a5-aabe-4ed4-befd-26a06a9294b4 => generated 12 bytes in 34 msecs (HTTP/1.1 200) 4 headers in 156 bytes (1 switches on core 0)
2026-08-15 03:57:17.774 8 INFO neutron.notifiers.nova [-] Nova event matching ['req-432653ac-77a7-494c-974c-0d9e76165ec0'] response: {'server_uuid': 'b321f406-ed45-495c-b7b0-397bf9092a57', 'name': 'network-vif-unplugged', 'status': 'completed', 'tag': '1e7bbb79-44ce-48a8-a752-259e31064928', 'code': 200}
2026-08-15 03:57:17.775 8 INFO neutron.notifiers.nova [-] Nova event matching ['req-432653ac-77a7-494c-974c-0d9e76165ec0'] response: {'server_uuid': 'd00123a5-aabe-4ed4-befd-26a06a9294b4', 'name': 'network-vif-deleted', 'tag': '2e9eef46-c5a5-4325-af63-2aca0df4805d', 'status': 'completed', 'code': 200}
2026-08-15 03:57:17.898 8 INFO neutron.db.ovn_revision_numbers_db [None req-b177ddd0-7dbd-4e8f-b1d6-f679fa09f86a 22517e8e917e4c6c9afdbd4d9d75273f 057e2e4a6f804358b6a451a20c37fc3c - - default default] Successfully bumped revision number for resource 60882ff7-b0a2-4d9b-b443-82f1beacc1be (type: router_ports) to 1 [pid: 8|app: 0|req: 860/1734] 10.0.0.26 () {34 vars in 782 bytes} [Sat Aug 15 03:57:15 2026] PUT /v2.0/routers/ef3b78ed-3411-4332-ad90-44da5b59d969/add_router_interface => generated 309 bytes in 2026 msecs (HTTP/1.1 200) 4 headers in 157 bytes (1 switches on core 0) /var/lib/openstack/lib/python3.12/site-packages/pycadf/identifier.py:70: UserWarning: Invalid uuid: neutron. To ensure interoperability, identifiers should be a valid uuid. warnings.warn(('Invalid uuid: %s. To ensure interoperability, ' [pid: 8|app: 0|req: 861/1735] 10.0.0.26 () {32 vars in 716 bytes} [Sat Aug 15 03:57:17 2026] GET /v2.0/ports/60882ff7-b0a2-4d9b-b443-82f1beacc1be => generated 941 bytes in 58 msecs (HTTP/1.1 200) 4 headers in 157 bytes (1 switches on core 0) [pid: 8|app: 0|req: 862/1736] 10.0.0.26 () {32 vars in 716 bytes} [Sat Aug 15 03:57:17 2026] GET /v2.0/ports/60882ff7-b0a2-4d9b-b443-82f1beacc1be => generated 941 bytes in 30 msecs (HTTP/1.1 200) 4 headers in 157 bytes (1 switches on core 0)
2026-08-15 03:57:18.439 7 INFO neutron.db.ovn_revision_numbers_db [None req-bc8758f5-9e76-457e-9ce0-2e26adf8d538 - - - - - -] Successfully bumped revision number for resource 60882ff7-b0a2-4d9b-b443-82f1beacc1be (type: ports) to 2
2026-08-15 03:57:18.589 7 INFO neutron_taas.services.taas.taas_plugin [None req-daec4944-d991-4eb5-8996-dc7f6611ca7f c1eae720b40845519e78826a1cae28de bee2ba101a954a22b55adb01d7f70be9 - - default default] TaaS: Handle Delete Port: 1eaa5549-12d1-4b59-968f-01f840443326
2026-08-15 03:57:18.594 7 INFO neutron_taas.services.taas.tap_mirror_plugin [None req-daec4944-d991-4eb5-8996-dc7f6611ca7f c1eae720b40845519e78826a1cae28de bee2ba101a954a22b55adb01d7f70be9 - - default default] Tap Mirror: Handle Delete Port: 1eaa5549-12d1-4b59-968f-01f840443326
2026-08-15 03:57:18.683 7 INFO neutron.db.ovn_revision_numbers_db [None req-68e762f3-3b36-4d13-a4ab-dc96342fcb3a - - - - - -] Successfully bumped revision number for resource 60882ff7-b0a2-4d9b-b443-82f1beacc1be (type: router_ports) to 2 [pid: 8|app: 0|req: 863/1737] 10.0.0.174 () {34 vars in 990 bytes} [Sat Aug 15 03:57:18 2026] GET /v2.0/ports?device_id=b321f406-ed45-495c-b7b0-397bf9092a57 => generated 12 bytes in 20 msecs (HTTP/1.1 200) 4 headers in 156 bytes (1 switches on core 0) [pid: 8|app: 0|req: 864/1738] 10.0.0.174 () {34 vars in 990 bytes} [Sat Aug 15 03:57:18 2026] GET /v2.0/ports?device_id=d00123a5-aabe-4ed4-befd-26a06a9294b4 => generated 12 bytes in 26 msecs (HTTP/1.1 200) 4 headers in 156 bytes (1 switches on core 0) [pid: 8|app: 0|req: 865/1739] 10.0.0.26 () {32 vars in 716 bytes} [Sat Aug 15 03:57:19 2026] GET /v2.0/ports/60882ff7-b0a2-4d9b-b443-82f1beacc1be => generated 943 bytes in 39 msecs (HTTP/1.1 200) 4 headers in 157 bytes (1 switches on core 0)
2026-08-15 03:57:19.332 8 INFO neutron_taas.services.taas.taas_plugin [None req-4f391eee-0a84-469f-a7a5-b248c141087a 22517e8e917e4c6c9afdbd4d9d75273f 057e2e4a6f804358b6a451a20c37fc3c - - default default] TaaS: Handle Delete Port: 60882ff7-b0a2-4d9b-b443-82f1beacc1be
2026-08-15 03:57:19.336 8 INFO neutron_taas.services.taas.tap_mirror_plugin [None req-4f391eee-0a84-469f-a7a5-b248c141087a 22517e8e917e4c6c9afdbd4d9d75273f 057e2e4a6f804358b6a451a20c37fc3c - - default default] Tap Mirror: Handle Delete Port: 60882ff7-b0a2-4d9b-b443-82f1beacc1be [pid: 7|app: 0|req: 875/1740] 10.0.0.26 () {32 vars in 723 bytes} [Sat Aug 15 03:57:17 2026] DELETE /v2.0/routers/38ce84e8-504a-4f90-bcb0-796d58ecd536 => generated 0 bytes in 1843 msecs (HTTP/1.1 204) 2 headers in 112 bytes (1 switches on core 0) [pid: 8|app: 0|req: 866/1741] 10.0.0.26 () {34 vars in 788 bytes} [Sat Aug 15 03:57:19 2026] PUT /v2.0/routers/ef3b78ed-3411-4332-ad90-44da5b59d969/remove_router_interface => generated 309 bytes in 641 msecs (HTTP/1.1 200) 4 headers in 157 bytes (1 switches on core 0) /var/lib/openstack/lib/python3.12/site-packages/pycadf/identifier.py:70: UserWarning: Invalid uuid: neutron. To ensure interoperability, identifiers should be a valid uuid. warnings.warn(('Invalid uuid: %s. To ensure interoperability, ' [pid: 7|app: 0|req: 876/1742] 10.0.0.26 () {32 vars in 723 bytes} [Sat Aug 15 03:57:19 2026] DELETE /v2.0/subnets/2a5acf65-42f0-404b-aa54-ad5b5b6e93b6 => generated 0 bytes in 142 msecs (HTTP/1.1 204) 3 headers in 131 bytes (1 switches on core 0) [pid: 8|app: 0|req: 867/1743] 10.0.0.26 () {32 vars in 716 bytes} [Sat Aug 15 03:57:19 2026] GET /v2.0/ports/0164485e-1b97-4a9d-9f00-459f6a296e62 => generated 943 bytes in 79 msecs (HTTP/1.1 200) 4 headers in 157 bytes (1 switches on core 0)
2026-08-15 03:57:19.875 7 INFO neutron_taas.services.taas.taas_plugin [None req-93463e4c-9af2-4bd8-a4b0-1c3747296b51 c1eae720b40845519e78826a1cae28de bee2ba101a954a22b55adb01d7f70be9 - - default default] TaaS: Handle Delete Port: f0f5901b-8622-48e2-a9a4-86f6c9ee30a6
2026-08-15 03:57:19.878 7 INFO neutron_taas.services.taas.tap_mirror_plugin [None req-93463e4c-9af2-4bd8-a4b0-1c3747296b51 c1eae720b40845519e78826a1cae28de bee2ba101a954a22b55adb01d7f70be9 - - default default] Tap Mirror: Handle Delete Port: f0f5901b-8622-48e2-a9a4-86f6c9ee30a6
2026-08-15 03:57:20.070 7 INFO neutron.services.segments.plugin [-] Segment cd6e8062-9cd3-4b37-bef9-0600cf2b3133 resource provider aggregate not found
2026-08-15 03:57:20.075 7 INFO neutron.services.segments.plugin [-] Segment cd6e8062-9cd3-4b37-bef9-0600cf2b3133 resource provider aggregate not found
2026-08-15 03:57:20.088 7 INFO neutron.services.segments.plugin [-] Client error retrieving segment cd6e8062-9cd3-4b37-bef9-0600cf2b3133 resource provider; error: Placement Client Error (4xx): {"errors": [{"status": 404, "title": "Not Found", "detail": "The resource could not be found.\n\n No resource provider with uuid cd6e8062-9cd3-4b37-bef9-0600cf2b3133 found for delete ", "request_id": "req-426a0b81-5d49-48d4-b2cf-9cb663878106"}]}
2026-08-15 03:57:20.100 7 INFO neutron.services.segments.plugin [-] Client error retrieving segment cd6e8062-9cd3-4b37-bef9-0600cf2b3133 resource provider; error: Placement Client Error (4xx): {"errors": [{"status": 404, "title": "Not Found", "detail": "The resource could not be found.\n\n No resource provider with uuid cd6e8062-9cd3-4b37-bef9-0600cf2b3133 found for delete ", "request_id": "req-177b1ddf-697f-45c7-ae35-ac118233b493"}]} [pid: 7|app: 0|req: 877/1744] 10.0.0.26 () {32 vars in 725 bytes} [Sat Aug 15 03:57:19 2026] DELETE /v2.0/networks/54f4af3c-72e3-4583-b672-1d45bdf37dc5 => generated 0 bytes in 353 msecs (HTTP/1.1 204) 3 headers in 131 bytes (1 switches on core 0) [pid: 7|app: 0|req: 878/1745] 10.0.0.174 () {34 vars in 990 bytes} [Sat Aug 15 03:57:20 2026] GET /v2.0/ports?device_id=b321f406-ed45-495c-b7b0-397bf9092a57 => generated 12 bytes in 25 msecs (HTTP/1.1 200) 4 headers in 156 bytes (1 switches on core 0)
2026-08-15 03:57:20.142 8 INFO neutron_taas.services.taas.taas_plugin [None req-0ad087dd-d350-4377-a71e-31a2855b7ae4 22517e8e917e4c6c9afdbd4d9d75273f 057e2e4a6f804358b6a451a20c37fc3c - - default default] TaaS: Handle Delete Port: 0164485e-1b97-4a9d-9f00-459f6a296e62
2026-08-15 03:57:20.147 8 INFO neutron_taas.services.taas.tap_mirror_plugin [None req-0ad087dd-d350-4377-a71e-31a2855b7ae4 22517e8e917e4c6c9afdbd4d9d75273f 057e2e4a6f804358b6a451a20c37fc3c - - default default] Tap Mirror: Handle Delete Port: 0164485e-1b97-4a9d-9f00-459f6a296e62 [pid: 7|app: 0|req: 879/1746] 10.0.0.26 () {32 vars in 739 bytes} [Sat Aug 15 03:57:20 2026] DELETE /v2.0/security-groups/fae467a3-278b-421f-b072-0c0844763f28 => generated 0 bytes in 140 msecs (HTTP/1.1 204) 2 headers in 112 bytes (1 switches on core 0) [pid: 7|app: 0|req: 880/1747] 10.0.0.26 () {32 vars in 773 bytes} [Sat Aug 15 03:57:20 2026] GET /v2.0/security-groups?tenant_id=b60c4b5927274819928c6278da7dc617&name=default => generated 2925 bytes in 23 msecs (HTTP/1.1 200) 4 headers in 158 bytes (1 switches on core 0)
2026-08-15 03:57:20.315 7 INFO neutron.api.v2.resource [None req-43252f99-80a3-4c28-976c-b3e6b0a65287 6e5dd1a333cc40d5ae92f31e10916ff1 fc3dc3cc4fbe4f08aa4a4b5ba7331a99 - - default default] show failed (client error): The resource could not be found. [pid: 7|app: 0|req: 881/1748] 10.0.0.26 () {32 vars in 736 bytes} [Sat Aug 15 03:57:20 2026] GET /v2.0/security-groups/fae467a3-278b-421f-b072-0c0844763f28 => generated 146 bytes in 12 msecs (HTTP/1.1 404) 4 headers in 164 bytes (1 switches on core 0) [pid: 8|app: 0|req: 868/1749] 10.0.0.26 () {34 vars in 788 bytes} [Sat Aug 15 03:57:19 2026] PUT /v2.0/routers/ef3b78ed-3411-4332-ad90-44da5b59d969/remove_router_interface => generated 309 bytes in 687 msecs (HTTP/1.1 200) 4 headers in 157 bytes (1 switches on core 0) /var/lib/openstack/lib/python3.12/site-packages/pycadf/identifier.py:70: UserWarning: Invalid uuid: neutron. To ensure interoperability, identifiers should be a valid uuid. warnings.warn(('Invalid uuid: %s. To ensure interoperability, ' [pid: 7|app: 0|req: 882/1750] 10.0.0.26 () {32 vars in 739 bytes} [Sat Aug 15 03:57:20 2026] DELETE /v2.0/security-groups/fe3df64e-4902-41c2-b7b3-6e54fb73df08 => generated 0 bytes in 215 msecs (HTTP/1.1 204) 2 headers in 112 bytes (1 switches on core 0) [pid: 7|app: 0|req: 883/1751] 10.0.0.26 () {32 vars in 735 bytes} [Sat Aug 15 03:57:20 2026] GET /v2.0/ports?device_id=ef3b78ed-3411-4332-ad90-44da5b59d969 => generated 12 bytes in 17 msecs (HTTP/1.1 200) 4 headers in 156 bytes (1 switches on core 0)
2026-08-15 03:57:20.612 8 INFO neutron_taas.services.taas.taas_plugin [None req-1b756640-9c04-44a2-ac03-27f0914fef3f 6e5dd1a333cc40d5ae92f31e10916ff1 fc3dc3cc4fbe4f08aa4a4b5ba7331a99 - - default default] TaaS: Handle Delete Port: 650cf28b-e2dc-401a-8c38-4cc46c43b4ae
2026-08-15 03:57:20.616 8 INFO neutron_taas.services.taas.tap_mirror_plugin [None req-1b756640-9c04-44a2-ac03-27f0914fef3f 6e5dd1a333cc40d5ae92f31e10916ff1 fc3dc3cc4fbe4f08aa4a4b5ba7331a99 - - default default] Tap Mirror: Handle Delete Port: 650cf28b-e2dc-401a-8c38-4cc46c43b4ae [pid: 7|app: 0|req: 884/1752] 10.0.0.26 () {32 vars in 723 bytes} [Sat Aug 15 03:57:20 2026] DELETE /v2.0/routers/ef3b78ed-3411-4332-ad90-44da5b59d969 => generated 0 bytes in 192 msecs (HTTP/1.1 204) 2 headers in 112 bytes (1 switches on core 0) [pid: 8|app: 0|req: 869/1753] 10.0.0.26 () {32 vars in 731 bytes} [Sat Aug 15 03:57:20 2026] DELETE /v2.0/floatingips/31610008-6b96-4481-8290-7c8f020acfa9 => generated 0 bytes in 321 msecs (HTTP/1.1 204) 2 headers in 112 bytes (1 switches on core 0) [pid: 7|app: 0|req: 885/1754] 10.0.0.26 () {32 vars in 723 bytes} [Sat Aug 15 03:57:20 2026] DELETE /v2.0/subnets/fd4fa819-7ee9-40aa-adc2-debf23fb2d19 => generated 0 bytes in 126 msecs (HTTP/1.1 204) 3 headers in 131 bytes (1 switches on core 0) [pid: 7|app: 0|req: 886/1755] 10.0.0.26 () {32 vars in 723 bytes} [Sat Aug 15 03:57:20 2026] DELETE /v2.0/subnets/d73cf21a-b08f-434b-bd63-1ba05c1721b0 => generated 0 bytes in 170 msecs (HTTP/1.1 204) 3 headers in 131 bytes (1 switches on core 0)
2026-08-15 03:57:21.110 8 INFO neutron_taas.services.taas.taas_plugin [None req-9dd12815-f8a3-4e5b-90ce-66c16bff82c2 c1eae720b40845519e78826a1cae28de bee2ba101a954a22b55adb01d7f70be9 - - default default] TaaS: Handle Delete Port: 1a53f9d0-367d-4909-8ca0-a949d883e4b2
2026-08-15 03:57:21.117 8 INFO neutron_taas.services.taas.tap_mirror_plugin [None req-9dd12815-f8a3-4e5b-90ce-66c16bff82c2 c1eae720b40845519e78826a1cae28de bee2ba101a954a22b55adb01d7f70be9 - - default default] Tap Mirror: Handle Delete Port: 1a53f9d0-367d-4909-8ca0-a949d883e4b2
2026-08-15 03:57:21.195 7 INFO neutron_taas.services.taas.taas_plugin [None req-b5d7f11a-d36e-4029-80b2-f1af38566a25 22517e8e917e4c6c9afdbd4d9d75273f 057e2e4a6f804358b6a451a20c37fc3c - - default default] TaaS: Handle Delete Port: 8031042d-471b-4527-b30b-1fb882e8811a
2026-08-15 03:57:21.200 7 INFO neutron_taas.services.taas.tap_mirror_plugin [None req-b5d7f11a-d36e-4029-80b2-f1af38566a25 22517e8e917e4c6c9afdbd4d9d75273f 057e2e4a6f804358b6a451a20c37fc3c - - default default] Tap Mirror: Handle Delete Port: 8031042d-471b-4527-b30b-1fb882e8811a [pid: 7|app: 0|req: 887/1756] 10.0.0.26 () {32 vars in 725 bytes} [Sat Aug 15 03:57:21 2026] DELETE /v2.0/networks/2fdbe3e7-18a2-45d6-b214-ac88078c1d5e => generated 0 bytes in 400 msecs (HTTP/1.1 204) 3 headers in 131 bytes (1 switches on core 0) [pid: 7|app: 0|req: 888/1757] 10.0.0.26 () {32 vars in 739 bytes} [Sat Aug 15 03:57:21 2026] DELETE /v2.0/security-groups/4a245745-8b91-4a1d-a120-2db0fe2fb824 => generated 0 bytes in 141 msecs (HTTP/1.1 204) 2 headers in 112 bytes (1 switches on core 0)
2026-08-15 03:57:21.719 7 INFO neutron_taas.services.taas.taas_plugin [None req-9ba18cb0-6582-498d-9f04-610c966bf61b 22517e8e917e4c6c9afdbd4d9d75273f 057e2e4a6f804358b6a451a20c37fc3c - - default default] TaaS: Handle Delete Port: 1e5515eb-3495-40fe-8268-4346a34907b7
2026-08-15 03:57:21.722 7 INFO neutron_taas.services.taas.tap_mirror_plugin [None req-9ba18cb0-6582-498d-9f04-610c966bf61b 22517e8e917e4c6c9afdbd4d9d75273f 057e2e4a6f804358b6a451a20c37fc3c - - default default] Tap Mirror: Handle Delete Port: 1e5515eb-3495-40fe-8268-4346a34907b7 [pid: 8|app: 0|req: 870/1758] 10.0.0.26 () {34 vars in 788 bytes} [Sat Aug 15 03:57:20 2026] PUT /v2.0/routers/fe306c92-449c-419b-af63-04f49177ac1f/remove_router_interface => generated 309 bytes in 1072 msecs (HTTP/1.1 200) 4 headers in 157 bytes (1 switches on core 0) /var/lib/openstack/lib/python3.12/site-packages/pycadf/identifier.py:70: UserWarning: Invalid uuid: neutron. To ensure interoperability, identifiers should be a valid uuid. warnings.warn(('Invalid uuid: %s. To ensure interoperability, '
2026-08-15 03:57:21.891 8 INFO neutron.api.v2.resource [None req-adcf008b-52d5-4290-bdbe-4544312d4bc5 e0310eaf1bb743b8999cbccc68790a8c 1b5ace84aaa149e683e07422b4ae9281 - - default default] show failed (client error): The resource could not be found. [pid: 8|app: 0|req: 871/1759] 10.0.0.26 () {32 vars in 736 bytes} [Sat Aug 15 03:57:21 2026] GET /v2.0/security-groups/4a245745-8b91-4a1d-a120-2db0fe2fb824 => generated 146 bytes in 16 msecs (HTTP/1.1 404) 4 headers in 164 bytes (1 switches on core 0) [pid: 7|app: 0|req: 889/1760] 10.0.0.26 () {32 vars in 725 bytes} [Sat Aug 15 03:57:21 2026] DELETE /v2.0/networks/5d6a99ea-87f9-483c-8776-aaa00613e845 => generated 0 bytes in 336 msecs (HTTP/1.1 204) 3 headers in 131 bytes (1 switches on core 0)
2026-08-15 03:57:22.055 7 INFO neutron_taas.services.taas.taas_plugin [None req-4019fbf9-2986-4030-a666-db4cc4e4ce90 e0310eaf1bb743b8999cbccc68790a8c 1b5ace84aaa149e683e07422b4ae9281 - - default default] TaaS: Handle Delete Port: 0d9204de-4206-42f6-9b3c-390f9efadca2
2026-08-15 03:57:22.057 7 INFO neutron_taas.services.taas.tap_mirror_plugin [None req-4019fbf9-2986-4030-a666-db4cc4e4ce90 e0310eaf1bb743b8999cbccc68790a8c 1b5ace84aaa149e683e07422b4ae9281 - - default default] Tap Mirror: Handle Delete Port: 0d9204de-4206-42f6-9b3c-390f9efadca2
2026-08-15 03:57:22.121 7 INFO neutron.services.segments.plugin [-] Segment 7b56056e-f0bd-4401-8774-7012e8505197 resource provider aggregate not found
2026-08-15 03:57:22.126 7 INFO neutron.services.segments.plugin [-] Segment 7b56056e-f0bd-4401-8774-7012e8505197 resource provider aggregate not found
2026-08-15 03:57:22.144 7 INFO neutron.services.segments.plugin [-] Client error retrieving segment 7b56056e-f0bd-4401-8774-7012e8505197 resource provider; error: Placement Client Error (4xx): {"errors": [{"status": 404, "title": "Not Found", "detail": "The resource could not be found.\n\n No resource provider with uuid 7b56056e-f0bd-4401-8774-7012e8505197 found for delete ", "request_id": "req-f50e95fd-6598-4842-8a56-a4bbbf5e1bc9"}]}
2026-08-15 03:57:22.148 7 INFO neutron.services.segments.plugin [-] Client error retrieving segment 7b56056e-f0bd-4401-8774-7012e8505197 resource provider; error: Placement Client Error (4xx): {"errors": [{"status": 404, "title": "Not Found", "detail": "The resource could not be found.\n\n No resource provider with uuid 7b56056e-f0bd-4401-8774-7012e8505197 found for delete ", "request_id": "req-0d18f471-65fa-4f7c-8fbc-e2817db6eaf3"}]}
2026-08-15 03:57:22.166 7 INFO neutron.services.segments.plugin [-] Segment 4da7a412-faf8-438a-9ce7-ccce1639de08 resource provider aggregate not found
2026-08-15 03:57:22.172 7 INFO neutron.services.segments.plugin [-] Segment 4da7a412-faf8-438a-9ce7-ccce1639de08 resource provider aggregate not found
2026-08-15 03:57:22.196 7 INFO neutron.services.segments.plugin [-] Client error retrieving segment 4da7a412-faf8-438a-9ce7-ccce1639de08 resource provider; error: Placement Client Error (4xx): {"errors": [{"status": 404, "title": "Not Found", "detail": "The resource could not be found.\n\n No resource provider with uuid 4da7a412-faf8-438a-9ce7-ccce1639de08 found for delete ", "request_id": "req-e2bb14ff-7bb8-422f-b6cc-47bf8fb236eb"}]}
2026-08-15 03:57:22.199 7 INFO neutron.services.segments.plugin [-] Client error retrieving segment 4da7a412-faf8-438a-9ce7-ccce1639de08 resource provider; error: Placement Client Error (4xx): {"errors": [{"status": 404, "title": "Not Found", "detail": "The resource could not be found.\n\n No resource provider with uuid 4da7a412-faf8-438a-9ce7-ccce1639de08 found for delete ", "request_id": "req-1921c2b9-8028-41dd-b7c9-7c7f07a88922"}]} [pid: 7|app: 0|req: 890/1761] 10.0.0.26 () {32 vars in 731 bytes} [Sat Aug 15 03:57:21 2026] DELETE /v2.0/floatingips/90a76523-3bc4-4de1-8f5c-317fccc1abcb => generated 0 bytes in 306 msecs (HTTP/1.1 204) 2 headers in 112 bytes (1 switches on core 0)
2026-08-15 03:57:22.303 8 INFO neutron_taas.services.taas.taas_plugin [None req-d96f5b20-33c5-4c93-a401-fcadf89e6e32 c1eae720b40845519e78826a1cae28de bee2ba101a954a22b55adb01d7f70be9 - - default default] TaaS: Handle Delete Port: c070d928-e1c8-4f11-a403-f6302879ae57
2026-08-15 03:57:22.306 8 INFO neutron_taas.services.taas.tap_mirror_plugin [None req-d96f5b20-33c5-4c93-a401-fcadf89e6e32 c1eae720b40845519e78826a1cae28de bee2ba101a954a22b55adb01d7f70be9 - - default default] Tap Mirror: Handle Delete Port: c070d928-e1c8-4f11-a403-f6302879ae57
2026-08-15 03:57:22.332 7 INFO neutron.db.segments_db [None req-bad6b19b-bc24-4e08-ab5d-4f03a5d926b9 22517e8e917e4c6c9afdbd4d9d75273f 057e2e4a6f804358b6a451a20c37fc3c - - default default] Added segment 6c2e8190-1016-4688-9c5f-ce8a3c915eaa of type geneve for network c5dfa630-216f-4401-819e-6c611e4863ac
2026-08-15 03:57:22.418 7 INFO neutron.db.ovn_revision_numbers_db [None req-bad6b19b-bc24-4e08-ab5d-4f03a5d926b9 22517e8e917e4c6c9afdbd4d9d75273f 057e2e4a6f804358b6a451a20c37fc3c - - default default] Successfully bumped revision number for resource c5dfa630-216f-4401-819e-6c611e4863ac (type: networks) to 1
2026-08-15 03:57:22.610 7 WARNING neutron.scheduler.dhcp_agent_scheduler [None req-bad6b19b-bc24-4e08-ab5d-4f03a5d926b9 22517e8e917e4c6c9afdbd4d9d75273f 057e2e4a6f804358b6a451a20c37fc3c - - default default] No more DHCP agents
2026-08-15 03:57:22.612 7 WARNING neutron.api.rpc.agentnotifiers.dhcp_rpc_agent_api [None req-bad6b19b-bc24-4e08-ab5d-4f03a5d926b9 22517e8e917e4c6c9afdbd4d9d75273f 057e2e4a6f804358b6a451a20c37fc3c - - default default] Unable to schedule network c5dfa630-216f-4401-819e-6c611e4863ac: no agents available; will retry on subsequent port and subnet creation events.
2026-08-15 03:57:22.668 7 INFO neutron.plugins.ml2.drivers.ovn.mech_driver.mech_driver [None req-68e762f3-3b36-4d13-a4ab-dc96342fcb3a - - - - - -] OVN reports status down for port: 6082a154-6f38-4a55-a770-6794f4cf933a
2026-08-15 03:57:22.729 7 INFO neutron.db.ovn_revision_numbers_db [None req-bad6b19b-bc24-4e08-ab5d-4f03a5d926b9 22517e8e917e4c6c9afdbd4d9d75273f 057e2e4a6f804358b6a451a20c37fc3c - - default default] Successfully bumped revision number for resource 6082a154-6f38-4a55-a770-6794f4cf933a (type: ports) to 1 [pid: 7|app: 0|req: 891/1762] 10.0.0.26 () {34 vars in 669 bytes} [Sat Aug 15 03:57:22 2026] POST /v2.0/networks => generated 630 bytes in 549 msecs (HTTP/1.1 201) 4 headers in 162 bytes (1 switches on core 0) [pid: 7|app: 0|req: 892/1763] 10.0.0.26 () {32 vars in 739 bytes} [Sat Aug 15 03:57:22 2026] DELETE /v2.0/security-groups/c2e1a1b3-110f-4ba0-80d0-48f1c37d0c52 => generated 0 bytes in 192 msecs (HTTP/1.1 204) 2 headers in 112 bytes (1 switches on core 0)
2026-08-15 03:57:23.161 7 WARNING neutron.scheduler.dhcp_agent_scheduler [None req-5e5e0226-d99b-4d85-b237-7c177f4f5235 22517e8e917e4c6c9afdbd4d9d75273f 057e2e4a6f804358b6a451a20c37fc3c - - default default] No more DHCP agents
2026-08-15 03:57:23.162 7 WARNING neutron.api.rpc.agentnotifiers.dhcp_rpc_agent_api [None req-5e5e0226-d99b-4d85-b237-7c177f4f5235 22517e8e917e4c6c9afdbd4d9d75273f 057e2e4a6f804358b6a451a20c37fc3c - - default default] Unable to schedule network c5dfa630-216f-4401-819e-6c611e4863ac: no agents available; will retry on subsequent port and subnet creation events. [pid: 8|app: 0|req: 872/1764] 10.0.0.26 () {32 vars in 723 bytes} [Sat Aug 15 03:57:21 2026] DELETE /v2.0/routers/fe306c92-449c-419b-af63-04f49177ac1f => generated 0 bytes in 1348 msecs (HTTP/1.1 204) 2 headers in 112 bytes (1 switches on core 0)
2026-08-15 03:57:23.504 8 INFO neutron_taas.services.taas.taas_plugin [None req-bb9cd2fb-2b7a-46ad-b86f-0384da44376a c1eae720b40845519e78826a1cae28de bee2ba101a954a22b55adb01d7f70be9 - - default default] TaaS: Handle Delete Port: f443ed50-0645-4109-b375-15177ca94e2d
2026-08-15 03:57:23.509 8 INFO neutron_taas.services.taas.tap_mirror_plugin [None req-bb9cd2fb-2b7a-46ad-b86f-0384da44376a c1eae720b40845519e78826a1cae28de bee2ba101a954a22b55adb01d7f70be9 - - default default] Tap Mirror: Handle Delete Port: f443ed50-0645-4109-b375-15177ca94e2d
2026-08-15 03:57:23.621 7 INFO neutron.db.ovn_revision_numbers_db [None req-d3168a5e-196e-4d1a-bd8f-5a1a9e06f281 - - - - - -] Successfully bumped revision number for resource 6082a154-6f38-4a55-a770-6794f4cf933a (type: ports) to 2
2026-08-15 03:57:23.648 7 INFO neutron.db.ovn_revision_numbers_db [None req-d3168a5e-196e-4d1a-bd8f-5a1a9e06f281 - - - - - -] Successfully bumped revision number for resource 0da9e5f2-0641-473e-bc8b-28938484906c (type: subnets) to 0 [pid: 7|app: 0|req: 893/1765] 10.0.0.26 () {34 vars in 668 bytes} [Sat Aug 15 03:57:22 2026] POST /v2.0/subnets => generated 626 bytes in 682 msecs (HTTP/1.1 201) 4 headers in 162 bytes (1 switches on core 0) [pid: 7|app: 0|req: 894/1766] 10.0.0.26 () {32 vars in 723 bytes} [Sat Aug 15 03:57:23 2026] DELETE /v2.0/subnets/abf8d768-144d-42a8-8700-571c25f69117 => generated 0 bytes in 177 msecs (HTTP/1.1 204) 3 headers in 131 bytes (1 switches on core 0)
2026-08-15 03:57:23.958 7 INFO neutron.db.ovn_revision_numbers_db [None req-b1aba8cb-2954-4361-b6a4-ef7a1e99d476 22517e8e917e4c6c9afdbd4d9d75273f 057e2e4a6f804358b6a451a20c37fc3c - - default default] Successfully bumped revision number for resource 253310e7-b136-452f-a27d-5eb5843e44ff (type: routers) to 1 [pid: 7|app: 0|req: 895/1767] 10.0.0.26 () {34 vars in 668 bytes} [Sat Aug 15 03:57:23 2026] POST /v2.0/routers => generated 603 bytes in 132 msecs (HTTP/1.1 201) 4 headers in 162 bytes (1 switches on core 0)
2026-08-15 03:57:24.119 7 INFO neutron_taas.services.taas.taas_plugin [None req-af290dc1-d634-4e64-833b-26ce407cdf1c c1eae720b40845519e78826a1cae28de bee2ba101a954a22b55adb01d7f70be9 - - default default] TaaS: Handle Delete Port: 9fac8821-ea94-4927-b549-952e20fd8ea9
2026-08-15 03:57:24.122 7 INFO neutron_taas.services.taas.tap_mirror_plugin [None req-af290dc1-d634-4e64-833b-26ce407cdf1c c1eae720b40845519e78826a1cae28de bee2ba101a954a22b55adb01d7f70be9 - - default default] Tap Mirror: Handle Delete Port: 9fac8821-ea94-4927-b549-952e20fd8ea9 [pid: 8|app: 0|req: 873/1768] 10.0.0.26 () {34 vars in 788 bytes} [Sat Aug 15 03:57:23 2026] PUT /v2.0/routers/890e5f15-cd63-42ed-b0e1-0f8a2af07ec7/remove_router_interface => generated 309 bytes in 955 msecs (HTTP/1.1 200) 4 headers in 157 bytes (1 switches on core 0) /var/lib/openstack/lib/python3.12/site-packages/pycadf/identifier.py:70: UserWarning: Invalid uuid: neutron. To ensure interoperability, identifiers should be a valid uuid. warnings.warn(('Invalid uuid: %s. To ensure interoperability, '
2026-08-15 03:57:24.306 7 INFO neutron.services.segments.plugin [-] Segment 74c42142-245b-4495-b804-a1c8b8b799c2 resource provider aggregate not found
2026-08-15 03:57:24.313 7 INFO neutron.services.segments.plugin [-] Segment 74c42142-245b-4495-b804-a1c8b8b799c2 resource provider aggregate not found
2026-08-15 03:57:24.327 7 INFO neutron.services.segments.plugin [-] Client error retrieving segment 74c42142-245b-4495-b804-a1c8b8b799c2 resource provider; error: Placement Client Error (4xx): {"errors": [{"status": 404, "title": "Not Found", "detail": "The resource could not be found.\n\n No resource provider with uuid 74c42142-245b-4495-b804-a1c8b8b799c2 found for delete ", "request_id": "req-6c621c5e-ccc2-47b1-a1e6-c3f46567839d"}]}
2026-08-15 03:57:24.329 7 INFO neutron.services.segments.plugin [-] Client error retrieving segment 74c42142-245b-4495-b804-a1c8b8b799c2 resource provider; error: Placement Client Error (4xx): {"errors": [{"status": 404, "title": "Not Found", "detail": "The resource could not be found.\n\n No resource provider with uuid 74c42142-245b-4495-b804-a1c8b8b799c2 found for delete ", "request_id": "req-441e8ab7-595e-4760-ab2e-63587d7b51e0"}]} [pid: 7|app: 0|req: 896/1769] 10.0.0.26 () {32 vars in 725 bytes} [Sat Aug 15 03:57:23 2026] DELETE /v2.0/networks/864ac558-4d0d-4a74-bfcc-608b02996d0d => generated 0 bytes in 376 msecs (HTTP/1.1 204) 3 headers in 131 bytes (1 switches on core 0)
2026-08-15 03:57:24.515 8 WARNING neutron.scheduler.dhcp_agent_scheduler [None req-170bc3d3-98c8-4095-8c1e-cc53a8290514 22517e8e917e4c6c9afdbd4d9d75273f 057e2e4a6f804358b6a451a20c37fc3c - - default default] No more DHCP agents
2026-08-15 03:57:24.516 8 WARNING neutron.api.rpc.agentnotifiers.dhcp_rpc_agent_api [None req-170bc3d3-98c8-4095-8c1e-cc53a8290514 22517e8e917e4c6c9afdbd4d9d75273f 057e2e4a6f804358b6a451a20c37fc3c - - default default] Unable to schedule network c5dfa630-216f-4401-819e-6c611e4863ac: no agents available; will retry on subsequent port and subnet creation events.
2026-08-15 03:57:24.636 8 INFO neutron.plugins.ml2.drivers.ovn.mech_driver.mech_driver [None req-9aefd7a3-85a6-4f80-b799-d1a618fd1905 - - - - - -] OVN reports status down for port: 682eee46-8814-4800-b053-cc1f7203fc54
2026-08-15 03:57:24.692 8 INFO neutron.db.ovn_revision_numbers_db [None req-170bc3d3-98c8-4095-8c1e-cc53a8290514 22517e8e917e4c6c9afdbd4d9d75273f 057e2e4a6f804358b6a451a20c37fc3c - - default default] Successfully bumped revision number for resource 682eee46-8814-4800-b053-cc1f7203fc54 (type: ports) to 1
2026-08-15 03:57:24.719 7 INFO neutron_taas.services.taas.taas_plugin [None req-5ed7c51c-82ec-49e3-875d-300754382ff3 c1eae720b40845519e78826a1cae28de bee2ba101a954a22b55adb01d7f70be9 - - default default] TaaS: Handle Delete Port: e01c508a-f38a-4a24-acae-b5c3ce6765af
2026-08-15 03:57:24.722 7 INFO neutron_taas.services.taas.tap_mirror_plugin [None req-5ed7c51c-82ec-49e3-875d-300754382ff3 c1eae720b40845519e78826a1cae28de bee2ba101a954a22b55adb01d7f70be9 - - default default] Tap Mirror: Handle Delete Port: e01c508a-f38a-4a24-acae-b5c3ce6765af [pid: 8|app: 0|req: 874/1770] 10.0.0.26 () {34 vars in 664 bytes} [Sat Aug 15 03:57:24 2026] POST /v2.0/ports => generated 948 bytes in 579 msecs (HTTP/1.1 201) 4 headers in 162 bytes (1 switches on core 0) /var/lib/openstack/lib/python3.12/site-packages/pycadf/identifier.py:70: UserWarning: Invalid uuid: neutron. To ensure interoperability, identifiers should be a valid uuid. warnings.warn(('Invalid uuid: %s. To ensure interoperability, ' [pid: 8|app: 0|req: 875/1771] 10.0.0.26 () {32 vars in 773 bytes} [Sat Aug 15 03:57:24 2026] GET /v2.0/security-groups?tenant_id=fc3dc3cc4fbe4f08aa4a4b5ba7331a99&name=default => generated 2925 bytes in 30 msecs (HTTP/1.1 200) 4 headers in 158 bytes (1 switches on core 0)
2026-08-15 03:57:25.312 8 INFO neutron.plugins.ml2.drivers.ovn.mech_driver.mech_driver [None req-9aefd7a3-85a6-4f80-b799-d1a618fd1905 - - - - - -] OVN reports status up for port: 682eee46-8814-4800-b053-cc1f7203fc54
2026-08-15 03:57:25.340 8 INFO neutron.plugins.ml2.plugin [None req-9aefd7a3-85a6-4f80-b799-d1a618fd1905 - - - - - -] Attempt 1 to provision port 682eee46-8814-4800-b053-cc1f7203fc54
2026-08-15 03:57:25.357 8 INFO neutron.db.ovn_revision_numbers_db [None req-7b44844f-2010-4788-bd8b-41ad2e9dc5bb 22517e8e917e4c6c9afdbd4d9d75273f 057e2e4a6f804358b6a451a20c37fc3c - - default default] Successfully bumped revision number for resource 682eee46-8814-4800-b053-cc1f7203fc54 (type: ports) to 2
2026-08-15 03:57:25.880 8 INFO neutron.db.ovn_revision_numbers_db [None req-9aefd7a3-85a6-4f80-b799-d1a618fd1905 - - - - - -] Successfully bumped revision number for resource 682eee46-8814-4800-b053-cc1f7203fc54 (type: ports) to 3 [pid: 7|app: 0|req: 897/1772] 10.0.0.26 () {32 vars in 723 bytes} [Sat Aug 15 03:57:24 2026] DELETE /v2.0/routers/890e5f15-cd63-42ed-b0e1-0f8a2af07ec7 => generated 0 bytes in 1730 msecs (HTTP/1.1 204) 2 headers in 112 bytes (1 switches on core 0) [pid: 7|app: 0|req: 898/1773] 10.0.0.26 () {32 vars in 739 bytes} [Sat Aug 15 03:57:26 2026] DELETE /v2.0/security-groups/ff2f47f0-af9f-4618-b824-89e95cc9625a => generated 0 bytes in 229 msecs (HTTP/1.1 204) 2 headers in 112 bytes (1 switches on core 0)
2026-08-15 03:57:26.338 8 WARNING neutron.scheduler.dhcp_agent_scheduler [None req-7b44844f-2010-4788-bd8b-41ad2e9dc5bb 22517e8e917e4c6c9afdbd4d9d75273f 057e2e4a6f804358b6a451a20c37fc3c - - default default] No more DHCP agents
2026-08-15 03:57:26.340 8 WARNING neutron.api.rpc.agentnotifiers.dhcp_rpc_agent_api [None req-7b44844f-2010-4788-bd8b-41ad2e9dc5bb 22517e8e917e4c6c9afdbd4d9d75273f 057e2e4a6f804358b6a451a20c37fc3c - - default default] Unable to schedule network c5dfa630-216f-4401-819e-6c611e4863ac: no agents available; will retry on subsequent port and subnet creation events. [pid: 7|app: 0|req: 899/1774] 10.0.0.26 () {32 vars in 723 bytes} [Sat Aug 15 03:57:26 2026] DELETE /v2.0/subnets/47ffd761-0026-4b09-9f9c-c452fb986d43 => generated 0 bytes in 129 msecs (HTTP/1.1 204) 3 headers in 131 bytes (1 switches on core 0)
2026-08-15 03:57:26.569 7 INFO neutron_taas.services.taas.taas_plugin [None req-c5e26dbf-5872-4ce9-9fb4-2c56f1428643 c1eae720b40845519e78826a1cae28de bee2ba101a954a22b55adb01d7f70be9 - - default default] TaaS: Handle Delete Port: f7192fd1-fb37-4dfc-b920-53fa2aff33d4
2026-08-15 03:57:26.573 7 INFO neutron_taas.services.taas.tap_mirror_plugin [None req-c5e26dbf-5872-4ce9-9fb4-2c56f1428643 c1eae720b40845519e78826a1cae28de bee2ba101a954a22b55adb01d7f70be9 - - default default] Tap Mirror: Handle Delete Port: f7192fd1-fb37-4dfc-b920-53fa2aff33d4
2026-08-15 03:57:26.585 8 INFO neutron.db.ovn_revision_numbers_db [None req-7b44844f-2010-4788-bd8b-41ad2e9dc5bb 22517e8e917e4c6c9afdbd4d9d75273f 057e2e4a6f804358b6a451a20c37fc3c - - default default] Successfully bumped revision number for resource 682eee46-8814-4800-b053-cc1f7203fc54 (type: router_ports) to 3 [pid: 8|app: 0|req: 876/1775] 10.0.0.26 () {34 vars in 782 bytes} [Sat Aug 15 03:57:24 2026] PUT /v2.0/routers/253310e7-b136-452f-a27d-5eb5843e44ff/add_router_interface => generated 309 bytes in 1800 msecs (HTTP/1.1 200) 4 headers in 157 bytes (1 switches on core 0) /var/lib/openstack/lib/python3.12/site-packages/pycadf/identifier.py:70: UserWarning: Invalid uuid: neutron. To ensure interoperability, identifiers should be a valid uuid. warnings.warn(('Invalid uuid: %s. To ensure interoperability, ' [pid: 8|app: 0|req: 877/1776] 10.0.0.26 () {32 vars in 716 bytes} [Sat Aug 15 03:57:26 2026] GET /v2.0/ports/682eee46-8814-4800-b053-cc1f7203fc54 => generated 1010 bytes in 42 msecs (HTTP/1.1 200) 4 headers in 158 bytes (1 switches on core 0)
2026-08-15 03:57:26.757 7 INFO neutron.services.segments.plugin [-] Segment d8dd0f4e-ab50-4ecf-8cb7-4d0a425e3ebe resource provider aggregate not found
2026-08-15 03:57:26.763 7 INFO neutron.services.segments.plugin [-] Segment d8dd0f4e-ab50-4ecf-8cb7-4d0a425e3ebe resource provider aggregate not found
2026-08-15 03:57:26.780 7 INFO neutron.services.segments.plugin [-] Client error retrieving segment d8dd0f4e-ab50-4ecf-8cb7-4d0a425e3ebe resource provider; error: Placement Client Error (4xx): {"errors": [{"status": 404, "title": "Not Found", "detail": "The resource could not be found.\n\n No resource provider with uuid d8dd0f4e-ab50-4ecf-8cb7-4d0a425e3ebe found for delete ", "request_id": "req-a118c93e-ffe9-4a55-b91c-3b0aa057523b"}]}
2026-08-15 03:57:26.782 7 INFO neutron.services.segments.plugin [-] Client error retrieving segment d8dd0f4e-ab50-4ecf-8cb7-4d0a425e3ebe resource provider; error: Placement Client Error (4xx): {"errors": [{"status": 404, "title": "Not Found", "detail": "The resource could not be found.\n\n No resource provider with uuid d8dd0f4e-ab50-4ecf-8cb7-4d0a425e3ebe found for delete ", "request_id": "req-f892c1c5-0e5a-4abf-814c-3ce54b935379"}]} [pid: 7|app: 0|req: 900/1777] 10.0.0.26 () {32 vars in 725 bytes} [Sat Aug 15 03:57:26 2026] DELETE /v2.0/networks/db10f4ab-fb55-460a-96b8-207735e72a52 => generated 0 bytes in 359 msecs (HTTP/1.1 204) 3 headers in 131 bytes (1 switches on core 0)
2026-08-15 03:57:26.984 8 INFO neutron_taas.services.taas.taas_plugin [None req-80229745-ce5b-41d8-9192-f51cc0fc5ea4 22517e8e917e4c6c9afdbd4d9d75273f 057e2e4a6f804358b6a451a20c37fc3c - - default default] TaaS: Handle Delete Port: 682eee46-8814-4800-b053-cc1f7203fc54
2026-08-15 03:57:26.987 8 INFO neutron_taas.services.taas.tap_mirror_plugin [None req-80229745-ce5b-41d8-9192-f51cc0fc5ea4 22517e8e917e4c6c9afdbd4d9d75273f 057e2e4a6f804358b6a451a20c37fc3c - - default default] Tap Mirror: Handle Delete Port: 682eee46-8814-4800-b053-cc1f7203fc54
2026-08-15 03:57:27.027 7 INFO neutron_taas.services.taas.taas_plugin [None req-6c39bfbc-3f21-406e-937f-127aac46abf0 c1eae720b40845519e78826a1cae28de bee2ba101a954a22b55adb01d7f70be9 - - default default] TaaS: Handle Delete Port: ea8786e2-97a1-4820-922d-edecf8271656
2026-08-15 03:57:27.031 7 INFO neutron_taas.services.taas.tap_mirror_plugin [None req-6c39bfbc-3f21-406e-937f-127aac46abf0 c1eae720b40845519e78826a1cae28de bee2ba101a954a22b55adb01d7f70be9 - - default default] Tap Mirror: Handle Delete Port: ea8786e2-97a1-4820-922d-edecf8271656 [pid: 8|app: 0|req: 878/1778] 10.0.0.26 () {34 vars in 788 bytes} [Sat Aug 15 03:57:26 2026] PUT /v2.0/routers/253310e7-b136-452f-a27d-5eb5843e44ff/remove_router_interface => generated 309 bytes in 661 msecs (HTTP/1.1 200) 4 headers in 157 bytes (1 switches on core 0) /var/lib/openstack/lib/python3.12/site-packages/pycadf/identifier.py:70: UserWarning: Invalid uuid: neutron. To ensure interoperability, identifiers should be a valid uuid. warnings.warn(('Invalid uuid: %s. To ensure interoperability, '
