Jul 22 12:10:36.505789 np0000186176 systemd[1]: Starting devstack@n-api-meta.service - Devstack devstack@n-api-meta.service...
Jul 22 12:10:36.513444 np0000186176 devstack@n-api-meta.service[107305]: [uWSGI] getting INI configuration from /etc/nova/nova-metadata-uwsgi.ini
Jul 22 12:10:36.516907 np0000186176 devstack@n-api-meta.service[107305]: *** Starting uWSGI 2.0.24-debian (64bit) on [Wed Jul 22 12:10:36 2026] ***
Jul 22 12:10:36.516907 np0000186176 devstack@n-api-meta.service[107305]: compiled with version: 13.2.0 on 17 April 2024 16:23:48
Jul 22 12:10:36.516907 np0000186176 devstack@n-api-meta.service[107305]: os: Linux-6.8.0-134-generic #134-Ubuntu SMP PREEMPT_DYNAMIC Fri Jun 26 18:43:11 UTC 2026
Jul 22 12:10:36.516907 np0000186176 devstack@n-api-meta.service[107305]: nodename: np0000186176
Jul 22 12:10:36.516907 np0000186176 devstack@n-api-meta.service[107305]: machine: x86_64
Jul 22 12:10:36.516907 np0000186176 devstack@n-api-meta.service[107305]: clock source: unix
Jul 22 12:10:36.516907 np0000186176 devstack@n-api-meta.service[107305]: pcre jit disabled
Jul 22 12:10:36.516907 np0000186176 devstack@n-api-meta.service[107305]: detected number of CPU cores: 16
Jul 22 12:10:36.516907 np0000186176 devstack@n-api-meta.service[107305]: current working directory: /
Jul 22 12:10:36.516907 np0000186176 devstack@n-api-meta.service[107305]: detected binary path: /usr/bin/uwsgi-core
Jul 22 12:10:36.516907 np0000186176 devstack@n-api-meta.service[107305]: your processes number limit is 256916
Jul 22 12:10:36.516907 np0000186176 devstack@n-api-meta.service[107305]: your memory page size is 4096 bytes
Jul 22 12:10:36.516907 np0000186176 devstack@n-api-meta.service[107305]: detected max file descriptor number: 2048
Jul 22 12:10:36.516907 np0000186176 devstack@n-api-meta.service[107305]: lock engine: pthread robust mutexes
Jul 22 12:10:36.517742 np0000186176 devstack@n-api-meta.service[107305]: thunder lock: enabled
Jul 22 12:10:36.517742 np0000186176 devstack@n-api-meta.service[107305]: uWSGI http bound on 0.0.0.0:8775 fd 5
Jul 22 12:10:36.517742 np0000186176 devstack@n-api-meta.service[107305]: uwsgi socket 0 bound to TCP address 127.0.0.1:46415 (port auto-assigned) fd 4
Jul 22 12:10:36.517742 np0000186176 devstack@n-api-meta.service[107305]: Python version: 3.12.3 (main, Jun 19 2026, 12:46:00) [GCC 13.3.0]
Jul 22 12:10:36.517742 np0000186176 devstack@n-api-meta.service[107305]: PEP 405 virtualenv detected: /opt/stack/data/venv
Jul 22 12:10:36.517742 np0000186176 devstack@n-api-meta.service[107305]: Set PythonHome to /opt/stack/data/venv
Jul 22 12:10:36.554140 np0000186176 devstack@n-api-meta.service[107305]: Python main interpreter initialized at 0x78e00aca4668
Jul 22 12:10:36.554140 np0000186176 devstack@n-api-meta.service[107305]: python threads support enabled
Jul 22 12:10:36.554140 np0000186176 devstack@n-api-meta.service[107305]: your server socket listen backlog is limited to 100 connections
Jul 22 12:10:36.554140 np0000186176 devstack@n-api-meta.service[107305]: your mercy for graceful operations on workers is 80 seconds
Jul 22 12:10:36.554640 np0000186176 devstack@n-api-meta.service[107305]: mapped 671795 bytes (656 KB) for 4 cores
Jul 22 12:10:36.554801 np0000186176 devstack@n-api-meta.service[107305]: *** Operational MODE: preforking ***
Jul 22 12:10:36.555032 np0000186176 devstack@n-api-meta.service[107305]: *** uWSGI is running in multiple interpreter mode ***
Jul 22 12:10:36.555032 np0000186176 devstack@n-api-meta.service[107305]: spawned uWSGI master process (pid: 107305)
Jul 22 12:10:36.555445 np0000186176 systemd[1]: Started devstack@n-api-meta.service - Devstack devstack@n-api-meta.service.
Jul 22 12:10:36.555957 np0000186176 devstack@n-api-meta.service[107305]: spawned uWSGI worker 1 (pid: 107306, cores: 1)
Jul 22 12:10:36.556786 np0000186176 devstack@n-api-meta.service[107305]: spawned uWSGI worker 2 (pid: 107307, cores: 1)
Jul 22 12:10:36.557338 np0000186176 devstack@n-api-meta.service[107305]: spawned uWSGI worker 3 (pid: 107308, cores: 1)
Jul 22 12:10:36.557848 np0000186176 devstack@n-api-meta.service[107305]: spawned uWSGI worker 4 (pid: 107309, cores: 1)
Jul 22 12:10:36.558406 np0000186176 devstack@n-api-meta.service[107305]: spawned uWSGI http 1 (pid: 107310)
Jul 22 12:10:36.558406 np0000186176 devstack@n-api-meta.service[107305]: running "unix_signal:15 gracefully_kill_them_all" (master-start)...
Jul 22 12:10:38.308463 np0000186176 devstack@n-api-meta.service[107309]: INFO dbcounter [None req-dd4470d9-fe32-4c65-a90d-1448287548f4 None None] Registered counter for database nova_api
Jul 22 12:10:38.360028 np0000186176 devstack@n-api-meta.service[107309]: DEBUG oslo_db.sqlalchemy.engines [None req-dd4470d9-fe32-4c65-a90d-1448287548f4 None None] MySQL server mode set to STRICT_TRANS_TABLES,STRICT_ALL_TABLES,NO_ZERO_IN_DATE,NO_ZERO_DATE,ERROR_FOR_DIVISION_BY_ZERO,TRADITIONAL,NO_ENGINE_SUBSTITUTION {{(pid=107309) _check_effective_sql_mode /opt/stack/data/venv/lib/python3.12/site-packages/oslo_db/sqlalchemy/engines.py:325}}
Jul 22 12:10:38.372548 np0000186176 devstack@n-api-meta.service[107306]: INFO dbcounter [None req-3bb3b089-3c0b-4477-a27b-166ffc6a8792 None None] Registered counter for database nova_api
Jul 22 12:10:38.399585 np0000186176 devstack@n-api-meta.service[107309]: DEBUG dbcounter [-] [107309] Writer thread running {{(pid=107309) stat_writer /opt/stack/data/venv/lib/python3.12/site-packages/dbcounter.py:102}}
Jul 22 12:10:38.402305 np0000186176 devstack@n-api-meta.service[107309]: DEBUG nova.context [None req-dd4470d9-fe32-4c65-a90d-1448287548f4 None None] Found 2 cells: 00000000-0000-0000-0000-000000000000(cell0),57dcb1d0-74d5-4792-ab30-5abde4010b5f(cell1) {{(pid=107309) load_cells /opt/stack/nova/nova/context.py:509}}
Jul 22 12:10:38.402614 np0000186176 devstack@n-api-meta.service[107309]: INFO nova.utils [None req-dd4470d9-fe32-4c65-a90d-1448287548f4 None None] The cell worker thread pool MainProcess.cell_worker is initialized
Jul 22 12:10:38.404827 np0000186176 devstack@n-api-meta.service[107309]: DEBUG oslo_concurrency.lockutils [None req-dd4470d9-fe32-4c65-a90d-1448287548f4 None None] Acquiring lock "00000000-0000-0000-0000-000000000000" by "nova.context.set_target_cell..get_or_set_cached_cell_and_set_connections" {{(pid=107309) inner /opt/stack/data/venv/lib/python3.12/site-packages/oslo_concurrency/lockutils.py:512}}
Jul 22 12:10:38.405082 np0000186176 devstack@n-api-meta.service[107309]: DEBUG oslo_concurrency.lockutils [None req-dd4470d9-fe32-4c65-a90d-1448287548f4 None None] Lock "00000000-0000-0000-0000-000000000000" acquired by "nova.context.set_target_cell..get_or_set_cached_cell_and_set_connections" :: waited 0.000s {{(pid=107309) inner /opt/stack/data/venv/lib/python3.12/site-packages/oslo_concurrency/lockutils.py:525}}
Jul 22 12:10:38.405575 np0000186176 devstack@n-api-meta.service[107309]: DEBUG oslo_concurrency.lockutils [None req-dd4470d9-fe32-4c65-a90d-1448287548f4 None None] Lock "00000000-0000-0000-0000-000000000000" "released" by "nova.context.set_target_cell..get_or_set_cached_cell_and_set_connections" :: held 0.000s {{(pid=107309) inner /opt/stack/data/venv/lib/python3.12/site-packages/oslo_concurrency/lockutils.py:544}}
Jul 22 12:10:38.406797 np0000186176 devstack@n-api-meta.service[107309]: DEBUG oslo_concurrency.lockutils [None req-dd4470d9-fe32-4c65-a90d-1448287548f4 None None] Acquiring lock "57dcb1d0-74d5-4792-ab30-5abde4010b5f" by "nova.context.set_target_cell..get_or_set_cached_cell_and_set_connections" {{(pid=107309) inner /opt/stack/data/venv/lib/python3.12/site-packages/oslo_concurrency/lockutils.py:512}}
Jul 22 12:10:38.406958 np0000186176 devstack@n-api-meta.service[107309]: DEBUG oslo_concurrency.lockutils [None req-dd4470d9-fe32-4c65-a90d-1448287548f4 None None] Lock "57dcb1d0-74d5-4792-ab30-5abde4010b5f" acquired by "nova.context.set_target_cell..get_or_set_cached_cell_and_set_connections" :: waited 0.000s {{(pid=107309) inner /opt/stack/data/venv/lib/python3.12/site-packages/oslo_concurrency/lockutils.py:525}}
Jul 22 12:10:38.408278 np0000186176 devstack@n-api-meta.service[107309]: DEBUG oslo_concurrency.lockutils [None req-dd4470d9-fe32-4c65-a90d-1448287548f4 None None] Lock "57dcb1d0-74d5-4792-ab30-5abde4010b5f" "released" by "nova.context.set_target_cell..get_or_set_cached_cell_and_set_connections" :: held 0.001s {{(pid=107309) inner /opt/stack/data/venv/lib/python3.12/site-packages/oslo_concurrency/lockutils.py:544}}
Jul 22 12:10:38.409411 np0000186176 devstack@n-api-meta.service[107308]: INFO dbcounter [None req-41a396ed-c678-4037-a498-812c11434f8a None None] Registered counter for database nova_api
Jul 22 12:10:38.412509 np0000186176 devstack@n-api-meta.service[107309]: INFO dbcounter [None req-dd4470d9-fe32-4c65-a90d-1448287548f4 None None] Registered counter for database nova_cell0
Jul 22 12:10:38.418776 np0000186176 devstack@n-api-meta.service[107309]: INFO dbcounter [None req-dd4470d9-fe32-4c65-a90d-1448287548f4 None None] Registered counter for database nova_cell1
Jul 22 12:10:38.421247 np0000186176 devstack@n-api-meta.service[107306]: DEBUG oslo_db.sqlalchemy.engines [None req-3bb3b089-3c0b-4477-a27b-166ffc6a8792 None None] MySQL server mode set to STRICT_TRANS_TABLES,STRICT_ALL_TABLES,NO_ZERO_IN_DATE,NO_ZERO_DATE,ERROR_FOR_DIVISION_BY_ZERO,TRADITIONAL,NO_ENGINE_SUBSTITUTION {{(pid=107306) _check_effective_sql_mode /opt/stack/data/venv/lib/python3.12/site-packages/oslo_db/sqlalchemy/engines.py:325}}
Jul 22 12:10:38.437132 np0000186176 devstack@n-api-meta.service[107307]: INFO dbcounter [None req-3e59757d-d747-486b-ada3-5714f401cebd None None] Registered counter for database nova_api
Jul 22 12:10:38.455132 np0000186176 devstack@n-api-meta.service[107306]: DEBUG dbcounter [-] [107306] Writer thread running {{(pid=107306) stat_writer /opt/stack/data/venv/lib/python3.12/site-packages/dbcounter.py:102}}
Jul 22 12:10:38.457713 np0000186176 devstack@n-api-meta.service[107306]: DEBUG nova.context [None req-3bb3b089-3c0b-4477-a27b-166ffc6a8792 None None] Found 2 cells: 00000000-0000-0000-0000-000000000000(cell0),57dcb1d0-74d5-4792-ab30-5abde4010b5f(cell1) {{(pid=107306) load_cells /opt/stack/nova/nova/context.py:509}}
Jul 22 12:10:38.457947 np0000186176 devstack@n-api-meta.service[107306]: INFO nova.utils [None req-3bb3b089-3c0b-4477-a27b-166ffc6a8792 None None] The cell worker thread pool MainProcess.cell_worker is initialized
Jul 22 12:10:38.458495 np0000186176 devstack@n-api-meta.service[107308]: DEBUG oslo_db.sqlalchemy.engines [None req-41a396ed-c678-4037-a498-812c11434f8a None None] MySQL server mode set to STRICT_TRANS_TABLES,STRICT_ALL_TABLES,NO_ZERO_IN_DATE,NO_ZERO_DATE,ERROR_FOR_DIVISION_BY_ZERO,TRADITIONAL,NO_ENGINE_SUBSTITUTION {{(pid=107308) _check_effective_sql_mode /opt/stack/data/venv/lib/python3.12/site-packages/oslo_db/sqlalchemy/engines.py:325}}
Jul 22 12:10:38.459754 np0000186176 devstack@n-api-meta.service[107306]: DEBUG oslo_concurrency.lockutils [None req-3bb3b089-3c0b-4477-a27b-166ffc6a8792 None None] Acquiring lock "00000000-0000-0000-0000-000000000000" by "nova.context.set_target_cell..get_or_set_cached_cell_and_set_connections" {{(pid=107306) inner /opt/stack/data/venv/lib/python3.12/site-packages/oslo_concurrency/lockutils.py:512}}
Jul 22 12:10:38.459891 np0000186176 devstack@n-api-meta.service[107306]: DEBUG oslo_concurrency.lockutils [None req-3bb3b089-3c0b-4477-a27b-166ffc6a8792 None None] Lock "00000000-0000-0000-0000-000000000000" acquired by "nova.context.set_target_cell..get_or_set_cached_cell_and_set_connections" :: waited 0.000s {{(pid=107306) inner /opt/stack/data/venv/lib/python3.12/site-packages/oslo_concurrency/lockutils.py:525}}
Jul 22 12:10:38.460259 np0000186176 devstack@n-api-meta.service[107306]: DEBUG oslo_concurrency.lockutils [None req-3bb3b089-3c0b-4477-a27b-166ffc6a8792 None None] Lock "00000000-0000-0000-0000-000000000000" "released" by "nova.context.set_target_cell..get_or_set_cached_cell_and_set_connections" :: held 0.000s {{(pid=107306) inner /opt/stack/data/venv/lib/python3.12/site-packages/oslo_concurrency/lockutils.py:544}}
Jul 22 12:10:38.461060 np0000186176 devstack@n-api-meta.service[107306]: DEBUG oslo_concurrency.lockutils [None req-3bb3b089-3c0b-4477-a27b-166ffc6a8792 None None] Acquiring lock "57dcb1d0-74d5-4792-ab30-5abde4010b5f" by "nova.context.set_target_cell..get_or_set_cached_cell_and_set_connections" {{(pid=107306) inner /opt/stack/data/venv/lib/python3.12/site-packages/oslo_concurrency/lockutils.py:512}}
Jul 22 12:10:38.461202 np0000186176 devstack@n-api-meta.service[107306]: DEBUG oslo_concurrency.lockutils [None req-3bb3b089-3c0b-4477-a27b-166ffc6a8792 None None] Lock "57dcb1d0-74d5-4792-ab30-5abde4010b5f" acquired by "nova.context.set_target_cell..get_or_set_cached_cell_and_set_connections" :: waited 0.000s {{(pid=107306) inner /opt/stack/data/venv/lib/python3.12/site-packages/oslo_concurrency/lockutils.py:525}}
Jul 22 12:10:38.462021 np0000186176 devstack@n-api-meta.service[107306]: DEBUG oslo_concurrency.lockutils [None req-3bb3b089-3c0b-4477-a27b-166ffc6a8792 None None] Lock "57dcb1d0-74d5-4792-ab30-5abde4010b5f" "released" by "nova.context.set_target_cell..get_or_set_cached_cell_and_set_connections" :: held 0.001s {{(pid=107306) inner /opt/stack/data/venv/lib/python3.12/site-packages/oslo_concurrency/lockutils.py:544}}
Jul 22 12:10:38.465673 np0000186176 devstack@n-api-meta.service[107306]: INFO dbcounter [None req-3bb3b089-3c0b-4477-a27b-166ffc6a8792 None None] Registered counter for database nova_cell0
Jul 22 12:10:38.471271 np0000186176 devstack@n-api-meta.service[107306]: INFO dbcounter [None req-3bb3b089-3c0b-4477-a27b-166ffc6a8792 None None] Registered counter for database nova_cell1
Jul 22 12:10:38.484444 np0000186176 devstack@n-api-meta.service[107307]: DEBUG oslo_db.sqlalchemy.engines [None req-3e59757d-d747-486b-ada3-5714f401cebd None None] MySQL server mode set to STRICT_TRANS_TABLES,STRICT_ALL_TABLES,NO_ZERO_IN_DATE,NO_ZERO_DATE,ERROR_FOR_DIVISION_BY_ZERO,TRADITIONAL,NO_ENGINE_SUBSTITUTION {{(pid=107307) _check_effective_sql_mode /opt/stack/data/venv/lib/python3.12/site-packages/oslo_db/sqlalchemy/engines.py:325}}
Jul 22 12:10:38.494004 np0000186176 devstack@n-api-meta.service[107309]: DEBUG oslo_db.sqlalchemy.engines [None req-dd4470d9-fe32-4c65-a90d-1448287548f4 None None] MySQL server mode set to STRICT_TRANS_TABLES,STRICT_ALL_TABLES,NO_ZERO_IN_DATE,NO_ZERO_DATE,ERROR_FOR_DIVISION_BY_ZERO,TRADITIONAL,NO_ENGINE_SUBSTITUTION {{(pid=107309) _check_effective_sql_mode /opt/stack/data/venv/lib/python3.12/site-packages/oslo_db/sqlalchemy/engines.py:325}}
Jul 22 12:10:38.502283 np0000186176 devstack@n-api-meta.service[107308]: DEBUG dbcounter [-] [107308] Writer thread running {{(pid=107308) stat_writer /opt/stack/data/venv/lib/python3.12/site-packages/dbcounter.py:102}}
Jul 22 12:10:38.505405 np0000186176 devstack@n-api-meta.service[107308]: DEBUG nova.context [None req-41a396ed-c678-4037-a498-812c11434f8a None None] Found 2 cells: 00000000-0000-0000-0000-000000000000(cell0),57dcb1d0-74d5-4792-ab30-5abde4010b5f(cell1) {{(pid=107308) load_cells /opt/stack/nova/nova/context.py:509}}
Jul 22 12:10:38.505707 np0000186176 devstack@n-api-meta.service[107308]: INFO nova.utils [None req-41a396ed-c678-4037-a498-812c11434f8a None None] The cell worker thread pool MainProcess.cell_worker is initialized
Jul 22 12:10:38.508458 np0000186176 devstack@n-api-meta.service[107308]: DEBUG oslo_concurrency.lockutils [None req-41a396ed-c678-4037-a498-812c11434f8a None None] Acquiring lock "00000000-0000-0000-0000-000000000000" by "nova.context.set_target_cell..get_or_set_cached_cell_and_set_connections" {{(pid=107308) inner /opt/stack/data/venv/lib/python3.12/site-packages/oslo_concurrency/lockutils.py:512}}
Jul 22 12:10:38.508677 np0000186176 devstack@n-api-meta.service[107308]: DEBUG oslo_concurrency.lockutils [None req-41a396ed-c678-4037-a498-812c11434f8a None None] Lock "00000000-0000-0000-0000-000000000000" acquired by "nova.context.set_target_cell..get_or_set_cached_cell_and_set_connections" :: waited 0.000s {{(pid=107308) inner /opt/stack/data/venv/lib/python3.12/site-packages/oslo_concurrency/lockutils.py:525}}
Jul 22 12:10:38.509167 np0000186176 devstack@n-api-meta.service[107308]: DEBUG oslo_concurrency.lockutils [None req-41a396ed-c678-4037-a498-812c11434f8a None None] Lock "00000000-0000-0000-0000-000000000000" "released" by "nova.context.set_target_cell..get_or_set_cached_cell_and_set_connections" :: held 0.000s {{(pid=107308) inner /opt/stack/data/venv/lib/python3.12/site-packages/oslo_concurrency/lockutils.py:544}}
Jul 22 12:10:38.510067 np0000186176 devstack@n-api-meta.service[107308]: DEBUG oslo_concurrency.lockutils [None req-41a396ed-c678-4037-a498-812c11434f8a None None] Acquiring lock "57dcb1d0-74d5-4792-ab30-5abde4010b5f" by "nova.context.set_target_cell..get_or_set_cached_cell_and_set_connections" {{(pid=107308) inner /opt/stack/data/venv/lib/python3.12/site-packages/oslo_concurrency/lockutils.py:512}}
Jul 22 12:10:38.510262 np0000186176 devstack@n-api-meta.service[107308]: DEBUG oslo_concurrency.lockutils [None req-41a396ed-c678-4037-a498-812c11434f8a None None] Lock "57dcb1d0-74d5-4792-ab30-5abde4010b5f" acquired by "nova.context.set_target_cell..get_or_set_cached_cell_and_set_connections" :: waited 0.000s {{(pid=107308) inner /opt/stack/data/venv/lib/python3.12/site-packages/oslo_concurrency/lockutils.py:525}}
Jul 22 12:10:38.511381 np0000186176 devstack@n-api-meta.service[107308]: DEBUG oslo_concurrency.lockutils [None req-41a396ed-c678-4037-a498-812c11434f8a None None] Lock "57dcb1d0-74d5-4792-ab30-5abde4010b5f" "released" by "nova.context.set_target_cell..get_or_set_cached_cell_and_set_connections" :: held 0.001s {{(pid=107308) inner /opt/stack/data/venv/lib/python3.12/site-packages/oslo_concurrency/lockutils.py:544}}
Jul 22 12:10:38.514274 np0000186176 devstack@n-api-meta.service[107308]: INFO dbcounter [None req-41a396ed-c678-4037-a498-812c11434f8a None None] Registered counter for database nova_cell0
Jul 22 12:10:38.518157 np0000186176 devstack@n-api-meta.service[107307]: DEBUG dbcounter [-] [107307] Writer thread running {{(pid=107307) stat_writer /opt/stack/data/venv/lib/python3.12/site-packages/dbcounter.py:102}}
Jul 22 12:10:38.520715 np0000186176 devstack@n-api-meta.service[107307]: DEBUG nova.context [None req-3e59757d-d747-486b-ada3-5714f401cebd None None] Found 2 cells: 00000000-0000-0000-0000-000000000000(cell0),57dcb1d0-74d5-4792-ab30-5abde4010b5f(cell1) {{(pid=107307) load_cells /opt/stack/nova/nova/context.py:509}}
Jul 22 12:10:38.520957 np0000186176 devstack@n-api-meta.service[107307]: INFO nova.utils [None req-3e59757d-d747-486b-ada3-5714f401cebd None None] The cell worker thread pool MainProcess.cell_worker is initialized
Jul 22 12:10:38.521450 np0000186176 devstack@n-api-meta.service[107308]: INFO dbcounter [None req-41a396ed-c678-4037-a498-812c11434f8a None None] Registered counter for database nova_cell1
Jul 22 12:10:38.522923 np0000186176 devstack@n-api-meta.service[107307]: DEBUG oslo_concurrency.lockutils [None req-3e59757d-d747-486b-ada3-5714f401cebd None None] Acquiring lock "00000000-0000-0000-0000-000000000000" by "nova.context.set_target_cell..get_or_set_cached_cell_and_set_connections" {{(pid=107307) inner /opt/stack/data/venv/lib/python3.12/site-packages/oslo_concurrency/lockutils.py:512}}
Jul 22 12:10:38.523137 np0000186176 devstack@n-api-meta.service[107307]: DEBUG oslo_concurrency.lockutils [None req-3e59757d-d747-486b-ada3-5714f401cebd None None] Lock "00000000-0000-0000-0000-000000000000" acquired by "nova.context.set_target_cell..get_or_set_cached_cell_and_set_connections" :: waited 0.000s {{(pid=107307) inner /opt/stack/data/venv/lib/python3.12/site-packages/oslo_concurrency/lockutils.py:525}}
Jul 22 12:10:38.523525 np0000186176 devstack@n-api-meta.service[107307]: DEBUG oslo_concurrency.lockutils [None req-3e59757d-d747-486b-ada3-5714f401cebd None None] Lock "00000000-0000-0000-0000-000000000000" "released" by "nova.context.set_target_cell..get_or_set_cached_cell_and_set_connections" :: held 0.000s {{(pid=107307) inner /opt/stack/data/venv/lib/python3.12/site-packages/oslo_concurrency/lockutils.py:544}}
Jul 22 12:10:38.524356 np0000186176 devstack@n-api-meta.service[107307]: DEBUG oslo_concurrency.lockutils [None req-3e59757d-d747-486b-ada3-5714f401cebd None None] Acquiring lock "57dcb1d0-74d5-4792-ab30-5abde4010b5f" by "nova.context.set_target_cell..get_or_set_cached_cell_and_set_connections" {{(pid=107307) inner /opt/stack/data/venv/lib/python3.12/site-packages/oslo_concurrency/lockutils.py:512}}
Jul 22 12:10:38.527286 np0000186176 devstack@n-api-meta.service[107307]: DEBUG oslo_concurrency.lockutils [None req-3e59757d-d747-486b-ada3-5714f401cebd None None] Lock "57dcb1d0-74d5-4792-ab30-5abde4010b5f" acquired by "nova.context.set_target_cell..get_or_set_cached_cell_and_set_connections" :: waited 0.003s {{(pid=107307) inner /opt/stack/data/venv/lib/python3.12/site-packages/oslo_concurrency/lockutils.py:525}}
Jul 22 12:10:38.528424 np0000186176 devstack@n-api-meta.service[107307]: DEBUG oslo_concurrency.lockutils [None req-3e59757d-d747-486b-ada3-5714f401cebd None None] Lock "57dcb1d0-74d5-4792-ab30-5abde4010b5f" "released" by "nova.context.set_target_cell..get_or_set_cached_cell_and_set_connections" :: held 0.001s {{(pid=107307) inner /opt/stack/data/venv/lib/python3.12/site-packages/oslo_concurrency/lockutils.py:544}}
Jul 22 12:10:38.531316 np0000186176 devstack@n-api-meta.service[107307]: INFO dbcounter [None req-3e59757d-d747-486b-ada3-5714f401cebd None None] Registered counter for database nova_cell1
Jul 22 12:10:38.534813 np0000186176 devstack@n-api-meta.service[107309]: DEBUG oslo_db.sqlalchemy.engines [None req-dd4470d9-fe32-4c65-a90d-1448287548f4 None None] MySQL server mode set to STRICT_TRANS_TABLES,STRICT_ALL_TABLES,NO_ZERO_IN_DATE,NO_ZERO_DATE,ERROR_FOR_DIVISION_BY_ZERO,TRADITIONAL,NO_ENGINE_SUBSTITUTION {{(pid=107309) _check_effective_sql_mode /opt/stack/data/venv/lib/python3.12/site-packages/oslo_db/sqlalchemy/engines.py:325}}
Jul 22 12:10:38.539988 np0000186176 devstack@n-api-meta.service[107307]: INFO dbcounter [None req-3e59757d-d747-486b-ada3-5714f401cebd None None] Registered counter for database nova_cell0
Jul 22 12:10:38.547787 np0000186176 devstack@n-api-meta.service[107306]: DEBUG oslo_db.sqlalchemy.engines [None req-3bb3b089-3c0b-4477-a27b-166ffc6a8792 None None] MySQL server mode set to STRICT_TRANS_TABLES,STRICT_ALL_TABLES,NO_ZERO_IN_DATE,NO_ZERO_DATE,ERROR_FOR_DIVISION_BY_ZERO,TRADITIONAL,NO_ENGINE_SUBSTITUTION {{(pid=107306) _check_effective_sql_mode /opt/stack/data/venv/lib/python3.12/site-packages/oslo_db/sqlalchemy/engines.py:325}}
Jul 22 12:10:38.555328 np0000186176 devstack@n-api-meta.service[107306]: DEBUG oslo_db.sqlalchemy.engines [None req-3bb3b089-3c0b-4477-a27b-166ffc6a8792 None None] MySQL server mode set to STRICT_TRANS_TABLES,STRICT_ALL_TABLES,NO_ZERO_IN_DATE,NO_ZERO_DATE,ERROR_FOR_DIVISION_BY_ZERO,TRADITIONAL,NO_ENGINE_SUBSTITUTION {{(pid=107306) _check_effective_sql_mode /opt/stack/data/venv/lib/python3.12/site-packages/oslo_db/sqlalchemy/engines.py:325}}
Jul 22 12:10:38.580030 np0000186176 devstack@n-api-meta.service[107308]: DEBUG oslo_db.sqlalchemy.engines [None req-41a396ed-c678-4037-a498-812c11434f8a None None] MySQL server mode set to STRICT_TRANS_TABLES,STRICT_ALL_TABLES,NO_ZERO_IN_DATE,NO_ZERO_DATE,ERROR_FOR_DIVISION_BY_ZERO,TRADITIONAL,NO_ENGINE_SUBSTITUTION {{(pid=107308) _check_effective_sql_mode /opt/stack/data/venv/lib/python3.12/site-packages/oslo_db/sqlalchemy/engines.py:325}}
Jul 22 12:10:38.592987 np0000186176 devstack@n-api-meta.service[107307]: DEBUG oslo_db.sqlalchemy.engines [None req-3e59757d-d747-486b-ada3-5714f401cebd None None] MySQL server mode set to STRICT_TRANS_TABLES,STRICT_ALL_TABLES,NO_ZERO_IN_DATE,NO_ZERO_DATE,ERROR_FOR_DIVISION_BY_ZERO,TRADITIONAL,NO_ENGINE_SUBSTITUTION {{(pid=107307) _check_effective_sql_mode /opt/stack/data/venv/lib/python3.12/site-packages/oslo_db/sqlalchemy/engines.py:325}}
Jul 22 12:10:38.596804 np0000186176 devstack@n-api-meta.service[107309]: DEBUG dbcounter [-] [107309] Writer thread running {{(pid=107309) stat_writer /opt/stack/data/venv/lib/python3.12/site-packages/dbcounter.py:102}}
Jul 22 12:10:38.606864 np0000186176 devstack@n-api-meta.service[107309]: DEBUG dbcounter [-] [107309] Writer thread running {{(pid=107309) stat_writer /opt/stack/data/venv/lib/python3.12/site-packages/dbcounter.py:102}}
Jul 22 12:10:38.612990 np0000186176 devstack@n-api-meta.service[107309]: INFO dbcounter [None req-dd4470d9-fe32-4c65-a90d-1448287548f4 None None] Registered counter for database nova_cell0
Jul 22 12:10:38.652759 np0000186176 devstack@n-api-meta.service[107306]: DEBUG dbcounter [-] [107306] Writer thread running {{(pid=107306) stat_writer /opt/stack/data/venv/lib/python3.12/site-packages/dbcounter.py:102}}
Jul 22 12:10:38.655913 np0000186176 devstack@n-api-meta.service[107308]: DEBUG oslo_db.sqlalchemy.engines [None req-41a396ed-c678-4037-a498-812c11434f8a None None] MySQL server mode set to STRICT_TRANS_TABLES,STRICT_ALL_TABLES,NO_ZERO_IN_DATE,NO_ZERO_DATE,ERROR_FOR_DIVISION_BY_ZERO,TRADITIONAL,NO_ENGINE_SUBSTITUTION {{(pid=107308) _check_effective_sql_mode /opt/stack/data/venv/lib/python3.12/site-packages/oslo_db/sqlalchemy/engines.py:325}}
Jul 22 12:10:38.658210 np0000186176 devstack@n-api-meta.service[107306]: DEBUG dbcounter [-] [107306] Writer thread running {{(pid=107306) stat_writer /opt/stack/data/venv/lib/python3.12/site-packages/dbcounter.py:102}}
Jul 22 12:10:38.663448 np0000186176 devstack@n-api-meta.service[107306]: INFO dbcounter [None req-3bb3b089-3c0b-4477-a27b-166ffc6a8792 None None] Registered counter for database nova_cell0
Jul 22 12:10:38.663523 np0000186176 devstack@n-api-meta.service[107309]: DEBUG oslo_db.sqlalchemy.engines [None req-dd4470d9-fe32-4c65-a90d-1448287548f4 None None] MySQL server mode set to STRICT_TRANS_TABLES,STRICT_ALL_TABLES,NO_ZERO_IN_DATE,NO_ZERO_DATE,ERROR_FOR_DIVISION_BY_ZERO,TRADITIONAL,NO_ENGINE_SUBSTITUTION {{(pid=107309) _check_effective_sql_mode /opt/stack/data/venv/lib/python3.12/site-packages/oslo_db/sqlalchemy/engines.py:325}}
Jul 22 12:10:38.665524 np0000186176 devstack@n-api-meta.service[107307]: DEBUG oslo_db.sqlalchemy.engines [None req-3e59757d-d747-486b-ada3-5714f401cebd None None] MySQL server mode set to STRICT_TRANS_TABLES,STRICT_ALL_TABLES,NO_ZERO_IN_DATE,NO_ZERO_DATE,ERROR_FOR_DIVISION_BY_ZERO,TRADITIONAL,NO_ENGINE_SUBSTITUTION {{(pid=107307) _check_effective_sql_mode /opt/stack/data/venv/lib/python3.12/site-packages/oslo_db/sqlalchemy/engines.py:325}}
Jul 22 12:10:38.674195 np0000186176 devstack@n-api-meta.service[107309]: DEBUG dbcounter [-] [107309] Writer thread running {{(pid=107309) stat_writer /opt/stack/data/venv/lib/python3.12/site-packages/dbcounter.py:102}}
Jul 22 12:10:38.682732 np0000186176 devstack@n-api-meta.service[107307]: DEBUG dbcounter [-] [107307] Writer thread running {{(pid=107307) stat_writer /opt/stack/data/venv/lib/python3.12/site-packages/dbcounter.py:102}}
Jul 22 12:10:38.684955 np0000186176 devstack@n-api-meta.service[107308]: DEBUG dbcounter [-] [107308] Writer thread running {{(pid=107308) stat_writer /opt/stack/data/venv/lib/python3.12/site-packages/dbcounter.py:102}}
Jul 22 12:10:38.694768 np0000186176 devstack@n-api-meta.service[107307]: DEBUG dbcounter [-] [107307] Writer thread running {{(pid=107307) stat_writer /opt/stack/data/venv/lib/python3.12/site-packages/dbcounter.py:102}}
Jul 22 12:10:38.695844 np0000186176 devstack@n-api-meta.service[107308]: DEBUG dbcounter [-] [107308] Writer thread running {{(pid=107308) stat_writer /opt/stack/data/venv/lib/python3.12/site-packages/dbcounter.py:102}}
Jul 22 12:10:38.699834 np0000186176 devstack@n-api-meta.service[107307]: INFO dbcounter [None req-3e59757d-d747-486b-ada3-5714f401cebd None None] Registered counter for database nova_cell0
Jul 22 12:10:38.700937 np0000186176 devstack@n-api-meta.service[107308]: INFO dbcounter [None req-41a396ed-c678-4037-a498-812c11434f8a None None] Registered counter for database nova_cell0
Jul 22 12:10:38.712186 np0000186176 devstack@n-api-meta.service[107306]: DEBUG oslo_db.sqlalchemy.engines [None req-3bb3b089-3c0b-4477-a27b-166ffc6a8792 None None] MySQL server mode set to STRICT_TRANS_TABLES,STRICT_ALL_TABLES,NO_ZERO_IN_DATE,NO_ZERO_DATE,ERROR_FOR_DIVISION_BY_ZERO,TRADITIONAL,NO_ENGINE_SUBSTITUTION {{(pid=107306) _check_effective_sql_mode /opt/stack/data/venv/lib/python3.12/site-packages/oslo_db/sqlalchemy/engines.py:325}}
Jul 22 12:10:38.719591 np0000186176 devstack@n-api-meta.service[107309]: WARNING nova.api.metadata.handler [None req-dd4470d9-fe32-4c65-a90d-1448287548f4 None None] metadata_proxy_shared_secret is not configured, the metadata information returned by the proxy cannot be trusted
Jul 22 12:10:38.721792 np0000186176 devstack@n-api-meta.service[107309]: DEBUG nova.api.openstack.wsgi_app [None req-dd4470d9-fe32-4c65-a90d-1448287548f4 None None] ******************************************************************************** {{(pid=107309) log_opt_values /opt/stack/data/venv/lib/python3.12/site-packages/oslo_config/cfg.py:3226}}
Jul 22 12:10:38.721907 np0000186176 devstack@n-api-meta.service[107309]: DEBUG nova.api.openstack.wsgi_app [None req-dd4470d9-fe32-4c65-a90d-1448287548f4 None None] Configuration options gathered from: {{(pid=107309) log_opt_values /opt/stack/data/venv/lib/python3.12/site-packages/oslo_config/cfg.py:3227}}
Jul 22 12:10:38.722034 np0000186176 devstack@n-api-meta.service[107309]: DEBUG nova.api.openstack.wsgi_app [None req-dd4470d9-fe32-4c65-a90d-1448287548f4 None None] command line args: [] {{(pid=107309) log_opt_values /opt/stack/data/venv/lib/python3.12/site-packages/oslo_config/cfg.py:3228}}
Jul 22 12:10:38.722222 np0000186176 devstack@n-api-meta.service[107309]: DEBUG nova.api.openstack.wsgi_app [None req-dd4470d9-fe32-4c65-a90d-1448287548f4 None None] config files: ['/etc/nova/api-paste.ini', '/etc/nova/nova.conf'] {{(pid=107309) log_opt_values /opt/stack/data/venv/lib/python3.12/site-packages/oslo_config/cfg.py:3229}}
Jul 22 12:10:38.722354 np0000186176 devstack@n-api-meta.service[107309]: DEBUG nova.api.openstack.wsgi_app [None req-dd4470d9-fe32-4c65-a90d-1448287548f4 None None] ================================================================================ {{(pid=107309) log_opt_values /opt/stack/data/venv/lib/python3.12/site-packages/oslo_config/cfg.py:3234}}
Jul 22 12:10:38.722565 np0000186176 devstack@n-api-meta.service[107309]: DEBUG nova.api.openstack.wsgi_app [None req-dd4470d9-fe32-4c65-a90d-1448287548f4 None None] allow_resize_to_same_host = True {{(pid=107309) log_opt_values /opt/stack/data/venv/lib/python3.12/site-packages/oslo_config/cfg.py:3242}}
Jul 22 12:10:38.722628 np0000186176 devstack@n-api-meta.service[107306]: DEBUG dbcounter [-] [107306] Writer thread running {{(pid=107306) stat_writer /opt/stack/data/venv/lib/python3.12/site-packages/dbcounter.py:102}}
Jul 22 12:10:38.722701 np0000186176 devstack@n-api-meta.service[107309]: DEBUG nova.api.openstack.wsgi_app [None req-dd4470d9-fe32-4c65-a90d-1448287548f4 None None] arq_binding_timeout = 300 {{(pid=107309) log_opt_values /opt/stack/data/venv/lib/python3.12/site-packages/oslo_config/cfg.py:3242}}
Jul 22 12:10:38.722837 np0000186176 devstack@n-api-meta.service[107309]: DEBUG nova.api.openstack.wsgi_app [None req-dd4470d9-fe32-4c65-a90d-1448287548f4 None None] block_device_allocate_retries = 60 {{(pid=107309) log_opt_values /opt/stack/data/venv/lib/python3.12/site-packages/oslo_config/cfg.py:3242}}
Jul 22 12:10:38.723007 np0000186176 devstack@n-api-meta.service[107309]: DEBUG nova.api.openstack.wsgi_app [None req-dd4470d9-fe32-4c65-a90d-1448287548f4 None None] block_device_allocate_retries_interval = 3 {{(pid=107309) log_opt_values /opt/stack/data/venv/lib/python3.12/site-packages/oslo_config/cfg.py:3242}}
Jul 22 12:10:38.723197 np0000186176 devstack@n-api-meta.service[107309]: DEBUG nova.api.openstack.wsgi_app [None req-dd4470d9-fe32-4c65-a90d-1448287548f4 None None] cell_worker_thread_pool_size = 5 {{(pid=107309) log_opt_values /opt/stack/data/venv/lib/python3.12/site-packages/oslo_config/cfg.py:3242}}
Jul 22 12:10:38.723347 np0000186176 devstack@n-api-meta.service[107309]: DEBUG nova.api.openstack.wsgi_app [None req-dd4470d9-fe32-4c65-a90d-1448287548f4 None None] cert = self.pem {{(pid=107309) log_opt_values /opt/stack/data/venv/lib/python3.12/site-packages/oslo_config/cfg.py:3242}}
Jul 22 12:10:38.723489 np0000186176 devstack@n-api-meta.service[107309]: DEBUG nova.api.openstack.wsgi_app [None req-dd4470d9-fe32-4c65-a90d-1448287548f4 None None] compute_driver = libvirt.LibvirtDriver {{(pid=107309) log_opt_values /opt/stack/data/venv/lib/python3.12/site-packages/oslo_config/cfg.py:3242}}
Jul 22 12:10:38.723635 np0000186176 devstack@n-api-meta.service[107309]: DEBUG nova.api.openstack.wsgi_app [None req-dd4470d9-fe32-4c65-a90d-1448287548f4 None None] compute_monitors = [] {{(pid=107309) log_opt_values /opt/stack/data/venv/lib/python3.12/site-packages/oslo_config/cfg.py:3242}}
Jul 22 12:10:38.723780 np0000186176 devstack@n-api-meta.service[107309]: DEBUG nova.api.openstack.wsgi_app [None req-dd4470d9-fe32-4c65-a90d-1448287548f4 None None] concurrency_backend = auto {{(pid=107309) log_opt_values /opt/stack/data/venv/lib/python3.12/site-packages/oslo_config/cfg.py:3242}}
Jul 22 12:10:38.723921 np0000186176 devstack@n-api-meta.service[107309]: DEBUG nova.api.openstack.wsgi_app [None req-dd4470d9-fe32-4c65-a90d-1448287548f4 None None] config_dir = [] {{(pid=107309) log_opt_values /opt/stack/data/venv/lib/python3.12/site-packages/oslo_config/cfg.py:3242}}
Jul 22 12:10:38.724175 np0000186176 devstack@n-api-meta.service[107309]: DEBUG nova.api.openstack.wsgi_app [None req-dd4470d9-fe32-4c65-a90d-1448287548f4 None None] config_drive_format = iso9660 {{(pid=107309) log_opt_values /opt/stack/data/venv/lib/python3.12/site-packages/oslo_config/cfg.py:3242}}
Jul 22 12:10:38.724273 np0000186176 devstack@n-api-meta.service[107309]: DEBUG nova.api.openstack.wsgi_app [None req-dd4470d9-fe32-4c65-a90d-1448287548f4 None None] config_file = ['/etc/nova/api-paste.ini', '/etc/nova/nova.conf'] {{(pid=107309) log_opt_values /opt/stack/data/venv/lib/python3.12/site-packages/oslo_config/cfg.py:3242}}
Jul 22 12:10:38.724418 np0000186176 devstack@n-api-meta.service[107309]: DEBUG nova.api.openstack.wsgi_app [None req-dd4470d9-fe32-4c65-a90d-1448287548f4 None None] config_source = [] {{(pid=107309) log_opt_values /opt/stack/data/venv/lib/python3.12/site-packages/oslo_config/cfg.py:3242}}
Jul 22 12:10:38.724559 np0000186176 devstack@n-api-meta.service[107309]: DEBUG nova.api.openstack.wsgi_app [None req-dd4470d9-fe32-4c65-a90d-1448287548f4 None None] console_host = np0000186176 {{(pid=107309) log_opt_values /opt/stack/data/venv/lib/python3.12/site-packages/oslo_config/cfg.py:3242}}
Jul 22 12:10:38.724700 np0000186176 devstack@n-api-meta.service[107309]: DEBUG nova.api.openstack.wsgi_app [None req-dd4470d9-fe32-4c65-a90d-1448287548f4 None None] control_exchange = nova {{(pid=107309) log_opt_values /opt/stack/data/venv/lib/python3.12/site-packages/oslo_config/cfg.py:3242}}
Jul 22 12:10:38.724832 np0000186176 devstack@n-api-meta.service[107309]: DEBUG nova.api.openstack.wsgi_app [None req-dd4470d9-fe32-4c65-a90d-1448287548f4 None None] cpu_allocation_ratio = None {{(pid=107309) log_opt_values /opt/stack/data/venv/lib/python3.12/site-packages/oslo_config/cfg.py:3242}}
Jul 22 12:10:38.724980 np0000186176 devstack@n-api-meta.service[107309]: DEBUG nova.api.openstack.wsgi_app [None req-dd4470d9-fe32-4c65-a90d-1448287548f4 None None] daemon = False {{(pid=107309) log_opt_values /opt/stack/data/venv/lib/python3.12/site-packages/oslo_config/cfg.py:3242}}
Jul 22 12:10:38.725167 np0000186176 devstack@n-api-meta.service[107309]: DEBUG nova.api.openstack.wsgi_app [None req-dd4470d9-fe32-4c65-a90d-1448287548f4 None None] debug = True {{(pid=107309) log_opt_values /opt/stack/data/venv/lib/python3.12/site-packages/oslo_config/cfg.py:3242}}
Jul 22 12:10:38.725303 np0000186176 devstack@n-api-meta.service[107309]: DEBUG nova.api.openstack.wsgi_app [None req-dd4470d9-fe32-4c65-a90d-1448287548f4 None None] default_access_ip_network_name = None {{(pid=107309) log_opt_values /opt/stack/data/venv/lib/python3.12/site-packages/oslo_config/cfg.py:3242}}
Jul 22 12:10:38.725447 np0000186176 devstack@n-api-meta.service[107309]: DEBUG nova.api.openstack.wsgi_app [None req-dd4470d9-fe32-4c65-a90d-1448287548f4 None None] default_availability_zone = nova {{(pid=107309) log_opt_values /opt/stack/data/venv/lib/python3.12/site-packages/oslo_config/cfg.py:3242}}
Jul 22 12:10:38.725584 np0000186176 devstack@n-api-meta.service[107309]: DEBUG nova.api.openstack.wsgi_app [None req-dd4470d9-fe32-4c65-a90d-1448287548f4 None None] default_ephemeral_format = ext4 {{(pid=107309) log_opt_values /opt/stack/data/venv/lib/python3.12/site-packages/oslo_config/cfg.py:3242}}
Jul 22 12:10:38.725720 np0000186176 devstack@n-api-meta.service[107309]: DEBUG nova.api.openstack.wsgi_app [None req-dd4470d9-fe32-4c65-a90d-1448287548f4 None None] default_green_pool_size = 1000 {{(pid=107309) log_opt_values /opt/stack/data/venv/lib/python3.12/site-packages/oslo_config/cfg.py:3242}}
Jul 22 12:10:38.725940 np0000186176 devstack@n-api-meta.service[107309]: DEBUG nova.api.openstack.wsgi_app [None req-dd4470d9-fe32-4c65-a90d-1448287548f4 None None] default_log_levels = ['amqp=WARN', 'boto=WARN', 'sqlalchemy=WARN', 'suds=INFO', 'oslo.messaging=INFO', 'oslo_messaging=INFO', 'iso8601=WARN', 'requests.packages.urllib3.connectionpool=WARN', 'urllib3.connectionpool=WARN', 'websocket=WARN', 'requests.packages.urllib3.util.retry=WARN', 'urllib3.util.retry=WARN', 'keystonemiddleware=WARN', 'routes.middleware=WARN', 'stevedore=WARN', 'taskflow=WARN', 'keystoneauth=WARN', 'oslo.cache=INFO', 'oslo_policy=INFO', 'dogpile.core.dogpile=INFO', 'glanceclient=WARN', 'oslo.privsep.daemon=INFO'] {{(pid=107309) log_opt_values /opt/stack/data/venv/lib/python3.12/site-packages/oslo_config/cfg.py:3242}}
Jul 22 12:10:38.726098 np0000186176 devstack@n-api-meta.service[107309]: DEBUG nova.api.openstack.wsgi_app [None req-dd4470d9-fe32-4c65-a90d-1448287548f4 None None] default_schedule_zone = None {{(pid=107309) log_opt_values /opt/stack/data/venv/lib/python3.12/site-packages/oslo_config/cfg.py:3242}}
Jul 22 12:10:38.726349 np0000186176 devstack@n-api-meta.service[107309]: DEBUG nova.api.openstack.wsgi_app [None req-dd4470d9-fe32-4c65-a90d-1448287548f4 None None] default_thread_pool_size = 10 {{(pid=107309) log_opt_values /opt/stack/data/venv/lib/python3.12/site-packages/oslo_config/cfg.py:3242}}
Jul 22 12:10:38.726485 np0000186176 devstack@n-api-meta.service[107309]: DEBUG nova.api.openstack.wsgi_app [None req-dd4470d9-fe32-4c65-a90d-1448287548f4 None None] disk_allocation_ratio = None {{(pid=107309) log_opt_values /opt/stack/data/venv/lib/python3.12/site-packages/oslo_config/cfg.py:3242}}
Jul 22 12:10:38.726551 np0000186176 devstack@n-api-meta.service[107309]: DEBUG nova.api.openstack.wsgi_app [None req-dd4470d9-fe32-4c65-a90d-1448287548f4 None None] enable_new_services = True {{(pid=107309) log_opt_values /opt/stack/data/venv/lib/python3.12/site-packages/oslo_config/cfg.py:3242}}
Jul 22 12:10:38.726678 np0000186176 devstack@n-api-meta.service[107309]: DEBUG nova.api.openstack.wsgi_app [None req-dd4470d9-fe32-4c65-a90d-1448287548f4 None None] flat_injected = False {{(pid=107309) log_opt_values /opt/stack/data/venv/lib/python3.12/site-packages/oslo_config/cfg.py:3242}}
Jul 22 12:10:38.726808 np0000186176 devstack@n-api-meta.service[107309]: DEBUG nova.api.openstack.wsgi_app [None req-dd4470d9-fe32-4c65-a90d-1448287548f4 None None] force_config_drive = False {{(pid=107309) log_opt_values /opt/stack/data/venv/lib/python3.12/site-packages/oslo_config/cfg.py:3242}}
Jul 22 12:10:38.726938 np0000186176 devstack@n-api-meta.service[107309]: DEBUG nova.api.openstack.wsgi_app [None req-dd4470d9-fe32-4c65-a90d-1448287548f4 None None] force_raw_images = True {{(pid=107309) log_opt_values /opt/stack/data/venv/lib/python3.12/site-packages/oslo_config/cfg.py:3242}}
Jul 22 12:10:38.727099 np0000186176 devstack@n-api-meta.service[107309]: DEBUG nova.api.openstack.wsgi_app [None req-dd4470d9-fe32-4c65-a90d-1448287548f4 None None] graceful_shutdown_timeout = 5 {{(pid=107309) log_opt_values /opt/stack/data/venv/lib/python3.12/site-packages/oslo_config/cfg.py:3242}}
Jul 22 12:10:38.727247 np0000186176 devstack@n-api-meta.service[107309]: DEBUG nova.api.openstack.wsgi_app [None req-dd4470d9-fe32-4c65-a90d-1448287548f4 None None] heal_instance_info_cache_interval = -1 {{(pid=107309) log_opt_values /opt/stack/data/venv/lib/python3.12/site-packages/oslo_config/cfg.py:3242}}
Jul 22 12:10:38.727435 np0000186176 devstack@n-api-meta.service[107309]: DEBUG nova.api.openstack.wsgi_app [None req-dd4470d9-fe32-4c65-a90d-1448287548f4 None None] host = np0000186176 {{(pid=107309) log_opt_values /opt/stack/data/venv/lib/python3.12/site-packages/oslo_config/cfg.py:3242}}
Jul 22 12:10:38.727574 np0000186176 devstack@n-api-meta.service[107309]: DEBUG nova.api.openstack.wsgi_app [None req-dd4470d9-fe32-4c65-a90d-1448287548f4 None None] initial_cpu_allocation_ratio = 4.0 {{(pid=107309) log_opt_values /opt/stack/data/venv/lib/python3.12/site-packages/oslo_config/cfg.py:3242}}
Jul 22 12:10:38.727707 np0000186176 devstack@n-api-meta.service[107309]: DEBUG nova.api.openstack.wsgi_app [None req-dd4470d9-fe32-4c65-a90d-1448287548f4 None None] initial_disk_allocation_ratio = 1.0 {{(pid=107309) log_opt_values /opt/stack/data/venv/lib/python3.12/site-packages/oslo_config/cfg.py:3242}}
Jul 22 12:10:38.727840 np0000186176 devstack@n-api-meta.service[107309]: DEBUG nova.api.openstack.wsgi_app [None req-dd4470d9-fe32-4c65-a90d-1448287548f4 None None] initial_ram_allocation_ratio = 1.0 {{(pid=107309) log_opt_values /opt/stack/data/venv/lib/python3.12/site-packages/oslo_config/cfg.py:3242}}
Jul 22 12:10:38.728039 np0000186176 devstack@n-api-meta.service[107309]: DEBUG nova.api.openstack.wsgi_app [None req-dd4470d9-fe32-4c65-a90d-1448287548f4 None None] injected_network_template = /opt/stack/nova/nova/virt/interfaces.template {{(pid=107309) log_opt_values /opt/stack/data/venv/lib/python3.12/site-packages/oslo_config/cfg.py:3242}}
Jul 22 12:10:38.728178 np0000186176 devstack@n-api-meta.service[107309]: DEBUG nova.api.openstack.wsgi_app [None req-dd4470d9-fe32-4c65-a90d-1448287548f4 None None] instance_build_timeout = 0 {{(pid=107309) log_opt_values /opt/stack/data/venv/lib/python3.12/site-packages/oslo_config/cfg.py:3242}}
Jul 22 12:10:38.728311 np0000186176 devstack@n-api-meta.service[107309]: DEBUG nova.api.openstack.wsgi_app [None req-dd4470d9-fe32-4c65-a90d-1448287548f4 None None] instance_delete_interval = 300 {{(pid=107309) log_opt_values /opt/stack/data/venv/lib/python3.12/site-packages/oslo_config/cfg.py:3242}}
Jul 22 12:10:38.728450 np0000186176 devstack@n-api-meta.service[107309]: DEBUG nova.api.openstack.wsgi_app [None req-dd4470d9-fe32-4c65-a90d-1448287548f4 None None] instance_format = [instance: %(uuid)s] {{(pid=107309) log_opt_values /opt/stack/data/venv/lib/python3.12/site-packages/oslo_config/cfg.py:3242}}
Jul 22 12:10:38.728588 np0000186176 devstack@n-api-meta.service[107309]: DEBUG nova.api.openstack.wsgi_app [None req-dd4470d9-fe32-4c65-a90d-1448287548f4 None None] instance_name_template = instance-%08x {{(pid=107309) log_opt_values /opt/stack/data/venv/lib/python3.12/site-packages/oslo_config/cfg.py:3242}}
Jul 22 12:10:38.728721 np0000186176 devstack@n-api-meta.service[107309]: DEBUG nova.api.openstack.wsgi_app [None req-dd4470d9-fe32-4c65-a90d-1448287548f4 None None] instance_usage_audit = False {{(pid=107309) log_opt_values /opt/stack/data/venv/lib/python3.12/site-packages/oslo_config/cfg.py:3242}}
Jul 22 12:10:38.728860 np0000186176 devstack@n-api-meta.service[107309]: DEBUG nova.api.openstack.wsgi_app [None req-dd4470d9-fe32-4c65-a90d-1448287548f4 None None] instance_usage_audit_period = month {{(pid=107309) log_opt_values /opt/stack/data/venv/lib/python3.12/site-packages/oslo_config/cfg.py:3242}}
Jul 22 12:10:38.729010 np0000186176 devstack@n-api-meta.service[107309]: DEBUG nova.api.openstack.wsgi_app [None req-dd4470d9-fe32-4c65-a90d-1448287548f4 None None] instance_uuid_format = [instance: %(uuid)s] {{(pid=107309) log_opt_values /opt/stack/data/venv/lib/python3.12/site-packages/oslo_config/cfg.py:3242}}
Jul 22 12:10:38.729148 np0000186176 devstack@n-api-meta.service[107309]: DEBUG nova.api.openstack.wsgi_app [None req-dd4470d9-fe32-4c65-a90d-1448287548f4 None None] instances_path = /opt/stack/data/nova/instances {{(pid=107309) log_opt_values /opt/stack/data/venv/lib/python3.12/site-packages/oslo_config/cfg.py:3242}}
Jul 22 12:10:38.729286 np0000186176 devstack@n-api-meta.service[107309]: DEBUG nova.api.openstack.wsgi_app [None req-dd4470d9-fe32-4c65-a90d-1448287548f4 None None] internal_service_availability_zone = internal {{(pid=107309) log_opt_values /opt/stack/data/venv/lib/python3.12/site-packages/oslo_config/cfg.py:3242}}
Jul 22 12:10:38.729417 np0000186176 devstack@n-api-meta.service[107309]: DEBUG nova.api.openstack.wsgi_app [None req-dd4470d9-fe32-4c65-a90d-1448287548f4 None None] key = None {{(pid=107309) log_opt_values /opt/stack/data/venv/lib/python3.12/site-packages/oslo_config/cfg.py:3242}}
Jul 22 12:10:38.729547 np0000186176 devstack@n-api-meta.service[107309]: DEBUG nova.api.openstack.wsgi_app [None req-dd4470d9-fe32-4c65-a90d-1448287548f4 None None] live_migration_retry_count = 30 {{(pid=107309) log_opt_values /opt/stack/data/venv/lib/python3.12/site-packages/oslo_config/cfg.py:3242}}
Jul 22 12:10:38.729685 np0000186176 devstack@n-api-meta.service[107309]: DEBUG nova.api.openstack.wsgi_app [None req-dd4470d9-fe32-4c65-a90d-1448287548f4 None None] log_color = False {{(pid=107309) log_opt_values /opt/stack/data/venv/lib/python3.12/site-packages/oslo_config/cfg.py:3242}}
Jul 22 12:10:38.729822 np0000186176 devstack@n-api-meta.service[107309]: DEBUG nova.api.openstack.wsgi_app [None req-dd4470d9-fe32-4c65-a90d-1448287548f4 None None] log_config_append = None {{(pid=107309) log_opt_values /opt/stack/data/venv/lib/python3.12/site-packages/oslo_config/cfg.py:3242}}
Jul 22 12:10:38.729978 np0000186176 devstack@n-api-meta.service[107309]: DEBUG nova.api.openstack.wsgi_app [None req-dd4470d9-fe32-4c65-a90d-1448287548f4 None None] log_date_format = %Y-%m-%d %H:%M:%S {{(pid=107309) log_opt_values /opt/stack/data/venv/lib/python3.12/site-packages/oslo_config/cfg.py:3242}}
Jul 22 12:10:38.730113 np0000186176 devstack@n-api-meta.service[107309]: DEBUG nova.api.openstack.wsgi_app [None req-dd4470d9-fe32-4c65-a90d-1448287548f4 None None] log_dir = None {{(pid=107309) log_opt_values /opt/stack/data/venv/lib/python3.12/site-packages/oslo_config/cfg.py:3242}}
Jul 22 12:10:38.730265 np0000186176 devstack@n-api-meta.service[107309]: DEBUG nova.api.openstack.wsgi_app [None req-dd4470d9-fe32-4c65-a90d-1448287548f4 None None] log_file = None {{(pid=107309) log_opt_values /opt/stack/data/venv/lib/python3.12/site-packages/oslo_config/cfg.py:3242}}
Jul 22 12:10:38.730372 np0000186176 devstack@n-api-meta.service[107309]: DEBUG nova.api.openstack.wsgi_app [None req-dd4470d9-fe32-4c65-a90d-1448287548f4 None None] log_options = True {{(pid=107309) log_opt_values /opt/stack/data/venv/lib/python3.12/site-packages/oslo_config/cfg.py:3242}}
Jul 22 12:10:38.730525 np0000186176 devstack@n-api-meta.service[107309]: DEBUG nova.api.openstack.wsgi_app [None req-dd4470d9-fe32-4c65-a90d-1448287548f4 None None] log_rotate_interval = 1 {{(pid=107309) log_opt_values /opt/stack/data/venv/lib/python3.12/site-packages/oslo_config/cfg.py:3242}}
Jul 22 12:10:38.730667 np0000186176 devstack@n-api-meta.service[107309]: DEBUG nova.api.openstack.wsgi_app [None req-dd4470d9-fe32-4c65-a90d-1448287548f4 None None] log_rotate_interval_type = days {{(pid=107309) log_opt_values /opt/stack/data/venv/lib/python3.12/site-packages/oslo_config/cfg.py:3242}}
Jul 22 12:10:38.730805 np0000186176 devstack@n-api-meta.service[107309]: DEBUG nova.api.openstack.wsgi_app [None req-dd4470d9-fe32-4c65-a90d-1448287548f4 None None] log_rotation_type = none {{(pid=107309) log_opt_values /opt/stack/data/venv/lib/python3.12/site-packages/oslo_config/cfg.py:3242}}
Jul 22 12:10:38.730913 np0000186176 devstack@n-api-meta.service[107309]: DEBUG nova.api.openstack.wsgi_app [None req-dd4470d9-fe32-4c65-a90d-1448287548f4 None None] logging_context_format_string = %(color)s%(levelname)s %(name)s [%(global_request_id)s %(request_id)s %(project_name)s %(user_name)s%(color)s] %(instance)s%(color)s%(message)s {{(pid=107309) log_opt_values /opt/stack/data/venv/lib/python3.12/site-packages/oslo_config/cfg.py:3242}}
Jul 22 12:10:38.731043 np0000186176 devstack@n-api-meta.service[107309]: DEBUG nova.api.openstack.wsgi_app [None req-dd4470d9-fe32-4c65-a90d-1448287548f4 None None] logging_debug_format_suffix = {{(pid=%(process)d) %(funcName)s %(pathname)s:%(lineno)d}} {{(pid=107309) log_opt_values /opt/stack/data/venv/lib/python3.12/site-packages/oslo_config/cfg.py:3242}}
Jul 22 12:10:38.731184 np0000186176 devstack@n-api-meta.service[107309]: DEBUG nova.api.openstack.wsgi_app [None req-dd4470d9-fe32-4c65-a90d-1448287548f4 None None] logging_default_format_string = %(color)s%(levelname)s %(name)s [-%(color)s] %(instance)s%(color)s%(message)s {{(pid=107309) log_opt_values /opt/stack/data/venv/lib/python3.12/site-packages/oslo_config/cfg.py:3242}}
Jul 22 12:10:38.731316 np0000186176 devstack@n-api-meta.service[107309]: DEBUG nova.api.openstack.wsgi_app [None req-dd4470d9-fe32-4c65-a90d-1448287548f4 None None] logging_exception_prefix = ERROR %(name)s %(instance)s {{(pid=107309) log_opt_values /opt/stack/data/venv/lib/python3.12/site-packages/oslo_config/cfg.py:3242}}
