+ COMMAND=start + start + for KEYSTONE_WSGI_SCRIPT in keystone-wsgi-public ++ type -p keystone-wsgi-public + cp -a /var/lib/openstack/bin/keystone-wsgi-public /var/www/cgi-bin/keystone/ + '[' -f /etc/apache2/envvars ']' + source /etc/apache2/envvars ++ unset HOME ++ '[' '' '!=' '' ']' ++ SUFFIX= ++ export APACHE_RUN_USER=www-data ++ APACHE_RUN_USER=www-data ++ export APACHE_RUN_GROUP=www-data ++ APACHE_RUN_GROUP=www-data ++ export APACHE_PID_FILE=/var/run/apache2/apache2.pid ++ APACHE_PID_FILE=/var/run/apache2/apache2.pid ++ export APACHE_RUN_DIR=/var/run/apache2 ++ APACHE_RUN_DIR=/var/run/apache2 ++ export APACHE_LOCK_DIR=/var/lock/apache2 ++ APACHE_LOCK_DIR=/var/lock/apache2 ++ export APACHE_LOG_DIR=/var/log/apache2 ++ APACHE_LOG_DIR=/var/log/apache2 ++ export LANG=C ++ LANG=C ++ export LANG + '[' -f /var/run/apache2/apache2.pid ']' + exec apache2 -DFOREGROUND AH00558: apache2: Could not reliably determine the server's fully qualified domain name, using 10.0.0.251. Set the 'ServerName' directive globally to suppress this message AH00558: apache2: Could not reliably determine the server's fully qualified domain name, using 10.0.0.251. Set the 'ServerName' directive globally to suppress this message
[Fri Aug 28 06:21:19.507037 2026] [mpm_event:notice] [pid 1:tid 139961883133824] AH00489: Apache/2.4.58 (Ubuntu) mod_wsgi/5.0.0 Python/3.12 configured -- resuming normal operations
[Fri Aug 28 06:21:19.507238 2026] [core:notice] [pid 1:tid 139961883133824] AH00094: Command line: 'apache2 -D FOREGROUND'
[Fri Aug 28 06:22:18.534718 2026] [wsgi:error] [pid 10:tid 139961245312704] /var/lib/openstack/lib/python3.12/site-packages/oslo_utils/importutils.py:77: EventletDeprecationWarning:
[Fri Aug 28 06:22:18.534756 2026] [wsgi:error] [pid 10:tid 139961245312704] Eventlet is deprecated. It is currently being maintained in bugfix mode, and
[Fri Aug 28 06:22:18.534759 2026] [wsgi:error] [pid 10:tid 139961245312704] we strongly recommend against using it for new projects.
[Fri Aug 28 06:22:18.534760 2026] [wsgi:error] [pid 10:tid 139961245312704]
[Fri Aug 28 06:22:18.534761 2026] [wsgi:error] [pid 10:tid 139961245312704] If you are already using Eventlet, we recommend migrating to a different
[Fri Aug 28 06:22:18.534762 2026] [wsgi:error] [pid 10:tid 139961245312704] framework. For more detail see
[Fri Aug 28 06:22:18.534763 2026] [wsgi:error] [pid 10:tid 139961245312704] https://eventlet.readthedocs.io/en/latest/asyncio/migration.html
[Fri Aug 28 06:22:18.534764 2026] [wsgi:error] [pid 10:tid 139961245312704]
[Fri Aug 28 06:22:18.534765 2026] [wsgi:error] [pid 10:tid 139961245312704] __import__(import_str)
[Fri Aug 28 06:22:18.601558 2026] [wsgi:error] [pid 11:tid 139961245312704] /var/lib/openstack/lib/python3.12/site-packages/oslo_utils/importutils.py:77: EventletDeprecationWarning:
[Fri Aug 28 06:22:18.601623 2026] [wsgi:error] [pid 11:tid 139961245312704] Eventlet is deprecated. It is currently being maintained in bugfix mode, and
[Fri Aug 28 06:22:18.601625 2026] [wsgi:error] [pid 11:tid 139961245312704] we strongly recommend against using it for new projects.
[Fri Aug 28 06:22:18.601641 2026] [wsgi:error] [pid 11:tid 139961245312704]
[Fri Aug 28 06:22:18.601642 2026] [wsgi:error] [pid 11:tid 139961245312704] If you are already using Eventlet, we recommend migrating to a different
[Fri Aug 28 06:22:18.601644 2026] [wsgi:error] [pid 11:tid 139961245312704] framework. For more detail see
[Fri Aug 28 06:22:18.601645 2026] [wsgi:error] [pid 11:tid 139961245312704] https://eventlet.readthedocs.io/en/latest/asyncio/migration.html
[Fri Aug 28 06:22:18.601646 2026] [wsgi:error] [pid 11:tid 139961245312704]
[Fri Aug 28 06:22:18.601647 2026] [wsgi:error] [pid 11:tid 139961245312704] __import__(import_str) 10.0.0.1 - - [28/Aug/2026:06:22:17 +0000] "GET /v3/ HTTP/1.1" 200 250 10.0.0.1 - - [28/Aug/2026:06:22:17 +0000] "GET /v3/ HTTP/1.1" 200 250
[Fri Aug 28 06:22:23.936908 2026] [wsgi:error] [pid 9:tid 139961245312704] /var/lib/openstack/lib/python3.12/site-packages/oslo_utils/importutils.py:77: EventletDeprecationWarning:
[Fri Aug 28 06:22:23.936951 2026] [wsgi:error] [pid 9:tid 139961245312704] Eventlet is deprecated. It is currently being maintained in bugfix mode, and
[Fri Aug 28 06:22:23.936953 2026] [wsgi:error] [pid 9:tid 139961245312704] we strongly recommend against using it for new projects.
[Fri Aug 28 06:22:23.936954 2026] [wsgi:error] [pid 9:tid 139961245312704]
[Fri Aug 28 06:22:23.936956 2026] [wsgi:error] [pid 9:tid 139961245312704] If you are already using Eventlet, we recommend migrating to a different
[Fri Aug 28 06:22:23.936957 2026] [wsgi:error] [pid 9:tid 139961245312704] framework. For more detail see
[Fri Aug 28 06:22:23.936958 2026] [wsgi:error] [pid 9:tid 139961245312704] https://eventlet.readthedocs.io/en/latest/asyncio/migration.html
[Fri Aug 28 06:22:23.936959 2026] [wsgi:error] [pid 9:tid 139961245312704]
[Fri Aug 28 06:22:23.936960 2026] [wsgi:error] [pid 9:tid 139961245312704] __import__(import_str) 10.0.0.1 - - [28/Aug/2026:06:22:23 +0000] "GET /v3/ HTTP/1.1" 200 250
[Fri Aug 28 06:22:30.343207 2026] [wsgi:error] [pid 12:tid 139961245312704] /var/lib/openstack/lib/python3.12/site-packages/oslo_utils/importutils.py:77: EventletDeprecationWarning:
[Fri Aug 28 06:22:30.343242 2026] [wsgi:error] [pid 12:tid 139961245312704] Eventlet is deprecated. It is currently being maintained in bugfix mode, and
[Fri Aug 28 06:22:30.343244 2026] [wsgi:error] [pid 12:tid 139961245312704] we strongly recommend against using it for new projects.
[Fri Aug 28 06:22:30.343245 2026] [wsgi:error] [pid 12:tid 139961245312704]
[Fri Aug 28 06:22:30.343247 2026] [wsgi:error] [pid 12:tid 139961245312704] If you are already using Eventlet, we recommend migrating to a different
[Fri Aug 28 06:22:30.343248 2026] [wsgi:error] [pid 12:tid 139961245312704] framework. For more detail see
[Fri Aug 28 06:22:30.343249 2026] [wsgi:error] [pid 12:tid 139961245312704] https://eventlet.readthedocs.io/en/latest/asyncio/migration.html
[Fri Aug 28 06:22:30.343250 2026] [wsgi:error] [pid 12:tid 139961245312704]
[Fri Aug 28 06:22:30.343251 2026] [wsgi:error] [pid 12:tid 139961245312704] __import__(import_str) 10.0.0.187 - - [28/Aug/2026:06:22:29 +0000] "GET / HTTP/1.1" 300 295
[Fri Aug 28 06:22:34.942837 2026] [wsgi:error] [pid 11:tid 139961245312704] [remote 10.0.0.187:50360] 2026-08-28 06:22:34.940 11 WARNING keystone.identity.core [None req-23c882e1-5784-4c12-a66d-60cf24509f0e - - - - - -] Invalid domain name (atmosphere) found in config file name: keystone.exception.DomainNotFound: Could not find domain: atmosphere.
[Fri Aug 28 06:22:35.021919 2026] [wsgi:error] [pid 11:tid 139961245312704] [remote 10.0.0.187:50360] 2026-08-28 06:22:35.021 11 WARNING keystone.common.password_hashing [None req-23c882e1-5784-4c12-a66d-60cf24509f0e - - - - - -] Truncating password to algorithm specific maximum length 72 characters.
[Fri Aug 28 06:22:35.326600 2026] [wsgi:error] [pid 11:tid 139961245312704] [remote 10.0.0.187:50360] 2026-08-28 06:22:35.326 11 WARNING keystone.common.fernet_utils [None req-23c882e1-5784-4c12-a66d-60cf24509f0e - - - - - -] key_repository is world readable: /etc/keystone/fernet-keys/ 10.0.0.187 - - [28/Aug/2026:06:22:34 +0000] "POST /v3/auth/tokens HTTP/1.1" 201 1359
[Fri Aug 28 06:22:35.748972 2026] [wsgi:error] [pid 10:tid 139961245312704] [remote 10.0.0.187:50360] 2026-08-28 06:22:35.746 10 WARNING keystone.identity.core [None req-0638556d-a11e-4fcc-9062-cc7b12f056e2 - - - - - -] Invalid domain name (atmosphere) found in config file name: keystone.exception.DomainNotFound: Could not find domain: atmosphere. 10.0.0.187 - - [28/Aug/2026:06:22:35 +0000] "POST /v3/domains HTTP/1.1" 201 261 10.0.0.153 - - [28/Aug/2026:06:22:47 +0000] "GET / HTTP/1.1" 300 295
[Fri Aug 28 06:22:48.160477 2026] [wsgi:error] [pid 12:tid 139961245312704] [remote 10.0.0.153:47790] 2026-08-28 06:22:48.160 12 WARNING keystone.common.password_hashing [None req-9059a004-63e7-4f6d-a9d1-f6a6217fb6a4 - - - - - -] Truncating password to algorithm specific maximum length 72 characters.
[Fri Aug 28 06:22:48.430346 2026] [wsgi:error] [pid 12:tid 139961245312704] [remote 10.0.0.153:47790] 2026-08-28 06:22:48.430 12 WARNING keystone.common.fernet_utils [None req-9059a004-63e7-4f6d-a9d1-f6a6217fb6a4 - - - - - -] key_repository is world readable: /etc/keystone/fernet-keys/ 10.0.0.153 - - [28/Aug/2026:06:22:47 +0000] "POST /v3/auth/tokens HTTP/1.1" 201 1359 10.0.0.153 - - [28/Aug/2026:06:22:48 +0000] "GET /v3/roles/admin HTTP/1.1" 404 83
[Fri Aug 28 06:22:48.695155 2026] [wsgi:error] [pid 10:tid 139961245312704] [remote 10.0.0.153:47790] 2026-08-28 06:22:48.694 10 WARNING keystone.common.rbac_enforcer.enforcer [None req-a00f4fa9-9ef5-40d4-b650-e2aa54e71eeb 4f2c363458a941399f0ff0470d0613c5 bd7131ee2d1f4714befe0a58398e3e7b - - default default] Deprecated policy rules found. Use oslopolicy-policy-generator and oslopolicy-policy-upgrade to detect and resolve deprecated policies in your configuration. 10.0.0.153 - - [28/Aug/2026:06:22:48 +0000] "GET /v3/roles?name=admin HTTP/1.1" 200 389
[Fri Aug 28 06:22:49.244102 2026] [wsgi:error] [pid 9:tid 139961245312704] [remote 10.0.0.153:47790] 2026-08-28 06:22:49.243 9 WARNING keystone.common.rbac_enforcer.enforcer [None req-039f2e22-dd8f-4b79-a3c7-68c5e682559b 4f2c363458a941399f0ff0470d0613c5 bd7131ee2d1f4714befe0a58398e3e7b - - default default] Deprecated policy rules found. Use oslopolicy-policy-generator and oslopolicy-policy-upgrade to detect and resolve deprecated policies in your configuration. 10.0.0.153 - - [28/Aug/2026:06:22:48 +0000] "GET /v3/users/admin-RegionOne HTTP/1.1" 404 93
[Fri Aug 28 06:22:49.426380 2026] [wsgi:error] [pid 12:tid 139961245312704] [remote 10.0.0.153:47790] 2026-08-28 06:22:49.426 12 WARNING keystone.common.rbac_enforcer.enforcer [None req-6acb298b-e544-4690-a754-25ab8456a093 4f2c363458a941399f0ff0470d0613c5 bd7131ee2d1f4714befe0a58398e3e7b - - default default] Deprecated policy rules found. Use oslopolicy-policy-generator and oslopolicy-policy-upgrade to detect and resolve deprecated policies in your configuration. 10.0.0.153 - - [28/Aug/2026:06:22:49 +0000] "GET /v3/users?name=admin-RegionOne HTTP/1.1" 200 422
[Fri Aug 28 06:22:49.674684 2026] [wsgi:error] [pid 11:tid 139961245312704] [remote 10.0.0.153:47790] 2026-08-28 06:22:49.674 11 WARNING keystone.common.rbac_enforcer.enforcer [None req-eb517a78-4362-48ba-aed2-1eb542d905cd 4f2c363458a941399f0ff0470d0613c5 bd7131ee2d1f4714befe0a58398e3e7b - - default default] Deprecated policy rules found. Use oslopolicy-policy-generator and oslopolicy-policy-upgrade to detect and resolve deprecated policies in your configuration. 10.0.0.153 - - [28/Aug/2026:06:22:49 +0000] "GET /v3/domains/default HTTP/1.1" 200 224 10.0.0.153 - - [28/Aug/2026:06:22:49 +0000] "PUT /v3/domains/default/users/4f2c363458a941399f0ff0470d0613c5/roles/25885475eaf049e5a07ac4a55791c41c HTTP/1.1" 204 - 10.0.0.1 - - [28/Aug/2026:06:23:00 +0000] "GET / HTTP/1.1" 300 280 10.0.0.1 - - [28/Aug/2026:06:23:01 +0000] "GET /v3 HTTP/1.1" 200 265
[Fri Aug 28 06:23:01.976089 2026] [wsgi:error] [pid 11:tid 139961245312704] [remote 10.0.0.1:56058] 2026-08-28 06:23:01.975 11 WARNING keystone.common.password_hashing [None req-102cc08a-96c1-4858-aa1f-5a5ac8dbd702 - - - - - -] Truncating password to algorithm specific maximum length 72 characters.
[Fri Aug 28 06:23:02.263842 2026] [wsgi:error] [pid 11:tid 139961245312704] [remote 10.0.0.1:56058] 2026-08-28 06:23:02.263 11 WARNING keystone.common.fernet_utils [None req-102cc08a-96c1-4858-aa1f-5a5ac8dbd702 - - - - - -] key_repository is world readable: /etc/keystone/fernet-keys/ 10.0.0.1 - - [28/Aug/2026:06:23:01 +0000] "POST /v3/auth/tokens HTTP/1.1" 201 1359 10.0.0.1 - - [28/Aug/2026:06:23:02 +0000] "GET / HTTP/1.1" 300 280 10.0.0.1 - - [28/Aug/2026:06:23:02 +0000] "GET /v3/domains/atmosphere HTTP/1.1" 404 90 10.0.0.1 - - [28/Aug/2026:06:23:02 +0000] "GET /v3/domains?name=atmosphere HTTP/1.1" 200 368 10.0.0.1 - - [28/Aug/2026:06:23:02 +0000] "GET /v3/domains/a3ce918a823b4df0a1f9d36048262566 HTTP/1.1" 200 246 10.0.0.1 - - [28/Aug/2026:06:23:03 +0000] "GET /v3 HTTP/1.1" 200 265
[Fri Aug 28 06:23:03.515302 2026] [wsgi:error] [pid 9:tid 139961245312704] [remote 10.0.0.1:56060] 2026-08-28 06:23:03.514 9 WARNING keystone.common.password_hashing [None req-6567c853-e9df-49be-a75c-aa2e824b1920 - - - - - -] Truncating password to algorithm specific maximum length 72 characters.
[Fri Aug 28 06:23:03.810122 2026] [wsgi:error] [pid 9:tid 139961245312704] [remote 10.0.0.1:56060] 2026-08-28 06:23:03.809 9 WARNING keystone.common.fernet_utils [None req-6567c853-e9df-49be-a75c-aa2e824b1920 - - - - - -] key_repository is world readable: /etc/keystone/fernet-keys/ 10.0.0.1 - - [28/Aug/2026:06:23:03 +0000] "POST /v3/auth/tokens HTTP/1.1" 201 1359 10.0.0.1 - - [28/Aug/2026:06:23:03 +0000] "GET / HTTP/1.1" 300 280 10.0.0.1 - - [28/Aug/2026:06:23:03 +0000] "GET /v3/OS-FEDERATION/identity_providers/atmosphere HTTP/1.1" 404 101 10.0.0.1 - - [28/Aug/2026:06:23:03 +0000] "GET /v3/OS-FEDERATION/identity_providers HTTP/1.1" 200 155 10.0.0.1 - - [28/Aug/2026:06:23:03 +0000] "PUT /v3/OS-FEDERATION/identity_providers/atmosphere HTTP/1.1" 201 340 10.0.0.1 - - [28/Aug/2026:06:23:04 +0000] "GET /v3 HTTP/1.1" 200 265
[Fri Aug 28 06:23:04.712443 2026] [wsgi:error] [pid 11:tid 139961245312704] [remote 10.0.0.1:56058] 2026-08-28 06:23:04.712 11 WARNING keystone.common.password_hashing [None req-e291882c-612c-4f89-bb6c-f02cb7a4ea00 - - - - - -] Truncating password to algorithm specific maximum length 72 characters.
[Fri Aug 28 06:23:05.002657 2026] [wsgi:error] [pid 11:tid 139961245312704] [remote 10.0.0.1:56058] 2026-08-28 06:23:05.002 11 WARNING keystone.common.fernet_utils [None req-e291882c-612c-4f89-bb6c-f02cb7a4ea00 - - - - - -] key_repository is world readable: /etc/keystone/fernet-keys/ 10.0.0.1 - - [28/Aug/2026:06:23:04 +0000] "POST /v3/auth/tokens HTTP/1.1" 201 1359 10.0.0.1 - - [28/Aug/2026:06:23:05 +0000] "GET / HTTP/1.1" 300 280 10.0.0.1 - - [28/Aug/2026:06:23:05 +0000] "GET /v3/OS-FEDERATION/mappings/atmosphere-openid HTTP/1.1" 404 98 10.0.0.1 - - [28/Aug/2026:06:23:05 +0000] "GET /v3/OS-FEDERATION/mappings HTTP/1.1" 200 135 10.0.0.1 - - [28/Aug/2026:06:23:05 +0000] "PUT /v3/OS-FEDERATION/mappings/atmosphere-openid HTTP/1.1" 201 356 10.0.0.1 - - [28/Aug/2026:06:23:05 +0000] "GET /v3 HTTP/1.1" 200 265
[Fri Aug 28 06:23:05.974543 2026] [wsgi:error] [pid 9:tid 139961245312704] [remote 10.0.0.1:56060] 2026-08-28 06:23:05.974 9 WARNING keystone.common.password_hashing [None req-0d5fc701-1f05-4a3f-99fd-bb8db24f3396 - - - - - -] Truncating password to algorithm specific maximum length 72 characters.
[Fri Aug 28 06:23:06.271279 2026] [wsgi:error] [pid 9:tid 139961245312704] [remote 10.0.0.1:56060] 2026-08-28 06:23:06.271 9 WARNING keystone.common.fernet_utils [None req-0d5fc701-1f05-4a3f-99fd-bb8db24f3396 - - - - - -] key_repository is world readable: /etc/keystone/fernet-keys/ 10.0.0.1 - - [28/Aug/2026:06:23:05 +0000] "POST /v3/auth/tokens HTTP/1.1" 201 1359 10.0.0.1 - - [28/Aug/2026:06:23:06 +0000] "GET / HTTP/1.1" 300 280 10.0.0.1 - - [28/Aug/2026:06:23:06 +0000] "GET /v3/OS-FEDERATION/identity_providers/atmosphere/protocols/openid?idp_id=atmosphere HTTP/1.1" 404 131 10.0.0.1 - - [28/Aug/2026:06:23:06 +0000] "GET /v3/OS-FEDERATION/identity_providers/atmosphere/protocols HTTP/1.1" 200 167 10.0.0.1 - - [28/Aug/2026:06:23:06 +0000] "PUT /v3/OS-FEDERATION/identity_providers/atmosphere/protocols/openid HTTP/1.1" 201 222 10.0.0.1 - - [28/Aug/2026:06:23:17 +0000] "GET /v3/ HTTP/1.1" 200 250 10.0.0.1 - - [28/Aug/2026:06:23:17 +0000] "GET /v3/ HTTP/1.1" 200 250 10.0.0.1 - - [28/Aug/2026:06:24:17 +0000] "GET /v3/ HTTP/1.1" 200 250 10.0.0.1 - - [28/Aug/2026:06:24:17 +0000] "GET /v3/ HTTP/1.1" 200 250 10.0.0.16 - - [28/Aug/2026:06:24:34 +0000] "GET / HTTP/1.1" 300 295
[Fri Aug 28 06:24:34.938761 2026] [wsgi:error] [pid 11:tid 139961245312704] [remote 10.0.0.16:54446] 2026-08-28 06:24:34.938 11 WARNING keystone.common.password_hashing [None req-6f9be68e-84e4-4200-8fc8-be51e073f7e6 - - - - - -] Truncating password to algorithm specific maximum length 72 characters.
[Fri Aug 28 06:24:35.229609 2026] [wsgi:error] [pid 11:tid 139961245312704] [remote 10.0.0.16:54446] 2026-08-28 06:24:35.229 11 WARNING keystone.common.fernet_utils [None req-6f9be68e-84e4-4200-8fc8-be51e073f7e6 - - - - - -] key_repository is world readable: /etc/keystone/fernet-keys/ 10.0.0.16 - - [28/Aug/2026:06:24:34 +0000] "POST /v3/auth/tokens HTTP/1.1" 201 1359 10.0.0.16 - - [28/Aug/2026:06:24:35 +0000] "GET /v3/services HTTP/1.1" 200 355 10.0.0.16 - - [28/Aug/2026:06:24:39 +0000] "GET / HTTP/1.1" 300 295
[Fri Aug 28 06:24:39.197234 2026] [wsgi:error] [pid 12:tid 139961245312704] [remote 10.0.0.16:39322] 2026-08-28 06:24:39.196 12 WARNING keystone.common.password_hashing [None req-06e2eb88-e01e-408d-bf6d-43975ac3a52a - - - - - -] Truncating password to algorithm specific maximum length 72 characters.
[Fri Aug 28 06:24:39.543869 2026] [wsgi:error] [pid 12:tid 139961245312704] [remote 10.0.0.16:39322] 2026-08-28 06:24:39.543 12 WARNING keystone.common.fernet_utils [None req-06e2eb88-e01e-408d-bf6d-43975ac3a52a - - - - - -] key_repository is world readable: /etc/keystone/fernet-keys/ 10.0.0.16 - - [28/Aug/2026:06:24:39 +0000] "POST /v3/auth/tokens HTTP/1.1" 201 1359 10.0.0.16 - - [28/Aug/2026:06:24:39 +0000] "GET /v3/services HTTP/1.1" 200 355 10.0.0.16 - - [28/Aug/2026:06:24:43 +0000] "GET / HTTP/1.1" 300 295
[Fri Aug 28 06:24:43.187714 2026] [wsgi:error] [pid 9:tid 139961245312704] [remote 10.0.0.16:39326] 2026-08-28 06:24:43.187 9 WARNING keystone.common.password_hashing [None req-201f8496-bf30-445d-b616-dd267fdbd290 - - - - - -] Truncating password to algorithm specific maximum length 72 characters.
[Fri Aug 28 06:24:43.490436 2026] [wsgi:error] [pid 9:tid 139961245312704] [remote 10.0.0.16:39326] 2026-08-28 06:24:43.490 9 WARNING keystone.common.fernet_utils [None req-201f8496-bf30-445d-b616-dd267fdbd290 - - - - - -] key_repository is world readable: /etc/keystone/fernet-keys/ 10.0.0.16 - - [28/Aug/2026:06:24:43 +0000] "POST /v3/auth/tokens HTTP/1.1" 201 1359 10.0.0.16 - - [28/Aug/2026:06:24:43 +0000] "GET /v3/services HTTP/1.1" 200 355 10.0.0.16 - - [28/Aug/2026:06:24:47 +0000] "GET / HTTP/1.1" 300 295
[Fri Aug 28 06:24:47.271360 2026] [wsgi:error] [pid 10:tid 139961245312704] [remote 10.0.0.16:39328] 2026-08-28 06:24:47.270 10 WARNING keystone.common.password_hashing [None req-d7674407-e2c4-4111-be9c-0164bf033a8e - - - - - -] Truncating password to algorithm specific maximum length 72 characters.
[Fri Aug 28 06:24:47.562816 2026] [wsgi:error] [pid 10:tid 139961245312704] [remote 10.0.0.16:39328] 2026-08-28 06:24:47.562 10 WARNING keystone.common.fernet_utils [None req-d7674407-e2c4-4111-be9c-0164bf033a8e - - - - - -] key_repository is world readable: /etc/keystone/fernet-keys/ 10.0.0.16 - - [28/Aug/2026:06:24:47 +0000] "POST /v3/auth/tokens HTTP/1.1" 201 1359 10.0.0.16 - - [28/Aug/2026:06:24:47 +0000] "POST /v3/services HTTP/1.1" 201 296 10.0.0.3 - - [28/Aug/2026:06:25:00 +0000] "GET / HTTP/1.1" 300 295
[Fri Aug 28 06:25:00.405115 2026] [wsgi:error] [pid 11:tid 139961245312704] [remote 10.0.0.3:59068] 2026-08-28 06:25:00.404 11 WARNING keystone.common.password_hashing [None req-6140a3c5-399e-4a98-a671-cfe08234ee1d - - - - - -] Truncating password to algorithm specific maximum length 72 characters. 10.0.0.3 - - [28/Aug/2026:06:25:00 +0000] "GET / HTTP/1.1" 300 295
[Fri Aug 28 06:25:00.527758 2026] [wsgi:error] [pid 9:tid 139961245312704] [remote 10.0.0.3:59074] 2026-08-28 06:25:00.527 9 WARNING keystone.common.password_hashing [None req-76eb0b31-0893-4719-9861-e7a2ece3adc8 - - - - - -] Truncating password to algorithm specific maximum length 72 characters. 10.0.0.3 - - [28/Aug/2026:06:25:00 +0000] "GET / HTTP/1.1" 300 295
[Fri Aug 28 06:25:00.668262 2026] [wsgi:error] [pid 10:tid 139961245312704] [remote 10.0.0.3:59084] 2026-08-28 06:25:00.668 10 WARNING keystone.common.password_hashing [None req-60957623-6139-44cd-8857-acef2822792f - - - - - -] Truncating password to algorithm specific maximum length 72 characters.
[Fri Aug 28 06:25:00.687343 2026] [wsgi:error] [pid 11:tid 139961245312704] [remote 10.0.0.3:59068] 2026-08-28 06:25:00.687 11 WARNING keystone.common.fernet_utils [None req-6140a3c5-399e-4a98-a671-cfe08234ee1d - - - - - -] key_repository is world readable: /etc/keystone/fernet-keys/ 10.0.0.3 - - [28/Aug/2026:06:25:00 +0000] "POST /v3/auth/tokens HTTP/1.1" 201 1463 10.0.0.3 - - [28/Aug/2026:06:25:00 +0000] "GET /v3/services HTTP/1.1" 200 639
[Fri Aug 28 06:25:00.829121 2026] [wsgi:error] [pid 9:tid 139961245312704] [remote 10.0.0.3:59074] 2026-08-28 06:25:00.828 9 WARNING keystone.common.fernet_utils [None req-76eb0b31-0893-4719-9861-e7a2ece3adc8 - - - - - -] key_repository is world readable: /etc/keystone/fernet-keys/ 10.0.0.3 - - [28/Aug/2026:06:25:00 +0000] "POST /v3/auth/tokens HTTP/1.1" 201 1463 10.0.0.3 - - [28/Aug/2026:06:25:00 +0000] "GET /v3/services HTTP/1.1" 200 639
[Fri Aug 28 06:25:00.997266 2026] [wsgi:error] [pid 10:tid 139961245312704] [remote 10.0.0.3:59084] 2026-08-28 06:25:00.997 10 WARNING keystone.common.fernet_utils [None req-60957623-6139-44cd-8857-acef2822792f - - - - - -] key_repository is world readable: /etc/keystone/fernet-keys/ 10.0.0.3 - - [28/Aug/2026:06:25:00 +0000] "POST /v3/auth/tokens HTTP/1.1" 201 1463 10.0.0.3 - - [28/Aug/2026:06:25:01 +0000] "GET /v3/services HTTP/1.1" 200 639 10.0.0.3 - - [28/Aug/2026:06:25:02 +0000] "GET / HTTP/1.1" 300 295
[Fri Aug 28 06:25:02.482861 2026] [wsgi:error] [pid 11:tid 139961245312704] [remote 10.0.0.3:59100] 2026-08-28 06:25:02.482 11 WARNING keystone.common.password_hashing [None req-3db0b39d-ae9c-4566-b717-7d16631effdc - - - - - -] Truncating password to algorithm specific maximum length 72 characters. 10.0.0.3 - - [28/Aug/2026:06:25:02 +0000] "GET / HTTP/1.1" 300 295 10.0.0.3 - - [28/Aug/2026:06:25:02 +0000] "GET / HTTP/1.1" 300 295
[Fri Aug 28 06:25:02.637944 2026] [wsgi:error] [pid 12:tid 139961245312704] [remote 10.0.0.3:59108] 2026-08-28 06:25:02.637 12 WARNING keystone.common.password_hashing [None req-79c1efac-1046-4ed3-9973-53d8376650bd - - - - - -] Truncating password to algorithm specific maximum length 72 characters.
[Fri Aug 28 06:25:02.661573 2026] [wsgi:error] [pid 10:tid 139961245312704] [remote 10.0.0.3:59112] 2026-08-28 06:25:02.661 10 WARNING keystone.common.password_hashing [None req-d1d048d4-d782-4388-9a84-181180dad82f - - - - - -] Truncating password to algorithm specific maximum length 72 characters.
[Fri Aug 28 06:25:02.811912 2026] [wsgi:error] [pid 11:tid 139961245312704] [remote 10.0.0.3:59100] 2026-08-28 06:25:02.811 11 WARNING keystone.common.fernet_utils [None req-3db0b39d-ae9c-4566-b717-7d16631effdc - - - - - -] key_repository is world readable: /etc/keystone/fernet-keys/ 10.0.0.3 - - [28/Aug/2026:06:25:02 +0000] "POST /v3/auth/tokens HTTP/1.1" 201 1463
[Fri Aug 28 06:25:02.929614 2026] [wsgi:error] [pid 12:tid 139961245312704] [remote 10.0.0.3:59108] 2026-08-28 06:25:02.929 12 WARNING keystone.common.fernet_utils [None req-79c1efac-1046-4ed3-9973-53d8376650bd - - - - - -] key_repository is world readable: /etc/keystone/fernet-keys/ 10.0.0.3 - - [28/Aug/2026:06:25:02 +0000] "POST /v3/auth/tokens HTTP/1.1" 201 1463
[Fri Aug 28 06:25:02.965788 2026] [wsgi:error] [pid 10:tid 139961245312704] [remote 10.0.0.3:59112] 2026-08-28 06:25:02.965 10 WARNING keystone.common.fernet_utils [None req-d1d048d4-d782-4388-9a84-181180dad82f - - - - - -] key_repository is world readable: /etc/keystone/fernet-keys/ 10.0.0.3 - - [28/Aug/2026:06:25:02 +0000] "POST /v3/auth/tokens HTTP/1.1" 201 1463 10.0.0.3 - - [28/Aug/2026:06:25:02 +0000] "GET /v3/endpoints HTTP/1.1" 200 1226 10.0.0.3 - - [28/Aug/2026:06:25:02 +0000] "GET /v3/services/5e57d54fd97e48bf83d6ebeffb9711ad HTTP/1.1" 200 233 10.0.0.3 - - [28/Aug/2026:06:25:03 +0000] "GET /v3/services/5e57d54fd97e48bf83d6ebeffb9711ad HTTP/1.1" 200 233 10.0.0.3 - - [28/Aug/2026:06:25:03 +0000] "GET /v3/services/5e57d54fd97e48bf83d6ebeffb9711ad HTTP/1.1" 200 233 10.0.0.3 - - [28/Aug/2026:06:25:03 +0000] "GET /v3/endpoints HTTP/1.1" 200 1226 10.0.0.3 - - [28/Aug/2026:06:25:03 +0000] "GET /v3/services/5e57d54fd97e48bf83d6ebeffb9711ad HTTP/1.1" 200 233 10.0.0.3 - - [28/Aug/2026:06:25:03 +0000] "GET /v3/endpoints HTTP/1.1" 200 1226 10.0.0.3 - - [28/Aug/2026:06:25:03 +0000] "GET /v3/services/5e57d54fd97e48bf83d6ebeffb9711ad HTTP/1.1" 200 233 10.0.0.3 - - [28/Aug/2026:06:25:03 +0000] "GET /v3/services/5e57d54fd97e48bf83d6ebeffb9711ad HTTP/1.1" 200 233 10.0.0.3 - - [28/Aug/2026:06:25:03 +0000] "GET /v3/services/5e57d54fd97e48bf83d6ebeffb9711ad HTTP/1.1" 200 233 10.0.0.3 - - [28/Aug/2026:06:25:03 +0000] "GET /v3/services/5e57d54fd97e48bf83d6ebeffb9711ad HTTP/1.1" 200 233 10.0.0.3 - - [28/Aug/2026:06:25:03 +0000] "GET /v3/services/5e57d54fd97e48bf83d6ebeffb9711ad HTTP/1.1" 200 233 10.0.0.3 - - [28/Aug/2026:06:25:04 +0000] "GET / HTTP/1.1" 300 295
[Fri Aug 28 06:25:04.707497 2026] [wsgi:error] [pid 12:tid 139961245312704] [remote 10.0.0.3:59114] 2026-08-28 06:25:04.706 12 WARNING keystone.common.password_hashing [None req-cac27c00-3a98-46b3-aba0-178b31451949 - - - - - -] Truncating password to algorithm specific maximum length 72 characters. 10.0.0.3 - - [28/Aug/2026:06:25:04 +0000] "GET / HTTP/1.1" 300 295
[Fri Aug 28 06:25:04.808408 2026] [wsgi:error] [pid 10:tid 139961245312704] [remote 10.0.0.3:59118] 2026-08-28 06:25:04.808 10 WARNING keystone.common.password_hashing [None req-340567ee-3dc0-473e-bdf1-767991fe984c - - - - - -] Truncating password to algorithm specific maximum length 72 characters. 10.0.0.3 - - [28/Aug/2026:06:25:04 +0000] "GET / HTTP/1.1" 300 295
[Fri Aug 28 06:25:04.880517 2026] [wsgi:error] [pid 11:tid 139961245312704] [remote 10.0.0.3:59122] 2026-08-28 06:25:04.880 11 WARNING keystone.common.password_hashing [None req-60d369c2-ec50-4ab8-9cc7-69d2c2e29677 - - - - - -] Truncating password to algorithm specific maximum length 72 characters.
[Fri Aug 28 06:25:05.000048 2026] [wsgi:error] [pid 12:tid 139961245312704] [remote 10.0.0.3:59114] 2026-08-28 06:25:04.999 12 WARNING keystone.common.fernet_utils [None req-cac27c00-3a98-46b3-aba0-178b31451949 - - - - - -] key_repository is world readable: /etc/keystone/fernet-keys/ 10.0.0.3 - - [28/Aug/2026:06:25:04 +0000] "POST /v3/auth/tokens HTTP/1.1" 201 1463
[Fri Aug 28 06:25:05.144247 2026] [wsgi:error] [pid 10:tid 139961245312704] [remote 10.0.0.3:59118] 2026-08-28 06:25:05.144 10 WARNING keystone.common.fernet_utils [None req-340567ee-3dc0-473e-bdf1-767991fe984c - - - - - -] key_repository is world readable: /etc/keystone/fernet-keys/ 10.0.0.3 - - [28/Aug/2026:06:25:04 +0000] "POST /v3/auth/tokens HTTP/1.1" 201 1463 10.0.0.3 - - [28/Aug/2026:06:25:05 +0000] "GET /v3/services/3f6a5197771e4b72aa41ea1d2587bfa7 HTTP/1.1" 200 296 10.0.0.3 - - [28/Aug/2026:06:25:05 +0000] "GET /v3/regions/RegionOne HTTP/1.1" 200 173
[Fri Aug 28 06:25:05.169053 2026] [wsgi:error] [pid 11:tid 139961245312704] [remote 10.0.0.3:59122] 2026-08-28 06:25:05.168 11 WARNING keystone.common.fernet_utils [None req-60d369c2-ec50-4ab8-9cc7-69d2c2e29677 - - - - - -] key_repository is world readable: /etc/keystone/fernet-keys/ 10.0.0.3 - - [28/Aug/2026:06:25:04 +0000] "POST /v3/auth/tokens HTTP/1.1" 201 1463 10.0.0.3 - - [28/Aug/2026:06:25:05 +0000] "POST /v3/endpoints HTTP/1.1" 201 383 10.0.0.3 - - [28/Aug/2026:06:25:05 +0000] "GET /v3/services/3f6a5197771e4b72aa41ea1d2587bfa7 HTTP/1.1" 200 296 10.0.0.3 - - [28/Aug/2026:06:25:05 +0000] "GET /v3/services/3f6a5197771e4b72aa41ea1d2587bfa7 HTTP/1.1" 200 296 10.0.0.3 - - [28/Aug/2026:06:25:05 +0000] "GET /v3/regions/RegionOne HTTP/1.1" 200 173 10.0.0.3 - - [28/Aug/2026:06:25:05 +0000] "GET /v3/regions/RegionOne HTTP/1.1" 200 173 10.0.0.3 - - [28/Aug/2026:06:25:05 +0000] "POST /v3/endpoints HTTP/1.1" 201 369 10.0.0.3 - - [28/Aug/2026:06:25:05 +0000] "POST /v3/endpoints HTTP/1.1" 201 380 10.0.0.3 - - [28/Aug/2026:06:25:06 +0000] "GET / HTTP/1.1" 300 295
[Fri Aug 28 06:25:06.622733 2026] [wsgi:error] [pid 10:tid 139961245312704] [remote 10.0.0.3:59132] 2026-08-28 06:25:06.622 10 WARNING keystone.common.password_hashing [None req-faa8ec02-6b06-4669-a5a8-43a2b48460db - - - - - -] Truncating password to algorithm specific maximum length 72 characters.
[Fri Aug 28 06:25:06.915068 2026] [wsgi:error] [pid 10:tid 139961245312704] [remote 10.0.0.3:59132] 2026-08-28 06:25:06.914 10 WARNING keystone.common.fernet_utils [None req-faa8ec02-6b06-4669-a5a8-43a2b48460db - - - - - -] key_repository is world readable: /etc/keystone/fernet-keys/ 10.0.0.3 - - [28/Aug/2026:06:25:06 +0000] "POST /v3/auth/tokens HTTP/1.1" 201 1990 10.0.0.3 - - [28/Aug/2026:06:25:06 +0000] "GET / HTTP/1.1" 300 295
[Fri Aug 28 06:25:06.979344 2026] [wsgi:error] [pid 12:tid 139961245312704] [remote 10.0.0.3:59136] 2026-08-28 06:25:06.978 12 WARNING keystone.common.password_hashing [None req-4f58f11a-2c2a-4c9f-9b3b-c94e8816da8b - - - - - -] Truncating password to algorithm specific maximum length 72 characters. 10.0.0.3 - - [28/Aug/2026:06:25:07 +0000] "GET / HTTP/1.1" 300 295 10.0.0.3 - - [28/Aug/2026:06:25:07 +0000] "GET /v3/endpoints/f742cbeaa032475a929a44c912f29bc0 HTTP/1.1" 200 383
[Fri Aug 28 06:25:07.081745 2026] [wsgi:error] [pid 9:tid 139961245312704] [remote 10.0.0.3:59140] 2026-08-28 06:25:07.080 9 WARNING keystone.common.password_hashing [None req-d794e7b7-d098-4c2e-8bb7-e01a6f18d090 - - - - - -] Truncating password to algorithm specific maximum length 72 characters. 10.0.0.3 - - [28/Aug/2026:06:25:07 +0000] "GET /v3/services/3f6a5197771e4b72aa41ea1d2587bfa7 HTTP/1.1" 200 296
[Fri Aug 28 06:25:07.262709 2026] [wsgi:error] [pid 12:tid 139961245312704] [remote 10.0.0.3:59136] 2026-08-28 06:25:07.262 12 WARNING keystone.common.fernet_utils [None req-4f58f11a-2c2a-4c9f-9b3b-c94e8816da8b - - - - - -] key_repository is world readable: /etc/keystone/fernet-keys/ 10.0.0.3 - - [28/Aug/2026:06:25:06 +0000] "POST /v3/auth/tokens HTTP/1.1" 201 1990
[Fri Aug 28 06:25:07.407550 2026] [wsgi:error] [pid 9:tid 139961245312704] [remote 10.0.0.3:59140] 2026-08-28 06:25:07.407 9 WARNING keystone.common.fernet_utils [None req-d794e7b7-d098-4c2e-8bb7-e01a6f18d090 - - - - - -] key_repository is world readable: /etc/keystone/fernet-keys/ 10.0.0.3 - - [28/Aug/2026:06:25:07 +0000] "POST /v3/auth/tokens HTTP/1.1" 201 1990 10.0.0.3 - - [28/Aug/2026:06:25:07 +0000] "GET /v3/endpoints/45c230a89c354195a10ebc042da30ad3 HTTP/1.1" 200 369 10.0.0.3 - - [28/Aug/2026:06:25:07 +0000] "GET /v3/services/3f6a5197771e4b72aa41ea1d2587bfa7 HTTP/1.1" 200 296 10.0.0.3 - - [28/Aug/2026:06:25:07 +0000] "GET /v3/endpoints/eb642015ab954f9696dd69b426d686af HTTP/1.1" 200 380 10.0.0.3 - - [28/Aug/2026:06:25:07 +0000] "GET /v3/services/3f6a5197771e4b72aa41ea1d2587bfa7 HTTP/1.1" 200 296 10.0.0.1 - - [28/Aug/2026:06:25:17 +0000] "GET /v3/ HTTP/1.1" 200 250 10.0.0.1 - - [28/Aug/2026:06:25:17 +0000] "GET /v3/ HTTP/1.1" 200 250 10.0.0.141 - - [28/Aug/2026:06:25:19 +0000] "GET / HTTP/1.1" 300 295
[Fri Aug 28 06:25:19.577726 2026] [wsgi:error] [pid 11:tid 139961245312704] [remote 10.0.0.141:59700] 2026-08-28 06:25:19.577 11 WARNING keystone.common.password_hashing [None req-391929ed-a2ce-4dfb-9f92-a952867145a8 - - - - - -] Truncating password to algorithm specific maximum length 72 characters.
[Fri Aug 28 06:25:19.918247 2026] [wsgi:error] [pid 11:tid 139961245312704] [remote 10.0.0.141:59700] 2026-08-28 06:25:19.918 11 WARNING keystone.common.fernet_utils [None req-391929ed-a2ce-4dfb-9f92-a952867145a8 - - - - - -] key_repository is world readable: /etc/keystone/fernet-keys/ 10.0.0.141 - - [28/Aug/2026:06:25:19 +0000] "POST /v3/auth/tokens HTTP/1.1" 201 1990 10.0.0.141 - - [28/Aug/2026:06:25:20 +0000] "POST /v3/domains HTTP/1.1" 201 284 10.0.0.141 - - [28/Aug/2026:06:25:21 +0000] "GET / HTTP/1.1" 300 295
[Fri Aug 28 06:25:21.739078 2026] [wsgi:error] [pid 10:tid 139961245312704] [remote 10.0.0.141:59708] 2026-08-28 06:25:21.738 10 WARNING keystone.common.password_hashing [None req-b5d05bad-8665-48d8-ac02-46d3a14c2bf8 - - - - - -] Truncating password to algorithm specific maximum length 72 characters.
[Fri Aug 28 06:25:22.035079 2026] [wsgi:error] [pid 10:tid 139961245312704] [remote 10.0.0.141:59708] 2026-08-28 06:25:22.034 10 WARNING keystone.common.fernet_utils [None req-b5d05bad-8665-48d8-ac02-46d3a14c2bf8 - - - - - -] key_repository is world readable: /etc/keystone/fernet-keys/ 10.0.0.141 - - [28/Aug/2026:06:25:21 +0000] "POST /v3/auth/tokens HTTP/1.1" 201 1990
[Fri Aug 28 06:25:22.248266 2026] [wsgi:error] [pid 11:tid 139961245312704] [remote 10.0.0.141:59708] 2026-08-28 06:25:22.221 11 ERROR keystone.server.flask.application [None req-f3c3e89a-f430-41d6-bb2f-f2659be9b9df 4f2c363458a941399f0ff0470d0613c5 bd7131ee2d1f4714befe0a58398e3e7b - - default default] Conflict occurred attempting to store project - it is not permitted to have two projects acting as domains with the same name: service.: keystone.exception.Conflict: Conflict occurred attempting to store project - it is not permitted to have two projects acting as domains with the same name: service.
[Fri Aug 28 06:25:22.248304 2026] [wsgi:error] [pid 11:tid 139961245312704] [remote 10.0.0.141:59708] 2026-08-28 06:25:22.221 11 ERROR keystone.server.flask.application
Traceback (most recent call last):
[Fri Aug 28 06:25:22.248309 2026] [wsgi:error] [pid 11:tid 139961245312704] [remote 10.0.0.141:59708] 2026-08-28 06:25:22.221 11 ERROR keystone.server.flask.application
File "/var/lib/openstack/lib/python3.12/site-packages/sqlalchemy/engine/base.py", line 1969, in _exec_single_context
[Fri Aug 28 06:25:22.248313 2026] [wsgi:error] [pid 11:tid 139961245312704] [remote 10.0.0.141:59708] 2026-08-28 06:25:22.221 11 ERROR keystone.server.flask.application self.dialect.do_execute(
[Fri Aug 28 06:25:22.248339 2026] [wsgi:error] [pid 11:tid 139961245312704] [remote 10.0.0.141:59708] 2026-08-28 06:25:22.221 11 ERROR keystone.server.flask.application
File "/var/lib/openstack/lib/python3.12/site-packages/sqlalchemy/engine/default.py", line 952, in do_execute
[Fri Aug 28 06:25:22.248343 2026] [wsgi:error] [pid 11:tid 139961245312704] [remote 10.0.0.141:59708] 2026-08-28 06:25:22.221 11 ERROR keystone.server.flask.application cursor.execute(statement, parameters)
[Fri Aug 28 06:25:22.248346 2026] [wsgi:error] [pid 11:tid 139961245312704] [remote 10.0.0.141:59708] 2026-08-28 06:25:22.221 11 ERROR keystone.server.flask.application
File "/var/lib/openstack/lib/python3.12/site-packages/pymysql/cursors.py", line 159, in execute
[Fri Aug 28 06:25:22.248350 2026] [wsgi:error] [pid 11:tid 139961245312704] [remote 10.0.0.141:59708] 2026-08-28 06:25:22.221 11 ERROR keystone.server.flask.application result = self._query(query)
[Fri Aug 28 06:25:22.248353 2026] [wsgi:error] [pid 11:tid 139961245312704] [remote 10.0.0.141:59708] 2026-08-28 06:25:22.221 11 ERROR keystone.server.flask.application ^^^^^^^^^^^^^^^^^^
[Fri Aug 28 06:25:22.248356 2026] [wsgi:error] [pid 11:tid 139961245312704] [remote 10.0.0.141:59708] 2026-08-28 06:25:22.221 11 ERROR keystone.server.flask.application
File "/var/lib/openstack/lib/python3.12/site-packages/pymysql/cursors.py", line 330, in _query
[Fri Aug 28 06:25:22.248360 2026] [wsgi:error] [pid 11:tid 139961245312704] [remote 10.0.0.141:59708] 2026-08-28 06:25:22.221 11 ERROR keystone.server.flask.application conn.query(q)
[Fri Aug 28 06:25:22.248363 2026] [wsgi:error] [pid 11:tid 139961245312704] [remote 10.0.0.141:59708] 2026-08-28 06:25:22.221 11 ERROR keystone.server.flask.application
File "/var/lib/openstack/lib/python3.12/site-packages/pymysql/connections.py", line 582, in query
[Fri Aug 28 06:25:22.248366 2026] [wsgi:error] [pid 11:tid 139961245312704] [remote 10.0.0.141:59708] 2026-08-28 06:25:22.221 11 ERROR keystone.server.flask.application self._affected_rows = self._read_query_result(unbuffered=unbuffered)
[Fri Aug 28 06:25:22.248369 2026] [wsgi:error] [pid 11:tid 139961245312704] [remote 10.0.0.141:59708] 2026-08-28 06:25:22.221 11 ERROR keystone.server.flask.application ^^^^^^^^^^^^^^^^^^^^^^^^^^^^^^^^^^^^^^^^^^^^^^
[Fri Aug 28 06:25:22.248373 2026] [wsgi:error] [pid 11:tid 139961245312704] [remote 10.0.0.141:59708] 2026-08-28 06:25:22.221 11 ERROR keystone.server.flask.application
File "/var/lib/openstack/lib/python3.12/site-packages/pymysql/connections.py", line 847, in _read_query_result
[Fri Aug 28 06:25:22.248392 2026] [wsgi:error] [pid 11:tid 139961245312704] [remote 10.0.0.141:59708] 2026-08-28 06:25:22.221 11 ERROR keystone.server.flask.application result.read()
[Fri Aug 28 06:25:22.248395 2026] [wsgi:error] [pid 11:tid 139961245312704] [remote 10.0.0.141:59708] 2026-08-28 06:25:22.221 11 ERROR keystone.server.flask.application
File "/var/lib/openstack/lib/python3.12/site-packages/pymysql/connections.py", line 1245, in read
[Fri Aug 28 06:25:22.248399 2026] [wsgi:error] [pid 11:tid 139961245312704] [remote 10.0.0.141:59708] 2026-08-28 06:25:22.221 11 ERROR keystone.server.flask.application first_packet = self.connection._read_packet()
[Fri Aug 28 06:25:22.248402 2026] [wsgi:error] [pid 11:tid 139961245312704] [remote 10.0.0.141:59708] 2026-08-28 06:25:22.221 11 ERROR keystone.server.flask.application ^^^^^^^^^^^^^^^^^^^^^^^^^^^^^^
[Fri Aug 28 06:25:22.248405 2026] [wsgi:error] [pid 11:tid 139961245312704] [remote 10.0.0.141:59708] 2026-08-28 06:25:22.221 11 ERROR keystone.server.flask.application
File "/var/lib/openstack/lib/python3.12/site-packages/pymysql/connections.py", line 803, in _read_packet
[Fri Aug 28 06:25:22.248408 2026] [wsgi:error] [pid 11:tid 139961245312704] [remote 10.0.0.141:59708] 2026-08-28 06:25:22.221 11 ERROR keystone.server.flask.application packet.raise_for_error()
[Fri Aug 28 06:25:22.248412 2026] [wsgi:error] [pid 11:tid 139961245312704] [remote 10.0.0.141:59708] 2026-08-28 06:25:22.221 11 ERROR keystone.server.flask.application
File "/var/lib/openstack/lib/python3.12/site-packages/pymysql/protocol.py", line 219, in raise_for_error
[Fri Aug 28 06:25:22.248416 2026] [wsgi:error] [pid 11:tid 139961245312704] [remote 10.0.0.141:59708] 2026-08-28 06:25:22.221 11 ERROR keystone.server.flask.application err.raise_mysql_exception(self._data)
[Fri Aug 28 06:25:22.248419 2026] [wsgi:error] [pid 11:tid 139961245312704] [remote 10.0.0.141:59708] 2026-08-28 06:25:22.221 11 ERROR keystone.server.flask.application
File "/var/lib/openstack/lib/python3.12/site-packages/pymysql/err.py", line 154, in raise_mysql_exception
[Fri Aug 28 06:25:22.248423 2026] [wsgi:error] [pid 11:tid 139961245312704] [remote 10.0.0.141:59708] 2026-08-28 06:25:22.221 11 ERROR keystone.server.flask.application raise errorclass(errno, errval, sqlstate=sqlstate)
[Fri Aug 28 06:25:22.248427 2026] [wsgi:error] [pid 11:tid 139961245312704] [remote 10.0.0.141:59708] 2026-08-28 06:25:22.221 11 ERROR keystone.server.flask.application pymysql.err.IntegrityError: (1062, "Duplicate entry '<>-service' for key 'project.ixu_project_name_domain_id'")
[Fri Aug 28 06:25:22.248431 2026] [wsgi:error] [pid 11:tid 139961245312704] [remote 10.0.0.141:59708] 2026-08-28 06:25:22.221 11 ERROR keystone.server.flask.application
[Fri Aug 28 06:25:22.248435 2026] [wsgi:error] [pid 11:tid 139961245312704] [remote 10.0.0.141:59708] 2026-08-28 06:25:22.221 11 ERROR keystone.server.flask.application The above exception was the direct cause of the following exception:
[Fri Aug 28 06:25:22.248439 2026] [wsgi:error] [pid 11:tid 139961245312704] [remote 10.0.0.141:59708] 2026-08-28 06:25:22.221 11 ERROR keystone.server.flask.application
[Fri Aug 28 06:25:22.248442 2026] [wsgi:error] [pid 11:tid 139961245312704] [remote 10.0.0.141:59708] 2026-08-28 06:25:22.221 11 ERROR keystone.server.flask.application
Traceback (most recent call last):
[Fri Aug 28 06:25:22.248445 2026] [wsgi:error] [pid 11:tid 139961245312704] [remote 10.0.0.141:59708] 2026-08-28 06:25:22.221 11 ERROR keystone.server.flask.application
File "/var/lib/openstack/lib/python3.12/site-packages/keystone/common/sql/core.py", line 575, in wrapper
[Fri Aug 28 06:25:22.248449 2026] [wsgi:error] [pid 11:tid 139961245312704] [remote 10.0.0.141:59708] 2026-08-28 06:25:22.221 11 ERROR keystone.server.flask.application return method(*args, **kwargs)
[Fri Aug 28 06:25:22.248453 2026] [wsgi:error] [pid 11:tid 139961245312704] [remote 10.0.0.141:59708] 2026-08-28 06:25:22.221 11 ERROR keystone.server.flask.application ^^^^^^^^^^^^^^^^^^^^^^^
[Fri Aug 28 06:25:22.248456 2026] [wsgi:error] [pid 11:tid 139961245312704] [remote 10.0.0.141:59708] 2026-08-28 06:25:22.221 11 ERROR keystone.server.flask.application
File "/var/lib/openstack/lib/python3.12/site-packages/keystone/resource/backends/sql.py", line 278, in create_project
[Fri Aug 28 06:25:22.248460 2026] [wsgi:error] [pid 11:tid 139961245312704] [remote 10.0.0.141:59708] 2026-08-28 06:25:22.221 11 ERROR keystone.server.flask.application with sql.session_for_write() as session:
[Fri Aug 28 06:25:22.248464 2026] [wsgi:error] [pid 11:tid 139961245312704] [remote 10.0.0.141:59708] 2026-08-28 06:25:22.221 11 ERROR keystone.server.flask.application
File "/usr/lib/python3.12/contextlib.py", line 144, in __exit__
[Fri Aug 28 06:25:22.248467 2026] [wsgi:error] [pid 11:tid 139961245312704] [remote 10.0.0.141:59708] 2026-08-28 06:25:22.221 11 ERROR keystone.server.flask.application next(self.gen)
[Fri Aug 28 06:25:22.248471 2026] [wsgi:error] [pid 11:tid 139961245312704] [remote 10.0.0.141:59708] 2026-08-28 06:25:22.221 11 ERROR keystone.server.flask.application
File "/var/lib/openstack/lib/python3.12/site-packages/oslo_db/sqlalchemy/enginefacade.py", line 1175, in _transaction_scope
[Fri Aug 28 06:25:22.248476 2026] [wsgi:error] [pid 11:tid 139961245312704] [remote 10.0.0.141:59708] 2026-08-28 06:25:22.221 11 ERROR keystone.server.flask.application with current._produce_block(
[Fri Aug 28 06:25:22.248480 2026] [wsgi:error] [pid 11:tid 139961245312704] [remote 10.0.0.141:59708] 2026-08-28 06:25:22.221 11 ERROR keystone.server.flask.application
File "/usr/lib/python3.12/contextlib.py", line 144, in __exit__
[Fri Aug 28 06:25:22.248483 2026] [wsgi:error] [pid 11:tid 139961245312704] [remote 10.0.0.141:59708] 2026-08-28 06:25:22.221 11 ERROR keystone.server.flask.application next(self.gen)
[Fri Aug 28 06:25:22.248487 2026] [wsgi:error] [pid 11:tid 139961245312704] [remote 10.0.0.141:59708] 2026-08-28 06:25:22.221 11 ERROR keystone.server.flask.application
File "/var/lib/openstack/lib/python3.12/site-packages/oslo_db/sqlalchemy/enginefacade.py", line 837, in _session
[Fri Aug 28 06:25:22.248491 2026] [wsgi:error] [pid 11:tid 139961245312704] [remote 10.0.0.141:59708] 2026-08-28 06:25:22.221 11 ERROR keystone.server.flask.application with excutils.save_and_reraise_exception():
[Fri Aug 28 06:25:22.248495 2026] [wsgi:error] [pid 11:tid 139961245312704] [remote 10.0.0.141:59708] 2026-08-28 06:25:22.221 11 ERROR keystone.server.flask.application
File "/var/lib/openstack/lib/python3.12/site-packages/oslo_utils/excutils.py", line 266, in __exit__
[Fri Aug 28 06:25:22.248499 2026] [wsgi:error] [pid 11:tid 139961245312704] [remote 10.0.0.141:59708] 2026-08-28 06:25:22.221 11 ERROR keystone.server.flask.application self.force_reraise()
[Fri Aug 28 06:25:22.248502 2026] [wsgi:error] [pid 11:tid 139961245312704] [remote 10.0.0.141:59708] 2026-08-28 06:25:22.221 11 ERROR keystone.server.flask.application
File "/var/lib/openstack/lib/python3.12/site-packages/oslo_utils/excutils.py", line 232, in force_reraise
[Fri Aug 28 06:25:22.248506 2026] [wsgi:error] [pid 11:tid 139961245312704] [remote 10.0.0.141:59708] 2026-08-28 06:25:22.221 11 ERROR keystone.server.flask.application raise self.value
[Fri Aug 28 06:25:22.248509 2026] [wsgi:error] [pid 11:tid 139961245312704] [remote 10.0.0.141:59708] 2026-08-28 06:25:22.221 11 ERROR keystone.server.flask.application
File "/var/lib/openstack/lib/python3.12/site-packages/oslo_db/sqlalchemy/enginefacade.py", line 835, in _session
[Fri Aug 28 06:25:22.248513 2026] [wsgi:error] [pid 11:tid 139961245312704] [remote 10.0.0.141:59708] 2026-08-28 06:25:22.221 11 ERROR keystone.server.flask.application self._end_session_transaction(self.session)
[Fri Aug 28 06:25:22.248517 2026] [wsgi:error] [pid 11:tid 139961245312704] [remote 10.0.0.141:59708] 2026-08-28 06:25:22.221 11 ERROR keystone.server.flask.application
File "/var/lib/openstack/lib/python3.12/site-packages/oslo_db/sqlalchemy/enginefacade.py", line 748, in _end_session_transaction
[Fri Aug 28 06:25:22.248521 2026] [wsgi:error] [pid 11:tid 139961245312704] [remote 10.0.0.141:59708] 2026-08-28 06:25:22.221 11 ERROR keystone.server.flask.application session.commit()
[Fri Aug 28 06:25:22.248524 2026] [wsgi:error] [pid 11:tid 139961245312704] [remote 10.0.0.141:59708] 2026-08-28 06:25:22.221 11 ERROR keystone.server.flask.application
File "/var/lib/openstack/lib/python3.12/site-packages/sqlalchemy/orm/session.py", line 2034, in commit
[Fri Aug 28 06:25:22.248528 2026] [wsgi:error] [pid 11:tid 139961245312704] [remote 10.0.0.141:59708] 2026-08-28 06:25:22.221 11 ERROR keystone.server.flask.application trans.commit(_to_root=True)
[Fri Aug 28 06:25:22.248531 2026] [wsgi:error] [pid 11:tid 139961245312704] [remote 10.0.0.141:59708] 2026-08-28 06:25:22.221 11 ERROR keystone.server.flask.application File "", line 2, in commit
[Fri Aug 28 06:25:22.248536 2026] [wsgi:error] [pid 11:tid 139961245312704] [remote 10.0.0.141:59708] 2026-08-28 06:25:22.221 11 ERROR keystone.server.flask.application
File "/var/lib/openstack/lib/python3.12/site-packages/sqlalchemy/orm/state_changes.py", line 137, in _go
[Fri Aug 28 06:25:22.248539 2026] [wsgi:error] [pid 11:tid 139961245312704] [remote 10.0.0.141:59708] 2026-08-28 06:25:22.221 11 ERROR keystone.server.flask.application ret_value = fn(self, *arg, **kw)
[Fri Aug 28 06:25:22.248544 2026] [wsgi:error] [pid 11:tid 139961245312704] [remote 10.0.0.141:59708] 2026-08-28 06:25:22.221 11 ERROR keystone.server.flask.application ^^^^^^^^^^^^^^^^^^^^
[Fri Aug 28 06:25:22.248547 2026] [wsgi:error] [pid 11:tid 139961245312704] [remote 10.0.0.141:59708] 2026-08-28 06:25:22.221 11 ERROR keystone.server.flask.application
File "/var/lib/openstack/lib/python3.12/site-packages/sqlalchemy/orm/session.py", line 1315, in commit
[Fri Aug 28 06:25:22.248550 2026] [wsgi:error] [pid 11:tid 139961245312704] [remote 10.0.0.141:59708] 2026-08-28 06:25:22.221 11 ERROR keystone.server.flask.application self._prepare_impl()
[Fri Aug 28 06:25:22.248554 2026] [wsgi:error] [pid 11:tid 139961245312704] [remote 10.0.0.141:59708] 2026-08-28 06:25:22.221 11 ERROR keystone.server.flask.application File "", line 2, in _prepare_impl
[Fri Aug 28 06:25:22.248557 2026] [wsgi:error] [pid 11:tid 139961245312704] [remote 10.0.0.141:59708] 2026-08-28 06:25:22.221 11 ERROR keystone.server.flask.application
File "/var/lib/openstack/lib/python3.12/site-packages/sqlalchemy/orm/state_changes.py", line 137, in _go
[Fri Aug 28 06:25:22.248562 2026] [wsgi:error] [pid 11:tid 139961245312704] [remote 10.0.0.141:59708] 2026-08-28 06:25:22.221 11 ERROR keystone.server.flask.application ret_value = fn(self, *arg, **kw)
[Fri Aug 28 06:25:22.248566 2026] [wsgi:error] [pid 11:tid 139961245312704] [remote 10.0.0.141:59708] 2026-08-28 06:25:22.221 11 ERROR keystone.server.flask.application ^^^^^^^^^^^^^^^^^^^^
[Fri Aug 28 06:25:22.248570 2026] [wsgi:error] [pid 11:tid 139961245312704] [remote 10.0.0.141:59708] 2026-08-28 06:25:22.221 11 ERROR keystone.server.flask.application
File "/var/lib/openstack/lib/python3.12/site-packages/sqlalchemy/orm/session.py", line 1290, in _prepare_impl
[Fri Aug 28 06:25:22.248574 2026] [wsgi:error] [pid 11:tid 139961245312704] [remote 10.0.0.141:59708] 2026-08-28 06:25:22.221 11 ERROR keystone.server.flask.application self.session.flush()
[Fri Aug 28 06:25:22.248577 2026] [wsgi:error] [pid 11:tid 139961245312704] [remote 10.0.0.141:59708] 2026-08-28 06:25:22.221 11 ERROR keystone.server.flask.application
File "/var/lib/openstack/lib/python3.12/site-packages/sqlalchemy/orm/session.py", line 4352, in flush
[Fri Aug 28 06:25:22.248581 2026] [wsgi:error] [pid 11:tid 139961245312704] [remote 10.0.0.141:59708] 2026-08-28 06:25:22.221 11 ERROR keystone.server.flask.application self._flush(objects)
[Fri Aug 28 06:25:22.248584 2026] [wsgi:error] [pid 11:tid 139961245312704] [remote 10.0.0.141:59708] 2026-08-28 06:25:22.221 11 ERROR keystone.server.flask.application
File "/var/lib/openstack/lib/python3.12/site-packages/sqlalchemy/orm/session.py", line 4487, in _flush
[Fri Aug 28 06:25:22.248588 2026] [wsgi:error] [pid 11:tid 139961245312704] [remote 10.0.0.141:59708] 2026-08-28 06:25:22.221 11 ERROR keystone.server.flask.application with util.safe_reraise():
[Fri Aug 28 06:25:22.248592 2026] [wsgi:error] [pid 11:tid 139961245312704] [remote 10.0.0.141:59708] 2026-08-28 06:25:22.221 11 ERROR keystone.server.flask.application
File "/var/lib/openstack/lib/python3.12/site-packages/sqlalchemy/util/langhelpers.py", line 122, in __exit__
[Fri Aug 28 06:25:22.248596 2026] [wsgi:error] [pid 11:tid 139961245312704] [remote 10.0.0.141:59708] 2026-08-28 06:25:22.221 11 ERROR keystone.server.flask.application raise exc_value.with_traceback(exc_tb)
[Fri Aug 28 06:25:22.248600 2026] [wsgi:error] [pid 11:tid 139961245312704] [remote 10.0.0.141:59708] 2026-08-28 06:25:22.221 11 ERROR keystone.server.flask.application
File "/var/lib/openstack/lib/python3.12/site-packages/sqlalchemy/orm/session.py", line 4448, in _flush
[Fri Aug 28 06:25:22.248604 2026] [wsgi:error] [pid 11:tid 139961245312704] [remote 10.0.0.141:59708] 2026-08-28 06:25:22.221 11 ERROR keystone.server.flask.application flush_context.execute()
[Fri Aug 28 06:25:22.248607 2026] [wsgi:error] [pid 11:tid 139961245312704] [remote 10.0.0.141:59708] 2026-08-28 06:25:22.221 11 ERROR keystone.server.flask.application
File "/var/lib/openstack/lib/python3.12/site-packages/sqlalchemy/orm/unitofwork.py", line 465, in execute
