2026-05-27 20:49:24.135 10 ERROR neutron.plugins.ml2.managers neutron_lib.exceptions.SubnetNotFound: Subnet fa8000a0-b02b-4708-85c4-d88ff314dffc could not be found.
2026-05-27 20:49:24.135 10 ERROR neutron.plugins.ml2.managers 
2026-05-27 20:49:24.135 10 ERROR neutron.plugins.ml2.managers [None req-5e76d9d6-809d-4425-911f-9a41abfd7c9c - - - - - -] Failed to bind port e7dbfe58-867f-4619-b209-e9e3f7dfba9c on host instance for vnic_type normal using segments [{'id': '5692a16f-92a9-4d7e-a21c-750e11de92dd', 'network_type': 'vxlan', 'physical_network': None, 'segmentation_id': 860, 'network_id': '5a044aca-4351-4d17-8a1b-1832a0bf840b'}]
2026-05-27 20:49:24.136 10 INFO neutron.plugins.ml2.plugin [None req-5e76d9d6-809d-4425-911f-9a41abfd7c9c - - - - - -] Attempt 10 to bind port e7dbfe58-867f-4619-b209-e9e3f7dfba9c
2026-05-27 20:49:24.184 10 ERROR neutron.plugins.ml2.managers [None req-5e76d9d6-809d-4425-911f-9a41abfd7c9c - - - - - -] Mechanism driver openvswitch failed in bind_port: neutron_lib.exceptions.SubnetNotFound: Subnet fa8000a0-b02b-4708-85c4-d88ff314dffc could not be found.
2026-05-27 20:49:24.184 10 ERROR neutron.plugins.ml2.managers
Traceback (most recent call last):
2026-05-27 20:49:24.184 10 ERROR neutron.plugins.ml2.managers
File "/var/lib/openstack/lib/python3.10/site-packages/neutron/plugins/ml2/managers.py", line 866, in _bind_port_level
2026-05-27 20:49:24.184 10 ERROR neutron.plugins.ml2.managers driver.obj.bind_port(context)
2026-05-27 20:49:24.184 10 ERROR neutron.plugins.ml2.managers
File "/var/lib/openstack/lib/python3.10/site-packages/neutron/plugins/ml2/drivers/openvswitch/mech_driver/mech_openvswitch.py", line 133, in bind_port
2026-05-27 20:49:24.184 10 ERROR neutron.plugins.ml2.managers super(OpenvswitchMechanismDriver, self).bind_port(context)
2026-05-27 20:49:24.184 10 ERROR neutron.plugins.ml2.managers
File "/var/lib/openstack/lib/python3.10/site-packages/neutron/plugins/ml2/drivers/mech_agent.py", line 104, in bind_port
2026-05-27 20:49:24.184 10 ERROR neutron.plugins.ml2.managers subnets = self.get_subnets_from_fixed_ips(context)
2026-05-27 20:49:24.184 10 ERROR neutron.plugins.ml2.managers
File "/var/lib/openstack/lib/python3.10/site-packages/neutron/plugins/ml2/drivers/mech_agent.py", line 149, in get_subnets_from_fixed_ips
2026-05-27 20:49:24.184 10 ERROR neutron.plugins.ml2.managers subnets.append(context._plugin.get_subnet(
2026-05-27 20:49:24.184 10 ERROR neutron.plugins.ml2.managers
File "/var/lib/openstack/lib/python3.10/site-packages/neutron_lib/db/api.py", line 223, in wrapped
2026-05-27 20:49:24.184 10 ERROR neutron.plugins.ml2.managers return f_with_retry(*args, **kwargs,
2026-05-27 20:49:24.184 10 ERROR neutron.plugins.ml2.managers
File "/var/lib/openstack/lib/python3.10/site-packages/neutron_lib/db/api.py", line 137, in wrapped
2026-05-27 20:49:24.184 10 ERROR neutron.plugins.ml2.managers with excutils.save_and_reraise_exception():
2026-05-27 20:49:24.184 10 ERROR neutron.plugins.ml2.managers
File "/var/lib/openstack/lib/python3.10/site-packages/oslo_utils/excutils.py", line 227, in __exit__
2026-05-27 20:49:24.184 10 ERROR neutron.plugins.ml2.managers self.force_reraise()
2026-05-27 20:49:24.184 10 ERROR neutron.plugins.ml2.managers
File "/var/lib/openstack/lib/python3.10/site-packages/oslo_utils/excutils.py", line 200, in force_reraise
2026-05-27 20:49:24.184 10 ERROR neutron.plugins.ml2.managers raise self.value
2026-05-27 20:49:24.184 10 ERROR neutron.plugins.ml2.managers
File "/var/lib/openstack/lib/python3.10/site-packages/neutron_lib/db/api.py", line 135, in wrapped
2026-05-27 20:49:24.184 10 ERROR neutron.plugins.ml2.managers return f(*args, **kwargs)
2026-05-27 20:49:24.184 10 ERROR neutron.plugins.ml2.managers
File "/var/lib/openstack/lib/python3.10/site-packages/oslo_db/api.py", line 144, in wrapper
2026-05-27 20:49:24.184 10 ERROR neutron.plugins.ml2.managers with excutils.save_and_reraise_exception() as ectxt:
2026-05-27 20:49:24.184 10 ERROR neutron.plugins.ml2.managers
File "/var/lib/openstack/lib/python3.10/site-packages/oslo_utils/excutils.py", line 227, in __exit__
2026-05-27 20:49:24.184 10 ERROR neutron.plugins.ml2.managers self.force_reraise()
2026-05-27 20:49:24.184 10 ERROR neutron.plugins.ml2.managers
File "/var/lib/openstack/lib/python3.10/site-packages/oslo_utils/excutils.py", line 200, in force_reraise
2026-05-27 20:49:24.184 10 ERROR neutron.plugins.ml2.managers raise self.value
2026-05-27 20:49:24.184 10 ERROR neutron.plugins.ml2.managers
File "/var/lib/openstack/lib/python3.10/site-packages/oslo_db/api.py", line 142, in wrapper
2026-05-27 20:49:24.184 10 ERROR neutron.plugins.ml2.managers return f(*args, **kwargs)
2026-05-27 20:49:24.184 10 ERROR neutron.plugins.ml2.managers
File "/var/lib/openstack/lib/python3.10/site-packages/neutron_lib/db/api.py", line 183, in wrapped
2026-05-27 20:49:24.184 10 ERROR neutron.plugins.ml2.managers with excutils.save_and_reraise_exception():
2026-05-27 20:49:24.184 10 ERROR neutron.plugins.ml2.managers
File "/var/lib/openstack/lib/python3.10/site-packages/oslo_utils/excutils.py", line 227, in __exit__
2026-05-27 20:49:24.184 10 ERROR neutron.plugins.ml2.managers self.force_reraise()
2026-05-27 20:49:24.184 10 ERROR neutron.plugins.ml2.managers
File "/var/lib/openstack/lib/python3.10/site-packages/oslo_utils/excutils.py", line 200, in force_reraise
2026-05-27 20:49:24.184 10 ERROR neutron.plugins.ml2.managers raise self.value
2026-05-27 20:49:24.184 10 ERROR neutron.plugins.ml2.managers
File "/var/lib/openstack/lib/python3.10/site-packages/neutron_lib/db/api.py", line 181, in wrapped
2026-05-27 20:49:24.184 10 ERROR neutron.plugins.ml2.managers return f(*dup_args, **dup_kwargs)
2026-05-27 20:49:24.184 10 ERROR neutron.plugins.ml2.managers
File "/var/lib/openstack/lib/python3.10/site-packages/neutron/db/db_base_plugin_v2.py", line 1198, in get_subnet
2026-05-27 20:49:24.184 10 ERROR neutron.plugins.ml2.managers subnet_obj = self._get_subnet_object(context, id)
2026-05-27 20:49:24.184 10 ERROR neutron.plugins.ml2.managers
File "/var/lib/openstack/lib/python3.10/site-packages/neutron/db/db_base_plugin_common.py", line 282, in _get_subnet_object
2026-05-27 20:49:24.184 10 ERROR neutron.plugins.ml2.managers raise exceptions.SubnetNotFound(subnet_id=id)
2026-05-27 20:49:24.184 10 ERROR neutron.plugins.ml2.managers neutron_lib.exceptions.SubnetNotFound: Subnet fa8000a0-b02b-4708-85c4-d88ff314dffc could not be found.
2026-05-27 20:49:24.184 10 ERROR neutron.plugins.ml2.managers 
2026-05-27 20:49:24.185 10 ERROR neutron.plugins.ml2.managers [None req-5e76d9d6-809d-4425-911f-9a41abfd7c9c - - - - - -] Failed to bind port e7dbfe58-867f-4619-b209-e9e3f7dfba9c on host instance for vnic_type normal using segments [{'id': '5692a16f-92a9-4d7e-a21c-750e11de92dd', 'network_type': 'vxlan', 'physical_network': None, 'segmentation_id': 860, 'network_id': '5a044aca-4351-4d17-8a1b-1832a0bf840b'}]
2026-05-27 20:49:24.249 10 INFO neutron.plugins.ml2.plugin [None req-25089af8-5eb3-4e1e-a31d-ad8aaf3aba87 - - - - - -] Attempt 1 to provision port 8ddc1e16-1ed7-4a64-ad61-04047ffa5a31
2026-05-27 20:49:24.863 10 INFO neutron.plugins.ml2.plugin [None req-bf20a48c-9158-4d15-a8a1-f38249697f11 - - - - - -] Attempt 1 to provision port 8ddc1e16-1ed7-4a64-ad61-04047ffa5a31
2026-05-27 20:49:28.831 9 INFO neutron.plugins.ml2.plugin [None req-bf20a48c-9158-4d15-a8a1-f38249697f11 - - - - - -] Attempt 1 to provision port c97beeb6-0db7-4b19-a887-567b54c7292f
2026-05-27 20:49:29.186 9 INFO neutron.plugins.ml2.plugin [None req-bf20a48c-9158-4d15-a8a1-f38249697f11 - - - - - -] Attempt 1 to provision port 2cd3ee47-3251-4f62-a2e5-2ddd484f8bf0
2026-05-27 20:49:30.850 10 INFO neutron.plugins.ml2.plugin [None req-bf20a48c-9158-4d15-a8a1-f38249697f11 - - - - - -] Attempt 1 to provision port c97beeb6-0db7-4b19-a887-567b54c7292f
2026-05-27 20:49:31.057 10 INFO neutron.plugins.ml2.plugin [None req-bf20a48c-9158-4d15-a8a1-f38249697f11 - - - - - -] Attempt 1 to provision port 2cd3ee47-3251-4f62-a2e5-2ddd484f8bf0
2026-05-27 20:49:31.314 10 INFO neutron.plugins.ml2.plugin [None req-bf20a48c-9158-4d15-a8a1-f38249697f11 - - - - - -] Attempt 1 to provision port 03bc29cb-9511-462f-8cbb-5db5bf517957
2026-05-27 20:49:31.642 10 INFO neutron.plugins.ml2.plugin [None req-bf20a48c-9158-4d15-a8a1-f38249697f11 - - - - - -] Attempt 1 to provision port 869e6d4f-1801-4ff0-9f74-ef7e0226ab91
2026-05-27 20:49:32.812 9 INFO neutron.plugins.ml2.plugin [None req-bf20a48c-9158-4d15-a8a1-f38249697f11 - - - - - -] Attempt 1 to provision port 03bc29cb-9511-462f-8cbb-5db5bf517957
2026-05-27 20:49:33.001 9 INFO neutron.plugins.ml2.plugin [None req-bf20a48c-9158-4d15-a8a1-f38249697f11 - - - - - -] Attempt 1 to provision port 869e6d4f-1801-4ff0-9f74-ef7e0226ab91
2026-05-27 20:49:36.876 10 INFO neutron.plugins.ml2.plugin [None req-967fb47f-9f1f-4183-bcf7-0af21b64b6dd - - - - - -] Attempt 1 to provision port 61c59fab-3c1f-4276-99c6-8926b9ac1cd9
2026-05-27 20:49:38.850 10 INFO neutron.plugins.ml2.plugin [None req-bf20a48c-9158-4d15-a8a1-f38249697f11 - - - - - -] Attempt 1 to provision port 0d928acd-faac-4171-a7de-2324b6dc472f
2026-05-27 20:49:39.094 9 INFO neutron.plugins.ml2.plugin [None req-7be6b0c5-707a-4c62-a5b9-fa2c846a2754 - - - - - -] Attempt 1 to provision port 431468fc-9d76-4863-8d8b-90d1213d2562
2026-05-27 20:49:39.547 10 INFO neutron.plugins.ml2.plugin [None req-7921c8b4-3e78-4ed0-b32a-5be7acc63892 - - - - - -] Attempt 1 to provision port 61c59fab-3c1f-4276-99c6-8926b9ac1cd9
2026-05-27 20:49:40.027 9 INFO neutron.plugins.ml2.plugin [None req-e3986822-39a9-425a-9fc9-1ac3ed1028bd - - - - - -] Attempt 1 to provision port 0d928acd-faac-4171-a7de-2324b6dc472f
2026-05-27 20:49:40.891 10 INFO neutron.notifiers.nova [-] Nova event matching ['req-3c505878-5ff4-4ac4-b23a-c35d8e17bb48'] response: {'server_uuid': '78d3a24e-f81d-4e0f-8e45-2ca84bd0aed6', 'name': 'network-vif-unplugged', 'status': 'completed', 'tag': '475a57a3-61a9-43bc-9d8b-106b71605322', 'code': 200}
2026-05-27 20:49:41.634 9 INFO neutron.plugins.ml2.plugin [None req-3b8d9ef7-9fdd-4eea-be6d-24264c4fcaa0 - - - - - -] Attempt 1 to provision port 3ab9e432-85f8-42c6-95b1-771308960e24
2026-05-27 20:49:41.851 10 INFO neutron.plugins.ml2.plugin [None req-bf20a48c-9158-4d15-a8a1-f38249697f11 - - - - - -] Attempt 1 to provision port 475a57a3-61a9-43bc-9d8b-106b71605322
2026-05-27 20:49:42.196 10 INFO neutron.plugins.ml2.plugin [None req-d5496e62-5d2d-4d67-b829-a1815a2e99da - - - - - -] Attempt 1 to provision port 3ab9e432-85f8-42c6-95b1-771308960e24
2026-05-27 20:49:42.321 10 INFO neutron.plugins.ml2.plugin [None req-bf20a48c-9158-4d15-a8a1-f38249697f11 - - - - - -] Attempt 1 to provision port 0d928acd-faac-4171-a7de-2324b6dc472f
2026-05-27 20:49:42.953 10 INFO neutron.notifiers.nova [-] Nova event matching ['req-37b30ede-2dfb-4c48-97f5-5d601517db25'] response: {'server_uuid': '78d3a24e-f81d-4e0f-8e45-2ca84bd0aed6', 'name': 'network-vif-plugged', 'status': 'completed', 'tag': '475a57a3-61a9-43bc-9d8b-106b71605322', 'code': 200}
2026-05-27 20:49:43.104 10 INFO neutron.plugins.ml2.plugin [None req-bf20a48c-9158-4d15-a8a1-f38249697f11 - - - - - -] Attempt 1 to provision port 475a57a3-61a9-43bc-9d8b-106b71605322
2026-05-27 20:49:43.339 10 INFO neutron.plugins.ml2.plugin [None req-bf20a48c-9158-4d15-a8a1-f38249697f11 - - - - - -] Attempt 1 to provision port 08a4b8fe-1522-4123-9216-68773223123a
2026-05-27 20:49:44.837 10 INFO neutron.plugins.ml2.plugin [None req-bf20a48c-9158-4d15-a8a1-f38249697f11 - - - - - -] Attempt 1 to provision port 08a4b8fe-1522-4123-9216-68773223123a
2026-05-27 20:49:48.993 10 INFO neutron.plugins.ml2.plugin [None req-bf20a48c-9158-4d15-a8a1-f38249697f11 - - - - - -] Attempt 1 to provision port 938e846c-0b9c-4dfe-a778-f8d53a82374f
2026-05-27 20:49:49.127 10 INFO neutron.notifiers.nova [-] Nova event matching ['req-c86d64de-989e-4c9f-9922-e172f8c07a2c'] response: {'server_uuid': '995c764e-2132-4db6-b4f1-d1fcc37fdc31', 'name': 'network-vif-plugged', 'status': 'completed', 'tag': '938e846c-0b9c-4dfe-a778-f8d53a82374f', 'code': 200}
2026-05-27 20:49:50.818 9 INFO neutron.plugins.ml2.plugin [None req-bf20a48c-9158-4d15-a8a1-f38249697f11 - - - - - -] Attempt 1 to provision port 938e846c-0b9c-4dfe-a778-f8d53a82374f
2026-05-27 20:49:52.063 9 INFO neutron.plugins.ml2.plugin [None req-25d8fee6-edb3-414a-b4d6-52ffbea9dc60 - - - - - -] Attempt 1 to provision port 75609ad6-c605-40d1-bf29-f1b77cd3ed2c
2026-05-27 20:49:52.818 9 INFO neutron.plugins.ml2.plugin [None req-26610128-bd3c-47c3-a201-8c237eb032c1 - - - - - -] Attempt 1 to provision port 039b6349-6266-448a-ab8d-2756446f3cd6
2026-05-27 20:49:52.927 10 INFO neutron.plugins.ml2.plugin [None req-bf20a48c-9158-4d15-a8a1-f38249697f11 - - - - - -] Attempt 1 to provision port 039b6349-6266-448a-ab8d-2756446f3cd6
2026-05-27 20:49:54.538 9 INFO neutron.plugins.ml2.plugin [None req-8f1b9943-3607-449f-b594-56c0bb909bbf - - - - - -] Attempt 1 to provision port a06de077-79fc-457e-b017-c200069a3f7c
2026-05-27 20:49:54.889 10 INFO neutron.plugins.ml2.plugin [None req-f70e68c0-0a4c-4139-bf26-22e053533154 - - - - - -] Attempt 1 to provision port a06de077-79fc-457e-b017-c200069a3f7c
2026-05-27 20:49:54.903 9 INFO neutron.plugins.ml2.plugin [None req-bf20a48c-9158-4d15-a8a1-f38249697f11 - - - - - -] Attempt 1 to provision port 039b6349-6266-448a-ab8d-2756446f3cd6
2026-05-27 20:49:55.268 9 INFO neutron.plugins.ml2.plugin [None req-bf20a48c-9158-4d15-a8a1-f38249697f11 - - - - - -] Attempt 1 to provision port 6dcfd680-a992-4343-a370-679e556f9060
2026-05-27 20:49:56.873 9 INFO neutron.plugins.ml2.plugin [None req-bf20a48c-9158-4d15-a8a1-f38249697f11 - - - - - -] Attempt 1 to provision port 6dcfd680-a992-4343-a370-679e556f9060 /var/lib/openstack/lib/python3.10/site-packages/oslo_db/sqlalchemy/enginefacade.py:667: SAWarning: DELETE statement on table 'portsecuritybindings' expected to delete 1 row(s); 0 were matched. Please set confirm_deleted_rows=False within the mapper configuration to prevent this warning. self.session.flush() /var/lib/openstack/lib/python3.10/site-packages/oslo_db/sqlalchemy/enginefacade.py:667: SAWarning: DELETE statement on table 'ml2_port_bindings' expected to delete 1 row(s); 0 were matched. Please set confirm_deleted_rows=False within the mapper configuration to prevent this warning. self.session.flush() /var/lib/openstack/lib/python3.10/site-packages/oslo_db/sqlalchemy/enginefacade.py:667: SAWarning: DELETE statement on table 'ml2_port_binding_levels' expected to delete 1 row(s); 0 were matched. Please set confirm_deleted_rows=False within the mapper configuration to prevent this warning. self.session.flush() /var/lib/openstack/lib/python3.10/site-packages/oslo_db/sqlalchemy/enginefacade.py:667: SAWarning: DELETE statement on table 'ports' expected to delete 1 row(s); 0 were matched. Please set confirm_deleted_rows=False within the mapper configuration to prevent this warning. self.session.flush()
2026-05-27 20:50:04.905 9 INFO neutron.plugins.ml2.plugin [None req-bf20a48c-9158-4d15-a8a1-f38249697f11 - - - - - -] Attempt 1 to provision port 476a61da-c5b0-439e-a5ff-e655cc57ac2b
2026-05-27 20:50:05.069 9 INFO neutron.notifiers.nova [-] Nova event matching ['req-4cd0b802-e0aa-4d61-9935-6e0ff09e8775'] response: {'server_uuid': '431653b1-c5ee-4f99-8378-b89054815c9b', 'name': 'network-vif-plugged', 'status': 'completed', 'tag': '476a61da-c5b0-439e-a5ff-e655cc57ac2b', 'code': 200}
2026-05-27 20:50:06.822 9 INFO neutron.plugins.ml2.plugin [None req-bf20a48c-9158-4d15-a8a1-f38249697f11 - - - - - -] Attempt 1 to provision port 476a61da-c5b0-439e-a5ff-e655cc57ac2b
2026-05-27 20:50:09.072 10 INFO neutron.notifiers.nova [-] Nova event matching ['req-88f777d2-8d77-4002-b2eb-c7c9ec181cb2'] response: {'server_uuid': '431653b1-c5ee-4f99-8378-b89054815c9b', 'name': 'network-vif-unplugged', 'status': 'completed', 'tag': '476a61da-c5b0-439e-a5ff-e655cc57ac2b', 'code': 200}
2026-05-27 20:50:09.192 10 INFO neutron.plugins.ml2.plugin [None req-ff59e77b-f7b2-4f3e-a690-cbfc6ea53053 - - - - - -] Attempt 1 to provision port 52e15e63-69af-4ea3-997d-8883763645de
2026-05-27 20:50:10.362 9 INFO neutron.plugins.ml2.plugin [None req-eb5690dc-63bf-4454-8edc-e4ef0f9fd465 - - - - - -] Attempt 1 to provision port ffa3bd06-a170-4cc9-a6e7-41e355f3f09e
2026-05-27 20:50:10.914 10 INFO neutron.plugins.ml2.plugin [None req-bf20a48c-9158-4d15-a8a1-f38249697f11 - - - - - -] Attempt 1 to provision port ffa3bd06-a170-4cc9-a6e7-41e355f3f09e
2026-05-27 20:50:11.539 10 INFO neutron.plugins.ml2.plugin [None req-27cc926b-4153-4cbd-936c-ad9f4942e287 - - - - - -] Attempt 1 to provision port 934f0168-b5a3-4fe6-87b6-3adda69da9e1
2026-05-27 20:50:12.584 10 INFO neutron.plugins.ml2.plugin [None req-8ba72d07-806f-4321-af4d-f8b490b9d2da - - - - - -] Attempt 1 to provision port 934f0168-b5a3-4fe6-87b6-3adda69da9e1
2026-05-27 20:50:12.953 9 INFO neutron.plugins.ml2.plugin [None req-bf20a48c-9158-4d15-a8a1-f38249697f11 - - - - - -] Attempt 1 to provision port a06de077-79fc-457e-b017-c200069a3f7c
2026-05-27 20:50:13.252 9 INFO neutron.plugins.ml2.plugin [None req-bf20a48c-9158-4d15-a8a1-f38249697f11 - - - - - -] Attempt 1 to provision port 75609ad6-c605-40d1-bf29-f1b77cd3ed2c
2026-05-27 20:50:13.738 9 INFO neutron.plugins.ml2.plugin [None req-bf20a48c-9158-4d15-a8a1-f38249697f11 - - - - - -] Attempt 1 to provision port 0105feff-5e8e-4e0d-97a3-5bb60c7a958b
2026-05-27 20:50:14.575 9 INFO neutron.plugins.ml2.plugin [None req-bf20a48c-9158-4d15-a8a1-f38249697f11 - - - - - -] Attempt 1 to provision port ffa3bd06-a170-4cc9-a6e7-41e355f3f09e
2026-05-27 20:50:15.523 10 INFO neutron.plugins.ml2.plugin [None req-bf20a48c-9158-4d15-a8a1-f38249697f11 - - - - - -] Attempt 1 to provision port d1805850-1abf-4a74-abdc-05192edd92d1
2026-05-27 20:50:16.056 9 INFO neutron.plugins.ml2.plugin [None req-9954f6c9-8191-4bcf-819f-5d3cf8b14aa8 - - - - - -] Attempt 1 to provision port d1805850-1abf-4a74-abdc-05192edd92d1
2026-05-27 20:50:16.171 10 INFO neutron.plugins.ml2.plugin [None req-bf20a48c-9158-4d15-a8a1-f38249697f11 - - - - - -] Attempt 1 to provision port 34d19f59-1cf6-48fd-8b1c-85994cb1a8b7
2026-05-27 20:50:16.267 10 INFO neutron.plugins.ml2.plugin [None req-e10559f6-7a05-4cec-8843-45acbf547afd - - - - - -] Attempt 1 to provision port afd23403-a79d-44ac-9296-ddac23c3ae72
2026-05-27 20:50:16.531 10 INFO neutron.plugins.ml2.plugin [None req-f5665d07-5053-4afd-9a69-678367c93338 - - - - - -] Attempt 1 to provision port 34d19f59-1cf6-48fd-8b1c-85994cb1a8b7
2026-05-27 20:50:16.804 10 INFO neutron.plugins.ml2.plugin [None req-bf20a48c-9158-4d15-a8a1-f38249697f11 - - - - - -] Attempt 1 to provision port 0105feff-5e8e-4e0d-97a3-5bb60c7a958b
2026-05-27 20:50:17.385 10 INFO neutron.plugins.ml2.plugin [None req-bf20a48c-9158-4d15-a8a1-f38249697f11 - - - - - -] Attempt 1 to provision port 34d19f59-1cf6-48fd-8b1c-85994cb1a8b7
2026-05-27 20:50:17.842 10 INFO neutron.plugins.ml2.plugin [None req-bf20a48c-9158-4d15-a8a1-f38249697f11 - - - - - -] Attempt 1 to provision port 590e9ae0-6dd0-4a2c-b6cd-2f29c068e4f5
2026-05-27 20:50:18.279 9 INFO neutron.plugins.ml2.plugin [None req-e8208948-ce39-40a5-a446-d76a524805ef - - - - - -] Attempt 1 to provision port 590e9ae0-6dd0-4a2c-b6cd-2f29c068e4f5
2026-05-27 20:50:18.820 10 INFO neutron.plugins.ml2.plugin [None req-bf20a48c-9158-4d15-a8a1-f38249697f11 - - - - - -] Attempt 1 to provision port d1805850-1abf-4a74-abdc-05192edd92d1
2026-05-27 20:50:19.070 9 INFO neutron.plugins.ml2.plugin [None req-6e069f9a-7fb1-4c88-93de-965381519837 - - - - - -] Attempt 1 to provision port 4e8c5140-8ae1-469e-81e5-407937b523fe
2026-05-27 20:50:19.845 10 INFO neutron.plugins.ml2.plugin [None req-3ec97da7-7f04-4182-bb9c-5b5295cc58b9 - - - - - -] Attempt 1 to provision port e5e719c2-7d5f-4bb1-be8f-c349d459d807
2026-05-27 20:50:19.924 9 INFO neutron.plugins.ml2.plugin [None req-bf20a48c-9158-4d15-a8a1-f38249697f11 - - - - - -] Attempt 1 to provision port 88a54885-a827-4d26-8c59-0fb6d296ecd5
2026-05-27 20:50:20.529 9 INFO neutron.plugins.ml2.plugin [None req-bf20a48c-9158-4d15-a8a1-f38249697f11 - - - - - -] Attempt 1 to provision port 590e9ae0-6dd0-4a2c-b6cd-2f29c068e4f5
2026-05-27 20:50:20.948 9 INFO neutron.plugins.ml2.plugin [None req-bf20a48c-9158-4d15-a8a1-f38249697f11 - - - - - -] Attempt 1 to provision port e5e719c2-7d5f-4bb1-be8f-c349d459d807
2026-05-27 20:50:20.991 9 INFO neutron.plugins.ml2.plugin [None req-d1c7d71f-1c94-4e72-a668-87a54fa13676 - - - - - -] Attempt 1 to provision port eec0676d-9df7-4652-8c64-8d372ce5a590
2026-05-27 20:50:21.455 9 INFO neutron.plugins.ml2.plugin [None req-bf20a48c-9158-4d15-a8a1-f38249697f11 - - - - - -] Attempt 1 to provision port eec0676d-9df7-4652-8c64-8d372ce5a590
2026-05-27 20:50:21.855 10 INFO neutron.plugins.ml2.plugin [None req-0cc8d189-59c9-4d00-a207-6c224923dd4c - - - - - -] Attempt 1 to provision port d176f345-d8e7-4246-9f44-de4296f24f0a
2026-05-27 20:50:22.100 10 INFO neutron.plugins.ml2.plugin [None req-0cc8d189-59c9-4d00-a207-6c224923dd4c - - - - - -] Attempt 1 to provision port a089c3ab-6eb7-48e6-b690-be3bf5b769c7
2026-05-27 20:50:22.193 9 INFO neutron.plugins.ml2.plugin [None req-bf20a48c-9158-4d15-a8a1-f38249697f11 - - - - - -] Attempt 1 to provision port 88a54885-a827-4d26-8c59-0fb6d296ecd5
2026-05-27 20:50:22.271 10 INFO neutron.plugins.ml2.plugin [None req-2dedd2d2-aff9-4f87-82b7-d747e310dffc - - - - - -] Attempt 1 to provision port f25313c3-3790-493e-a74d-3f6a2193489e
2026-05-27 20:50:22.527 9 INFO neutron.plugins.ml2.plugin [None req-bf20a48c-9158-4d15-a8a1-f38249697f11 - - - - - -] Attempt 1 to provision port d176f345-d8e7-4246-9f44-de4296f24f0a
2026-05-27 20:50:22.941 10 INFO neutron.plugins.ml2.plugin [None req-2f4bed90-e74b-444a-903c-805448c4a54d - - - - - -] Attempt 1 to provision port a089c3ab-6eb7-48e6-b690-be3bf5b769c7
2026-05-27 20:50:23.025 9 INFO neutron.plugins.ml2.plugin [None req-bf20a48c-9158-4d15-a8a1-f38249697f11 - - - - - -] Attempt 1 to provision port e5e719c2-7d5f-4bb1-be8f-c349d459d807
2026-05-27 20:50:23.402 9 INFO neutron.plugins.ml2.plugin [None req-1d68d325-90cc-476f-b14f-44c5bc7933c0 - - - - - -] Attempt 1 to provision port a089c3ab-6eb7-48e6-b690-be3bf5b769c7
2026-05-27 20:50:23.428 9 INFO neutron.plugins.ml2.plugin [None req-bf20a48c-9158-4d15-a8a1-f38249697f11 - - - - - -] Attempt 1 to provision port 3572dea9-d6cf-4a4c-a6af-a99aafc27d51
2026-05-27 20:50:23.578 10 INFO neutron.plugins.ml2.plugin [None req-9e39c57d-ea25-42a2-add8-7237f305c31e - - - - - -] Attempt 1 to provision port 3572dea9-d6cf-4a4c-a6af-a99aafc27d51
2026-05-27 20:50:23.956 9 INFO neutron.plugins.ml2.plugin [None req-bf20a48c-9158-4d15-a8a1-f38249697f11 - - - - - -] Attempt 1 to provision port eec0676d-9df7-4652-8c64-8d372ce5a590
2026-05-27 20:50:24.804 9 INFO neutron.plugins.ml2.plugin [None req-f8ea2ee0-aa05-44de-af1a-a27b11550925 - - - - - -] Attempt 1 to provision port d5bc4842-f244-40cb-9286-ef15b2f16eec
2026-05-27 20:50:24.846 10 INFO neutron.plugins.ml2.plugin [None req-bf20a48c-9158-4d15-a8a1-f38249697f11 - - - - - -] Attempt 1 to provision port d176f345-d8e7-4246-9f44-de4296f24f0a
2026-05-27 20:50:25.251 10 INFO neutron.plugins.ml2.plugin [None req-bf20a48c-9158-4d15-a8a1-f38249697f11 - - - - - -] Attempt 1 to provision port 4e8c5140-8ae1-469e-81e5-407937b523fe
2026-05-27 20:50:25.497 9 INFO neutron.plugins.ml2.plugin [None req-df7fb455-9e0a-468b-8fc0-da22b763fbf6 - - - - - -] Attempt 1 to provision port d5bc4842-f244-40cb-9286-ef15b2f16eec
2026-05-27 20:50:25.516 10 INFO neutron.notifiers.nova [-] Nova event matching ['req-17ce97f8-f93c-4c2f-9876-b5c0e53ee1a4'] response: {'server_uuid': '7cacd757-3f92-482c-8c01-90867ed2bbc9', 'name': 'network-vif-plugged', 'status': 'completed', 'tag': '4e8c5140-8ae1-469e-81e5-407937b523fe', 'code': 200}
2026-05-27 20:50:25.968 10 INFO neutron.plugins.ml2.plugin [None req-bf20a48c-9158-4d15-a8a1-f38249697f11 - - - - - -] Attempt 1 to provision port 3572dea9-d6cf-4a4c-a6af-a99aafc27d51
2026-05-27 20:50:26.660 9 INFO neutron.plugins.ml2.plugin [None req-bf20a48c-9158-4d15-a8a1-f38249697f11 - - - - - -] Attempt 1 to provision port a7e9eaa0-e4d2-4b0d-8625-b48f29eb2543
2026-05-27 20:50:27.098 9 INFO neutron.plugins.ml2.plugin [None req-bf20a48c-9158-4d15-a8a1-f38249697f11 - - - - - -] Attempt 1 to provision port 4e8c5140-8ae1-469e-81e5-407937b523fe
2026-05-27 20:50:28.622 10 INFO neutron.plugins.ml2.plugin [None req-bf20a48c-9158-4d15-a8a1-f38249697f11 - - - - - -] Attempt 1 to provision port a7e9eaa0-e4d2-4b0d-8625-b48f29eb2543
2026-05-27 20:50:29.382 9 INFO neutron.plugins.ml2.plugin [None req-8d8081cb-58db-4a37-b4a8-35e0a2a3795c - - - - - -] Attempt 1 to provision port cb40ce5a-973c-4e32-b840-9fd869710405
2026-05-27 20:50:31.027 9 INFO neutron.plugins.ml2.plugin [None req-69163fb4-1512-48c7-9bd9-6eac78ec42b7 - - - - - -] Attempt 1 to provision port 9a848081-d3e8-4079-892d-fccc61f98eb5
2026-05-27 20:50:32.737 10 INFO neutron.plugins.ml2.plugin [None req-bf20a48c-9158-4d15-a8a1-f38249697f11 - - - - - -] Attempt 1 to provision port cb40ce5a-973c-4e32-b840-9fd869710405
2026-05-27 20:50:32.847 10 INFO neutron.notifiers.nova [-] Nova event matching ['req-32b13424-c7a8-4598-a20a-b6f3a92112b3'] response: {'server_uuid': '48e6f844-b2e9-4476-98e5-7e4e3eb207b6', 'name': 'network-vif-plugged', 'status': 'completed', 'tag': 'cb40ce5a-973c-4e32-b840-9fd869710405', 'code': 200}
2026-05-27 20:50:33.197 10 INFO neutron.plugins.ml2.plugin [None req-bf20a48c-9158-4d15-a8a1-f38249697f11 - - - - - -] Attempt 1 to provision port 9a848081-d3e8-4079-892d-fccc61f98eb5
2026-05-27 20:50:34.635 10 INFO neutron.plugins.ml2.plugin [None req-bf20a48c-9158-4d15-a8a1-f38249697f11 - - - - - -] Attempt 1 to provision port cb40ce5a-973c-4e32-b840-9fd869710405
2026-05-27 20:50:34.909 10 INFO neutron.notifiers.nova [-] Nova event matching ['req-b1d67baf-8e15-4ffc-9904-3e6523bbaa12'] response: {'server_uuid': '430fb4e9-6549-432e-8122-c120f9ed38a7', 'name': 'network-vif-plugged', 'status': 'completed', 'tag': '9a848081-d3e8-4079-892d-fccc61f98eb5', 'code': 200}
2026-05-27 20:50:34.954 10 INFO neutron.plugins.ml2.plugin [None req-bf20a48c-9158-4d15-a8a1-f38249697f11 - - - - - -] Attempt 1 to provision port 9a848081-d3e8-4079-892d-fccc61f98eb5
2026-05-27 20:50:38.847 9 INFO neutron.notifiers.nova [-] Nova event matching ['req-b7fa8840-c82c-47fd-9e69-451329f9cf51'] response: {'server_uuid': '430fb4e9-6549-432e-8122-c120f9ed38a7', 'name': 'network-vif-unplugged', 'status': 'completed', 'tag': '9a848081-d3e8-4079-892d-fccc61f98eb5', 'code': 200}
2026-05-27 20:50:40.688 9 INFO neutron.plugins.ml2.plugin [None req-bf20a48c-9158-4d15-a8a1-f38249697f11 - - - - - -] Attempt 1 to provision port a089c3ab-6eb7-48e6-b690-be3bf5b769c7
2026-05-27 20:50:41.121 9 INFO neutron.plugins.ml2.plugin [None req-bf20a48c-9158-4d15-a8a1-f38249697f11 - - - - - -] Attempt 1 to provision port afd23403-a79d-44ac-9296-ddac23c3ae72
2026-05-27 20:50:42.728 9 INFO neutron.plugins.ml2.plugin [None req-bf20a48c-9158-4d15-a8a1-f38249697f11 - - - - - -] Attempt 1 to provision port a089c3ab-6eb7-48e6-b690-be3bf5b769c7
2026-05-27 20:50:43.001 9 INFO neutron.plugins.ml2.plugin [None req-bf20a48c-9158-4d15-a8a1-f38249697f11 - - - - - -] Attempt 1 to provision port afd23403-a79d-44ac-9296-ddac23c3ae72
2026-05-27 20:50:58.114 9 INFO neutron.plugins.ml2.plugin [None req-49d85d78-3035-4b47-981a-83bdf5a7ea93 - - - - - -] Attempt 1 to provision port 2d34443c-9e24-4dc8-98aa-b3b03c92b1c7
2026-05-27 20:50:58.158 9 INFO neutron.plugins.ml2.db [None req-49d85d78-3035-4b47-981a-83bdf5a7ea93 - - - - - -] No ports have port_id starting with 2d34443c-9e24-4dc8-98aa-b3b03c92b1c7
2026-05-27 20:50:58.716 9 INFO neutron.plugins.ml2.plugin [None req-bf20a48c-9158-4d15-a8a1-f38249697f11 - - - - - -] Attempt 1 to provision port 0a033100-247b-4483-8117-53354bcdcd43
2026-05-27 20:50:58.843 9 INFO neutron.notifiers.nova [-] Nova event matching ['req-0852baee-6060-46bd-8a4c-500885a6e84a'] response: {'server_uuid': '42444b7c-f22e-41fa-8e82-8d989a47e68f', 'name': 'network-vif-plugged', 'status': 'completed', 'tag': '0a033100-247b-4483-8117-53354bcdcd43', 'code': 200}
2026-05-27 20:51:00.649 9 INFO neutron.plugins.ml2.plugin [None req-bf20a48c-9158-4d15-a8a1-f38249697f11 - - - - - -] Attempt 1 to provision port 0a033100-247b-4483-8117-53354bcdcd43
2026-05-27 20:51:04.682 9 INFO neutron.plugins.ml2.plugin [None req-bf20a48c-9158-4d15-a8a1-f38249697f11 - - - - - -] Attempt 1 to provision port 024fe0eb-71ea-49e3-a8c0-102b14b5683b
2026-05-27 20:51:04.734 9 INFO neutron.plugins.ml2.db [None req-bf20a48c-9158-4d15-a8a1-f38249697f11 - - - - - -] No ports have port_id starting with 024fe0eb-71ea-49e3-a8c0-102b14b5683b
2026-05-27 20:51:06.768 9 INFO neutron.plugins.ml2.plugin [None req-bf20a48c-9158-4d15-a8a1-f38249697f11 - - - - - -] Attempt 1 to provision port 97da8eb6-f916-4c5a-9288-a04ab5f5f017
2026-05-27 20:51:07.230 9 INFO neutron.plugins.ml2.plugin [None req-bf20a48c-9158-4d15-a8a1-f38249697f11 - - - - - -] Attempt 1 to provision port 425a33ed-7e8e-455f-acfb-8be7c4327b3b
2026-05-27 20:51:07.761 10 INFO neutron.plugins.ml2.plugin [None req-ea297392-3007-49e3-908b-a6b40495a904 - - - - - -] Attempt 1 to provision port 97da8eb6-f916-4c5a-9288-a04ab5f5f017
2026-05-27 20:51:08.061 10 INFO neutron.plugins.ml2.plugin [None req-c16b8235-3215-49a9-9ce3-e26cd80ce81d - - - - - -] Attempt 1 to provision port 425a33ed-7e8e-455f-acfb-8be7c4327b3b
2026-05-27 20:51:08.616 10 INFO neutron.plugins.ml2.plugin [None req-bf20a48c-9158-4d15-a8a1-f38249697f11 - - - - - -] Attempt 1 to provision port 97da8eb6-f916-4c5a-9288-a04ab5f5f017
2026-05-27 20:51:08.889 10 INFO neutron.plugins.ml2.plugin [None req-bf20a48c-9158-4d15-a8a1-f38249697f11 - - - - - -] Attempt 1 to provision port 425a33ed-7e8e-455f-acfb-8be7c4327b3b
2026-05-27 20:51:08.941 10 INFO neutron.plugins.ml2.plugin [None req-eae86d2f-94af-4ddf-b1d2-47e9b3b7e9e2 - - - - - -] Attempt 1 to provision port 7cbbe6f1-6abc-4758-abac-0a3ad5262be4
2026-05-27 20:51:09.409 10 INFO neutron.plugins.ml2.plugin [None req-1687b8cf-6dac-44f7-b68f-cf73b754774c - - - - - -] Attempt 1 to provision port 7cbbe6f1-6abc-4758-abac-0a3ad5262be4
2026-05-27 20:51:10.363 9 INFO neutron.plugins.ml2.plugin [None req-31b28ffe-833e-4718-bdc7-23c3421d85dd - - - - - -] Attempt 1 to provision port e12fcac3-9be1-4523-a43b-f2abca899ad5
2026-05-27 20:51:10.910 10 INFO neutron.plugins.ml2.plugin [None req-53f2cc97-ec9c-4306-834c-d1c3345222d6 - - - - - -] Attempt 1 to provision port e12fcac3-9be1-4523-a43b-f2abca899ad5
2026-05-27 20:51:12.727 9 INFO neutron.plugins.ml2.plugin [None req-bf20a48c-9158-4d15-a8a1-f38249697f11 - - - - - -] Attempt 1 to provision port 7c6f206f-d64b-437f-9da6-d501bcdd7843
2026-05-27 20:51:18.414 10 INFO neutron.plugins.ml2.plugin [None req-42ec5e81-89ff-4f21-bebd-64cc9ca9ce0a - - - - - -] Attempt 1 to provision port 503c21d9-8c59-4426-abcc-635412ecdf6c
2026-05-27 20:51:18.620 9 INFO neutron.plugins.ml2.plugin [None req-bf20a48c-9158-4d15-a8a1-f38249697f11 - - - - - -] Attempt 1 to provision port 503c21d9-8c59-4426-abcc-635412ecdf6c
2026-05-27 20:51:20.146 10 INFO neutron.plugins.ml2.plugin [None req-52395202-f4ad-4126-bb66-17fa018acae4 - - - - - -] Attempt 1 to provision port d836b43d-882a-47dd-8b4e-c6142ddff386
2026-05-27 20:51:20.793 9 INFO neutron.plugins.ml2.plugin [None req-bf20a48c-9158-4d15-a8a1-f38249697f11 - - - - - -] Attempt 1 to provision port 503c21d9-8c59-4426-abcc-635412ecdf6c /var/lib/openstack/lib/python3.10/site-packages/oslo_db/sqlalchemy/enginefacade.py:667: SAWarning: DELETE statement on table 'portsecuritybindings' expected to delete 1 row(s); 0 were matched. Please set confirm_deleted_rows=False within the mapper configuration to prevent this warning. self.session.flush() /var/lib/openstack/lib/python3.10/site-packages/oslo_db/sqlalchemy/enginefacade.py:667: SAWarning: DELETE statement on table 'ml2_port_bindings' expected to delete 1 row(s); 0 were matched. Please set confirm_deleted_rows=False within the mapper configuration to prevent this warning. self.session.flush() /var/lib/openstack/lib/python3.10/site-packages/oslo_db/sqlalchemy/enginefacade.py:667: SAWarning: DELETE statement on table 'ml2_port_binding_levels' expected to delete 1 row(s); 0 were matched. Please set confirm_deleted_rows=False within the mapper configuration to prevent this warning. self.session.flush() /var/lib/openstack/lib/python3.10/site-packages/oslo_db/sqlalchemy/enginefacade.py:667: SAWarning: DELETE statement on table 'ports' expected to delete 1 row(s); 0 were matched. Please set confirm_deleted_rows=False within the mapper configuration to prevent this warning. self.session.flush()
2026-05-27 20:51:26.068 9 INFO neutron.plugins.ml2.plugin [None req-0677b322-89e4-4539-86fd-e6b3c67617a8 - - - - - -] Attempt 1 to provision port 1672d884-7b6a-417f-a898-145276861cfe
2026-05-27 20:51:26.632 10 INFO neutron.plugins.ml2.plugin [None req-bf20a48c-9158-4d15-a8a1-f38249697f11 - - - - - -] Attempt 1 to provision port 1672d884-7b6a-417f-a898-145276861cfe
2026-05-27 20:51:27.779 9 INFO neutron.plugins.ml2.plugin [None req-3aab4610-9d6b-4093-ac39-1b5efbb71263 - - - - - -] Attempt 1 to provision port cc2e6d2d-cc0f-43bb-9c83-527d8748cbb7
2026-05-27 20:51:28.679 10 INFO neutron.plugins.ml2.plugin [None req-bf20a48c-9158-4d15-a8a1-f38249697f11 - - - - - -] Attempt 1 to provision port 66c1d2c7-5126-4bf6-b194-4df75b59b1fd
2026-05-27 20:51:28.731 9 INFO neutron.plugins.ml2.plugin [None req-709d77f9-940e-43c7-9155-08b62d8b3902 - - - - - -] Attempt 1 to provision port 66c1d2c7-5126-4bf6-b194-4df75b59b1fd
2026-05-27 20:51:30.508 10 INFO neutron.plugins.ml2.plugin [None req-89f91ae1-33ce-414f-826c-c2bf04b50072 - - - - - -] Attempt 1 to provision port b3ffec74-de52-40e3-8bbf-9257302c6608
2026-05-27 20:51:30.648 9 INFO neutron.plugins.ml2.plugin [None req-bf20a48c-9158-4d15-a8a1-f38249697f11 - - - - - -] Attempt 1 to provision port 66c1d2c7-5126-4bf6-b194-4df75b59b1fd
2026-05-27 20:51:31.178 9 INFO neutron.plugins.ml2.plugin [None req-2346dfc8-292c-4a51-b00d-2bec4002632c - - - - - -] Attempt 1 to provision port b3ffec74-de52-40e3-8bbf-9257302c6608
2026-05-27 20:51:31.419 10 INFO neutron.plugins.ml2.plugin [None req-87540c7d-157b-406f-9c17-e32fad0f7c27 - - - - - -] Attempt 1 to provision port 3936ada7-5626-4334-bbe5-50fe9d6dec44
2026-05-27 20:51:32.644 9 INFO neutron.plugins.ml2.plugin [None req-bf20a48c-9158-4d15-a8a1-f38249697f11 - - - - - -] Attempt 1 to provision port 2349b50b-9cf2-425a-b123-9d36d4a558ec
2026-05-27 20:51:34.512 9 INFO neutron.plugins.ml2.plugin [None req-a395bc36-99e2-4182-80f8-3a5ad48841b0 - - - - - -] Attempt 1 to provision port 5af9e05c-b087-48ad-be9a-012bedd8775c
2026-05-27 20:51:34.935 9 INFO neutron.plugins.ml2.plugin [None req-bf20a48c-9158-4d15-a8a1-f38249697f11 - - - - - -] Attempt 1 to provision port 2349b50b-9cf2-425a-b123-9d36d4a558ec
2026-05-27 20:51:35.210 9 INFO neutron.plugins.ml2.plugin [None req-bf20a48c-9158-4d15-a8a1-f38249697f11 - - - - - -] Attempt 1 to provision port 8c297245-2540-43f9-8b92-c69ec77d343b
2026-05-27 20:51:35.583 9 INFO neutron.plugins.ml2.plugin [None req-f390d41c-9c93-4d04-bdc6-fe2c753f2be2 - - - - - -] Attempt 1 to provision port 8c297245-2540-43f9-8b92-c69ec77d343b
2026-05-27 20:51:36.681 10 INFO neutron.plugins.ml2.plugin [None req-bf20a48c-9158-4d15-a8a1-f38249697f11 - - - - - -] Attempt 1 to provision port 8c297245-2540-43f9-8b92-c69ec77d343b
2026-05-27 20:51:37.639 10 INFO neutron.plugins.ml2.plugin [None req-5a6334e6-710e-4889-96f3-6e8ebd28de61 - - - - - -] Attempt 1 to provision port bc04e7b8-5a3f-4d6e-99f8-eb1cee8b1016
2026-05-27 20:51:38.198 10 INFO neutron.plugins.ml2.plugin [None req-b7cf0fff-77e0-4418-b9d6-3cbdb493465c - - - - - -] Attempt 1 to provision port bc04e7b8-5a3f-4d6e-99f8-eb1cee8b1016
2026-05-27 20:51:38.637 9 INFO neutron.plugins.ml2.plugin [None req-bf20a48c-9158-4d15-a8a1-f38249697f11 - - - - - -] Attempt 1 to provision port 19b028f3-cced-46c6-95e1-d7b4fa22b1cf
2026-05-27 20:51:40.863 9 INFO neutron.plugins.ml2.plugin [None req-bf20a48c-9158-4d15-a8a1-f38249697f11 - - - - - -] Attempt 1 to provision port 19b028f3-cced-46c6-95e1-d7b4fa22b1cf
2026-05-27 20:51:41.169 9 INFO neutron.plugins.ml2.plugin [None req-bf20a48c-9158-4d15-a8a1-f38249697f11 - - - - - -] Attempt 1 to provision port 8e6292ff-d641-4ef8-a4d5-221fa5c3d721
2026-05-27 20:51:41.881 10 INFO neutron.plugins.ml2.plugin [None req-e9e5c18b-229c-40b0-ba88-1534d51fa25d - - - - - -] Attempt 1 to provision port 8e6292ff-d641-4ef8-a4d5-221fa5c3d721
2026-05-27 20:51:42.027 9 INFO neutron.plugins.ml2.plugin [None req-bf20a48c-9158-4d15-a8a1-f38249697f11 - - - - - -] Attempt 1 to provision port 2b77282d-bb27-412e-bbdf-d8d416267dde
2026-05-27 20:51:42.488 9 INFO neutron.plugins.ml2.plugin [None req-98a7e9eb-3671-4de3-9801-d30ec348a0fe - - - - - -] Attempt 1 to provision port 2b77282d-bb27-412e-bbdf-d8d416267dde
2026-05-27 20:51:42.735 9 INFO neutron.plugins.ml2.plugin [None req-bf20a48c-9158-4d15-a8a1-f38249697f11 - - - - - -] Attempt 1 to provision port 2b77282d-bb27-412e-bbdf-d8d416267dde
2026-05-27 20:51:42.880 10 INFO neutron.plugins.ml2.plugin [None req-88f05626-a020-46bf-9d0c-6543c30fa976 - - - - - -] Attempt 1 to provision port ee839de1-faf7-46f5-a38c-e383ebc981da
2026-05-27 20:51:43.039 9 INFO neutron.plugins.ml2.plugin [None req-bf20a48c-9158-4d15-a8a1-f38249697f11 - - - - - -] Attempt 1 to provision port 8e6292ff-d641-4ef8-a4d5-221fa5c3d721
2026-05-27 20:51:43.333 10 INFO neutron.plugins.ml2.plugin [None req-4a20ceba-fec3-4183-aa54-21e7491ca5e4 - - - - - -] Attempt 1 to provision port ee839de1-faf7-46f5-a38c-e383ebc981da
2026-05-27 20:51:43.995 10 INFO neutron.plugins.ml2.plugin [None req-5fddc314-b334-4274-8657-7bf52f5bd484 - - - - - -] Attempt 1 to provision port 3683efd0-816e-484f-9772-6184a57e4f62
2026-05-27 20:51:44.636 10 INFO neutron.plugins.ml2.plugin [None req-3cf5c1d4-fe2f-41fe-a22d-c7609924b981 - - - - - -] Attempt 1 to provision port 3683efd0-816e-484f-9772-6184a57e4f62
2026-05-27 20:51:46.698 10 INFO neutron.plugins.ml2.plugin [None req-bf20a48c-9158-4d15-a8a1-f38249697f11 - - - - - -] Attempt 1 to provision port b3ffec74-de52-40e3-8bbf-9257302c6608
2026-05-27 20:51:47.055 10 INFO neutron.plugins.ml2.plugin [None req-bf20a48c-9158-4d15-a8a1-f38249697f11 - - - - - -] Attempt 1 to provision port cc2e6d2d-cc0f-43bb-9c83-527d8748cbb7
2026-05-27 20:51:47.313 9 INFO neutron.plugins.ml2.plugin [None req-f5091760-6f0d-4234-a5e9-d1f913786c0f - - - - - -] Attempt 1 to provision port eaaff76a-c679-48e3-abce-a6d5b4d90a11
2026-05-27 20:51:48.713 10 INFO neutron.plugins.ml2.plugin [None req-bf20a48c-9158-4d15-a8a1-f38249697f11 - - - - - -] Attempt 1 to provision port b3ffec74-de52-40e3-8bbf-9257302c6608
2026-05-27 20:51:49.019 10 INFO neutron.plugins.ml2.plugin [None req-bf20a48c-9158-4d15-a8a1-f38249697f11 - - - - - -] Attempt 1 to provision port cc2e6d2d-cc0f-43bb-9c83-527d8748cbb7
2026-05-27 20:51:50.725 9 INFO neutron.plugins.ml2.plugin [None req-bf20a48c-9158-4d15-a8a1-f38249697f11 - - - - - -] Attempt 1 to provision port eaaff76a-c679-48e3-abce-a6d5b4d90a11
2026-05-27 20:51:50.861 9 INFO neutron.notifiers.nova [-] Nova event matching ['req-8d64573b-41c1-426f-bb30-f0c18c0e2a20'] response: {'server_uuid': 'b99b7955-c112-4581-9e24-2f2de8c8aa22', 'name': 'network-vif-plugged', 'status': 'completed', 'tag': 'eaaff76a-c679-48e3-abce-a6d5b4d90a11', 'code': 200}
2026-05-27 20:51:51.896 10 INFO neutron.plugins.ml2.plugin [None req-fec8e1b6-8148-4a23-9bd1-f34576d79c2d - - - - - -] Attempt 1 to provision port ca73fff2-7fff-40fd-98a3-b83d2b2474a8
2026-05-27 20:51:52.185 10 INFO neutron.plugins.ml2.plugin [None req-fec8e1b6-8148-4a23-9bd1-f34576d79c2d - - - - - -] Attempt 1 to provision port 534d1a83-9796-4fd1-b3d1-6cf3b02bf188
2026-05-27 20:51:52.749 9 INFO neutron.plugins.ml2.plugin [None req-bf20a48c-9158-4d15-a8a1-f38249697f11 - - - - - -] Attempt 1 to provision port eaaff76a-c679-48e3-abce-a6d5b4d90a11
2026-05-27 20:51:53.249 9 INFO neutron.plugins.ml2.plugin [None req-de322f96-33c5-47b7-b5c1-d15f9bce9505 - - - - - -] Attempt 1 to provision port 534d1a83-9796-4fd1-b3d1-6cf3b02bf188
2026-05-27 20:51:53.305 9 INFO neutron.plugins.ml2.plugin [None req-bf20a48c-9158-4d15-a8a1-f38249697f11 - - - - - -] Attempt 1 to provision port ca73fff2-7fff-40fd-98a3-b83d2b2474a8
2026-05-27 20:51:53.532 10 INFO neutron.plugins.ml2.plugin [None req-f63e334f-c8ed-4fd4-b779-3bf47f085c31 - - - - - -] Attempt 1 to provision port 534d1a83-9796-4fd1-b3d1-6cf3b02bf188
2026-05-27 20:51:54.689 9 INFO neutron.plugins.ml2.plugin [None req-bf20a48c-9158-4d15-a8a1-f38249697f11 - - - - - -] Attempt 1 to provision port bc04e7b8-5a3f-4d6e-99f8-eb1cee8b1016
2026-05-27 20:51:55.064 9 INFO neutron.plugins.ml2.plugin [None req-bf20a48c-9158-4d15-a8a1-f38249697f11 - - - - - -] Attempt 1 to provision port 5af9e05c-b087-48ad-be9a-012bedd8775c /var/lib/openstack/lib/python3.10/site-packages/oslo_db/sqlalchemy/enginefacade.py:667: SAWarning: DELETE statement on table 'portsecuritybindings' expected to delete 1 row(s); 0 were matched. Please set confirm_deleted_rows=False within the mapper configuration to prevent this warning. self.session.flush() /var/lib/openstack/lib/python3.10/site-packages/oslo_db/sqlalchemy/enginefacade.py:667: SAWarning: DELETE statement on table 'ml2_port_bindings' expected to delete 1 row(s); 0 were matched. Please set confirm_deleted_rows=False within the mapper configuration to prevent this warning. self.session.flush() /var/lib/openstack/lib/python3.10/site-packages/oslo_db/sqlalchemy/enginefacade.py:667: SAWarning: DELETE statement on table 'ml2_port_binding_levels' expected to delete 1 row(s); 0 were matched. Please set confirm_deleted_rows=False within the mapper configuration to prevent this warning. self.session.flush() /var/lib/openstack/lib/python3.10/site-packages/oslo_db/sqlalchemy/enginefacade.py:667: SAWarning: DELETE statement on table 'ports' expected to delete 1 row(s); 0 were matched. Please set confirm_deleted_rows=False within the mapper configuration to prevent this warning. self.session.flush()
2026-05-27 20:51:56.632 10 INFO neutron.plugins.ml2.plugin [None req-bf20a48c-9158-4d15-a8a1-f38249697f11 - - - - - -] Attempt 1 to provision port bc04e7b8-5a3f-4d6e-99f8-eb1cee8b1016
2026-05-27 20:51:56.876 10 INFO neutron.plugins.ml2.plugin [None req-bf20a48c-9158-4d15-a8a1-f38249697f11 - - - - - -] Attempt 1 to provision port 5af9e05c-b087-48ad-be9a-012bedd8775c
2026-05-27 20:51:58.697 9 INFO neutron.plugins.ml2.plugin [None req-bf20a48c-9158-4d15-a8a1-f38249697f11 - - - - - -] Attempt 1 to provision port d8d8b446-1606-426e-b1ba-029a9f653e28
2026-05-27 20:51:58.807 10 INFO neutron.plugins.ml2.plugin [None req-7c640e33-6f70-4f25-91a9-f312531c4d5e - - - - - -] Attempt 1 to provision port d8d8b446-1606-426e-b1ba-029a9f653e28
2026-05-27 20:52:00.193 10 INFO neutron.plugins.ml2.plugin [None req-0433dc71-fc46-48ba-a76f-dc6bf8974198 - - - - - -] Attempt 1 to provision port 8a43c516-2d96-46ba-ac51-e3182400b0dc
2026-05-27 20:52:00.542 10 INFO neutron.plugins.ml2.plugin [None req-8a9e1380-ee13-4b5a-a1cd-947312c2feb6 - - - - - -] Attempt 1 to provision port 8a43c516-2d96-46ba-ac51-e3182400b0dc
2026-05-27 20:52:00.658 9 INFO neutron.plugins.ml2.plugin [None req-bf20a48c-9158-4d15-a8a1-f38249697f11 - - - - - -] Attempt 1 to provision port d8d8b446-1606-426e-b1ba-029a9f653e28
2026-05-27 20:52:03.717 9 INFO neutron.plugins.ml2.plugin [None req-53bfbe8e-a624-41df-ab6a-8a09938e5cd1 - - - - - -] Attempt 1 to provision port 18057312-f822-40c9-b992-749d04c76487
2026-05-27 20:52:20.589 10 ERROR neutron.plugins.ml2.managers [None req-98c50092-9b12-4199-84cd-d3748f72d42e - - - - - -] Mechanism driver openvswitch failed in bind_port: neutron_lib.exceptions.SubnetNotFound: Subnet 2c0ec0ed-b7cf-4550-b09c-d5fcada2beb8 could not be found.
2026-05-27 20:52:20.589 10 ERROR neutron.plugins.ml2.managers
Traceback (most recent call last):
2026-05-27 20:52:20.589 10 ERROR neutron.plugins.ml2.managers
File "/var/lib/openstack/lib/python3.10/site-packages/neutron/plugins/ml2/managers.py", line 866, in _bind_port_level
2026-05-27 20:52:20.589 10 ERROR neutron.plugins.ml2.managers driver.obj.bind_port(context)
2026-05-27 20:52:20.589 10 ERROR neutron.plugins.ml2.managers
File "/var/lib/openstack/lib/python3.10/site-packages/neutron/plugins/ml2/drivers/openvswitch/mech_driver/mech_openvswitch.py", line 133, in bind_port
2026-05-27 20:52:20.589 10 ERROR neutron.plugins.ml2.managers super(OpenvswitchMechanismDriver, self).bind_port(context)
2026-05-27 20:52:20.589 10 ERROR neutron.plugins.ml2.managers
File "/var/lib/openstack/lib/python3.10/site-packages/neutron/plugins/ml2/drivers/mech_agent.py", line 104, in bind_port
2026-05-27 20:52:20.589 10 ERROR neutron.plugins.ml2.managers subnets = self.get_subnets_from_fixed_ips(context)
2026-05-27 20:52:20.589 10 ERROR neutron.plugins.ml2.managers
File "/var/lib/openstack/lib/python3.10/site-packages/neutron/plugins/ml2/drivers/mech_agent.py", line 149, in get_subnets_from_fixed_ips
2026-05-27 20:52:20.589 10 ERROR neutron.plugins.ml2.managers subnets.append(context._plugin.get_subnet(
2026-05-27 20:52:20.589 10 ERROR neutron.plugins.ml2.managers
File "/var/lib/openstack/lib/python3.10/site-packages/neutron_lib/db/api.py", line 223, in wrapped
2026-05-27 20:52:20.589 10 ERROR neutron.plugins.ml2.managers return f_with_retry(*args, **kwargs,
2026-05-27 20:52:20.589 10 ERROR neutron.plugins.ml2.managers
File "/var/lib/openstack/lib/python3.10/site-packages/neutron_lib/db/api.py", line 137, in wrapped
2026-05-27 20:52:20.589 10 ERROR neutron.plugins.ml2.managers with excutils.save_and_reraise_exception():
2026-05-27 20:52:20.589 10 ERROR neutron.plugins.ml2.managers
File "/var/lib/openstack/lib/python3.10/site-packages/oslo_utils/excutils.py", line 227, in __exit__
2026-05-27 20:52:20.589 10 ERROR neutron.plugins.ml2.managers self.force_reraise()
2026-05-27 20:52:20.589 10 ERROR neutron.plugins.ml2.managers
File "/var/lib/openstack/lib/python3.10/site-packages/oslo_utils/excutils.py", line 200, in force_reraise
2026-05-27 20:52:20.589 10 ERROR neutron.plugins.ml2.managers raise self.value
2026-05-27 20:52:20.589 10 ERROR neutron.plugins.ml2.managers
File "/var/lib/openstack/lib/python3.10/site-packages/neutron_lib/db/api.py", line 135, in wrapped
2026-05-27 20:52:20.589 10 ERROR neutron.plugins.ml2.managers return f(*args, **kwargs)
2026-05-27 20:52:20.589 10 ERROR neutron.plugins.ml2.managers
File "/var/lib/openstack/lib/python3.10/site-packages/oslo_db/api.py", line 144, in wrapper
2026-05-27 20:52:20.589 10 ERROR neutron.plugins.ml2.managers with excutils.save_and_reraise_exception() as ectxt:
2026-05-27 20:52:20.589 10 ERROR neutron.plugins.ml2.managers
File "/var/lib/openstack/lib/python3.10/site-packages/oslo_utils/excutils.py", line 227, in __exit__
2026-05-27 20:52:20.589 10 ERROR neutron.plugins.ml2.managers self.force_reraise()
2026-05-27 20:52:20.589 10 ERROR neutron.plugins.ml2.managers
File "/var/lib/openstack/lib/python3.10/site-packages/oslo_utils/excutils.py", line 200, in force_reraise
2026-05-27 20:52:20.589 10 ERROR neutron.plugins.ml2.managers raise self.value
2026-05-27 20:52:20.589 10 ERROR neutron.plugins.ml2.managers
File "/var/lib/openstack/lib/python3.10/site-packages/oslo_db/api.py", line 142, in wrapper
2026-05-27 20:52:20.589 10 ERROR neutron.plugins.ml2.managers return f(*args, **kwargs)
2026-05-27 20:52:20.589 10 ERROR neutron.plugins.ml2.managers
File "/var/lib/openstack/lib/python3.10/site-packages/neutron_lib/db/api.py", line 183, in wrapped
2026-05-27 20:52:20.589 10 ERROR neutron.plugins.ml2.managers with excutils.save_and_reraise_exception():
2026-05-27 20:52:20.589 10 ERROR neutron.plugins.ml2.managers
File "/var/lib/openstack/lib/python3.10/site-packages/oslo_utils/excutils.py", line 227, in __exit__
2026-05-27 20:52:20.589 10 ERROR neutron.plugins.ml2.managers self.force_reraise()
2026-05-27 20:52:20.589 10 ERROR neutron.plugins.ml2.managers
File "/var/lib/openstack/lib/python3.10/site-packages/oslo_utils/excutils.py", line 200, in force_reraise
2026-05-27 20:52:20.589 10 ERROR neutron.plugins.ml2.managers raise self.value
2026-05-27 20:52:20.589 10 ERROR neutron.plugins.ml2.managers
File "/var/lib/openstack/lib/python3.10/site-packages/neutron_lib/db/api.py", line 181, in wrapped
2026-05-27 20:52:20.589 10 ERROR neutron.plugins.ml2.managers return f(*dup_args, **dup_kwargs)
2026-05-27 20:52:20.589 10 ERROR neutron.plugins.ml2.managers
File "/var/lib/openstack/lib/python3.10/site-packages/neutron/db/db_base_plugin_v2.py", line 1198, in get_subnet
2026-05-27 20:52:20.589 10 ERROR neutron.plugins.ml2.managers subnet_obj = self._get_subnet_object(context, id)
2026-05-27 20:52:20.589 10 ERROR neutron.plugins.ml2.managers
File "/var/lib/openstack/lib/python3.10/site-packages/neutron/db/db_base_plugin_common.py", line 282, in _get_subnet_object
2026-05-27 20:52:20.589 10 ERROR neutron.plugins.ml2.managers raise exceptions.SubnetNotFound(subnet_id=id)
2026-05-27 20:52:20.589 10 ERROR neutron.plugins.ml2.managers neutron_lib.exceptions.SubnetNotFound: Subnet 2c0ec0ed-b7cf-4550-b09c-d5fcada2beb8 could not be found.
2026-05-27 20:52:20.589 10 ERROR neutron.plugins.ml2.managers 
2026-05-27 20:52:20.590 10 ERROR neutron.plugins.ml2.managers [None req-98c50092-9b12-4199-84cd-d3748f72d42e - - - - - -] Failed to bind port 6fc87c8a-4bfc-4810-9fcf-d31790598550 on host instance for vnic_type normal using segments [{'id': 'ba9a6457-dd93-480b-aaa3-126e9381e748', 'network_type': 'vxlan', 'physical_network': None, 'segmentation_id': 865, 'network_id': 'efb5300c-9179-48fc-a94e-a3189e89f4d8'}]
2026-05-27 20:52:20.590 10 INFO neutron.plugins.ml2.plugin [None req-98c50092-9b12-4199-84cd-d3748f72d42e - - - - - -] Attempt 2 to bind port 6fc87c8a-4bfc-4810-9fcf-d31790598550
