May 16 14:30:11.376315 np0000174402 devstack@neutron-api.service[102934]: DEBUG ovsdbapp.backend.ovs_idl.event [None req-8ff1dc1f-5843-42a8-9f78-dfe891df793b None None] Matched UPDATE: LogicalSwitchPortUpdateLogicalRouterPortEvent(events=('update',), table='Logical_Switch_Port', conditions=None, old_conditions=None), priority=20 to row=Logical_Switch_Port(uuid=65fa5816-4451-4530-a426-9638cbaf2d6a, addresses=['router'], dhcpv4_options=[], dhcpv6_options=[], dynamic_addresses=[], enabled=True, external_ids={'neutron:cidrs': '10.1.0.1/26', 'neutron:device_id': 'd2dd487d-b3d8-41f6-a636-204324b7d7e4', 'neutron:device_owner': 'network:router_interface', 'neutron:mtu': '', 'neutron:network_name': 'neutron-15a53702-97bc-4a2d-9756-e5b1771f795a', 'neutron:port_capabilities': '', 'neutron:port_name': '', 'neutron:project_id': 'e7e139a6444b457d933381ca81bea288', 'neutron:revision_number': '2', 'neutron:security_group_ids': '', 'neutron:subnet_pool_addr_scope4': '', 'neutron:subnet_pool_addr_scope6': '', 'neutron:vnic_type': 'normal'}, ha_chassis_group=[], mirror_rules=[], name='662e1c7d-db50-418f-91b7-80fa2fdd35dd', options={'router-port': 'lrp-662e1c7d-db50-418f-91b7-80fa2fdd35dd'}, parent_name=[], port_security=[], tag=[], tag_request=[], type='router', up=True) old=Logical_Switch_Port(uuid=65fa5816-4451-4530-a426-9638cbaf2d6a, addresses=['unknown'], options={}) {{(pid=102934) matches /opt/stack/data/venv/lib/python3.12/site-packages/ovsdbapp/backend/ovs_idl/event.py:55}}
May 16 14:30:11.653367 np0000174402 devstack@neutron-api.service[102934]: DEBUG neutron.pecan_wsgi.hooks.policy_enforcement [None req-a956eab4-445e-4bd6-b75a-69dc30a04ea0 admin admin] Attributes excluded by policy engine: ['standard_attr_id'] {{(pid=102934) _exclude_attributes_by_policy /opt/stack/neutron/neutron/pecan_wsgi/hooks/policy_enforcement.py:256}}
May 16 14:30:11.654281 np0000174402 devstack@neutron-api.service[102934]: [pid: 102934|app: 0|req: 5/20] 162.253.55.100 () {64 vars in 1415 bytes} [Sat May 16 14:30:11 2026] GET /networking/v2.0/networks/c7932501-7f65-4cf9-9135-d7feaa63f563 => generated 679 bytes in 35 msecs (HTTP/1.1 200) 4 headers in 157 bytes (1 switches on core 0)
May 16 14:30:11.671352 np0000174402 devstack@neutron-api.service[102935]: DEBUG neutron.api.v2.base [None req-dbb4f536-7933-40f6-a220-d40480d6e637 admin admin] Request body: {'subnet': {'cidr': '172.24.5.0/24', 'name': 'public-subnet', 'gateway_ip': '172.24.5.1', 'enable_dhcp': False, 'ip_version': 4, 'network_id': 'c7932501-7f65-4cf9-9135-d7feaa63f563'}} {{(pid=102935) prepare_request_body /opt/stack/neutron/neutron/api/v2/base.py:727}}
May 16 14:30:11.685980 np0000174402 devstack@neutron-api.service[102935]: DEBUG neutron.pecan_wsgi.hooks.quota_enforcement [None req-dbb4f536-7933-40f6-a220-d40480d6e637 admin admin] Made reservation on behalf of e7e139a6444b457d933381ca81bea288 for: {'subnet': 1} {{(pid=102935) before /opt/stack/neutron/neutron/pecan_wsgi/hooks/quota_enforcement.py:66}}
May 16 14:30:11.688743 np0000174402 devstack@neutron-api.service[102935]: DEBUG neutron_lib.callbacks.manager [None req-dbb4f536-7933-40f6-a220-d40480d6e637 admin admin] Publish callbacks [] for subnet (None), before_create {{(pid=102935) _notify_loop /opt/stack/data/venv/lib/python3.12/site-packages/neutron_lib/callbacks/manager.py:184}}
May 16 14:30:11.765365 np0000174402 devstack@neutron-api.service[102935]: DEBUG neutron.db.ovn_revision_numbers_db [None req-dbb4f536-7933-40f6-a220-d40480d6e637 admin admin] create_initial_revision uuid=adbefa63-9bc6-4a33-983a-cb08e09ee22e, type=subnets, rev=-1 {{(pid=102935) create_initial_revision /opt/stack/neutron/neutron/db/ovn_revision_numbers_db.py:98}}
May 16 14:30:11.822067 np0000174402 devstack@neutron-api.service[102935]: DEBUG neutron.objects.ports [None req-dbb4f536-7933-40f6-a220-d40480d6e637 admin admin] Time-cost: Fetching 0 ports in 0 security groups {{(pid=102935) get_objects /opt/stack/neutron/neutron/objects/ports.py:499}}
May 16 14:30:11.822222 np0000174402 devstack@neutron-api.service[102935]: DEBUG neutron_lib.callbacks.manager [None req-dbb4f536-7933-40f6-a220-d40480d6e637 admin admin] Publish callbacks ['neutron.plugins.ml2.ovo_rpc._ObjectChangeHandler.handle_event-2342322'] for subnet (adbefa63-9bc6-4a33-983a-cb08e09ee22e), after_create {{(pid=102935) _notify_loop /opt/stack/data/venv/lib/python3.12/site-packages/neutron_lib/callbacks/manager.py:184}}
May 16 14:30:11.833553 np0000174402 devstack@neutron-api.service[102935]: DEBUG neutron.api.rpc.handlers.resources_rpc [None req-dbb4f536-7933-40f6-a220-d40480d6e637 admin admin] Pushing event updated for resources: {'Subnet': ['ID=adbefa63-9bc6-4a33-983a-cb08e09ee22e,revision_number=0']} {{(pid=102935) push /opt/stack/neutron/neutron/api/rpc/handlers/resources_rpc.py:237}}
May 16 14:30:11.860962 np0000174402 devstack@neutron-api.service[102935]: INFO neutron.db.ovn_revision_numbers_db [None req-dbb4f536-7933-40f6-a220-d40480d6e637 admin admin] Successfully bumped revision number for resource adbefa63-9bc6-4a33-983a-cb08e09ee22e (type: subnets) to 0
May 16 14:30:11.862103 np0000174402 devstack@neutron-api.service[102935]: DEBUG neutron.pecan_wsgi.hooks.policy_enforcement [None req-dbb4f536-7933-40f6-a220-d40480d6e637 admin admin] Attributes excluded by policy engine: ['standard_attr_id', 'shared', 'network'] {{(pid=102935) _exclude_attributes_by_policy /opt/stack/neutron/neutron/pecan_wsgi/hooks/policy_enforcement.py:256}}
May 16 14:30:11.862350 np0000174402 devstack@neutron-api.service[102935]: DEBUG neutron_lib.callbacks.manager [None req-dbb4f536-7933-40f6-a220-d40480d6e637 admin admin] Publish callbacks [] for subnet (None), before_response {{(pid=102935) _notify_loop /opt/stack/data/venv/lib/python3.12/site-packages/neutron_lib/callbacks/manager.py:184}}
May 16 14:30:11.872525 np0000174402 devstack@neutron-api.service[102935]: [pid: 102935|app: 0|req: 5/21] 162.253.55.100 () {68 vars in 1355 bytes} [Sat May 16 14:30:11 2026] POST /networking/v2.0/subnets => generated 640 bytes in 205 msecs (HTTP/1.1 201) 4 headers in 162 bytes (1 switches on core 0)
May 16 14:30:12.227039 np0000174402 devstack@neutron-api.service[102937]: DEBUG neutron.api.wsgi [None req-47305660-b286-439c-92fc-5af8454fddd2 admin admin] Missing Content-Type {{(pid=102937) get_content_type /opt/stack/neutron/neutron/api/wsgi.py:80}}
May 16 14:30:12.277094 np0000174402 devstack@neutron-api.service[102937]: [pid: 102937|app: 0|req: 6/22] 162.253.55.100 () {64 vars in 1412 bytes} [Sat May 16 14:30:12 2026] GET /networking/v2.0/routers/d2dd487d-b3d8-41f6-a636-204324b7d7e4 => generated 599 bytes in 55 msecs (HTTP/1.1 200) 4 headers in 157 bytes (1 switches on core 0)
May 16 14:30:12.326344 np0000174402 devstack@neutron-api.service[102936]: DEBUG neutron.pecan_wsgi.hooks.policy_enforcement [None req-54bb4d40-da94-48ae-a750-ad053e021f59 admin admin] Attributes excluded by policy engine: ['standard_attr_id'] {{(pid=102936) _exclude_attributes_by_policy /opt/stack/neutron/neutron/pecan_wsgi/hooks/policy_enforcement.py:256}}
May 16 14:30:12.327037 np0000174402 devstack@neutron-api.service[102936]: [pid: 102936|app: 0|req: 7/23] 162.253.55.100 () {64 vars in 1415 bytes} [Sat May 16 14:30:12 2026] GET /networking/v2.0/networks/c7932501-7f65-4cf9-9135-d7feaa63f563 => generated 717 bytes in 37 msecs (HTTP/1.1 200) 4 headers in 157 bytes (1 switches on core 0)
May 16 14:30:12.345745 np0000174402 devstack@neutron-api.service[102934]: DEBUG neutron.api.wsgi [None req-f5b076d2-db4c-4244-8382-2d6e0b2cad65 admin admin] Missing Content-Type {{(pid=102934) get_content_type /opt/stack/neutron/neutron/api/wsgi.py:80}}
May 16 14:30:12.346360 np0000174402 devstack@neutron-api.service[102934]: DEBUG neutron.api.wsgi [None req-f5b076d2-db4c-4244-8382-2d6e0b2cad65 admin admin] https://162.253.55.100/networking/v2.0/extensions/external-gateway-multihoming returned with HTTP 200 {{(pid=102934) __call__ /opt/stack/neutron/neutron/api/wsgi.py:540}}
May 16 14:30:12.346956 np0000174402 devstack@neutron-api.service[102934]: [pid: 102934|app: 0|req: 6/24] 162.253.55.100 () {64 vars in 1397 bytes} [Sat May 16 14:30:12 2026] GET /networking/v2.0/extensions/external-gateway-multihoming => generated 227 bytes in 5 msecs (HTTP/1.1 200) 4 headers in 157 bytes (1 switches on core 0)
May 16 14:30:12.575938 np0000174402 devstack@neutron-api.service[102935]: DEBUG neutron_lib.callbacks.manager [None req-16a76ae8-e371-4c0e-a063-741fc6a08436 admin admin] Publish callbacks [] for router_gateway (d2dd487d-b3d8-41f6-a636-204324b7d7e4), precommit_update {{(pid=102935) _notify_loop /opt/stack/data/venv/lib/python3.12/site-packages/neutron_lib/callbacks/manager.py:184}}
May 16 14:30:12.640338 np0000174402 devstack@neutron-api.service[102935]: DEBUG neutron_lib.callbacks.manager [None req-16a76ae8-e371-4c0e-a063-741fc6a08436 admin admin] Publish callbacks [] for router_gateway (d2dd487d-b3d8-41f6-a636-204324b7d7e4), before_create {{(pid=102935) _notify_loop /opt/stack/data/venv/lib/python3.12/site-packages/neutron_lib/callbacks/manager.py:184}}
May 16 14:30:12.668294 np0000174402 devstack@neutron-api.service[102935]: DEBUG neutron_lib.callbacks.manager [None req-16a76ae8-e371-4c0e-a063-741fc6a08436 admin admin] Publish callbacks ['neutron.plugins.ml2.plugin.SecurityGroupDbMixin._ensure_default_security_group_handler-636095'] for port (None), before_create {{(pid=102935) _notify_loop /opt/stack/data/venv/lib/python3.12/site-packages/neutron_lib/callbacks/manager.py:184}}
May 16 14:30:12.725905 np0000174402 devstack@neutron-api.service[102935]: DEBUG neutron.db.db_base_plugin_common [None req-16a76ae8-e371-4c0e-a063-741fc6a08436 admin admin] Allocated IP 172.24.5.73 (c7932501-7f65-4cf9-9135-d7feaa63f563/adbefa63-9bc6-4a33-983a-cb08e09ee22e/0f358808-19d3-47f8-9b3e-da5faa1ca669) {{(pid=102935) _store_ip_allocation /opt/stack/neutron/neutron/db/db_base_plugin_common.py:131}}
May 16 14:30:12.766987 np0000174402 devstack@neutron-api.service[102935]: DEBUG neutron_lib.callbacks.manager [None req-16a76ae8-e371-4c0e-a063-741fc6a08436 admin admin] Publish callbacks ['neutron.plugins.ml2.drivers.ovn.mech_driver.mech_driver.OVNMechanismDriver._validate_allowed_address_pairs-1897077'] for allowed_address_pair (0f358808-19d3-47f8-9b3e-da5faa1ca669), before_create {{(pid=102935) _notify_loop /opt/stack/data/venv/lib/python3.12/site-packages/neutron_lib/callbacks/manager.py:184}}
May 16 14:30:12.767436 np0000174402 devstack@neutron-api.service[102935]: DEBUG neutron_lib.callbacks.manager [None req-16a76ae8-e371-4c0e-a063-741fc6a08436 admin admin] Publish callbacks [] for port (0f358808-19d3-47f8-9b3e-da5faa1ca669), precommit_create {{(pid=102935) _notify_loop /opt/stack/data/venv/lib/python3.12/site-packages/neutron_lib/callbacks/manager.py:184}}
May 16 14:30:12.767701 np0000174402 devstack@neutron-api.service[102935]: DEBUG neutron.plugins.ml2.drivers.ovn.mech_driver.mech_driver [None req-16a76ae8-e371-4c0e-a063-741fc6a08436 admin admin] No provisioning block for port 0f358808-19d3-47f8-9b3e-da5faa1ca669 since it does not have a host {{(pid=102935) _is_port_provisioning_required /opt/stack/neutron/neutron/plugins/ml2/drivers/ovn/mech_driver/mech_driver.py:894}}
May 16 14:30:12.767701 np0000174402 devstack@neutron-api.service[102935]: DEBUG neutron.db.ovn_revision_numbers_db [None req-16a76ae8-e371-4c0e-a063-741fc6a08436 admin admin] create_initial_revision uuid=0f358808-19d3-47f8-9b3e-da5faa1ca669, type=ports, rev=-1 {{(pid=102935) create_initial_revision /opt/stack/neutron/neutron/db/ovn_revision_numbers_db.py:98}}
May 16 14:30:12.845364 np0000174402 devstack@neutron-api.service[102935]: DEBUG neutron.db.ovn_revision_numbers_db [None req-16a76ae8-e371-4c0e-a063-741fc6a08436 admin admin] create_initial_revision uuid=0f358808-19d3-47f8-9b3e-da5faa1ca669, type=router_ports, rev=-1 {{(pid=102935) create_initial_revision /opt/stack/neutron/neutron/db/ovn_revision_numbers_db.py:98}}
May 16 14:30:12.874909 np0000174402 devstack@neutron-api.service[102935]: DEBUG neutron_lib.callbacks.manager [None req-16a76ae8-e371-4c0e-a063-741fc6a08436 admin admin] Publish callbacks ['neutron.plugins.ml2.ovo_rpc._ObjectChangeHandler.handle_event-331199'] for port (0f358808-19d3-47f8-9b3e-da5faa1ca669), after_create {{(pid=102935) _notify_loop /opt/stack/data/venv/lib/python3.12/site-packages/neutron_lib/callbacks/manager.py:184}}
May 16 14:30:12.902312 np0000174402 devstack@neutron-api.service[102935]: DEBUG neutron.api.rpc.handlers.resources_rpc [None req-16a76ae8-e371-4c0e-a063-741fc6a08436 admin admin] Pushing event updated for resources: {'Port': ['ID=0f358808-19d3-47f8-9b3e-da5faa1ca669,revision_number=1']} {{(pid=102935) push /opt/stack/neutron/neutron/api/rpc/handlers/resources_rpc.py:237}}
May 16 14:30:12.943109 np0000174402 devstack@neutron-api.service[102935]: DEBUG ovsdbapp.backend.ovs_idl.transaction [None req-dca384a3-2894-4967-8ad9-4928f63d52d8 None None] Running txn n=1 command(idx=0): AddLSwitchPortCommand(_result=None, lport=0f358808-19d3-47f8-9b3e-da5faa1ca669, lswitch=neutron-c7932501-7f65-4cf9-9135-d7feaa63f563, may_exist=True, network_uuid=c7932501-7f65-4cf9-9135-d7feaa63f563, columns={'addresses': ['unknown'], 'external_ids': {'neutron:port_name': '', 'neutron:device_id': 'd2dd487d-b3d8-41f6-a636-204324b7d7e4', 'neutron:project_id': '', 'neutron:cidrs': '172.24.5.73/24', 'neutron:device_owner': 'network:router_gateway', 'neutron:subnet_pool_addr_scope4': '', 'neutron:subnet_pool_addr_scope6': '', 'neutron:network_name': 'neutron-c7932501-7f65-4cf9-9135-d7feaa63f563', 'neutron:security_group_ids': '', 'neutron:revision_number': '1', 'neutron:vnic_type': 'normal', 'neutron:port_capabilities': '', 'neutron:mtu': ''}, 'parent_name': [], 'tag': [], 'enabled': True, 'options': {}, 'type': '', 'port_security': [], 'dhcpv4_options': [], 'dhcpv6_options': []}) {{(pid=102935) do_commit /opt/stack/data/venv/lib/python3.12/site-packages/ovsdbapp/backend/ovs_idl/transaction.py:89}}
May 16 14:30:12.944206 np0000174402 devstack@neutron-api.service[102935]: DEBUG ovsdbapp.backend.ovs_idl.transaction [None req-dca384a3-2894-4967-8ad9-4928f63d52d8 None None] Running txn n=1 command(idx=1): QoSDelCommand(_result=None, switch=neutron-c7932501-7f65-4cf9-9135-d7feaa63f563, conditions=[('direction', '=', 'to-lport'), ('priority', '=', 2002), ('match', '=', 'outport == "0f358808-19d3-47f8-9b3e-da5faa1ca669"')], if_exists=True) {{(pid=102935) do_commit /opt/stack/data/venv/lib/python3.12/site-packages/ovsdbapp/backend/ovs_idl/transaction.py:89}}
May 16 14:30:12.944578 np0000174402 devstack@neutron-api.service[102935]: DEBUG ovsdbapp.backend.ovs_idl.transaction [None req-dca384a3-2894-4967-8ad9-4928f63d52d8 None None] Running txn n=1 command(idx=2): QoSDelCommand(_result=None, switch=neutron-c7932501-7f65-4cf9-9135-d7feaa63f563, conditions=[('direction', '=', 'from-lport'), ('priority', '=', 2002), ('match', '=', 'inport == "0f358808-19d3-47f8-9b3e-da5faa1ca669"')], if_exists=True) {{(pid=102935) do_commit /opt/stack/data/venv/lib/python3.12/site-packages/ovsdbapp/backend/ovs_idl/transaction.py:89}}
May 16 14:30:12.944982 np0000174402 devstack@neutron-api.service[102935]: DEBUG ovsdbapp.backend.ovs_idl.transaction [None req-dca384a3-2894-4967-8ad9-4928f63d52d8 None None] Running txn n=1 command(idx=3): UpdateLSwitchPortQosOptionsCommand(_result=None, lport=AddLSwitchPortCommand(_result=6875e0cb-7d2e-42ca-9c64-378c8da03972, lport=0f358808-19d3-47f8-9b3e-da5faa1ca669, lswitch=neutron-c7932501-7f65-4cf9-9135-d7feaa63f563, may_exist=True, network_uuid=c7932501-7f65-4cf9-9135-d7feaa63f563, columns={'addresses': ['unknown'], 'external_ids': {'neutron:port_name': '', 'neutron:device_id': 'd2dd487d-b3d8-41f6-a636-204324b7d7e4', 'neutron:project_id': '', 'neutron:cidrs': '172.24.5.73/24', 'neutron:device_owner': 'network:router_gateway', 'neutron:subnet_pool_addr_scope4': '', 'neutron:subnet_pool_addr_scope6': '', 'neutron:network_name': 'neutron-c7932501-7f65-4cf9-9135-d7feaa63f563', 'neutron:security_group_ids': '', 'neutron:revision_number': '1', 'neutron:vnic_type': 'normal', 'neutron:port_capabilities': '', 'neutron:mtu': ''}, 'parent_name': [], 'enabled': True, 'options': {}, 'type': '', 'port_security': []}), if_exists=True, qos={'qos_max_rate': None, 'qos_burst': None, 'qos_min_rate': None}) {{(pid=102935) do_commit /opt/stack/data/venv/lib/python3.12/site-packages/ovsdbapp/backend/ovs_idl/transaction.py:89}}
May 16 14:30:12.984351 np0000174402 devstack@neutron-api.service[102936]: DEBUG neutron.plugins.ml2.drivers.ovn.mech_driver.ovsdb.ovsdb_monitor [None req-a6506b9f-8c2d-4706-a0e2-e586dfd683cf None None] Touching Hash Ring node "ea04d9104a675d299cfb1d3c20b4744a" from IDL notify handler {{(pid=102936) notify /opt/stack/neutron/neutron/plugins/ml2/drivers/ovn/mech_driver/ovsdb/ovsdb_monitor.py:934}}
May 16 14:30:12.990101 np0000174402 devstack@neutron-api.service[102937]: DEBUG neutron.plugins.ml2.drivers.ovn.mech_driver.ovsdb.ovsdb_monitor [None req-209f2334-b407-4737-b70a-891482c7fc94 None None] Touching Hash Ring node "fc17c1997e53513ea88ad7099a3378f7" from IDL notify handler {{(pid=102937) notify /opt/stack/neutron/neutron/plugins/ml2/drivers/ovn/mech_driver/ovsdb/ovsdb_monitor.py:934}}
May 16 14:30:12.990191 np0000174402 devstack@neutron-api.service[102936]: DEBUG neutron.plugins.ml2.drivers.ovn.mech_driver.ovsdb.ovsdb_monitor [None req-2741dfad-a404-4cf4-b9af-a19968fb2349 None None] Touching Hash Ring node "ea04d9104a675d299cfb1d3c20b4744a" from IDL notify handler {{(pid=102936) notify /opt/stack/neutron/neutron/plugins/ml2/drivers/ovn/mech_driver/ovsdb/ovsdb_monitor.py:934}}
May 16 14:30:12.997142 np0000174402 devstack@neutron-api.service[102936]: DEBUG neutron.plugins.ml2.drivers.ovn.mech_driver.ovsdb.ovsdb_monitor [None req-a6506b9f-8c2d-4706-a0e2-e586dfd683cf None None] Hash Ring: Node ea04d9104a675d299cfb1d3c20b4744a (host: np0000174402) handling event "update" for row c7932501-7f65-4cf9-9135-d7feaa63f563 (table: Logical_Switch) {{(pid=102936) notify /opt/stack/neutron/neutron/plugins/ml2/drivers/ovn/mech_driver/ovsdb/ovsdb_monitor.py:942}}
May 16 14:30:12.997989 np0000174402 devstack@neutron-api.service[102937]: DEBUG neutron.plugins.ml2.drivers.ovn.mech_driver.ovsdb.ovsdb_monitor [None req-209f2334-b407-4737-b70a-891482c7fc94 None None] Hash Ring: Node fc17c1997e53513ea88ad7099a3378f7 (host: np0000174402) handling event "create" for row 016dcfb6-a484-4484-a4a4-08fe21329c29 (table: Port_Binding) {{(pid=102937) notify /opt/stack/neutron/neutron/plugins/ml2/drivers/ovn/mech_driver/ovsdb/ovsdb_monitor.py:942}}
May 16 14:30:12.999479 np0000174402 devstack@neutron-api.service[102936]: DEBUG neutron.plugins.ml2.drivers.ovn.mech_driver.ovsdb.ovsdb_monitor [None req-a6506b9f-8c2d-4706-a0e2-e586dfd683cf None None] Touching Hash Ring node "ea04d9104a675d299cfb1d3c20b4744a" from IDL notify handler {{(pid=102936) notify /opt/stack/neutron/neutron/plugins/ml2/drivers/ovn/mech_driver/ovsdb/ovsdb_monitor.py:934}}
May 16 14:30:13.001252 np0000174402 devstack@neutron-api.service[102936]: DEBUG neutron.plugins.ml2.drivers.ovn.mech_driver.ovsdb.ovsdb_monitor [None req-2741dfad-a404-4cf4-b9af-a19968fb2349 None None] Hash Ring: Node ea04d9104a675d299cfb1d3c20b4744a (host: np0000174402) handling event "create" for row 016dcfb6-a484-4484-a4a4-08fe21329c29 (table: Port_Binding) {{(pid=102936) notify /opt/stack/neutron/neutron/plugins/ml2/drivers/ovn/mech_driver/ovsdb/ovsdb_monitor.py:942}}
May 16 14:30:13.003737 np0000174402 devstack@neutron-api.service[102936]: DEBUG neutron.plugins.ml2.drivers.ovn.mech_driver.ovsdb.ovsdb_monitor [None req-a6506b9f-8c2d-4706-a0e2-e586dfd683cf None None] Hash Ring: Node ea04d9104a675d299cfb1d3c20b4744a (host: np0000174402) handling event "create" for row 5af61c02-4166-4496-95f5-bf7272d35eb6 (table: Logical_Switch_Port) {{(pid=102936) notify /opt/stack/neutron/neutron/plugins/ml2/drivers/ovn/mech_driver/ovsdb/ovsdb_monitor.py:942}}
May 16 14:30:13.005176 np0000174402 devstack@neutron-api.service[102936]: DEBUG ovsdbapp.backend.ovs_idl.event [None req-a6506b9f-8c2d-4706-a0e2-e586dfd683cf None None] Matched CREATE: LogicalSwitchPortCreateEvent(events=('create',), table='Logical_Switch_Port', conditions=[], old_conditions=None), priority=20 to row=Logical_Switch_Port(uuid=5af61c02-4166-4496-95f5-bf7272d35eb6, addresses=['unknown'], dhcpv4_options=[], dhcpv6_options=[], dynamic_addresses=[], enabled=True, external_ids={'neutron:cidrs': '172.24.5.73/24', 'neutron:device_id': 'd2dd487d-b3d8-41f6-a636-204324b7d7e4', 'neutron:device_owner': 'network:router_gateway', 'neutron:mtu': '', 'neutron:network_name': 'neutron-c7932501-7f65-4cf9-9135-d7feaa63f563', 'neutron:port_capabilities': '', 'neutron:port_name': '', 'neutron:project_id': '', 'neutron:revision_number': '1', 'neutron:security_group_ids': '', 'neutron:subnet_pool_addr_scope4': '', 'neutron:subnet_pool_addr_scope6': '', 'neutron:vnic_type': 'normal'}, ha_chassis_group=[], mirror_rules=[], name='0f358808-19d3-47f8-9b3e-da5faa1ca669', options={}, parent_name=[], port_security=[], tag=[], tag_request=[], type='', up=[]) old= {{(pid=102936) matches /opt/stack/data/venv/lib/python3.12/site-packages/ovsdbapp/backend/ovs_idl/event.py:55}}
May 16 14:30:13.007065 np0000174402 devstack@neutron-api.service[102936]: DEBUG neutron.plugins.ml2.drivers.ovn.mech_driver.ovsdb.ovsdb_monitor [None req-a6506b9f-8c2d-4706-a0e2-e586dfd683cf None None] Touching Hash Ring node "ea04d9104a675d299cfb1d3c20b4744a" from IDL notify handler {{(pid=102936) notify /opt/stack/neutron/neutron/plugins/ml2/drivers/ovn/mech_driver/ovsdb/ovsdb_monitor.py:934}}
May 16 14:30:13.009105 np0000174402 devstack@neutron-api.service[102936]: DEBUG neutron.plugins.ml2.drivers.ovn.mech_driver.ovsdb.ovsdb_monitor [None req-a6506b9f-8c2d-4706-a0e2-e586dfd683cf None None] Hash Ring: Node ea04d9104a675d299cfb1d3c20b4744a (host: np0000174402) handling event "update" for row 5af61c02-4166-4496-95f5-bf7272d35eb6 (table: Logical_Switch_Port) {{(pid=102936) notify /opt/stack/neutron/neutron/plugins/ml2/drivers/ovn/mech_driver/ovsdb/ovsdb_monitor.py:942}}
May 16 14:30:13.016607 np0000174402 devstack@neutron-api.service[102935]: INFO neutron.db.ovn_revision_numbers_db [None req-16a76ae8-e371-4c0e-a063-741fc6a08436 admin admin] Successfully bumped revision number for resource 0f358808-19d3-47f8-9b3e-da5faa1ca669 (type: ports) to 1
May 16 14:30:13.142325 np0000174402 devstack@neutron-api.service[102935]: DEBUG neutron_lib.callbacks.manager [None req-16a76ae8-e371-4c0e-a063-741fc6a08436 admin admin] Publish callbacks [] for router_gateway (d2dd487d-b3d8-41f6-a636-204324b7d7e4), after_create {{(pid=102935) _notify_loop /opt/stack/data/venv/lib/python3.12/site-packages/neutron_lib/callbacks/manager.py:184}}
May 16 14:30:13.329377 np0000174402 devstack@neutron-api.service[102935]: DEBUG neutron_lib.callbacks.manager [None req-16a76ae8-e371-4c0e-a063-741fc6a08436 admin admin] Publish callbacks ['neutron.services.ovn_l3.plugin.ExtraGatewaysDbOnlyMixin._process_bfd_ecmp_update-849395', 'neutron.services.ovn_l3.service_providers.driver_controller.DriverController._update_router_provider-64016'] for router (d2dd487d-b3d8-41f6-a636-204324b7d7e4), precommit_update {{(pid=102935) _notify_loop /opt/stack/data/venv/lib/python3.12/site-packages/neutron_lib/callbacks/manager.py:184}}
May 16 14:30:13.332264 np0000174402 devstack@neutron-api.service[102935]: DEBUG neutron_lib.callbacks.manager [None req-16a76ae8-e371-4c0e-a063-741fc6a08436 admin admin] Publish callbacks ['neutron.services.ovn_l3.service_providers.ovn.OvnDriver._process_router_update-63817'] for router (d2dd487d-b3d8-41f6-a636-204324b7d7e4), after_update {{(pid=102935) _notify_loop /opt/stack/data/venv/lib/python3.12/site-packages/neutron_lib/callbacks/manager.py:184}}
May 16 14:30:13.332404 np0000174402 devstack@neutron-api.service[102935]: INFO neutron.plugins.ml2.drivers.ovn.mech_driver.ovsdb.extensions.qos [None req-16a76ae8-e371-4c0e-a063-741fc6a08436 admin admin] Starting OVNClientQosExtension
May 16 14:30:14.031771 np0000174402 devstack@neutron-api.service[102935]: DEBUG ovsdbapp.backend.ovs_idl.transaction [None req-dca384a3-2894-4967-8ad9-4928f63d52d8 None None] Running txn n=1 command(idx=0): CheckRevisionNumberCommand(_result=None, name=neutron-d2dd487d-b3d8-41f6-a636-204324b7d7e4, resource={'id': 'd2dd487d-b3d8-41f6-a636-204324b7d7e4', 'name': 'router1', 'project_id': 'e7e139a6444b457d933381ca81bea288', 'admin_state_up': True, 'status': 'ACTIVE', 'enable_snat': True, 'external_gateway_info': {'network_id': 'c7932501-7f65-4cf9-9135-d7feaa63f563', 'external_fixed_ips': [{'subnet_id': 'adbefa63-9bc6-4a33-983a-cb08e09ee22e', 'ip_address': '172.24.5.73'}], 'enable_snat': True}, 'gw_port_id': '0f358808-19d3-47f8-9b3e-da5faa1ca669', 'description': '', 'availability_zones': [], 'distributed': False, 'ha': True, 'ha_vr_id': 0, 'availability_zone_hints': [], 'enable_default_route_ecmp': False, 'enable_default_route_bfd': False, 'external_gateways': [{'network_id': 'c7932501-7f65-4cf9-9135-d7feaa63f563', 'external_fixed_ips': [{'ip_address': '172.24.5.73', 'subnet_id': 'adbefa63-9bc6-4a33-983a-cb08e09ee22e'}]}], 'routes': [], 'flavor_id': None, 'tags': [], 'created_at': '2026-05-16T14:30:08Z', 'updated_at': '2026-05-16T14:30:13Z', 'revision_number': 3, 'tenant_id': 'e7e139a6444b457d933381ca81bea288'}, resource_type=routers, if_exists=True) {{(pid=102935) do_commit /opt/stack/data/venv/lib/python3.12/site-packages/ovsdbapp/backend/ovs_idl/transaction.py:89}}
May 16 14:30:14.032701 np0000174402 devstack@neutron-api.service[102935]: DEBUG ovsdbapp.backend.ovs_idl.transaction [None req-dca384a3-2894-4967-8ad9-4928f63d52d8 None None] Running txn n=1 command(idx=1): DeleteLRouterExtGwCommand(_result=None, lrouter=neutron-d2dd487d-b3d8-41f6-a636-204324b7d7e4, if_exists=True, maintain_bfd=True) {{(pid=102935) do_commit /opt/stack/data/venv/lib/python3.12/site-packages/ovsdbapp/backend/ovs_idl/transaction.py:89}}
May 16 14:30:14.033023 np0000174402 devstack@neutron-api.service[102935]: DEBUG ovsdbapp.backend.ovs_idl.transaction [None req-dca384a3-2894-4967-8ad9-4928f63d52d8 None None] Running txn n=1 command(idx=2): DeleteNATRuleInLRouterCommand(_result=None, lrouter=neutron-d2dd487d-b3d8-41f6-a636-204324b7d7e4, type=snat, logical_ip=10.1.0.0/26, external_ip=172.24.5.73, if_exists=True) {{(pid=102935) do_commit /opt/stack/data/venv/lib/python3.12/site-packages/ovsdbapp/backend/ovs_idl/transaction.py:89}}
May 16 14:30:14.033306 np0000174402 devstack@neutron-api.service[102935]: DEBUG ovsdbapp.backend.ovs_idl.transaction [None req-dca384a3-2894-4967-8ad9-4928f63d52d8 None None] Running txn n=1 command(idx=3): DelStaticRoutesCommand(_result=None, lrouter=neutron-d2dd487d-b3d8-41f6-a636-204324b7d7e4, routes=[('0.0.0.0/0', '172.24.5.1')], if_exists=True) {{(pid=102935) do_commit /opt/stack/data/venv/lib/python3.12/site-packages/ovsdbapp/backend/ovs_idl/transaction.py:89}}
May 16 14:30:14.033574 np0000174402 devstack@neutron-api.service[102935]: DEBUG ovsdbapp.backend.ovs_idl.transaction [None req-dca384a3-2894-4967-8ad9-4928f63d52d8 None None] Running txn n=1 command(idx=4): DelLRouterPortCommand(_result=None, name=lrp-0f358808-19d3-47f8-9b3e-da5faa1ca669, lrouter=neutron-d2dd487d-b3d8-41f6-a636-204324b7d7e4, if_exists=True) {{(pid=102935) do_commit /opt/stack/data/venv/lib/python3.12/site-packages/ovsdbapp/backend/ovs_idl/transaction.py:89}}
May 16 14:30:14.033890 np0000174402 devstack@neutron-api.service[102935]: DEBUG ovsdbapp.backend.ovs_idl.transaction [None req-dca384a3-2894-4967-8ad9-4928f63d52d8 None None] Running txn n=1 command(idx=5): AddLRouterPortCommand(_result=None, name=lrp-0f358808-19d3-47f8-9b3e-da5faa1ca669, lrouter=neutron-d2dd487d-b3d8-41f6-a636-204324b7d7e4, may_exist=True, columns={'mac': 'fa:16:3e:7f:2e:01', 'networks': ['172.24.5.73/24'], 'external_ids': {'neutron:revision_number': '1', 'neutron:subnet_ids': 'adbefa63-9bc6-4a33-983a-cb08e09ee22e', 'neutron:network_name': 'neutron-c7932501-7f65-4cf9-9135-d7feaa63f563', 'neutron:is_ext_gw': 'True', 'neutron:router_name': 'neutron-d2dd487d-b3d8-41f6-a636-204324b7d7e4'}, 'options': {'reside-on-redirect-chassis': 'true', 'gateway_mtu': '1372'}}) {{(pid=102935) do_commit /opt/stack/data/venv/lib/python3.12/site-packages/ovsdbapp/backend/ovs_idl/transaction.py:89}}
May 16 14:30:14.034568 np0000174402 devstack@neutron-api.service[102935]: DEBUG ovsdbapp.backend.ovs_idl.transaction [None req-dca384a3-2894-4967-8ad9-4928f63d52d8 None None] Running txn n=1 command(idx=6): ScheduleNewGatewayCommand(_result=None, g_name=lrp-0f358808-19d3-47f8-9b3e-da5faa1ca669, sb_api=, lrouter_name=neutron-d2dd487d-b3d8-41f6-a636-204324b7d7e4, ovn_client=, scheduler=, physnet=public, az_hints=[]) {{(pid=102935) do_commit /opt/stack/data/venv/lib/python3.12/site-packages/ovsdbapp/backend/ovs_idl/transaction.py:89}}
May 16 14:30:14.035620 np0000174402 devstack@neutron-api.service[102935]: DEBUG neutron.plugins.ml2.drivers.ovn.mech_driver.ovsdb.ovn_client [None req-dca384a3-2894-4967-8ad9-4928f63d52d8 None None] Chassis candidates for scheduling gateway router ports for "public" physical network: ['02f8988a-b2a6-48d7-8742-90e7f20564f9'] {{(pid=102935) get_candidates_for_scheduling /opt/stack/neutron/neutron/plugins/ml2/drivers/ovn/mech_driver/ovsdb/ovn_client.py:1715}}
May 16 14:30:14.036426 np0000174402 devstack@neutron-api.service[102935]: DEBUG neutron.scheduler.l3_ovn_scheduler [None req-dca384a3-2894-4967-8ad9-4928f63d52d8 None None] Gateway lrp-0f358808-19d3-47f8-9b3e-da5faa1ca669 scheduled on chassis ['02f8988a-b2a6-48d7-8742-90e7f20564f9'] {{(pid=102935) _schedule_gateway /opt/stack/neutron/neutron/scheduler/l3_ovn_scheduler.py:88}}
May 16 14:30:14.037088 np0000174402 devstack@neutron-api.service[102935]: DEBUG ovsdbapp.backend.ovs_idl.transaction [None req-dca384a3-2894-4967-8ad9-4928f63d52d8 None None] Running txn n=1 command(idx=7): SetLRouterPortInLSwitchPortCommand(_result=None, lswitch_port=0f358808-19d3-47f8-9b3e-da5faa1ca669, lrouter_port=lrp-0f358808-19d3-47f8-9b3e-da5faa1ca669, is_gw_port=True, if_exists=True, lsp_address=router) {{(pid=102935) do_commit /opt/stack/data/venv/lib/python3.12/site-packages/ovsdbapp/backend/ovs_idl/transaction.py:89}}
May 16 14:30:14.037576 np0000174402 devstack@neutron-api.service[102935]: DEBUG ovsdbapp.backend.ovs_idl.transaction [None req-dca384a3-2894-4967-8ad9-4928f63d52d8 None None] Running txn n=1 command(idx=8): AddStaticRouteCommand(_result=None, lrouter=neutron-d2dd487d-b3d8-41f6-a636-204324b7d7e4, maintain_bfd=False, columns={'ip_prefix': '0.0.0.0/0', 'nexthop': '172.24.5.1', 'external_ids': {'neutron:is_ext_gw': 'true', 'neutron:subnet_id': 'adbefa63-9bc6-4a33-983a-cb08e09ee22e', 'neutron:is_static_route': 'true'}}) {{(pid=102935) do_commit /opt/stack/data/venv/lib/python3.12/site-packages/ovsdbapp/backend/ovs_idl/transaction.py:89}}
May 16 14:30:14.038155 np0000174402 devstack@neutron-api.service[102935]: DEBUG ovsdbapp.backend.ovs_idl.transaction [None req-dca384a3-2894-4967-8ad9-4928f63d52d8 None None] Running txn n=1 command(idx=9): AddNATRuleInLRouterCommand(_result=None, lrouter=neutron-d2dd487d-b3d8-41f6-a636-204324b7d7e4, columns={'type': 'snat', 'logical_ip': '10.1.0.0/26', 'external_ip': '172.24.5.73'}) {{(pid=102935) do_commit /opt/stack/data/venv/lib/python3.12/site-packages/ovsdbapp/backend/ovs_idl/transaction.py:89}}
May 16 14:30:14.038589 np0000174402 devstack@neutron-api.service[102935]: DEBUG ovsdbapp.backend.ovs_idl.transaction [None req-dca384a3-2894-4967-8ad9-4928f63d52d8 None None] Running txn n=1 command(idx=10): UpdateLRouterCommand(_result=None, name=neutron-d2dd487d-b3d8-41f6-a636-204324b7d7e4, columns={'external_ids': {'neutron:router_name': 'router1', 'neutron:revision_number': '3', 'neutron:availability_zone_hints': ''}, 'enabled': True}, if_exists=True) {{(pid=102935) do_commit /opt/stack/data/venv/lib/python3.12/site-packages/ovsdbapp/backend/ovs_idl/transaction.py:89}}
May 16 14:30:14.039246 np0000174402 devstack@neutron-api.service[102935]: DEBUG ovsdbapp.backend.ovs_idl.transaction [None req-dca384a3-2894-4967-8ad9-4928f63d52d8 None None] Running txn n=1 command(idx=11): QoSDelCommand(_result=None, switch=neutron-c7932501-7f65-4cf9-9135-d7feaa63f563, conditions=[('direction', '=', 'from-lport'), ('priority', '=', 2002), ('match', '=', 'inport == "0f358808-19d3-47f8-9b3e-da5faa1ca669"')], if_exists=True) {{(pid=102935) do_commit /opt/stack/data/venv/lib/python3.12/site-packages/ovsdbapp/backend/ovs_idl/transaction.py:89}}
May 16 14:30:14.039588 np0000174402 devstack@neutron-api.service[102935]: DEBUG ovsdbapp.backend.ovs_idl.transaction [None req-dca384a3-2894-4967-8ad9-4928f63d52d8 None None] Running txn n=1 command(idx=12): QoSDelCommand(_result=None, switch=neutron-c7932501-7f65-4cf9-9135-d7feaa63f563, conditions=[('direction', '=', 'to-lport'), ('priority', '=', 2002), ('match', '=', 'outport == "0f358808-19d3-47f8-9b3e-da5faa1ca669"')], if_exists=True) {{(pid=102935) do_commit /opt/stack/data/venv/lib/python3.12/site-packages/ovsdbapp/backend/ovs_idl/transaction.py:89}}
May 16 14:30:14.098206 np0000174402 devstack@neutron-api.service[102934]: DEBUG neutron.plugins.ml2.drivers.ovn.mech_driver.ovsdb.ovsdb_monitor [None req-8ff1dc1f-5843-42a8-9f78-dfe891df793b None None] Touching Hash Ring node "ec033e2a1e4451a183edf1a0ae88ae6e" from IDL notify handler {{(pid=102934) notify /opt/stack/neutron/neutron/plugins/ml2/drivers/ovn/mech_driver/ovsdb/ovsdb_monitor.py:934}}
May 16 14:30:14.099819 np0000174402 devstack@neutron-api.service[102936]: DEBUG neutron.plugins.ml2.drivers.ovn.mech_driver.ovsdb.ovsdb_monitor [None req-a6506b9f-8c2d-4706-a0e2-e586dfd683cf None None] Touching Hash Ring node "ea04d9104a675d299cfb1d3c20b4744a" from IDL notify handler {{(pid=102936) notify /opt/stack/neutron/neutron/plugins/ml2/drivers/ovn/mech_driver/ovsdb/ovsdb_monitor.py:934}}
May 16 14:30:14.101077 np0000174402 devstack@neutron-api.service[102937]: DEBUG neutron.plugins.ml2.drivers.ovn.mech_driver.ovsdb.ovsdb_monitor [None req-f8f0d7d7-af70-4475-ab37-f90efc99c7a3 None None] Touching Hash Ring node "fc17c1997e53513ea88ad7099a3378f7" from IDL notify handler {{(pid=102937) notify /opt/stack/neutron/neutron/plugins/ml2/drivers/ovn/mech_driver/ovsdb/ovsdb_monitor.py:934}}
May 16 14:30:14.108580 np0000174402 devstack@neutron-api.service[102934]: DEBUG neutron.plugins.ml2.drivers.ovn.mech_driver.ovsdb.ovsdb_monitor [None req-8ff1dc1f-5843-42a8-9f78-dfe891df793b None None] Hash Ring: Node ec033e2a1e4451a183edf1a0ae88ae6e (host: np0000174402) handling event "create" for row c8ed7b13-b0ec-4954-b57c-d77fe54d2006 (table: HA_Chassis_Group) {{(pid=102934) notify /opt/stack/neutron/neutron/plugins/ml2/drivers/ovn/mech_driver/ovsdb/ovsdb_monitor.py:942}}
May 16 14:30:14.108842 np0000174402 devstack@neutron-api.service[102936]: DEBUG neutron.plugins.ml2.drivers.ovn.mech_driver.ovsdb.ovsdb_monitor [None req-2741dfad-a404-4cf4-b9af-a19968fb2349 None None] Touching Hash Ring node "ea04d9104a675d299cfb1d3c20b4744a" from IDL notify handler {{(pid=102936) notify /opt/stack/neutron/neutron/plugins/ml2/drivers/ovn/mech_driver/ovsdb/ovsdb_monitor.py:934}}
May 16 14:30:14.109556 np0000174402 devstack@neutron-api.service[102937]: DEBUG neutron.plugins.ml2.drivers.ovn.mech_driver.ovsdb.ovsdb_monitor [None req-209f2334-b407-4737-b70a-891482c7fc94 None None] Touching Hash Ring node "fc17c1997e53513ea88ad7099a3378f7" from IDL notify handler {{(pid=102937) notify /opt/stack/neutron/neutron/plugins/ml2/drivers/ovn/mech_driver/ovsdb/ovsdb_monitor.py:934}}
May 16 14:30:14.110027 np0000174402 devstack@neutron-api.service[102934]: DEBUG neutron.plugins.ml2.drivers.ovn.mech_driver.ovsdb.ovsdb_monitor [None req-8ff1dc1f-5843-42a8-9f78-dfe891df793b None None] Touching Hash Ring node "ec033e2a1e4451a183edf1a0ae88ae6e" from IDL notify handler {{(pid=102934) notify /opt/stack/neutron/neutron/plugins/ml2/drivers/ovn/mech_driver/ovsdb/ovsdb_monitor.py:934}}
May 16 14:30:14.110887 np0000174402 devstack@neutron-api.service[102936]: DEBUG neutron.plugins.ml2.drivers.ovn.mech_driver.ovsdb.ovsdb_monitor [None req-a6506b9f-8c2d-4706-a0e2-e586dfd683cf None None] Hash Ring: Node ea04d9104a675d299cfb1d3c20b4744a (host: np0000174402) handling event "create" for row be8d04c1-dfe9-4e20-ad12-08b42fcb5f5f (table: HA_Chassis) {{(pid=102936) notify /opt/stack/neutron/neutron/plugins/ml2/drivers/ovn/mech_driver/ovsdb/ovsdb_monitor.py:942}}
May 16 14:30:14.112757 np0000174402 devstack@neutron-api.service[102936]: DEBUG neutron.plugins.ml2.drivers.ovn.mech_driver.ovsdb.ovsdb_monitor [None req-a6506b9f-8c2d-4706-a0e2-e586dfd683cf None None] Touching Hash Ring node "ea04d9104a675d299cfb1d3c20b4744a" from IDL notify handler {{(pid=102936) notify /opt/stack/neutron/neutron/plugins/ml2/drivers/ovn/mech_driver/ovsdb/ovsdb_monitor.py:934}}
May 16 14:30:14.114621 np0000174402 devstack@neutron-api.service[102937]: DEBUG neutron.plugins.ml2.drivers.ovn.mech_driver.ovsdb.ovsdb_monitor [None req-f8f0d7d7-af70-4475-ab37-f90efc99c7a3 None None] Hash Ring: Node fc17c1997e53513ea88ad7099a3378f7 (host: np0000174402) handling event "create" for row be8d04c1-dfe9-4e20-ad12-08b42fcb5f5f (table: HA_Chassis) {{(pid=102937) notify /opt/stack/neutron/neutron/plugins/ml2/drivers/ovn/mech_driver/ovsdb/ovsdb_monitor.py:942}}
May 16 14:30:14.114949 np0000174402 devstack@neutron-api.service[102934]: DEBUG neutron.plugins.ml2.drivers.ovn.mech_driver.ovsdb.ovsdb_monitor [None req-8ff1dc1f-5843-42a8-9f78-dfe891df793b None None] Hash Ring: Node ec033e2a1e4451a183edf1a0ae88ae6e (host: np0000174402) handling event "create" for row a503b7ac-1467-4ea2-9da2-af5754aa3a16 (table: Logical_Router_Port) {{(pid=102934) notify /opt/stack/neutron/neutron/plugins/ml2/drivers/ovn/mech_driver/ovsdb/ovsdb_monitor.py:942}}
May 16 14:30:14.115091 np0000174402 devstack@neutron-api.service[102937]: DEBUG neutron.plugins.ml2.drivers.ovn.mech_driver.ovsdb.ovsdb_monitor [None req-209f2334-b407-4737-b70a-891482c7fc94 None None] Hash Ring: Node fc17c1997e53513ea88ad7099a3378f7 (host: np0000174402) handling event "update" for row 016dcfb6-a484-4484-a4a4-08fe21329c29 (table: Port_Binding) {{(pid=102937) notify /opt/stack/neutron/neutron/plugins/ml2/drivers/ovn/mech_driver/ovsdb/ovsdb_monitor.py:942}}
May 16 14:30:14.115308 np0000174402 devstack@neutron-api.service[102936]: DEBUG neutron.plugins.ml2.drivers.ovn.mech_driver.ovsdb.ovsdb_monitor [None req-2741dfad-a404-4cf4-b9af-a19968fb2349 None None] Hash Ring: Node ea04d9104a675d299cfb1d3c20b4744a (host: np0000174402) handling event "update" for row 016dcfb6-a484-4484-a4a4-08fe21329c29 (table: Port_Binding) {{(pid=102936) notify /opt/stack/neutron/neutron/plugins/ml2/drivers/ovn/mech_driver/ovsdb/ovsdb_monitor.py:942}}
May 16 14:30:14.116003 np0000174402 devstack@neutron-api.service[102934]: DEBUG ovsdbapp.backend.ovs_idl.event [None req-8ff1dc1f-5843-42a8-9f78-dfe891df793b None None] Matched CREATE: LogicalRouterPortEvent(events=('create', 'delete'), table='Logical_Router_Port', conditions=None, old_conditions=None), priority=20 to row=Logical_Router_Port(uuid=a503b7ac-1467-4ea2-9da2-af5754aa3a16, enabled=[], external_ids={'neutron:is_ext_gw': 'True', 'neutron:network_name': 'neutron-c7932501-7f65-4cf9-9135-d7feaa63f563', 'neutron:revision_number': '1', 'neutron:router_name': 'neutron-d2dd487d-b3d8-41f6-a636-204324b7d7e4', 'neutron:subnet_ids': 'adbefa63-9bc6-4a33-983a-cb08e09ee22e'}, gateway_chassis=[], ha_chassis_group=c8ed7b13-b0ec-4954-b57c-d77fe54d2006, ipv6_prefix=[], ipv6_ra_configs={}, mac='fa:16:3e:7f:2e:01', name='lrp-0f358808-19d3-47f8-9b3e-da5faa1ca669', networks=['172.24.5.73/24'], options={'gateway_mtu': '1372', 'reside-on-redirect-chassis': 'true'}, peer=[], status={}) old= {{(pid=102934) matches /opt/stack/data/venv/lib/python3.12/site-packages/ovsdbapp/backend/ovs_idl/event.py:55}}
May 16 14:30:14.116242 np0000174402 devstack@neutron-api.service[102937]: DEBUG neutron.plugins.ml2.drivers.ovn.mech_driver.ovsdb.ovsdb_monitor [None req-f8f0d7d7-af70-4475-ab37-f90efc99c7a3 None None] Touching Hash Ring node "fc17c1997e53513ea88ad7099a3378f7" from IDL notify handler {{(pid=102937) notify /opt/stack/neutron/neutron/plugins/ml2/drivers/ovn/mech_driver/ovsdb/ovsdb_monitor.py:934}}
May 16 14:30:14.117146 np0000174402 devstack@neutron-api.service[102936]: DEBUG neutron.plugins.ml2.drivers.ovn.mech_driver.ovsdb.ovsdb_monitor [None req-a6506b9f-8c2d-4706-a0e2-e586dfd683cf None None] Hash Ring: Node ea04d9104a675d299cfb1d3c20b4744a (host: np0000174402) handling event "create" for row c8ed7b13-b0ec-4954-b57c-d77fe54d2006 (table: HA_Chassis_Group) {{(pid=102936) notify /opt/stack/neutron/neutron/plugins/ml2/drivers/ovn/mech_driver/ovsdb/ovsdb_monitor.py:942}}
May 16 14:30:14.117810 np0000174402 devstack@neutron-api.service[102934]: DEBUG neutron.plugins.ml2.drivers.ovn.mech_driver.ovsdb.ovsdb_monitor [None req-1f50f501-603b-408e-a105-05a179615cb9 None None] Touching Hash Ring node "ec033e2a1e4451a183edf1a0ae88ae6e" from IDL notify handler {{(pid=102934) notify /opt/stack/neutron/neutron/plugins/ml2/drivers/ovn/mech_driver/ovsdb/ovsdb_monitor.py:934}}
May 16 14:30:14.118433 np0000174402 devstack@neutron-api.service[102937]: DEBUG neutron.plugins.ml2.drivers.ovn.mech_driver.ovsdb.ovsdb_monitor [None req-f8f0d7d7-af70-4475-ab37-f90efc99c7a3 None None] Hash Ring: Node fc17c1997e53513ea88ad7099a3378f7 (host: np0000174402) handling event "create" for row a6269998-cf59-4b55-b8f3-863bd20d5cef (table: Logical_Router_Static_Route) {{(pid=102937) notify /opt/stack/neutron/neutron/plugins/ml2/drivers/ovn/mech_driver/ovsdb/ovsdb_monitor.py:942}}
May 16 14:30:14.118501 np0000174402 devstack@neutron-api.service[102936]: DEBUG neutron.plugins.ml2.drivers.ovn.mech_driver.ovsdb.ovsdb_monitor [None req-2741dfad-a404-4cf4-b9af-a19968fb2349 None None] Touching Hash Ring node "ea04d9104a675d299cfb1d3c20b4744a" from IDL notify handler {{(pid=102936) notify /opt/stack/neutron/neutron/plugins/ml2/drivers/ovn/mech_driver/ovsdb/ovsdb_monitor.py:934}}
May 16 14:30:14.118769 np0000174402 devstack@neutron-api.service[102934]: DEBUG neutron.plugins.ml2.drivers.ovn.mech_driver.ovsdb.ovsdb_monitor [None req-8ff1dc1f-5843-42a8-9f78-dfe891df793b None None] Touching Hash Ring node "ec033e2a1e4451a183edf1a0ae88ae6e" from IDL notify handler {{(pid=102934) notify /opt/stack/neutron/neutron/plugins/ml2/drivers/ovn/mech_driver/ovsdb/ovsdb_monitor.py:934}}
May 16 14:30:14.119811 np0000174402 devstack@neutron-api.service[102936]: DEBUG neutron.plugins.ml2.drivers.ovn.mech_driver.ovsdb.ovsdb_monitor [None req-a6506b9f-8c2d-4706-a0e2-e586dfd683cf None None] Touching Hash Ring node "ea04d9104a675d299cfb1d3c20b4744a" from IDL notify handler {{(pid=102936) notify /opt/stack/neutron/neutron/plugins/ml2/drivers/ovn/mech_driver/ovsdb/ovsdb_monitor.py:934}}
May 16 14:30:14.122741 np0000174402 devstack@neutron-api.service[102934]: DEBUG neutron.plugins.ml2.drivers.ovn.mech_driver.ovsdb.ovsdb_monitor [None req-8ff1dc1f-5843-42a8-9f78-dfe891df793b None None] Hash Ring: Node ec033e2a1e4451a183edf1a0ae88ae6e (host: np0000174402) handling event "create" for row 92a6cb40-edd3-430b-b090-322773b595fc (table: NAT) {{(pid=102934) notify /opt/stack/neutron/neutron/plugins/ml2/drivers/ovn/mech_driver/ovsdb/ovsdb_monitor.py:942}}
May 16 14:30:14.123629 np0000174402 devstack@neutron-api.service[102936]: DEBUG neutron.plugins.ml2.drivers.ovn.mech_driver.ovsdb.ovsdb_monitor [None req-2741dfad-a404-4cf4-b9af-a19968fb2349 None None] Hash Ring: Node ea04d9104a675d299cfb1d3c20b4744a (host: np0000174402) handling event "create" for row b0bb9788-1393-4f1d-a572-1aa9717ffb74 (table: Port_Binding) {{(pid=102936) notify /opt/stack/neutron/neutron/plugins/ml2/drivers/ovn/mech_driver/ovsdb/ovsdb_monitor.py:942}}
May 16 14:30:14.124687 np0000174402 devstack@neutron-api.service[102934]: DEBUG neutron.plugins.ml2.drivers.ovn.mech_driver.ovsdb.ovsdb_monitor [None req-1f50f501-603b-408e-a105-05a179615cb9 None None] Hash Ring: Node ec033e2a1e4451a183edf1a0ae88ae6e (host: np0000174402) handling event "create" for row e729c250-d782-45df-adee-ea952b4039a4 (table: Port_Binding) {{(pid=102934) notify /opt/stack/neutron/neutron/plugins/ml2/drivers/ovn/mech_driver/ovsdb/ovsdb_monitor.py:942}}
May 16 14:30:14.125088 np0000174402 devstack@neutron-api.service[102936]: DEBUG neutron.plugins.ml2.drivers.ovn.mech_driver.ovsdb.ovsdb_monitor [None req-a6506b9f-8c2d-4706-a0e2-e586dfd683cf None None] Hash Ring: Node ea04d9104a675d299cfb1d3c20b4744a (host: np0000174402) handling event "update" for row 9ebe4e86-3b99-4eff-bac8-ed11842336cf (table: Logical_Router) {{(pid=102936) notify /opt/stack/neutron/neutron/plugins/ml2/drivers/ovn/mech_driver/ovsdb/ovsdb_monitor.py:942}}
May 16 14:30:14.125845 np0000174402 devstack@neutron-api.service[102936]: DEBUG neutron.plugins.ml2.drivers.ovn.mech_driver.ovsdb.ovsdb_monitor [None req-2741dfad-a404-4cf4-b9af-a19968fb2349 None None] Touching Hash Ring node "ea04d9104a675d299cfb1d3c20b4744a" from IDL notify handler {{(pid=102936) notify /opt/stack/neutron/neutron/plugins/ml2/drivers/ovn/mech_driver/ovsdb/ovsdb_monitor.py:934}}
May 16 14:30:14.127232 np0000174402 devstack@neutron-api.service[102934]: DEBUG neutron.plugins.ml2.drivers.ovn.mech_driver.ovsdb.ovsdb_monitor [None req-8ff1dc1f-5843-42a8-9f78-dfe891df793b None None] Touching Hash Ring node "ec033e2a1e4451a183edf1a0ae88ae6e" from IDL notify handler {{(pid=102934) notify /opt/stack/neutron/neutron/plugins/ml2/drivers/ovn/mech_driver/ovsdb/ovsdb_monitor.py:934}}
May 16 14:30:14.128173 np0000174402 devstack@neutron-api.service[102936]: DEBUG neutron.plugins.ml2.drivers.ovn.mech_driver.ovsdb.ovsdb_monitor [None req-a6506b9f-8c2d-4706-a0e2-e586dfd683cf None None] Touching Hash Ring node "ea04d9104a675d299cfb1d3c20b4744a" from IDL notify handler {{(pid=102936) notify /opt/stack/neutron/neutron/plugins/ml2/drivers/ovn/mech_driver/ovsdb/ovsdb_monitor.py:934}}
May 16 14:30:14.129484 np0000174402 devstack@neutron-api.service[102934]: DEBUG neutron.plugins.ml2.drivers.ovn.mech_driver.ovsdb.ovsdb_monitor [None req-1f50f501-603b-408e-a105-05a179615cb9 None None] Touching Hash Ring node "ec033e2a1e4451a183edf1a0ae88ae6e" from IDL notify handler {{(pid=102934) notify /opt/stack/neutron/neutron/plugins/ml2/drivers/ovn/mech_driver/ovsdb/ovsdb_monitor.py:934}}
May 16 14:30:14.130789 np0000174402 devstack@neutron-api.service[102936]: DEBUG neutron.plugins.ml2.drivers.ovn.mech_driver.ovsdb.ovsdb_monitor [None req-2741dfad-a404-4cf4-b9af-a19968fb2349 None None] Hash Ring: Node ea04d9104a675d299cfb1d3c20b4744a (host: np0000174402) handling event "create" for row e729c250-d782-45df-adee-ea952b4039a4 (table: Port_Binding) {{(pid=102936) notify /opt/stack/neutron/neutron/plugins/ml2/drivers/ovn/mech_driver/ovsdb/ovsdb_monitor.py:942}}
May 16 14:30:14.132840 np0000174402 devstack@neutron-api.service[102934]: DEBUG neutron.plugins.ml2.drivers.ovn.mech_driver.ovsdb.ovsdb_monitor [None req-1f50f501-603b-408e-a105-05a179615cb9 None None] Hash Ring: Node ec033e2a1e4451a183edf1a0ae88ae6e (host: np0000174402) handling event "update" for row e729c250-d782-45df-adee-ea952b4039a4 (table: Port_Binding) {{(pid=102934) notify /opt/stack/neutron/neutron/plugins/ml2/drivers/ovn/mech_driver/ovsdb/ovsdb_monitor.py:942}}
May 16 14:30:14.132931 np0000174402 devstack@neutron-api.service[102936]: DEBUG neutron.plugins.ml2.drivers.ovn.mech_driver.ovsdb.ovsdb_monitor [None req-2741dfad-a404-4cf4-b9af-a19968fb2349 None None] Touching Hash Ring node "ea04d9104a675d299cfb1d3c20b4744a" from IDL notify handler {{(pid=102936) notify /opt/stack/neutron/neutron/plugins/ml2/drivers/ovn/mech_driver/ovsdb/ovsdb_monitor.py:934}}
May 16 14:30:14.133971 np0000174402 devstack@neutron-api.service[102936]: DEBUG neutron.plugins.ml2.drivers.ovn.mech_driver.ovsdb.ovsdb_monitor [None req-a6506b9f-8c2d-4706-a0e2-e586dfd683cf None None] Hash Ring: Node ea04d9104a675d299cfb1d3c20b4744a (host: np0000174402) handling event "create" for row a503b7ac-1467-4ea2-9da2-af5754aa3a16 (table: Logical_Router_Port) {{(pid=102936) notify /opt/stack/neutron/neutron/plugins/ml2/drivers/ovn/mech_driver/ovsdb/ovsdb_monitor.py:942}}
May 16 14:30:14.134750 np0000174402 devstack@neutron-api.service[102934]: DEBUG ovsdbapp.backend.ovs_idl.event [None req-1f50f501-603b-408e-a105-05a179615cb9 None None] Matched UPDATE: PortBindingChassisEvent(events=('update',), table='Port_Binding', conditions=None, old_conditions=None), priority=20 to row=Port_Binding(uuid=e729c250-d782-45df-adee-ea952b4039a4, additional_chassis=[], additional_encap=[], chassis=a9bdc986-50ed-4fdc-9d9a-3eb211ed4176, datapath=c9435e3a-7cec-41c7-a850-25b7d57a9079, encap=[], external_ids={'neutron:is_ext_gw': 'True', 'neutron:network_name': 'neutron-c7932501-7f65-4cf9-9135-d7feaa63f563', 'neutron:revision_number': '1', 'neutron:router_name': 'neutron-d2dd487d-b3d8-41f6-a636-204324b7d7e4', 'neutron:subnet_ids': 'adbefa63-9bc6-4a33-983a-cb08e09ee22e'}, gateway_chassis=[], logical_port='cr-lrp-0f358808-19d3-47f8-9b3e-da5faa1ca669', mac=['fa:16:3e:7f:2e:01 172.24.5.73/24'], mirror_rules=[], nat_addresses=[], options={'always-redirect': 'true', 'distributed-port': 'lrp-0f358808-19d3-47f8-9b3e-da5faa1ca669'}, parent_port=[], port_security=[], requested_additional_chassis=[], requested_chassis=[], tag=[], tunnel_key=3, type='chassisredirect', up=True, virtual_parent=[]) old=Port_Binding(uuid=e729c250-d782-45df-adee-ea952b4039a4, chassis=[], up=False) {{(pid=102934) matches /opt/stack/data/venv/lib/python3.12/site-packages/ovsdbapp/backend/ovs_idl/event.py:55}}
