+ COMMAND=start + start + for KEYSTONE_WSGI_SCRIPT in keystone-wsgi-public ++ type -p keystone-wsgi-public + cp -a /var/lib/openstack/bin/keystone-wsgi-public /var/www/cgi-bin/keystone/ + '[' -f /etc/apache2/envvars ']' + source /etc/apache2/envvars ++ unset HOME ++ '[' '' '!=' '' ']' ++ SUFFIX= ++ export APACHE_RUN_USER=www-data ++ APACHE_RUN_USER=www-data ++ export APACHE_RUN_GROUP=www-data ++ APACHE_RUN_GROUP=www-data ++ export APACHE_PID_FILE=/var/run/apache2/apache2.pid ++ APACHE_PID_FILE=/var/run/apache2/apache2.pid ++ export APACHE_RUN_DIR=/var/run/apache2 ++ APACHE_RUN_DIR=/var/run/apache2 ++ export APACHE_LOCK_DIR=/var/lock/apache2 ++ APACHE_LOCK_DIR=/var/lock/apache2 ++ export APACHE_LOG_DIR=/var/log/apache2 ++ APACHE_LOG_DIR=/var/log/apache2 ++ export LANG=C ++ LANG=C ++ export LANG + '[' -f /var/run/apache2/apache2.pid ']' + exec apache2 -DFOREGROUND AH00558: apache2: Could not reliably determine the server's fully qualified domain name, using 10.0.0.14. Set the 'ServerName' directive globally to suppress this message AH00558: apache2: Could not reliably determine the server's fully qualified domain name, using 10.0.0.14. Set the 'ServerName' directive globally to suppress this message
[Sat May 30 21:19:58.905345 2026] [mpm_event:notice] [pid 1:tid 140650599491456] AH00489: Apache/2.4.58 (Ubuntu) mod_wsgi/5.0.0 Python/3.12 configured -- resuming normal operations
[Sat May 30 21:19:58.905457 2026] [core:notice] [pid 1:tid 140650599491456] AH00094: Command line: 'apache2 -D FOREGROUND'
[Sat May 30 21:20:47.856161 2026] [wsgi:error] [pid 10:tid 140649962718912] /var/lib/openstack/lib/python3.12/site-packages/oslo_utils/importutils.py:77: EventletDeprecationWarning:
[Sat May 30 21:20:47.856201 2026] [wsgi:error] [pid 10:tid 140649962718912] Eventlet is deprecated. It is currently being maintained in bugfix mode, and
[Sat May 30 21:20:47.856203 2026] [wsgi:error] [pid 10:tid 140649962718912] we strongly recommend against using it for new projects.
[Sat May 30 21:20:47.856204 2026] [wsgi:error] [pid 10:tid 140649962718912]
[Sat May 30 21:20:47.856205 2026] [wsgi:error] [pid 10:tid 140649962718912] If you are already using Eventlet, we recommend migrating to a different
[Sat May 30 21:20:47.856207 2026] [wsgi:error] [pid 10:tid 140649962718912] framework. For more detail see
[Sat May 30 21:20:47.856208 2026] [wsgi:error] [pid 10:tid 140649962718912] https://eventlet.readthedocs.io/en/latest/asyncio/migration.html
[Sat May 30 21:20:47.856209 2026] [wsgi:error] [pid 10:tid 140649962718912]
[Sat May 30 21:20:47.856210 2026] [wsgi:error] [pid 10:tid 140649962718912] __import__(import_str) 10.0.0.87 - - [30/May/2026:21:20:47 +0000] "GET /v3/ HTTP/1.1" 200 249
[Sat May 30 21:21:00.618430 2026] [wsgi:error] [pid 9:tid 140649962718912] /var/lib/openstack/lib/python3.12/site-packages/oslo_utils/importutils.py:77: EventletDeprecationWarning:
[Sat May 30 21:21:00.618476 2026] [wsgi:error] [pid 9:tid 140649962718912] Eventlet is deprecated. It is currently being maintained in bugfix mode, and
[Sat May 30 21:21:00.618479 2026] [wsgi:error] [pid 9:tid 140649962718912] we strongly recommend against using it for new projects.
[Sat May 30 21:21:00.618480 2026] [wsgi:error] [pid 9:tid 140649962718912]
[Sat May 30 21:21:00.618482 2026] [wsgi:error] [pid 9:tid 140649962718912] If you are already using Eventlet, we recommend migrating to a different
[Sat May 30 21:21:00.618484 2026] [wsgi:error] [pid 9:tid 140649962718912] framework. For more detail see
[Sat May 30 21:21:00.618485 2026] [wsgi:error] [pid 9:tid 140649962718912] https://eventlet.readthedocs.io/en/latest/asyncio/migration.html
[Sat May 30 21:21:00.618487 2026] [wsgi:error] [pid 9:tid 140649962718912]
[Sat May 30 21:21:00.618488 2026] [wsgi:error] [pid 9:tid 140649962718912] __import__(import_str) 10.0.0.102 - - [30/May/2026:21:20:59 +0000] "GET / HTTP/1.1" 300 295
[Sat May 30 21:21:05.848715 2026] [wsgi:error] [pid 11:tid 140649962718912] /var/lib/openstack/lib/python3.12/site-packages/oslo_utils/importutils.py:77: EventletDeprecationWarning:
[Sat May 30 21:21:05.848763 2026] [wsgi:error] [pid 11:tid 140649962718912] Eventlet is deprecated. It is currently being maintained in bugfix mode, and
[Sat May 30 21:21:05.848765 2026] [wsgi:error] [pid 11:tid 140649962718912] we strongly recommend against using it for new projects.
[Sat May 30 21:21:05.848767 2026] [wsgi:error] [pid 11:tid 140649962718912]
[Sat May 30 21:21:05.848768 2026] [wsgi:error] [pid 11:tid 140649962718912] If you are already using Eventlet, we recommend migrating to a different
[Sat May 30 21:21:05.848769 2026] [wsgi:error] [pid 11:tid 140649962718912] framework. For more detail see
[Sat May 30 21:21:05.848770 2026] [wsgi:error] [pid 11:tid 140649962718912] https://eventlet.readthedocs.io/en/latest/asyncio/migration.html
[Sat May 30 21:21:05.848771 2026] [wsgi:error] [pid 11:tid 140649962718912]
[Sat May 30 21:21:05.848772 2026] [wsgi:error] [pid 11:tid 140649962718912] __import__(import_str)
[Sat May 30 21:21:10.421457 2026] [wsgi:error] [pid 11:tid 140649962718912] [remote 10.0.0.102:60064] 2026-05-30 21:21:10.418 11 WARNING keystone.identity.core [None req-071b28b8-1605-40b4-a3a1-4e5f67e49cd8 - - - - - -] Invalid domain name (atmosphere) found in config file name: keystone.exception.DomainNotFound: Could not find domain: atmosphere.
[Sat May 30 21:21:10.478220 2026] [wsgi:error] [pid 11:tid 140649962718912] [remote 10.0.0.102:60064] 2026-05-30 21:21:10.477 11 WARNING keystone.common.password_hashing [None req-071b28b8-1605-40b4-a3a1-4e5f67e49cd8 - - - - - -] Truncating password to algorithm specific maximum length 72 characters.
[Sat May 30 21:21:10.766889 2026] [wsgi:error] [pid 11:tid 140649962718912] [remote 10.0.0.102:60064] 2026-05-30 21:21:10.766 11 WARNING keystone.common.fernet_utils [None req-071b28b8-1605-40b4-a3a1-4e5f67e49cd8 - - - - - -] key_repository is world readable: /etc/keystone/fernet-keys/ 10.0.0.102 - - [30/May/2026:21:21:05 +0000] "POST /v3/auth/tokens HTTP/1.1" 201 1359
[Sat May 30 21:21:11.806446 2026] [wsgi:error] [pid 12:tid 140649962718912] /var/lib/openstack/lib/python3.12/site-packages/oslo_utils/importutils.py:77: EventletDeprecationWarning:
[Sat May 30 21:21:11.806484 2026] [wsgi:error] [pid 12:tid 140649962718912] Eventlet is deprecated. It is currently being maintained in bugfix mode, and
[Sat May 30 21:21:11.806486 2026] [wsgi:error] [pid 12:tid 140649962718912] we strongly recommend against using it for new projects.
[Sat May 30 21:21:11.806487 2026] [wsgi:error] [pid 12:tid 140649962718912]
[Sat May 30 21:21:11.806488 2026] [wsgi:error] [pid 12:tid 140649962718912] If you are already using Eventlet, we recommend migrating to a different
[Sat May 30 21:21:11.806489 2026] [wsgi:error] [pid 12:tid 140649962718912] framework. For more detail see
[Sat May 30 21:21:11.806490 2026] [wsgi:error] [pid 12:tid 140649962718912] https://eventlet.readthedocs.io/en/latest/asyncio/migration.html
[Sat May 30 21:21:11.806492 2026] [wsgi:error] [pid 12:tid 140649962718912]
[Sat May 30 21:21:11.806493 2026] [wsgi:error] [pid 12:tid 140649962718912] __import__(import_str)
[Sat May 30 21:21:16.401092 2026] [wsgi:error] [pid 12:tid 140649962718912] [remote 10.0.0.102:60064] 2026-05-30 21:21:16.398 12 WARNING keystone.identity.core [None req-4a8a0bc8-dbe0-47b3-824a-67ed824d50dd - - - - - -] Invalid domain name (atmosphere) found in config file name: keystone.exception.DomainNotFound: Could not find domain: atmosphere. 10.0.0.102 - - [30/May/2026:21:21:10 +0000] "POST /v3/domains HTTP/1.1" 201 261 10.0.0.246 - - [30/May/2026:21:21:27 +0000] "GET / HTTP/1.1" 300 295
[Sat May 30 21:21:28.135547 2026] [wsgi:error] [pid 9:tid 140649962718912] [remote 10.0.0.246:35554] 2026-05-30 21:21:28.135 9 WARNING keystone.common.password_hashing [None req-f67a1b0e-eb45-46d7-93d4-1ab5a8dc3fc4 - - - - - -] Truncating password to algorithm specific maximum length 72 characters.
[Sat May 30 21:21:28.417468 2026] [wsgi:error] [pid 9:tid 140649962718912] [remote 10.0.0.246:35554] 2026-05-30 21:21:28.417 9 WARNING keystone.common.fernet_utils [None req-f67a1b0e-eb45-46d7-93d4-1ab5a8dc3fc4 - - - - - -] key_repository is world readable: /etc/keystone/fernet-keys/ 10.0.0.246 - - [30/May/2026:21:21:27 +0000] "POST /v3/auth/tokens HTTP/1.1" 201 1359 10.0.0.246 - - [30/May/2026:21:21:28 +0000] "GET /v3/roles/admin HTTP/1.1" 404 83
[Sat May 30 21:21:28.757588 2026] [wsgi:error] [pid 12:tid 140649962718912] [remote 10.0.0.246:35554] 2026-05-30 21:21:28.757 12 WARNING keystone.common.rbac_enforcer.enforcer [None req-83ef3cd3-abe6-43c8-861a-7568fa154c68 32bb1e0f342d4521b084bbe83c2afdff 91c15f966a144d239280560309637304 - - default default] Deprecated policy rules found. Use oslopolicy-policy-generator and oslopolicy-policy-upgrade to detect and resolve deprecated policies in your configuration. 10.0.0.246 - - [30/May/2026:21:21:28 +0000] "GET /v3/roles?name=admin HTTP/1.1" 200 389
[Sat May 30 21:21:29.156777 2026] [wsgi:error] [pid 10:tid 140649962718912] [remote 10.0.0.246:35554] 2026-05-30 21:21:29.156 10 WARNING keystone.common.rbac_enforcer.enforcer [None req-a09acf29-c207-46d8-b4f7-b8e271bef580 32bb1e0f342d4521b084bbe83c2afdff 91c15f966a144d239280560309637304 - - default default] Deprecated policy rules found. Use oslopolicy-policy-generator and oslopolicy-policy-upgrade to detect and resolve deprecated policies in your configuration. 10.0.0.246 - - [30/May/2026:21:21:28 +0000] "GET /v3/users/admin-RegionOne HTTP/1.1" 404 93
[Sat May 30 21:21:29.312517 2026] [wsgi:error] [pid 9:tid 140649962718912] [remote 10.0.0.246:35554] 2026-05-30 21:21:29.312 9 WARNING keystone.common.rbac_enforcer.enforcer [None req-87ed6e6c-8e6a-486f-aaf4-158be4c2ab97 32bb1e0f342d4521b084bbe83c2afdff 91c15f966a144d239280560309637304 - - default default] Deprecated policy rules found. Use oslopolicy-policy-generator and oslopolicy-policy-upgrade to detect and resolve deprecated policies in your configuration. 10.0.0.246 - - [30/May/2026:21:21:29 +0000] "GET /v3/users?name=admin-RegionOne HTTP/1.1" 200 422
[Sat May 30 21:21:29.472762 2026] [wsgi:error] [pid 11:tid 140649962718912] [remote 10.0.0.246:35554] 2026-05-30 21:21:29.472 11 WARNING keystone.common.rbac_enforcer.enforcer [None req-96743997-246a-4cae-8b0a-bf3e9ea166cc 32bb1e0f342d4521b084bbe83c2afdff 91c15f966a144d239280560309637304 - - default default] Deprecated policy rules found. Use oslopolicy-policy-generator and oslopolicy-policy-upgrade to detect and resolve deprecated policies in your configuration. 10.0.0.246 - - [30/May/2026:21:21:29 +0000] "GET /v3/domains/default HTTP/1.1" 200 224 10.0.0.246 - - [30/May/2026:21:21:29 +0000] "PUT /v3/domains/default/users/32bb1e0f342d4521b084bbe83c2afdff/roles/84c173506b4947de886d4eefc27b5303 HTTP/1.1" 204 - 10.0.0.87 - - [30/May/2026:21:21:39 +0000] "GET / HTTP/1.1" 300 280 10.0.0.87 - - [30/May/2026:21:21:40 +0000] "GET /v3 HTTP/1.1" 200 265
[Sat May 30 21:21:40.624717 2026] [wsgi:error] [pid 11:tid 140649962718912] [remote 10.0.0.87:43130] 2026-05-30 21:21:40.624 11 WARNING keystone.common.password_hashing [None req-0a8dc6f3-e916-49cc-9bdc-b54148248833 - - - - - -] Truncating password to algorithm specific maximum length 72 characters.
[Sat May 30 21:21:40.895757 2026] [wsgi:error] [pid 11:tid 140649962718912] [remote 10.0.0.87:43130] 2026-05-30 21:21:40.895 11 WARNING keystone.common.fernet_utils [None req-0a8dc6f3-e916-49cc-9bdc-b54148248833 - - - - - -] key_repository is world readable: /etc/keystone/fernet-keys/ 10.0.0.87 - - [30/May/2026:21:21:40 +0000] "POST /v3/auth/tokens HTTP/1.1" 201 1359 10.0.0.87 - - [30/May/2026:21:21:40 +0000] "GET / HTTP/1.1" 300 280 10.0.0.87 - - [30/May/2026:21:21:40 +0000] "GET /v3/domains/atmosphere HTTP/1.1" 404 90 10.0.0.87 - - [30/May/2026:21:21:41 +0000] "GET /v3/domains?name=atmosphere HTTP/1.1" 200 368 10.0.0.87 - - [30/May/2026:21:21:41 +0000] "GET /v3/domains/52806e74d7484b2bb87a3cc919848fbb HTTP/1.1" 200 246 10.0.0.87 - - [30/May/2026:21:21:41 +0000] "GET /v3 HTTP/1.1" 200 265
[Sat May 30 21:21:41.967996 2026] [wsgi:error] [pid 10:tid 140649962718912] [remote 10.0.0.87:43130] 2026-05-30 21:21:41.967 10 WARNING keystone.common.password_hashing [None req-839d728b-e972-4eda-abb9-bae009650611 - - - - - -] Truncating password to algorithm specific maximum length 72 characters.
[Sat May 30 21:21:42.244198 2026] [wsgi:error] [pid 10:tid 140649962718912] [remote 10.0.0.87:43130] 2026-05-30 21:21:42.244 10 WARNING keystone.common.fernet_utils [None req-839d728b-e972-4eda-abb9-bae009650611 - - - - - -] key_repository is world readable: /etc/keystone/fernet-keys/ 10.0.0.87 - - [30/May/2026:21:21:41 +0000] "POST /v3/auth/tokens HTTP/1.1" 201 1359 10.0.0.87 - - [30/May/2026:21:21:42 +0000] "GET / HTTP/1.1" 300 280 10.0.0.87 - - [30/May/2026:21:21:42 +0000] "GET /v3/OS-FEDERATION/identity_providers/atmosphere HTTP/1.1" 404 101 10.0.0.87 - - [30/May/2026:21:21:42 +0000] "GET /v3/OS-FEDERATION/identity_providers HTTP/1.1" 200 155 10.0.0.87 - - [30/May/2026:21:21:42 +0000] "PUT /v3/OS-FEDERATION/identity_providers/atmosphere HTTP/1.1" 201 340 10.0.0.87 - - [30/May/2026:21:21:43 +0000] "GET /v3 HTTP/1.1" 200 265
[Sat May 30 21:21:43.069040 2026] [wsgi:error] [pid 11:tid 140649962718912] [remote 10.0.0.87:43120] 2026-05-30 21:21:43.068 11 WARNING keystone.common.password_hashing [None req-0e408e03-a21e-454a-a11b-a5d8cdfea5ee - - - - - -] Truncating password to algorithm specific maximum length 72 characters.
[Sat May 30 21:21:43.343118 2026] [wsgi:error] [pid 11:tid 140649962718912] [remote 10.0.0.87:43120] 2026-05-30 21:21:43.342 11 WARNING keystone.common.fernet_utils [None req-0e408e03-a21e-454a-a11b-a5d8cdfea5ee - - - - - -] key_repository is world readable: /etc/keystone/fernet-keys/ 10.0.0.87 - - [30/May/2026:21:21:43 +0000] "POST /v3/auth/tokens HTTP/1.1" 201 1359 10.0.0.87 - - [30/May/2026:21:21:43 +0000] "GET / HTTP/1.1" 300 280 10.0.0.87 - - [30/May/2026:21:21:43 +0000] "GET /v3/OS-FEDERATION/mappings/atmosphere-openid HTTP/1.1" 404 98 10.0.0.87 - - [30/May/2026:21:21:43 +0000] "GET /v3/OS-FEDERATION/mappings HTTP/1.1" 200 135 10.0.0.87 - - [30/May/2026:21:21:43 +0000] "PUT /v3/OS-FEDERATION/mappings/atmosphere-openid HTTP/1.1" 201 356 10.0.0.87 - - [30/May/2026:21:21:44 +0000] "GET /v3 HTTP/1.1" 200 265
[Sat May 30 21:21:44.154726 2026] [wsgi:error] [pid 10:tid 140649962718912] [remote 10.0.0.87:43130] 2026-05-30 21:21:44.154 10 WARNING keystone.common.password_hashing [None req-23ad856f-8f6d-4d63-a551-fc722690f2ef - - - - - -] Truncating password to algorithm specific maximum length 72 characters.
[Sat May 30 21:21:44.434321 2026] [wsgi:error] [pid 10:tid 140649962718912] [remote 10.0.0.87:43130] 2026-05-30 21:21:44.434 10 WARNING keystone.common.fernet_utils [None req-23ad856f-8f6d-4d63-a551-fc722690f2ef - - - - - -] key_repository is world readable: /etc/keystone/fernet-keys/ 10.0.0.87 - - [30/May/2026:21:21:44 +0000] "POST /v3/auth/tokens HTTP/1.1" 201 1359 10.0.0.87 - - [30/May/2026:21:21:44 +0000] "GET / HTTP/1.1" 300 280 10.0.0.87 - - [30/May/2026:21:21:44 +0000] "GET /v3/OS-FEDERATION/identity_providers/atmosphere/protocols/openid?idp_id=atmosphere HTTP/1.1" 404 131 10.0.0.87 - - [30/May/2026:21:21:44 +0000] "GET /v3/OS-FEDERATION/identity_providers/atmosphere/protocols HTTP/1.1" 200 167 10.0.0.87 - - [30/May/2026:21:21:44 +0000] "PUT /v3/OS-FEDERATION/identity_providers/atmosphere/protocols/openid HTTP/1.1" 201 222 10.0.0.87 - - [30/May/2026:21:21:47 +0000] "GET /v3/ HTTP/1.1" 200 249 10.0.0.87 - - [30/May/2026:21:21:47 +0000] "GET /v3/ HTTP/1.1" 200 249 10.0.0.87 - - [30/May/2026:21:22:47 +0000] "GET /v3/ HTTP/1.1" 200 249 10.0.0.87 - - [30/May/2026:21:22:47 +0000] "GET /v3/ HTTP/1.1" 200 249 10.0.0.166 - - [30/May/2026:21:23:09 +0000] "GET / HTTP/1.1" 300 295
[Sat May 30 21:23:09.725672 2026] [wsgi:error] [pid 11:tid 140649962718912] [remote 10.0.0.166:35330] 2026-05-30 21:23:09.725 11 WARNING keystone.common.password_hashing [None req-6640402c-dd13-4a63-b3e8-b13ae2d3a71d - - - - - -] Truncating password to algorithm specific maximum length 72 characters.
[Sat May 30 21:23:09.998898 2026] [wsgi:error] [pid 11:tid 140649962718912] [remote 10.0.0.166:35330] 2026-05-30 21:23:09.998 11 WARNING keystone.common.fernet_utils [None req-6640402c-dd13-4a63-b3e8-b13ae2d3a71d - - - - - -] key_repository is world readable: /etc/keystone/fernet-keys/ 10.0.0.166 - - [30/May/2026:21:23:09 +0000] "POST /v3/auth/tokens HTTP/1.1" 201 1359 10.0.0.166 - - [30/May/2026:21:23:10 +0000] "GET /v3/services HTTP/1.1" 200 355 10.0.0.166 - - [30/May/2026:21:23:13 +0000] "GET / HTTP/1.1" 300 295
[Sat May 30 21:23:13.437801 2026] [wsgi:error] [pid 9:tid 140649962718912] [remote 10.0.0.166:35336] 2026-05-30 21:23:13.437 9 WARNING keystone.common.password_hashing [None req-23b5cd21-66aa-4f0b-9dd3-65d621475a8c - - - - - -] Truncating password to algorithm specific maximum length 72 characters.
[Sat May 30 21:23:13.713825 2026] [wsgi:error] [pid 9:tid 140649962718912] [remote 10.0.0.166:35336] 2026-05-30 21:23:13.713 9 WARNING keystone.common.fernet_utils [None req-23b5cd21-66aa-4f0b-9dd3-65d621475a8c - - - - - -] key_repository is world readable: /etc/keystone/fernet-keys/ 10.0.0.166 - - [30/May/2026:21:23:13 +0000] "POST /v3/auth/tokens HTTP/1.1" 201 1359 10.0.0.166 - - [30/May/2026:21:23:13 +0000] "GET /v3/services HTTP/1.1" 200 355 10.0.0.166 - - [30/May/2026:21:23:17 +0000] "GET / HTTP/1.1" 300 295
[Sat May 30 21:23:17.115079 2026] [wsgi:error] [pid 10:tid 140649962718912] [remote 10.0.0.166:38294] 2026-05-30 21:23:17.114 10 WARNING keystone.common.password_hashing [None req-e3222c35-0a26-4fd8-a3d3-30bb5567cda7 - - - - - -] Truncating password to algorithm specific maximum length 72 characters.
[Sat May 30 21:23:17.390153 2026] [wsgi:error] [pid 10:tid 140649962718912] [remote 10.0.0.166:38294] 2026-05-30 21:23:17.390 10 WARNING keystone.common.fernet_utils [None req-e3222c35-0a26-4fd8-a3d3-30bb5567cda7 - - - - - -] key_repository is world readable: /etc/keystone/fernet-keys/ 10.0.0.166 - - [30/May/2026:21:23:17 +0000] "POST /v3/auth/tokens HTTP/1.1" 201 1359 10.0.0.166 - - [30/May/2026:21:23:17 +0000] "GET /v3/services HTTP/1.1" 200 355 10.0.0.166 - - [30/May/2026:21:23:20 +0000] "GET / HTTP/1.1" 300 295
[Sat May 30 21:23:20.827142 2026] [wsgi:error] [pid 12:tid 140649962718912] [remote 10.0.0.166:38308] 2026-05-30 21:23:20.826 12 WARNING keystone.common.password_hashing [None req-2d0f782c-765a-439f-b8ea-95067d1ddcb9 - - - - - -] Truncating password to algorithm specific maximum length 72 characters.
[Sat May 30 21:23:21.099126 2026] [wsgi:error] [pid 12:tid 140649962718912] [remote 10.0.0.166:38308] 2026-05-30 21:23:21.098 12 WARNING keystone.common.fernet_utils [None req-2d0f782c-765a-439f-b8ea-95067d1ddcb9 - - - - - -] key_repository is world readable: /etc/keystone/fernet-keys/ 10.0.0.166 - - [30/May/2026:21:23:20 +0000] "POST /v3/auth/tokens HTTP/1.1" 201 1359 10.0.0.166 - - [30/May/2026:21:23:21 +0000] "POST /v3/services HTTP/1.1" 201 296 10.0.0.69 - - [30/May/2026:21:23:31 +0000] "GET / HTTP/1.1" 300 295
[Sat May 30 21:23:31.948709 2026] [wsgi:error] [pid 11:tid 140649962718912] [remote 10.0.0.69:45518] 2026-05-30 21:23:31.948 11 WARNING keystone.common.password_hashing [None req-528f4d26-2a05-4806-b945-42d21ce2a19e - - - - - -] Truncating password to algorithm specific maximum length 72 characters. 10.0.0.69 - - [30/May/2026:21:23:32 +0000] "GET / HTTP/1.1" 300 295
[Sat May 30 21:23:32.091971 2026] [wsgi:error] [pid 10:tid 140649962718912] [remote 10.0.0.69:45532] 2026-05-30 21:23:32.091 10 WARNING keystone.common.password_hashing [None req-da484f3e-7640-4709-8ad6-d9574cdfc596 - - - - - -] Truncating password to algorithm specific maximum length 72 characters. 10.0.0.69 - - [30/May/2026:21:23:32 +0000] "GET / HTTP/1.1" 300 295
[Sat May 30 21:23:32.145281 2026] [wsgi:error] [pid 12:tid 140649962718912] [remote 10.0.0.69:45548] 2026-05-30 21:23:32.144 12 WARNING keystone.common.password_hashing [None req-bb27fb9c-9b0c-4a1e-ab53-1cd9ea1a6cac - - - - - -] Truncating password to algorithm specific maximum length 72 characters.
[Sat May 30 21:23:32.227041 2026] [wsgi:error] [pid 11:tid 140649962718912] [remote 10.0.0.69:45518] 2026-05-30 21:23:32.226 11 WARNING keystone.common.fernet_utils [None req-528f4d26-2a05-4806-b945-42d21ce2a19e - - - - - -] key_repository is world readable: /etc/keystone/fernet-keys/ 10.0.0.69 - - [30/May/2026:21:23:31 +0000] "POST /v3/auth/tokens HTTP/1.1" 201 1463
[Sat May 30 21:23:32.365018 2026] [wsgi:error] [pid 10:tid 140649962718912] [remote 10.0.0.69:45532] 2026-05-30 21:23:32.364 10 WARNING keystone.common.fernet_utils [None req-da484f3e-7640-4709-8ad6-d9574cdfc596 - - - - - -] key_repository is world readable: /etc/keystone/fernet-keys/ 10.0.0.69 - - [30/May/2026:21:23:32 +0000] "POST /v3/auth/tokens HTTP/1.1" 201 1463 10.0.0.69 - - [30/May/2026:21:23:32 +0000] "GET /v3/services HTTP/1.1" 200 639
[Sat May 30 21:23:32.425405 2026] [wsgi:error] [pid 12:tid 140649962718912] [remote 10.0.0.69:45548] 2026-05-30 21:23:32.425 12 WARNING keystone.common.fernet_utils [None req-bb27fb9c-9b0c-4a1e-ab53-1cd9ea1a6cac - - - - - -] key_repository is world readable: /etc/keystone/fernet-keys/ 10.0.0.69 - - [30/May/2026:21:23:32 +0000] "POST /v3/auth/tokens HTTP/1.1" 201 1463 10.0.0.69 - - [30/May/2026:21:23:32 +0000] "GET /v3/services HTTP/1.1" 200 639 10.0.0.69 - - [30/May/2026:21:23:32 +0000] "GET /v3/services HTTP/1.1" 200 639 10.0.0.69 - - [30/May/2026:21:23:33 +0000] "GET / HTTP/1.1" 300 295
[Sat May 30 21:23:33.869889 2026] [wsgi:error] [pid 12:tid 140649962718912] [remote 10.0.0.69:46992] 2026-05-30 21:23:33.869 12 WARNING keystone.common.password_hashing [None req-56bafc9d-6d2e-4396-b7ff-5a01c1169e2e - - - - - -] Truncating password to algorithm specific maximum length 72 characters. 10.0.0.69 - - [30/May/2026:21:23:33 +0000] "GET / HTTP/1.1" 300 295
[Sat May 30 21:23:33.906050 2026] [wsgi:error] [pid 10:tid 140649962718912] [remote 10.0.0.69:46998] 2026-05-30 21:23:33.905 10 WARNING keystone.common.password_hashing [None req-407babd5-a5d9-4e65-844d-da20c2139122 - - - - - -] Truncating password to algorithm specific maximum length 72 characters. 10.0.0.69 - - [30/May/2026:21:23:33 +0000] "GET / HTTP/1.1" 300 295
[Sat May 30 21:23:33.935578 2026] [wsgi:error] [pid 11:tid 140649962718912] [remote 10.0.0.69:47012] 2026-05-30 21:23:33.935 11 WARNING keystone.common.password_hashing [None req-c9e159fd-c3f6-4afa-8ad9-8ab71d72e8a2 - - - - - -] Truncating password to algorithm specific maximum length 72 characters.
[Sat May 30 21:23:34.141530 2026] [wsgi:error] [pid 12:tid 140649962718912] [remote 10.0.0.69:46992] 2026-05-30 21:23:34.141 12 WARNING keystone.common.fernet_utils [None req-56bafc9d-6d2e-4396-b7ff-5a01c1169e2e - - - - - -] key_repository is world readable: /etc/keystone/fernet-keys/ 10.0.0.69 - - [30/May/2026:21:23:33 +0000] "POST /v3/auth/tokens HTTP/1.1" 201 1463
[Sat May 30 21:23:34.190084 2026] [wsgi:error] [pid 10:tid 140649962718912] [remote 10.0.0.69:46998] 2026-05-30 21:23:34.189 10 WARNING keystone.common.fernet_utils [None req-407babd5-a5d9-4e65-844d-da20c2139122 - - - - - -] key_repository is world readable: /etc/keystone/fernet-keys/ 10.0.0.69 - - [30/May/2026:21:23:33 +0000] "POST /v3/auth/tokens HTTP/1.1" 201 1463
[Sat May 30 21:23:34.217896 2026] [wsgi:error] [pid 11:tid 140649962718912] [remote 10.0.0.69:47012] 2026-05-30 21:23:34.217 11 WARNING keystone.common.fernet_utils [None req-c9e159fd-c3f6-4afa-8ad9-8ab71d72e8a2 - - - - - -] key_repository is world readable: /etc/keystone/fernet-keys/ 10.0.0.69 - - [30/May/2026:21:23:33 +0000] "POST /v3/auth/tokens HTTP/1.1" 201 1463 10.0.0.69 - - [30/May/2026:21:23:34 +0000] "GET /v3/endpoints HTTP/1.1" 200 1226 10.0.0.69 - - [30/May/2026:21:23:34 +0000] "GET /v3/services/45eaf7e3fe1641aba65aa31e43a06463 HTTP/1.1" 200 233 10.0.0.69 - - [30/May/2026:21:23:34 +0000] "GET /v3/services/45eaf7e3fe1641aba65aa31e43a06463 HTTP/1.1" 200 233 10.0.0.69 - - [30/May/2026:21:23:34 +0000] "GET /v3/endpoints HTTP/1.1" 200 1226 10.0.0.69 - - [30/May/2026:21:23:34 +0000] "GET /v3/services/45eaf7e3fe1641aba65aa31e43a06463 HTTP/1.1" 200 233 10.0.0.69 - - [30/May/2026:21:23:34 +0000] "GET /v3/endpoints HTTP/1.1" 200 1226 10.0.0.69 - - [30/May/2026:21:23:34 +0000] "GET /v3/services/45eaf7e3fe1641aba65aa31e43a06463 HTTP/1.1" 200 233 10.0.0.69 - - [30/May/2026:21:23:34 +0000] "GET /v3/services/45eaf7e3fe1641aba65aa31e43a06463 HTTP/1.1" 200 233 10.0.0.69 - - [30/May/2026:21:23:34 +0000] "GET /v3/services/45eaf7e3fe1641aba65aa31e43a06463 HTTP/1.1" 200 233 10.0.0.69 - - [30/May/2026:21:23:34 +0000] "GET /v3/services/45eaf7e3fe1641aba65aa31e43a06463 HTTP/1.1" 200 233 10.0.0.69 - - [30/May/2026:21:23:34 +0000] "GET /v3/services/45eaf7e3fe1641aba65aa31e43a06463 HTTP/1.1" 200 233 10.0.0.69 - - [30/May/2026:21:23:34 +0000] "GET /v3/services/45eaf7e3fe1641aba65aa31e43a06463 HTTP/1.1" 200 233 10.0.0.69 - - [30/May/2026:21:23:35 +0000] "GET / HTTP/1.1" 300 295
[Sat May 30 21:23:35.660924 2026] [wsgi:error] [pid 12:tid 140649962718912] [remote 10.0.0.69:47028] 2026-05-30 21:23:35.660 12 WARNING keystone.common.password_hashing [None req-5a93df8f-6457-4aa6-9312-1d78b793792c - - - - - -] Truncating password to algorithm specific maximum length 72 characters. 10.0.0.69 - - [30/May/2026:21:23:35 +0000] "GET / HTTP/1.1" 300 295
[Sat May 30 21:23:35.695933 2026] [wsgi:error] [pid 10:tid 140649962718912] [remote 10.0.0.69:47032] 2026-05-30 21:23:35.695 10 WARNING keystone.common.password_hashing [None req-afc14914-15d5-4735-a1bf-f92c0fd14098 - - - - - -] Truncating password to algorithm specific maximum length 72 characters. 10.0.0.69 - - [30/May/2026:21:23:35 +0000] "GET / HTTP/1.1" 300 295
[Sat May 30 21:23:35.718825 2026] [wsgi:error] [pid 11:tid 140649962718912] [remote 10.0.0.69:47034] 2026-05-30 21:23:35.718 11 WARNING keystone.common.password_hashing [None req-0d71fc1d-7fbb-423d-ac73-7bac106185c2 - - - - - -] Truncating password to algorithm specific maximum length 72 characters.
[Sat May 30 21:23:35.932225 2026] [wsgi:error] [pid 12:tid 140649962718912] [remote 10.0.0.69:47028] 2026-05-30 21:23:35.932 12 WARNING keystone.common.fernet_utils [None req-5a93df8f-6457-4aa6-9312-1d78b793792c - - - - - -] key_repository is world readable: /etc/keystone/fernet-keys/ 10.0.0.69 - - [30/May/2026:21:23:35 +0000] "POST /v3/auth/tokens HTTP/1.1" 201 1463
[Sat May 30 21:23:35.967694 2026] [wsgi:error] [pid 10:tid 140649962718912] [remote 10.0.0.69:47032] 2026-05-30 21:23:35.967 10 WARNING keystone.common.fernet_utils [None req-afc14914-15d5-4735-a1bf-f92c0fd14098 - - - - - -] key_repository is world readable: /etc/keystone/fernet-keys/ 10.0.0.69 - - [30/May/2026:21:23:35 +0000] "POST /v3/auth/tokens HTTP/1.1" 201 1463
[Sat May 30 21:23:35.998586 2026] [wsgi:error] [pid 11:tid 140649962718912] [remote 10.0.0.69:47034] 2026-05-30 21:23:35.998 11 WARNING keystone.common.fernet_utils [None req-0d71fc1d-7fbb-423d-ac73-7bac106185c2 - - - - - -] key_repository is world readable: /etc/keystone/fernet-keys/ 10.0.0.69 - - [30/May/2026:21:23:35 +0000] "POST /v3/auth/tokens HTTP/1.1" 201 1463 10.0.0.69 - - [30/May/2026:21:23:36 +0000] "GET /v3/services/e2b425a901f44ecaa964ec009e4ccf42 HTTP/1.1" 200 296 10.0.0.69 - - [30/May/2026:21:23:36 +0000] "GET /v3/regions/RegionOne HTTP/1.1" 200 173 10.0.0.69 - - [30/May/2026:21:23:36 +0000] "POST /v3/endpoints HTTP/1.1" 201 380 10.0.0.69 - - [30/May/2026:21:23:36 +0000] "GET /v3/services/e2b425a901f44ecaa964ec009e4ccf42 HTTP/1.1" 200 296 10.0.0.69 - - [30/May/2026:21:23:36 +0000] "GET /v3/services/e2b425a901f44ecaa964ec009e4ccf42 HTTP/1.1" 200 296 10.0.0.69 - - [30/May/2026:21:23:36 +0000] "GET /v3/regions/RegionOne HTTP/1.1" 200 173 10.0.0.69 - - [30/May/2026:21:23:36 +0000] "GET /v3/regions/RegionOne HTTP/1.1" 200 173 10.0.0.69 - - [30/May/2026:21:23:36 +0000] "POST /v3/endpoints HTTP/1.1" 201 383 10.0.0.69 - - [30/May/2026:21:23:36 +0000] "POST /v3/endpoints HTTP/1.1" 201 369 10.0.0.69 - - [30/May/2026:21:23:37 +0000] "GET / HTTP/1.1" 300 295
[Sat May 30 21:23:37.408626 2026] [wsgi:error] [pid 10:tid 140649962718912] [remote 10.0.0.69:47038] 2026-05-30 21:23:37.408 10 WARNING keystone.common.password_hashing [None req-c9801c1f-2bdf-4f35-9336-67ed83d75d76 - - - - - -] Truncating password to algorithm specific maximum length 72 characters. 10.0.0.69 - - [30/May/2026:21:23:37 +0000] "GET / HTTP/1.1" 300 295
[Sat May 30 21:23:37.597553 2026] [wsgi:error] [pid 9:tid 140649962718912] [remote 10.0.0.69:47048] 2026-05-30 21:23:37.597 9 WARNING keystone.common.password_hashing [None req-f2daf482-bf1a-4788-b4a0-e21bd5aecd5f - - - - - -] Truncating password to algorithm specific maximum length 72 characters. 10.0.0.69 - - [30/May/2026:21:23:37 +0000] "GET / HTTP/1.1" 300 295
[Sat May 30 21:23:37.692699 2026] [wsgi:error] [pid 10:tid 140649962718912] [remote 10.0.0.69:47038] 2026-05-30 21:23:37.692 10 WARNING keystone.common.fernet_utils [None req-c9801c1f-2bdf-4f35-9336-67ed83d75d76 - - - - - -] key_repository is world readable: /etc/keystone/fernet-keys/
[Sat May 30 21:23:37.697097 2026] [wsgi:error] [pid 11:tid 140649962718912] [remote 10.0.0.69:47062] 2026-05-30 21:23:37.696 11 WARNING keystone.common.password_hashing [None req-93d538e1-40ab-46f1-a393-65261caae72b - - - - - -] Truncating password to algorithm specific maximum length 72 characters. 10.0.0.69 - - [30/May/2026:21:23:37 +0000] "POST /v3/auth/tokens HTTP/1.1" 201 1990 10.0.0.69 - - [30/May/2026:21:23:37 +0000] "GET /v3/endpoints/1ffda4083b1c4ee2a99c6e255cc91a79 HTTP/1.1" 200 380 10.0.0.69 - - [30/May/2026:21:23:37 +0000] "GET /v3/services/e2b425a901f44ecaa964ec009e4ccf42 HTTP/1.1" 200 296
[Sat May 30 21:23:37.885909 2026] [wsgi:error] [pid 9:tid 140649962718912] [remote 10.0.0.69:47048] 2026-05-30 21:23:37.885 9 WARNING keystone.common.fernet_utils [None req-f2daf482-bf1a-4788-b4a0-e21bd5aecd5f - - - - - -] key_repository is world readable: /etc/keystone/fernet-keys/ 10.0.0.69 - - [30/May/2026:21:23:37 +0000] "POST /v3/auth/tokens HTTP/1.1" 201 1990
[Sat May 30 21:23:37.967938 2026] [wsgi:error] [pid 11:tid 140649962718912] [remote 10.0.0.69:47062] 2026-05-30 21:23:37.967 11 WARNING keystone.common.fernet_utils [None req-93d538e1-40ab-46f1-a393-65261caae72b - - - - - -] key_repository is world readable: /etc/keystone/fernet-keys/ 10.0.0.69 - - [30/May/2026:21:23:37 +0000] "POST /v3/auth/tokens HTTP/1.1" 201 1990 10.0.0.69 - - [30/May/2026:21:23:37 +0000] "GET /v3/endpoints/844869ffd01341a5a9fca499ce1afc26 HTTP/1.1" 200 369 10.0.0.69 - - [30/May/2026:21:23:38 +0000] "GET /v3/services/e2b425a901f44ecaa964ec009e4ccf42 HTTP/1.1" 200 296 10.0.0.69 - - [30/May/2026:21:23:38 +0000] "GET /v3/endpoints/b8541ce57255468a82ee7e40a86444ed HTTP/1.1" 200 383 10.0.0.69 - - [30/May/2026:21:23:38 +0000] "GET /v3/services/e2b425a901f44ecaa964ec009e4ccf42 HTTP/1.1" 200 296 10.0.0.87 - - [30/May/2026:21:23:47 +0000] "GET /v3/ HTTP/1.1" 200 249 10.0.0.87 - - [30/May/2026:21:23:47 +0000] "GET /v3/ HTTP/1.1" 200 249 10.0.0.206 - - [30/May/2026:21:23:50 +0000] "GET / HTTP/1.1" 300 295
[Sat May 30 21:23:50.386000 2026] [wsgi:error] [pid 11:tid 140649962718912] [remote 10.0.0.206:50304] 2026-05-30 21:23:50.385 11 WARNING keystone.common.password_hashing [None req-4562f6ad-72c5-4f6e-b6b5-91b468b4be27 - - - - - -] Truncating password to algorithm specific maximum length 72 characters.
[Sat May 30 21:23:50.665082 2026] [wsgi:error] [pid 11:tid 140649962718912] [remote 10.0.0.206:50304] 2026-05-30 21:23:50.664 11 WARNING keystone.common.fernet_utils [None req-4562f6ad-72c5-4f6e-b6b5-91b468b4be27 - - - - - -] key_repository is world readable: /etc/keystone/fernet-keys/ 10.0.0.206 - - [30/May/2026:21:23:50 +0000] "POST /v3/auth/tokens HTTP/1.1" 201 1990 10.0.0.206 - - [30/May/2026:21:23:50 +0000] "POST /v3/domains HTTP/1.1" 201 284 10.0.0.206 - - [30/May/2026:21:23:52 +0000] "GET / HTTP/1.1" 300 295
[Sat May 30 21:23:52.232796 2026] [wsgi:error] [pid 9:tid 140649962718912] [remote 10.0.0.206:50318] 2026-05-30 21:23:52.232 9 WARNING keystone.common.password_hashing [None req-516bab79-77f8-4f6a-a27c-2fcac5bbaf10 - - - - - -] Truncating password to algorithm specific maximum length 72 characters.
[Sat May 30 21:23:52.507072 2026] [wsgi:error] [pid 9:tid 140649962718912] [remote 10.0.0.206:50318] 2026-05-30 21:23:52.506 9 WARNING keystone.common.fernet_utils [None req-516bab79-77f8-4f6a-a27c-2fcac5bbaf10 - - - - - -] key_repository is world readable: /etc/keystone/fernet-keys/ 10.0.0.206 - - [30/May/2026:21:23:52 +0000] "POST /v3/auth/tokens HTTP/1.1" 201 1990
[Sat May 30 21:23:52.703689 2026] [wsgi:error] [pid 11:tid 140649962718912] [remote 10.0.0.206:50318] 2026-05-30 21:23:52.678 11 ERROR keystone.server.flask.application [None req-36194159-4e9c-4eee-9bed-1b20291a14a6 32bb1e0f342d4521b084bbe83c2afdff 91c15f966a144d239280560309637304 - - default default] Conflict occurred attempting to store project - it is not permitted to have two projects acting as domains with the same name: service.: keystone.exception.Conflict: Conflict occurred attempting to store project - it is not permitted to have two projects acting as domains with the same name: service.
[Sat May 30 21:23:52.703724 2026] [wsgi:error] [pid 11:tid 140649962718912] [remote 10.0.0.206:50318] 2026-05-30 21:23:52.678 11 ERROR keystone.server.flask.application
Traceback (most recent call last):
[Sat May 30 21:23:52.703728 2026] [wsgi:error] [pid 11:tid 140649962718912] [remote 10.0.0.206:50318] 2026-05-30 21:23:52.678 11 ERROR keystone.server.flask.application
File "/var/lib/openstack/lib/python3.12/site-packages/sqlalchemy/engine/base.py", line 1967, in _exec_single_context
[Sat May 30 21:23:52.703732 2026] [wsgi:error] [pid 11:tid 140649962718912] [remote 10.0.0.206:50318] 2026-05-30 21:23:52.678 11 ERROR keystone.server.flask.application self.dialect.do_execute(
[Sat May 30 21:23:52.703735 2026] [wsgi:error] [pid 11:tid 140649962718912] [remote 10.0.0.206:50318] 2026-05-30 21:23:52.678 11 ERROR keystone.server.flask.application
File "/var/lib/openstack/lib/python3.12/site-packages/sqlalchemy/engine/default.py", line 952, in do_execute
[Sat May 30 21:23:52.703738 2026] [wsgi:error] [pid 11:tid 140649962718912] [remote 10.0.0.206:50318] 2026-05-30 21:23:52.678 11 ERROR keystone.server.flask.application cursor.execute(statement, parameters)
[Sat May 30 21:23:52.703741 2026] [wsgi:error] [pid 11:tid 140649962718912] [remote 10.0.0.206:50318] 2026-05-30 21:23:52.678 11 ERROR keystone.server.flask.application
File "/var/lib/openstack/lib/python3.12/site-packages/pymysql/cursors.py", line 159, in execute
[Sat May 30 21:23:52.703744 2026] [wsgi:error] [pid 11:tid 140649962718912] [remote 10.0.0.206:50318] 2026-05-30 21:23:52.678 11 ERROR keystone.server.flask.application result = self._query(query)
[Sat May 30 21:23:52.703747 2026] [wsgi:error] [pid 11:tid 140649962718912] [remote 10.0.0.206:50318] 2026-05-30 21:23:52.678 11 ERROR keystone.server.flask.application ^^^^^^^^^^^^^^^^^^
[Sat May 30 21:23:52.703750 2026] [wsgi:error] [pid 11:tid 140649962718912] [remote 10.0.0.206:50318] 2026-05-30 21:23:52.678 11 ERROR keystone.server.flask.application
File "/var/lib/openstack/lib/python3.12/site-packages/pymysql/cursors.py", line 330, in _query
[Sat May 30 21:23:52.703753 2026] [wsgi:error] [pid 11:tid 140649962718912] [remote 10.0.0.206:50318] 2026-05-30 21:23:52.678 11 ERROR keystone.server.flask.application conn.query(q)
[Sat May 30 21:23:52.703756 2026] [wsgi:error] [pid 11:tid 140649962718912] [remote 10.0.0.206:50318] 2026-05-30 21:23:52.678 11 ERROR keystone.server.flask.application
File "/var/lib/openstack/lib/python3.12/site-packages/pymysql/connections.py", line 582, in query
[Sat May 30 21:23:52.703759 2026] [wsgi:error] [pid 11:tid 140649962718912] [remote 10.0.0.206:50318] 2026-05-30 21:23:52.678 11 ERROR keystone.server.flask.application self._affected_rows = self._read_query_result(unbuffered=unbuffered)
[Sat May 30 21:23:52.703763 2026] [wsgi:error] [pid 11:tid 140649962718912] [remote 10.0.0.206:50318] 2026-05-30 21:23:52.678 11 ERROR keystone.server.flask.application ^^^^^^^^^^^^^^^^^^^^^^^^^^^^^^^^^^^^^^^^^^^^^^
[Sat May 30 21:23:52.703766 2026] [wsgi:error] [pid 11:tid 140649962718912] [remote 10.0.0.206:50318] 2026-05-30 21:23:52.678 11 ERROR keystone.server.flask.application
File "/var/lib/openstack/lib/python3.12/site-packages/pymysql/connections.py", line 847, in _read_query_result
[Sat May 30 21:23:52.703769 2026] [wsgi:error] [pid 11:tid 140649962718912] [remote 10.0.0.206:50318] 2026-05-30 21:23:52.678 11 ERROR keystone.server.flask.application result.read()
[Sat May 30 21:23:52.703774 2026] [wsgi:error] [pid 11:tid 140649962718912] [remote 10.0.0.206:50318] 2026-05-30 21:23:52.678 11 ERROR keystone.server.flask.application
File "/var/lib/openstack/lib/python3.12/site-packages/pymysql/connections.py", line 1245, in read
[Sat May 30 21:23:52.703777 2026] [wsgi:error] [pid 11:tid 140649962718912] [remote 10.0.0.206:50318] 2026-05-30 21:23:52.678 11 ERROR keystone.server.flask.application first_packet = self.connection._read_packet()
[Sat May 30 21:23:52.703780 2026] [wsgi:error] [pid 11:tid 140649962718912] [remote 10.0.0.206:50318] 2026-05-30 21:23:52.678 11 ERROR keystone.server.flask.application ^^^^^^^^^^^^^^^^^^^^^^^^^^^^^^
[Sat May 30 21:23:52.703790 2026] [wsgi:error] [pid 11:tid 140649962718912] [remote 10.0.0.206:50318] 2026-05-30 21:23:52.678 11 ERROR keystone.server.flask.application
File "/var/lib/openstack/lib/python3.12/site-packages/pymysql/connections.py", line 803, in _read_packet
[Sat May 30 21:23:52.703793 2026] [wsgi:error] [pid 11:tid 140649962718912] [remote 10.0.0.206:50318] 2026-05-30 21:23:52.678 11 ERROR keystone.server.flask.application packet.raise_for_error()
[Sat May 30 21:23:52.703796 2026] [wsgi:error] [pid 11:tid 140649962718912] [remote 10.0.0.206:50318] 2026-05-30 21:23:52.678 11 ERROR keystone.server.flask.application
File "/var/lib/openstack/lib/python3.12/site-packages/pymysql/protocol.py", line 219, in raise_for_error
[Sat May 30 21:23:52.703800 2026] [wsgi:error] [pid 11:tid 140649962718912] [remote 10.0.0.206:50318] 2026-05-30 21:23:52.678 11 ERROR keystone.server.flask.application err.raise_mysql_exception(self._data)
[Sat May 30 21:23:52.703803 2026] [wsgi:error] [pid 11:tid 140649962718912] [remote 10.0.0.206:50318] 2026-05-30 21:23:52.678 11 ERROR keystone.server.flask.application
File "/var/lib/openstack/lib/python3.12/site-packages/pymysql/err.py", line 154, in raise_mysql_exception
[Sat May 30 21:23:52.703806 2026] [wsgi:error] [pid 11:tid 140649962718912] [remote 10.0.0.206:50318] 2026-05-30 21:23:52.678 11 ERROR keystone.server.flask.application raise errorclass(errno, errval, sqlstate=sqlstate)
[Sat May 30 21:23:52.703810 2026] [wsgi:error] [pid 11:tid 140649962718912] [remote 10.0.0.206:50318] 2026-05-30 21:23:52.678 11 ERROR keystone.server.flask.application pymysql.err.IntegrityError: (1062, "Duplicate entry '<>-service' for key 'project.ixu_project_name_domain_id'")
[Sat May 30 21:23:52.703814 2026] [wsgi:error] [pid 11:tid 140649962718912] [remote 10.0.0.206:50318] 2026-05-30 21:23:52.678 11 ERROR keystone.server.flask.application
[Sat May 30 21:23:52.703817 2026] [wsgi:error] [pid 11:tid 140649962718912] [remote 10.0.0.206:50318] 2026-05-30 21:23:52.678 11 ERROR keystone.server.flask.application The above exception was the direct cause of the following exception:
[Sat May 30 21:23:52.703821 2026] [wsgi:error] [pid 11:tid 140649962718912] [remote 10.0.0.206:50318] 2026-05-30 21:23:52.678 11 ERROR keystone.server.flask.application
[Sat May 30 21:23:52.703824 2026] [wsgi:error] [pid 11:tid 140649962718912] [remote 10.0.0.206:50318] 2026-05-30 21:23:52.678 11 ERROR keystone.server.flask.application
Traceback (most recent call last):
[Sat May 30 21:23:52.703827 2026] [wsgi:error] [pid 11:tid 140649962718912] [remote 10.0.0.206:50318] 2026-05-30 21:23:52.678 11 ERROR keystone.server.flask.application
File "/var/lib/openstack/lib/python3.12/site-packages/keystone/common/sql/core.py", line 575, in wrapper
[Sat May 30 21:23:52.703831 2026] [wsgi:error] [pid 11:tid 140649962718912] [remote 10.0.0.206:50318] 2026-05-30 21:23:52.678 11 ERROR keystone.server.flask.application return method(*args, **kwargs)
[Sat May 30 21:23:52.703836 2026] [wsgi:error] [pid 11:tid 140649962718912] [remote 10.0.0.206:50318] 2026-05-30 21:23:52.678 11 ERROR keystone.server.flask.application ^^^^^^^^^^^^^^^^^^^^^^^
[Sat May 30 21:23:52.703839 2026] [wsgi:error] [pid 11:tid 140649962718912] [remote 10.0.0.206:50318] 2026-05-30 21:23:52.678 11 ERROR keystone.server.flask.application
File "/var/lib/openstack/lib/python3.12/site-packages/keystone/resource/backends/sql.py", line 278, in create_project
[Sat May 30 21:23:52.703842 2026] [wsgi:error] [pid 11:tid 140649962718912] [remote 10.0.0.206:50318] 2026-05-30 21:23:52.678 11 ERROR keystone.server.flask.application with sql.session_for_write() as session:
[Sat May 30 21:23:52.703847 2026] [wsgi:error] [pid 11:tid 140649962718912] [remote 10.0.0.206:50318] 2026-05-30 21:23:52.678 11 ERROR keystone.server.flask.application
File "/usr/lib/python3.12/contextlib.py", line 144, in __exit__
[Sat May 30 21:23:52.703850 2026] [wsgi:error] [pid 11:tid 140649962718912] [remote 10.0.0.206:50318] 2026-05-30 21:23:52.678 11 ERROR keystone.server.flask.application next(self.gen)
[Sat May 30 21:23:52.703853 2026] [wsgi:error] [pid 11:tid 140649962718912] [remote 10.0.0.206:50318] 2026-05-30 21:23:52.678 11 ERROR keystone.server.flask.application
File "/var/lib/openstack/lib/python3.12/site-packages/oslo_db/sqlalchemy/enginefacade.py", line 1175, in _transaction_scope
[Sat May 30 21:23:52.703857 2026] [wsgi:error] [pid 11:tid 140649962718912] [remote 10.0.0.206:50318] 2026-05-30 21:23:52.678 11 ERROR keystone.server.flask.application with current._produce_block(
[Sat May 30 21:23:52.703860 2026] [wsgi:error] [pid 11:tid 140649962718912] [remote 10.0.0.206:50318] 2026-05-30 21:23:52.678 11 ERROR keystone.server.flask.application
File "/usr/lib/python3.12/contextlib.py", line 144, in __exit__
[Sat May 30 21:23:52.703863 2026] [wsgi:error] [pid 11:tid 140649962718912] [remote 10.0.0.206:50318] 2026-05-30 21:23:52.678 11 ERROR keystone.server.flask.application next(self.gen)
[Sat May 30 21:23:52.703866 2026] [wsgi:error] [pid 11:tid 140649962718912] [remote 10.0.0.206:50318] 2026-05-30 21:23:52.678 11 ERROR keystone.server.flask.application
File "/var/lib/openstack/lib/python3.12/site-packages/oslo_db/sqlalchemy/enginefacade.py", line 837, in _session
[Sat May 30 21:23:52.703869 2026] [wsgi:error] [pid 11:tid 140649962718912] [remote 10.0.0.206:50318] 2026-05-30 21:23:52.678 11 ERROR keystone.server.flask.application with excutils.save_and_reraise_exception():
[Sat May 30 21:23:52.703872 2026] [wsgi:error] [pid 11:tid 140649962718912] [remote 10.0.0.206:50318] 2026-05-30 21:23:52.678 11 ERROR keystone.server.flask.application
File "/var/lib/openstack/lib/python3.12/site-packages/oslo_utils/excutils.py", line 266, in __exit__
[Sat May 30 21:23:52.703877 2026] [wsgi:error] [pid 11:tid 140649962718912] [remote 10.0.0.206:50318] 2026-05-30 21:23:52.678 11 ERROR keystone.server.flask.application self.force_reraise()
[Sat May 30 21:23:52.703880 2026] [wsgi:error] [pid 11:tid 140649962718912] [remote 10.0.0.206:50318] 2026-05-30 21:23:52.678 11 ERROR keystone.server.flask.application
File "/var/lib/openstack/lib/python3.12/site-packages/oslo_utils/excutils.py", line 232, in force_reraise
[Sat May 30 21:23:52.703884 2026] [wsgi:error] [pid 11:tid 140649962718912] [remote 10.0.0.206:50318] 2026-05-30 21:23:52.678 11 ERROR keystone.server.flask.application raise self.value
[Sat May 30 21:23:52.703887 2026] [wsgi:error] [pid 11:tid 140649962718912] [remote 10.0.0.206:50318] 2026-05-30 21:23:52.678 11 ERROR keystone.server.flask.application
File "/var/lib/openstack/lib/python3.12/site-packages/oslo_db/sqlalchemy/enginefacade.py", line 835, in _session
[Sat May 30 21:23:52.703891 2026] [wsgi:error] [pid 11:tid 140649962718912] [remote 10.0.0.206:50318] 2026-05-30 21:23:52.678 11 ERROR keystone.server.flask.application self._end_session_transaction(self.session)
[Sat May 30 21:23:52.703894 2026] [wsgi:error] [pid 11:tid 140649962718912] [remote 10.0.0.206:50318] 2026-05-30 21:23:52.678 11 ERROR keystone.server.flask.application
File "/var/lib/openstack/lib/python3.12/site-packages/oslo_db/sqlalchemy/enginefacade.py", line 748, in _end_session_transaction
[Sat May 30 21:23:52.703917 2026] [wsgi:error] [pid 11:tid 140649962718912] [remote 10.0.0.206:50318] 2026-05-30 21:23:52.678 11 ERROR keystone.server.flask.application session.commit()
[Sat May 30 21:23:52.703921 2026] [wsgi:error] [pid 11:tid 140649962718912] [remote 10.0.0.206:50318] 2026-05-30 21:23:52.678 11 ERROR keystone.server.flask.application
File "/var/lib/openstack/lib/python3.12/site-packages/sqlalchemy/orm/session.py", line 2030, in commit
[Sat May 30 21:23:52.703925 2026] [wsgi:error] [pid 11:tid 140649962718912] [remote 10.0.0.206:50318] 2026-05-30 21:23:52.678 11 ERROR keystone.server.flask.application trans.commit(_to_root=True)
[Sat May 30 21:23:52.703929 2026] [wsgi:error] [pid 11:tid 140649962718912] [remote 10.0.0.206:50318] 2026-05-30 21:23:52.678 11 ERROR keystone.server.flask.application File "", line 2, in commit
[Sat May 30 21:23:52.703932 2026] [wsgi:error] [pid 11:tid 140649962718912] [remote 10.0.0.206:50318] 2026-05-30 21:23:52.678 11 ERROR keystone.server.flask.application
File "/var/lib/openstack/lib/python3.12/site-packages/sqlalchemy/orm/state_changes.py", line 137, in _go
[Sat May 30 21:23:52.703936 2026] [wsgi:error] [pid 11:tid 140649962718912] [remote 10.0.0.206:50318] 2026-05-30 21:23:52.678 11 ERROR keystone.server.flask.application ret_value = fn(self, *arg, **kw)
[Sat May 30 21:23:52.703939 2026] [wsgi:error] [pid 11:tid 140649962718912] [remote 10.0.0.206:50318] 2026-05-30 21:23:52.678 11 ERROR keystone.server.flask.application ^^^^^^^^^^^^^^^^^^^^
[Sat May 30 21:23:52.703942 2026] [wsgi:error] [pid 11:tid 140649962718912] [remote 10.0.0.206:50318] 2026-05-30 21:23:52.678 11 ERROR keystone.server.flask.application
File "/var/lib/openstack/lib/python3.12/site-packages/sqlalchemy/orm/session.py", line 1311, in commit
[Sat May 30 21:23:52.703946 2026] [wsgi:error] [pid 11:tid 140649962718912] [remote 10.0.0.206:50318] 2026-05-30 21:23:52.678 11 ERROR keystone.server.flask.application self._prepare_impl()
[Sat May 30 21:23:52.703950 2026] [wsgi:error] [pid 11:tid 140649962718912] [remote 10.0.0.206:50318] 2026-05-30 21:23:52.678 11 ERROR keystone.server.flask.application File "", line 2, in _prepare_impl
[Sat May 30 21:23:52.703953 2026] [wsgi:error] [pid 11:tid 140649962718912] [remote 10.0.0.206:50318] 2026-05-30 21:23:52.678 11 ERROR keystone.server.flask.application
File "/var/lib/openstack/lib/python3.12/site-packages/sqlalchemy/orm/state_changes.py", line 137, in _go
[Sat May 30 21:23:52.703957 2026] [wsgi:error] [pid 11:tid 140649962718912] [remote 10.0.0.206:50318] 2026-05-30 21:23:52.678 11 ERROR keystone.server.flask.application ret_value = fn(self, *arg, **kw)
[Sat May 30 21:23:52.703960 2026] [wsgi:error] [pid 11:tid 140649962718912] [remote 10.0.0.206:50318] 2026-05-30 21:23:52.678 11 ERROR keystone.server.flask.application ^^^^^^^^^^^^^^^^^^^^
[Sat May 30 21:23:52.703963 2026] [wsgi:error] [pid 11:tid 140649962718912] [remote 10.0.0.206:50318] 2026-05-30 21:23:52.678 11 ERROR keystone.server.flask.application
File "/var/lib/openstack/lib/python3.12/site-packages/sqlalchemy/orm/session.py", line 1286, in _prepare_impl
[Sat May 30 21:23:52.703967 2026] [wsgi:error] [pid 11:tid 140649962718912] [remote 10.0.0.206:50318] 2026-05-30 21:23:52.678 11 ERROR keystone.server.flask.application self.session.flush()
[Sat May 30 21:23:52.703971 2026] [wsgi:error] [pid 11:tid 140649962718912] [remote 10.0.0.206:50318] 2026-05-30 21:23:52.678 11 ERROR keystone.server.flask.application
File "/var/lib/openstack/lib/python3.12/site-packages/sqlalchemy/orm/session.py", line 4331, in flush
[Sat May 30 21:23:52.703975 2026] [wsgi:error] [pid 11:tid 140649962718912] [remote 10.0.0.206:50318] 2026-05-30 21:23:52.678 11 ERROR keystone.server.flask.application self._flush(objects)
[Sat May 30 21:23:52.703978 2026] [wsgi:error] [pid 11:tid 140649962718912] [remote 10.0.0.206:50318] 2026-05-30 21:23:52.678 11 ERROR keystone.server.flask.application
File "/var/lib/openstack/lib/python3.12/site-packages/sqlalchemy/orm/session.py", line 4466, in _flush
[Sat May 30 21:23:52.703982 2026] [wsgi:error] [pid 11:tid 140649962718912] [remote 10.0.0.206:50318] 2026-05-30 21:23:52.678 11 ERROR keystone.server.flask.application with util.safe_reraise():
[Sat May 30 21:23:52.703986 2026] [wsgi:error] [pid 11:tid 140649962718912] [remote 10.0.0.206:50318] 2026-05-30 21:23:52.678 11 ERROR keystone.server.flask.application
File "/var/lib/openstack/lib/python3.12/site-packages/sqlalchemy/util/langhelpers.py", line 121, in __exit__
[Sat May 30 21:23:52.703991 2026] [wsgi:error] [pid 11:tid 140649962718912] [remote 10.0.0.206:50318] 2026-05-30 21:23:52.678 11 ERROR keystone.server.flask.application raise exc_value.with_traceback(exc_tb)
[Sat May 30 21:23:52.703995 2026] [wsgi:error] [pid 11:tid 140649962718912] [remote 10.0.0.206:50318] 2026-05-30 21:23:52.678 11 ERROR keystone.server.flask.application
File "/var/lib/openstack/lib/python3.12/site-packages/sqlalchemy/orm/session.py", line 4427, in _flush
[Sat May 30 21:23:52.703999 2026] [wsgi:error] [pid 11:tid 140649962718912] [remote 10.0.0.206:50318] 2026-05-30 21:23:52.678 11 ERROR keystone.server.flask.application flush_context.execute()
[Sat May 30 21:23:52.704003 2026] [wsgi:error] [pid 11:tid 140649962718912] [remote 10.0.0.206:50318] 2026-05-30 21:23:52.678 11 ERROR keystone.server.flask.application
File "/var/lib/openstack/lib/python3.12/site-packages/sqlalchemy/orm/unitofwork.py", line 466, in execute
