May 27 01:05:18.769730 np0000176804 systemd[1]: Starting devstack@n-api-meta.service - Devstack devstack@n-api-meta.service...
May 27 01:05:18.805653 np0000176804 devstack@n-api-meta.service[108394]: [uWSGI] getting INI configuration from /etc/nova/nova-metadata-uwsgi.ini
May 27 01:05:18.808620 np0000176804 devstack@n-api-meta.service[108394]: *** Starting uWSGI 2.0.24-debian (64bit) on [Wed May 27 01:05:18 2026] ***
May 27 01:05:18.808620 np0000176804 devstack@n-api-meta.service[108394]: compiled with version: 13.2.0 on 17 April 2024 16:23:48
May 27 01:05:18.808620 np0000176804 devstack@n-api-meta.service[108394]: os: Linux-6.8.0-117-generic #117-Ubuntu SMP PREEMPT_DYNAMIC Tue May 5 19:26:24 UTC 2026
May 27 01:05:18.808620 np0000176804 devstack@n-api-meta.service[108394]: nodename: np0000176804
May 27 01:05:18.808620 np0000176804 devstack@n-api-meta.service[108394]: machine: x86_64
May 27 01:05:18.808620 np0000176804 devstack@n-api-meta.service[108394]: clock source: unix
May 27 01:05:18.808620 np0000176804 devstack@n-api-meta.service[108394]: pcre jit disabled
May 27 01:05:18.808620 np0000176804 devstack@n-api-meta.service[108394]: detected number of CPU cores: 16
May 27 01:05:18.808620 np0000176804 devstack@n-api-meta.service[108394]: current working directory: /
May 27 01:05:18.808620 np0000176804 devstack@n-api-meta.service[108394]: detected binary path: /usr/bin/uwsgi-core
May 27 01:05:18.808620 np0000176804 devstack@n-api-meta.service[108394]: your processes number limit is 256917
May 27 01:05:18.808620 np0000176804 devstack@n-api-meta.service[108394]: your memory page size is 4096 bytes
May 27 01:05:18.808620 np0000176804 devstack@n-api-meta.service[108394]: detected max file descriptor number: 2048
May 27 01:05:18.808620 np0000176804 devstack@n-api-meta.service[108394]: lock engine: pthread robust mutexes
May 27 01:05:18.809359 np0000176804 devstack@n-api-meta.service[108394]: thunder lock: enabled
May 27 01:05:18.809359 np0000176804 devstack@n-api-meta.service[108394]: uWSGI http bound on 0.0.0.0:8775 fd 5
May 27 01:05:18.809359 np0000176804 devstack@n-api-meta.service[108394]: uwsgi socket 0 bound to TCP address 127.0.0.1:39663 (port auto-assigned) fd 4
May 27 01:05:18.809359 np0000176804 devstack@n-api-meta.service[108394]: Python version: 3.12.3 (main, Mar 23 2026, 19:04:32) [GCC 13.3.0]
May 27 01:05:18.809359 np0000176804 devstack@n-api-meta.service[108394]: PEP 405 virtualenv detected: /opt/stack/data/venv
May 27 01:05:18.809359 np0000176804 devstack@n-api-meta.service[108394]: Set PythonHome to /opt/stack/data/venv
May 27 01:05:18.843126 np0000176804 devstack@n-api-meta.service[108394]: Python main interpreter initialized at 0x7ac63c4a3668
May 27 01:05:18.843126 np0000176804 devstack@n-api-meta.service[108394]: python threads support enabled
May 27 01:05:18.843126 np0000176804 devstack@n-api-meta.service[108394]: your server socket listen backlog is limited to 100 connections
May 27 01:05:18.843126 np0000176804 devstack@n-api-meta.service[108394]: your mercy for graceful operations on workers is 80 seconds
May 27 01:05:18.843636 np0000176804 devstack@n-api-meta.service[108394]: mapped 671795 bytes (656 KB) for 4 cores
May 27 01:05:18.843761 np0000176804 devstack@n-api-meta.service[108394]: *** Operational MODE: preforking ***
May 27 01:05:18.843893 np0000176804 devstack@n-api-meta.service[108394]: *** uWSGI is running in multiple interpreter mode ***
May 27 01:05:18.843893 np0000176804 devstack@n-api-meta.service[108394]: spawned uWSGI master process (pid: 108394)
May 27 01:05:18.844056 np0000176804 systemd[1]: Started devstack@n-api-meta.service - Devstack devstack@n-api-meta.service.
May 27 01:05:18.844575 np0000176804 devstack@n-api-meta.service[108394]: spawned uWSGI worker 1 (pid: 108395, cores: 1)
May 27 01:05:18.845263 np0000176804 devstack@n-api-meta.service[108394]: spawned uWSGI worker 2 (pid: 108396, cores: 1)
May 27 01:05:18.845756 np0000176804 devstack@n-api-meta.service[108394]: spawned uWSGI worker 3 (pid: 108397, cores: 1)
May 27 01:05:18.846286 np0000176804 devstack@n-api-meta.service[108394]: spawned uWSGI worker 4 (pid: 108398, cores: 1)
May 27 01:05:18.846834 np0000176804 devstack@n-api-meta.service[108394]: spawned uWSGI http 1 (pid: 108399)
May 27 01:05:18.846834 np0000176804 devstack@n-api-meta.service[108394]: running "unix_signal:15 gracefully_kill_them_all" (master-start)...
May 27 01:05:20.575090 np0000176804 devstack@n-api-meta.service[108397]: INFO dbcounter [None req-9a0d1eb6-8548-4f97-b2c6-0c34f6bc5616 None None] Registered counter for database nova_api
May 27 01:05:20.599613 np0000176804 devstack@n-api-meta.service[108396]: INFO dbcounter [None req-6f6b7901-6cd8-41e2-8e7d-14683300feaf None None] Registered counter for database nova_api
May 27 01:05:20.624112 np0000176804 devstack@n-api-meta.service[108397]: DEBUG oslo_db.sqlalchemy.engines [None req-9a0d1eb6-8548-4f97-b2c6-0c34f6bc5616 None None] MySQL server mode set to STRICT_TRANS_TABLES,STRICT_ALL_TABLES,NO_ZERO_IN_DATE,NO_ZERO_DATE,ERROR_FOR_DIVISION_BY_ZERO,TRADITIONAL,NO_ENGINE_SUBSTITUTION {{(pid=108397) _check_effective_sql_mode /opt/stack/data/venv/lib/python3.12/site-packages/oslo_db/sqlalchemy/engines.py:325}}
May 27 01:05:20.634437 np0000176804 devstack@n-api-meta.service[108395]: INFO dbcounter [None req-1429585a-e590-40f3-998b-f57f856a4828 None None] Registered counter for database nova_api
May 27 01:05:20.649797 np0000176804 devstack@n-api-meta.service[108396]: DEBUG oslo_db.sqlalchemy.engines [None req-6f6b7901-6cd8-41e2-8e7d-14683300feaf None None] MySQL server mode set to STRICT_TRANS_TABLES,STRICT_ALL_TABLES,NO_ZERO_IN_DATE,NO_ZERO_DATE,ERROR_FOR_DIVISION_BY_ZERO,TRADITIONAL,NO_ENGINE_SUBSTITUTION {{(pid=108396) _check_effective_sql_mode /opt/stack/data/venv/lib/python3.12/site-packages/oslo_db/sqlalchemy/engines.py:325}}
May 27 01:05:20.653318 np0000176804 devstack@n-api-meta.service[108397]: DEBUG dbcounter [-] [108397] Writer thread running {{(pid=108397) stat_writer /opt/stack/data/venv/lib/python3.12/site-packages/dbcounter.py:102}}
May 27 01:05:20.656028 np0000176804 devstack@n-api-meta.service[108397]: DEBUG nova.context [None req-9a0d1eb6-8548-4f97-b2c6-0c34f6bc5616 None None] Found 2 cells: 00000000-0000-0000-0000-000000000000(cell0),2bdfec5b-5f92-460c-88fb-e040618f85c6(cell1) {{(pid=108397) load_cells /opt/stack/nova/nova/context.py:509}}
May 27 01:05:20.656245 np0000176804 devstack@n-api-meta.service[108397]: INFO nova.utils [None req-9a0d1eb6-8548-4f97-b2c6-0c34f6bc5616 None None] The cell worker thread pool MainProcess.cell_worker is initialized
May 27 01:05:20.657965 np0000176804 devstack@n-api-meta.service[108397]: DEBUG oslo_concurrency.lockutils [None req-9a0d1eb6-8548-4f97-b2c6-0c34f6bc5616 None None] Acquiring lock "00000000-0000-0000-0000-000000000000" by "nova.context.set_target_cell..get_or_set_cached_cell_and_set_connections" {{(pid=108397) inner /opt/stack/data/venv/lib/python3.12/site-packages/oslo_concurrency/lockutils.py:511}}
May 27 01:05:20.658111 np0000176804 devstack@n-api-meta.service[108397]: DEBUG oslo_concurrency.lockutils [None req-9a0d1eb6-8548-4f97-b2c6-0c34f6bc5616 None None] Lock "00000000-0000-0000-0000-000000000000" acquired by "nova.context.set_target_cell..get_or_set_cached_cell_and_set_connections" :: waited 0.000s {{(pid=108397) inner /opt/stack/data/venv/lib/python3.12/site-packages/oslo_concurrency/lockutils.py:524}}
May 27 01:05:20.658462 np0000176804 devstack@n-api-meta.service[108397]: DEBUG oslo_concurrency.lockutils [None req-9a0d1eb6-8548-4f97-b2c6-0c34f6bc5616 None None] Lock "00000000-0000-0000-0000-000000000000" "released" by "nova.context.set_target_cell..get_or_set_cached_cell_and_set_connections" :: held 0.000s {{(pid=108397) inner /opt/stack/data/venv/lib/python3.12/site-packages/oslo_concurrency/lockutils.py:543}}
May 27 01:05:20.659181 np0000176804 devstack@n-api-meta.service[108397]: DEBUG oslo_concurrency.lockutils [None req-9a0d1eb6-8548-4f97-b2c6-0c34f6bc5616 None None] Acquiring lock "2bdfec5b-5f92-460c-88fb-e040618f85c6" by "nova.context.set_target_cell..get_or_set_cached_cell_and_set_connections" {{(pid=108397) inner /opt/stack/data/venv/lib/python3.12/site-packages/oslo_concurrency/lockutils.py:511}}
May 27 01:05:20.659297 np0000176804 devstack@n-api-meta.service[108397]: DEBUG oslo_concurrency.lockutils [None req-9a0d1eb6-8548-4f97-b2c6-0c34f6bc5616 None None] Lock "2bdfec5b-5f92-460c-88fb-e040618f85c6" acquired by "nova.context.set_target_cell..get_or_set_cached_cell_and_set_connections" :: waited 0.000s {{(pid=108397) inner /opt/stack/data/venv/lib/python3.12/site-packages/oslo_concurrency/lockutils.py:524}}
May 27 01:05:20.660153 np0000176804 devstack@n-api-meta.service[108397]: DEBUG oslo_concurrency.lockutils [None req-9a0d1eb6-8548-4f97-b2c6-0c34f6bc5616 None None] Lock "2bdfec5b-5f92-460c-88fb-e040618f85c6" "released" by "nova.context.set_target_cell..get_or_set_cached_cell_and_set_connections" :: held 0.001s {{(pid=108397) inner /opt/stack/data/venv/lib/python3.12/site-packages/oslo_concurrency/lockutils.py:543}}
May 27 01:05:20.663436 np0000176804 devstack@n-api-meta.service[108397]: INFO dbcounter [None req-9a0d1eb6-8548-4f97-b2c6-0c34f6bc5616 None None] Registered counter for database nova_cell0
May 27 01:05:20.668119 np0000176804 devstack@n-api-meta.service[108397]: INFO dbcounter [None req-9a0d1eb6-8548-4f97-b2c6-0c34f6bc5616 None None] Registered counter for database nova_cell1
May 27 01:05:20.684178 np0000176804 devstack@n-api-meta.service[108396]: DEBUG dbcounter [-] [108396] Writer thread running {{(pid=108396) stat_writer /opt/stack/data/venv/lib/python3.12/site-packages/dbcounter.py:102}}
May 27 01:05:20.686634 np0000176804 devstack@n-api-meta.service[108395]: DEBUG oslo_db.sqlalchemy.engines [None req-1429585a-e590-40f3-998b-f57f856a4828 None None] MySQL server mode set to STRICT_TRANS_TABLES,STRICT_ALL_TABLES,NO_ZERO_IN_DATE,NO_ZERO_DATE,ERROR_FOR_DIVISION_BY_ZERO,TRADITIONAL,NO_ENGINE_SUBSTITUTION {{(pid=108395) _check_effective_sql_mode /opt/stack/data/venv/lib/python3.12/site-packages/oslo_db/sqlalchemy/engines.py:325}}
May 27 01:05:20.687108 np0000176804 devstack@n-api-meta.service[108396]: DEBUG nova.context [None req-6f6b7901-6cd8-41e2-8e7d-14683300feaf None None] Found 2 cells: 00000000-0000-0000-0000-000000000000(cell0),2bdfec5b-5f92-460c-88fb-e040618f85c6(cell1) {{(pid=108396) load_cells /opt/stack/nova/nova/context.py:509}}
May 27 01:05:20.687347 np0000176804 devstack@n-api-meta.service[108396]: INFO nova.utils [None req-6f6b7901-6cd8-41e2-8e7d-14683300feaf None None] The cell worker thread pool MainProcess.cell_worker is initialized
May 27 01:05:20.689150 np0000176804 devstack@n-api-meta.service[108396]: DEBUG oslo_concurrency.lockutils [None req-6f6b7901-6cd8-41e2-8e7d-14683300feaf None None] Acquiring lock "00000000-0000-0000-0000-000000000000" by "nova.context.set_target_cell..get_or_set_cached_cell_and_set_connections" {{(pid=108396) inner /opt/stack/data/venv/lib/python3.12/site-packages/oslo_concurrency/lockutils.py:511}}
May 27 01:05:20.689322 np0000176804 devstack@n-api-meta.service[108396]: DEBUG oslo_concurrency.lockutils [None req-6f6b7901-6cd8-41e2-8e7d-14683300feaf None None] Lock "00000000-0000-0000-0000-000000000000" acquired by "nova.context.set_target_cell..get_or_set_cached_cell_and_set_connections" :: waited 0.000s {{(pid=108396) inner /opt/stack/data/venv/lib/python3.12/site-packages/oslo_concurrency/lockutils.py:524}}
May 27 01:05:20.689677 np0000176804 devstack@n-api-meta.service[108396]: DEBUG oslo_concurrency.lockutils [None req-6f6b7901-6cd8-41e2-8e7d-14683300feaf None None] Lock "00000000-0000-0000-0000-000000000000" "released" by "nova.context.set_target_cell..get_or_set_cached_cell_and_set_connections" :: held 0.000s {{(pid=108396) inner /opt/stack/data/venv/lib/python3.12/site-packages/oslo_concurrency/lockutils.py:543}}
May 27 01:05:20.690375 np0000176804 devstack@n-api-meta.service[108396]: DEBUG oslo_concurrency.lockutils [None req-6f6b7901-6cd8-41e2-8e7d-14683300feaf None None] Acquiring lock "2bdfec5b-5f92-460c-88fb-e040618f85c6" by "nova.context.set_target_cell..get_or_set_cached_cell_and_set_connections" {{(pid=108396) inner /opt/stack/data/venv/lib/python3.12/site-packages/oslo_concurrency/lockutils.py:511}}
May 27 01:05:20.690530 np0000176804 devstack@n-api-meta.service[108396]: DEBUG oslo_concurrency.lockutils [None req-6f6b7901-6cd8-41e2-8e7d-14683300feaf None None] Lock "2bdfec5b-5f92-460c-88fb-e040618f85c6" acquired by "nova.context.set_target_cell..get_or_set_cached_cell_and_set_connections" :: waited 0.000s {{(pid=108396) inner /opt/stack/data/venv/lib/python3.12/site-packages/oslo_concurrency/lockutils.py:524}}
May 27 01:05:20.691446 np0000176804 devstack@n-api-meta.service[108396]: DEBUG oslo_concurrency.lockutils [None req-6f6b7901-6cd8-41e2-8e7d-14683300feaf None None] Lock "2bdfec5b-5f92-460c-88fb-e040618f85c6" "released" by "nova.context.set_target_cell..get_or_set_cached_cell_and_set_connections" :: held 0.001s {{(pid=108396) inner /opt/stack/data/venv/lib/python3.12/site-packages/oslo_concurrency/lockutils.py:543}}
May 27 01:05:20.694410 np0000176804 devstack@n-api-meta.service[108396]: INFO dbcounter [None req-6f6b7901-6cd8-41e2-8e7d-14683300feaf None None] Registered counter for database nova_cell0
May 27 01:05:20.704795 np0000176804 devstack@n-api-meta.service[108396]: INFO dbcounter [None req-6f6b7901-6cd8-41e2-8e7d-14683300feaf None None] Registered counter for database nova_cell1
May 27 01:05:20.720024 np0000176804 devstack@n-api-meta.service[108395]: DEBUG dbcounter [-] [108395] Writer thread running {{(pid=108395) stat_writer /opt/stack/data/venv/lib/python3.12/site-packages/dbcounter.py:102}}
May 27 01:05:20.722195 np0000176804 devstack@n-api-meta.service[108395]: DEBUG nova.context [None req-1429585a-e590-40f3-998b-f57f856a4828 None None] Found 2 cells: 00000000-0000-0000-0000-000000000000(cell0),2bdfec5b-5f92-460c-88fb-e040618f85c6(cell1) {{(pid=108395) load_cells /opt/stack/nova/nova/context.py:509}}
May 27 01:05:20.722418 np0000176804 devstack@n-api-meta.service[108395]: INFO nova.utils [None req-1429585a-e590-40f3-998b-f57f856a4828 None None] The cell worker thread pool MainProcess.cell_worker is initialized
May 27 01:05:20.724182 np0000176804 devstack@n-api-meta.service[108395]: DEBUG oslo_concurrency.lockutils [None req-1429585a-e590-40f3-998b-f57f856a4828 None None] Acquiring lock "00000000-0000-0000-0000-000000000000" by "nova.context.set_target_cell..get_or_set_cached_cell_and_set_connections" {{(pid=108395) inner /opt/stack/data/venv/lib/python3.12/site-packages/oslo_concurrency/lockutils.py:511}}
May 27 01:05:20.724347 np0000176804 devstack@n-api-meta.service[108395]: DEBUG oslo_concurrency.lockutils [None req-1429585a-e590-40f3-998b-f57f856a4828 None None] Lock "00000000-0000-0000-0000-000000000000" acquired by "nova.context.set_target_cell..get_or_set_cached_cell_and_set_connections" :: waited 0.000s {{(pid=108395) inner /opt/stack/data/venv/lib/python3.12/site-packages/oslo_concurrency/lockutils.py:524}}
May 27 01:05:20.724702 np0000176804 devstack@n-api-meta.service[108395]: DEBUG oslo_concurrency.lockutils [None req-1429585a-e590-40f3-998b-f57f856a4828 None None] Lock "00000000-0000-0000-0000-000000000000" "released" by "nova.context.set_target_cell..get_or_set_cached_cell_and_set_connections" :: held 0.000s {{(pid=108395) inner /opt/stack/data/venv/lib/python3.12/site-packages/oslo_concurrency/lockutils.py:543}}
May 27 01:05:20.725443 np0000176804 devstack@n-api-meta.service[108395]: DEBUG oslo_concurrency.lockutils [None req-1429585a-e590-40f3-998b-f57f856a4828 None None] Acquiring lock "2bdfec5b-5f92-460c-88fb-e040618f85c6" by "nova.context.set_target_cell..get_or_set_cached_cell_and_set_connections" {{(pid=108395) inner /opt/stack/data/venv/lib/python3.12/site-packages/oslo_concurrency/lockutils.py:511}}
May 27 01:05:20.725581 np0000176804 devstack@n-api-meta.service[108395]: DEBUG oslo_concurrency.lockutils [None req-1429585a-e590-40f3-998b-f57f856a4828 None None] Lock "2bdfec5b-5f92-460c-88fb-e040618f85c6" acquired by "nova.context.set_target_cell..get_or_set_cached_cell_and_set_connections" :: waited 0.000s {{(pid=108395) inner /opt/stack/data/venv/lib/python3.12/site-packages/oslo_concurrency/lockutils.py:524}}
May 27 01:05:20.726427 np0000176804 devstack@n-api-meta.service[108395]: DEBUG oslo_concurrency.lockutils [None req-1429585a-e590-40f3-998b-f57f856a4828 None None] Lock "2bdfec5b-5f92-460c-88fb-e040618f85c6" "released" by "nova.context.set_target_cell..get_or_set_cached_cell_and_set_connections" :: held 0.001s {{(pid=108395) inner /opt/stack/data/venv/lib/python3.12/site-packages/oslo_concurrency/lockutils.py:543}}
May 27 01:05:20.726522 np0000176804 devstack@n-api-meta.service[108398]: INFO dbcounter [None req-cb159668-a79f-4edb-911a-23e27977705f None None] Registered counter for database nova_api
May 27 01:05:20.730116 np0000176804 devstack@n-api-meta.service[108395]: INFO dbcounter [None req-1429585a-e590-40f3-998b-f57f856a4828 None None] Registered counter for database nova_cell0
May 27 01:05:20.730287 np0000176804 devstack@n-api-meta.service[108397]: DEBUG oslo_db.sqlalchemy.engines [None req-9a0d1eb6-8548-4f97-b2c6-0c34f6bc5616 None None] MySQL server mode set to STRICT_TRANS_TABLES,STRICT_ALL_TABLES,NO_ZERO_IN_DATE,NO_ZERO_DATE,ERROR_FOR_DIVISION_BY_ZERO,TRADITIONAL,NO_ENGINE_SUBSTITUTION {{(pid=108397) _check_effective_sql_mode /opt/stack/data/venv/lib/python3.12/site-packages/oslo_db/sqlalchemy/engines.py:325}}
May 27 01:05:20.736302 np0000176804 devstack@n-api-meta.service[108395]: INFO dbcounter [None req-1429585a-e590-40f3-998b-f57f856a4828 None None] Registered counter for database nova_cell1
May 27 01:05:20.740586 np0000176804 devstack@n-api-meta.service[108397]: DEBUG oslo_db.sqlalchemy.engines [None req-9a0d1eb6-8548-4f97-b2c6-0c34f6bc5616 None None] MySQL server mode set to STRICT_TRANS_TABLES,STRICT_ALL_TABLES,NO_ZERO_IN_DATE,NO_ZERO_DATE,ERROR_FOR_DIVISION_BY_ZERO,TRADITIONAL,NO_ENGINE_SUBSTITUTION {{(pid=108397) _check_effective_sql_mode /opt/stack/data/venv/lib/python3.12/site-packages/oslo_db/sqlalchemy/engines.py:325}}
May 27 01:05:20.767148 np0000176804 devstack@n-api-meta.service[108396]: DEBUG oslo_db.sqlalchemy.engines [None req-6f6b7901-6cd8-41e2-8e7d-14683300feaf None None] MySQL server mode set to STRICT_TRANS_TABLES,STRICT_ALL_TABLES,NO_ZERO_IN_DATE,NO_ZERO_DATE,ERROR_FOR_DIVISION_BY_ZERO,TRADITIONAL,NO_ENGINE_SUBSTITUTION {{(pid=108396) _check_effective_sql_mode /opt/stack/data/venv/lib/python3.12/site-packages/oslo_db/sqlalchemy/engines.py:325}}
May 27 01:05:20.769955 np0000176804 devstack@n-api-meta.service[108396]: DEBUG oslo_db.sqlalchemy.engines [None req-6f6b7901-6cd8-41e2-8e7d-14683300feaf None None] MySQL server mode set to STRICT_TRANS_TABLES,STRICT_ALL_TABLES,NO_ZERO_IN_DATE,NO_ZERO_DATE,ERROR_FOR_DIVISION_BY_ZERO,TRADITIONAL,NO_ENGINE_SUBSTITUTION {{(pid=108396) _check_effective_sql_mode /opt/stack/data/venv/lib/python3.12/site-packages/oslo_db/sqlalchemy/engines.py:325}}
May 27 01:05:20.777051 np0000176804 devstack@n-api-meta.service[108398]: DEBUG oslo_db.sqlalchemy.engines [None req-cb159668-a79f-4edb-911a-23e27977705f None None] MySQL server mode set to STRICT_TRANS_TABLES,STRICT_ALL_TABLES,NO_ZERO_IN_DATE,NO_ZERO_DATE,ERROR_FOR_DIVISION_BY_ZERO,TRADITIONAL,NO_ENGINE_SUBSTITUTION {{(pid=108398) _check_effective_sql_mode /opt/stack/data/venv/lib/python3.12/site-packages/oslo_db/sqlalchemy/engines.py:325}}
May 27 01:05:20.799047 np0000176804 devstack@n-api-meta.service[108395]: DEBUG oslo_db.sqlalchemy.engines [None req-1429585a-e590-40f3-998b-f57f856a4828 None None] MySQL server mode set to STRICT_TRANS_TABLES,STRICT_ALL_TABLES,NO_ZERO_IN_DATE,NO_ZERO_DATE,ERROR_FOR_DIVISION_BY_ZERO,TRADITIONAL,NO_ENGINE_SUBSTITUTION {{(pid=108395) _check_effective_sql_mode /opt/stack/data/venv/lib/python3.12/site-packages/oslo_db/sqlalchemy/engines.py:325}}
May 27 01:05:20.802959 np0000176804 devstack@n-api-meta.service[108395]: DEBUG oslo_db.sqlalchemy.engines [None req-1429585a-e590-40f3-998b-f57f856a4828 None None] MySQL server mode set to STRICT_TRANS_TABLES,STRICT_ALL_TABLES,NO_ZERO_IN_DATE,NO_ZERO_DATE,ERROR_FOR_DIVISION_BY_ZERO,TRADITIONAL,NO_ENGINE_SUBSTITUTION {{(pid=108395) _check_effective_sql_mode /opt/stack/data/venv/lib/python3.12/site-packages/oslo_db/sqlalchemy/engines.py:325}}
May 27 01:05:20.812321 np0000176804 devstack@n-api-meta.service[108398]: DEBUG dbcounter [-] [108398] Writer thread running {{(pid=108398) stat_writer /opt/stack/data/venv/lib/python3.12/site-packages/dbcounter.py:102}}
May 27 01:05:20.815256 np0000176804 devstack@n-api-meta.service[108398]: DEBUG nova.context [None req-cb159668-a79f-4edb-911a-23e27977705f None None] Found 2 cells: 00000000-0000-0000-0000-000000000000(cell0),2bdfec5b-5f92-460c-88fb-e040618f85c6(cell1) {{(pid=108398) load_cells /opt/stack/nova/nova/context.py:509}}
May 27 01:05:20.815503 np0000176804 devstack@n-api-meta.service[108398]: INFO nova.utils [None req-cb159668-a79f-4edb-911a-23e27977705f None None] The cell worker thread pool MainProcess.cell_worker is initialized
May 27 01:05:20.817385 np0000176804 devstack@n-api-meta.service[108398]: DEBUG oslo_concurrency.lockutils [None req-cb159668-a79f-4edb-911a-23e27977705f None None] Acquiring lock "00000000-0000-0000-0000-000000000000" by "nova.context.set_target_cell..get_or_set_cached_cell_and_set_connections" {{(pid=108398) inner /opt/stack/data/venv/lib/python3.12/site-packages/oslo_concurrency/lockutils.py:511}}
May 27 01:05:20.817616 np0000176804 devstack@n-api-meta.service[108398]: DEBUG oslo_concurrency.lockutils [None req-cb159668-a79f-4edb-911a-23e27977705f None None] Lock "00000000-0000-0000-0000-000000000000" acquired by "nova.context.set_target_cell..get_or_set_cached_cell_and_set_connections" :: waited 0.000s {{(pid=108398) inner /opt/stack/data/venv/lib/python3.12/site-packages/oslo_concurrency/lockutils.py:524}}
May 27 01:05:20.818142 np0000176804 devstack@n-api-meta.service[108398]: DEBUG oslo_concurrency.lockutils [None req-cb159668-a79f-4edb-911a-23e27977705f None None] Lock "00000000-0000-0000-0000-000000000000" "released" by "nova.context.set_target_cell..get_or_set_cached_cell_and_set_connections" :: held 0.001s {{(pid=108398) inner /opt/stack/data/venv/lib/python3.12/site-packages/oslo_concurrency/lockutils.py:543}}
May 27 01:05:20.819589 np0000176804 devstack@n-api-meta.service[108398]: DEBUG oslo_concurrency.lockutils [None req-cb159668-a79f-4edb-911a-23e27977705f None None] Acquiring lock "2bdfec5b-5f92-460c-88fb-e040618f85c6" by "nova.context.set_target_cell..get_or_set_cached_cell_and_set_connections" {{(pid=108398) inner /opt/stack/data/venv/lib/python3.12/site-packages/oslo_concurrency/lockutils.py:511}}
May 27 01:05:20.819728 np0000176804 devstack@n-api-meta.service[108398]: DEBUG oslo_concurrency.lockutils [None req-cb159668-a79f-4edb-911a-23e27977705f None None] Lock "2bdfec5b-5f92-460c-88fb-e040618f85c6" acquired by "nova.context.set_target_cell..get_or_set_cached_cell_and_set_connections" :: waited 0.000s {{(pid=108398) inner /opt/stack/data/venv/lib/python3.12/site-packages/oslo_concurrency/lockutils.py:524}}
May 27 01:05:20.820001 np0000176804 devstack@n-api-meta.service[108397]: DEBUG dbcounter [-] [108397] Writer thread running {{(pid=108397) stat_writer /opt/stack/data/venv/lib/python3.12/site-packages/dbcounter.py:102}}
May 27 01:05:20.820833 np0000176804 devstack@n-api-meta.service[108398]: DEBUG oslo_concurrency.lockutils [None req-cb159668-a79f-4edb-911a-23e27977705f None None] Lock "2bdfec5b-5f92-460c-88fb-e040618f85c6" "released" by "nova.context.set_target_cell..get_or_set_cached_cell_and_set_connections" :: held 0.001s {{(pid=108398) inner /opt/stack/data/venv/lib/python3.12/site-packages/oslo_concurrency/lockutils.py:543}}
May 27 01:05:20.824031 np0000176804 devstack@n-api-meta.service[108398]: INFO dbcounter [None req-cb159668-a79f-4edb-911a-23e27977705f None None] Registered counter for database nova_cell0
May 27 01:05:20.828654 np0000176804 devstack@n-api-meta.service[108397]: DEBUG dbcounter [-] [108397] Writer thread running {{(pid=108397) stat_writer /opt/stack/data/venv/lib/python3.12/site-packages/dbcounter.py:102}}
May 27 01:05:20.831708 np0000176804 devstack@n-api-meta.service[108397]: INFO dbcounter [None req-9a0d1eb6-8548-4f97-b2c6-0c34f6bc5616 None None] Registered counter for database nova_cell0
May 27 01:05:20.835708 np0000176804 devstack@n-api-meta.service[108398]: INFO dbcounter [None req-cb159668-a79f-4edb-911a-23e27977705f None None] Registered counter for database nova_cell1
May 27 01:05:20.876580 np0000176804 devstack@n-api-meta.service[108396]: DEBUG dbcounter [-] [108396] Writer thread running {{(pid=108396) stat_writer /opt/stack/data/venv/lib/python3.12/site-packages/dbcounter.py:102}}
May 27 01:05:20.878718 np0000176804 devstack@n-api-meta.service[108396]: DEBUG dbcounter [-] [108396] Writer thread running {{(pid=108396) stat_writer /opt/stack/data/venv/lib/python3.12/site-packages/dbcounter.py:102}}
May 27 01:05:20.884602 np0000176804 devstack@n-api-meta.service[108396]: INFO dbcounter [None req-6f6b7901-6cd8-41e2-8e7d-14683300feaf None None] Registered counter for database nova_cell0
May 27 01:05:20.897750 np0000176804 devstack@n-api-meta.service[108397]: DEBUG oslo_db.sqlalchemy.engines [None req-9a0d1eb6-8548-4f97-b2c6-0c34f6bc5616 None None] MySQL server mode set to STRICT_TRANS_TABLES,STRICT_ALL_TABLES,NO_ZERO_IN_DATE,NO_ZERO_DATE,ERROR_FOR_DIVISION_BY_ZERO,TRADITIONAL,NO_ENGINE_SUBSTITUTION {{(pid=108397) _check_effective_sql_mode /opt/stack/data/venv/lib/python3.12/site-packages/oslo_db/sqlalchemy/engines.py:325}}
May 27 01:05:20.899554 np0000176804 devstack@n-api-meta.service[108395]: DEBUG dbcounter [-] [108395] Writer thread running {{(pid=108395) stat_writer /opt/stack/data/venv/lib/python3.12/site-packages/dbcounter.py:102}}
May 27 01:05:20.901895 np0000176804 devstack@n-api-meta.service[108398]: DEBUG oslo_db.sqlalchemy.engines [None req-cb159668-a79f-4edb-911a-23e27977705f None None] MySQL server mode set to STRICT_TRANS_TABLES,STRICT_ALL_TABLES,NO_ZERO_IN_DATE,NO_ZERO_DATE,ERROR_FOR_DIVISION_BY_ZERO,TRADITIONAL,NO_ENGINE_SUBSTITUTION {{(pid=108398) _check_effective_sql_mode /opt/stack/data/venv/lib/python3.12/site-packages/oslo_db/sqlalchemy/engines.py:325}}
May 27 01:05:20.904140 np0000176804 devstack@n-api-meta.service[108397]: DEBUG dbcounter [-] [108397] Writer thread running {{(pid=108397) stat_writer /opt/stack/data/venv/lib/python3.12/site-packages/dbcounter.py:102}}
May 27 01:05:20.906764 np0000176804 devstack@n-api-meta.service[108395]: DEBUG dbcounter [-] [108395] Writer thread running {{(pid=108395) stat_writer /opt/stack/data/venv/lib/python3.12/site-packages/dbcounter.py:102}}
May 27 01:05:20.908043 np0000176804 devstack@n-api-meta.service[108398]: DEBUG oslo_db.sqlalchemy.engines [None req-cb159668-a79f-4edb-911a-23e27977705f None None] MySQL server mode set to STRICT_TRANS_TABLES,STRICT_ALL_TABLES,NO_ZERO_IN_DATE,NO_ZERO_DATE,ERROR_FOR_DIVISION_BY_ZERO,TRADITIONAL,NO_ENGINE_SUBSTITUTION {{(pid=108398) _check_effective_sql_mode /opt/stack/data/venv/lib/python3.12/site-packages/oslo_db/sqlalchemy/engines.py:325}}
May 27 01:05:20.910166 np0000176804 devstack@n-api-meta.service[108395]: INFO dbcounter [None req-1429585a-e590-40f3-998b-f57f856a4828 None None] Registered counter for database nova_cell0
May 27 01:05:20.931645 np0000176804 devstack@n-api-meta.service[108396]: DEBUG oslo_db.sqlalchemy.engines [None req-6f6b7901-6cd8-41e2-8e7d-14683300feaf None None] MySQL server mode set to STRICT_TRANS_TABLES,STRICT_ALL_TABLES,NO_ZERO_IN_DATE,NO_ZERO_DATE,ERROR_FOR_DIVISION_BY_ZERO,TRADITIONAL,NO_ENGINE_SUBSTITUTION {{(pid=108396) _check_effective_sql_mode /opt/stack/data/venv/lib/python3.12/site-packages/oslo_db/sqlalchemy/engines.py:325}}
May 27 01:05:20.939459 np0000176804 devstack@n-api-meta.service[108396]: DEBUG dbcounter [-] [108396] Writer thread running {{(pid=108396) stat_writer /opt/stack/data/venv/lib/python3.12/site-packages/dbcounter.py:102}}
May 27 01:05:20.949185 np0000176804 devstack@n-api-meta.service[108397]: WARNING nova.api.metadata.handler [None req-9a0d1eb6-8548-4f97-b2c6-0c34f6bc5616 None None] metadata_proxy_shared_secret is not configured, the metadata information returned by the proxy cannot be trusted
May 27 01:05:20.951491 np0000176804 devstack@n-api-meta.service[108397]: DEBUG nova.api.openstack.wsgi_app [None req-9a0d1eb6-8548-4f97-b2c6-0c34f6bc5616 None None] ******************************************************************************** {{(pid=108397) log_opt_values /opt/stack/data/venv/lib/python3.12/site-packages/oslo_config/cfg.py:3229}}
May 27 01:05:20.951598 np0000176804 devstack@n-api-meta.service[108397]: DEBUG nova.api.openstack.wsgi_app [None req-9a0d1eb6-8548-4f97-b2c6-0c34f6bc5616 None None] Configuration options gathered from: {{(pid=108397) log_opt_values /opt/stack/data/venv/lib/python3.12/site-packages/oslo_config/cfg.py:3230}}
May 27 01:05:20.951712 np0000176804 devstack@n-api-meta.service[108397]: DEBUG nova.api.openstack.wsgi_app [None req-9a0d1eb6-8548-4f97-b2c6-0c34f6bc5616 None None] command line args: [] {{(pid=108397) log_opt_values /opt/stack/data/venv/lib/python3.12/site-packages/oslo_config/cfg.py:3231}}
May 27 01:05:20.951877 np0000176804 devstack@n-api-meta.service[108397]: DEBUG nova.api.openstack.wsgi_app [None req-9a0d1eb6-8548-4f97-b2c6-0c34f6bc5616 None None] config files: ['/etc/nova/api-paste.ini', '/etc/nova/nova.conf'] {{(pid=108397) log_opt_values /opt/stack/data/venv/lib/python3.12/site-packages/oslo_config/cfg.py:3232}}
May 27 01:05:20.951975 np0000176804 devstack@n-api-meta.service[108397]: DEBUG nova.api.openstack.wsgi_app [None req-9a0d1eb6-8548-4f97-b2c6-0c34f6bc5616 None None] ================================================================================ {{(pid=108397) log_opt_values /opt/stack/data/venv/lib/python3.12/site-packages/oslo_config/cfg.py:3237}}
May 27 01:05:20.952156 np0000176804 devstack@n-api-meta.service[108397]: DEBUG nova.api.openstack.wsgi_app [None req-9a0d1eb6-8548-4f97-b2c6-0c34f6bc5616 None None] allow_resize_to_same_host = True {{(pid=108397) log_opt_values /opt/stack/data/venv/lib/python3.12/site-packages/oslo_config/cfg.py:3245}}
May 27 01:05:20.952286 np0000176804 devstack@n-api-meta.service[108397]: DEBUG nova.api.openstack.wsgi_app [None req-9a0d1eb6-8548-4f97-b2c6-0c34f6bc5616 None None] arq_binding_timeout = 300 {{(pid=108397) log_opt_values /opt/stack/data/venv/lib/python3.12/site-packages/oslo_config/cfg.py:3245}}
May 27 01:05:20.952417 np0000176804 devstack@n-api-meta.service[108397]: DEBUG nova.api.openstack.wsgi_app [None req-9a0d1eb6-8548-4f97-b2c6-0c34f6bc5616 None None] block_device_allocate_retries = 60 {{(pid=108397) log_opt_values /opt/stack/data/venv/lib/python3.12/site-packages/oslo_config/cfg.py:3245}}
May 27 01:05:20.952546 np0000176804 devstack@n-api-meta.service[108397]: DEBUG nova.api.openstack.wsgi_app [None req-9a0d1eb6-8548-4f97-b2c6-0c34f6bc5616 None None] block_device_allocate_retries_interval = 3 {{(pid=108397) log_opt_values /opt/stack/data/venv/lib/python3.12/site-packages/oslo_config/cfg.py:3245}}
May 27 01:05:20.952674 np0000176804 devstack@n-api-meta.service[108397]: DEBUG nova.api.openstack.wsgi_app [None req-9a0d1eb6-8548-4f97-b2c6-0c34f6bc5616 None None] cell_worker_thread_pool_size = 5 {{(pid=108397) log_opt_values /opt/stack/data/venv/lib/python3.12/site-packages/oslo_config/cfg.py:3245}}
May 27 01:05:20.952845 np0000176804 devstack@n-api-meta.service[108397]: DEBUG nova.api.openstack.wsgi_app [None req-9a0d1eb6-8548-4f97-b2c6-0c34f6bc5616 None None] cert = self.pem {{(pid=108397) log_opt_values /opt/stack/data/venv/lib/python3.12/site-packages/oslo_config/cfg.py:3245}}
May 27 01:05:20.952974 np0000176804 devstack@n-api-meta.service[108397]: DEBUG nova.api.openstack.wsgi_app [None req-9a0d1eb6-8548-4f97-b2c6-0c34f6bc5616 None None] compute_driver = libvirt.LibvirtDriver {{(pid=108397) log_opt_values /opt/stack/data/venv/lib/python3.12/site-packages/oslo_config/cfg.py:3245}}
May 27 01:05:20.953106 np0000176804 devstack@n-api-meta.service[108397]: DEBUG nova.api.openstack.wsgi_app [None req-9a0d1eb6-8548-4f97-b2c6-0c34f6bc5616 None None] compute_monitors = [] {{(pid=108397) log_opt_values /opt/stack/data/venv/lib/python3.12/site-packages/oslo_config/cfg.py:3245}}
May 27 01:05:20.953239 np0000176804 devstack@n-api-meta.service[108397]: DEBUG nova.api.openstack.wsgi_app [None req-9a0d1eb6-8548-4f97-b2c6-0c34f6bc5616 None None] config_dir = [] {{(pid=108397) log_opt_values /opt/stack/data/venv/lib/python3.12/site-packages/oslo_config/cfg.py:3245}}
May 27 01:05:20.953374 np0000176804 devstack@n-api-meta.service[108397]: DEBUG nova.api.openstack.wsgi_app [None req-9a0d1eb6-8548-4f97-b2c6-0c34f6bc5616 None None] config_drive_format = iso9660 {{(pid=108397) log_opt_values /opt/stack/data/venv/lib/python3.12/site-packages/oslo_config/cfg.py:3245}}
May 27 01:05:20.953478 np0000176804 devstack@n-api-meta.service[108397]: DEBUG nova.api.openstack.wsgi_app [None req-9a0d1eb6-8548-4f97-b2c6-0c34f6bc5616 None None] config_file = ['/etc/nova/api-paste.ini', '/etc/nova/nova.conf'] {{(pid=108397) log_opt_values /opt/stack/data/venv/lib/python3.12/site-packages/oslo_config/cfg.py:3245}}
May 27 01:05:20.953606 np0000176804 devstack@n-api-meta.service[108397]: DEBUG nova.api.openstack.wsgi_app [None req-9a0d1eb6-8548-4f97-b2c6-0c34f6bc5616 None None] config_source = [] {{(pid=108397) log_opt_values /opt/stack/data/venv/lib/python3.12/site-packages/oslo_config/cfg.py:3245}}
May 27 01:05:20.953740 np0000176804 devstack@n-api-meta.service[108397]: DEBUG nova.api.openstack.wsgi_app [None req-9a0d1eb6-8548-4f97-b2c6-0c34f6bc5616 None None] console_host = np0000176804 {{(pid=108397) log_opt_values /opt/stack/data/venv/lib/python3.12/site-packages/oslo_config/cfg.py:3245}}
May 27 01:05:20.953891 np0000176804 devstack@n-api-meta.service[108397]: DEBUG nova.api.openstack.wsgi_app [None req-9a0d1eb6-8548-4f97-b2c6-0c34f6bc5616 None None] control_exchange = nova {{(pid=108397) log_opt_values /opt/stack/data/venv/lib/python3.12/site-packages/oslo_config/cfg.py:3245}}
May 27 01:05:20.954016 np0000176804 devstack@n-api-meta.service[108397]: DEBUG nova.api.openstack.wsgi_app [None req-9a0d1eb6-8548-4f97-b2c6-0c34f6bc5616 None None] cpu_allocation_ratio = None {{(pid=108397) log_opt_values /opt/stack/data/venv/lib/python3.12/site-packages/oslo_config/cfg.py:3245}}
May 27 01:05:20.954149 np0000176804 devstack@n-api-meta.service[108397]: DEBUG nova.api.openstack.wsgi_app [None req-9a0d1eb6-8548-4f97-b2c6-0c34f6bc5616 None None] daemon = False {{(pid=108397) log_opt_values /opt/stack/data/venv/lib/python3.12/site-packages/oslo_config/cfg.py:3245}}
May 27 01:05:20.954290 np0000176804 devstack@n-api-meta.service[108397]: DEBUG nova.api.openstack.wsgi_app [None req-9a0d1eb6-8548-4f97-b2c6-0c34f6bc5616 None None] debug = True {{(pid=108397) log_opt_values /opt/stack/data/venv/lib/python3.12/site-packages/oslo_config/cfg.py:3245}}
May 27 01:05:20.954341 np0000176804 devstack@n-api-meta.service[108395]: DEBUG oslo_db.sqlalchemy.engines [None req-1429585a-e590-40f3-998b-f57f856a4828 None None] MySQL server mode set to STRICT_TRANS_TABLES,STRICT_ALL_TABLES,NO_ZERO_IN_DATE,NO_ZERO_DATE,ERROR_FOR_DIVISION_BY_ZERO,TRADITIONAL,NO_ENGINE_SUBSTITUTION {{(pid=108395) _check_effective_sql_mode /opt/stack/data/venv/lib/python3.12/site-packages/oslo_db/sqlalchemy/engines.py:325}}
May 27 01:05:20.955129 np0000176804 devstack@n-api-meta.service[108397]: DEBUG nova.api.openstack.wsgi_app [None req-9a0d1eb6-8548-4f97-b2c6-0c34f6bc5616 None None] default_access_ip_network_name = None {{(pid=108397) log_opt_values /opt/stack/data/venv/lib/python3.12/site-packages/oslo_config/cfg.py:3245}}
May 27 01:05:20.955129 np0000176804 devstack@n-api-meta.service[108397]: DEBUG nova.api.openstack.wsgi_app [None req-9a0d1eb6-8548-4f97-b2c6-0c34f6bc5616 None None] default_availability_zone = nova {{(pid=108397) log_opt_values /opt/stack/data/venv/lib/python3.12/site-packages/oslo_config/cfg.py:3245}}
May 27 01:05:20.955129 np0000176804 devstack@n-api-meta.service[108397]: DEBUG nova.api.openstack.wsgi_app [None req-9a0d1eb6-8548-4f97-b2c6-0c34f6bc5616 None None] default_ephemeral_format = ext4 {{(pid=108397) log_opt_values /opt/stack/data/venv/lib/python3.12/site-packages/oslo_config/cfg.py:3245}}
May 27 01:05:20.955129 np0000176804 devstack@n-api-meta.service[108397]: DEBUG nova.api.openstack.wsgi_app [None req-9a0d1eb6-8548-4f97-b2c6-0c34f6bc5616 None None] default_green_pool_size = 1000 {{(pid=108397) log_opt_values /opt/stack/data/venv/lib/python3.12/site-packages/oslo_config/cfg.py:3245}}
May 27 01:05:20.955129 np0000176804 devstack@n-api-meta.service[108397]: DEBUG nova.api.openstack.wsgi_app [None req-9a0d1eb6-8548-4f97-b2c6-0c34f6bc5616 None None] default_log_levels = ['amqp=WARN', 'boto=WARN', 'sqlalchemy=WARN', 'suds=INFO', 'oslo.messaging=INFO', 'oslo_messaging=INFO', 'iso8601=WARN', 'requests.packages.urllib3.connectionpool=WARN', 'urllib3.connectionpool=WARN', 'websocket=WARN', 'requests.packages.urllib3.util.retry=WARN', 'urllib3.util.retry=WARN', 'keystonemiddleware=WARN', 'routes.middleware=WARN', 'stevedore=WARN', 'taskflow=WARN', 'keystoneauth=WARN', 'oslo.cache=INFO', 'oslo_policy=INFO', 'dogpile.core.dogpile=INFO', 'glanceclient=WARN', 'oslo.privsep.daemon=INFO'] {{(pid=108397) log_opt_values /opt/stack/data/venv/lib/python3.12/site-packages/oslo_config/cfg.py:3245}}
May 27 01:05:20.955421 np0000176804 devstack@n-api-meta.service[108397]: DEBUG nova.api.openstack.wsgi_app [None req-9a0d1eb6-8548-4f97-b2c6-0c34f6bc5616 None None] default_schedule_zone = None {{(pid=108397) log_opt_values /opt/stack/data/venv/lib/python3.12/site-packages/oslo_config/cfg.py:3245}}
May 27 01:05:20.955421 np0000176804 devstack@n-api-meta.service[108397]: DEBUG nova.api.openstack.wsgi_app [None req-9a0d1eb6-8548-4f97-b2c6-0c34f6bc5616 None None] default_thread_pool_size = 10 {{(pid=108397) log_opt_values /opt/stack/data/venv/lib/python3.12/site-packages/oslo_config/cfg.py:3245}}
May 27 01:05:20.955421 np0000176804 devstack@n-api-meta.service[108397]: DEBUG nova.api.openstack.wsgi_app [None req-9a0d1eb6-8548-4f97-b2c6-0c34f6bc5616 None None] disk_allocation_ratio = None {{(pid=108397) log_opt_values /opt/stack/data/venv/lib/python3.12/site-packages/oslo_config/cfg.py:3245}}
May 27 01:05:20.955531 np0000176804 devstack@n-api-meta.service[108397]: DEBUG nova.api.openstack.wsgi_app [None req-9a0d1eb6-8548-4f97-b2c6-0c34f6bc5616 None None] enable_new_services = True {{(pid=108397) log_opt_values /opt/stack/data/venv/lib/python3.12/site-packages/oslo_config/cfg.py:3245}}
May 27 01:05:20.955631 np0000176804 devstack@n-api-meta.service[108397]: DEBUG nova.api.openstack.wsgi_app [None req-9a0d1eb6-8548-4f97-b2c6-0c34f6bc5616 None None] flat_injected = False {{(pid=108397) log_opt_values /opt/stack/data/venv/lib/python3.12/site-packages/oslo_config/cfg.py:3245}}
May 27 01:05:20.955756 np0000176804 devstack@n-api-meta.service[108397]: DEBUG nova.api.openstack.wsgi_app [None req-9a0d1eb6-8548-4f97-b2c6-0c34f6bc5616 None None] force_config_drive = False {{(pid=108397) log_opt_values /opt/stack/data/venv/lib/python3.12/site-packages/oslo_config/cfg.py:3245}}
May 27 01:05:20.955899 np0000176804 devstack@n-api-meta.service[108397]: DEBUG nova.api.openstack.wsgi_app [None req-9a0d1eb6-8548-4f97-b2c6-0c34f6bc5616 None None] force_raw_images = True {{(pid=108397) log_opt_values /opt/stack/data/venv/lib/python3.12/site-packages/oslo_config/cfg.py:3245}}
May 27 01:05:20.956034 np0000176804 devstack@n-api-meta.service[108397]: DEBUG nova.api.openstack.wsgi_app [None req-9a0d1eb6-8548-4f97-b2c6-0c34f6bc5616 None None] graceful_shutdown_timeout = 5 {{(pid=108397) log_opt_values /opt/stack/data/venv/lib/python3.12/site-packages/oslo_config/cfg.py:3245}}
May 27 01:05:20.956160 np0000176804 devstack@n-api-meta.service[108397]: DEBUG nova.api.openstack.wsgi_app [None req-9a0d1eb6-8548-4f97-b2c6-0c34f6bc5616 None None] heal_instance_info_cache_interval = -1 {{(pid=108397) log_opt_values /opt/stack/data/venv/lib/python3.12/site-packages/oslo_config/cfg.py:3245}}
May 27 01:05:20.956330 np0000176804 devstack@n-api-meta.service[108397]: DEBUG nova.api.openstack.wsgi_app [None req-9a0d1eb6-8548-4f97-b2c6-0c34f6bc5616 None None] host = np0000176804 {{(pid=108397) log_opt_values /opt/stack/data/venv/lib/python3.12/site-packages/oslo_config/cfg.py:3245}}
May 27 01:05:20.956453 np0000176804 devstack@n-api-meta.service[108397]: DEBUG nova.api.openstack.wsgi_app [None req-9a0d1eb6-8548-4f97-b2c6-0c34f6bc5616 None None] initial_cpu_allocation_ratio = 4.0 {{(pid=108397) log_opt_values /opt/stack/data/venv/lib/python3.12/site-packages/oslo_config/cfg.py:3245}}
May 27 01:05:20.956589 np0000176804 devstack@n-api-meta.service[108397]: DEBUG nova.api.openstack.wsgi_app [None req-9a0d1eb6-8548-4f97-b2c6-0c34f6bc5616 None None] initial_disk_allocation_ratio = 1.0 {{(pid=108397) log_opt_values /opt/stack/data/venv/lib/python3.12/site-packages/oslo_config/cfg.py:3245}}
May 27 01:05:20.956713 np0000176804 devstack@n-api-meta.service[108397]: DEBUG nova.api.openstack.wsgi_app [None req-9a0d1eb6-8548-4f97-b2c6-0c34f6bc5616 None None] initial_ram_allocation_ratio = 1.0 {{(pid=108397) log_opt_values /opt/stack/data/venv/lib/python3.12/site-packages/oslo_config/cfg.py:3245}}
May 27 01:05:20.956905 np0000176804 devstack@n-api-meta.service[108397]: DEBUG nova.api.openstack.wsgi_app [None req-9a0d1eb6-8548-4f97-b2c6-0c34f6bc5616 None None] injected_network_template = /opt/stack/nova/nova/virt/interfaces.template {{(pid=108397) log_opt_values /opt/stack/data/venv/lib/python3.12/site-packages/oslo_config/cfg.py:3245}}
May 27 01:05:20.957033 np0000176804 devstack@n-api-meta.service[108397]: DEBUG nova.api.openstack.wsgi_app [None req-9a0d1eb6-8548-4f97-b2c6-0c34f6bc5616 None None] instance_build_timeout = 0 {{(pid=108397) log_opt_values /opt/stack/data/venv/lib/python3.12/site-packages/oslo_config/cfg.py:3245}}
May 27 01:05:20.957161 np0000176804 devstack@n-api-meta.service[108397]: DEBUG nova.api.openstack.wsgi_app [None req-9a0d1eb6-8548-4f97-b2c6-0c34f6bc5616 None None] instance_delete_interval = 300 {{(pid=108397) log_opt_values /opt/stack/data/venv/lib/python3.12/site-packages/oslo_config/cfg.py:3245}}
May 27 01:05:20.957291 np0000176804 devstack@n-api-meta.service[108397]: DEBUG nova.api.openstack.wsgi_app [None req-9a0d1eb6-8548-4f97-b2c6-0c34f6bc5616 None None] instance_format = [instance: %(uuid)s] {{(pid=108397) log_opt_values /opt/stack/data/venv/lib/python3.12/site-packages/oslo_config/cfg.py:3245}}
May 27 01:05:20.957422 np0000176804 devstack@n-api-meta.service[108397]: DEBUG nova.api.openstack.wsgi_app [None req-9a0d1eb6-8548-4f97-b2c6-0c34f6bc5616 None None] instance_name_template = instance-%08x {{(pid=108397) log_opt_values /opt/stack/data/venv/lib/python3.12/site-packages/oslo_config/cfg.py:3245}}
May 27 01:05:20.957547 np0000176804 devstack@n-api-meta.service[108397]: DEBUG nova.api.openstack.wsgi_app [None req-9a0d1eb6-8548-4f97-b2c6-0c34f6bc5616 None None] instance_usage_audit = False {{(pid=108397) log_opt_values /opt/stack/data/venv/lib/python3.12/site-packages/oslo_config/cfg.py:3245}}
May 27 01:05:20.957684 np0000176804 devstack@n-api-meta.service[108397]: DEBUG nova.api.openstack.wsgi_app [None req-9a0d1eb6-8548-4f97-b2c6-0c34f6bc5616 None None] instance_usage_audit_period = month {{(pid=108397) log_opt_values /opt/stack/data/venv/lib/python3.12/site-packages/oslo_config/cfg.py:3245}}
May 27 01:05:20.957843 np0000176804 devstack@n-api-meta.service[108397]: DEBUG nova.api.openstack.wsgi_app [None req-9a0d1eb6-8548-4f97-b2c6-0c34f6bc5616 None None] instance_uuid_format = [instance: %(uuid)s] {{(pid=108397) log_opt_values /opt/stack/data/venv/lib/python3.12/site-packages/oslo_config/cfg.py:3245}}
May 27 01:05:20.957979 np0000176804 devstack@n-api-meta.service[108397]: DEBUG nova.api.openstack.wsgi_app [None req-9a0d1eb6-8548-4f97-b2c6-0c34f6bc5616 None None] instances_path = /opt/stack/data/nova/instances {{(pid=108397) log_opt_values /opt/stack/data/venv/lib/python3.12/site-packages/oslo_config/cfg.py:3245}}
May 27 01:05:20.958110 np0000176804 devstack@n-api-meta.service[108397]: DEBUG nova.api.openstack.wsgi_app [None req-9a0d1eb6-8548-4f97-b2c6-0c34f6bc5616 None None] internal_service_availability_zone = internal {{(pid=108397) log_opt_values /opt/stack/data/venv/lib/python3.12/site-packages/oslo_config/cfg.py:3245}}
May 27 01:05:20.958234 np0000176804 devstack@n-api-meta.service[108397]: DEBUG nova.api.openstack.wsgi_app [None req-9a0d1eb6-8548-4f97-b2c6-0c34f6bc5616 None None] key = None {{(pid=108397) log_opt_values /opt/stack/data/venv/lib/python3.12/site-packages/oslo_config/cfg.py:3245}}
May 27 01:05:20.958358 np0000176804 devstack@n-api-meta.service[108397]: DEBUG nova.api.openstack.wsgi_app [None req-9a0d1eb6-8548-4f97-b2c6-0c34f6bc5616 None None] live_migration_retry_count = 30 {{(pid=108397) log_opt_values /opt/stack/data/venv/lib/python3.12/site-packages/oslo_config/cfg.py:3245}}
May 27 01:05:20.958519 np0000176804 devstack@n-api-meta.service[108397]: DEBUG nova.api.openstack.wsgi_app [None req-9a0d1eb6-8548-4f97-b2c6-0c34f6bc5616 None None] log_color = False {{(pid=108397) log_opt_values /opt/stack/data/venv/lib/python3.12/site-packages/oslo_config/cfg.py:3245}}
May 27 01:05:20.958651 np0000176804 devstack@n-api-meta.service[108397]: DEBUG nova.api.openstack.wsgi_app [None req-9a0d1eb6-8548-4f97-b2c6-0c34f6bc5616 None None] log_config_append = None {{(pid=108397) log_opt_values /opt/stack/data/venv/lib/python3.12/site-packages/oslo_config/cfg.py:3245}}
May 27 01:05:20.958804 np0000176804 devstack@n-api-meta.service[108397]: DEBUG nova.api.openstack.wsgi_app [None req-9a0d1eb6-8548-4f97-b2c6-0c34f6bc5616 None None] log_date_format = %Y-%m-%d %H:%M:%S {{(pid=108397) log_opt_values /opt/stack/data/venv/lib/python3.12/site-packages/oslo_config/cfg.py:3245}}
May 27 01:05:20.958934 np0000176804 devstack@n-api-meta.service[108397]: DEBUG nova.api.openstack.wsgi_app [None req-9a0d1eb6-8548-4f97-b2c6-0c34f6bc5616 None None] log_dir = None {{(pid=108397) log_opt_values /opt/stack/data/venv/lib/python3.12/site-packages/oslo_config/cfg.py:3245}}
May 27 01:05:20.959058 np0000176804 devstack@n-api-meta.service[108397]: DEBUG nova.api.openstack.wsgi_app [None req-9a0d1eb6-8548-4f97-b2c6-0c34f6bc5616 None None] log_file = None {{(pid=108397) log_opt_values /opt/stack/data/venv/lib/python3.12/site-packages/oslo_config/cfg.py:3245}}
May 27 01:05:20.959160 np0000176804 devstack@n-api-meta.service[108397]: DEBUG nova.api.openstack.wsgi_app [None req-9a0d1eb6-8548-4f97-b2c6-0c34f6bc5616 None None] log_options = True {{(pid=108397) log_opt_values /opt/stack/data/venv/lib/python3.12/site-packages/oslo_config/cfg.py:3245}}
May 27 01:05:20.959286 np0000176804 devstack@n-api-meta.service[108397]: DEBUG nova.api.openstack.wsgi_app [None req-9a0d1eb6-8548-4f97-b2c6-0c34f6bc5616 None None] log_rotate_interval = 1 {{(pid=108397) log_opt_values /opt/stack/data/venv/lib/python3.12/site-packages/oslo_config/cfg.py:3245}}
May 27 01:05:20.959418 np0000176804 devstack@n-api-meta.service[108397]: DEBUG nova.api.openstack.wsgi_app [None req-9a0d1eb6-8548-4f97-b2c6-0c34f6bc5616 None None] log_rotate_interval_type = days {{(pid=108397) log_opt_values /opt/stack/data/venv/lib/python3.12/site-packages/oslo_config/cfg.py:3245}}
May 27 01:05:20.959550 np0000176804 devstack@n-api-meta.service[108397]: DEBUG nova.api.openstack.wsgi_app [None req-9a0d1eb6-8548-4f97-b2c6-0c34f6bc5616 None None] log_rotation_type = none {{(pid=108397) log_opt_values /opt/stack/data/venv/lib/python3.12/site-packages/oslo_config/cfg.py:3245}}
May 27 01:05:20.959650 np0000176804 devstack@n-api-meta.service[108397]: DEBUG nova.api.openstack.wsgi_app [None req-9a0d1eb6-8548-4f97-b2c6-0c34f6bc5616 None None] logging_context_format_string = %(color)s%(levelname)s %(name)s [%(global_request_id)s %(request_id)s %(project_name)s %(user_name)s%(color)s] %(instance)s%(color)s%(message)s {{(pid=108397) log_opt_values /opt/stack/data/venv/lib/python3.12/site-packages/oslo_config/cfg.py:3245}}
May 27 01:05:20.959750 np0000176804 devstack@n-api-meta.service[108397]: DEBUG nova.api.openstack.wsgi_app [None req-9a0d1eb6-8548-4f97-b2c6-0c34f6bc5616 None None] logging_debug_format_suffix = {{(pid=%(process)d) %(funcName)s %(pathname)s:%(lineno)d}} {{(pid=108397) log_opt_values /opt/stack/data/venv/lib/python3.12/site-packages/oslo_config/cfg.py:3245}}
May 27 01:05:20.959899 np0000176804 devstack@n-api-meta.service[108397]: DEBUG nova.api.openstack.wsgi_app [None req-9a0d1eb6-8548-4f97-b2c6-0c34f6bc5616 None None] logging_default_format_string = %(color)s%(levelname)s %(name)s [-%(color)s] %(instance)s%(color)s%(message)s {{(pid=108397) log_opt_values /opt/stack/data/venv/lib/python3.12/site-packages/oslo_config/cfg.py:3245}}
May 27 01:05:20.960029 np0000176804 devstack@n-api-meta.service[108397]: DEBUG nova.api.openstack.wsgi_app [None req-9a0d1eb6-8548-4f97-b2c6-0c34f6bc5616 None None] logging_exception_prefix = ERROR %(name)s %(instance)s {{(pid=108397) log_opt_values /opt/stack/data/venv/lib/python3.12/site-packages/oslo_config/cfg.py:3245}}
May 27 01:05:20.960131 np0000176804 devstack@n-api-meta.service[108397]: DEBUG nova.api.openstack.wsgi_app [None req-9a0d1eb6-8548-4f97-b2c6-0c34f6bc5616 None None] logging_user_identity_format = %(user)s %(project)s %(domain)s %(system_scope)s %(user_domain)s %(project_domain)s {{(pid=108397) log_opt_values /opt/stack/data/venv/lib/python3.12/site-packages/oslo_config/cfg.py:3245}}
