+ exec neutron-ovn-metadata-agent --config-file /etc/neutron/neutron.conf --config-file /etc/neutron/ovn_metadata_agent.ini --config-file /tmp/pod-shared/neutron-agent.ini --config-file /tmp/pod-shared/ovn.ini /var/lib/openstack/lib/python3.10/site-packages/neutron/common/utils.py:55: UserWarning: pkg_resources is deprecated as an API. See https://setuptools.pypa.io/en/latest/pkg_resources.html. The pkg_resources package is slated for removal as early as 2025-11-30. Refrain from using this package or pin to Setuptools<81. import pkg_resources
2026-05-27 01:16:55.960 49 INFO neutron.common.config [-] Logging enabled!
2026-05-27 01:16:55.961 49 INFO neutron.common.config [-] /var/lib/openstack/bin/neutron-ovn-metadata-agent version 24.2.2.dev7
2026-05-27 01:16:55.993 49 INFO ovsdbapp.backend.ovs_idl.vlog [-] unix:/run/openvswitch/db.sock: connecting...
2026-05-27 01:16:55.994 49 INFO ovsdbapp.backend.ovs_idl.vlog [-] unix:/run/openvswitch/db.sock: connected
2026-05-27 01:16:56.068 49 INFO neutron.agent.ovn.metadata.ovsdb [-] Getting OvsdbSbOvnIdl for MetadataAgent with retry
2026-05-27 01:16:56.068 49 INFO ovsdbapp.backend.ovs_idl.vlog [-] tcp:10.96.104.200:6642: connecting...
2026-05-27 01:16:56.069 49 INFO ovsdbapp.backend.ovs_idl.vlog [-] tcp:10.96.104.200:6642: connected
2026-05-27 01:16:56.099 49 INFO oslo_service.service [-] Starting 2 workers
2026-05-27 01:16:56.104 49 INFO oslo.privsep.daemon [-] Running privsep helper: ['sudo', '/var/lib/openstack/bin/neutron-rootwrap', '/etc/neutron/rootwrap.conf', 'privsep-helper', '--config-file', '/etc/neutron/neutron.conf', '--config-file', '/etc/neutron/ovn_metadata_agent.ini', '--config-file', '/tmp/pod-shared/neutron-agent.ini', '--config-file', '/tmp/pod-shared/ovn.ini', '--privsep_context', 'neutron.privileged.namespace_cmd', '--privsep_sock_path', '/tmp/tmp2m2_x2ev/privsep.sock']
2026-05-27 01:16:56.151 57 INFO neutron.agent.ovn.metadata.ovsdb [-] Getting OvsdbSbOvnIdl for MetadataAgent with retry
2026-05-27 01:16:56.151 58 INFO neutron.agent.ovn.metadata.ovsdb [-] Getting OvsdbSbOvnIdl for MetadataAgent with retry
2026-05-27 01:16:56.152 58 INFO ovsdbapp.backend.ovs_idl.vlog [-] tcp:10.96.104.200:6642: connecting...
2026-05-27 01:16:56.152 57 INFO ovsdbapp.backend.ovs_idl.vlog [-] tcp:10.96.104.200:6642: connecting...
2026-05-27 01:16:56.154 58 INFO ovsdbapp.backend.ovs_idl.vlog [-] tcp:10.96.104.200:6642: connected
2026-05-27 01:16:56.155 57 INFO ovsdbapp.backend.ovs_idl.vlog [-] tcp:10.96.104.200:6642: connected
2026-05-27 01:16:56.190 57 INFO eventlet.wsgi.server [-] (57) wsgi starting up on http:/var/lib/neutron/openstack-helm/metadata_proxy
2026-05-27 01:16:56.190 58 INFO eventlet.wsgi.server [-] (58) wsgi starting up on http:/var/lib/neutron/openstack-helm/metadata_proxy
2026-05-27 01:16:57.162 49 INFO oslo.privsep.daemon [-] Spawned new privsep daemon via rootwrap
2026-05-27 01:16:57.070 62 INFO oslo.privsep.daemon [-] privsep daemon starting
2026-05-27 01:16:57.077 62 INFO oslo.privsep.daemon [-] privsep process running with uid/gid: 0/0
2026-05-27 01:16:57.080 62 INFO oslo.privsep.daemon [-] privsep process running with capabilities (eff/prm/inh): CAP_SYS_ADMIN/CAP_SYS_ADMIN/none
2026-05-27 01:16:57.080 62 INFO oslo.privsep.daemon [-] privsep daemon running as pid 62
2026-05-27 01:16:58.873 49 WARNING oslo.privsep.daemon [-] privsep log: /var/lib/openstack/lib/python3.10/site-packages/neutron/common/utils.py:55: UserWarning: pkg_resources is deprecated as an API. See https://setuptools.pypa.io/en/latest/pkg_resources.html. The pkg_resources package is slated for removal as early as 2025-11-30. Refrain from using this package or pin to Setuptools<81.
2026-05-27 01:16:58.874 49 WARNING oslo.privsep.daemon [-] privsep log: import pkg_resources
2026-05-27 01:18:09.774 58 ERROR neutron.agent.ovn.metadata.server [-] No port found in network None with IP address 169.254.169.254
2026-05-27 01:18:09.776 58 INFO eventlet.wsgi.server [-] 169.254.169.254, "GET / HTTP/1.1" status: 404 len: 176 time: 0.0022326
2026-05-27 01:20:17.204 57 ERROR neutron.agent.ovn.metadata.server [-] No port found in network None with IP address 169.254.169.254
2026-05-27 01:20:17.205 57 INFO eventlet.wsgi.server [-] 169.254.169.254, "GET / HTTP/1.1" status: 404 len: 176 time: 0.0032351
2026-05-27 01:23:27.257 57 ERROR neutron.agent.ovn.metadata.server [-] No port found in network None with IP address 169.254.169.254
2026-05-27 01:23:27.258 57 INFO eventlet.wsgi.server [-] 169.254.169.254, "GET / HTTP/1.1" status: 404 len: 176 time: 0.0012839
2026-05-27 01:23:57.209 58 ERROR neutron.agent.ovn.metadata.server [-] No port found in network None with IP address 169.254.169.254
2026-05-27 01:23:57.210 58 INFO eventlet.wsgi.server [-] 169.254.169.254, "GET / HTTP/1.1" status: 404 len: 176 time: 0.0029566
2026-05-27 01:24:29.589 49 INFO neutron.agent.ovn.metadata.agent [-] Port 1e9bfa38-f125-457c-b78c-8027d87b9e68 in datapath 3bce36cd-f99d-4edd-be8c-7a294b65a3fa bound to our chassis
2026-05-27 01:24:29.591 49 INFO neutron.agent.ovn.metadata.agent [-] Provisioning metadata for network 3bce36cd-f99d-4edd-be8c-7a294b65a3fa
2026-05-27 01:24:29.592 49 INFO oslo.privsep.daemon [-] Running privsep helper: ['sudo', '/var/lib/openstack/bin/neutron-rootwrap', '/etc/neutron/rootwrap.conf', 'privsep-helper', '--config-file', '/etc/neutron/neutron.conf', '--config-file', '/etc/neutron/ovn_metadata_agent.ini', '--config-file', '/tmp/pod-shared/neutron-agent.ini', '--config-file', '/tmp/pod-shared/ovn.ini', '--privsep_context', 'neutron.privileged.default', '--privsep_sock_path', '/tmp/tmp6hcv_4h6/privsep.sock']
2026-05-27 01:24:30.183 49 INFO oslo.privsep.daemon [-] Spawned new privsep daemon via rootwrap
2026-05-27 01:24:30.069 93 INFO oslo.privsep.daemon [-] privsep daemon starting
2026-05-27 01:24:30.075 93 INFO oslo.privsep.daemon [-] privsep process running with uid/gid: 0/0
2026-05-27 01:24:30.077 93 INFO oslo.privsep.daemon [-] privsep process running with capabilities (eff/prm/inh): CAP_DAC_OVERRIDE|CAP_DAC_READ_SEARCH|CAP_NET_ADMIN|CAP_SYS_ADMIN|CAP_SYS_PTRACE/CAP_DAC_OVERRIDE|CAP_DAC_READ_SEARCH|CAP_NET_ADMIN|CAP_SYS_ADMIN|CAP_SYS_PTRACE/none
2026-05-27 01:24:30.078 93 INFO oslo.privsep.daemon [-] privsep daemon running as pid 93
2026-05-27 01:24:30.825 49 WARNING oslo.privsep.daemon [-] privsep log: /var/lib/openstack/lib/python3.10/site-packages/neutron/common/utils.py:55: UserWarning: pkg_resources is deprecated as an API. See https://setuptools.pypa.io/en/latest/pkg_resources.html. The pkg_resources package is slated for removal as early as 2025-11-30. Refrain from using this package or pin to Setuptools<81.
2026-05-27 01:24:30.825 49 WARNING oslo.privsep.daemon [-] privsep log: import pkg_resources
2026-05-27 01:24:31.116 49 INFO oslo.privsep.daemon [-] Running privsep helper: ['sudo', '/var/lib/openstack/bin/neutron-rootwrap', '/etc/neutron/rootwrap.conf', 'privsep-helper', '--config-file', '/etc/neutron/neutron.conf', '--config-file', '/etc/neutron/ovn_metadata_agent.ini', '--config-file', '/tmp/pod-shared/neutron-agent.ini', '--config-file', '/tmp/pod-shared/ovn.ini', '--privsep_context', 'neutron.privileged.link_cmd', '--privsep_sock_path', '/tmp/tmp9k4dt5cm/privsep.sock']
2026-05-27 01:24:31.703 49 INFO oslo.privsep.daemon [-] Spawned new privsep daemon via rootwrap
2026-05-27 01:24:31.597 105 INFO oslo.privsep.daemon [-] privsep daemon starting
2026-05-27 01:24:31.603 105 INFO oslo.privsep.daemon [-] privsep process running with uid/gid: 0/0
2026-05-27 01:24:31.606 105 INFO oslo.privsep.daemon [-] privsep process running with capabilities (eff/prm/inh): CAP_NET_ADMIN|CAP_SYS_ADMIN/CAP_NET_ADMIN|CAP_SYS_ADMIN/none
2026-05-27 01:24:31.606 105 INFO oslo.privsep.daemon [-] privsep daemon running as pid 105
2026-05-27 01:24:32.256 49 WARNING oslo.privsep.daemon [-] privsep log: /var/lib/openstack/lib/python3.10/site-packages/neutron/common/utils.py:55: UserWarning: pkg_resources is deprecated as an API. See https://setuptools.pypa.io/en/latest/pkg_resources.html. The pkg_resources package is slated for removal as early as 2025-11-30. Refrain from using this package or pin to Setuptools<81.
2026-05-27 01:24:32.257 49 WARNING oslo.privsep.daemon [-] privsep log: import pkg_resources
2026-05-27 01:24:32.967 49 INFO oslo_rootwrap.client [-] Spawned new rootwrap daemon process with pid=127
2026-05-27 01:26:37.227 57 ERROR neutron.agent.ovn.metadata.server [-] No port found in network None with IP address 169.254.169.254
2026-05-27 01:26:37.228 57 INFO eventlet.wsgi.server [-] 169.254.169.254, "GET / HTTP/1.1" status: 404 len: 176 time: 0.0014746
2026-05-27 01:29:47.401 57 ERROR neutron.agent.ovn.metadata.server [-] No port found in network None with IP address 169.254.169.254
2026-05-27 01:29:47.403 57 INFO eventlet.wsgi.server [-] 169.254.169.254, "GET / HTTP/1.1" status: 404 len: 176 time: 0.0019536
2026-05-27 01:32:51.222 49 INFO neutron.agent.ovn.metadata.agent [-] Port 6668adeb-d0c3-44a8-9c49-4ed03ba823cb in datapath d7548e86-6b17-4af4-812b-f60244ac7903 bound to our chassis
2026-05-27 01:32:57.188 58 ERROR neutron.agent.ovn.metadata.server [-] No port found in network None with IP address 169.254.169.254
2026-05-27 01:32:57.189 58 INFO eventlet.wsgi.server [-] 169.254.169.254, "GET / HTTP/1.1" status: 404 len: 176 time: 0.0013590
2026-05-27 01:33:57.208 57 ERROR neutron.agent.ovn.metadata.server [-] No port found in network None with IP address 169.254.169.254
2026-05-27 01:33:57.209 57 INFO eventlet.wsgi.server [-] 169.254.169.254, "GET / HTTP/1.1" status: 404 len: 176 time: 0.0017161
2026-05-27 01:34:34.011 49 INFO oslo_rootwrap.client [-] Rootwrap daemon process exit with status: 0
2026-05-27 01:36:07.177 57 ERROR neutron.agent.ovn.metadata.server [-] No port found in network None with IP address 169.254.169.254
2026-05-27 01:36:07.178 57 INFO eventlet.wsgi.server [-] 169.254.169.254, "GET / HTTP/1.1" status: 404 len: 176 time: 0.0015886
2026-05-27 01:39:17.252 58 ERROR neutron.agent.ovn.metadata.server [-] No port found in network None with IP address 169.254.169.254
2026-05-27 01:39:17.252 58 INFO eventlet.wsgi.server [-] 169.254.169.254, "GET / HTTP/1.1" status: 404 len: 176 time: 0.0008354
2026-05-27 01:42:27.204 57 ERROR neutron.agent.ovn.metadata.server [-] No port found in network None with IP address 169.254.169.254
2026-05-27 01:42:27.205 57 INFO eventlet.wsgi.server [-] 169.254.169.254, "GET / HTTP/1.1" status: 404 len: 176 time: 0.0009367
2026-05-27 01:43:57.210 57 ERROR neutron.agent.ovn.metadata.server [-] No port found in network None with IP address 169.254.169.254
2026-05-27 01:43:57.211 57 INFO eventlet.wsgi.server [-] 169.254.169.254, "GET / HTTP/1.1" status: 404 len: 176 time: 0.0012195
2026-05-27 01:45:37.218 57 ERROR neutron.agent.ovn.metadata.server [-] No port found in network None with IP address 169.254.169.254
2026-05-27 01:45:37.219 57 INFO eventlet.wsgi.server [-] 169.254.169.254, "GET / HTTP/1.1" status: 404 len: 176 time: 0.0014484
2026-05-27 01:48:47.217 57 ERROR neutron.agent.ovn.metadata.server [-] No port found in network None with IP address 169.254.169.254
2026-05-27 01:48:47.221 57 INFO eventlet.wsgi.server [-] 169.254.169.254, "GET / HTTP/1.1" status: 404 len: 176 time: 0.0058947
2026-05-27 01:48:59.620 49 INFO neutron.agent.ovn.metadata.agent [-] Port 7e3ce974-8950-42ac-93c4-ca2fcffa7eaa in datapath 62b1cfaf-f9e7-4f7e-8cb6-ead97df44822 bound to our chassis
2026-05-27 01:48:59.622 49 INFO neutron.agent.ovn.metadata.agent [-] Provisioning metadata for network 62b1cfaf-f9e7-4f7e-8cb6-ead97df44822
2026-05-27 01:49:00.034 49 WARNING oslo_rootwrap.client [-] Leaving behind already spawned process with pid 127, root should kill it if it's still there (I can't)
2026-05-27 01:49:00.245 49 INFO oslo_rootwrap.client [-] Spawned new rootwrap daemon process with pid=236
2026-05-27 01:49:02.547 49 INFO neutron.agent.ovn.metadata.agent [-] Port e4da742a-747a-4d1c-be39-6333f03c5fac in datapath 64fc43bd-6ffd-45f6-bd00-485d3509d417 bound to our chassis
2026-05-27 01:49:02.549 49 INFO neutron.agent.ovn.metadata.agent [-] Provisioning metadata for network 64fc43bd-6ffd-45f6-bd00-485d3509d417
2026-05-27 01:49:02.971 49 INFO neutron.agent.ovn.metadata.agent [-] Port 7e3ce974-8950-42ac-93c4-ca2fcffa7eaa in datapath 62b1cfaf-f9e7-4f7e-8cb6-ead97df44822 unbound from our chassis
2026-05-27 01:49:02.978 49 INFO neutron.agent.ovn.metadata.agent [-] Cleaning up ovnmeta-62b1cfaf-f9e7-4f7e-8cb6-ead97df44822 namespace which is not needed anymore
2026-05-27 01:49:17.564 57 INFO eventlet.wsgi.server [-] 10.100.0.13, "GET /2009-04-04/meta-data/instance-id HTTP/1.1" status: 200 len: 146 time: 1.4554038
2026-05-27 01:49:17.607 58 INFO eventlet.wsgi.server [-] 10.100.0.13, "GET /2009-04-04/meta-data/public-keys HTTP/1.1" status: 200 len: 163 time: 0.0342352
2026-05-27 01:49:17.623 58 INFO eventlet.wsgi.server [-] 10.100.0.13, "GET /2009-04-04/meta-data/public-keys/0/openssh-key HTTP/1.1" status: 200 len: 341 time: 0.0098665
2026-05-27 01:49:17.639 57 INFO eventlet.wsgi.server [-] 10.100.0.13, "GET /2009-04-04/meta-data/instance-id HTTP/1.1" status: 200 len: 146 time: 0.0098228
2026-05-27 01:49:17.651 57 INFO eventlet.wsgi.server [-] 10.100.0.13, "GET /2009-04-04/meta-data/ami-launch-index HTTP/1.1" status: 200 len: 136 time: 0.0068738
2026-05-27 01:49:17.663 57 INFO eventlet.wsgi.server [-] 10.100.0.13, "GET /2009-04-04/meta-data/instance-type HTTP/1.1" status: 200 len: 142 time: 0.0073686
2026-05-27 01:49:17.677 58 INFO eventlet.wsgi.server [-] 10.100.0.13, "GET /2009-04-04/meta-data/local-ipv4 HTTP/1.1" status: 200 len: 147 time: 0.0075924
2026-05-27 01:49:17.693 58 INFO eventlet.wsgi.server [-] 10.100.0.13, "GET /2009-04-04/meta-data/public-ipv4 HTTP/1.1" status: 200 len: 149 time: 0.0109758
2026-05-27 01:49:17.710 57 INFO eventlet.wsgi.server [-] 10.100.0.13, "GET /2009-04-04/meta-data/hostname HTTP/1.1" status: 200 len: 200 time: 0.0103474
2026-05-27 01:49:17.726 57 INFO eventlet.wsgi.server [-] 10.100.0.13, "GET /2009-04-04/meta-data/local-hostname HTTP/1.1" status: 200 len: 200 time: 0.0088682
2026-05-27 01:49:17.773 57 INFO eventlet.wsgi.server [-] 10.100.0.13, "GET /2009-04-04/user-data HTTP/1.1" status: 200 len: 231 time: 0.0123186
2026-05-27 01:49:17.792 57 INFO eventlet.wsgi.server [-] 10.100.0.13, "GET /2009-04-04/meta-data/block-device-mapping HTTP/1.1" status: 200 len: 143 time: 0.0105381
2026-05-27 01:49:17.810 57 INFO eventlet.wsgi.server [-] 10.100.0.13, "GET /2009-04-04/meta-data/block-device-mapping/ami HTTP/1.1" status: 200 len: 138 time: 0.0109282
2026-05-27 01:49:17.829 57 INFO eventlet.wsgi.server [-] 10.100.0.13, "GET /2009-04-04/meta-data/block-device-mapping/root HTTP/1.1" status: 200 len: 143 time: 0.0116668
2026-05-27 01:49:17.844 57 INFO eventlet.wsgi.server [-] 10.100.0.13, "GET /2009-04-04/meta-data/public-hostname HTTP/1.1" status: 200 len: 200 time: 0.0074375
2026-05-27 01:49:17.865 57 INFO eventlet.wsgi.server [-] 10.100.0.13, "GET /2009-04-04/meta-data/placement/availability-zone HTTP/1.1" status: 200 len: 139 time: 0.0116587
2026-05-27 01:49:18.764 49 INFO neutron.agent.ovn.metadata.agent [-] Port e4115399-f994-4562-a554-ca391f3fc473 in datapath 5761886d-d13a-4ea9-85ce-42be12747774 bound to our chassis
2026-05-27 01:49:18.768 49 INFO neutron.agent.ovn.metadata.agent [-] Provisioning metadata for network 5761886d-d13a-4ea9-85ce-42be12747774
2026-05-27 01:49:25.377 49 INFO neutron.agent.ovn.metadata.agent [-] Port 89a230dc-a550-4c4f-952a-f4c301c6018f in datapath 305cd94e-c009-4ca7-a08b-e7cabdf69c44 bound to our chassis
2026-05-27 01:49:25.380 49 INFO neutron.agent.ovn.metadata.agent [-] Provisioning metadata for network 305cd94e-c009-4ca7-a08b-e7cabdf69c44
2026-05-27 01:49:27.376 49 INFO neutron.agent.ovn.metadata.agent [-] Port e4da742a-747a-4d1c-be39-6333f03c5fac in datapath 64fc43bd-6ffd-45f6-bd00-485d3509d417 unbound from our chassis
2026-05-27 01:49:27.379 49 INFO neutron.agent.ovn.metadata.agent [-] Cleaning up ovnmeta-64fc43bd-6ffd-45f6-bd00-485d3509d417 namespace which is not needed anymore
2026-05-27 01:49:29.841 49 INFO neutron.agent.ovn.metadata.agent [-] Port 89a230dc-a550-4c4f-952a-f4c301c6018f in datapath 305cd94e-c009-4ca7-a08b-e7cabdf69c44 unbound from our chassis
2026-05-27 01:49:29.847 49 INFO neutron.agent.ovn.metadata.agent [-] Cleaning up ovnmeta-305cd94e-c009-4ca7-a08b-e7cabdf69c44 namespace which is not needed anymore
2026-05-27 01:49:30.164 49 INFO neutron.agent.ovn.metadata.agent [-] Port e4115399-f994-4562-a554-ca391f3fc473 in datapath 5761886d-d13a-4ea9-85ce-42be12747774 unbound from our chassis
2026-05-27 01:49:30.169 49 INFO neutron.agent.ovn.metadata.agent [-] Cleaning up ovnmeta-5761886d-d13a-4ea9-85ce-42be12747774 namespace which is not needed anymore
2026-05-27 01:49:54.165 49 INFO neutron.agent.ovn.metadata.agent [-] Port 0ca8d148-6aae-4dce-920d-7b853d9df2c3 in datapath 67e5b789-6d45-457b-b259-764fd07c8021 bound to our chassis
2026-05-27 01:49:54.167 49 INFO neutron.agent.ovn.metadata.agent [-] Provisioning metadata for network 67e5b789-6d45-457b-b259-764fd07c8021
2026-05-27 01:49:59.160 49 INFO neutron.agent.ovn.metadata.agent [-] Port 0ca8d148-6aae-4dce-920d-7b853d9df2c3 in datapath 67e5b789-6d45-457b-b259-764fd07c8021 unbound from our chassis
2026-05-27 01:49:59.163 49 INFO neutron.agent.ovn.metadata.agent [-] Cleaning up ovnmeta-67e5b789-6d45-457b-b259-764fd07c8021 namespace which is not needed anymore
2026-05-27 01:50:20.950 49 INFO neutron.agent.ovn.metadata.agent [-] Port 3089151b-fe96-443f-b4cb-636251e1cf83 in datapath 28cf28bc-3849-4da1-b8e4-af1bb02ce0ea bound to our chassis
2026-05-27 01:50:20.952 49 INFO neutron.agent.ovn.metadata.agent [-] Provisioning metadata for network 28cf28bc-3849-4da1-b8e4-af1bb02ce0ea
2026-05-27 01:50:34.362 57 INFO eventlet.wsgi.server [-] 10.100.0.10, "GET /2009-04-04/meta-data/instance-id HTTP/1.1" status: 200 len: 146 time: 0.2273881
2026-05-27 01:50:34.387 57 INFO eventlet.wsgi.server [-] 10.100.0.10, "GET /2009-04-04/meta-data/public-keys HTTP/1.1" status: 200 len: 163 time: 0.0145555
2026-05-27 01:50:34.400 57 INFO eventlet.wsgi.server [-] 10.100.0.10, "GET /2009-04-04/meta-data/public-keys/0/openssh-key HTTP/1.1" status: 200 len: 341 time: 0.0072474
2026-05-27 01:50:34.417 57 INFO eventlet.wsgi.server [-] 10.100.0.10, "GET /2009-04-04/meta-data/instance-id HTTP/1.1" status: 200 len: 146 time: 0.0103836
2026-05-27 01:50:34.431 57 INFO eventlet.wsgi.server [-] 10.100.0.10, "GET /2009-04-04/meta-data/ami-launch-index HTTP/1.1" status: 200 len: 136 time: 0.0085175
2026-05-27 01:50:34.455 58 INFO eventlet.wsgi.server [-] 10.100.0.10, "GET /2009-04-04/meta-data/instance-type HTTP/1.1" status: 200 len: 142 time: 0.0182128
2026-05-27 01:50:34.470 58 INFO eventlet.wsgi.server [-] 10.100.0.10, "GET /2009-04-04/meta-data/local-ipv4 HTTP/1.1" status: 200 len: 147 time: 0.0091991
2026-05-27 01:50:34.487 58 INFO eventlet.wsgi.server [-] 10.100.0.10, "GET /2009-04-04/meta-data/public-ipv4 HTTP/1.1" status: 200 len: 149 time: 0.0085251
2026-05-27 01:50:34.509 58 INFO eventlet.wsgi.server [-] 10.100.0.10, "GET /2009-04-04/meta-data/hostname HTTP/1.1" status: 200 len: 192 time: 0.0127690
2026-05-27 01:50:34.524 58 INFO eventlet.wsgi.server [-] 10.100.0.10, "GET /2009-04-04/meta-data/local-hostname HTTP/1.1" status: 200 len: 192 time: 0.0081277
2026-05-27 01:50:34.537 58 INFO eventlet.wsgi.server [-] 10.100.0.10, "GET /2009-04-04/user-data HTTP/1.1" status: 200 len: 231 time: 0.0066099
2026-05-27 01:50:34.579 58 INFO eventlet.wsgi.server [-] 10.100.0.10, "GET /2009-04-04/meta-data/block-device-mapping HTTP/1.1" status: 200 len: 143 time: 0.0107734
2026-05-27 01:50:34.599 58 INFO eventlet.wsgi.server [-] 10.100.0.10, "GET /2009-04-04/meta-data/block-device-mapping/ami HTTP/1.1" status: 200 len: 138 time: 0.0123529
2026-05-27 01:50:34.616 58 INFO eventlet.wsgi.server [-] 10.100.0.10, "GET /2009-04-04/meta-data/block-device-mapping/root HTTP/1.1" status: 200 len: 143 time: 0.0091951
2026-05-27 01:50:34.635 57 INFO eventlet.wsgi.server [-] 10.100.0.10, "GET /2009-04-04/meta-data/public-hostname HTTP/1.1" status: 200 len: 192 time: 0.0090549
2026-05-27 01:50:34.653 57 INFO eventlet.wsgi.server [-] 10.100.0.10, "GET /2009-04-04/meta-data/placement/availability-zone HTTP/1.1" status: 200 len: 139 time: 0.0105693
2026-05-27 01:50:42.606 49 INFO neutron.agent.ovn.metadata.agent [-] Port 3089151b-fe96-443f-b4cb-636251e1cf83 in datapath 28cf28bc-3849-4da1-b8e4-af1bb02ce0ea unbound from our chassis
2026-05-27 01:50:42.610 49 INFO neutron.agent.ovn.metadata.agent [-] Cleaning up ovnmeta-28cf28bc-3849-4da1-b8e4-af1bb02ce0ea namespace which is not needed anymore
2026-05-27 01:50:43.249 49 INFO neutron.agent.ovn.metadata.agent [-] Port 3089151b-fe96-443f-b4cb-636251e1cf83 in datapath 28cf28bc-3849-4da1-b8e4-af1bb02ce0ea bound to our chassis
2026-05-27 01:50:43.252 49 INFO neutron.agent.ovn.metadata.agent [-] Provisioning metadata for network 28cf28bc-3849-4da1-b8e4-af1bb02ce0ea
2026-05-27 01:50:52.882 49 INFO neutron.agent.ovn.metadata.agent [-] Port 70e3a963-6a88-46b6-ac1a-5f3f5095f0b5 in datapath 0e76c561-0aee-4a53-ba62-f2105ec3db5c bound to our chassis
2026-05-27 01:50:52.885 49 INFO neutron.agent.ovn.metadata.agent [-] Provisioning metadata for network 0e76c561-0aee-4a53-ba62-f2105ec3db5c
2026-05-27 01:50:56.733 57 INFO eventlet.wsgi.server [-] 10.100.0.10, "GET /2009-04-04/meta-data/instance-id HTTP/1.1" status: 200 len: 146 time: 0.1967735
2026-05-27 01:50:56.756 57 INFO eventlet.wsgi.server [-] 10.100.0.10, "GET /2009-04-04/meta-data/public-keys HTTP/1.1" status: 200 len: 163 time: 0.0119300
2026-05-27 01:50:56.771 57 INFO eventlet.wsgi.server [-] 10.100.0.10, "GET /2009-04-04/meta-data/public-keys/0/openssh-key HTTP/1.1" status: 200 len: 341 time: 0.0097380
2026-05-27 01:50:56.784 57 INFO eventlet.wsgi.server [-] 10.100.0.10, "GET /2009-04-04/meta-data/instance-id HTTP/1.1" status: 200 len: 146 time: 0.0078642
2026-05-27 01:50:56.798 57 INFO eventlet.wsgi.server [-] 10.100.0.10, "GET /2009-04-04/meta-data/ami-launch-index HTTP/1.1" status: 200 len: 136 time: 0.0071378
2026-05-27 01:50:56.812 57 INFO eventlet.wsgi.server [-] 10.100.0.10, "GET /2009-04-04/meta-data/instance-type HTTP/1.1" status: 200 len: 142 time: 0.0075119
2026-05-27 01:50:56.824 57 INFO eventlet.wsgi.server [-] 10.100.0.10, "GET /2009-04-04/meta-data/local-ipv4 HTTP/1.1" status: 200 len: 147 time: 0.0072525
2026-05-27 01:50:56.837 57 INFO eventlet.wsgi.server [-] 10.100.0.10, "GET /2009-04-04/meta-data/public-ipv4 HTTP/1.1" status: 200 len: 149 time: 0.0081086
2026-05-27 01:50:56.851 57 INFO eventlet.wsgi.server [-] 10.100.0.10, "GET /2009-04-04/meta-data/hostname HTTP/1.1" status: 200 len: 192 time: 0.0089648
2026-05-27 01:50:56.864 57 INFO eventlet.wsgi.server [-] 10.100.0.10, "GET /2009-04-04/meta-data/local-hostname HTTP/1.1" status: 200 len: 192 time: 0.0077937
2026-05-27 01:50:56.902 57 INFO eventlet.wsgi.server [-] 10.100.0.10, "GET /2009-04-04/user-data HTTP/1.1" status: 200 len: 231 time: 0.0102153
2026-05-27 01:50:56.917 57 INFO eventlet.wsgi.server [-] 10.100.0.10, "GET /2009-04-04/meta-data/block-device-mapping HTTP/1.1" status: 200 len: 143 time: 0.0076475
2026-05-27 01:50:56.935 58 INFO eventlet.wsgi.server [-] 10.100.0.10, "GET /2009-04-04/meta-data/block-device-mapping/ami HTTP/1.1" status: 200 len: 138 time: 0.0105245
2026-05-27 01:50:56.951 57 INFO eventlet.wsgi.server [-] 10.100.0.10, "GET /2009-04-04/meta-data/block-device-mapping/root HTTP/1.1" status: 200 len: 143 time: 0.0102201
2026-05-27 01:50:56.965 57 INFO eventlet.wsgi.server [-] 10.100.0.10, "GET /2009-04-04/meta-data/public-hostname HTTP/1.1" status: 200 len: 192 time: 0.0081294
2026-05-27 01:50:56.982 57 INFO eventlet.wsgi.server [-] 10.100.0.10, "GET /2009-04-04/meta-data/placement/availability-zone HTTP/1.1" status: 200 len: 139 time: 0.0098219
2026-05-27 01:50:59.388 49 INFO neutron.agent.ovn.metadata.agent [-] Port 70e3a963-6a88-46b6-ac1a-5f3f5095f0b5 in datapath 0e76c561-0aee-4a53-ba62-f2105ec3db5c unbound from our chassis
2026-05-27 01:50:59.391 49 INFO neutron.agent.ovn.metadata.agent [-] Cleaning up ovnmeta-0e76c561-0aee-4a53-ba62-f2105ec3db5c namespace which is not needed anymore
2026-05-27 01:51:01.451 49 INFO neutron.agent.ovn.metadata.agent [-] Port 3089151b-fe96-443f-b4cb-636251e1cf83 in datapath 28cf28bc-3849-4da1-b8e4-af1bb02ce0ea unbound from our chassis
2026-05-27 01:51:01.453 49 INFO neutron.agent.ovn.metadata.agent [-] Cleaning up ovnmeta-28cf28bc-3849-4da1-b8e4-af1bb02ce0ea namespace which is not needed anymore
2026-05-27 01:51:34.057 49 INFO neutron.agent.ovn.metadata.agent [-] Port d90a61fe-8101-45a9-86e7-dfede841fc82 in datapath 891c33c5-4f71-4e28-9997-2580dd2e044f bound to our chassis
2026-05-27 01:51:34.063 49 INFO neutron.agent.ovn.metadata.agent [-] Provisioning metadata for network 891c33c5-4f71-4e28-9997-2580dd2e044f
2026-05-27 01:51:45.765 57 INFO eventlet.wsgi.server [-] 10.100.0.3, "GET /2009-04-04/meta-data/instance-id HTTP/1.1" status: 200 len: 146 time: 0.2362821
2026-05-27 01:51:45.790 57 INFO eventlet.wsgi.server [-] 10.100.0.3, "GET /2009-04-04/meta-data/public-keys HTTP/1.1" status: 200 len: 176 time: 0.0094597
2026-05-27 01:51:45.802 57 INFO eventlet.wsgi.server [-] 10.100.0.3, "GET /2009-04-04/meta-data/public-keys/0/openssh-key HTTP/1.1" status: 200 len: 341 time: 0.0076036
2026-05-27 01:51:45.815 57 INFO eventlet.wsgi.server [-] 10.100.0.3, "GET /2009-04-04/meta-data/instance-id HTTP/1.1" status: 200 len: 146 time: 0.0074074
2026-05-27 01:51:45.834 57 INFO eventlet.wsgi.server [-] 10.100.0.3, "GET /2009-04-04/meta-data/ami-launch-index HTTP/1.1" status: 200 len: 136 time: 0.0111341
2026-05-27 01:51:45.853 57 INFO eventlet.wsgi.server [-] 10.100.0.3, "GET /2009-04-04/meta-data/instance-type HTTP/1.1" status: 200 len: 142 time: 0.0107274
2026-05-27 01:51:45.879 58 INFO eventlet.wsgi.server [-] 10.100.0.3, "GET /2009-04-04/meta-data/local-ipv4 HTTP/1.1" status: 200 len: 146 time: 0.0201640
2026-05-27 01:51:45.895 58 INFO eventlet.wsgi.server [-] 10.100.0.3, "GET /2009-04-04/meta-data/public-ipv4 HTTP/1.1" status: 200 len: 149 time: 0.0089145
2026-05-27 01:51:45.908 58 INFO eventlet.wsgi.server [-] 10.100.0.3, "GET /2009-04-04/meta-data/hostname HTTP/1.1" status: 200 len: 190 time: 0.0064220
2026-05-27 01:51:45.925 58 INFO eventlet.wsgi.server [-] 10.100.0.3, "GET /2009-04-04/meta-data/local-hostname HTTP/1.1" status: 200 len: 190 time: 0.0106947
2026-05-27 01:51:45.939 58 INFO eventlet.wsgi.server [-] 10.100.0.3, "GET /2009-04-04/user-data HTTP/1.1" status: 404 len: 297 time: 0.0086138
2026-05-27 01:51:45.986 57 INFO eventlet.wsgi.server [-] 10.100.0.3, "GET /2009-04-04/meta-data/block-device-mapping HTTP/1.1" status: 200 len: 143 time: 0.0097315
2026-05-27 01:51:46.001 57 INFO eventlet.wsgi.server [-] 10.100.0.3, "GET /2009-04-04/meta-data/block-device-mapping/ami HTTP/1.1" status: 200 len: 138 time: 0.0085244
2026-05-27 01:51:46.017 57 INFO eventlet.wsgi.server [-] 10.100.0.3, "GET /2009-04-04/meta-data/block-device-mapping/root HTTP/1.1" status: 200 len: 143 time: 0.0092664
2026-05-27 01:51:46.032 57 INFO eventlet.wsgi.server [-] 10.100.0.3, "GET /2009-04-04/meta-data/public-hostname HTTP/1.1" status: 200 len: 190 time: 0.0073538
2026-05-27 01:51:46.048 57 INFO eventlet.wsgi.server [-] 10.100.0.3, "GET /2009-04-04/meta-data/placement/availability-zone HTTP/1.1" status: 200 len: 139 time: 0.0089850
2026-05-27 01:51:54.799 49 INFO neutron.agent.ovn.metadata.agent [-] Port 362eaac5-02a4-4c8b-964a-ed62b94978ba in datapath 891c33c5-4f71-4e28-9997-2580dd2e044f bound to our chassis
2026-05-27 01:51:54.801 49 INFO neutron.agent.ovn.metadata.agent [-] Provisioning metadata for network 891c33c5-4f71-4e28-9997-2580dd2e044f
2026-05-27 01:51:57.203 58 ERROR neutron.agent.ovn.metadata.server [-] No port found in network None with IP address 169.254.169.254
2026-05-27 01:51:57.204 58 INFO eventlet.wsgi.server [-] 169.254.169.254, "GET / HTTP/1.1" status: 404 len: 176 time: 0.0022016
2026-05-27 01:52:05.864 58 INFO eventlet.wsgi.server [-] 10.100.0.8, "GET /2009-04-04/meta-data/instance-id HTTP/1.1" status: 200 len: 146 time: 0.1839540
2026-05-27 01:52:05.884 58 INFO eventlet.wsgi.server [-] 10.100.0.8, "GET /2009-04-04/meta-data/public-keys HTTP/1.1" status: 200 len: 176 time: 0.0087032
2026-05-27 01:52:05.897 58 INFO eventlet.wsgi.server [-] 10.100.0.8, "GET /2009-04-04/meta-data/public-keys/0/openssh-key HTTP/1.1" status: 200 len: 341 time: 0.0081501
2026-05-27 01:52:05.910 58 INFO eventlet.wsgi.server [-] 10.100.0.8, "GET /2009-04-04/meta-data/instance-id HTTP/1.1" status: 200 len: 146 time: 0.0080996
2026-05-27 01:52:05.925 58 INFO eventlet.wsgi.server [-] 10.100.0.8, "GET /2009-04-04/meta-data/ami-launch-index HTTP/1.1" status: 200 len: 136 time: 0.0078182
2026-05-27 01:52:05.937 58 INFO eventlet.wsgi.server [-] 10.100.0.8, "GET /2009-04-04/meta-data/instance-type HTTP/1.1" status: 200 len: 142 time: 0.0071216
2026-05-27 01:52:05.949 57 INFO eventlet.wsgi.server [-] 10.100.0.8, "GET /2009-04-04/meta-data/local-ipv4 HTTP/1.1" status: 200 len: 146 time: 0.0077069
2026-05-27 01:52:05.964 57 INFO eventlet.wsgi.server [-] 10.100.0.8, "GET /2009-04-04/meta-data/public-ipv4 HTTP/1.1" status: 200 len: 149 time: 0.0077460
2026-05-27 01:52:05.980 58 INFO eventlet.wsgi.server [-] 10.100.0.8, "GET /2009-04-04/meta-data/hostname HTTP/1.1" status: 200 len: 191 time: 0.0096021
2026-05-27 01:52:05.994 57 INFO eventlet.wsgi.server [-] 10.100.0.8, "GET /2009-04-04/meta-data/local-hostname HTTP/1.1" status: 200 len: 191 time: 0.0081613
2026-05-27 01:52:06.015 57 INFO eventlet.wsgi.server [-] 10.100.0.8, "GET /2009-04-04/user-data HTTP/1.1" status: 404 len: 297 time: 0.0122895
2026-05-27 01:52:06.037 57 INFO eventlet.wsgi.server [-] 10.100.0.8, "GET /2009-04-04/meta-data/block-device-mapping HTTP/1.1" status: 200 len: 143 time: 0.0093515
2026-05-27 01:52:06.049 57 INFO eventlet.wsgi.server [-] 10.100.0.8, "GET /2009-04-04/meta-data/block-device-mapping/ami HTTP/1.1" status: 200 len: 138 time: 0.0084136
2026-05-27 01:52:06.063 57 INFO eventlet.wsgi.server [-] 10.100.0.8, "GET /2009-04-04/meta-data/block-device-mapping/root HTTP/1.1" status: 200 len: 143 time: 0.0082877
2026-05-27 01:52:06.075 57 INFO eventlet.wsgi.server [-] 10.100.0.8, "GET /2009-04-04/meta-data/public-hostname HTTP/1.1" status: 200 len: 191 time: 0.0078824
2026-05-27 01:52:06.093 57 INFO eventlet.wsgi.server [-] 10.100.0.8, "GET /2009-04-04/meta-data/placement/availability-zone HTTP/1.1" status: 200 len: 139 time: 0.0129387
2026-05-27 01:52:08.676 49 INFO neutron.agent.ovn.metadata.agent [-] Port 362eaac5-02a4-4c8b-964a-ed62b94978ba in datapath 891c33c5-4f71-4e28-9997-2580dd2e044f unbound from our chassis
2026-05-27 01:52:08.678 49 INFO neutron.agent.ovn.metadata.agent [-] Provisioning metadata for network 891c33c5-4f71-4e28-9997-2580dd2e044f
2026-05-27 01:52:11.937 49 INFO neutron.agent.ovn.metadata.agent [-] Port d90a61fe-8101-45a9-86e7-dfede841fc82 in datapath 891c33c5-4f71-4e28-9997-2580dd2e044f unbound from our chassis
2026-05-27 01:52:11.940 49 INFO neutron.agent.ovn.metadata.agent [-] Cleaning up ovnmeta-891c33c5-4f71-4e28-9997-2580dd2e044f namespace which is not needed anymore
2026-05-27 01:52:42.983 49 INFO neutron.agent.ovn.metadata.agent [-] Port d8aa1a29-6ded-4198-9594-7f8b26bde6ef in datapath 37de00d0-6a3b-4875-854b-5fc107ae0dab bound to our chassis
2026-05-27 01:52:42.985 49 INFO neutron.agent.ovn.metadata.agent [-] Provisioning metadata for network 37de00d0-6a3b-4875-854b-5fc107ae0dab
2026-05-27 01:53:02.070 58 INFO eventlet.wsgi.server [-] 10.100.0.9, "GET /latest/meta-data/public-ipv4 HTTP/1.1" status: 200 len: 149 time: 0.1956620
2026-05-27 01:53:02.381 58 INFO eventlet.wsgi.server [-] 10.100.0.9, "POST /openstack/2013-10-17/password HTTP/1.1" status: 200 len: 134 time: 0.2318692
2026-05-27 01:53:04.378 49 INFO neutron.agent.ovn.metadata.agent [-] Port d8aa1a29-6ded-4198-9594-7f8b26bde6ef in datapath 37de00d0-6a3b-4875-854b-5fc107ae0dab unbound from our chassis
2026-05-27 01:53:04.382 49 INFO neutron.agent.ovn.metadata.agent [-] Cleaning up ovnmeta-37de00d0-6a3b-4875-854b-5fc107ae0dab namespace which is not needed anymore
2026-05-27 01:53:57.224 57 ERROR neutron.agent.ovn.metadata.server [-] No port found in network None with IP address 169.254.169.254
2026-05-27 01:53:57.225 57 INFO eventlet.wsgi.server [-] 169.254.169.254, "GET / HTTP/1.1" status: 404 len: 176 time: 0.0013020
2026-05-27 01:54:00.512 49 INFO neutron.agent.ovn.metadata.agent [-] Port cf01e70a-a2ae-41c0-9309-d97aa8b45ba0 in datapath 8c9f9782-a40c-4944-bf8b-e87dac191b04 bound to our chassis
2026-05-27 01:54:00.934 49 INFO neutron.agent.ovn.metadata.agent [-] Port 4ad8c80f-af35-4b2b-abce-e7e9b553e70a in datapath e3e8dd62-c22c-425c-91e1-3b612d3c87f1 bound to our chassis
2026-05-27 01:54:41.045 49 WARNING neutron.agent.ovn.metadata.agent [-] Removing non-external type port 8b0b3081-afaf-4f19-8eea-cd8101ff1a7c with type ""
2026-05-27 01:54:41.051 49 INFO neutron.agent.ovn.metadata.agent [-] Port cf01e70a-a2ae-41c0-9309-d97aa8b45ba0 in datapath 8c9f9782-a40c-4944-bf8b-e87dac191b04 unbound from our chassis
2026-05-27 01:54:41.763 49 WARNING neutron.agent.ovn.metadata.agent [-] Removing non-external type port 76f6dece-5f1d-47b0-9f18-698ba3cf0f1e with type ""
2026-05-27 01:54:41.767 49 INFO neutron.agent.ovn.metadata.agent [-] Port 4ad8c80f-af35-4b2b-abce-e7e9b553e70a in datapath e3e8dd62-c22c-425c-91e1-3b612d3c87f1 unbound from our chassis
2026-05-27 01:54:51.380 49 INFO neutron.agent.ovn.metadata.agent [-] Port d6e5c6d8-b070-48a3-8e50-4533bb3a0424 in datapath 03575f27-2a48-4cd7-a214-c3e603d821e0 bound to our chassis
2026-05-27 01:54:51.382 49 INFO neutron.agent.ovn.metadata.agent [-] Provisioning metadata for network 03575f27-2a48-4cd7-a214-c3e603d821e0
2026-05-27 01:54:59.680 49 INFO neutron.agent.ovn.metadata.agent [-] Port 8442924b-b7f3-4f61-8363-ed6e70cd73eb in datapath 7d7a5bd5-2703-4d77-8dc6-728f7ff49824 bound to our chassis
2026-05-27 01:54:59.682 49 INFO neutron.agent.ovn.metadata.agent [-] Provisioning metadata for network 7d7a5bd5-2703-4d77-8dc6-728f7ff49824
2026-05-27 01:55:05.928 58 INFO eventlet.wsgi.server [-] 10.2.1.223, "GET /2009-04-04/meta-data/instance-id HTTP/1.1" status: 200 len: 146 time: 1.0541015
2026-05-27 01:55:05.949 58 INFO eventlet.wsgi.server [-] 10.2.1.223, "GET /2009-04-04/meta-data/public-keys HTTP/1.1" status: 200 len: 174 time: 0.0119944
2026-05-27 01:55:05.963 58 INFO eventlet.wsgi.server [-] 10.2.1.223, "GET /2009-04-04/meta-data/public-keys/0/openssh-key HTTP/1.1" status: 200 len: 341 time: 0.0081415
2026-05-27 01:55:05.980 58 INFO eventlet.wsgi.server [-] 10.2.1.223, "GET /2009-04-04/meta-data/instance-id HTTP/1.1" status: 200 len: 146 time: 0.0071990
2026-05-27 01:55:05.995 58 INFO eventlet.wsgi.server [-] 10.2.1.223, "GET /2009-04-04/meta-data/ami-launch-index HTTP/1.1" status: 200 len: 136 time: 0.0065536
2026-05-27 01:55:06.025 57 INFO eventlet.wsgi.server [-] 10.2.1.223, "GET /2009-04-04/meta-data/instance-type HTTP/1.1" status: 200 len: 142 time: 0.0214169
2026-05-27 01:55:06.038 57 INFO eventlet.wsgi.server [-] 10.2.1.223, "GET /2009-04-04/meta-data/local-ipv4 HTTP/1.1" status: 200 len: 146 time: 0.0077791
2026-05-27 01:55:06.052 57 INFO eventlet.wsgi.server [-] 10.2.1.223, "GET /2009-04-04/meta-data/public-ipv4 HTTP/1.1" status: 200 len: 149 time: 0.0091977
2026-05-27 01:55:06.068 57 INFO eventlet.wsgi.server [-] 10.2.1.223, "GET /2009-04-04/meta-data/hostname HTTP/1.1" status: 200 len: 185 time: 0.0090477
2026-05-27 01:55:06.084 57 INFO eventlet.wsgi.server [-] 10.2.1.223, "GET /2009-04-04/meta-data/local-hostname HTTP/1.1" status: 200 len: 185 time: 0.0082512
2026-05-27 01:55:06.122 58 INFO eventlet.wsgi.server [-] 10.2.1.223, "GET /2009-04-04/user-data HTTP/1.1" status: 404 len: 297 time: 0.0092120
2026-05-27 01:55:06.138 57 INFO eventlet.wsgi.server [-] 10.2.1.223, "GET /2009-04-04/meta-data/block-device-mapping HTTP/1.1" status: 200 len: 143 time: 0.0071971
2026-05-27 01:55:06.148 57 INFO eventlet.wsgi.server [-] 10.2.1.223, "GET /2009-04-04/meta-data/block-device-mapping/ami HTTP/1.1" status: 200 len: 138 time: 0.0062888
2026-05-27 01:55:06.162 58 INFO eventlet.wsgi.server [-] 10.2.1.223, "GET /2009-04-04/meta-data/block-device-mapping/root HTTP/1.1" status: 200 len: 143 time: 0.0096860
2026-05-27 01:55:06.174 58 INFO eventlet.wsgi.server [-] 10.2.1.223, "GET /2009-04-04/meta-data/public-hostname HTTP/1.1" status: 200 len: 185 time: 0.0060346
2026-05-27 01:55:06.189 58 INFO eventlet.wsgi.server [-] 10.2.1.223, "GET /2009-04-04/meta-data/placement/availability-zone HTTP/1.1" status: 200 len: 139 time: 0.0092463
2026-05-27 01:55:07.242 58 ERROR neutron.agent.ovn.metadata.server [-] No port found in network None with IP address 169.254.169.254
2026-05-27 01:55:07.243 58 INFO eventlet.wsgi.server [-] 169.254.169.254, "GET / HTTP/1.1" status: 404 len: 176 time: 0.0022833
2026-05-27 01:55:12.705 57 INFO eventlet.wsgi.server [-] 10.2.2.16, "GET /2009-04-04/meta-data/instance-id HTTP/1.1" status: 200 len: 146 time: 0.1626410
2026-05-27 01:55:12.729 58 INFO eventlet.wsgi.server [-] 10.2.2.16, "GET /2009-04-04/meta-data/public-keys HTTP/1.1" status: 200 len: 174 time: 0.0122259
2026-05-27 01:55:12.747 58 INFO eventlet.wsgi.server [-] 10.2.2.16, "GET /2009-04-04/meta-data/public-keys/0/openssh-key HTTP/1.1" status: 200 len: 341 time: 0.0106800
2026-05-27 01:55:12.763 58 INFO eventlet.wsgi.server [-] 10.2.2.16, "GET /2009-04-04/meta-data/instance-id HTTP/1.1" status: 200 len: 146 time: 0.0093420
2026-05-27 01:55:12.777 58 INFO eventlet.wsgi.server [-] 10.2.2.16, "GET /2009-04-04/meta-data/ami-launch-index HTTP/1.1" status: 200 len: 136 time: 0.0066488
2026-05-27 01:55:12.793 58 INFO eventlet.wsgi.server [-] 10.2.2.16, "GET /2009-04-04/meta-data/instance-type HTTP/1.1" status: 200 len: 142 time: 0.0102506
2026-05-27 01:55:12.809 58 INFO eventlet.wsgi.server [-] 10.2.2.16, "GET /2009-04-04/meta-data/local-ipv4 HTTP/1.1" status: 200 len: 144 time: 0.0111809
2026-05-27 01:55:12.824 58 INFO eventlet.wsgi.server [-] 10.2.2.16, "GET /2009-04-04/meta-data/public-ipv4 HTTP/1.1" status: 200 len: 149 time: 0.0074165
2026-05-27 01:55:12.843 58 INFO eventlet.wsgi.server [-] 10.2.2.16, "GET /2009-04-04/meta-data/hostname HTTP/1.1" status: 200 len: 185 time: 0.0104253
2026-05-27 01:55:12.860 58 INFO eventlet.wsgi.server [-] 10.2.2.16, "GET /2009-04-04/meta-data/local-hostname HTTP/1.1" status: 200 len: 185 time: 0.0091293
2026-05-27 01:55:12.911 58 INFO eventlet.wsgi.server [-] 10.2.2.16, "GET /2009-04-04/user-data HTTP/1.1" status: 404 len: 297 time: 0.0106611
2026-05-27 01:55:12.932 58 INFO eventlet.wsgi.server [-] 10.2.2.16, "GET /2009-04-04/meta-data/block-device-mapping HTTP/1.1" status: 200 len: 143 time: 0.0082476
2026-05-27 01:55:12.944 58 INFO eventlet.wsgi.server [-] 10.2.2.16, "GET /2009-04-04/meta-data/block-device-mapping/ami HTTP/1.1" status: 200 len: 138 time: 0.0065558
2026-05-27 01:55:12.957 58 INFO eventlet.wsgi.server [-] 10.2.2.16, "GET /2009-04-04/meta-data/block-device-mapping/root HTTP/1.1" status: 200 len: 143 time: 0.0074959
2026-05-27 01:55:12.972 58 INFO eventlet.wsgi.server [-] 10.2.2.16, "GET /2009-04-04/meta-data/public-hostname HTTP/1.1" status: 200 len: 185 time: 0.0092630
2026-05-27 01:55:12.989 58 INFO eventlet.wsgi.server [-] 10.2.2.16, "GET /2009-04-04/meta-data/placement/availability-zone HTTP/1.1" status: 200 len: 139 time: 0.0096018
2026-05-27 01:55:33.373 49 INFO neutron.agent.ovn.metadata.agent [-] Port 4265808e-df4f-42b7-a036-131a5b540110 in datapath 3bce36cd-f99d-4edd-be8c-7a294b65a3fa bound to our chassis
2026-05-27 01:55:33.377 49 INFO neutron.agent.ovn.metadata.agent [-] Provisioning metadata for network 3bce36cd-f99d-4edd-be8c-7a294b65a3fa
2026-05-27 01:56:16.106 49 INFO neutron.agent.ovn.metadata.agent [-] Port f3a2028c-f245-4837-8780-136e5dd1f015 in datapath df495294-3ec1-43ba-bc97-cb81ccc17822 bound to our chassis
2026-05-27 01:56:16.108 49 INFO neutron.agent.ovn.metadata.agent [-] Provisioning metadata for network df495294-3ec1-43ba-bc97-cb81ccc17822
2026-05-27 01:56:47.244 49 INFO neutron.agent.ovn.metadata.agent [-] Port 5ff758f3-efa4-47bd-98b6-26cbef82cd26 in datapath 03575f27-2a48-4cd7-a214-c3e603d821e0 bound to our chassis
2026-05-27 01:56:47.246 49 INFO neutron.agent.ovn.metadata.agent [-] Provisioning metadata for network 03575f27-2a48-4cd7-a214-c3e603d821e0
2026-05-27 01:57:01.676 49 INFO neutron.agent.ovn.metadata.agent [-] Port b2c2f2ae-c21b-40d8-8221-6e47ddad207e in datapath 7d7a5bd5-2703-4d77-8dc6-728f7ff49824 bound to our chassis
2026-05-27 01:57:01.678 49 INFO neutron.agent.ovn.metadata.agent [-] Provisioning metadata for network 7d7a5bd5-2703-4d77-8dc6-728f7ff49824
2026-05-27 01:57:13.857 49 INFO neutron.agent.ovn.metadata.agent [-] Port b2c2f2ae-c21b-40d8-8221-6e47ddad207e in datapath 7d7a5bd5-2703-4d77-8dc6-728f7ff49824 unbound from our chassis
2026-05-27 01:57:13.860 49 INFO neutron.agent.ovn.metadata.agent [-] Provisioning metadata for network 7d7a5bd5-2703-4d77-8dc6-728f7ff49824
2026-05-27 01:57:39.416 49 INFO neutron.agent.ovn.metadata.agent [-] Port 5ff758f3-efa4-47bd-98b6-26cbef82cd26 in datapath 03575f27-2a48-4cd7-a214-c3e603d821e0 unbound from our chassis
2026-05-27 01:57:39.418 49 INFO neutron.agent.ovn.metadata.agent [-] Provisioning metadata for network 03575f27-2a48-4cd7-a214-c3e603d821e0
2026-05-27 01:58:15.437 49 INFO neutron.agent.ovn.metadata.agent [-] Port f3a2028c-f245-4837-8780-136e5dd1f015 in datapath df495294-3ec1-43ba-bc97-cb81ccc17822 unbound from our chassis
2026-05-27 01:58:15.440 49 INFO neutron.agent.ovn.metadata.agent [-] Cleaning up ovnmeta-df495294-3ec1-43ba-bc97-cb81ccc17822 namespace which is not needed anymore
2026-05-27 01:58:17.193 58 ERROR neutron.agent.ovn.metadata.server [-] No port found in network None with IP address 169.254.169.254
2026-05-27 01:58:17.194 58 INFO eventlet.wsgi.server [-] 169.254.169.254, "GET / HTTP/1.1" status: 404 len: 176 time: 0.0016577
2026-05-27 01:58:38.955 49 INFO neutron.agent.ovn.metadata.agent [-] Port 4265808e-df4f-42b7-a036-131a5b540110 in datapath 3bce36cd-f99d-4edd-be8c-7a294b65a3fa unbound from our chassis
2026-05-27 01:58:38.958 49 INFO neutron.agent.ovn.metadata.agent [-] Provisioning metadata for network 3bce36cd-f99d-4edd-be8c-7a294b65a3fa
2026-05-27 01:58:40.362 49 INFO neutron.agent.ovn.metadata.agent [-] Port 8442924b-b7f3-4f61-8363-ed6e70cd73eb in datapath 7d7a5bd5-2703-4d77-8dc6-728f7ff49824 unbound from our chassis
2026-05-27 01:58:40.365 49 INFO neutron.agent.ovn.metadata.agent [-] Cleaning up ovnmeta-7d7a5bd5-2703-4d77-8dc6-728f7ff49824 namespace which is not needed anymore
2026-05-27 01:58:46.240 49 INFO neutron.agent.ovn.metadata.agent [-] Port d6e5c6d8-b070-48a3-8e50-4533bb3a0424 in datapath 03575f27-2a48-4cd7-a214-c3e603d821e0 unbound from our chassis
2026-05-27 01:58:46.243 49 INFO neutron.agent.ovn.metadata.agent [-] Cleaning up ovnmeta-03575f27-2a48-4cd7-a214-c3e603d821e0 namespace which is not needed anymore
2026-05-27 02:01:27.231 57 ERROR neutron.agent.ovn.metadata.server [-] No port found in network None with IP address 169.254.169.254
2026-05-27 02:01:27.233 57 INFO eventlet.wsgi.server [-] 169.254.169.254, "GET / HTTP/1.1" status: 404 len: 176 time: 0.0033216
2026-05-27 02:03:57.244 57 ERROR neutron.agent.ovn.metadata.server [-] No port found in network None with IP address 169.254.169.254
2026-05-27 02:03:57.245 57 INFO eventlet.wsgi.server [-] 169.254.169.254, "GET / HTTP/1.1" status: 404 len: 176 time: 0.0014625
2026-05-27 02:04:37.213 58 ERROR neutron.agent.ovn.metadata.server [-] No port found in network None with IP address 169.254.169.254
2026-05-27 02:04:37.213 58 INFO eventlet.wsgi.server [-] 169.254.169.254, "GET / HTTP/1.1" status: 404 len: 176 time: 0.0008583