File "/var/lib/openstack/lib/python3.10/site-packages/ovsdbapp/backend/ovs_idl/command.py", line 47, in execute
2026-05-27 01:49:11.479 10 ERROR neutron_lib.callbacks.manager self.run_idl(None)
2026-05-27 01:49:11.479 10 ERROR neutron_lib.callbacks.manager
File "/var/lib/openstack/lib/python3.10/site-packages/ovsdbapp/backend/ovs_idl/command.py", line 235, in run_idl
2026-05-27 01:49:11.479 10 ERROR neutron_lib.callbacks.manager record = self.api.lookup(self.table, self.record)
2026-05-27 01:49:11.479 10 ERROR neutron_lib.callbacks.manager
File "/var/lib/openstack/lib/python3.10/site-packages/ovsdbapp/backend/ovs_idl/__init__.py", line 184, in lookup
2026-05-27 01:49:11.479 10 ERROR neutron_lib.callbacks.manager return self._lookup(table, record)
2026-05-27 01:49:11.479 10 ERROR neutron_lib.callbacks.manager
File "/var/lib/openstack/lib/python3.10/site-packages/ovsdbapp/backend/ovs_idl/__init__.py", line 235, in _lookup
2026-05-27 01:49:11.479 10 ERROR neutron_lib.callbacks.manager row = idlutils.row_by_value(self, rl.table, rl.column, record)
2026-05-27 01:49:11.479 10 ERROR neutron_lib.callbacks.manager
File "/var/lib/openstack/lib/python3.10/site-packages/ovsdbapp/backend/ovs_idl/idlutils.py", line 114, in row_by_value
2026-05-27 01:49:11.479 10 ERROR neutron_lib.callbacks.manager raise RowNotFound(table=table, col=column, match=match)
2026-05-27 01:49:11.479 10 ERROR neutron_lib.callbacks.manager ovsdbapp.backend.ovs_idl.idlutils.RowNotFound: Cannot find Logical_Router_Port with name=lrp-7f39c987-9ce0-4ad3-9d13-5d4f6b3eba6d
2026-05-27 01:49:11.479 10 ERROR neutron_lib.callbacks.manager 
2026-05-27 01:49:11.581 10 INFO neutron.db.ovn_revision_numbers_db [None req-011468a7-e23c-4150-9754-e6475962e99e - - - - - -] Successfully bumped revision number for resource d63a68ef-2a9f-4a97-8514-7dd9e0604bd7 (type: ports) to 2
2026-05-27 01:49:11.743 9 INFO neutron.db.ovn_revision_numbers_db [None req-2f4e94ba-504e-4c8f-8092-9062a84a9174 - - - - - -] Successfully bumped revision number for resource 15400504-109d-494f-9014-d021e2bbb7c2 (type: router_ports) to 4
2026-05-27 01:49:11.807 10 INFO neutron.wsgi [-] 10.0.0.148 "GET / HTTP/1.1" status: 200 len: 247 time: 0.0013549
2026-05-27 01:49:11.808 10 INFO neutron.wsgi [-] 10.0.0.148 "GET / HTTP/1.1" status: 200 len: 247 time: 0.0008860
2026-05-27 01:49:11.885 10 INFO neutron.db.ovn_revision_numbers_db [None req-5ade1dbd-4499-4bbb-893d-2a83c60c7929 9b79efb632104899a29982ab5c7db7f5 1c23899b06fb4ba49e519f066ce75c14 - - default default] Successfully bumped revision number for resource 7f39c987-9ce0-4ad3-9d13-5d4f6b3eba6d (type: ports) to 1
2026-05-27 01:49:12.012 10 WARNING neutron.scheduler.dhcp_agent_scheduler [None req-5ade1dbd-4499-4bbb-893d-2a83c60c7929 9b79efb632104899a29982ab5c7db7f5 1c23899b06fb4ba49e519f066ce75c14 - - default default] No more DHCP agents
2026-05-27 01:49:12.020 10 WARNING neutron.api.rpc.agentnotifiers.dhcp_rpc_agent_api [None req-5ade1dbd-4499-4bbb-893d-2a83c60c7929 9b79efb632104899a29982ab5c7db7f5 1c23899b06fb4ba49e519f066ce75c14 - - default default] Unable to schedule network 305cd94e-c009-4ca7-a08b-e7cabdf69c44: no agents available; will retry on subsequent port and subnet creation events.
2026-05-27 01:49:12.310 9 INFO neutron.db.ovn_revision_numbers_db [None req-59f0f4dc-6a20-44b1-bc44-31636ab8ebfd 9b79efb632104899a29982ab5c7db7f5 1c23899b06fb4ba49e519f066ce75c14 - - default default] Successfully bumped revision number for resource 17ba0ac7-91de-4088-ac7b-1ff382881b40 (type: router_ports) to 1
2026-05-27 01:49:12.316 9 INFO neutron.wsgi [None req-59f0f4dc-6a20-44b1-bc44-31636ab8ebfd 9b79efb632104899a29982ab5c7db7f5 1c23899b06fb4ba49e519f066ce75c14 - - default default] 10.0.0.76 "PUT /v2.0/routers/ff563374-6d4f-42bc-8bdb-2c29f6c240f8/add_router_interface HTTP/1.1" status: 200 len: 503 time: 3.0915127
2026-05-27 01:49:12.363 10 INFO neutron.db.ovn_revision_numbers_db [None req-cc92ae5f-bebd-4e75-aa20-917944998ec5 - - - - - -] Successfully bumped revision number for resource 17ba0ac7-91de-4088-ac7b-1ff382881b40 (type: ports) to 2
2026-05-27 01:49:12.521 10 INFO neutron.db.ovn_revision_numbers_db [None req-011468a7-e23c-4150-9754-e6475962e99e - - - - - -] Successfully bumped revision number for resource d63a68ef-2a9f-4a97-8514-7dd9e0604bd7 (type: ports) to 4
2026-05-27 01:49:12.607 10 INFO neutron.db.ovn_revision_numbers_db [None req-cc92ae5f-bebd-4e75-aa20-917944998ec5 - - - - - -] Successfully bumped revision number for resource 17ba0ac7-91de-4088-ac7b-1ff382881b40 (type: router_ports) to 2
2026-05-27 01:49:12.872 9 WARNING neutron_lib.context [None req-8f8c236e-a2b9-4b11-a8cb-ecfe0575ccd5 3dd17f653cac406390bad852df1d8f67 898e0832c1da4d14a2e8d04ad717c241 - - default default] Method 'is_advsvc' is deprecated since 2023.2 release (neutron-lib 3.8.0) and will be removed once support for the old RBAC API policies will be removed from Neutron. Please use method 'is_service_role' instead.
2026-05-27 01:49:12.940 10 INFO neutron.db.ovn_revision_numbers_db [None req-011468a7-e23c-4150-9754-e6475962e99e - - - - - -] Successfully bumped revision number for resource d63a68ef-2a9f-4a97-8514-7dd9e0604bd7 (type: router_ports) to 4
2026-05-27 01:49:12.994 9 INFO neutron.db.ovn_revision_numbers_db [None req-8f8c236e-a2b9-4b11-a8cb-ecfe0575ccd5 3dd17f653cac406390bad852df1d8f67 898e0832c1da4d14a2e8d04ad717c241 - - default default] Successfully bumped revision number for resource a1b943c7-b122-4228-8df5-f479361934d0 (type: security_groups) to 1
2026-05-27 01:49:13.007 9 INFO neutron.db.ovn_revision_numbers_db [None req-8f8c236e-a2b9-4b11-a8cb-ecfe0575ccd5 3dd17f653cac406390bad852df1d8f67 898e0832c1da4d14a2e8d04ad717c241 - - default default] Successfully bumped revision number for resource 0a31b058-b719-4378-bbfe-248adefff426 (type: security_group_rules) to 0
2026-05-27 01:49:13.021 9 INFO neutron.db.ovn_revision_numbers_db [None req-8f8c236e-a2b9-4b11-a8cb-ecfe0575ccd5 3dd17f653cac406390bad852df1d8f67 898e0832c1da4d14a2e8d04ad717c241 - - default default] Successfully bumped revision number for resource c06cdd97-25af-4514-9506-9fe1da1a7f69 (type: security_group_rules) to 0
2026-05-27 01:49:13.050 9 INFO neutron.wsgi [None req-8f8c236e-a2b9-4b11-a8cb-ecfe0575ccd5 3dd17f653cac406390bad852df1d8f67 898e0832c1da4d14a2e8d04ad717c241 - - default default] 10.0.0.76 "POST /v2.0/security-groups HTTP/1.1" status: 201 len: 1859 time: 0.1859469
2026-05-27 01:49:13.062 9 WARNING neutron_lib.context [None req-a44c9c92-2509-44ff-9693-2f7f4eb8b752 3dd17f653cac406390bad852df1d8f67 898e0832c1da4d14a2e8d04ad717c241 - - default default] Method 'is_advsvc' is deprecated since 2023.2 release (neutron-lib 3.8.0) and will be removed once support for the old RBAC API policies will be removed from Neutron. Please use method 'is_service_role' instead.
2026-05-27 01:49:13.165 10 INFO neutron.db.ovn_revision_numbers_db [None req-5ade1dbd-4499-4bbb-893d-2a83c60c7929 9b79efb632104899a29982ab5c7db7f5 1c23899b06fb4ba49e519f066ce75c14 - - default default] Successfully bumped revision number for resource 7f39c987-9ce0-4ad3-9d13-5d4f6b3eba6d (type: router_ports) to 1
2026-05-27 01:49:13.171 10 INFO neutron.wsgi [None req-5ade1dbd-4499-4bbb-893d-2a83c60c7929 9b79efb632104899a29982ab5c7db7f5 1c23899b06fb4ba49e519f066ce75c14 - - default default] 10.0.0.76 "PUT /v2.0/routers/e580b24e-371d-4794-a97e-9d8caad4e01f/add_router_interface HTTP/1.1" status: 200 len: 503 time: 4.0796902
2026-05-27 01:49:13.218 9 INFO neutron.db.ovn_revision_numbers_db [None req-a44c9c92-2509-44ff-9693-2f7f4eb8b752 3dd17f653cac406390bad852df1d8f67 898e0832c1da4d14a2e8d04ad717c241 - - default default] Successfully bumped revision number for resource 3462f0d1-d28c-4fa5-82c3-9892dbc7257a (type: security_group_rules) to 0
2026-05-27 01:49:13.245 9 INFO neutron.wsgi [None req-a44c9c92-2509-44ff-9693-2f7f4eb8b752 3dd17f653cac406390bad852df1d8f67 898e0832c1da4d14a2e8d04ad717c241 - - default default] 10.0.0.76 "POST /v2.0/security-group-rules HTTP/1.1" status: 201 len: 796 time: 0.1900377
2026-05-27 01:49:13.256 9 WARNING neutron_lib.context [None req-f601b024-1a87-4d27-80f7-46774bf4f882 3dd17f653cac406390bad852df1d8f67 898e0832c1da4d14a2e8d04ad717c241 - - default default] Method 'is_advsvc' is deprecated since 2023.2 release (neutron-lib 3.8.0) and will be removed once support for the old RBAC API policies will be removed from Neutron. Please use method 'is_service_role' instead.
2026-05-27 01:49:13.416 9 INFO neutron.db.ovn_revision_numbers_db [None req-f601b024-1a87-4d27-80f7-46774bf4f882 3dd17f653cac406390bad852df1d8f67 898e0832c1da4d14a2e8d04ad717c241 - - default default] Successfully bumped revision number for resource 8b6110aa-e573-4420-a52b-dd01230d321f (type: security_group_rules) to 0
2026-05-27 01:49:13.452 9 INFO neutron.wsgi [None req-f601b024-1a87-4d27-80f7-46774bf4f882 3dd17f653cac406390bad852df1d8f67 898e0832c1da4d14a2e8d04ad717c241 - - default default] 10.0.0.76 "POST /v2.0/security-group-rules HTTP/1.1" status: 201 len: 801 time: 0.2001817
2026-05-27 01:49:13.473 9 WARNING neutron_lib.context [None req-b20f4895-5654-46a3-8160-426dc963c63b 3dd17f653cac406390bad852df1d8f67 898e0832c1da4d14a2e8d04ad717c241 - - default default] Method 'is_advsvc' is deprecated since 2023.2 release (neutron-lib 3.8.0) and will be removed once support for the old RBAC API policies will be removed from Neutron. Please use method 'is_service_role' instead.
2026-05-27 01:49:13.746 10 WARNING neutron_lib.context [None req-0a361027-c28c-4c62-8ea0-bbe863c92b54 4d92acc50fe54200a401377477741051 d1430deb46ff4bdbb3f73e89717b5dc7 - - default default] Method 'is_advsvc' is deprecated since 2023.2 release (neutron-lib 3.8.0) and will be removed once support for the old RBAC API policies will be removed from Neutron. Please use method 'is_service_role' instead.
2026-05-27 01:49:13.775 9 INFO neutron.db.ovn_revision_numbers_db [None req-7abf40e3-5f76-4a9f-a927-4b6577310b8c 9b79efb632104899a29982ab5c7db7f5 1c23899b06fb4ba49e519f066ce75c14 - - default default] Successfully bumped revision number for resource 55d5cb27-753c-4d4a-ae4c-9d2e46cfebf4 (type: security_groups) to 1
2026-05-27 01:49:13.777 9 WARNING neutron.scheduler.dhcp_agent_scheduler [None req-b20f4895-5654-46a3-8160-426dc963c63b 3dd17f653cac406390bad852df1d8f67 898e0832c1da4d14a2e8d04ad717c241 - - default default] No more DHCP agents
2026-05-27 01:49:13.781 9 WARNING neutron.api.rpc.agentnotifiers.dhcp_rpc_agent_api [None req-b20f4895-5654-46a3-8160-426dc963c63b 3dd17f653cac406390bad852df1d8f67 898e0832c1da4d14a2e8d04ad717c241 - - default default] Unable to schedule network 8c9f9782-a40c-4944-bf8b-e87dac191b04: no agents available; will retry on subsequent port and subnet creation events.
2026-05-27 01:49:13.810 9 INFO neutron.db.ovn_revision_numbers_db [None req-7abf40e3-5f76-4a9f-a927-4b6577310b8c 9b79efb632104899a29982ab5c7db7f5 1c23899b06fb4ba49e519f066ce75c14 - - default default] Successfully bumped revision number for resource 6a4b8573-f7f3-4d3b-aff6-b4e6dcf04aec (type: security_group_rules) to 0
2026-05-27 01:49:13.828 9 INFO neutron.db.ovn_revision_numbers_db [None req-7abf40e3-5f76-4a9f-a927-4b6577310b8c 9b79efb632104899a29982ab5c7db7f5 1c23899b06fb4ba49e519f066ce75c14 - - default default] Successfully bumped revision number for resource 8c5458ee-f987-4a2d-9e7f-9a31286ebefb (type: security_group_rules) to 0
2026-05-27 01:49:13.859 9 INFO neutron.db.ovn_revision_numbers_db [None req-7abf40e3-5f76-4a9f-a927-4b6577310b8c 9b79efb632104899a29982ab5c7db7f5 1c23899b06fb4ba49e519f066ce75c14 - - default default] Successfully bumped revision number for resource 8ed5b51c-9172-4d6f-a673-e40eb87fd4a9 (type: security_group_rules) to 0
2026-05-27 01:49:13.891 9 INFO neutron.db.ovn_revision_numbers_db [None req-7abf40e3-5f76-4a9f-a927-4b6577310b8c 9b79efb632104899a29982ab5c7db7f5 1c23899b06fb4ba49e519f066ce75c14 - - default default] Successfully bumped revision number for resource 96301053-bc4a-48a0-a069-e0d3404a89f5 (type: security_group_rules) to 0
2026-05-27 01:49:13.897 10 INFO neutron.db.ovn_revision_numbers_db [None req-0a361027-c28c-4c62-8ea0-bbe863c92b54 4d92acc50fe54200a401377477741051 d1430deb46ff4bdbb3f73e89717b5dc7 - - default default] Successfully bumped revision number for resource e549eada-11d2-4129-a322-6ec58297ea9d (type: security_groups) to 1
2026-05-27 01:49:13.911 10 INFO neutron.db.ovn_revision_numbers_db [None req-0a361027-c28c-4c62-8ea0-bbe863c92b54 4d92acc50fe54200a401377477741051 d1430deb46ff4bdbb3f73e89717b5dc7 - - default default] Successfully bumped revision number for resource 0c519f5c-9004-48df-9d2f-ef9d8f79890d (type: security_group_rules) to 0
2026-05-27 01:49:13.923 9 INFO neutron.wsgi [None req-7abf40e3-5f76-4a9f-a927-4b6577310b8c 9b79efb632104899a29982ab5c7db7f5 1c23899b06fb4ba49e519f066ce75c14 - - default default] 10.0.0.76 "GET /v2.0/security-groups?tenant_id=aaa04498b8a1402bb502eec18da38043&name=default HTTP/1.1" status: 200 len: 3120 time: 0.5132811
2026-05-27 01:49:13.937 10 INFO neutron.db.ovn_revision_numbers_db [None req-0a361027-c28c-4c62-8ea0-bbe863c92b54 4d92acc50fe54200a401377477741051 d1430deb46ff4bdbb3f73e89717b5dc7 - - default default] Successfully bumped revision number for resource 3ffbf905-507b-44bb-a2b2-a477a4f81446 (type: security_group_rules) to 0
2026-05-27 01:49:13.972 10 INFO neutron.wsgi [None req-0a361027-c28c-4c62-8ea0-bbe863c92b54 4d92acc50fe54200a401377477741051 d1430deb46ff4bdbb3f73e89717b5dc7 - - default default] 10.0.0.76 "POST /v2.0/security-groups HTTP/1.1" status: 201 len: 1861 time: 0.2313106
2026-05-27 01:49:13.981 9 WARNING neutron_lib.context [None req-a242b88c-3a44-4531-ba59-290b81f47df7 4d92acc50fe54200a401377477741051 d1430deb46ff4bdbb3f73e89717b5dc7 - - default default] Method 'is_advsvc' is deprecated since 2023.2 release (neutron-lib 3.8.0) and will be removed once support for the old RBAC API policies will be removed from Neutron. Please use method 'is_service_role' instead.
2026-05-27 01:49:14.139 9 INFO neutron.wsgi [None req-b20f4895-5654-46a3-8160-426dc963c63b 3dd17f653cac406390bad852df1d8f67 898e0832c1da4d14a2e8d04ad717c241 - - default default] 10.0.0.76 "POST /v2.0/floatingips HTTP/1.1" status: 201 len: 751 time: 0.6730101
2026-05-27 01:49:14.159 9 INFO neutron.db.ovn_revision_numbers_db [None req-a242b88c-3a44-4531-ba59-290b81f47df7 4d92acc50fe54200a401377477741051 d1430deb46ff4bdbb3f73e89717b5dc7 - - default default] Successfully bumped revision number for resource 0a392e2a-4a0c-496b-9bad-4116ded1d536 (type: security_group_rules) to 0
2026-05-27 01:49:14.160 10 INFO neutron.wsgi [None req-9910eb14-a84e-4c29-81a2-b89b43827c58 9b79efb632104899a29982ab5c7db7f5 1c23899b06fb4ba49e519f066ce75c14 - - default default] 10.0.0.76 "DELETE /v2.0/security-groups/55d5cb27-753c-4d4a-ae4c-9d2e46cfebf4 HTTP/1.1" status: 204 len: 168 time: 0.2282298
2026-05-27 01:49:14.184 9 INFO neutron.wsgi [None req-a242b88c-3a44-4531-ba59-290b81f47df7 4d92acc50fe54200a401377477741051 d1430deb46ff4bdbb3f73e89717b5dc7 - - default default] 10.0.0.76 "POST /v2.0/security-group-rules HTTP/1.1" status: 201 len: 796 time: 0.2082837
2026-05-27 01:49:14.195 9 WARNING neutron_lib.context [None req-8af2cd86-fd20-47b1-a9da-b26daf31f483 4d92acc50fe54200a401377477741051 d1430deb46ff4bdbb3f73e89717b5dc7 - - default default] Method 'is_advsvc' is deprecated since 2023.2 release (neutron-lib 3.8.0) and will be removed once support for the old RBAC API policies will be removed from Neutron. Please use method 'is_service_role' instead.
2026-05-27 01:49:14.336 9 INFO neutron.db.ovn_revision_numbers_db [None req-8af2cd86-fd20-47b1-a9da-b26daf31f483 4d92acc50fe54200a401377477741051 d1430deb46ff4bdbb3f73e89717b5dc7 - - default default] Successfully bumped revision number for resource 43d23ce5-7f79-4bb2-b5be-33667fd38a03 (type: security_group_rules) to 0
2026-05-27 01:49:14.372 9 INFO neutron.wsgi [None req-8af2cd86-fd20-47b1-a9da-b26daf31f483 4d92acc50fe54200a401377477741051 d1430deb46ff4bdbb3f73e89717b5dc7 - - default default] 10.0.0.76 "POST /v2.0/security-group-rules HTTP/1.1" status: 201 len: 801 time: 0.1827850
2026-05-27 01:49:14.389 9 WARNING neutron_lib.context [None req-2dcefdeb-0d04-42b6-9f40-65178c9dfa5d 4d92acc50fe54200a401377477741051 d1430deb46ff4bdbb3f73e89717b5dc7 - - default default] Method 'is_advsvc' is deprecated since 2023.2 release (neutron-lib 3.8.0) and will be removed once support for the old RBAC API policies will be removed from Neutron. Please use method 'is_service_role' instead.
2026-05-27 01:49:14.670 9 INFO neutron.wsgi [req-3307405e-e057-4003-ad75-4d071bd4eb71 req-c2651b50-e0f6-407b-bdb7-0b707dc3c7ca 3dd17f653cac406390bad852df1d8f67 898e0832c1da4d14a2e8d04ad717c241 - - default default] 10.0.0.103 "GET /v2.0/security-groups?name=tempest-securitygroup--504446957&fields=id&tenant_id=898e0832c1da4d14a2e8d04ad717c241 HTTP/1.1" status: 200 len: 267 time: 0.0597093
2026-05-27 01:49:14.705 9 WARNING neutron.scheduler.dhcp_agent_scheduler [None req-2dcefdeb-0d04-42b6-9f40-65178c9dfa5d 4d92acc50fe54200a401377477741051 d1430deb46ff4bdbb3f73e89717b5dc7 - - default default] No more DHCP agents
2026-05-27 01:49:14.708 9 WARNING neutron.api.rpc.agentnotifiers.dhcp_rpc_agent_api [None req-2dcefdeb-0d04-42b6-9f40-65178c9dfa5d 4d92acc50fe54200a401377477741051 d1430deb46ff4bdbb3f73e89717b5dc7 - - default default] Unable to schedule network 8c9f9782-a40c-4944-bf8b-e87dac191b04: no agents available; will retry on subsequent port and subnet creation events.
2026-05-27 01:49:14.764 9 INFO neutron.wsgi [req-3307405e-e057-4003-ad75-4d071bd4eb71 req-2edde022-7c26-4d79-a617-71ae435e2266 3dd17f653cac406390bad852df1d8f67 898e0832c1da4d14a2e8d04ad717c241 - - default default] 10.0.0.103 "GET /v2.0/networks?id=5761886d-d13a-4ea9-85ce-42be12747774 HTTP/1.1" status: 200 len: 869 time: 0.0877929
2026-05-27 01:49:14.786 9 INFO neutron.wsgi [req-3307405e-e057-4003-ad75-4d071bd4eb71 req-8a75059b-749c-4968-b75e-24febfbc8d24 3dd17f653cac406390bad852df1d8f67 898e0832c1da4d14a2e8d04ad717c241 - - default default] 10.0.0.103 "GET /v2.0/quotas/898e0832c1da4d14a2e8d04ad717c241 HTTP/1.1" status: 200 len: 491 time: 0.0110328
2026-05-27 01:49:14.917 9 INFO neutron.wsgi [req-3307405e-e057-4003-ad75-4d071bd4eb71 req-27af325e-3663-4c7d-9093-37db0d963e35 3dd17f653cac406390bad852df1d8f67 898e0832c1da4d14a2e8d04ad717c241 - - default default] 10.0.0.103 "GET /v2.0/ports?tenant_id=898e0832c1da4d14a2e8d04ad717c241&fields=id HTTP/1.1" status: 200 len: 302 time: 0.1242533
2026-05-27 01:49:15.025 9 INFO neutron.wsgi [None req-2dcefdeb-0d04-42b6-9f40-65178c9dfa5d 4d92acc50fe54200a401377477741051 d1430deb46ff4bdbb3f73e89717b5dc7 - - default default] 10.0.0.76 "POST /v2.0/floatingips HTTP/1.1" status: 201 len: 751 time: 0.6450186
2026-05-27 01:49:15.350 9 INFO neutron.wsgi [req-3307405e-e057-4003-ad75-4d071bd4eb71 req-760b4f4b-bdce-4e8b-9c7b-0c7fdd256327 fc69de7d45ee4886828c95b3c0500558 c060b4b2087b4a8a975ad4099f2ce171 - - d5fe3bbb03c64be7acb79c7309a0a069 d5fe3bbb03c64be7acb79c7309a0a069] 10.0.0.103 "GET /v2.0/extensions HTTP/1.1" status: 200 len: 18683 time: 0.0573568
2026-05-27 01:49:15.425 9 INFO neutron.wsgi [req-3307405e-e057-4003-ad75-4d071bd4eb71 req-0a6fa685-cb1b-4f3a-a93f-5e1075088fe0 fc69de7d45ee4886828c95b3c0500558 c060b4b2087b4a8a975ad4099f2ce171 - - d5fe3bbb03c64be7acb79c7309a0a069 d5fe3bbb03c64be7acb79c7309a0a069] 10.0.0.103 "GET /v2.0/networks/5761886d-d13a-4ea9-85ce-42be12747774?fields=segments HTTP/1.1" status: 200 len: 212 time: 0.0665872
2026-05-27 01:49:15.480 9 INFO neutron.wsgi [req-3307405e-e057-4003-ad75-4d071bd4eb71 req-1d3a85ad-8c30-4dc4-8166-1185315fb574 fc69de7d45ee4886828c95b3c0500558 c060b4b2087b4a8a975ad4099f2ce171 - - d5fe3bbb03c64be7acb79c7309a0a069 d5fe3bbb03c64be7acb79c7309a0a069] 10.0.0.103 "GET /v2.0/networks/5761886d-d13a-4ea9-85ce-42be12747774?fields=provider%3Aphysical_network&fields=provider%3Anetwork_type HTTP/1.1" status: 200 len: 277 time: 0.0470872
2026-05-27 01:49:15.645 9 INFO neutron.wsgi [req-e831ed70-f878-47f0-aeff-cdbd0200247d req-46d6e452-fbe9-4687-bcbb-76822c53481a 3dd17f653cac406390bad852df1d8f67 898e0832c1da4d14a2e8d04ad717c241 - - default default] 10.0.0.103 "GET /v2.0/ports?device_id=e901fdbe-8737-4d96-828d-e4dbbd2b0e5c HTTP/1.1" status: 200 len: 210 time: 0.0269251
2026-05-27 01:49:16.457 10 INFO neutron.wsgi [req-3307405e-e057-4003-ad75-4d071bd4eb71 req-bba97174-b41f-4a08-b6b2-8840e0726c36 3dd17f653cac406390bad852df1d8f67 898e0832c1da4d14a2e8d04ad717c241 - - default default] 199.204.45.140 "GET /v2.0/networks?id=5761886d-d13a-4ea9-85ce-42be12747774 HTTP/1.1" status: 200 len: 869 time: 0.1025422
2026-05-27 01:49:16.535 10 INFO neutron.wsgi [req-3307405e-e057-4003-ad75-4d071bd4eb71 req-ca942ea6-6de2-4a6e-8a30-09a6641c2b90 3dd17f653cac406390bad852df1d8f67 898e0832c1da4d14a2e8d04ad717c241 - - default default] 199.204.45.140 "GET /v2.0/security-groups?fields=id&fields=name&tenant_id=898e0832c1da4d14a2e8d04ad717c241 HTTP/1.1" status: 200 len: 379 time: 0.0674410
2026-05-27 01:49:16.545 10 WARNING neutron_lib.context [req-3307405e-e057-4003-ad75-4d071bd4eb71 req-41d2b374-ff3f-450c-983b-a420f45a308d 3dd17f653cac406390bad852df1d8f67 898e0832c1da4d14a2e8d04ad717c241 - - default default] Method 'is_advsvc' is deprecated since 2023.2 release (neutron-lib 3.8.0) and will be removed once support for the old RBAC API policies will be removed from Neutron. Please use method 'is_service_role' instead.
2026-05-27 01:49:16.747 9 INFO neutron.wsgi [req-c88bba69-8c11-49b3-9c25-4be93e707401 req-42026859-68fb-4369-954f-88dec424a369 3dd17f653cac406390bad852df1d8f67 898e0832c1da4d14a2e8d04ad717c241 - - default default] 10.0.0.103 "GET /v2.0/ports?device_id=e901fdbe-8737-4d96-828d-e4dbbd2b0e5c HTTP/1.1" status: 200 len: 210 time: 0.0264893
2026-05-27 01:49:17.188 10 WARNING neutron.scheduler.dhcp_agent_scheduler [req-3307405e-e057-4003-ad75-4d071bd4eb71 req-41d2b374-ff3f-450c-983b-a420f45a308d 3dd17f653cac406390bad852df1d8f67 898e0832c1da4d14a2e8d04ad717c241 - - default default] No more DHCP agents
2026-05-27 01:49:17.190 10 WARNING neutron.api.rpc.agentnotifiers.dhcp_rpc_agent_api [req-3307405e-e057-4003-ad75-4d071bd4eb71 req-41d2b374-ff3f-450c-983b-a420f45a308d 3dd17f653cac406390bad852df1d8f67 898e0832c1da4d14a2e8d04ad717c241 - - default default] Unable to schedule network 5761886d-d13a-4ea9-85ce-42be12747774: no agents available; will retry on subsequent port and subnet creation events.
2026-05-27 01:49:17.351 10 INFO neutron.db.ovn_revision_numbers_db [req-3307405e-e057-4003-ad75-4d071bd4eb71 req-41d2b374-ff3f-450c-983b-a420f45a308d 3dd17f653cac406390bad852df1d8f67 898e0832c1da4d14a2e8d04ad717c241 - - default default] Successfully bumped revision number for resource e4115399-f994-4562-a554-ca391f3fc473 (type: ports) to 1
2026-05-27 01:49:17.377 10 INFO neutron.wsgi [req-3307405e-e057-4003-ad75-4d071bd4eb71 req-41d2b374-ff3f-450c-983b-a420f45a308d 3dd17f653cac406390bad852df1d8f67 898e0832c1da4d14a2e8d04ad717c241 - - default default] 199.204.45.140 "POST /v2.0/ports HTTP/1.1" status: 201 len: 1158 time: 0.8377719 /var/lib/openstack/lib/python3.10/site-packages/pycadf/identifier.py:71: UserWarning: Invalid uuid: neutron. To ensure interoperability, identifiers should be a valid uuid. warnings.warn(('Invalid uuid: %s. To ensure interoperability, '
2026-05-27 01:49:17.503 9 INFO neutron.wsgi [req-3bc27e64-42c3-46c3-b2b9-053aaab117f2 req-6f6f116f-b332-42fc-a10e-1384aec90bec fc69de7d45ee4886828c95b3c0500558 c060b4b2087b4a8a975ad4099f2ce171 - - d5fe3bbb03c64be7acb79c7309a0a069 d5fe3bbb03c64be7acb79c7309a0a069] 10.0.0.52 "GET /v2.0/ports?device_id=aa476b5e-efc1-410d-9286-11fce0e65b5a HTTP/1.1" status: 200 len: 1413 time: 0.4129949
2026-05-27 01:49:17.558 9 INFO neutron.wsgi [req-3bc27e64-42c3-46c3-b2b9-053aaab117f2 req-55dcc15b-74c1-4957-af4f-9f084e6726b3 fc69de7d45ee4886828c95b3c0500558 c060b4b2087b4a8a975ad4099f2ce171 - - d5fe3bbb03c64be7acb79c7309a0a069 d5fe3bbb03c64be7acb79c7309a0a069] 10.0.0.52 "GET /v2.0/security-groups?id=3de6fc65-556a-4c04-a5ba-52403ead2f69&fields=id&fields=name HTTP/1.1" status: 200 len: 312 time: 0.0469294
2026-05-27 01:49:17.794 10 WARNING neutron.plugins.ml2.drivers.ovn.mech_driver.ovsdb.ovn_client [None req-cc92ae5f-bebd-4e75-aa20-917944998ec5 - - - - - -] No hosting information found for port 17ba0ac7-91de-4088-ac7b-1ff382881b40: RuntimeError: No hosting information found for port 17ba0ac7-91de-4088-ac7b-1ff382881b40
2026-05-27 01:49:17.795 10 INFO neutron.plugins.ml2.drivers.ovn.mech_driver.mech_driver [None req-cc92ae5f-bebd-4e75-aa20-917944998ec5 - - - - - -] OVN reports status up for port: 7f39c987-9ce0-4ad3-9d13-5d4f6b3eba6d
2026-05-27 01:49:17.807 10 INFO neutron.plugins.ml2.plugin [None req-cc92ae5f-bebd-4e75-aa20-917944998ec5 - - - - - -] Attempt 1 to provision port 7f39c987-9ce0-4ad3-9d13-5d4f6b3eba6d
2026-05-27 01:49:17.875 9 INFO neutron.wsgi [req-1ae817ce-aded-4615-9830-4826abf58c6a req-f86d0fd1-2fd6-4e64-a0ca-23a47ab971e7 3dd17f653cac406390bad852df1d8f67 898e0832c1da4d14a2e8d04ad717c241 - - default default] 10.0.0.103 "GET /v2.0/ports?device_id=e901fdbe-8737-4d96-828d-e4dbbd2b0e5c HTTP/1.1" status: 200 len: 1168 time: 0.0607152
2026-05-27 01:49:17.894 10 INFO neutron.db.ovn_revision_numbers_db [req-3307405e-e057-4003-ad75-4d071bd4eb71 req-c89e3b19-e8e3-4a3c-b77b-977b4a72dd57 fc69de7d45ee4886828c95b3c0500558 c060b4b2087b4a8a975ad4099f2ce171 - - d5fe3bbb03c64be7acb79c7309a0a069 d5fe3bbb03c64be7acb79c7309a0a069] Successfully bumped revision number for resource e4115399-f994-4562-a554-ca391f3fc473 (type: ports) to 2
2026-05-27 01:49:17.928 9 INFO neutron.wsgi [req-1ae817ce-aded-4615-9830-4826abf58c6a req-2fb689b9-c701-4053-92e1-8261f4f89bc7 3dd17f653cac406390bad852df1d8f67 898e0832c1da4d14a2e8d04ad717c241 - - default default] 10.0.0.103 "GET /v2.0/security-groups?id=a1b943c7-b122-4228-8df5-f479361934d0&fields=id&fields=name HTTP/1.1" status: 200 len: 312 time: 0.0464175
2026-05-27 01:49:18.154 10 INFO neutron.db.ovn_revision_numbers_db [req-3307405e-e057-4003-ad75-4d071bd4eb71 req-c89e3b19-e8e3-4a3c-b77b-977b4a72dd57 fc69de7d45ee4886828c95b3c0500558 c060b4b2087b4a8a975ad4099f2ce171 - - d5fe3bbb03c64be7acb79c7309a0a069 d5fe3bbb03c64be7acb79c7309a0a069] Successfully bumped revision number for resource e4115399-f994-4562-a554-ca391f3fc473 (type: ports) to 2
2026-05-27 01:49:18.195 10 INFO neutron.wsgi [req-3307405e-e057-4003-ad75-4d071bd4eb71 req-c89e3b19-e8e3-4a3c-b77b-977b4a72dd57 fc69de7d45ee4886828c95b3c0500558 c060b4b2087b4a8a975ad4099f2ce171 - - d5fe3bbb03c64be7acb79c7309a0a069 d5fe3bbb03c64be7acb79c7309a0a069] 199.204.45.140 "PUT /v2.0/ports/e4115399-f994-4562-a554-ca391f3fc473 HTTP/1.1" status: 200 len: 1376 time: 0.8108292 /var/lib/openstack/lib/python3.10/site-packages/pycadf/identifier.py:71: UserWarning: Invalid uuid: neutron. To ensure interoperability, identifiers should be a valid uuid. warnings.warn(('Invalid uuid: %s. To ensure interoperability, '
2026-05-27 01:49:18.252 10 INFO neutron.notifiers.nova [-] Nova event matching ['req-2f9bdfb4-9dcd-4a3d-bf98-a85afe531b91'] response: {'name': 'network-changed', 'server_uuid': 'e901fdbe-8737-4d96-828d-e4dbbd2b0e5c', 'tag': 'e4115399-f994-4562-a554-ca391f3fc473', 'status': 'completed', 'code': 200}
2026-05-27 01:49:18.295 10 INFO neutron.wsgi [req-3307405e-e057-4003-ad75-4d071bd4eb71 req-258f0837-1351-403d-8faf-3d8203fd7e4b fc69de7d45ee4886828c95b3c0500558 c060b4b2087b4a8a975ad4099f2ce171 - - d5fe3bbb03c64be7acb79c7309a0a069 d5fe3bbb03c64be7acb79c7309a0a069] 199.204.45.140 "GET /v2.0/ports?tenant_id=898e0832c1da4d14a2e8d04ad717c241&device_id=e901fdbe-8737-4d96-828d-e4dbbd2b0e5c HTTP/1.1" status: 200 len: 1407 time: 0.0545273
2026-05-27 01:49:18.322 10 INFO neutron.wsgi [req-3307405e-e057-4003-ad75-4d071bd4eb71 req-db7b9a45-3fab-4a56-9945-9a6c27307e09 fc69de7d45ee4886828c95b3c0500558 c060b4b2087b4a8a975ad4099f2ce171 - - d5fe3bbb03c64be7acb79c7309a0a069 d5fe3bbb03c64be7acb79c7309a0a069] 199.204.45.140 "GET /v2.0/floatingips?fixed_ip_address=10.100.0.6&port_id=e4115399-f994-4562-a554-ca391f3fc473 HTTP/1.1" status: 200 len: 217 time: 0.0229173
2026-05-27 01:49:18.366 10 INFO neutron.wsgi [req-3307405e-e057-4003-ad75-4d071bd4eb71 req-a04269e5-018f-4456-8894-31a515fd6c56 fc69de7d45ee4886828c95b3c0500558 c060b4b2087b4a8a975ad4099f2ce171 - - d5fe3bbb03c64be7acb79c7309a0a069 d5fe3bbb03c64be7acb79c7309a0a069] 199.204.45.140 "GET /v2.0/subnets?id=34d82dfc-d986-42d1-a0f5-883cc43be7b5 HTTP/1.1" status: 200 len: 863 time: 0.0406458
2026-05-27 01:49:18.389 10 INFO neutron.wsgi [req-3307405e-e057-4003-ad75-4d071bd4eb71 req-eb958045-57f5-4a76-86f3-37fd1ed083bd fc69de7d45ee4886828c95b3c0500558 c060b4b2087b4a8a975ad4099f2ce171 - - d5fe3bbb03c64be7acb79c7309a0a069 d5fe3bbb03c64be7acb79c7309a0a069] 199.204.45.140 "GET /v2.0/ports?network_id=5761886d-d13a-4ea9-85ce-42be12747774&device_owner=network%3Adhcp HTTP/1.1" status: 200 len: 210 time: 0.0196595
2026-05-27 01:49:18.393 10 INFO neutron.db.ovn_revision_numbers_db [None req-cc92ae5f-bebd-4e75-aa20-917944998ec5 - - - - - -] Successfully bumped revision number for resource 7f39c987-9ce0-4ad3-9d13-5d4f6b3eba6d (type: ports) to 2
2026-05-27 01:49:18.486 10 INFO neutron.wsgi [req-3307405e-e057-4003-ad75-4d071bd4eb71 req-80ffae66-102c-48b2-8504-2d203edfc75a fc69de7d45ee4886828c95b3c0500558 c060b4b2087b4a8a975ad4099f2ce171 - - d5fe3bbb03c64be7acb79c7309a0a069 d5fe3bbb03c64be7acb79c7309a0a069] 199.204.45.140 "GET /v2.0/networks/5761886d-d13a-4ea9-85ce-42be12747774?fields=segments HTTP/1.1" status: 200 len: 212 time: 0.0929797
2026-05-27 01:49:18.570 10 INFO neutron.wsgi [req-3307405e-e057-4003-ad75-4d071bd4eb71 req-02059899-2cef-4a9f-ae4f-480fa0bf5681 fc69de7d45ee4886828c95b3c0500558 c060b4b2087b4a8a975ad4099f2ce171 - - d5fe3bbb03c64be7acb79c7309a0a069 d5fe3bbb03c64be7acb79c7309a0a069] 199.204.45.140 "GET /v2.0/networks/5761886d-d13a-4ea9-85ce-42be12747774?fields=provider%3Aphysical_network&fields=provider%3Anetwork_type HTTP/1.1" status: 200 len: 277 time: 0.0754626
2026-05-27 01:49:18.621 10 INFO neutron.db.ovn_revision_numbers_db [None req-cc92ae5f-bebd-4e75-aa20-917944998ec5 - - - - - -] Successfully bumped revision number for resource 7f39c987-9ce0-4ad3-9d13-5d4f6b3eba6d (type: router_ports) to 2
2026-05-27 01:49:18.663 10 INFO neutron.wsgi [req-d1f1a682-df35-40f7-9b83-6db4712c9a2c req-9148c99e-6349-43f9-8ea7-efbd5e06771e fc69de7d45ee4886828c95b3c0500558 c060b4b2087b4a8a975ad4099f2ce171 - - d5fe3bbb03c64be7acb79c7309a0a069 d5fe3bbb03c64be7acb79c7309a0a069] 199.204.45.140 "GET /v2.0/ports?tenant_id=898e0832c1da4d14a2e8d04ad717c241&device_id=e901fdbe-8737-4d96-828d-e4dbbd2b0e5c HTTP/1.1" status: 200 len: 1407 time: 0.0525203
2026-05-27 01:49:18.744 10 INFO neutron.wsgi [req-d1f1a682-df35-40f7-9b83-6db4712c9a2c req-0bc6fac0-43c2-4030-9e5f-7ee946181941 fc69de7d45ee4886828c95b3c0500558 c060b4b2087b4a8a975ad4099f2ce171 - - d5fe3bbb03c64be7acb79c7309a0a069 d5fe3bbb03c64be7acb79c7309a0a069] 199.204.45.140 "GET /v2.0/networks?id=5761886d-d13a-4ea9-85ce-42be12747774 HTTP/1.1" status: 200 len: 968 time: 0.0693033
2026-05-27 01:49:18.790 10 INFO neutron.wsgi [req-d1f1a682-df35-40f7-9b83-6db4712c9a2c req-a84af41e-23e5-436c-b052-16e5f9152b67 fc69de7d45ee4886828c95b3c0500558 c060b4b2087b4a8a975ad4099f2ce171 - - d5fe3bbb03c64be7acb79c7309a0a069 d5fe3bbb03c64be7acb79c7309a0a069] 199.204.45.140 "GET /v2.0/floatingips?fixed_ip_address=10.100.0.6&port_id=e4115399-f994-4562-a554-ca391f3fc473 HTTP/1.1" status: 200 len: 217 time: 0.0396502
2026-05-27 01:49:18.835 10 INFO neutron.wsgi [req-d1f1a682-df35-40f7-9b83-6db4712c9a2c req-5f427744-7c3c-4c5f-94fe-4c832c2b0e4d fc69de7d45ee4886828c95b3c0500558 c060b4b2087b4a8a975ad4099f2ce171 - - d5fe3bbb03c64be7acb79c7309a0a069 d5fe3bbb03c64be7acb79c7309a0a069] 199.204.45.140 "GET /v2.0/subnets?id=34d82dfc-d986-42d1-a0f5-883cc43be7b5 HTTP/1.1" status: 200 len: 863 time: 0.0336757
2026-05-27 01:49:18.869 10 INFO neutron.wsgi [req-d1f1a682-df35-40f7-9b83-6db4712c9a2c req-e897302a-4c77-49b0-9228-41eb3f6d9c67 fc69de7d45ee4886828c95b3c0500558 c060b4b2087b4a8a975ad4099f2ce171 - - d5fe3bbb03c64be7acb79c7309a0a069 d5fe3bbb03c64be7acb79c7309a0a069] 199.204.45.140 "GET /v2.0/ports?network_id=5761886d-d13a-4ea9-85ce-42be12747774&device_owner=network%3Adhcp HTTP/1.1" status: 200 len: 210 time: 0.0289719
2026-05-27 01:49:18.961 10 INFO neutron.wsgi [req-d1f1a682-df35-40f7-9b83-6db4712c9a2c req-f71edd0d-6bbe-4b4d-8bcf-5ce970bae044 fc69de7d45ee4886828c95b3c0500558 c060b4b2087b4a8a975ad4099f2ce171 - - d5fe3bbb03c64be7acb79c7309a0a069 d5fe3bbb03c64be7acb79c7309a0a069] 199.204.45.140 "GET /v2.0/networks/5761886d-d13a-4ea9-85ce-42be12747774?fields=segments HTTP/1.1" status: 200 len: 212 time: 0.0850172
2026-05-27 01:49:19.038 10 INFO neutron.wsgi [req-d1f1a682-df35-40f7-9b83-6db4712c9a2c req-793a01a9-1300-4ce9-ad91-2eb35e84604b fc69de7d45ee4886828c95b3c0500558 c060b4b2087b4a8a975ad4099f2ce171 - - d5fe3bbb03c64be7acb79c7309a0a069 d5fe3bbb03c64be7acb79c7309a0a069] 199.204.45.140 "GET /v2.0/networks/5761886d-d13a-4ea9-85ce-42be12747774?fields=provider%3Aphysical_network&fields=provider%3Anetwork_type HTTP/1.1" status: 200 len: 277 time: 0.0702262
2026-05-27 01:49:19.049 9 INFO neutron.wsgi [req-a2f37aae-e313-430c-aee0-56080a6f611a req-2b075965-077d-4264-8be4-1329425f6819 3dd17f653cac406390bad852df1d8f67 898e0832c1da4d14a2e8d04ad717c241 - - default default] 10.0.0.103 "GET /v2.0/ports?device_id=e901fdbe-8737-4d96-828d-e4dbbd2b0e5c HTTP/1.1" status: 200 len: 1168 time: 0.0370097
2026-05-27 01:49:19.100 9 INFO neutron.wsgi [req-a2f37aae-e313-430c-aee0-56080a6f611a req-58a4d058-d5d3-4c4c-8df1-39ad8c92c649 3dd17f653cac406390bad852df1d8f67 898e0832c1da4d14a2e8d04ad717c241 - - default default] 10.0.0.103 "GET /v2.0/security-groups?id=a1b943c7-b122-4228-8df5-f479361934d0&fields=id&fields=name HTTP/1.1" status: 200 len: 312 time: 0.0413918
2026-05-27 01:49:20.264 9 INFO neutron.wsgi [req-ac77ddc2-6c71-4cbe-865c-ad32b72bcff1 req-c083c21f-d2ad-4b65-a6aa-f2f36f554134 3dd17f653cac406390bad852df1d8f67 898e0832c1da4d14a2e8d04ad717c241 - - default default] 10.0.0.103 "GET /v2.0/ports?device_id=e901fdbe-8737-4d96-828d-e4dbbd2b0e5c HTTP/1.1" status: 200 len: 1168 time: 0.0985107
2026-05-27 01:49:20.309 9 INFO neutron.wsgi [req-ac77ddc2-6c71-4cbe-865c-ad32b72bcff1 req-c6183986-b006-485d-91e4-434deca907af 3dd17f653cac406390bad852df1d8f67 898e0832c1da4d14a2e8d04ad717c241 - - default default] 10.0.0.103 "GET /v2.0/security-groups?id=a1b943c7-b122-4228-8df5-f479361934d0&fields=id&fields=name HTTP/1.1" status: 200 len: 312 time: 0.0383825
2026-05-27 01:49:20.514 9 INFO neutron.db.ovn_revision_numbers_db [None req-96afa593-39fb-4dba-82be-c2f40e378adf 9b79efb632104899a29982ab5c7db7f5 1c23899b06fb4ba49e519f066ce75c14 - - default default] Successfully bumped revision number for resource 40e25e7d-8776-4edc-9f03-f8cd539d5cd5 (type: security_groups) to 1
2026-05-27 01:49:20.528 9 INFO neutron.db.ovn_revision_numbers_db [None req-96afa593-39fb-4dba-82be-c2f40e378adf 9b79efb632104899a29982ab5c7db7f5 1c23899b06fb4ba49e519f066ce75c14 - - default default] Successfully bumped revision number for resource 063d74f3-4cc9-4967-bda9-f6a7ffec127d (type: security_group_rules) to 0
2026-05-27 01:49:20.541 9 INFO neutron.db.ovn_revision_numbers_db [None req-96afa593-39fb-4dba-82be-c2f40e378adf 9b79efb632104899a29982ab5c7db7f5 1c23899b06fb4ba49e519f066ce75c14 - - default default] Successfully bumped revision number for resource 6c18e912-1949-4c39-9efc-7ea4bd94b195 (type: security_group_rules) to 0
2026-05-27 01:49:20.557 9 INFO neutron.db.ovn_revision_numbers_db [None req-96afa593-39fb-4dba-82be-c2f40e378adf 9b79efb632104899a29982ab5c7db7f5 1c23899b06fb4ba49e519f066ce75c14 - - default default] Successfully bumped revision number for resource 99472129-006f-4f55-bb7b-e323e1b1065d (type: security_group_rules) to 0
2026-05-27 01:49:20.573 9 INFO neutron.db.ovn_revision_numbers_db [None req-96afa593-39fb-4dba-82be-c2f40e378adf 9b79efb632104899a29982ab5c7db7f5 1c23899b06fb4ba49e519f066ce75c14 - - default default] Successfully bumped revision number for resource f5fbeee6-099e-4211-b55d-788effc63cb5 (type: security_group_rules) to 0
2026-05-27 01:49:20.597 9 INFO neutron.wsgi [None req-96afa593-39fb-4dba-82be-c2f40e378adf 9b79efb632104899a29982ab5c7db7f5 1c23899b06fb4ba49e519f066ce75c14 - - default default] 10.0.0.76 "GET /v2.0/security-groups?tenant_id=6d32d2a6c18e4b9ba8a10a79f7e5e8b1&name=default HTTP/1.1" status: 200 len: 3120 time: 0.3721855
2026-05-27 01:49:20.830 9 INFO neutron.wsgi [None req-bb5023bc-4f63-4b03-ae73-966055be1684 9b79efb632104899a29982ab5c7db7f5 1c23899b06fb4ba49e519f066ce75c14 - - default default] 10.0.0.76 "DELETE /v2.0/security-groups/40e25e7d-8776-4edc-9f03-f8cd539d5cd5 HTTP/1.1" status: 204 len: 168 time: 0.2247870
2026-05-27 01:49:20.967 9 INFO neutron.wsgi [req-8f338f46-df22-4203-8878-d540ba9759db req-63bd4df4-d663-45ae-a7b4-7059bd6b4697 4d92acc50fe54200a401377477741051 d1430deb46ff4bdbb3f73e89717b5dc7 - - default default] 10.0.0.103 "GET /v2.0/security-groups?name=tempest-securitygroup--1059283571&fields=id&tenant_id=d1430deb46ff4bdbb3f73e89717b5dc7 HTTP/1.1" status: 200 len: 267 time: 0.0414088
2026-05-27 01:49:21.035 9 INFO neutron.wsgi [req-8f338f46-df22-4203-8878-d540ba9759db req-0c24ea56-206a-4d00-b8ee-71ce65d1832a 4d92acc50fe54200a401377477741051 d1430deb46ff4bdbb3f73e89717b5dc7 - - default default] 10.0.0.103 "GET /v2.0/networks?id=305cd94e-c009-4ca7-a08b-e7cabdf69c44 HTTP/1.1" status: 200 len: 878 time: 0.0593688
2026-05-27 01:49:21.051 9 INFO neutron.wsgi [req-8f338f46-df22-4203-8878-d540ba9759db req-88ddf333-4d3d-4a3e-8a1d-a6eee317174e 4d92acc50fe54200a401377477741051 d1430deb46ff4bdbb3f73e89717b5dc7 - - default default] 10.0.0.103 "GET /v2.0/quotas/d1430deb46ff4bdbb3f73e89717b5dc7 HTTP/1.1" status: 200 len: 491 time: 0.0105422
2026-05-27 01:49:21.057 10 INFO neutron.db.ovn_revision_numbers_db [None req-1a06451a-afa1-4d1b-9aa9-b52547f36fe7 9b79efb632104899a29982ab5c7db7f5 1c23899b06fb4ba49e519f066ce75c14 - - default default] Successfully bumped revision number for resource c74bd6db-cb6f-428f-84bd-a0a0c51ab487 (type: security_groups) to 1
2026-05-27 01:49:21.073 10 INFO neutron.db.ovn_revision_numbers_db [None req-1a06451a-afa1-4d1b-9aa9-b52547f36fe7 9b79efb632104899a29982ab5c7db7f5 1c23899b06fb4ba49e519f066ce75c14 - - default default] Successfully bumped revision number for resource 91250d28-f53d-40d0-9da6-df711aafdf93 (type: security_group_rules) to 0
2026-05-27 01:49:21.087 10 INFO neutron.db.ovn_revision_numbers_db [None req-1a06451a-afa1-4d1b-9aa9-b52547f36fe7 9b79efb632104899a29982ab5c7db7f5 1c23899b06fb4ba49e519f066ce75c14 - - default default] Successfully bumped revision number for resource b034a63b-2a83-49f0-98eb-895cd4cdfaa6 (type: security_group_rules) to 0
2026-05-27 01:49:21.100 10 INFO neutron.db.ovn_revision_numbers_db [None req-1a06451a-afa1-4d1b-9aa9-b52547f36fe7 9b79efb632104899a29982ab5c7db7f5 1c23899b06fb4ba49e519f066ce75c14 - - default default] Successfully bumped revision number for resource f3631b95-5868-4198-82bd-c7ebcf97ca28 (type: security_group_rules) to 0
2026-05-27 01:49:21.114 10 INFO neutron.db.ovn_revision_numbers_db [None req-1a06451a-afa1-4d1b-9aa9-b52547f36fe7 9b79efb632104899a29982ab5c7db7f5 1c23899b06fb4ba49e519f066ce75c14 - - default default] Successfully bumped revision number for resource ff70b979-8886-45d1-acf4-d41c6e168d20 (type: security_group_rules) to 0
2026-05-27 01:49:21.132 9 INFO neutron.wsgi [req-8f338f46-df22-4203-8878-d540ba9759db req-73c5b020-c574-41cb-8cfa-5e2226d4a28f 4d92acc50fe54200a401377477741051 d1430deb46ff4bdbb3f73e89717b5dc7 - - default default] 10.0.0.103 "GET /v2.0/ports?tenant_id=d1430deb46ff4bdbb3f73e89717b5dc7&fields=id HTTP/1.1" status: 200 len: 302 time: 0.0751109
2026-05-27 01:49:21.136 10 INFO neutron.wsgi [None req-1a06451a-afa1-4d1b-9aa9-b52547f36fe7 9b79efb632104899a29982ab5c7db7f5 1c23899b06fb4ba49e519f066ce75c14 - - default default] 10.0.0.76 "GET /v2.0/security-groups?tenant_id=fb8092457fa244049ddf274155a194c4&name=default HTTP/1.1" status: 200 len: 3120 time: 0.2005641
2026-05-27 01:49:21.207 9 INFO neutron.wsgi [req-8f338f46-df22-4203-8878-d540ba9759db req-33b6529a-5a3e-410c-9f66-8a7e09906147 fc69de7d45ee4886828c95b3c0500558 c060b4b2087b4a8a975ad4099f2ce171 - - d5fe3bbb03c64be7acb79c7309a0a069 d5fe3bbb03c64be7acb79c7309a0a069] 10.0.0.103 "GET /v2.0/networks/305cd94e-c009-4ca7-a08b-e7cabdf69c44?fields=segments HTTP/1.1" status: 200 len: 212 time: 0.0635345
2026-05-27 01:49:21.479 9 INFO neutron.wsgi [req-fa854cc4-b32c-4523-a3fe-7680028911e1 req-ad023eda-67bd-4406-9642-4b1c1cb91678 3dd17f653cac406390bad852df1d8f67 898e0832c1da4d14a2e8d04ad717c241 - - default default] 10.0.0.103 "GET /v2.0/ports?device_id=e901fdbe-8737-4d96-828d-e4dbbd2b0e5c HTTP/1.1" status: 200 len: 1168 time: 0.0499575
2026-05-27 01:49:21.495 9 INFO neutron.wsgi [req-8f338f46-df22-4203-8878-d540ba9759db req-91722c2c-e416-4d92-b7c7-7778489973e1 fc69de7d45ee4886828c95b3c0500558 c060b4b2087b4a8a975ad4099f2ce171 - - d5fe3bbb03c64be7acb79c7309a0a069 d5fe3bbb03c64be7acb79c7309a0a069] 10.0.0.103 "GET /v2.0/networks/305cd94e-c009-4ca7-a08b-e7cabdf69c44?fields=provider%3Aphysical_network&fields=provider%3Anetwork_type HTTP/1.1" status: 200 len: 277 time: 0.2802429
2026-05-27 01:49:21.550 9 INFO neutron.wsgi [req-fa854cc4-b32c-4523-a3fe-7680028911e1 req-dc2b9413-8dd4-48f6-bb54-0532f12b1153 3dd17f653cac406390bad852df1d8f67 898e0832c1da4d14a2e8d04ad717c241 - - default default] 10.0.0.103 "GET /v2.0/security-groups?id=a1b943c7-b122-4228-8df5-f479361934d0&fields=id&fields=name HTTP/1.1" status: 200 len: 312 time: 0.0609756
2026-05-27 01:49:21.637 9 INFO neutron.wsgi [None req-5df11011-bf3d-4818-976d-fd139fe10002 9b79efb632104899a29982ab5c7db7f5 1c23899b06fb4ba49e519f066ce75c14 - - default default] 10.0.0.76 "DELETE /v2.0/security-groups/c74bd6db-cb6f-428f-84bd-a0a0c51ab487 HTTP/1.1" status: 204 len: 168 time: 0.4939332
2026-05-27 01:49:21.855 9 INFO neutron.wsgi [req-119804ea-c5ec-4af3-85c4-d0cb5a77b72c req-fd05f854-8111-4b3f-9a2e-47d817b1c61e 4d92acc50fe54200a401377477741051 d1430deb46ff4bdbb3f73e89717b5dc7 - - default default] 10.0.0.103 "GET /v2.0/ports?device_id=14c5f060-e011-4dd4-83a4-63561ea17e0e HTTP/1.1" status: 200 len: 210 time: 0.0231698
2026-05-27 01:49:22.465 9 INFO neutron.wsgi [req-18444761-a63a-4899-af95-daa69d42d3a0 req-f506ef72-fb7e-4b26-86cd-9e3589eda106 308274d3fd7342839b06aec25897d544 8559211312864d81940741c06356df38 - - default default] 10.0.0.103 "GET /v2.0/ports?device_id=aa476b5e-efc1-410d-9286-11fce0e65b5a HTTP/1.1" status: 200 len: 1174 time: 0.0998843
2026-05-27 01:49:22.557 9 INFO neutron.wsgi [req-54a0c7df-d6c6-4864-a4ef-99b1eacbe819 req-ae9c7d0f-3dfd-4e80-bb9b-b2653a1c0a98 308274d3fd7342839b06aec25897d544 8559211312864d81940741c06356df38 - - default default] 10.0.0.103 "GET /v2.0/ports/e4da742a-747a-4d1c-be39-6333f03c5fac HTTP/1.1" status: 200 len: 1171 time: 0.0417767
2026-05-27 01:49:22.647 9 INFO neutron.wsgi [req-eacc322f-55d8-463c-ba00-053f4b19e3ad req-f148803b-4866-4b9d-8184-c14e0e36f8cc 3dd17f653cac406390bad852df1d8f67 898e0832c1da4d14a2e8d04ad717c241 - - default default] 10.0.0.103 "GET /v2.0/ports?device_id=e901fdbe-8737-4d96-828d-e4dbbd2b0e5c HTTP/1.1" status: 200 len: 1168 time: 0.0390863
2026-05-27 01:49:22.669 10 INFO neutron.wsgi [req-8f338f46-df22-4203-8878-d540ba9759db req-c599ed35-696f-4ff4-baf3-956d6e9dc386 4d92acc50fe54200a401377477741051 d1430deb46ff4bdbb3f73e89717b5dc7 - - default default] 199.204.45.140 "GET /v2.0/networks?id=305cd94e-c009-4ca7-a08b-e7cabdf69c44 HTTP/1.1" status: 200 len: 878 time: 0.0738957
2026-05-27 01:49:22.700 9 INFO neutron.wsgi [req-eacc322f-55d8-463c-ba00-053f4b19e3ad req-ae502788-9b7f-495b-a30a-9afb181f119f 3dd17f653cac406390bad852df1d8f67 898e0832c1da4d14a2e8d04ad717c241 - - default default] 10.0.0.103 "GET /v2.0/security-groups?id=a1b943c7-b122-4228-8df5-f479361934d0&fields=id&fields=name HTTP/1.1" status: 200 len: 312 time: 0.0471799
2026-05-27 01:49:22.721 10 INFO neutron.wsgi [req-8f338f46-df22-4203-8878-d540ba9759db req-2ff0e1e8-fefb-44a0-b908-bf02fa614c7b 4d92acc50fe54200a401377477741051 d1430deb46ff4bdbb3f73e89717b5dc7 - - default default] 199.204.45.140 "GET /v2.0/security-groups?fields=id&fields=name&tenant_id=d1430deb46ff4bdbb3f73e89717b5dc7 HTTP/1.1" status: 200 len: 380 time: 0.0471816
2026-05-27 01:49:22.756 10 WARNING neutron_lib.context [req-8f338f46-df22-4203-8878-d540ba9759db req-2fe120b0-53ab-4b87-9d7a-02ddb6a83b84 4d92acc50fe54200a401377477741051 d1430deb46ff4bdbb3f73e89717b5dc7 - - default default] Method 'is_advsvc' is deprecated since 2023.2 release (neutron-lib 3.8.0) and will be removed once support for the old RBAC API policies will be removed from Neutron. Please use method 'is_service_role' instead.
2026-05-27 01:49:22.784 9 INFO neutron.wsgi [req-8a1ac532-61f7-4da0-ba9c-71e118b5b9b3 req-73cc1579-8571-48c7-b179-19f1fc62a626 308274d3fd7342839b06aec25897d544 8559211312864d81940741c06356df38 - - default default] 199.204.45.140 "GET /v2.0/subnets?network_id=64fc43bd-6ffd-45f6-bd00-485d3509d417 HTTP/1.1" status: 200 len: 858 time: 0.0773530
2026-05-27 01:49:22.866 9 INFO neutron.wsgi [req-8a1ac532-61f7-4da0-ba9c-71e118b5b9b3 req-28a63d24-e0cd-4ea1-8649-f0ad3c085de5 308274d3fd7342839b06aec25897d544 8559211312864d81940741c06356df38 - - default default] 199.204.45.140 "GET /v2.0/ports?device_id=aa476b5e-efc1-410d-9286-11fce0e65b5a&device_owner=compute%3Anova&network_id=64fc43bd-6ffd-45f6-bd00-485d3509d417 HTTP/1.1" status: 200 len: 1174 time: 0.0772433
2026-05-27 01:49:22.955 9 INFO neutron.wsgi [req-b69ff72b-41ef-4622-bc9a-312ec8c29a1e req-f5895a27-ffd3-474f-b03a-a37d6d246fde 4d92acc50fe54200a401377477741051 d1430deb46ff4bdbb3f73e89717b5dc7 - - default default] 10.0.0.103 "GET /v2.0/ports?device_id=14c5f060-e011-4dd4-83a4-63561ea17e0e HTTP/1.1" status: 200 len: 210 time: 0.0241678
2026-05-27 01:49:23.108 10 WARNING neutron.scheduler.dhcp_agent_scheduler [req-8f338f46-df22-4203-8878-d540ba9759db req-2fe120b0-53ab-4b87-9d7a-02ddb6a83b84 4d92acc50fe54200a401377477741051 d1430deb46ff4bdbb3f73e89717b5dc7 - - default default] No more DHCP agents
2026-05-27 01:49:23.110 10 WARNING neutron.api.rpc.agentnotifiers.dhcp_rpc_agent_api [req-8f338f46-df22-4203-8878-d540ba9759db req-2fe120b0-53ab-4b87-9d7a-02ddb6a83b84 4d92acc50fe54200a401377477741051 d1430deb46ff4bdbb3f73e89717b5dc7 - - default default] Unable to schedule network 305cd94e-c009-4ca7-a08b-e7cabdf69c44: no agents available; will retry on subsequent port and subnet creation events.
2026-05-27 01:49:23.266 10 INFO neutron.db.ovn_revision_numbers_db [req-8f338f46-df22-4203-8878-d540ba9759db req-2fe120b0-53ab-4b87-9d7a-02ddb6a83b84 4d92acc50fe54200a401377477741051 d1430deb46ff4bdbb3f73e89717b5dc7 - - default default] Successfully bumped revision number for resource 89a230dc-a550-4c4f-952a-f4c301c6018f (type: ports) to 1
2026-05-27 01:49:23.294 10 INFO neutron.wsgi [req-8f338f46-df22-4203-8878-d540ba9759db req-2fe120b0-53ab-4b87-9d7a-02ddb6a83b84 4d92acc50fe54200a401377477741051 d1430deb46ff4bdbb3f73e89717b5dc7 - - default default] 199.204.45.140 "POST /v2.0/ports HTTP/1.1" status: 201 len: 1158 time: 0.5452125 /var/lib/openstack/lib/python3.10/site-packages/pycadf/identifier.py:71: UserWarning: Invalid uuid: neutron. To ensure interoperability, identifiers should be a valid uuid. warnings.warn(('Invalid uuid: %s. To ensure interoperability, '
2026-05-27 01:49:23.456 9 INFO neutron.db.ovn_revision_numbers_db [req-8a1ac532-61f7-4da0-ba9c-71e118b5b9b3 req-14a6d8ec-b5dc-4cf0-89c9-cffca2953d73 308274d3fd7342839b06aec25897d544 8559211312864d81940741c06356df38 - - default default] Successfully bumped revision number for resource e4da742a-747a-4d1c-be39-6333f03c5fac (type: ports) to 5
2026-05-27 01:49:23.470 9 INFO neutron.wsgi [req-8a1ac532-61f7-4da0-ba9c-71e118b5b9b3 req-14a6d8ec-b5dc-4cf0-89c9-cffca2953d73 308274d3fd7342839b06aec25897d544 8559211312864d81940741c06356df38 - - default default] 199.204.45.140 "PUT /v2.0/ports/e4da742a-747a-4d1c-be39-6333f03c5fac HTTP/1.1" status: 200 len: 1353 time: 0.5984058 /var/lib/openstack/lib/python3.10/site-packages/pycadf/identifier.py:71: UserWarning: Invalid uuid: neutron. To ensure interoperability, identifiers should be a valid uuid. warnings.warn(('Invalid uuid: %s. To ensure interoperability, '
2026-05-27 01:49:23.514 9 INFO neutron.notifiers.nova [-] Nova event matching ['req-9851ff35-ee69-44a8-8c40-77a967fa33ce'] response: {'name': 'network-changed', 'server_uuid': 'aa476b5e-efc1-410d-9286-11fce0e65b5a', 'tag': 'e4da742a-747a-4d1c-be39-6333f03c5fac', 'status': 'completed', 'code': 200}
2026-05-27 01:49:23.521 9 WARNING neutron_lib.context [None req-3bc6f476-d231-449b-ad5b-33c3e30f0162 faac76673db1460185b5a9f154bb8bf1 6d2e25f7956540379b559ac7158bb985 - - default default] Method 'is_advsvc' is deprecated since 2023.2 release (neutron-lib 3.8.0) and will be removed once support for the old RBAC API policies will be removed from Neutron. Please use method 'is_service_role' instead.
2026-05-27 01:49:23.539 9 INFO neutron.wsgi [req-8a1ac532-61f7-4da0-ba9c-71e118b5b9b3 req-1692ed8e-9fed-403b-928b-82281d51c030 fc69de7d45ee4886828c95b3c0500558 c060b4b2087b4a8a975ad4099f2ce171 - - d5fe3bbb03c64be7acb79c7309a0a069 d5fe3bbb03c64be7acb79c7309a0a069] 199.204.45.140 "GET /v2.0/ports?tenant_id=8559211312864d81940741c06356df38&device_id=aa476b5e-efc1-410d-9286-11fce0e65b5a HTTP/1.1" status: 200 len: 1594 time: 0.0488808
2026-05-27 01:49:23.611 9 INFO neutron.wsgi [req-8a1ac532-61f7-4da0-ba9c-71e118b5b9b3 req-a5987f8c-dfbb-4e71-badb-7ab15f5f8c40 fc69de7d45ee4886828c95b3c0500558 c060b4b2087b4a8a975ad4099f2ce171 - - d5fe3bbb03c64be7acb79c7309a0a069 d5fe3bbb03c64be7acb79c7309a0a069] 199.204.45.140 "GET /v2.0/networks?id=64fc43bd-6ffd-45f6-bd00-485d3509d417 HTTP/1.1" status: 200 len: 981 time: 0.0655143
