2026-05-27 01:53:12.836 9 INFO neutron.db.ovn_revision_numbers_db [None req-321a5eda-22b7-44d8-9ec4-2c8058e74a36 9b79efb632104899a29982ab5c7db7f5 1c23899b06fb4ba49e519f066ce75c14 - - default default] Successfully bumped revision number for resource dec6709b-9860-4888-a6d9-0ce2646b7acf (type: security_group_rules) to 0
2026-05-27 01:53:12.850 9 INFO neutron.db.ovn_revision_numbers_db [None req-321a5eda-22b7-44d8-9ec4-2c8058e74a36 9b79efb632104899a29982ab5c7db7f5 1c23899b06fb4ba49e519f066ce75c14 - - default default] Successfully bumped revision number for resource f2c99dcf-d5ff-45ff-936a-eb65578f2765 (type: security_group_rules) to 0
2026-05-27 01:53:12.877 9 INFO neutron.wsgi [None req-321a5eda-22b7-44d8-9ec4-2c8058e74a36 9b79efb632104899a29982ab5c7db7f5 1c23899b06fb4ba49e519f066ce75c14 - - default default] 10.0.0.76 "GET /v2.0/security-groups?tenant_id=ef059c6dabb5446785b5b322833e4e90&name=default HTTP/1.1" status: 200 len: 3120 time: 0.2207346
2026-05-27 01:53:13.046 10 INFO neutron.wsgi [None req-253b5054-5804-47dd-a3d5-1ace6fb343fb 9b79efb632104899a29982ab5c7db7f5 1c23899b06fb4ba49e519f066ce75c14 - - default default] 10.0.0.76 "DELETE /v2.0/routers/d1c99cea-2db9-496a-ab0f-495937f8ed82 HTTP/1.1" status: 204 len: 168 time: 0.8753440
2026-05-27 01:53:13.133 9 INFO neutron.wsgi [None req-0fe9d72c-b656-4d9e-bd39-8030b4fc73eb 9b79efb632104899a29982ab5c7db7f5 1c23899b06fb4ba49e519f066ce75c14 - - default default] 10.0.0.76 "DELETE /v2.0/security-groups/d63f0f5d-a039-4236-9a84-3c1502d103e9 HTTP/1.1" status: 204 len: 168 time: 0.2478757
2026-05-27 01:53:13.288 9 INFO neutron.wsgi [None req-b169925c-e5a8-4a42-b993-013a73beb8b7 9b79efb632104899a29982ab5c7db7f5 1c23899b06fb4ba49e519f066ce75c14 - - default default] 10.0.0.76 "DELETE /v2.0/subnets/e585697e-5ae9-44f6-b496-1f6513aba2ef HTTP/1.1" status: 204 len: 168 time: 0.2358868
2026-05-27 01:53:13.341 10 INFO neutron.wsgi [None req-e8c76f1e-4ad5-48ad-a5af-16c1c67a1b78 9b79efb632104899a29982ab5c7db7f5 1c23899b06fb4ba49e519f066ce75c14 - - default default] 10.0.0.76 "GET /v2.0/security-groups?tenant_id=5e53f4709eef4d2a8b504d6799aff8bd&name=default HTTP/1.1" status: 200 len: 3120 time: 0.0409636
2026-05-27 01:53:13.585 10 INFO neutron.wsgi [None req-03456e46-1caf-475f-b9f5-76369c8c5de8 9b79efb632104899a29982ab5c7db7f5 1c23899b06fb4ba49e519f066ce75c14 - - default default] 10.0.0.76 "DELETE /v2.0/security-groups/8e2a430b-7c45-4815-b3c0-b63ffcfa92b1 HTTP/1.1" status: 204 len: 168 time: 0.2381051
2026-05-27 01:53:13.680 9 INFO neutron.services.segments.plugin [-] Segment db13fcde-2cf9-4a53-931d-dfa725704fd1 resource provider aggregate not found
2026-05-27 01:53:13.684 9 INFO neutron.services.segments.plugin [-] Segment db13fcde-2cf9-4a53-931d-dfa725704fd1 resource provider aggregate not found
2026-05-27 01:53:13.699 9 INFO neutron.services.segments.plugin [-] Segment db13fcde-2cf9-4a53-931d-dfa725704fd1 resource provider not found; error: Placement Client Error (4xx): {"errors": [{"status": 404, "title": "Not Found", "detail": "The resource could not be found.\n\n No resource provider with uuid db13fcde-2cf9-4a53-931d-dfa725704fd1 found for delete ", "request_id": "req-19db8376-abe0-43e4-aa91-b9578c5e57dc"}]}
2026-05-27 01:53:13.700 9 INFO neutron.services.segments.plugin [-] Segment db13fcde-2cf9-4a53-931d-dfa725704fd1 resource provider not found; error: Placement Client Error (4xx): {"errors": [{"status": 404, "title": "Not Found", "detail": "The resource could not be found.\n\n No resource provider with uuid db13fcde-2cf9-4a53-931d-dfa725704fd1 found for delete ", "request_id": "req-6f72b95c-378a-4e2c-b714-8cdd2fe6b8d8"}]}
2026-05-27 01:53:13.723 9 INFO neutron.wsgi [None req-405b8059-39da-411a-b687-7428d5653f9a 9b79efb632104899a29982ab5c7db7f5 1c23899b06fb4ba49e519f066ce75c14 - - default default] 10.0.0.76 "DELETE /v2.0/networks/31393d5b-0867-43e1-8e60-d656b47654a6 HTTP/1.1" status: 204 len: 168 time: 0.4281142
2026-05-27 01:53:14.151 10 INFO neutron.wsgi [None req-83d8360b-86a4-4356-b68a-a5c25026a87f 9b79efb632104899a29982ab5c7db7f5 1c23899b06fb4ba49e519f066ce75c14 - - default default] 10.0.0.76 "GET /v2.0/security-groups?tenant_id=f2ad3ce9048c47b381a06672538ef719&name=default HTTP/1.1" status: 200 len: 3120 time: 0.0428092
2026-05-27 01:53:14.427 10 INFO neutron.wsgi [None req-b0e54c30-2f1e-4597-93d3-a0dd9f18fe2d 9b79efb632104899a29982ab5c7db7f5 1c23899b06fb4ba49e519f066ce75c14 - - default default] 10.0.0.76 "DELETE /v2.0/security-groups/a261d392-65a7-4444-b1bd-800dfcb0df59 HTTP/1.1" status: 204 len: 168 time: 0.2685339
2026-05-27 01:53:14.754 9 INFO neutron.wsgi [None req-6254530c-6774-4211-93f0-57e135ae03aa 9b79efb632104899a29982ab5c7db7f5 1c23899b06fb4ba49e519f066ce75c14 - - default default] 10.0.0.76 "GET /v2.0/security-groups?tenant_id=a3f8623b29964182bd59d4fcaa6d4272&name=default HTTP/1.1" status: 200 len: 3120 time: 0.0606554
2026-05-27 01:53:14.991 9 INFO neutron.wsgi [None req-19ec8fcf-a53b-4492-b21c-7a774dc0b713 9b79efb632104899a29982ab5c7db7f5 1c23899b06fb4ba49e519f066ce75c14 - - default default] 10.0.0.76 "DELETE /v2.0/security-groups/950401d8-9488-479e-9865-9cd617b8856b HTTP/1.1" status: 204 len: 168 time: 0.2314343
2026-05-27 01:53:18.021 10 WARNING neutron_lib.context [None req-956d850d-e10a-4ab2-815b-1931d7f7723a ce32b42bfa094b5d9b192f0501d286a5 4bce72bf623049b5951cfcc1a961a697 - - default default] Method 'is_advsvc' is deprecated since 2023.2 release (neutron-lib 3.8.0) and will be removed once support for the old RBAC API policies will be removed from Neutron. Please use method 'is_service_role' instead.
2026-05-27 01:53:18.175 10 INFO neutron.db.ovn_revision_numbers_db [None req-956d850d-e10a-4ab2-815b-1931d7f7723a ce32b42bfa094b5d9b192f0501d286a5 4bce72bf623049b5951cfcc1a961a697 - - default default] Successfully bumped revision number for resource 913f90da-5493-4d6e-afd8-c6aafb44660c (type: security_groups) to 1
2026-05-27 01:53:18.190 10 INFO neutron.db.ovn_revision_numbers_db [None req-956d850d-e10a-4ab2-815b-1931d7f7723a ce32b42bfa094b5d9b192f0501d286a5 4bce72bf623049b5951cfcc1a961a697 - - default default] Successfully bumped revision number for resource 10819623-06c7-4390-8371-b77a546a1d0c (type: security_group_rules) to 0
2026-05-27 01:53:18.207 10 INFO neutron.db.ovn_revision_numbers_db [None req-956d850d-e10a-4ab2-815b-1931d7f7723a ce32b42bfa094b5d9b192f0501d286a5 4bce72bf623049b5951cfcc1a961a697 - - default default] Successfully bumped revision number for resource 448c86a0-9298-47b6-b217-4425ab98e435 (type: security_group_rules) to 0
2026-05-27 01:53:18.226 10 INFO neutron.db.ovn_revision_numbers_db [None req-956d850d-e10a-4ab2-815b-1931d7f7723a ce32b42bfa094b5d9b192f0501d286a5 4bce72bf623049b5951cfcc1a961a697 - - default default] Successfully bumped revision number for resource 636a57cc-be6d-4424-9d4d-f75c57246bf0 (type: security_group_rules) to 0
2026-05-27 01:53:18.241 10 INFO neutron.db.ovn_revision_numbers_db [None req-956d850d-e10a-4ab2-815b-1931d7f7723a ce32b42bfa094b5d9b192f0501d286a5 4bce72bf623049b5951cfcc1a961a697 - - default default] Successfully bumped revision number for resource 7673e2ec-8da1-44bb-894b-a49456e571ef (type: security_group_rules) to 0
2026-05-27 01:53:18.352 10 INFO neutron.db.ovn_revision_numbers_db [None req-956d850d-e10a-4ab2-815b-1931d7f7723a ce32b42bfa094b5d9b192f0501d286a5 4bce72bf623049b5951cfcc1a961a697 - - default default] Successfully bumped revision number for resource b73a95c0-238c-4cad-bb02-ed690add84c6 (type: security_groups) to 1
2026-05-27 01:53:18.368 10 INFO neutron.db.ovn_revision_numbers_db [None req-956d850d-e10a-4ab2-815b-1931d7f7723a ce32b42bfa094b5d9b192f0501d286a5 4bce72bf623049b5951cfcc1a961a697 - - default default] Successfully bumped revision number for resource 70811cb8-d4bf-4bab-bcb8-53e6518fec00 (type: security_group_rules) to 0
2026-05-27 01:53:18.385 10 INFO neutron.db.ovn_revision_numbers_db [None req-956d850d-e10a-4ab2-815b-1931d7f7723a ce32b42bfa094b5d9b192f0501d286a5 4bce72bf623049b5951cfcc1a961a697 - - default default] Successfully bumped revision number for resource fec8db82-0cd6-4208-bbdb-a3a7d1c22409 (type: security_group_rules) to 0
2026-05-27 01:53:18.410 10 INFO neutron.wsgi [None req-956d850d-e10a-4ab2-815b-1931d7f7723a ce32b42bfa094b5d9b192f0501d286a5 4bce72bf623049b5951cfcc1a961a697 - - default default] 10.0.0.76 "POST /v2.0/security-groups HTTP/1.1" status: 201 len: 1801 time: 0.5473502
2026-05-27 01:53:18.420 10 WARNING neutron_lib.context [None req-682fb7bc-4dc6-402d-85c3-8c5fad1fba88 ce32b42bfa094b5d9b192f0501d286a5 4bce72bf623049b5951cfcc1a961a697 - - default default] Method 'is_advsvc' is deprecated since 2023.2 release (neutron-lib 3.8.0) and will be removed once support for the old RBAC API policies will be removed from Neutron. Please use method 'is_service_role' instead.
2026-05-27 01:53:18.556 10 INFO neutron.db.ovn_revision_numbers_db [None req-682fb7bc-4dc6-402d-85c3-8c5fad1fba88 ce32b42bfa094b5d9b192f0501d286a5 4bce72bf623049b5951cfcc1a961a697 - - default default] Successfully bumped revision number for resource 324eb758-1cb7-421e-8261-2eacf9863577 (type: security_groups) to 1
2026-05-27 01:53:18.571 10 INFO neutron.db.ovn_revision_numbers_db [None req-682fb7bc-4dc6-402d-85c3-8c5fad1fba88 ce32b42bfa094b5d9b192f0501d286a5 4bce72bf623049b5951cfcc1a961a697 - - default default] Successfully bumped revision number for resource 6689f539-35fe-410d-9978-2f567e1cdb3c (type: security_group_rules) to 0
2026-05-27 01:53:18.585 10 INFO neutron.db.ovn_revision_numbers_db [None req-682fb7bc-4dc6-402d-85c3-8c5fad1fba88 ce32b42bfa094b5d9b192f0501d286a5 4bce72bf623049b5951cfcc1a961a697 - - default default] Successfully bumped revision number for resource 8ad43199-4ae0-43dd-8258-ac9f4fc6305d (type: security_group_rules) to 0
2026-05-27 01:53:18.603 10 INFO neutron.wsgi [None req-682fb7bc-4dc6-402d-85c3-8c5fad1fba88 ce32b42bfa094b5d9b192f0501d286a5 4bce72bf623049b5951cfcc1a961a697 - - default default] 10.0.0.76 "POST /v2.0/security-groups HTTP/1.1" status: 201 len: 1801 time: 0.1877277
2026-05-27 01:53:18.613 10 WARNING neutron_lib.context [None req-1f311fd2-c089-48c4-95d1-d6a19e60a706 ce32b42bfa094b5d9b192f0501d286a5 4bce72bf623049b5951cfcc1a961a697 - - default default] Method 'is_advsvc' is deprecated since 2023.2 release (neutron-lib 3.8.0) and will be removed once support for the old RBAC API policies will be removed from Neutron. Please use method 'is_service_role' instead.
2026-05-27 01:53:18.736 10 INFO neutron.db.ovn_revision_numbers_db [None req-1f311fd2-c089-48c4-95d1-d6a19e60a706 ce32b42bfa094b5d9b192f0501d286a5 4bce72bf623049b5951cfcc1a961a697 - - default default] Successfully bumped revision number for resource 5da5758b-56d2-4fb7-beb3-f20fd814901d (type: security_groups) to 1
2026-05-27 01:53:18.750 10 INFO neutron.db.ovn_revision_numbers_db [None req-1f311fd2-c089-48c4-95d1-d6a19e60a706 ce32b42bfa094b5d9b192f0501d286a5 4bce72bf623049b5951cfcc1a961a697 - - default default] Successfully bumped revision number for resource 15841b83-35d2-4009-8037-0008b90877ce (type: security_group_rules) to 0
2026-05-27 01:53:18.765 10 INFO neutron.db.ovn_revision_numbers_db [None req-1f311fd2-c089-48c4-95d1-d6a19e60a706 ce32b42bfa094b5d9b192f0501d286a5 4bce72bf623049b5951cfcc1a961a697 - - default default] Successfully bumped revision number for resource 9c8c236e-c4ce-4eb9-a565-616fc0b3594d (type: security_group_rules) to 0
2026-05-27 01:53:18.785 10 INFO neutron.wsgi [None req-1f311fd2-c089-48c4-95d1-d6a19e60a706 ce32b42bfa094b5d9b192f0501d286a5 4bce72bf623049b5951cfcc1a961a697 - - default default] 10.0.0.76 "POST /v2.0/security-groups HTTP/1.1" status: 201 len: 1801 time: 0.1758573
2026-05-27 01:53:18.795 10 WARNING neutron_lib.context [None req-e5f137a7-fb36-4dc3-94c6-747faccc16b2 ce32b42bfa094b5d9b192f0501d286a5 4bce72bf623049b5951cfcc1a961a697 - - default default] Method 'is_advsvc' is deprecated since 2023.2 release (neutron-lib 3.8.0) and will be removed once support for the old RBAC API policies will be removed from Neutron. Please use method 'is_service_role' instead.
2026-05-27 01:53:18.911 10 INFO neutron.db.ovn_revision_numbers_db [None req-e5f137a7-fb36-4dc3-94c6-747faccc16b2 ce32b42bfa094b5d9b192f0501d286a5 4bce72bf623049b5951cfcc1a961a697 - - default default] Successfully bumped revision number for resource 6a85678c-e5ac-44ff-971f-865b4a76a06a (type: security_groups) to 1
2026-05-27 01:53:18.924 10 INFO neutron.db.ovn_revision_numbers_db [None req-e5f137a7-fb36-4dc3-94c6-747faccc16b2 ce32b42bfa094b5d9b192f0501d286a5 4bce72bf623049b5951cfcc1a961a697 - - default default] Successfully bumped revision number for resource 1ff2e65e-33ab-43e0-bbae-a9f6cfcf698a (type: security_group_rules) to 0
2026-05-27 01:53:18.937 10 INFO neutron.db.ovn_revision_numbers_db [None req-e5f137a7-fb36-4dc3-94c6-747faccc16b2 ce32b42bfa094b5d9b192f0501d286a5 4bce72bf623049b5951cfcc1a961a697 - - default default] Successfully bumped revision number for resource 33dcd06d-6927-44ad-9a9f-a8c3b901dace (type: security_group_rules) to 0
2026-05-27 01:53:18.957 10 INFO neutron.wsgi [None req-e5f137a7-fb36-4dc3-94c6-747faccc16b2 ce32b42bfa094b5d9b192f0501d286a5 4bce72bf623049b5951cfcc1a961a697 - - default default] 10.0.0.76 "POST /v2.0/security-groups HTTP/1.1" status: 201 len: 1801 time: 0.1659753
2026-05-27 01:53:18.967 10 WARNING neutron_lib.context [None req-a27b73d4-82d1-4a3b-ac58-fd79075c3b83 ce32b42bfa094b5d9b192f0501d286a5 4bce72bf623049b5951cfcc1a961a697 - - default default] Method 'is_advsvc' is deprecated since 2023.2 release (neutron-lib 3.8.0) and will be removed once support for the old RBAC API policies will be removed from Neutron. Please use method 'is_service_role' instead.
2026-05-27 01:53:19.088 10 INFO neutron.db.ovn_revision_numbers_db [None req-a27b73d4-82d1-4a3b-ac58-fd79075c3b83 ce32b42bfa094b5d9b192f0501d286a5 4bce72bf623049b5951cfcc1a961a697 - - default default] Successfully bumped revision number for resource fc073403-b48b-487c-add4-1a9ad60b27ab (type: security_groups) to 1
2026-05-27 01:53:19.103 10 INFO neutron.db.ovn_revision_numbers_db [None req-a27b73d4-82d1-4a3b-ac58-fd79075c3b83 ce32b42bfa094b5d9b192f0501d286a5 4bce72bf623049b5951cfcc1a961a697 - - default default] Successfully bumped revision number for resource 1f223942-2f86-4dee-99d5-3f800992b9cf (type: security_group_rules) to 0
2026-05-27 01:53:19.119 10 INFO neutron.db.ovn_revision_numbers_db [None req-a27b73d4-82d1-4a3b-ac58-fd79075c3b83 ce32b42bfa094b5d9b192f0501d286a5 4bce72bf623049b5951cfcc1a961a697 - - default default] Successfully bumped revision number for resource cc709616-99f9-4492-a41c-f81730961925 (type: security_group_rules) to 0
2026-05-27 01:53:19.142 10 INFO neutron.wsgi [None req-a27b73d4-82d1-4a3b-ac58-fd79075c3b83 ce32b42bfa094b5d9b192f0501d286a5 4bce72bf623049b5951cfcc1a961a697 - - default default] 10.0.0.76 "POST /v2.0/security-groups HTTP/1.1" status: 201 len: 1801 time: 0.1799784
2026-05-27 01:53:19.183 10 INFO neutron.wsgi [None req-1b8d9409-a9ad-45f8-86ed-d9b37fff12a5 ce32b42bfa094b5d9b192f0501d286a5 4bce72bf623049b5951cfcc1a961a697 - - default default] 10.0.0.76 "PUT /v2.0/security-groups/b73a95c0-238c-4cad-bb02-ed690add84c6/tags HTTP/1.1" status: 200 len: 210 time: 0.0348206
2026-05-27 01:53:19.221 10 INFO neutron.wsgi [None req-247b9327-1c88-453d-b96e-342b35c7f96e ce32b42bfa094b5d9b192f0501d286a5 4bce72bf623049b5951cfcc1a961a697 - - default default] 10.0.0.76 "PUT /v2.0/security-groups/324eb758-1cb7-421e-8261-2eacf9863577/tags HTTP/1.1" status: 200 len: 218 time: 0.0328567
2026-05-27 01:53:19.228 10 WARNING neutron_lib.context [None req-af7d81b0-48ef-4891-8813-d27f561bf2dd 87963fd4fdaf44af953d72acad425e33 f4e23827f05f43bd976e11eed4bffdcd - - default default] Method 'is_advsvc' is deprecated since 2023.2 release (neutron-lib 3.8.0) and will be removed once support for the old RBAC API policies will be removed from Neutron. Please use method 'is_service_role' instead.
2026-05-27 01:53:19.270 9 INFO neutron.wsgi [None req-25442e9c-803d-4602-bc6e-748240bc15e0 ce32b42bfa094b5d9b192f0501d286a5 4bce72bf623049b5951cfcc1a961a697 - - default default] 10.0.0.76 "PUT /v2.0/security-groups/5da5758b-56d2-4fb7-beb3-f20fd814901d/tags HTTP/1.1" status: 200 len: 227 time: 0.0413013
2026-05-27 01:53:19.312 10 INFO neutron.wsgi [None req-e8fb2e9f-252c-4897-9f79-d964c052e630 ce32b42bfa094b5d9b192f0501d286a5 4bce72bf623049b5951cfcc1a961a697 - - default default] 10.0.0.76 "PUT /v2.0/security-groups/6a85678c-e5ac-44ff-971f-865b4a76a06a/tags HTTP/1.1" status: 200 len: 212 time: 0.0363705
2026-05-27 01:53:19.370 10 INFO neutron.wsgi [None req-466978a9-c287-4ba9-89fe-9458fe179f67 ce32b42bfa094b5d9b192f0501d286a5 4bce72bf623049b5951cfcc1a961a697 - - default default] 10.0.0.76 "GET /v2.0/security-groups?tags=red HTTP/1.1" status: 200 len: 4999 time: 0.0530577
2026-05-27 01:53:19.385 10 INFO neutron.db.ovn_revision_numbers_db [None req-af7d81b0-48ef-4891-8813-d27f561bf2dd 87963fd4fdaf44af953d72acad425e33 f4e23827f05f43bd976e11eed4bffdcd - - default default] Successfully bumped revision number for resource da726aa6-6ca1-4a5f-8c27-dc3fb953e824 (type: security_groups) to 1
2026-05-27 01:53:19.400 10 INFO neutron.db.ovn_revision_numbers_db [None req-af7d81b0-48ef-4891-8813-d27f561bf2dd 87963fd4fdaf44af953d72acad425e33 f4e23827f05f43bd976e11eed4bffdcd - - default default] Successfully bumped revision number for resource 27a2e5a3-2911-47bf-86f6-36cf63a80d89 (type: security_group_rules) to 0
2026-05-27 01:53:19.415 10 INFO neutron.db.ovn_revision_numbers_db [None req-af7d81b0-48ef-4891-8813-d27f561bf2dd 87963fd4fdaf44af953d72acad425e33 f4e23827f05f43bd976e11eed4bffdcd - - default default] Successfully bumped revision number for resource 55841519-9ce5-4476-9282-922e67b8a715 (type: security_group_rules) to 0
2026-05-27 01:53:19.428 10 INFO neutron.db.ovn_revision_numbers_db [None req-af7d81b0-48ef-4891-8813-d27f561bf2dd 87963fd4fdaf44af953d72acad425e33 f4e23827f05f43bd976e11eed4bffdcd - - default default] Successfully bumped revision number for resource 6aa8357f-a328-45a1-b074-1462745363c6 (type: security_group_rules) to 0
2026-05-27 01:53:19.438 9 INFO neutron.wsgi [None req-ad86f54a-d2c2-49aa-9bed-54bde1a70103 ce32b42bfa094b5d9b192f0501d286a5 4bce72bf623049b5951cfcc1a961a697 - - default default] 10.0.0.76 "GET /v2.0/security-groups?tags=red%2Cblue HTTP/1.1" status: 200 len: 3413 time: 0.0560985
2026-05-27 01:53:19.446 10 INFO neutron.db.ovn_revision_numbers_db [None req-af7d81b0-48ef-4891-8813-d27f561bf2dd 87963fd4fdaf44af953d72acad425e33 f4e23827f05f43bd976e11eed4bffdcd - - default default] Successfully bumped revision number for resource e50494b5-b288-41b4-bd26-b6c28a065b97 (type: security_group_rules) to 0
2026-05-27 01:53:19.495 10 INFO neutron.db.segments_db [None req-af7d81b0-48ef-4891-8813-d27f561bf2dd 87963fd4fdaf44af953d72acad425e33 f4e23827f05f43bd976e11eed4bffdcd - - default default] Added segment 65dc4139-5a10-447c-a7f5-f0ab7c87ed99 of type geneve for network 17968192-7fcc-4c3b-a7f7-74339cc24b15
2026-05-27 01:53:19.499 9 INFO neutron.wsgi [None req-5e59e14c-6f4b-44eb-8400-50bac5b0f15e ce32b42bfa094b5d9b192f0501d286a5 4bce72bf623049b5951cfcc1a961a697 - - default default] 10.0.0.76 "GET /v2.0/security-groups?tags-any=blue HTTP/1.1" status: 200 len: 3413 time: 0.0547495
2026-05-27 01:53:19.563 9 INFO neutron.wsgi [None req-c948e78b-c507-4ec3-9821-4ddac1118c7a ce32b42bfa094b5d9b192f0501d286a5 4bce72bf623049b5951cfcc1a961a697 - - default default] 10.0.0.76 "GET /v2.0/security-groups?tags-any=red%2Cblue HTTP/1.1" status: 200 len: 4999 time: 0.0581648
2026-05-27 01:53:19.628 9 INFO neutron.wsgi [None req-61f0b382-f493-411e-a12b-40982ca2f72e ce32b42bfa094b5d9b192f0501d286a5 4bce72bf623049b5951cfcc1a961a697 - - default default] 10.0.0.76 "GET /v2.0/security-groups?not-tags=red HTTP/1.1" status: 200 len: 6289 time: 0.0593770
2026-05-27 01:53:19.629 10 INFO neutron.db.ovn_revision_numbers_db [None req-af7d81b0-48ef-4891-8813-d27f561bf2dd 87963fd4fdaf44af953d72acad425e33 f4e23827f05f43bd976e11eed4bffdcd - - default default] Successfully bumped revision number for resource 17968192-7fcc-4c3b-a7f7-74339cc24b15 (type: networks) to 1
2026-05-27 01:53:19.699 10 INFO neutron.wsgi [None req-e1d9695d-799f-4722-99ad-b87025cbdb20 ce32b42bfa094b5d9b192f0501d286a5 4bce72bf623049b5951cfcc1a961a697 - - default default] 10.0.0.76 "GET /v2.0/security-groups?not-tags=red%2Cblue HTTP/1.1" status: 200 len: 7875 time: 0.0648956
2026-05-27 01:53:19.755 9 INFO neutron.wsgi [None req-f1d0b517-3e62-40b6-a7bd-b90cd9a5a1d4 ce32b42bfa094b5d9b192f0501d286a5 4bce72bf623049b5951cfcc1a961a697 - - default default] 10.0.0.76 "GET /v2.0/security-groups?not-tags-any=blue HTTP/1.1" status: 200 len: 7875 time: 0.0493181
2026-05-27 01:53:19.796 9 INFO neutron.wsgi [None req-e456be55-a6e5-493c-bddf-afedb43b7ea5 ce32b42bfa094b5d9b192f0501d286a5 4bce72bf623049b5951cfcc1a961a697 - - default default] 10.0.0.76 "GET /v2.0/security-groups?not-tags-any=red%2Cblue HTTP/1.1" status: 200 len: 6289 time: 0.0354574
2026-05-27 01:53:19.825 10 WARNING neutron.scheduler.dhcp_agent_scheduler [None req-af7d81b0-48ef-4891-8813-d27f561bf2dd 87963fd4fdaf44af953d72acad425e33 f4e23827f05f43bd976e11eed4bffdcd - - default default] No more DHCP agents
2026-05-27 01:53:19.827 10 WARNING neutron.api.rpc.agentnotifiers.dhcp_rpc_agent_api [None req-af7d81b0-48ef-4891-8813-d27f561bf2dd 87963fd4fdaf44af953d72acad425e33 f4e23827f05f43bd976e11eed4bffdcd - - default default] Unable to schedule network 17968192-7fcc-4c3b-a7f7-74339cc24b15: no agents available; will retry on subsequent port and subnet creation events.
2026-05-27 01:53:19.907 10 INFO neutron.db.ovn_revision_numbers_db [None req-af7d81b0-48ef-4891-8813-d27f561bf2dd 87963fd4fdaf44af953d72acad425e33 f4e23827f05f43bd976e11eed4bffdcd - - default default] Successfully bumped revision number for resource e3b6b560-6fa0-4baa-99cc-a58ec34cbcc2 (type: ports) to 1
2026-05-27 01:53:19.907 9 INFO neutron.wsgi [None req-78b5fda5-974b-4e59-a488-865434e0f1f6 ce32b42bfa094b5d9b192f0501d286a5 4bce72bf623049b5951cfcc1a961a697 - - default default] 10.0.0.76 "DELETE /v2.0/security-groups/b73a95c0-238c-4cad-bb02-ed690add84c6 HTTP/1.1" status: 204 len: 168 time: 0.1039543
2026-05-27 01:53:19.931 10 INFO neutron.wsgi [None req-af7d81b0-48ef-4891-8813-d27f561bf2dd 87963fd4fdaf44af953d72acad425e33 f4e23827f05f43bd976e11eed4bffdcd - - default default] 10.0.0.76 "POST /v2.0/networks HTTP/1.1" status: 201 len: 830 time: 0.8770704
2026-05-27 01:53:19.942 9 WARNING neutron_lib.context [None req-ef95f233-2af5-40f7-8fd6-45b30f2cb033 87963fd4fdaf44af953d72acad425e33 f4e23827f05f43bd976e11eed4bffdcd - - default default] Method 'is_advsvc' is deprecated since 2023.2 release (neutron-lib 3.8.0) and will be removed once support for the old RBAC API policies will be removed from Neutron. Please use method 'is_service_role' instead.
2026-05-27 01:53:20.053 9 INFO neutron.wsgi [None req-cff3dcdb-5319-4d0d-84fe-6655935f3552 ce32b42bfa094b5d9b192f0501d286a5 4bce72bf623049b5951cfcc1a961a697 - - default default] 10.0.0.76 "DELETE /v2.0/security-groups/324eb758-1cb7-421e-8261-2eacf9863577 HTTP/1.1" status: 204 len: 168 time: 0.1415150
2026-05-27 01:53:20.189 10 INFO neutron.wsgi [None req-9d608cb8-00a6-461a-9eb1-fad1f076bcec ce32b42bfa094b5d9b192f0501d286a5 4bce72bf623049b5951cfcc1a961a697 - - default default] 10.0.0.76 "DELETE /v2.0/security-groups/5da5758b-56d2-4fb7-beb3-f20fd814901d HTTP/1.1" status: 204 len: 168 time: 0.1303039
2026-05-27 01:53:20.214 9 WARNING neutron.scheduler.dhcp_agent_scheduler [None req-ef95f233-2af5-40f7-8fd6-45b30f2cb033 87963fd4fdaf44af953d72acad425e33 f4e23827f05f43bd976e11eed4bffdcd - - default default] No more DHCP agents
2026-05-27 01:53:20.217 9 WARNING neutron.api.rpc.agentnotifiers.dhcp_rpc_agent_api [None req-ef95f233-2af5-40f7-8fd6-45b30f2cb033 87963fd4fdaf44af953d72acad425e33 f4e23827f05f43bd976e11eed4bffdcd - - default default] Unable to schedule network 17968192-7fcc-4c3b-a7f7-74339cc24b15: no agents available; will retry on subsequent port and subnet creation events.
2026-05-27 01:53:20.305 10 INFO neutron.wsgi [None req-ec1e825e-e076-45e4-883c-5c83225f2b68 ce32b42bfa094b5d9b192f0501d286a5 4bce72bf623049b5951cfcc1a961a697 - - default default] 10.0.0.76 "DELETE /v2.0/security-groups/6a85678c-e5ac-44ff-971f-865b4a76a06a HTTP/1.1" status: 204 len: 168 time: 0.1097620
2026-05-27 01:53:20.421 10 INFO neutron.wsgi [None req-91ffd71e-14be-4690-8077-f556328bf4d5 ce32b42bfa094b5d9b192f0501d286a5 4bce72bf623049b5951cfcc1a961a697 - - default default] 10.0.0.76 "DELETE /v2.0/security-groups/fc073403-b48b-487c-add4-1a9ad60b27ab HTTP/1.1" status: 204 len: 168 time: 0.1104317
2026-05-27 01:53:20.717 9 INFO neutron.db.ovn_revision_numbers_db [None req-ef95f233-2af5-40f7-8fd6-45b30f2cb033 87963fd4fdaf44af953d72acad425e33 f4e23827f05f43bd976e11eed4bffdcd - - default default] Successfully bumped revision number for resource e3b6b560-6fa0-4baa-99cc-a58ec34cbcc2 (type: ports) to 2
2026-05-27 01:53:20.758 9 INFO neutron.db.ovn_revision_numbers_db [None req-ef95f233-2af5-40f7-8fd6-45b30f2cb033 87963fd4fdaf44af953d72acad425e33 f4e23827f05f43bd976e11eed4bffdcd - - default default] Successfully bumped revision number for resource ba341777-7180-420a-8d65-b167148c2036 (type: subnets) to 0
2026-05-27 01:53:20.775 9 INFO neutron.wsgi [None req-ef95f233-2af5-40f7-8fd6-45b30f2cb033 87963fd4fdaf44af953d72acad425e33 f4e23827f05f43bd976e11eed4bffdcd - - default default] 10.0.0.76 "POST /v2.0/subnets HTTP/1.1" status: 201 len: 801 time: 0.8385854
2026-05-27 01:53:20.784 9 WARNING neutron_lib.context [None req-75be516f-bf37-4ecf-9d1b-4685c652b4e5 87963fd4fdaf44af953d72acad425e33 f4e23827f05f43bd976e11eed4bffdcd - - default default] Method 'is_advsvc' is deprecated since 2023.2 release (neutron-lib 3.8.0) and will be removed once support for the old RBAC API policies will be removed from Neutron. Please use method 'is_service_role' instead.
2026-05-27 01:53:20.869 9 INFO neutron.db.segments_db [None req-75be516f-bf37-4ecf-9d1b-4685c652b4e5 87963fd4fdaf44af953d72acad425e33 f4e23827f05f43bd976e11eed4bffdcd - - default default] Added segment df8120db-5afd-48d1-aed9-454940c9926a of type geneve for network 8493e035-5a6e-4bb8-be20-dbe7da782c70
2026-05-27 01:53:21.037 9 INFO neutron.db.ovn_revision_numbers_db [None req-75be516f-bf37-4ecf-9d1b-4685c652b4e5 87963fd4fdaf44af953d72acad425e33 f4e23827f05f43bd976e11eed4bffdcd - - default default] Successfully bumped revision number for resource 8493e035-5a6e-4bb8-be20-dbe7da782c70 (type: networks) to 1
2026-05-27 01:53:21.213 9 WARNING neutron.scheduler.dhcp_agent_scheduler [None req-75be516f-bf37-4ecf-9d1b-4685c652b4e5 87963fd4fdaf44af953d72acad425e33 f4e23827f05f43bd976e11eed4bffdcd - - default default] No more DHCP agents
2026-05-27 01:53:21.214 9 WARNING neutron.api.rpc.agentnotifiers.dhcp_rpc_agent_api [None req-75be516f-bf37-4ecf-9d1b-4685c652b4e5 87963fd4fdaf44af953d72acad425e33 f4e23827f05f43bd976e11eed4bffdcd - - default default] Unable to schedule network 8493e035-5a6e-4bb8-be20-dbe7da782c70: no agents available; will retry on subsequent port and subnet creation events.
2026-05-27 01:53:21.289 9 INFO neutron.db.ovn_revision_numbers_db [None req-75be516f-bf37-4ecf-9d1b-4685c652b4e5 87963fd4fdaf44af953d72acad425e33 f4e23827f05f43bd976e11eed4bffdcd - - default default] Successfully bumped revision number for resource 0aba247f-0578-4a3b-89af-6f95cb23377d (type: ports) to 1
2026-05-27 01:53:21.309 9 INFO neutron.wsgi [None req-75be516f-bf37-4ecf-9d1b-4685c652b4e5 87963fd4fdaf44af953d72acad425e33 f4e23827f05f43bd976e11eed4bffdcd - - default default] 10.0.0.76 "POST /v2.0/networks HTTP/1.1" status: 201 len: 831 time: 0.5291393
2026-05-27 01:53:21.318 9 WARNING neutron_lib.context [None req-90c3763a-c794-4f6a-bfce-5fe890926a8b 87963fd4fdaf44af953d72acad425e33 f4e23827f05f43bd976e11eed4bffdcd - - default default] Method 'is_advsvc' is deprecated since 2023.2 release (neutron-lib 3.8.0) and will be removed once support for the old RBAC API policies will be removed from Neutron. Please use method 'is_service_role' instead.
2026-05-27 01:53:21.532 9 WARNING neutron.scheduler.dhcp_agent_scheduler [None req-90c3763a-c794-4f6a-bfce-5fe890926a8b 87963fd4fdaf44af953d72acad425e33 f4e23827f05f43bd976e11eed4bffdcd - - default default] No more DHCP agents
2026-05-27 01:53:21.533 9 WARNING neutron.api.rpc.agentnotifiers.dhcp_rpc_agent_api [None req-90c3763a-c794-4f6a-bfce-5fe890926a8b 87963fd4fdaf44af953d72acad425e33 f4e23827f05f43bd976e11eed4bffdcd - - default default] Unable to schedule network 8493e035-5a6e-4bb8-be20-dbe7da782c70: no agents available; will retry on subsequent port and subnet creation events.
2026-05-27 01:53:21.767 10 INFO neutron.db.ovn_revision_numbers_db [None req-83222439-623a-4615-ab48-8f977efa1d72 9b79efb632104899a29982ab5c7db7f5 1c23899b06fb4ba49e519f066ce75c14 - - default default] Successfully bumped revision number for resource 0c5c70d1-046b-41a2-933e-53d4fb5b4ab1 (type: security_groups) to 1
2026-05-27 01:53:21.782 10 INFO neutron.db.ovn_revision_numbers_db [None req-83222439-623a-4615-ab48-8f977efa1d72 9b79efb632104899a29982ab5c7db7f5 1c23899b06fb4ba49e519f066ce75c14 - - default default] Successfully bumped revision number for resource 1444fe88-168d-42ad-aa5f-cc1110db6c88 (type: security_group_rules) to 0
2026-05-27 01:53:21.796 10 INFO neutron.db.ovn_revision_numbers_db [None req-83222439-623a-4615-ab48-8f977efa1d72 9b79efb632104899a29982ab5c7db7f5 1c23899b06fb4ba49e519f066ce75c14 - - default default] Successfully bumped revision number for resource 1985b7e7-9d8e-4cfa-abf0-54e92fe81187 (type: security_group_rules) to 0
2026-05-27 01:53:21.809 10 INFO neutron.db.ovn_revision_numbers_db [None req-83222439-623a-4615-ab48-8f977efa1d72 9b79efb632104899a29982ab5c7db7f5 1c23899b06fb4ba49e519f066ce75c14 - - default default] Successfully bumped revision number for resource 713313de-5b82-4c74-b7c7-f2cc97186ad7 (type: security_group_rules) to 0
2026-05-27 01:53:21.824 10 INFO neutron.db.ovn_revision_numbers_db [None req-83222439-623a-4615-ab48-8f977efa1d72 9b79efb632104899a29982ab5c7db7f5 1c23899b06fb4ba49e519f066ce75c14 - - default default] Successfully bumped revision number for resource 8f70a47e-d5e7-461b-b8f2-56a999eec217 (type: security_group_rules) to 0
2026-05-27 01:53:21.846 10 INFO neutron.wsgi [None req-83222439-623a-4615-ab48-8f977efa1d72 9b79efb632104899a29982ab5c7db7f5 1c23899b06fb4ba49e519f066ce75c14 - - default default] 10.0.0.76 "GET /v2.0/security-groups?tenant_id=d0d089331fdf403eb01179645bd2ca94&name=default HTTP/1.1" status: 200 len: 3120 time: 0.6134388
2026-05-27 01:53:22.145 9 INFO neutron.db.ovn_revision_numbers_db [None req-90c3763a-c794-4f6a-bfce-5fe890926a8b 87963fd4fdaf44af953d72acad425e33 f4e23827f05f43bd976e11eed4bffdcd - - default default] Successfully bumped revision number for resource 0aba247f-0578-4a3b-89af-6f95cb23377d (type: ports) to 2
2026-05-27 01:53:22.178 9 INFO neutron.wsgi [None req-13a7a98c-f2a0-4199-94b1-169fe7948207 9b79efb632104899a29982ab5c7db7f5 1c23899b06fb4ba49e519f066ce75c14 - - default default] 10.0.0.76 "DELETE /v2.0/security-groups/0c5c70d1-046b-41a2-933e-53d4fb5b4ab1 HTTP/1.1" status: 204 len: 168 time: 0.3229165
2026-05-27 01:53:22.190 9 INFO neutron.db.ovn_revision_numbers_db [None req-90c3763a-c794-4f6a-bfce-5fe890926a8b 87963fd4fdaf44af953d72acad425e33 f4e23827f05f43bd976e11eed4bffdcd - - default default] Successfully bumped revision number for resource c516f87d-d03c-407a-bb91-fa50653572a4 (type: subnets) to 0
2026-05-27 01:53:22.207 9 INFO neutron.wsgi [None req-90c3763a-c794-4f6a-bfce-5fe890926a8b 87963fd4fdaf44af953d72acad425e33 f4e23827f05f43bd976e11eed4bffdcd - - default default] 10.0.0.76 "POST /v2.0/subnets HTTP/1.1" status: 201 len: 804 time: 0.8935261
2026-05-27 01:53:22.219 9 WARNING neutron_lib.context [None req-6d3e6b7e-d9c6-448e-be6f-8accd4637c97 87963fd4fdaf44af953d72acad425e33 f4e23827f05f43bd976e11eed4bffdcd - - default default] Method 'is_advsvc' is deprecated since 2023.2 release (neutron-lib 3.8.0) and will be removed once support for the old RBAC API policies will be removed from Neutron. Please use method 'is_service_role' instead.
2026-05-27 01:53:22.314 9 INFO neutron.db.segments_db [None req-6d3e6b7e-d9c6-448e-be6f-8accd4637c97 87963fd4fdaf44af953d72acad425e33 f4e23827f05f43bd976e11eed4bffdcd - - default default] Added segment 436f063f-30cd-48d4-a57c-ce60a2972a2e of type geneve for network bd20cad3-afe8-470f-b7b7-1fa9af963a24
2026-05-27 01:53:22.393 10 INFO neutron.db.ovn_revision_numbers_db [None req-d524a0ad-5aaa-4b23-a6ba-b3259aaaaed3 9b79efb632104899a29982ab5c7db7f5 1c23899b06fb4ba49e519f066ce75c14 - - default default] Successfully bumped revision number for resource 51ac62e2-8a7d-4831-ba7f-47d0321bddc4 (type: security_groups) to 1
2026-05-27 01:53:22.410 10 INFO neutron.db.ovn_revision_numbers_db [None req-d524a0ad-5aaa-4b23-a6ba-b3259aaaaed3 9b79efb632104899a29982ab5c7db7f5 1c23899b06fb4ba49e519f066ce75c14 - - default default] Successfully bumped revision number for resource 1be67699-a44a-4f16-9eb7-7d1ca29ae583 (type: security_group_rules) to 0
2026-05-27 01:53:22.423 10 INFO neutron.db.ovn_revision_numbers_db [None req-d524a0ad-5aaa-4b23-a6ba-b3259aaaaed3 9b79efb632104899a29982ab5c7db7f5 1c23899b06fb4ba49e519f066ce75c14 - - default default] Successfully bumped revision number for resource b15391ae-a2e2-4eae-93fb-532250cfbf6a (type: security_group_rules) to 0
2026-05-27 01:53:22.444 10 INFO neutron.db.ovn_revision_numbers_db [None req-d524a0ad-5aaa-4b23-a6ba-b3259aaaaed3 9b79efb632104899a29982ab5c7db7f5 1c23899b06fb4ba49e519f066ce75c14 - - default default] Successfully bumped revision number for resource c854a8db-fa00-4833-bbd7-091552b6986f (type: security_group_rules) to 0
2026-05-27 01:53:22.459 10 INFO neutron.db.ovn_revision_numbers_db [None req-d524a0ad-5aaa-4b23-a6ba-b3259aaaaed3 9b79efb632104899a29982ab5c7db7f5 1c23899b06fb4ba49e519f066ce75c14 - - default default] Successfully bumped revision number for resource e90cb8ac-f947-41a5-a2de-6eca6161a899 (type: security_group_rules) to 0
2026-05-27 01:53:22.479 10 INFO neutron.wsgi [None req-d524a0ad-5aaa-4b23-a6ba-b3259aaaaed3 9b79efb632104899a29982ab5c7db7f5 1c23899b06fb4ba49e519f066ce75c14 - - default default] 10.0.0.76 "GET /v2.0/security-groups?tenant_id=6135a3c34b76415782869447708330b4&name=default HTTP/1.1" status: 200 len: 3120 time: 0.2124510
2026-05-27 01:53:22.481 9 INFO neutron.db.ovn_revision_numbers_db [None req-6d3e6b7e-d9c6-448e-be6f-8accd4637c97 87963fd4fdaf44af953d72acad425e33 f4e23827f05f43bd976e11eed4bffdcd - - default default] Successfully bumped revision number for resource bd20cad3-afe8-470f-b7b7-1fa9af963a24 (type: networks) to 1
2026-05-27 01:53:22.707 10 INFO neutron.wsgi [None req-d669f9ce-c5a1-42f9-b373-9cf30964b2b3 9b79efb632104899a29982ab5c7db7f5 1c23899b06fb4ba49e519f066ce75c14 - - default default] 10.0.0.76 "DELETE /v2.0/security-groups/51ac62e2-8a7d-4831-ba7f-47d0321bddc4 HTTP/1.1" status: 204 len: 168 time: 0.2230709
2026-05-27 01:53:22.901 9 WARNING neutron.scheduler.dhcp_agent_scheduler [None req-6d3e6b7e-d9c6-448e-be6f-8accd4637c97 87963fd4fdaf44af953d72acad425e33 f4e23827f05f43bd976e11eed4bffdcd - - default default] No more DHCP agents
2026-05-27 01:53:22.905 9 INFO neutron.wsgi [None req-5bace5e6-523d-45e2-a792-b06a884d7a3e 9b79efb632104899a29982ab5c7db7f5 1c23899b06fb4ba49e519f066ce75c14 - - default default] 10.0.0.76 "GET /v2.0/security-groups?tenant_id=4bce72bf623049b5951cfcc1a961a697&name=default HTTP/1.1" status: 200 len: 3120 time: 0.0537105
2026-05-27 01:53:22.907 9 WARNING neutron.api.rpc.agentnotifiers.dhcp_rpc_agent_api [None req-6d3e6b7e-d9c6-448e-be6f-8accd4637c97 87963fd4fdaf44af953d72acad425e33 f4e23827f05f43bd976e11eed4bffdcd - - default default] Unable to schedule network bd20cad3-afe8-470f-b7b7-1fa9af963a24: no agents available; will retry on subsequent port and subnet creation events.
2026-05-27 01:53:22.990 9 INFO neutron.db.ovn_revision_numbers_db [None req-6d3e6b7e-d9c6-448e-be6f-8accd4637c97 87963fd4fdaf44af953d72acad425e33 f4e23827f05f43bd976e11eed4bffdcd - - default default] Successfully bumped revision number for resource 837c1c67-bdaa-4ef8-967a-b027b5ddf204 (type: ports) to 1
2026-05-27 01:53:23.013 9 INFO neutron.wsgi [None req-6d3e6b7e-d9c6-448e-be6f-8accd4637c97 87963fd4fdaf44af953d72acad425e33 f4e23827f05f43bd976e11eed4bffdcd - - default default] 10.0.0.76 "POST /v2.0/networks HTTP/1.1" status: 201 len: 830 time: 0.8002148
2026-05-27 01:53:23.023 9 WARNING neutron_lib.context [None req-623bdd26-a42c-429b-8818-542fe14e5362 87963fd4fdaf44af953d72acad425e33 f4e23827f05f43bd976e11eed4bffdcd - - default default] Method 'is_advsvc' is deprecated since 2023.2 release (neutron-lib 3.8.0) and will be removed once support for the old RBAC API policies will be removed from Neutron. Please use method 'is_service_role' instead.
2026-05-27 01:53:23.125 10 INFO neutron.wsgi [None req-e2607103-6160-4247-89a2-3baa7526dd60 9b79efb632104899a29982ab5c7db7f5 1c23899b06fb4ba49e519f066ce75c14 - - default default] 10.0.0.76 "DELETE /v2.0/security-groups/913f90da-5493-4d6e-afd8-c6aafb44660c HTTP/1.1" status: 204 len: 168 time: 0.2153747
2026-05-27 01:53:23.231 9 WARNING neutron.scheduler.dhcp_agent_scheduler [None req-623bdd26-a42c-429b-8818-542fe14e5362 87963fd4fdaf44af953d72acad425e33 f4e23827f05f43bd976e11eed4bffdcd - - default default] No more DHCP agents
2026-05-27 01:53:23.233 9 WARNING neutron.api.rpc.agentnotifiers.dhcp_rpc_agent_api [None req-623bdd26-a42c-429b-8818-542fe14e5362 87963fd4fdaf44af953d72acad425e33 f4e23827f05f43bd976e11eed4bffdcd - - default default] Unable to schedule network bd20cad3-afe8-470f-b7b7-1fa9af963a24: no agents available; will retry on subsequent port and subnet creation events.
2026-05-27 01:53:23.732 9 INFO neutron.db.ovn_revision_numbers_db [None req-623bdd26-a42c-429b-8818-542fe14e5362 87963fd4fdaf44af953d72acad425e33 f4e23827f05f43bd976e11eed4bffdcd - - default default] Successfully bumped revision number for resource 837c1c67-bdaa-4ef8-967a-b027b5ddf204 (type: ports) to 2
2026-05-27 01:53:23.762 9 INFO neutron.db.ovn_revision_numbers_db [None req-623bdd26-a42c-429b-8818-542fe14e5362 87963fd4fdaf44af953d72acad425e33 f4e23827f05f43bd976e11eed4bffdcd - - default default] Successfully bumped revision number for resource d102e6e4-fc83-4a8b-93d7-1c976aa1a14a (type: subnets) to 0
2026-05-27 01:53:23.778 9 INFO neutron.wsgi [None req-623bdd26-a42c-429b-8818-542fe14e5362 87963fd4fdaf44af953d72acad425e33 f4e23827f05f43bd976e11eed4bffdcd - - default default] 10.0.0.76 "POST /v2.0/subnets HTTP/1.1" status: 201 len: 804 time: 0.7592738
2026-05-27 01:53:23.788 9 WARNING neutron_lib.context [None req-45f5e4ef-6888-401d-8fee-3c1f4057d0b7 87963fd4fdaf44af953d72acad425e33 f4e23827f05f43bd976e11eed4bffdcd - - default default] Method 'is_advsvc' is deprecated since 2023.2 release (neutron-lib 3.8.0) and will be removed once support for the old RBAC API policies will be removed from Neutron. Please use method 'is_service_role' instead.
2026-05-27 01:53:23.868 9 INFO neutron.db.segments_db [None req-45f5e4ef-6888-401d-8fee-3c1f4057d0b7 87963fd4fdaf44af953d72acad425e33 f4e23827f05f43bd976e11eed4bffdcd - - default default] Added segment 795087b0-0067-4930-bca7-a1f7b709bb2d of type geneve for network 476cface-054e-4a4d-854d-5a0052d950d5
2026-05-27 01:53:24.000 9 INFO neutron.db.ovn_revision_numbers_db [None req-45f5e4ef-6888-401d-8fee-3c1f4057d0b7 87963fd4fdaf44af953d72acad425e33 f4e23827f05f43bd976e11eed4bffdcd - - default default] Successfully bumped revision number for resource 476cface-054e-4a4d-854d-5a0052d950d5 (type: networks) to 1
2026-05-27 01:53:24.184 9 WARNING neutron.scheduler.dhcp_agent_scheduler [None req-45f5e4ef-6888-401d-8fee-3c1f4057d0b7 87963fd4fdaf44af953d72acad425e33 f4e23827f05f43bd976e11eed4bffdcd - - default default] No more DHCP agents
2026-05-27 01:53:24.187 9 WARNING neutron.api.rpc.agentnotifiers.dhcp_rpc_agent_api [None req-45f5e4ef-6888-401d-8fee-3c1f4057d0b7 87963fd4fdaf44af953d72acad425e33 f4e23827f05f43bd976e11eed4bffdcd - - default default] Unable to schedule network 476cface-054e-4a4d-854d-5a0052d950d5: no agents available; will retry on subsequent port and subnet creation events.
2026-05-27 01:53:24.263 9 INFO neutron.db.ovn_revision_numbers_db [None req-45f5e4ef-6888-401d-8fee-3c1f4057d0b7 87963fd4fdaf44af953d72acad425e33 f4e23827f05f43bd976e11eed4bffdcd - - default default] Successfully bumped revision number for resource 4ae4f54a-d7eb-4d5d-b1b9-0a9366ac420c (type: ports) to 1
2026-05-27 01:53:24.286 9 INFO neutron.wsgi [None req-45f5e4ef-6888-401d-8fee-3c1f4057d0b7 87963fd4fdaf44af953d72acad425e33 f4e23827f05f43bd976e11eed4bffdcd - - default default] 10.0.0.76 "POST /v2.0/networks HTTP/1.1" status: 201 len: 831 time: 0.5031836
2026-05-27 01:53:24.297 9 WARNING neutron_lib.context [None req-348b1ae4-f684-46ea-80a5-ef9ddb62cd02 87963fd4fdaf44af953d72acad425e33 f4e23827f05f43bd976e11eed4bffdcd - - default default] Method 'is_advsvc' is deprecated since 2023.2 release (neutron-lib 3.8.0) and will be removed once support for the old RBAC API policies will be removed from Neutron. Please use method 'is_service_role' instead.
2026-05-27 01:53:24.551 9 WARNING neutron.scheduler.dhcp_agent_scheduler [None req-348b1ae4-f684-46ea-80a5-ef9ddb62cd02 87963fd4fdaf44af953d72acad425e33 f4e23827f05f43bd976e11eed4bffdcd - - default default] No more DHCP agents
2026-05-27 01:53:24.554 9 WARNING neutron.api.rpc.agentnotifiers.dhcp_rpc_agent_api [None req-348b1ae4-f684-46ea-80a5-ef9ddb62cd02 87963fd4fdaf44af953d72acad425e33 f4e23827f05f43bd976e11eed4bffdcd - - default default] Unable to schedule network 476cface-054e-4a4d-854d-5a0052d950d5: no agents available; will retry on subsequent port and subnet creation events.
2026-05-27 01:53:25.107 9 INFO neutron.db.ovn_revision_numbers_db [None req-348b1ae4-f684-46ea-80a5-ef9ddb62cd02 87963fd4fdaf44af953d72acad425e33 f4e23827f05f43bd976e11eed4bffdcd - - default default] Successfully bumped revision number for resource 4ae4f54a-d7eb-4d5d-b1b9-0a9366ac420c (type: ports) to 2
2026-05-27 01:53:25.145 9 INFO neutron.db.ovn_revision_numbers_db [None req-348b1ae4-f684-46ea-80a5-ef9ddb62cd02 87963fd4fdaf44af953d72acad425e33 f4e23827f05f43bd976e11eed4bffdcd - - default default] Successfully bumped revision number for resource e592a0b5-87ef-460a-945b-5db7ba80a3e1 (type: subnets) to 0
2026-05-27 01:53:25.161 9 INFO neutron.wsgi [None req-348b1ae4-f684-46ea-80a5-ef9ddb62cd02 87963fd4fdaf44af953d72acad425e33 f4e23827f05f43bd976e11eed4bffdcd - - default default] 10.0.0.76 "POST /v2.0/subnets HTTP/1.1" status: 201 len: 804 time: 0.8688190
2026-05-27 01:53:25.171 9 WARNING neutron_lib.context [None req-88fc3d6a-25a8-4545-aeb7-39c67914e72c 87963fd4fdaf44af953d72acad425e33 f4e23827f05f43bd976e11eed4bffdcd - - default default] Method 'is_advsvc' is deprecated since 2023.2 release (neutron-lib 3.8.0) and will be removed once support for the old RBAC API policies will be removed from Neutron. Please use method 'is_service_role' instead.
2026-05-27 01:53:25.253 9 INFO neutron.db.segments_db [None req-88fc3d6a-25a8-4545-aeb7-39c67914e72c 87963fd4fdaf44af953d72acad425e33 f4e23827f05f43bd976e11eed4bffdcd - - default default] Added segment 1c7af58b-3daf-4d73-a010-cac2bbd31157 of type geneve for network 006eee5c-5a42-433d-9147-af6ba77c4cb7
2026-05-27 01:53:25.392 9 INFO neutron.db.ovn_revision_numbers_db [None req-88fc3d6a-25a8-4545-aeb7-39c67914e72c 87963fd4fdaf44af953d72acad425e33 f4e23827f05f43bd976e11eed4bffdcd - - default default] Successfully bumped revision number for resource 006eee5c-5a42-433d-9147-af6ba77c4cb7 (type: networks) to 1
2026-05-27 01:53:25.591 9 WARNING neutron.scheduler.dhcp_agent_scheduler [None req-88fc3d6a-25a8-4545-aeb7-39c67914e72c 87963fd4fdaf44af953d72acad425e33 f4e23827f05f43bd976e11eed4bffdcd - - default default] No more DHCP agents
2026-05-27 01:53:25.593 9 WARNING neutron.api.rpc.agentnotifiers.dhcp_rpc_agent_api [None req-88fc3d6a-25a8-4545-aeb7-39c67914e72c 87963fd4fdaf44af953d72acad425e33 f4e23827f05f43bd976e11eed4bffdcd - - default default] Unable to schedule network 006eee5c-5a42-433d-9147-af6ba77c4cb7: no agents available; will retry on subsequent port and subnet creation events.
2026-05-27 01:53:25.679 9 INFO neutron.db.ovn_revision_numbers_db [None req-88fc3d6a-25a8-4545-aeb7-39c67914e72c 87963fd4fdaf44af953d72acad425e33 f4e23827f05f43bd976e11eed4bffdcd - - default default] Successfully bumped revision number for resource edca7c50-0bd4-448e-a493-8508c6e6ef63 (type: ports) to 1
2026-05-27 01:53:25.703 9 INFO neutron.wsgi [None req-88fc3d6a-25a8-4545-aeb7-39c67914e72c 87963fd4fdaf44af953d72acad425e33 f4e23827f05f43bd976e11eed4bffdcd - - default default] 10.0.0.76 "POST /v2.0/networks HTTP/1.1" status: 201 len: 831 time: 0.5363963
2026-05-27 01:53:25.711 9 WARNING neutron_lib.context [None req-a298022c-336c-43a7-beeb-406a91555b41 87963fd4fdaf44af953d72acad425e33 f4e23827f05f43bd976e11eed4bffdcd - - default default] Method 'is_advsvc' is deprecated since 2023.2 release (neutron-lib 3.8.0) and will be removed once support for the old RBAC API policies will be removed from Neutron. Please use method 'is_service_role' instead.
2026-05-27 01:53:25.938 9 WARNING neutron.scheduler.dhcp_agent_scheduler [None req-a298022c-336c-43a7-beeb-406a91555b41 87963fd4fdaf44af953d72acad425e33 f4e23827f05f43bd976e11eed4bffdcd - - default default] No more DHCP agents
2026-05-27 01:53:25.941 9 WARNING neutron.api.rpc.agentnotifiers.dhcp_rpc_agent_api [None req-a298022c-336c-43a7-beeb-406a91555b41 87963fd4fdaf44af953d72acad425e33 f4e23827f05f43bd976e11eed4bffdcd - - default default] Unable to schedule network 006eee5c-5a42-433d-9147-af6ba77c4cb7: no agents available; will retry on subsequent port and subnet creation events.
2026-05-27 01:53:26.431 9 INFO neutron.db.ovn_revision_numbers_db [None req-a298022c-336c-43a7-beeb-406a91555b41 87963fd4fdaf44af953d72acad425e33 f4e23827f05f43bd976e11eed4bffdcd - - default default] Successfully bumped revision number for resource edca7c50-0bd4-448e-a493-8508c6e6ef63 (type: ports) to 2
2026-05-27 01:53:26.464 9 INFO neutron.db.ovn_revision_numbers_db [None req-a298022c-336c-43a7-beeb-406a91555b41 87963fd4fdaf44af953d72acad425e33 f4e23827f05f43bd976e11eed4bffdcd - - default default] Successfully bumped revision number for resource bc1801b0-7797-401e-903d-47ab773936e5 (type: subnets) to 0
2026-05-27 01:53:26.488 9 INFO neutron.wsgi [None req-a298022c-336c-43a7-beeb-406a91555b41 87963fd4fdaf44af953d72acad425e33 f4e23827f05f43bd976e11eed4bffdcd - - default default] 10.0.0.76 "POST /v2.0/subnets HTTP/1.1" status: 201 len: 804 time: 0.7805650
2026-05-27 01:53:26.563 9 INFO neutron.wsgi [None req-b0b91105-e0ff-4990-8aa2-6fedeed04c85 87963fd4fdaf44af953d72acad425e33 f4e23827f05f43bd976e11eed4bffdcd - - default default] 10.0.0.76 "PUT /v2.0/subnets/ba341777-7180-420a-8d65-b167148c2036/tags HTTP/1.1" status: 200 len: 210 time: 0.0666170
2026-05-27 01:53:26.615 9 INFO neutron.wsgi [None req-0504ce68-fba0-4526-b5c2-f45cd25badbc 87963fd4fdaf44af953d72acad425e33 f4e23827f05f43bd976e11eed4bffdcd - - default default] 10.0.0.76 "PUT /v2.0/subnets/c516f87d-d03c-407a-bb91-fa50653572a4/tags HTTP/1.1" status: 200 len: 218 time: 0.0488508
2026-05-27 01:53:26.673 9 INFO neutron.wsgi [None req-136daa6d-880d-42de-abd3-f426fbd5172f 87963fd4fdaf44af953d72acad425e33 f4e23827f05f43bd976e11eed4bffdcd - - default default] 10.0.0.76 "PUT /v2.0/subnets/d102e6e4-fc83-4a8b-93d7-1c976aa1a14a/tags HTTP/1.1" status: 200 len: 227 time: 0.0544939
2026-05-27 01:53:26.729 9 INFO neutron.wsgi [None req-93e93b8f-28b3-4478-b64c-48fbde3a5456 87963fd4fdaf44af953d72acad425e33 f4e23827f05f43bd976e11eed4bffdcd - - default default] 10.0.0.76 "PUT /v2.0/subnets/e592a0b5-87ef-460a-945b-5db7ba80a3e1/tags HTTP/1.1" status: 200 len: 212 time: 0.0490727
2026-05-27 01:53:26.784 9 INFO neutron.wsgi [None req-f9da558b-5416-4219-8c99-63503fa93921 87963fd4fdaf44af953d72acad425e33 f4e23827f05f43bd976e11eed4bffdcd - - default default] 10.0.0.76 "GET /v2.0/subnets?tags=red HTTP/1.1" status: 200 len: 2027 time: 0.0483611
2026-05-27 01:53:26.807 10 INFO neutron.wsgi [-] 10.0.0.148 "GET / HTTP/1.1" status: 200 len: 247 time: 0.0028317
2026-05-27 01:53:26.811 10 INFO neutron.wsgi [-] 10.0.0.148 "GET / HTTP/1.1" status: 200 len: 247 time: 0.0031857
2026-05-27 01:53:26.848 9 INFO neutron.wsgi [None req-9ec0353d-85a9-4025-ad7c-59ed4a09af8c 87963fd4fdaf44af953d72acad425e33 f4e23827f05f43bd976e11eed4bffdcd - - default default] 10.0.0.76 "GET /v2.0/subnets?tags=red%2Cblue HTTP/1.1" status: 200 len: 1430 time: 0.0582798
2026-05-27 01:53:26.913 10 INFO neutron.wsgi [None req-fa959b9f-eb76-483c-b36d-61faf06c9cc6 87963fd4fdaf44af953d72acad425e33 f4e23827f05f43bd976e11eed4bffdcd - - default default] 10.0.0.76 "GET /v2.0/subnets?tags-any=blue HTTP/1.1" status: 200 len: 1430 time: 0.0589981
2026-05-27 01:53:26.966 10 INFO neutron.wsgi [None req-a2bcfc83-1113-403c-a435-710e3ce9e35e 87963fd4fdaf44af953d72acad425e33 f4e23827f05f43bd976e11eed4bffdcd - - default default] 10.0.0.76 "GET /v2.0/subnets?tags-any=red%2Cblue HTTP/1.1" status: 200 len: 2027 time: 0.0457523
2026-05-27 01:53:27.042 9 INFO neutron.wsgi [None req-dcf57342-1a18-4c51-a222-b65814b06741 87963fd4fdaf44af953d72acad425e33 f4e23827f05f43bd976e11eed4bffdcd - - default default] 10.0.0.76 "GET /v2.0/subnets?not-tags=red HTTP/1.1" status: 200 len: 2018 time: 0.0673797
2026-05-27 01:53:27.117 9 INFO neutron.wsgi [None req-5b9be91a-c33d-4ed0-80f1-a13e6e491032 87963fd4fdaf44af953d72acad425e33 f4e23827f05f43bd976e11eed4bffdcd - - default default] 10.0.0.76 "GET /v2.0/subnets?not-tags=red%2Cblue HTTP/1.1" status: 200 len: 2615 time: 0.0673723
2026-05-27 01:53:27.187 9 INFO neutron.wsgi [None req-822f7642-4ce1-4a87-9a04-e5d8a51eb0ce 87963fd4fdaf44af953d72acad425e33 f4e23827f05f43bd976e11eed4bffdcd - - default default] 10.0.0.76 "GET /v2.0/subnets?not-tags-any=blue HTTP/1.1" status: 200 len: 2615 time: 0.0649846
