2026-05-27 01:50:07.692 10 INFO neutron.services.segments.plugin [-] Segment 33092e1d-2aa6-42f8-a07e-5df14512eaaa resource provider not found; error: Placement Client Error (4xx): {"errors": [{"status": 404, "title": "Not Found", "detail": "The resource could not be found.\n\n No resource provider with uuid 33092e1d-2aa6-42f8-a07e-5df14512eaaa found for delete ", "request_id": "req-d17c7366-9eb0-474b-8743-03393b53a75e"}]}
2026-05-27 01:50:07.693 10 INFO neutron.services.segments.plugin [-] Segment 33092e1d-2aa6-42f8-a07e-5df14512eaaa resource provider not found; error: Placement Client Error (4xx): {"errors": [{"status": 404, "title": "Not Found", "detail": "The resource could not be found.\n\n No resource provider with uuid 33092e1d-2aa6-42f8-a07e-5df14512eaaa found for delete ", "request_id": "req-b0625ebb-d717-4db8-a728-2e4401a30497"}]}
2026-05-27 01:50:07.722 10 INFO neutron.wsgi [None req-4164ec76-1873-4bbf-a430-a45c008583e2 b5449e539fee43d0a56838c9f943d6d1 0458393db0064ad4b4350d31b59a7899 - - default default] 10.0.0.76 "DELETE /v2.0/networks/124100cb-3ce6-4cfb-96cc-dd26ed6417c0 HTTP/1.1" status: 204 len: 168 time: 0.6307487
2026-05-27 01:50:07.724 10 INFO neutron.db.ovn_revision_numbers_db [None req-bfcacaff-ab50-4482-9c3e-2f1f54fdcef4 9b79efb632104899a29982ab5c7db7f5 1c23899b06fb4ba49e519f066ce75c14 - - default default] Successfully bumped revision number for resource 34deafca-25c2-42a5-b977-7a75aac6a55b (type: security_groups) to 1
2026-05-27 01:50:07.753 10 INFO neutron.pecan_wsgi.hooks.translation [None req-398c4650-45d1-4885-bd45-d856d5acfb80 b5449e539fee43d0a56838c9f943d6d1 0458393db0064ad4b4350d31b59a7899 - - default default] DELETE failed (client error): The resource could not be found.
2026-05-27 01:50:07.756 10 INFO neutron.wsgi [None req-398c4650-45d1-4885-bd45-d856d5acfb80 b5449e539fee43d0a56838c9f943d6d1 0458393db0064ad4b4350d31b59a7899 - - default default] 10.0.0.76 "DELETE /v2.0/networks/124100cb-3ce6-4cfb-96cc-dd26ed6417c0 HTTP/1.1" status: 404 len: 339 time: 0.0218139
2026-05-27 01:50:07.766 10 INFO neutron.db.ovn_revision_numbers_db [None req-bfcacaff-ab50-4482-9c3e-2f1f54fdcef4 9b79efb632104899a29982ab5c7db7f5 1c23899b06fb4ba49e519f066ce75c14 - - default default] Successfully bumped revision number for resource 533543b9-4ea9-4080-a02d-4a28f5c84aaa (type: security_group_rules) to 0
2026-05-27 01:50:07.803 9 INFO neutron.services.segments.plugin [-] Segment affb334a-362b-4b6b-967c-b736d0e1f935 resource provider aggregate not found
2026-05-27 01:50:07.808 9 INFO neutron.services.segments.plugin [-] Segment affb334a-362b-4b6b-967c-b736d0e1f935 resource provider aggregate not found
2026-05-27 01:50:07.820 9 INFO neutron.services.segments.plugin [-] Segment affb334a-362b-4b6b-967c-b736d0e1f935 resource provider not found; error: Placement Client Error (4xx): {"errors": [{"status": 404, "title": "Not Found", "detail": "The resource could not be found.\n\n No resource provider with uuid affb334a-362b-4b6b-967c-b736d0e1f935 found for delete ", "request_id": "req-61a2a32a-23f5-4415-acde-626a34aa6bdf"}]}
2026-05-27 01:50:07.822 9 INFO neutron.services.segments.plugin [-] Segment affb334a-362b-4b6b-967c-b736d0e1f935 resource provider not found; error: Placement Client Error (4xx): {"errors": [{"status": 404, "title": "Not Found", "detail": "The resource could not be found.\n\n No resource provider with uuid affb334a-362b-4b6b-967c-b736d0e1f935 found for delete ", "request_id": "req-4fc83581-3a9f-4dd2-9c37-51785679eb5f"}]}
2026-05-27 01:50:07.832 9 INFO neutron.wsgi [None req-8890e026-5c4f-4801-9681-6a131d0d2b20 931b17b16ed440459c07975c81ca421f d30519e8f9e54b93b7727c794aaba5db - - default default] 10.0.0.76 "DELETE /v2.0/networks/c1fd7590-4531-46ae-8927-098db35903b1 HTTP/1.1" status: 204 len: 168 time: 0.4527776
2026-05-27 01:50:07.845 9 WARNING neutron_lib.context [None req-433b10e8-7652-4ef2-9079-4d24e7fae19d 931b17b16ed440459c07975c81ca421f d30519e8f9e54b93b7727c794aaba5db - - default default] Method 'is_advsvc' is deprecated since 2023.2 release (neutron-lib 3.8.0) and will be removed once support for the old RBAC API policies will be removed from Neutron. Please use method 'is_service_role' instead.
2026-05-27 01:50:07.928 9 INFO neutron.db.segments_db [None req-433b10e8-7652-4ef2-9079-4d24e7fae19d 931b17b16ed440459c07975c81ca421f d30519e8f9e54b93b7727c794aaba5db - - default default] Added segment c8bd7702-f75e-41df-bb96-7e9152b18083 of type geneve for network 33873cc8-1685-4f6e-9be5-9ce98af6618d
2026-05-27 01:50:08.104 10 INFO neutron.db.ovn_revision_numbers_db [None req-bfcacaff-ab50-4482-9c3e-2f1f54fdcef4 9b79efb632104899a29982ab5c7db7f5 1c23899b06fb4ba49e519f066ce75c14 - - default default] Successfully bumped revision number for resource 7ac3f07b-9e52-4fbb-932a-1de21b6b5c28 (type: security_group_rules) to 0
2026-05-27 01:50:08.129 9 INFO neutron.db.ovn_revision_numbers_db [None req-433b10e8-7652-4ef2-9079-4d24e7fae19d 931b17b16ed440459c07975c81ca421f d30519e8f9e54b93b7727c794aaba5db - - default default] Successfully bumped revision number for resource 33873cc8-1685-4f6e-9be5-9ce98af6618d (type: networks) to 1
2026-05-27 01:50:08.137 10 INFO neutron.db.ovn_revision_numbers_db [None req-bfcacaff-ab50-4482-9c3e-2f1f54fdcef4 9b79efb632104899a29982ab5c7db7f5 1c23899b06fb4ba49e519f066ce75c14 - - default default] Successfully bumped revision number for resource 8f2474ac-2881-402f-a243-967686ef7b48 (type: security_group_rules) to 0
2026-05-27 01:50:08.151 10 INFO neutron.wsgi [None req-b682a64b-78c3-41d9-9006-0af6418d5a13 b5449e539fee43d0a56838c9f943d6d1 0458393db0064ad4b4350d31b59a7899 - - default default] 10.0.0.76 "GET /v2.0/networks?router%3Aexternal=True HTTP/1.1" status: 200 len: 845 time: 0.3828545
2026-05-27 01:50:08.156 10 INFO neutron.db.ovn_revision_numbers_db [None req-bfcacaff-ab50-4482-9c3e-2f1f54fdcef4 9b79efb632104899a29982ab5c7db7f5 1c23899b06fb4ba49e519f066ce75c14 - - default default] Successfully bumped revision number for resource d4f6b10a-3aaf-491e-829b-08d42a881f40 (type: security_group_rules) to 0
2026-05-27 01:50:08.210 10 INFO neutron.db.segments_db [None req-bfcacaff-ab50-4482-9c3e-2f1f54fdcef4 9b79efb632104899a29982ab5c7db7f5 1c23899b06fb4ba49e519f066ce75c14 - - default default] Added segment f9d6a821-e670-46b5-94c5-e5d864edad86 of type geneve for network 28cf28bc-3849-4da1-b8e4-af1bb02ce0ea
2026-05-27 01:50:08.230 9 INFO neutron.wsgi [None req-cb485704-da3b-439d-8a1e-22b79649cf06 b5449e539fee43d0a56838c9f943d6d1 0458393db0064ad4b4350d31b59a7899 - - default default] 10.0.0.76 "GET /v2.0/subnets?network_id=8c9f9782-a40c-4944-bf8b-e87dac191b04 HTTP/1.1" status: 200 len: 820 time: 0.0747418
2026-05-27 01:50:08.241 9 INFO neutron.wsgi [None req-16dcf8c7-cba8-4001-9993-ba6dc2e582f6 b5449e539fee43d0a56838c9f943d6d1 0458393db0064ad4b4350d31b59a7899 - - default default] 10.0.0.76 "GET /v2.0/extensions HTTP/1.1" status: 200 len: 18678 time: 0.0076711
2026-05-27 01:50:08.333 10 INFO neutron.wsgi [None req-ed9ed8f3-6a30-4aeb-a67c-94b28e6c2b99 b5449e539fee43d0a56838c9f943d6d1 0458393db0064ad4b4350d31b59a7899 - - default default] 10.0.0.76 "GET /v2.0/networks HTTP/1.1" status: 200 len: 1507 time: 0.0813277
2026-05-27 01:50:08.391 9 WARNING neutron.scheduler.dhcp_agent_scheduler [None req-433b10e8-7652-4ef2-9079-4d24e7fae19d 931b17b16ed440459c07975c81ca421f d30519e8f9e54b93b7727c794aaba5db - - default default] No more DHCP agents
2026-05-27 01:50:08.394 9 WARNING neutron.api.rpc.agentnotifiers.dhcp_rpc_agent_api [None req-433b10e8-7652-4ef2-9079-4d24e7fae19d 931b17b16ed440459c07975c81ca421f d30519e8f9e54b93b7727c794aaba5db - - default default] Unable to schedule network 33873cc8-1685-4f6e-9be5-9ce98af6618d: no agents available; will retry on subsequent port and subnet creation events.
2026-05-27 01:50:08.398 10 INFO neutron.wsgi [None req-4bf3bac2-9834-4a66-9ec9-f602f751494d b5449e539fee43d0a56838c9f943d6d1 0458393db0064ad4b4350d31b59a7899 - - default default] 10.0.0.76 "GET /v2.0/subnets HTTP/1.1" status: 200 len: 1460 time: 0.0582352
2026-05-27 01:50:08.417 10 INFO neutron.db.ovn_revision_numbers_db [None req-bfcacaff-ab50-4482-9c3e-2f1f54fdcef4 9b79efb632104899a29982ab5c7db7f5 1c23899b06fb4ba49e519f066ce75c14 - - default default] Successfully bumped revision number for resource 28cf28bc-3849-4da1-b8e4-af1bb02ce0ea (type: networks) to 1
2026-05-27 01:50:08.474 9 INFO neutron.db.ovn_revision_numbers_db [None req-433b10e8-7652-4ef2-9079-4d24e7fae19d 931b17b16ed440459c07975c81ca421f d30519e8f9e54b93b7727c794aaba5db - - default default] Successfully bumped revision number for resource b9559c6e-478c-4e70-a562-8ba3a0aa2c3b (type: ports) to 1
2026-05-27 01:50:08.478 10 INFO neutron.wsgi [None req-a2a7fc55-a966-4934-91bf-1c975beb0407 b5449e539fee43d0a56838c9f943d6d1 0458393db0064ad4b4350d31b59a7899 - - default default] 10.0.0.76 "GET /v2.0/networks/29bc9f5d-f25a-4dd2-9cd6-77968473469e HTTP/1.1" status: 200 len: 866 time: 0.0727401
2026-05-27 01:50:08.502 9 INFO neutron.wsgi [None req-433b10e8-7652-4ef2-9079-4d24e7fae19d 931b17b16ed440459c07975c81ca421f d30519e8f9e54b93b7727c794aaba5db - - default default] 10.0.0.76 "POST /v2.0/networks HTTP/1.1" status: 201 len: 830 time: 0.6631532
2026-05-27 01:50:08.516 9 WARNING neutron_lib.context [None req-af958dd0-62c9-4e48-b5fc-cd4d3b34f559 931b17b16ed440459c07975c81ca421f d30519e8f9e54b93b7727c794aaba5db - - default default] Method 'is_advsvc' is deprecated since 2023.2 release (neutron-lib 3.8.0) and will be removed once support for the old RBAC API policies will be removed from Neutron. Please use method 'is_service_role' instead.
2026-05-27 01:50:08.537 10 INFO neutron.wsgi [None req-0be2d05a-940b-4e5a-a4b6-837a3a60bc54 b5449e539fee43d0a56838c9f943d6d1 0458393db0064ad4b4350d31b59a7899 - - default default] 10.0.0.76 "GET /v2.0/subnets/6f32bc69-938e-434d-b1e3-b84eaa23c10b HTTP/1.1" status: 200 len: 843 time: 0.0519607
2026-05-27 01:50:08.560 10 INFO neutron.pecan_wsgi.hooks.translation [None req-0d137971-2001-49fc-98a2-24b522544a1a b5449e539fee43d0a56838c9f943d6d1 0458393db0064ad4b4350d31b59a7899 - - default default] DELETE failed (client error): The resource could not be found.
2026-05-27 01:50:08.562 10 INFO neutron.wsgi [None req-0d137971-2001-49fc-98a2-24b522544a1a b5449e539fee43d0a56838c9f943d6d1 0458393db0064ad4b4350d31b59a7899 - - default default] 10.0.0.76 "DELETE /v2.0/subnets/ddab3949-3bf0-4420-a509-893d8aac4fb0 HTTP/1.1" status: 404 len: 337 time: 0.0188265
2026-05-27 01:50:08.594 10 INFO neutron.pecan_wsgi.hooks.translation [None req-c57c6ce7-929c-44d9-a16b-1f45714cd80f b5449e539fee43d0a56838c9f943d6d1 0458393db0064ad4b4350d31b59a7899 - - default default] DELETE failed (client error): The resource could not be found.
2026-05-27 01:50:08.597 10 INFO neutron.wsgi [None req-c57c6ce7-929c-44d9-a16b-1f45714cd80f b5449e539fee43d0a56838c9f943d6d1 0458393db0064ad4b4350d31b59a7899 - - default default] 10.0.0.76 "DELETE /v2.0/networks/124100cb-3ce6-4cfb-96cc-dd26ed6417c0 HTTP/1.1" status: 404 len: 339 time: 0.0256925
2026-05-27 01:50:08.657 10 WARNING neutron.scheduler.dhcp_agent_scheduler [None req-bfcacaff-ab50-4482-9c3e-2f1f54fdcef4 9b79efb632104899a29982ab5c7db7f5 1c23899b06fb4ba49e519f066ce75c14 - - default default] No more DHCP agents
2026-05-27 01:50:08.662 10 WARNING neutron.api.rpc.agentnotifiers.dhcp_rpc_agent_api [None req-bfcacaff-ab50-4482-9c3e-2f1f54fdcef4 9b79efb632104899a29982ab5c7db7f5 1c23899b06fb4ba49e519f066ce75c14 - - default default] Unable to schedule network 28cf28bc-3849-4da1-b8e4-af1bb02ce0ea: no agents available; will retry on subsequent port and subnet creation events.
2026-05-27 01:50:08.773 9 WARNING neutron.scheduler.dhcp_agent_scheduler [None req-af958dd0-62c9-4e48-b5fc-cd4d3b34f559 931b17b16ed440459c07975c81ca421f d30519e8f9e54b93b7727c794aaba5db - - default default] No more DHCP agents
2026-05-27 01:50:08.774 9 WARNING neutron.api.rpc.agentnotifiers.dhcp_rpc_agent_api [None req-af958dd0-62c9-4e48-b5fc-cd4d3b34f559 931b17b16ed440459c07975c81ca421f d30519e8f9e54b93b7727c794aaba5db - - default default] Unable to schedule network 33873cc8-1685-4f6e-9be5-9ce98af6618d: no agents available; will retry on subsequent port and subnet creation events.
2026-05-27 01:50:08.779 10 INFO neutron.db.ovn_revision_numbers_db [None req-bfcacaff-ab50-4482-9c3e-2f1f54fdcef4 9b79efb632104899a29982ab5c7db7f5 1c23899b06fb4ba49e519f066ce75c14 - - default default] Successfully bumped revision number for resource 96dbebac-062e-4474-9254-9aac435caaf0 (type: ports) to 1
2026-05-27 01:50:08.805 10 INFO neutron.wsgi [None req-bfcacaff-ab50-4482-9c3e-2f1f54fdcef4 9b79efb632104899a29982ab5c7db7f5 1c23899b06fb4ba49e519f066ce75c14 - - default default] 10.0.0.76 "POST /v2.0/networks HTTP/1.1" status: 201 len: 946 time: 1.5750353
2026-05-27 01:50:08.819 10 INFO neutron.wsgi [None req-ff55a076-7e27-42fb-888a-65d5b08d3b4c b5449e539fee43d0a56838c9f943d6d1 0458393db0064ad4b4350d31b59a7899 - - default default] 10.0.0.76 "DELETE /v2.0/subnets/6f32bc69-938e-434d-b1e3-b84eaa23c10b HTTP/1.1" status: 204 len: 168 time: 0.2114837
2026-05-27 01:50:09.007 10 WARNING neutron.scheduler.dhcp_agent_scheduler [None req-63c98325-cc61-4004-a69b-622cfed11cf3 9b79efb632104899a29982ab5c7db7f5 1c23899b06fb4ba49e519f066ce75c14 - - default default] No more DHCP agents
2026-05-27 01:50:09.011 10 WARNING neutron.api.rpc.agentnotifiers.dhcp_rpc_agent_api [None req-63c98325-cc61-4004-a69b-622cfed11cf3 9b79efb632104899a29982ab5c7db7f5 1c23899b06fb4ba49e519f066ce75c14 - - default default] Unable to schedule network 28cf28bc-3849-4da1-b8e4-af1bb02ce0ea: no agents available; will retry on subsequent port and subnet creation events.
2026-05-27 01:50:09.368 9 INFO neutron.wsgi [None req-25b06b18-4fc8-4898-a715-a3da42f75cc2 b5449e539fee43d0a56838c9f943d6d1 0458393db0064ad4b4350d31b59a7899 - - default default] 10.0.0.76 "DELETE /v2.0/networks/29bc9f5d-f25a-4dd2-9cd6-77968473469e HTTP/1.1" status: 204 len: 168 time: 0.5440195
2026-05-27 01:50:09.431 9 INFO neutron.db.ovn_revision_numbers_db [None req-af958dd0-62c9-4e48-b5fc-cd4d3b34f559 931b17b16ed440459c07975c81ca421f d30519e8f9e54b93b7727c794aaba5db - - default default] Successfully bumped revision number for resource b9559c6e-478c-4e70-a562-8ba3a0aa2c3b (type: ports) to 2
2026-05-27 01:50:09.460 9 INFO neutron.db.ovn_revision_numbers_db [None req-af958dd0-62c9-4e48-b5fc-cd4d3b34f559 931b17b16ed440459c07975c81ca421f d30519e8f9e54b93b7727c794aaba5db - - default default] Successfully bumped revision number for resource 89f019b9-bbc4-4786-904a-a53d22f6262f (type: subnets) to 0
2026-05-27 01:50:09.473 9 INFO neutron.wsgi [None req-af958dd0-62c9-4e48-b5fc-cd4d3b34f559 931b17b16ed440459c07975c81ca421f d30519e8f9e54b93b7727c794aaba5db - - default default] 10.0.0.76 "POST /v2.0/subnets HTTP/1.1" status: 201 len: 801 time: 0.9645905
2026-05-27 01:50:09.483 9 WARNING neutron_lib.context [None req-150d7f8c-dc12-4ae9-bd37-7bc6618b9b8c 931b17b16ed440459c07975c81ca421f d30519e8f9e54b93b7727c794aaba5db - - default default] Method 'is_advsvc' is deprecated since 2023.2 release (neutron-lib 3.8.0) and will be removed once support for the old RBAC API policies will be removed from Neutron. Please use method 'is_service_role' instead.
2026-05-27 01:50:09.562 10 INFO neutron.db.ovn_revision_numbers_db [None req-63c98325-cc61-4004-a69b-622cfed11cf3 9b79efb632104899a29982ab5c7db7f5 1c23899b06fb4ba49e519f066ce75c14 - - default default] Successfully bumped revision number for resource 96dbebac-062e-4474-9254-9aac435caaf0 (type: ports) to 2
2026-05-27 01:50:09.597 10 INFO neutron.db.ovn_revision_numbers_db [None req-63c98325-cc61-4004-a69b-622cfed11cf3 9b79efb632104899a29982ab5c7db7f5 1c23899b06fb4ba49e519f066ce75c14 - - default default] Successfully bumped revision number for resource fdb6fa3d-2ac7-4a81-ac95-c7947d6a7f69 (type: subnets) to 0
2026-05-27 01:50:09.615 10 INFO neutron.wsgi [None req-63c98325-cc61-4004-a69b-622cfed11cf3 9b79efb632104899a29982ab5c7db7f5 1c23899b06fb4ba49e519f066ce75c14 - - default default] 10.0.0.76 "POST /v2.0/subnets HTTP/1.1" status: 201 len: 866 time: 0.7998343
2026-05-27 01:50:09.850 9 INFO neutron.services.segments.plugin [-] Segment 55ae5b09-de25-4005-a5b0-76ebf86210e5 resource provider aggregate not found
2026-05-27 01:50:09.855 9 INFO neutron.services.segments.plugin [-] Segment 55ae5b09-de25-4005-a5b0-76ebf86210e5 resource provider aggregate not found
2026-05-27 01:50:09.863 9 WARNING neutron.scheduler.dhcp_agent_scheduler [None req-150d7f8c-dc12-4ae9-bd37-7bc6618b9b8c 931b17b16ed440459c07975c81ca421f d30519e8f9e54b93b7727c794aaba5db - - default default] No more DHCP agents
2026-05-27 01:50:09.865 9 WARNING neutron.api.rpc.agentnotifiers.dhcp_rpc_agent_api [None req-150d7f8c-dc12-4ae9-bd37-7bc6618b9b8c 931b17b16ed440459c07975c81ca421f d30519e8f9e54b93b7727c794aaba5db - - default default] Unable to schedule network 33873cc8-1685-4f6e-9be5-9ce98af6618d: no agents available; will retry on subsequent port and subnet creation events.
2026-05-27 01:50:09.867 9 INFO neutron.services.segments.plugin [-] Segment 55ae5b09-de25-4005-a5b0-76ebf86210e5 resource provider not found; error: Placement Client Error (4xx): {"errors": [{"status": 404, "title": "Not Found", "detail": "The resource could not be found.\n\n No resource provider with uuid 55ae5b09-de25-4005-a5b0-76ebf86210e5 found for delete ", "request_id": "req-aed97fe1-56d7-4f23-9ab4-8d1bda85790b"}]}
2026-05-27 01:50:09.874 9 INFO neutron.services.segments.plugin [-] Segment 55ae5b09-de25-4005-a5b0-76ebf86210e5 resource provider not found; error: Placement Client Error (4xx): {"errors": [{"status": 404, "title": "Not Found", "detail": "The resource could not be found.\n\n No resource provider with uuid 55ae5b09-de25-4005-a5b0-76ebf86210e5 found for delete ", "request_id": "req-a1385185-9ae3-428c-bc05-270c5587b0b0"}]}
2026-05-27 01:50:10.040 9 INFO neutron.db.ovn_revision_numbers_db [None req-150d7f8c-dc12-4ae9-bd37-7bc6618b9b8c 931b17b16ed440459c07975c81ca421f d30519e8f9e54b93b7727c794aaba5db - - default default] Successfully bumped revision number for resource 8112aae4-2219-4f77-a2a1-bd6b56bc8ac5 (type: ports) to 1
2026-05-27 01:50:10.064 9 INFO neutron.wsgi [None req-150d7f8c-dc12-4ae9-bd37-7bc6618b9b8c 931b17b16ed440459c07975c81ca421f d30519e8f9e54b93b7727c794aaba5db - - default default] 10.0.0.76 "POST /v2.0/ports HTTP/1.1" status: 201 len: 1111 time: 0.5853772
2026-05-27 01:50:10.155 9 INFO neutron.wsgi [None req-65c6b1e6-6d30-47b3-86f2-9297efd64308 9b79efb632104899a29982ab5c7db7f5 1c23899b06fb4ba49e519f066ce75c14 - - default default] 10.0.0.76 "GET /v2.0/security-groups?tenant_id=0458393db0064ad4b4350d31b59a7899&name=default HTTP/1.1" status: 200 len: 3120 time: 0.2291939
2026-05-27 01:50:10.232 10 WARNING neutron.scheduler.dhcp_agent_scheduler [None req-6c2ac5e6-4c4c-4f44-8d77-fd77c4d33a72 9b79efb632104899a29982ab5c7db7f5 1c23899b06fb4ba49e519f066ce75c14 - - default default] No more DHCP agents
2026-05-27 01:50:10.243 10 WARNING neutron.api.rpc.agentnotifiers.dhcp_rpc_agent_api [None req-6c2ac5e6-4c4c-4f44-8d77-fd77c4d33a72 9b79efb632104899a29982ab5c7db7f5 1c23899b06fb4ba49e519f066ce75c14 - - default default] Unable to schedule network 8c9f9782-a40c-4944-bf8b-e87dac191b04: no agents available; will retry on subsequent port and subnet creation events.
2026-05-27 01:50:10.412 9 INFO neutron.wsgi [None req-1f702ac3-409e-45a9-b66e-d414c2875699 9b79efb632104899a29982ab5c7db7f5 1c23899b06fb4ba49e519f066ce75c14 - - default default] 10.0.0.76 "DELETE /v2.0/security-groups/ac1544ee-b328-489a-b7d1-6bc86d8c0d27 HTTP/1.1" status: 204 len: 168 time: 0.2511616
2026-05-27 01:50:10.484 10 INFO neutron.db.ovn_revision_numbers_db [None req-6c2ac5e6-4c4c-4f44-8d77-fd77c4d33a72 9b79efb632104899a29982ab5c7db7f5 1c23899b06fb4ba49e519f066ce75c14 - - default default] Successfully bumped revision number for resource a10fd517-3f87-45d6-afca-0325390ed475 (type: ports) to 1
2026-05-27 01:50:10.695 10 INFO neutron.wsgi [None req-37032e20-3f81-4218-9b0b-a43cce0923c3 931b17b16ed440459c07975c81ca421f d30519e8f9e54b93b7727c794aaba5db - - default default] 10.0.0.76 "DELETE /v2.0/ports/8112aae4-2219-4f77-a2a1-bd6b56bc8ac5 HTTP/1.1" status: 204 len: 168 time: 0.6223578
2026-05-27 01:50:10.722 9 INFO neutron.pecan_wsgi.hooks.translation [None req-6ff76ad5-2219-4f6b-9468-9fb2b0c24690 931b17b16ed440459c07975c81ca421f d30519e8f9e54b93b7727c794aaba5db - - default default] GET failed (client error): The resource could not be found.
2026-05-27 01:50:10.724 9 INFO neutron.wsgi [None req-6ff76ad5-2219-4f6b-9468-9fb2b0c24690 931b17b16ed440459c07975c81ca421f d30519e8f9e54b93b7727c794aaba5db - - default default] 10.0.0.76 "GET /v2.0/ports/8112aae4-2219-4f77-a2a1-bd6b56bc8ac5 HTTP/1.1" status: 404 len: 333 time: 0.0231755
2026-05-27 01:50:10.952 9 INFO neutron.wsgi [None req-9b52562f-4e75-41b5-aa39-dc5a8a09a34e 931b17b16ed440459c07975c81ca421f d30519e8f9e54b93b7727c794aaba5db - - default default] 10.0.0.76 "DELETE /v2.0/subnets/89f019b9-bbc4-4786-904a-a53d22f6262f HTTP/1.1" status: 204 len: 168 time: 0.2229385
2026-05-27 01:50:11.432 9 INFO neutron.wsgi [None req-12f893da-1931-48b7-90b3-e86db8c6c0cc 931b17b16ed440459c07975c81ca421f d30519e8f9e54b93b7727c794aaba5db - - default default] 10.0.0.76 "DELETE /v2.0/networks/33873cc8-1685-4f6e-9be5-9ce98af6618d HTTP/1.1" status: 204 len: 168 time: 0.4726052
2026-05-27 01:50:11.460 9 WARNING neutron_lib.context [None req-2c2cf988-56a2-4858-83f0-9c8891018a07 931b17b16ed440459c07975c81ca421f d30519e8f9e54b93b7727c794aaba5db - - default default] Method 'is_advsvc' is deprecated since 2023.2 release (neutron-lib 3.8.0) and will be removed once support for the old RBAC API policies will be removed from Neutron. Please use method 'is_service_role' instead.
2026-05-27 01:50:11.503 10 INFO neutron.plugins.ml2.drivers.ovn.mech_driver.ovsdb.commands [None req-ff3b9efb-a196-41f2-aaa6-64cbe800711b - - - - - -] Schedule LRP lrp-a10fd517-3f87-45d6-afca-0325390ed475 on gateway 511e0751-0370-4736-81aa-7c00f76d41aa with priority 1
2026-05-27 01:50:11.511 10 INFO neutron.plugins.ml2.drivers.ovn.mech_driver.mech_driver [None req-cc92ae5f-bebd-4e75-aa20-917944998ec5 - - - - - -] OVN reports status up for port: a10fd517-3f87-45d6-afca-0325390ed475
2026-05-27 01:50:11.535 10 INFO neutron.plugins.ml2.drivers.ovn.mech_driver.ovsdb.ovsdb_monitor [None req-011468a7-e23c-4150-9754-e6475962e99e - - - - - -] Router 74521a70-9039-4cfb-8525-eaab89123f8a is bound to host instance
2026-05-27 01:50:11.547 10 INFO neutron.plugins.ml2.plugin [None req-cc92ae5f-bebd-4e75-aa20-917944998ec5 - - - - - -] Attempt 1 to provision port a10fd517-3f87-45d6-afca-0325390ed475
2026-05-27 01:50:11.609 10 INFO neutron.db.ovn_revision_numbers_db [None req-6c2ac5e6-4c4c-4f44-8d77-fd77c4d33a72 9b79efb632104899a29982ab5c7db7f5 1c23899b06fb4ba49e519f066ce75c14 - - default default] Successfully bumped revision number for resource a10fd517-3f87-45d6-afca-0325390ed475 (type: router_ports) to 1
2026-05-27 01:50:11.717 10 INFO neutron.db.ovn_revision_numbers_db [None req-6c2ac5e6-4c4c-4f44-8d77-fd77c4d33a72 9b79efb632104899a29982ab5c7db7f5 1c23899b06fb4ba49e519f066ce75c14 - - default default] Successfully bumped revision number for resource 74521a70-9039-4cfb-8525-eaab89123f8a (type: routers) to 2
2026-05-27 01:50:11.719 9 WARNING neutron.scheduler.dhcp_agent_scheduler [None req-2c2cf988-56a2-4858-83f0-9c8891018a07 931b17b16ed440459c07975c81ca421f d30519e8f9e54b93b7727c794aaba5db - - default default] No more DHCP agents
2026-05-27 01:50:11.721 9 WARNING neutron.api.rpc.agentnotifiers.dhcp_rpc_agent_api [None req-2c2cf988-56a2-4858-83f0-9c8891018a07 931b17b16ed440459c07975c81ca421f d30519e8f9e54b93b7727c794aaba5db - - default default] Unable to schedule network e78c2ee6-5ede-4412-b97f-1a55beeb678a: no agents available; will retry on subsequent port and subnet creation events.
2026-05-27 01:50:11.746 10 INFO neutron.wsgi [None req-6c2ac5e6-4c4c-4f44-8d77-fd77c4d33a72 9b79efb632104899a29982ab5c7db7f5 1c23899b06fb4ba49e519f066ce75c14 - - default default] 10.0.0.76 "POST /v2.0/routers HTTP/1.1" status: 201 len: 1168 time: 2.1234884 /var/lib/openstack/lib/python3.10/site-packages/pycadf/identifier.py:71: UserWarning: Invalid uuid: neutron. To ensure interoperability, identifiers should be a valid uuid. warnings.warn(('Invalid uuid: %s. To ensure interoperability, '
2026-05-27 01:50:11.805 10 INFO neutron.wsgi [-] 10.0.0.148 "GET / HTTP/1.1" status: 200 len: 247 time: 0.0020881
2026-05-27 01:50:11.807 10 INFO neutron.wsgi [-] 10.0.0.148 "GET / HTTP/1.1" status: 200 len: 247 time: 0.0012188
2026-05-27 01:50:11.832 9 INFO neutron.db.ovn_revision_numbers_db [None req-2c2cf988-56a2-4858-83f0-9c8891018a07 931b17b16ed440459c07975c81ca421f d30519e8f9e54b93b7727c794aaba5db - - default default] Successfully bumped revision number for resource 6501cc80-413b-47cd-bebe-c034a73c0bdf (type: ports) to 1
2026-05-27 01:50:11.881 9 INFO neutron.wsgi [None req-2c2cf988-56a2-4858-83f0-9c8891018a07 931b17b16ed440459c07975c81ca421f d30519e8f9e54b93b7727c794aaba5db - - default default] 10.0.0.76 "POST /v2.0/ports HTTP/1.1" status: 201 len: 973 time: 0.4285209
2026-05-27 01:50:11.888 9 INFO neutron.services.segments.plugin [-] Segment c8bd7702-f75e-41df-bb96-7e9152b18083 resource provider aggregate not found
2026-05-27 01:50:11.910 9 INFO neutron.services.segments.plugin [-] Segment c8bd7702-f75e-41df-bb96-7e9152b18083 resource provider aggregate not found
2026-05-27 01:50:11.932 9 INFO neutron.services.segments.plugin [-] Segment c8bd7702-f75e-41df-bb96-7e9152b18083 resource provider not found; error: Placement Client Error (4xx): {"errors": [{"status": 404, "title": "Not Found", "detail": "The resource could not be found.\n\n No resource provider with uuid c8bd7702-f75e-41df-bb96-7e9152b18083 found for delete ", "request_id": "req-c016174b-0ac0-4823-b251-43672db3604b"}]}
2026-05-27 01:50:11.933 9 INFO neutron.services.segments.plugin [-] Segment c8bd7702-f75e-41df-bb96-7e9152b18083 resource provider not found; error: Placement Client Error (4xx): {"errors": [{"status": 404, "title": "Not Found", "detail": "The resource could not be found.\n\n No resource provider with uuid c8bd7702-f75e-41df-bb96-7e9152b18083 found for delete ", "request_id": "req-ed19546e-4859-4a4b-9ba4-6e8404b322fe"}]}
2026-05-27 01:50:12.206 10 INFO neutron.db.ovn_revision_numbers_db [None req-7eefaf05-4dfe-472b-9270-24dd903f2cb4 9b79efb632104899a29982ab5c7db7f5 1c23899b06fb4ba49e519f066ce75c14 - - default default] Successfully bumped revision number for resource 9aa46096-70ca-40a0-8ec8-8e00ce5c183e (type: security_groups) to 1
2026-05-27 01:50:12.252 10 INFO neutron.db.ovn_revision_numbers_db [None req-7eefaf05-4dfe-472b-9270-24dd903f2cb4 9b79efb632104899a29982ab5c7db7f5 1c23899b06fb4ba49e519f066ce75c14 - - default default] Successfully bumped revision number for resource 17c83826-11cf-43b6-bde6-fac4c1d0982d (type: security_group_rules) to 0
2026-05-27 01:50:12.258 10 WARNING neutron_lib.context [None req-ef54873d-2e36-4680-9834-b04c0cf77ce5 5519f695a6334c1da930b6c177c21b55 4c32c72b522c47c580d98335c073fcc6 - - default default] Method 'is_advsvc' is deprecated since 2023.2 release (neutron-lib 3.8.0) and will be removed once support for the old RBAC API policies will be removed from Neutron. Please use method 'is_service_role' instead.
2026-05-27 01:50:12.283 10 INFO neutron.db.ovn_revision_numbers_db [None req-7eefaf05-4dfe-472b-9270-24dd903f2cb4 9b79efb632104899a29982ab5c7db7f5 1c23899b06fb4ba49e519f066ce75c14 - - default default] Successfully bumped revision number for resource 17e0ef28-ac50-47a7-8229-806df172e726 (type: security_group_rules) to 0
2026-05-27 01:50:12.311 10 INFO neutron.db.ovn_revision_numbers_db [None req-7eefaf05-4dfe-472b-9270-24dd903f2cb4 9b79efb632104899a29982ab5c7db7f5 1c23899b06fb4ba49e519f066ce75c14 - - default default] Successfully bumped revision number for resource 1dbe5f1e-dd9c-4bc7-b068-26e36a37d50a (type: security_group_rules) to 0
2026-05-27 01:50:12.337 10 INFO neutron.db.ovn_revision_numbers_db [None req-7eefaf05-4dfe-472b-9270-24dd903f2cb4 9b79efb632104899a29982ab5c7db7f5 1c23899b06fb4ba49e519f066ce75c14 - - default default] Successfully bumped revision number for resource cc048061-09fe-4299-87e4-35d7eb813940 (type: security_group_rules) to 0
2026-05-27 01:50:12.384 10 INFO neutron.wsgi [None req-7eefaf05-4dfe-472b-9270-24dd903f2cb4 9b79efb632104899a29982ab5c7db7f5 1c23899b06fb4ba49e519f066ce75c14 - - default default] 10.0.0.76 "GET /v2.0/security-groups?tenant_id=5ebf341b61af42d692555bb81379bd69&name=default HTTP/1.1" status: 200 len: 3120 time: 0.6321821
2026-05-27 01:50:12.535 10 INFO neutron.db.ovn_revision_numbers_db [None req-011468a7-e23c-4150-9754-e6475962e99e - - - - - -] Successfully bumped revision number for resource a10fd517-3f87-45d6-afca-0325390ed475 (type: ports) to 1
2026-05-27 01:50:12.538 9 INFO neutron.db.ovn_revision_numbers_db [None req-41588771-b95f-4260-ba55-78b2895f80d5 931b17b16ed440459c07975c81ca421f d30519e8f9e54b93b7727c794aaba5db - - default default] Successfully bumped revision number for resource 6501cc80-413b-47cd-bebe-c034a73c0bdf (type: ports) to 2
2026-05-27 01:50:12.548 10 INFO neutron.db.ovn_revision_numbers_db [None req-ef54873d-2e36-4680-9834-b04c0cf77ce5 5519f695a6334c1da930b6c177c21b55 4c32c72b522c47c580d98335c073fcc6 - - default default] Successfully bumped revision number for resource 1ce8b5d7-980a-42d9-baa1-0f495fbece86 (type: security_groups) to 1
2026-05-27 01:50:12.551 9 INFO neutron.wsgi [None req-41588771-b95f-4260-ba55-78b2895f80d5 931b17b16ed440459c07975c81ca421f d30519e8f9e54b93b7727c794aaba5db - - default default] 10.0.0.76 "PUT /v2.0/ports/6501cc80-413b-47cd-bebe-c034a73c0bdf HTTP/1.1" status: 200 len: 946 time: 0.6643457
2026-05-27 01:50:12.595 10 INFO neutron.db.ovn_revision_numbers_db [None req-ef54873d-2e36-4680-9834-b04c0cf77ce5 5519f695a6334c1da930b6c177c21b55 4c32c72b522c47c580d98335c073fcc6 - - default default] Successfully bumped revision number for resource 081fca41-61c0-49ba-bd4e-fc8cc18c6445 (type: security_group_rules) to 0
2026-05-27 01:50:12.630 10 INFO neutron.db.ovn_revision_numbers_db [None req-ef54873d-2e36-4680-9834-b04c0cf77ce5 5519f695a6334c1da930b6c177c21b55 4c32c72b522c47c580d98335c073fcc6 - - default default] Successfully bumped revision number for resource 827a6d88-c42d-48f1-b217-6156f8bcc9a2 (type: security_group_rules) to 0
2026-05-27 01:50:12.672 10 INFO neutron.db.ovn_revision_numbers_db [None req-ef54873d-2e36-4680-9834-b04c0cf77ce5 5519f695a6334c1da930b6c177c21b55 4c32c72b522c47c580d98335c073fcc6 - - default default] Successfully bumped revision number for resource c596e6d8-d8d5-431a-a7b9-c8974488f22c (type: security_group_rules) to 0
2026-05-27 01:50:12.682 9 WARNING neutron.scheduler.dhcp_agent_scheduler [None req-20a9fbd6-1b66-40bb-a062-cf403e0ad4be 9b79efb632104899a29982ab5c7db7f5 1c23899b06fb4ba49e519f066ce75c14 - - default default] No more DHCP agents
2026-05-27 01:50:12.685 9 WARNING neutron.api.rpc.agentnotifiers.dhcp_rpc_agent_api [None req-20a9fbd6-1b66-40bb-a062-cf403e0ad4be 9b79efb632104899a29982ab5c7db7f5 1c23899b06fb4ba49e519f066ce75c14 - - default default] Unable to schedule network 28cf28bc-3849-4da1-b8e4-af1bb02ce0ea: no agents available; will retry on subsequent port and subnet creation events.
2026-05-27 01:50:12.715 10 INFO neutron.db.ovn_revision_numbers_db [None req-ef54873d-2e36-4680-9834-b04c0cf77ce5 5519f695a6334c1da930b6c177c21b55 4c32c72b522c47c580d98335c073fcc6 - - default default] Successfully bumped revision number for resource f58728fa-375c-4a82-9728-8467d35b1201 (type: security_group_rules) to 0
2026-05-27 01:50:12.835 9 INFO neutron.db.ovn_revision_numbers_db [None req-20a9fbd6-1b66-40bb-a062-cf403e0ad4be 9b79efb632104899a29982ab5c7db7f5 1c23899b06fb4ba49e519f066ce75c14 - - default default] Successfully bumped revision number for resource 4b000c24-7fca-4727-a327-e32dd7b8566a (type: ports) to 1
2026-05-27 01:50:13.298 10 INFO neutron.wsgi [None req-cfb69661-40dd-40da-98ff-244944c60445 9b79efb632104899a29982ab5c7db7f5 1c23899b06fb4ba49e519f066ce75c14 - - default default] 10.0.0.76 "DELETE /v2.0/security-groups/9aa46096-70ca-40a0-8ec8-8e00ce5c183e HTTP/1.1" status: 204 len: 168 time: 0.9069638
2026-05-27 01:50:13.358 9 ERROR ovsdbapp.backend.ovs_idl.command [None req-20a9fbd6-1b66-40bb-a062-cf403e0ad4be 9b79efb632104899a29982ab5c7db7f5 1c23899b06fb4ba49e519f066ce75c14 - - default default] Error executing command (DbGetCommand): ovsdbapp.backend.ovs_idl.idlutils.RowNotFound: Cannot find Logical_Router_Port with name=lrp-4b000c24-7fca-4727-a327-e32dd7b8566a
2026-05-27 01:50:13.358 9 ERROR ovsdbapp.backend.ovs_idl.command
Traceback (most recent call last):
2026-05-27 01:50:13.358 9 ERROR ovsdbapp.backend.ovs_idl.command
File "/var/lib/openstack/lib/python3.10/site-packages/ovsdbapp/backend/ovs_idl/command.py", line 47, in execute
2026-05-27 01:50:13.358 9 ERROR ovsdbapp.backend.ovs_idl.command self.run_idl(None)
2026-05-27 01:50:13.358 9 ERROR ovsdbapp.backend.ovs_idl.command
File "/var/lib/openstack/lib/python3.10/site-packages/ovsdbapp/backend/ovs_idl/command.py", line 235, in run_idl
2026-05-27 01:50:13.358 9 ERROR ovsdbapp.backend.ovs_idl.command record = self.api.lookup(self.table, self.record)
2026-05-27 01:50:13.358 9 ERROR ovsdbapp.backend.ovs_idl.command
File "/var/lib/openstack/lib/python3.10/site-packages/ovsdbapp/backend/ovs_idl/__init__.py", line 184, in lookup
2026-05-27 01:50:13.358 9 ERROR ovsdbapp.backend.ovs_idl.command return self._lookup(table, record)
2026-05-27 01:50:13.358 9 ERROR ovsdbapp.backend.ovs_idl.command
File "/var/lib/openstack/lib/python3.10/site-packages/ovsdbapp/backend/ovs_idl/__init__.py", line 235, in _lookup
2026-05-27 01:50:13.358 9 ERROR ovsdbapp.backend.ovs_idl.command row = idlutils.row_by_value(self, rl.table, rl.column, record)
2026-05-27 01:50:13.358 9 ERROR ovsdbapp.backend.ovs_idl.command
File "/var/lib/openstack/lib/python3.10/site-packages/ovsdbapp/backend/ovs_idl/idlutils.py", line 114, in row_by_value
2026-05-27 01:50:13.358 9 ERROR ovsdbapp.backend.ovs_idl.command raise RowNotFound(table=table, col=column, match=match)
2026-05-27 01:50:13.358 9 ERROR ovsdbapp.backend.ovs_idl.command ovsdbapp.backend.ovs_idl.idlutils.RowNotFound: Cannot find Logical_Router_Port with name=lrp-4b000c24-7fca-4727-a327-e32dd7b8566a
2026-05-27 01:50:13.358 9 ERROR ovsdbapp.backend.ovs_idl.command 
2026-05-27 01:50:13.359 9 ERROR neutron_lib.callbacks.manager [None req-20a9fbd6-1b66-40bb-a062-cf403e0ad4be 9b79efb632104899a29982ab5c7db7f5 1c23899b06fb4ba49e519f066ce75c14 - - default default] Error during notification for neutron.services.ovn_l3.plugin.OVNL3RouterPlugin._port_update-8783636906735 port, after_update: ovsdbapp.backend.ovs_idl.idlutils.RowNotFound: Cannot find Logical_Router_Port with name=lrp-4b000c24-7fca-4727-a327-e32dd7b8566a
2026-05-27 01:50:13.359 9 ERROR neutron_lib.callbacks.manager
Traceback (most recent call last):
2026-05-27 01:50:13.359 9 ERROR neutron_lib.callbacks.manager
File "/var/lib/openstack/lib/python3.10/site-packages/neutron_lib/callbacks/manager.py", line 189, in _notify_loop
2026-05-27 01:50:13.359 9 ERROR neutron_lib.callbacks.manager callback.method(resource, event, trigger, payload=payload)
2026-05-27 01:50:13.359 9 ERROR neutron_lib.callbacks.manager
File "/var/lib/openstack/lib/python3.10/site-packages/neutron/services/ovn_l3/plugin.py", line 391, in _port_update
2026-05-27 01:50:13.359 9 ERROR neutron_lib.callbacks.manager l3plugin._ovn_client.update_router_port(context,
2026-05-27 01:50:13.359 9 ERROR neutron_lib.callbacks.manager
File "/var/lib/openstack/lib/python3.10/site-packages/neutron/plugins/ml2/drivers/ovn/mech_driver/ovsdb/ovn_client.py", line 1878, in update_router_port
2026-05-27 01:50:13.359 9 ERROR neutron_lib.callbacks.manager self._update_lrouter_port(context, port, if_exists=if_exists,
2026-05-27 01:50:13.359 9 ERROR neutron_lib.callbacks.manager
File "/var/lib/openstack/lib/python3.10/site-packages/neutron/plugins/ml2/drivers/ovn/mech_driver/ovsdb/ovn_client.py", line 1855, in _update_lrouter_port
2026-05-27 01:50:13.359 9 ERROR neutron_lib.callbacks.manager external_ids = self._nb_idl.db_get(
2026-05-27 01:50:13.359 9 ERROR neutron_lib.callbacks.manager
File "/var/lib/openstack/lib/python3.10/site-packages/ovsdbapp/backend/ovs_idl/command.py", line 47, in execute
2026-05-27 01:50:13.359 9 ERROR neutron_lib.callbacks.manager self.run_idl(None)
2026-05-27 01:50:13.359 9 ERROR neutron_lib.callbacks.manager
File "/var/lib/openstack/lib/python3.10/site-packages/ovsdbapp/backend/ovs_idl/command.py", line 235, in run_idl
2026-05-27 01:50:13.359 9 ERROR neutron_lib.callbacks.manager record = self.api.lookup(self.table, self.record)
2026-05-27 01:50:13.359 9 ERROR neutron_lib.callbacks.manager
File "/var/lib/openstack/lib/python3.10/site-packages/ovsdbapp/backend/ovs_idl/__init__.py", line 184, in lookup
2026-05-27 01:50:13.359 9 ERROR neutron_lib.callbacks.manager return self._lookup(table, record)
2026-05-27 01:50:13.359 9 ERROR neutron_lib.callbacks.manager
File "/var/lib/openstack/lib/python3.10/site-packages/ovsdbapp/backend/ovs_idl/__init__.py", line 235, in _lookup
2026-05-27 01:50:13.359 9 ERROR neutron_lib.callbacks.manager row = idlutils.row_by_value(self, rl.table, rl.column, record)
2026-05-27 01:50:13.359 9 ERROR neutron_lib.callbacks.manager
File "/var/lib/openstack/lib/python3.10/site-packages/ovsdbapp/backend/ovs_idl/idlutils.py", line 114, in row_by_value
2026-05-27 01:50:13.359 9 ERROR neutron_lib.callbacks.manager raise RowNotFound(table=table, col=column, match=match)
2026-05-27 01:50:13.359 9 ERROR neutron_lib.callbacks.manager ovsdbapp.backend.ovs_idl.idlutils.RowNotFound: Cannot find Logical_Router_Port with name=lrp-4b000c24-7fca-4727-a327-e32dd7b8566a
2026-05-27 01:50:13.359 9 ERROR neutron_lib.callbacks.manager 
2026-05-27 01:50:13.382 10 INFO neutron.db.ovn_revision_numbers_db [None req-ef54873d-2e36-4680-9834-b04c0cf77ce5 5519f695a6334c1da930b6c177c21b55 4c32c72b522c47c580d98335c073fcc6 - - default default] Successfully bumped revision number for resource 763fc2bb-092f-4212-8c07-8d86e64cb7a8 (type: security_groups) to 1
2026-05-27 01:50:13.412 10 INFO neutron.db.ovn_revision_numbers_db [None req-ef54873d-2e36-4680-9834-b04c0cf77ce5 5519f695a6334c1da930b6c177c21b55 4c32c72b522c47c580d98335c073fcc6 - - default default] Successfully bumped revision number for resource 5bde9647-68a0-4108-a5e3-4a8784e3b6d7 (type: security_group_rules) to 0
2026-05-27 01:50:13.450 10 INFO neutron.db.ovn_revision_numbers_db [None req-ef54873d-2e36-4680-9834-b04c0cf77ce5 5519f695a6334c1da930b6c177c21b55 4c32c72b522c47c580d98335c073fcc6 - - default default] Successfully bumped revision number for resource a8e6c730-de6e-425b-add5-8c74d6d9734d (type: security_group_rules) to 0
2026-05-27 01:50:13.490 10 INFO neutron.wsgi [None req-ef54873d-2e36-4680-9834-b04c0cf77ce5 5519f695a6334c1da930b6c177c21b55 4c32c72b522c47c580d98335c073fcc6 - - default default] 10.0.0.76 "POST /v2.0/security-groups HTTP/1.1" status: 201 len: 1824 time: 1.2886920 /var/lib/openstack/lib/python3.10/site-packages/pycadf/identifier.py:71: UserWarning: Invalid uuid: neutron. To ensure interoperability, identifiers should be a valid uuid. warnings.warn(('Invalid uuid: %s. To ensure interoperability, '
2026-05-27 01:50:13.582 9 INFO neutron.wsgi [None req-26347011-c60b-4e16-acb8-d4fa9ed719ef 5519f695a6334c1da930b6c177c21b55 4c32c72b522c47c580d98335c073fcc6 - - default default] 10.0.0.76 "GET /v2.0/security-groups HTTP/1.1" status: 200 len: 4724 time: 0.0870044
2026-05-27 01:50:13.609 9 INFO neutron.plugins.ml2.drivers.ovn.mech_driver.mech_driver [None req-7332e26f-726c-4641-8eec-3c59f147e9ca - - - - - -] OVN reports status up for port: 4b000c24-7fca-4727-a327-e32dd7b8566a
2026-05-27 01:50:13.613 10 INFO neutron.wsgi [None req-b5e0b922-e6ce-4903-a8f1-24861b2f4a49 931b17b16ed440459c07975c81ca421f d30519e8f9e54b93b7727c794aaba5db - - default default] 10.0.0.76 "DELETE /v2.0/ports/6501cc80-413b-47cd-bebe-c034a73c0bdf HTTP/1.1" status: 204 len: 168 time: 1.0533733
2026-05-27 01:50:13.625 9 INFO neutron.plugins.ml2.plugin [None req-7332e26f-726c-4641-8eec-3c59f147e9ca - - - - - -] Attempt 1 to provision port 4b000c24-7fca-4727-a327-e32dd7b8566a
2026-05-27 01:50:13.657 9 INFO neutron.db.ovn_revision_numbers_db [None req-20a9fbd6-1b66-40bb-a062-cf403e0ad4be 9b79efb632104899a29982ab5c7db7f5 1c23899b06fb4ba49e519f066ce75c14 - - default default] Successfully bumped revision number for resource 4b000c24-7fca-4727-a327-e32dd7b8566a (type: ports) to 1
2026-05-27 01:50:13.689 10 INFO neutron.db.ovn_revision_numbers_db [None req-011468a7-e23c-4150-9754-e6475962e99e - - - - - -] Successfully bumped revision number for resource a10fd517-3f87-45d6-afca-0325390ed475 (type: router_ports) to 3
2026-05-27 01:50:13.706 10 INFO neutron.db.ovn_revision_numbers_db [None req-29524d99-dce6-4fa8-9a75-1539d80090f0 5519f695a6334c1da930b6c177c21b55 4c32c72b522c47c580d98335c073fcc6 - - default default] Successfully bumped revision number for resource 763fc2bb-092f-4212-8c07-8d86e64cb7a8 (type: security_groups) to 2
2026-05-27 01:50:13.710 10 INFO neutron.wsgi [None req-29524d99-dce6-4fa8-9a75-1539d80090f0 5519f695a6334c1da930b6c177c21b55 4c32c72b522c47c580d98335c073fcc6 - - default default] 10.0.0.76 "PUT /v2.0/security-groups/763fc2bb-092f-4212-8c07-8d86e64cb7a8 HTTP/1.1" status: 200 len: 1859 time: 0.1207294
2026-05-27 01:50:13.745 9 INFO neutron.wsgi [None req-f15525f9-7680-468b-8ce1-c22c7896e39a 931b17b16ed440459c07975c81ca421f d30519e8f9e54b93b7727c794aaba5db - - default default] 10.0.0.76 "GET /v2.0/ports HTTP/1.1" status: 200 len: 1728 time: 0.1273360
2026-05-27 01:50:13.794 9 INFO neutron.wsgi [None req-af95a863-a854-4261-b547-559f6a05d709 5519f695a6334c1da930b6c177c21b55 4c32c72b522c47c580d98335c073fcc6 - - default default] 10.0.0.76 "GET /v2.0/security-groups/763fc2bb-092f-4212-8c07-8d86e64cb7a8 HTTP/1.1" status: 200 len: 1859 time: 0.0741050
2026-05-27 01:50:13.798 9 INFO neutron.pecan_wsgi.hooks.translation [None req-34cfa42f-0add-44af-9a11-ce454643a4bd 931b17b16ed440459c07975c81ca421f d30519e8f9e54b93b7727c794aaba5db - - default default] GET failed (client error): The resource could not be found.
2026-05-27 01:50:13.799 9 INFO neutron.wsgi [None req-34cfa42f-0add-44af-9a11-ce454643a4bd 931b17b16ed440459c07975c81ca421f d30519e8f9e54b93b7727c794aaba5db - - default default] 10.0.0.76 "GET /v2.0/ports/6501cc80-413b-47cd-bebe-c034a73c0bdf HTTP/1.1" status: 404 len: 333 time: 0.0450606
2026-05-27 01:50:13.853 9 WARNING neutron.scheduler.dhcp_agent_scheduler [None req-20a9fbd6-1b66-40bb-a062-cf403e0ad4be 9b79efb632104899a29982ab5c7db7f5 1c23899b06fb4ba49e519f066ce75c14 - - default default] No more DHCP agents
2026-05-27 01:50:13.856 9 WARNING neutron.api.rpc.agentnotifiers.dhcp_rpc_agent_api [None req-20a9fbd6-1b66-40bb-a062-cf403e0ad4be 9b79efb632104899a29982ab5c7db7f5 1c23899b06fb4ba49e519f066ce75c14 - - default default] Unable to schedule network 28cf28bc-3849-4da1-b8e4-af1bb02ce0ea: no agents available; will retry on subsequent port and subnet creation events.
2026-05-27 01:50:13.867 9 INFO neutron.wsgi [None req-cec5b690-2bc7-4625-82d0-22d9cbd75de4 931b17b16ed440459c07975c81ca421f d30519e8f9e54b93b7727c794aaba5db - - default default] 10.0.0.76 "GET /v2.0/ports HTTP/1.1" status: 200 len: 1728 time: 0.0612688
2026-05-27 01:50:13.982 10 INFO neutron.wsgi [None req-a1ed7cf0-9329-440d-b3e5-10a0ee03bdff 931b17b16ed440459c07975c81ca421f d30519e8f9e54b93b7727c794aaba5db - - default default] 10.0.0.76 "GET /v2.0/ports/9e25e61a-8e94-4216-b72a-2250d472d36d HTTP/1.1" status: 200 len: 968 time: 0.1046185
2026-05-27 01:50:14.015 9 INFO neutron.pecan_wsgi.hooks.translation [None req-75782831-9e28-45bb-9791-5b385eeef38e 931b17b16ed440459c07975c81ca421f d30519e8f9e54b93b7727c794aaba5db - - default default] DELETE failed (client error): The resource could not be found.
2026-05-27 01:50:14.018 9 INFO neutron.wsgi [None req-75782831-9e28-45bb-9791-5b385eeef38e 931b17b16ed440459c07975c81ca421f d30519e8f9e54b93b7727c794aaba5db - - default default] 10.0.0.76 "DELETE /v2.0/ports/8112aae4-2219-4f77-a2a1-bd6b56bc8ac5 HTTP/1.1" status: 404 len: 333 time: 0.0294290
2026-05-27 01:50:14.045 10 INFO neutron.plugins.ml2.drivers.ovn.mech_driver.mech_driver [None req-cc92ae5f-bebd-4e75-aa20-917944998ec5 - - - - - -] OVN reports status down for port: 6501cc80-413b-47cd-bebe-c034a73c0bdf
2026-05-27 01:50:14.054 9 INFO neutron.pecan_wsgi.hooks.translation [None req-981eb776-b098-40f5-8628-79a2d7d0d94b 931b17b16ed440459c07975c81ca421f d30519e8f9e54b93b7727c794aaba5db - - default default] DELETE failed (client error): The resource could not be found.
2026-05-27 01:50:14.056 9 INFO neutron.wsgi [None req-981eb776-b098-40f5-8628-79a2d7d0d94b 931b17b16ed440459c07975c81ca421f d30519e8f9e54b93b7727c794aaba5db - - default default] 10.0.0.76 "DELETE /v2.0/subnets/89f019b9-bbc4-4786-904a-a53d22f6262f HTTP/1.1" status: 404 len: 337 time: 0.0330429
2026-05-27 01:50:14.078 10 INFO neutron.wsgi [None req-bc855610-7286-4510-8699-7966e1e2df87 5519f695a6334c1da930b6c177c21b55 4c32c72b522c47c580d98335c073fcc6 - - default default] 10.0.0.76 "DELETE /v2.0/security-groups/763fc2bb-092f-4212-8c07-8d86e64cb7a8 HTTP/1.1" status: 204 len: 168 time: 0.2782977
2026-05-27 01:50:14.084 10 INFO neutron.db.ovn_revision_numbers_db [None req-011468a7-e23c-4150-9754-e6475962e99e - - - - - -] Successfully bumped revision number for resource a10fd517-3f87-45d6-afca-0325390ed475 (type: ports) to 2
2026-05-27 01:50:14.086 10 INFO neutron.pecan_wsgi.hooks.translation [None req-163e2412-1285-4265-8553-38345f051fe0 931b17b16ed440459c07975c81ca421f d30519e8f9e54b93b7727c794aaba5db - - default default] DELETE failed (client error): The resource could not be found.
2026-05-27 01:50:14.088 10 INFO neutron.wsgi [None req-163e2412-1285-4265-8553-38345f051fe0 931b17b16ed440459c07975c81ca421f d30519e8f9e54b93b7727c794aaba5db - - default default] 10.0.0.76 "DELETE /v2.0/subnets/b3ce513c-8d2c-4a81-9f48-892cb550ff73 HTTP/1.1" status: 404 len: 337 time: 0.0249696
2026-05-27 01:50:14.155 9 INFO neutron.wsgi [None req-58231ef1-fba7-4ce1-82a4-050b9a2dc82f 5519f695a6334c1da930b6c177c21b55 4c32c72b522c47c580d98335c073fcc6 - - default default] 10.0.0.76 "GET /v2.0/security-groups HTTP/1.1" status: 200 len: 3120 time: 0.0706077
2026-05-27 01:50:14.178 9 INFO neutron.api.v2.resource [None req-3b968daf-38b1-4e56-92fd-7f8a8f79e0b6 5519f695a6334c1da930b6c177c21b55 4c32c72b522c47c580d98335c073fcc6 - - default default] delete failed (client error): The resource could not be found.
2026-05-27 01:50:14.179 9 INFO neutron.wsgi [None req-3b968daf-38b1-4e56-92fd-7f8a8f79e0b6 5519f695a6334c1da930b6c177c21b55 4c32c72b522c47c580d98335c073fcc6 - - default default] 10.0.0.76 "DELETE /v2.0/security-groups/763fc2bb-092f-4212-8c07-8d86e64cb7a8 HTTP/1.1" status: 404 len: 347 time: 0.0173748
2026-05-27 01:50:14.191 10 WARNING neutron_lib.context [None req-dcd60a17-c6c5-4cd3-8e28-439b38672ace 5519f695a6334c1da930b6c177c21b55 4c32c72b522c47c580d98335c073fcc6 - - default default] Method 'is_advsvc' is deprecated since 2023.2 release (neutron-lib 3.8.0) and will be removed once support for the old RBAC API policies will be removed from Neutron. Please use method 'is_service_role' instead.
2026-05-27 01:50:14.456 9 INFO neutron.db.ovn_revision_numbers_db [None req-7332e26f-726c-4641-8eec-3c59f147e9ca - - - - - -] Successfully bumped revision number for resource 4b000c24-7fca-4727-a327-e32dd7b8566a (type: ports) to 2
2026-05-27 01:50:14.503 10 INFO neutron.db.ovn_revision_numbers_db [None req-dcd60a17-c6c5-4cd3-8e28-439b38672ace 5519f695a6334c1da930b6c177c21b55 4c32c72b522c47c580d98335c073fcc6 - - default default] Successfully bumped revision number for resource 05f59bf5-61fa-46dc-8ff0-5fde2fe7831b (type: security_groups) to 1
2026-05-27 01:50:14.519 10 INFO neutron.wsgi [None req-5722345f-a272-43cd-a20f-122f46edf6ef 931b17b16ed440459c07975c81ca421f d30519e8f9e54b93b7727c794aaba5db - - default default] 10.0.0.76 "DELETE /v2.0/ports/9e25e61a-8e94-4216-b72a-2250d472d36d HTTP/1.1" status: 204 len: 168 time: 0.4265053
2026-05-27 01:50:14.547 10 INFO neutron.db.ovn_revision_numbers_db [None req-dcd60a17-c6c5-4cd3-8e28-439b38672ace 5519f695a6334c1da930b6c177c21b55 4c32c72b522c47c580d98335c073fcc6 - - default default] Successfully bumped revision number for resource 00dc1a83-3ca6-4471-bbfa-5d837f0d3783 (type: security_group_rules) to 0
2026-05-27 01:50:14.638 9 INFO neutron.db.ovn_revision_numbers_db [None req-20a9fbd6-1b66-40bb-a062-cf403e0ad4be 9b79efb632104899a29982ab5c7db7f5 1c23899b06fb4ba49e519f066ce75c14 - - default default] Successfully bumped revision number for resource 4b000c24-7fca-4727-a327-e32dd7b8566a (type: router_ports) to 1
2026-05-27 01:50:14.646 9 INFO neutron.wsgi [None req-20a9fbd6-1b66-40bb-a062-cf403e0ad4be 9b79efb632104899a29982ab5c7db7f5 1c23899b06fb4ba49e519f066ce75c14 - - default default] 10.0.0.76 "PUT /v2.0/routers/74521a70-9039-4cfb-8525-eaab89123f8a/add_router_interface HTTP/1.1" status: 200 len: 503 time: 2.8950334
2026-05-27 01:50:14.661 9 INFO neutron.db.ovn_revision_numbers_db [None req-7332e26f-726c-4641-8eec-3c59f147e9ca - - - - - -] Successfully bumped revision number for resource 4b000c24-7fca-4727-a327-e32dd7b8566a (type: router_ports) to 2
2026-05-27 01:50:14.813 10 INFO neutron.db.ovn_revision_numbers_db [None req-dcd60a17-c6c5-4cd3-8e28-439b38672ace 5519f695a6334c1da930b6c177c21b55 4c32c72b522c47c580d98335c073fcc6 - - default default] Successfully bumped revision number for resource 972f221e-2977-499b-bb79-fd7811842956 (type: security_group_rules) to 0
2026-05-27 01:50:14.840 10 INFO neutron.wsgi [None req-dcd60a17-c6c5-4cd3-8e28-439b38672ace 5519f695a6334c1da930b6c177c21b55 4c32c72b522c47c580d98335c073fcc6 - - default default] 10.0.0.76 "POST /v2.0/security-groups HTTP/1.1" status: 201 len: 1824 time: 0.6545758
