2026-05-27 01:48:39.723 9 INFO neutron.wsgi [None req-36e86f56-c348-41f9-8410-93db940b076b 9b79efb632104899a29982ab5c7db7f5 1c23899b06fb4ba49e519f066ce75c14 - - default default] 10.0.0.130 "GET /v2.0/subnets HTTP/1.1" status: 200 len: 1437 time: 0.0798895
2026-05-27 01:48:39.736 9 INFO neutron.wsgi [None req-58f9bbb0-4605-4d4e-8ec8-da2446831044 9b79efb632104899a29982ab5c7db7f5 1c23899b06fb4ba49e519f066ce75c14 - - default default] 10.0.0.130 "GET /v2.0/subnetpools HTTP/1.1" status: 200 len: 193 time: 0.0104311
2026-05-27 01:48:39.760 9 INFO neutron.wsgi [None req-63c43ba4-d7f6-4eec-8eec-d6ea3e8003de 9b79efb632104899a29982ab5c7db7f5 1c23899b06fb4ba49e519f066ce75c14 - - default default] 10.0.0.130 "GET /v2.0/routers HTTP/1.1" status: 200 len: 189 time: 0.0223885
2026-05-27 01:48:39.796 9 INFO neutron.wsgi [None req-1c578085-cf4a-4653-8ef3-265b71664d6a 9b79efb632104899a29982ab5c7db7f5 1c23899b06fb4ba49e519f066ce75c14 - - default default] 10.0.0.130 "GET /v2.0/agents?binary=ovn-controller HTTP/1.1" status: 200 len: 591 time: 0.0345004
2026-05-27 01:48:39.814 9 INFO neutron.wsgi [None req-ced7d69e-cdd2-4afe-ae49-b217bfc3721c 9b79efb632104899a29982ab5c7db7f5 1c23899b06fb4ba49e519f066ce75c14 - - default default] 10.0.0.130 "GET /v2.0/agents HTTP/1.1" status: 200 len: 1390 time: 0.0166795
2026-05-27 01:48:39.898 9 INFO neutron.wsgi [None req-cdbfdc80-8b9c-4bce-baad-d9950fd0c65d 9b79efb632104899a29982ab5c7db7f5 1c23899b06fb4ba49e519f066ce75c14 - - default default] 10.0.0.130 "GET /v2.0/networks HTTP/1.1" status: 200 len: 2350 time: 0.0811164
2026-05-27 01:48:39.903 9 INFO neutron.db.ovn_revision_numbers_db [None req-d7157a56-a77a-4060-9316-d30fc4e0ca90 9b79efb632104899a29982ab5c7db7f5 1c23899b06fb4ba49e519f066ce75c14 - - default default] Successfully bumped revision number for resource 5de9db81-0030-4390-84d5-e2d4f9d1d0cd (type: security_groups) to 1
2026-05-27 01:48:39.927 9 INFO neutron.db.ovn_revision_numbers_db [None req-d7157a56-a77a-4060-9316-d30fc4e0ca90 9b79efb632104899a29982ab5c7db7f5 1c23899b06fb4ba49e519f066ce75c14 - - default default] Successfully bumped revision number for resource 5ffed4ae-4a14-4a24-8f71-9dc4db3d60f2 (type: security_group_rules) to 0
2026-05-27 01:48:39.932 10 INFO neutron.db.ovn_revision_numbers_db [None req-a5df63ab-3733-4d2e-a741-bc6322c53a32 9b79efb632104899a29982ab5c7db7f5 1c23899b06fb4ba49e519f066ce75c14 - - default default] Successfully bumped revision number for resource 83f2512a-0016-4dd4-a4e1-1a02801ddf60 (type: security_groups) to 1
2026-05-27 01:48:39.948 10 INFO neutron.db.ovn_revision_numbers_db [None req-a5df63ab-3733-4d2e-a741-bc6322c53a32 9b79efb632104899a29982ab5c7db7f5 1c23899b06fb4ba49e519f066ce75c14 - - default default] Successfully bumped revision number for resource 00fb085b-51aa-49a7-b20b-f5f8a3577317 (type: security_group_rules) to 0
2026-05-27 01:48:39.952 9 INFO neutron.db.ovn_revision_numbers_db [None req-d7157a56-a77a-4060-9316-d30fc4e0ca90 9b79efb632104899a29982ab5c7db7f5 1c23899b06fb4ba49e519f066ce75c14 - - default default] Successfully bumped revision number for resource 9d0e6722-dcd8-4511-a4e0-3e460c8cb3f5 (type: security_group_rules) to 0
2026-05-27 01:48:39.968 9 INFO neutron.wsgi [None req-d30f29d2-8070-439a-ba24-99cf7285713f 9b79efb632104899a29982ab5c7db7f5 1c23899b06fb4ba49e519f066ce75c14 - - default default] 10.0.0.130 "GET /v2.0/ports HTTP/1.1" status: 200 len: 5347 time: 0.0528538
2026-05-27 01:48:39.968 10 INFO neutron.db.ovn_revision_numbers_db [None req-a5df63ab-3733-4d2e-a741-bc6322c53a32 9b79efb632104899a29982ab5c7db7f5 1c23899b06fb4ba49e519f066ce75c14 - - default default] Successfully bumped revision number for resource 5813ecab-8406-4465-8472-0d533c1ef0bc (type: security_group_rules) to 0
2026-05-27 01:48:39.985 9 INFO neutron.wsgi [None req-aa575a75-734b-4be1-83eb-bb8532820b22 9b79efb632104899a29982ab5c7db7f5 1c23899b06fb4ba49e519f066ce75c14 - - default default] 10.0.0.130 "GET /v2.0/network-ip-availabilities HTTP/1.1" status: 200 len: 1280 time: 0.0128298
2026-05-27 01:48:39.991 10 INFO neutron.db.ovn_revision_numbers_db [None req-a5df63ab-3733-4d2e-a741-bc6322c53a32 9b79efb632104899a29982ab5c7db7f5 1c23899b06fb4ba49e519f066ce75c14 - - default default] Successfully bumped revision number for resource 97dcccbe-427b-4822-93bb-bfae81fd55fd (type: security_group_rules) to 0
2026-05-27 01:48:39.992 9 INFO neutron.db.ovn_revision_numbers_db [None req-d7157a56-a77a-4060-9316-d30fc4e0ca90 9b79efb632104899a29982ab5c7db7f5 1c23899b06fb4ba49e519f066ce75c14 - - default default] Successfully bumped revision number for resource c4fa570c-f923-46b2-aec0-ff879c016f93 (type: security_group_rules) to 0
2026-05-27 01:48:40.009 9 INFO neutron.wsgi [None req-4cb6b259-dad6-4376-81b2-17e8142d4058 9b79efb632104899a29982ab5c7db7f5 1c23899b06fb4ba49e519f066ce75c14 - - default default] 10.0.0.130 "GET /v2.0/floatingips HTTP/1.1" status: 200 len: 193 time: 0.0224931
2026-05-27 01:48:40.023 10 INFO neutron.db.ovn_revision_numbers_db [None req-a5df63ab-3733-4d2e-a741-bc6322c53a32 9b79efb632104899a29982ab5c7db7f5 1c23899b06fb4ba49e519f066ce75c14 - - default default] Successfully bumped revision number for resource cc0b946f-03c3-4740-8445-ed2c10dc2560 (type: security_group_rules) to 0
2026-05-27 01:48:40.024 9 INFO neutron.db.ovn_revision_numbers_db [None req-d7157a56-a77a-4060-9316-d30fc4e0ca90 9b79efb632104899a29982ab5c7db7f5 1c23899b06fb4ba49e519f066ce75c14 - - default default] Successfully bumped revision number for resource d949576f-aff3-45db-a963-8ff6af2d9843 (type: security_group_rules) to 0
2026-05-27 01:48:40.029 10 INFO neutron.db.ovn_revision_numbers_db [None req-8a62c53f-f709-4a67-93ae-849eaa65a039 9b79efb632104899a29982ab5c7db7f5 1c23899b06fb4ba49e519f066ce75c14 - - default default] Successfully bumped revision number for resource 42fd73f4-28fb-41ad-82f4-185ec7eb9415 (type: security_groups) to 1
2026-05-27 01:48:40.050 10 INFO neutron.db.ovn_revision_numbers_db [None req-8a62c53f-f709-4a67-93ae-849eaa65a039 9b79efb632104899a29982ab5c7db7f5 1c23899b06fb4ba49e519f066ce75c14 - - default default] Successfully bumped revision number for resource 062a2cb2-b4ab-44f5-9664-b3a30aa59548 (type: security_group_rules) to 0
2026-05-27 01:48:40.064 9 INFO neutron.wsgi [None req-b7533d4b-71cd-4c3c-a42d-0a09bb72ac1c 9b79efb632104899a29982ab5c7db7f5 1c23899b06fb4ba49e519f066ce75c14 - - default default] 10.0.0.130 "GET /v2.0/security-groups HTTP/1.1" status: 200 len: 26274 time: 0.0540814
2026-05-27 01:48:40.080 10 INFO neutron.db.segments_db [None req-a5df63ab-3733-4d2e-a741-bc6322c53a32 9b79efb632104899a29982ab5c7db7f5 1c23899b06fb4ba49e519f066ce75c14 - - default default] Added segment 3e8127f3-1917-486d-b023-fa088a6a1f36 of type geneve for network 840241aa-7fda-41a0-826d-fa0f2059389b
2026-05-27 01:48:40.084 10 INFO neutron.db.ovn_revision_numbers_db [None req-8a62c53f-f709-4a67-93ae-849eaa65a039 9b79efb632104899a29982ab5c7db7f5 1c23899b06fb4ba49e519f066ce75c14 - - default default] Successfully bumped revision number for resource 3567d9a8-7934-424b-885d-08475c42f2d6 (type: security_group_rules) to 0
2026-05-27 01:48:40.096 9 INFO neutron.db.segments_db [None req-d7157a56-a77a-4060-9316-d30fc4e0ca90 9b79efb632104899a29982ab5c7db7f5 1c23899b06fb4ba49e519f066ce75c14 - - default default] Added segment 498a7293-e036-496a-8f29-aec8cf0c20af of type geneve for network 62b1cfaf-f9e7-4f7e-8cb6-ead97df44822
2026-05-27 01:48:40.101 10 INFO neutron.db.ovn_revision_numbers_db [None req-8a62c53f-f709-4a67-93ae-849eaa65a039 9b79efb632104899a29982ab5c7db7f5 1c23899b06fb4ba49e519f066ce75c14 - - default default] Successfully bumped revision number for resource 724c7f7d-90bb-4c41-b1e4-cf0d2e395c12 (type: security_group_rules) to 0
2026-05-27 01:48:40.114 9 INFO neutron.wsgi [None req-bf73b442-5ac0-4d26-881e-ba11e1d1573f 9b79efb632104899a29982ab5c7db7f5 1c23899b06fb4ba49e519f066ce75c14 - - default default] 10.0.0.130 "GET /v2.0/subnets HTTP/1.1" status: 200 len: 1437 time: 0.0455310
2026-05-27 01:48:40.125 10 INFO neutron.db.ovn_revision_numbers_db [None req-8a62c53f-f709-4a67-93ae-849eaa65a039 9b79efb632104899a29982ab5c7db7f5 1c23899b06fb4ba49e519f066ce75c14 - - default default] Successfully bumped revision number for resource d03583d8-efe8-4464-9180-ef6800c135ed (type: security_group_rules) to 0
2026-05-27 01:48:40.245 9 INFO neutron.db.ovn_revision_numbers_db [None req-d7157a56-a77a-4060-9316-d30fc4e0ca90 9b79efb632104899a29982ab5c7db7f5 1c23899b06fb4ba49e519f066ce75c14 - - default default] Successfully bumped revision number for resource 62b1cfaf-f9e7-4f7e-8cb6-ead97df44822 (type: networks) to 1
2026-05-27 01:48:40.288 10 INFO neutron.db.segments_db [None req-8a62c53f-f709-4a67-93ae-849eaa65a039 9b79efb632104899a29982ab5c7db7f5 1c23899b06fb4ba49e519f066ce75c14 - - default default] Added segment 8fc364db-dcbf-44bd-ae45-45a31f02f9dd of type geneve for network 452ee89e-06cd-4d1a-a43e-90212396bd00
2026-05-27 01:48:40.333 10 INFO neutron.db.ovn_revision_numbers_db [None req-a5df63ab-3733-4d2e-a741-bc6322c53a32 9b79efb632104899a29982ab5c7db7f5 1c23899b06fb4ba49e519f066ce75c14 - - default default] Successfully bumped revision number for resource 840241aa-7fda-41a0-826d-fa0f2059389b (type: networks) to 1
2026-05-27 01:48:40.455 9 WARNING neutron.scheduler.dhcp_agent_scheduler [None req-d7157a56-a77a-4060-9316-d30fc4e0ca90 9b79efb632104899a29982ab5c7db7f5 1c23899b06fb4ba49e519f066ce75c14 - - default default] No more DHCP agents
2026-05-27 01:48:40.458 9 WARNING neutron.api.rpc.agentnotifiers.dhcp_rpc_agent_api [None req-d7157a56-a77a-4060-9316-d30fc4e0ca90 9b79efb632104899a29982ab5c7db7f5 1c23899b06fb4ba49e519f066ce75c14 - - default default] Unable to schedule network 62b1cfaf-f9e7-4f7e-8cb6-ead97df44822: no agents available; will retry on subsequent port and subnet creation events.
2026-05-27 01:48:40.477 10 INFO neutron.db.ovn_revision_numbers_db [None req-8a62c53f-f709-4a67-93ae-849eaa65a039 9b79efb632104899a29982ab5c7db7f5 1c23899b06fb4ba49e519f066ce75c14 - - default default] Successfully bumped revision number for resource 452ee89e-06cd-4d1a-a43e-90212396bd00 (type: networks) to 1
2026-05-27 01:48:40.564 9 INFO neutron.db.ovn_revision_numbers_db [None req-d7157a56-a77a-4060-9316-d30fc4e0ca90 9b79efb632104899a29982ab5c7db7f5 1c23899b06fb4ba49e519f066ce75c14 - - default default] Successfully bumped revision number for resource 9e24c753-886d-4ae2-b911-1ce0169fe88e (type: ports) to 1
2026-05-27 01:48:40.566 10 WARNING neutron.scheduler.dhcp_agent_scheduler [None req-a5df63ab-3733-4d2e-a741-bc6322c53a32 9b79efb632104899a29982ab5c7db7f5 1c23899b06fb4ba49e519f066ce75c14 - - default default] No more DHCP agents
2026-05-27 01:48:40.577 10 WARNING neutron.api.rpc.agentnotifiers.dhcp_rpc_agent_api [None req-a5df63ab-3733-4d2e-a741-bc6322c53a32 9b79efb632104899a29982ab5c7db7f5 1c23899b06fb4ba49e519f066ce75c14 - - default default] Unable to schedule network 840241aa-7fda-41a0-826d-fa0f2059389b: no agents available; will retry on subsequent port and subnet creation events.
2026-05-27 01:48:40.588 9 INFO neutron.wsgi [None req-d7157a56-a77a-4060-9316-d30fc4e0ca90 9b79efb632104899a29982ab5c7db7f5 1c23899b06fb4ba49e519f066ce75c14 - - default default] 10.0.0.76 "POST /v2.0/networks HTTP/1.1" status: 201 len: 946 time: 1.1179516
2026-05-27 01:48:40.681 10 INFO neutron.db.ovn_revision_numbers_db [None req-a5df63ab-3733-4d2e-a741-bc6322c53a32 9b79efb632104899a29982ab5c7db7f5 1c23899b06fb4ba49e519f066ce75c14 - - default default] Successfully bumped revision number for resource 99ab91ef-e856-4e80-9ec6-e64390cb8bba (type: ports) to 1
2026-05-27 01:48:40.683 10 WARNING neutron.scheduler.dhcp_agent_scheduler [None req-8a62c53f-f709-4a67-93ae-849eaa65a039 9b79efb632104899a29982ab5c7db7f5 1c23899b06fb4ba49e519f066ce75c14 - - default default] No more DHCP agents
2026-05-27 01:48:40.686 10 WARNING neutron.api.rpc.agentnotifiers.dhcp_rpc_agent_api [None req-8a62c53f-f709-4a67-93ae-849eaa65a039 9b79efb632104899a29982ab5c7db7f5 1c23899b06fb4ba49e519f066ce75c14 - - default default] Unable to schedule network 452ee89e-06cd-4d1a-a43e-90212396bd00: no agents available; will retry on subsequent port and subnet creation events.
2026-05-27 01:48:40.717 10 INFO neutron.wsgi [None req-a5df63ab-3733-4d2e-a741-bc6322c53a32 9b79efb632104899a29982ab5c7db7f5 1c23899b06fb4ba49e519f066ce75c14 - - default default] 10.0.0.76 "POST /v2.0/networks HTTP/1.1" status: 201 len: 950 time: 1.0666404
2026-05-27 01:48:40.774 9 WARNING neutron.scheduler.dhcp_agent_scheduler [None req-d262425b-9000-4db8-a7f8-3b94f8c1a5c2 9b79efb632104899a29982ab5c7db7f5 1c23899b06fb4ba49e519f066ce75c14 - - default default] No more DHCP agents
2026-05-27 01:48:40.777 10 INFO neutron.db.ovn_revision_numbers_db [None req-8a62c53f-f709-4a67-93ae-849eaa65a039 9b79efb632104899a29982ab5c7db7f5 1c23899b06fb4ba49e519f066ce75c14 - - default default] Successfully bumped revision number for resource 06b04dd6-8de7-4ead-848f-5bb861faa7c7 (type: ports) to 1
2026-05-27 01:48:40.777 9 WARNING neutron.api.rpc.agentnotifiers.dhcp_rpc_agent_api [None req-d262425b-9000-4db8-a7f8-3b94f8c1a5c2 9b79efb632104899a29982ab5c7db7f5 1c23899b06fb4ba49e519f066ce75c14 - - default default] Unable to schedule network 62b1cfaf-f9e7-4f7e-8cb6-ead97df44822: no agents available; will retry on subsequent port and subnet creation events.
2026-05-27 01:48:40.802 10 INFO neutron.wsgi [None req-8a62c53f-f709-4a67-93ae-849eaa65a039 9b79efb632104899a29982ab5c7db7f5 1c23899b06fb4ba49e519f066ce75c14 - - default default] 10.0.0.76 "POST /v2.0/networks HTTP/1.1" status: 201 len: 947 time: 1.0530529
2026-05-27 01:48:40.904 9 WARNING neutron.scheduler.dhcp_agent_scheduler [None req-83f25edf-732e-480e-bcbb-d7323e44dcbd 9b79efb632104899a29982ab5c7db7f5 1c23899b06fb4ba49e519f066ce75c14 - - default default] No more DHCP agents
2026-05-27 01:48:40.908 9 WARNING neutron.api.rpc.agentnotifiers.dhcp_rpc_agent_api [None req-83f25edf-732e-480e-bcbb-d7323e44dcbd 9b79efb632104899a29982ab5c7db7f5 1c23899b06fb4ba49e519f066ce75c14 - - default default] Unable to schedule network 840241aa-7fda-41a0-826d-fa0f2059389b: no agents available; will retry on subsequent port and subnet creation events.
2026-05-27 01:48:40.962 10 WARNING neutron.scheduler.dhcp_agent_scheduler [None req-cb1cd32c-1461-4f9c-9e10-ddb27daecae8 9b79efb632104899a29982ab5c7db7f5 1c23899b06fb4ba49e519f066ce75c14 - - default default] No more DHCP agents
2026-05-27 01:48:40.966 10 WARNING neutron.api.rpc.agentnotifiers.dhcp_rpc_agent_api [None req-cb1cd32c-1461-4f9c-9e10-ddb27daecae8 9b79efb632104899a29982ab5c7db7f5 1c23899b06fb4ba49e519f066ce75c14 - - default default] Unable to schedule network 452ee89e-06cd-4d1a-a43e-90212396bd00: no agents available; will retry on subsequent port and subnet creation events.
2026-05-27 01:48:40.989 10 INFO neutron.db.ovn_revision_numbers_db [None req-bc34ea02-010b-476a-893b-e93e2d820ad4 9b79efb632104899a29982ab5c7db7f5 1c23899b06fb4ba49e519f066ce75c14 - - default default] Successfully bumped revision number for resource 7111145d-c43d-4f68-9015-b7b7666dfe87 (type: security_groups) to 1
2026-05-27 01:48:41.012 10 INFO neutron.db.ovn_revision_numbers_db [None req-bc34ea02-010b-476a-893b-e93e2d820ad4 9b79efb632104899a29982ab5c7db7f5 1c23899b06fb4ba49e519f066ce75c14 - - default default] Successfully bumped revision number for resource 0286c281-ed88-442c-8f48-66ca29a25285 (type: security_group_rules) to 0
2026-05-27 01:48:41.028 10 INFO neutron.db.ovn_revision_numbers_db [None req-bc34ea02-010b-476a-893b-e93e2d820ad4 9b79efb632104899a29982ab5c7db7f5 1c23899b06fb4ba49e519f066ce75c14 - - default default] Successfully bumped revision number for resource 9e73cd1b-f15e-466d-9c38-39f3cd0fca5b (type: security_group_rules) to 0
2026-05-27 01:48:41.042 10 INFO neutron.db.ovn_revision_numbers_db [None req-bc34ea02-010b-476a-893b-e93e2d820ad4 9b79efb632104899a29982ab5c7db7f5 1c23899b06fb4ba49e519f066ce75c14 - - default default] Successfully bumped revision number for resource ddd38b0a-1000-40c9-b8d6-0e664a379a6e (type: security_group_rules) to 0
2026-05-27 01:48:41.062 10 INFO neutron.db.ovn_revision_numbers_db [None req-bc34ea02-010b-476a-893b-e93e2d820ad4 9b79efb632104899a29982ab5c7db7f5 1c23899b06fb4ba49e519f066ce75c14 - - default default] Successfully bumped revision number for resource f8217bce-6343-4883-9dc4-1de04b0c5e88 (type: security_group_rules) to 0
2026-05-27 01:48:41.099 10 INFO neutron.wsgi [None req-bc34ea02-010b-476a-893b-e93e2d820ad4 9b79efb632104899a29982ab5c7db7f5 1c23899b06fb4ba49e519f066ce75c14 - - default default] 10.0.0.76 "GET /v2.0/security-groups?tenant_id=77e5b540be3d4926a7c55ce4447edb8f&name=default HTTP/1.1" status: 200 len: 3116 time: 0.3682325
2026-05-27 01:48:41.504 10 INFO neutron.db.ovn_revision_numbers_db [None req-cb1cd32c-1461-4f9c-9e10-ddb27daecae8 9b79efb632104899a29982ab5c7db7f5 1c23899b06fb4ba49e519f066ce75c14 - - default default] Successfully bumped revision number for resource 06b04dd6-8de7-4ead-848f-5bb861faa7c7 (type: ports) to 2
2026-05-27 01:48:41.540 10 INFO neutron.db.ovn_revision_numbers_db [None req-cb1cd32c-1461-4f9c-9e10-ddb27daecae8 9b79efb632104899a29982ab5c7db7f5 1c23899b06fb4ba49e519f066ce75c14 - - default default] Successfully bumped revision number for resource a6e7ad9d-cf54-493c-be13-c8b830480449 (type: subnets) to 0
2026-05-27 01:48:41.545 9 INFO neutron.db.ovn_revision_numbers_db [None req-d262425b-9000-4db8-a7f8-3b94f8c1a5c2 9b79efb632104899a29982ab5c7db7f5 1c23899b06fb4ba49e519f066ce75c14 - - default default] Successfully bumped revision number for resource 9e24c753-886d-4ae2-b911-1ce0169fe88e (type: ports) to 2
2026-05-27 01:48:41.555 10 INFO neutron.wsgi [None req-cb1cd32c-1461-4f9c-9e10-ddb27daecae8 9b79efb632104899a29982ab5c7db7f5 1c23899b06fb4ba49e519f066ce75c14 - - default default] 10.0.0.76 "POST /v2.0/subnets HTTP/1.1" status: 201 len: 867 time: 0.7459221
2026-05-27 01:48:41.605 9 INFO neutron.db.ovn_revision_numbers_db [None req-d262425b-9000-4db8-a7f8-3b94f8c1a5c2 9b79efb632104899a29982ab5c7db7f5 1c23899b06fb4ba49e519f066ce75c14 - - default default] Successfully bumped revision number for resource 2b23cd84-bee4-4556-9790-ebe93afe9e33 (type: subnets) to 0
2026-05-27 01:48:41.626 9 INFO neutron.wsgi [None req-e91f7945-c7ca-457d-af88-fcd9cf3990d5 9b79efb632104899a29982ab5c7db7f5 1c23899b06fb4ba49e519f066ce75c14 - - default default] 10.0.0.76 "DELETE /v2.0/security-groups/7111145d-c43d-4f68-9015-b7b7666dfe87 HTTP/1.1" status: 204 len: 168 time: 0.5203815
2026-05-27 01:48:41.636 9 INFO neutron.wsgi [None req-d262425b-9000-4db8-a7f8-3b94f8c1a5c2 9b79efb632104899a29982ab5c7db7f5 1c23899b06fb4ba49e519f066ce75c14 - - default default] 10.0.0.76 "POST /v2.0/subnets HTTP/1.1" status: 201 len: 867 time: 1.0408876
2026-05-27 01:48:41.695 9 INFO neutron.db.ovn_revision_numbers_db [None req-83f25edf-732e-480e-bcbb-d7323e44dcbd 9b79efb632104899a29982ab5c7db7f5 1c23899b06fb4ba49e519f066ce75c14 - - default default] Successfully bumped revision number for resource 99ab91ef-e856-4e80-9ec6-e64390cb8bba (type: ports) to 2
2026-05-27 01:48:41.786 9 INFO neutron.db.ovn_revision_numbers_db [None req-83f25edf-732e-480e-bcbb-d7323e44dcbd 9b79efb632104899a29982ab5c7db7f5 1c23899b06fb4ba49e519f066ce75c14 - - default default] Successfully bumped revision number for resource 4f7d92fe-a4e0-4943-a14d-23ca43a2b606 (type: subnets) to 0
2026-05-27 01:48:41.804 10 INFO neutron.wsgi [-] 10.0.0.148 "GET / HTTP/1.1" status: 200 len: 247 time: 0.0013056
2026-05-27 01:48:41.806 10 INFO neutron.wsgi [-] 10.0.0.148 "GET / HTTP/1.1" status: 200 len: 247 time: 0.0014372
2026-05-27 01:48:41.828 9 INFO neutron.wsgi [None req-83f25edf-732e-480e-bcbb-d7323e44dcbd 9b79efb632104899a29982ab5c7db7f5 1c23899b06fb4ba49e519f066ce75c14 - - default default] 10.0.0.76 "POST /v2.0/subnets HTTP/1.1" status: 201 len: 870 time: 1.1030276
2026-05-27 01:48:42.257 10 WARNING neutron.scheduler.dhcp_agent_scheduler [None req-d3edd41c-08c5-4cbc-8571-6cb0ed740bd9 9b79efb632104899a29982ab5c7db7f5 1c23899b06fb4ba49e519f066ce75c14 - - default default] No more DHCP agents
2026-05-27 01:48:42.260 10 WARNING neutron.api.rpc.agentnotifiers.dhcp_rpc_agent_api [None req-d3edd41c-08c5-4cbc-8571-6cb0ed740bd9 9b79efb632104899a29982ab5c7db7f5 1c23899b06fb4ba49e519f066ce75c14 - - default default] Unable to schedule network 8c9f9782-a40c-4944-bf8b-e87dac191b04: no agents available; will retry on subsequent port and subnet creation events.
2026-05-27 01:48:42.355 9 WARNING neutron.scheduler.dhcp_agent_scheduler [None req-0e05845e-f347-48c5-9193-cbc6d21de5f5 9b79efb632104899a29982ab5c7db7f5 1c23899b06fb4ba49e519f066ce75c14 - - default default] No more DHCP agents
2026-05-27 01:48:42.357 9 WARNING neutron.api.rpc.agentnotifiers.dhcp_rpc_agent_api [None req-0e05845e-f347-48c5-9193-cbc6d21de5f5 9b79efb632104899a29982ab5c7db7f5 1c23899b06fb4ba49e519f066ce75c14 - - default default] Unable to schedule network 8c9f9782-a40c-4944-bf8b-e87dac191b04: no agents available; will retry on subsequent port and subnet creation events.
2026-05-27 01:48:42.497 10 WARNING neutron.scheduler.dhcp_agent_scheduler [None req-4064d9be-275e-4218-acbb-15284a3c81f2 9b79efb632104899a29982ab5c7db7f5 1c23899b06fb4ba49e519f066ce75c14 - - default default] No more DHCP agents
2026-05-27 01:48:42.499 9 INFO neutron.db.ovn_revision_numbers_db [None req-0e05845e-f347-48c5-9193-cbc6d21de5f5 9b79efb632104899a29982ab5c7db7f5 1c23899b06fb4ba49e519f066ce75c14 - - default default] Successfully bumped revision number for resource e377385c-5916-491e-8a00-ce5d65b95af0 (type: ports) to 1
2026-05-27 01:48:42.505 10 WARNING neutron.api.rpc.agentnotifiers.dhcp_rpc_agent_api [None req-4064d9be-275e-4218-acbb-15284a3c81f2 9b79efb632104899a29982ab5c7db7f5 1c23899b06fb4ba49e519f066ce75c14 - - default default] Unable to schedule network 8c9f9782-a40c-4944-bf8b-e87dac191b04: no agents available; will retry on subsequent port and subnet creation events.
2026-05-27 01:48:42.539 10 INFO neutron.db.ovn_revision_numbers_db [None req-d3edd41c-08c5-4cbc-8571-6cb0ed740bd9 9b79efb632104899a29982ab5c7db7f5 1c23899b06fb4ba49e519f066ce75c14 - - default default] Successfully bumped revision number for resource 4121f9cc-e94b-4f4b-888e-28c0f6aad2b2 (type: ports) to 1
2026-05-27 01:48:42.704 10 INFO neutron.db.ovn_revision_numbers_db [None req-4064d9be-275e-4218-acbb-15284a3c81f2 9b79efb632104899a29982ab5c7db7f5 1c23899b06fb4ba49e519f066ce75c14 - - default default] Successfully bumped revision number for resource c4add7d8-5a3c-44bb-959b-42b5a4006dc7 (type: ports) to 1
2026-05-27 01:48:42.856 9 INFO neutron.plugins.ml2.drivers.ovn.mech_driver.ovsdb.extensions.qos [None req-0e05845e-f347-48c5-9193-cbc6d21de5f5 9b79efb632104899a29982ab5c7db7f5 1c23899b06fb4ba49e519f066ce75c14 - - default default] Starting OVNClientQosExtension
2026-05-27 01:48:42.960 10 INFO neutron.plugins.ml2.drivers.ovn.mech_driver.ovsdb.extensions.qos [None req-d3edd41c-08c5-4cbc-8571-6cb0ed740bd9 9b79efb632104899a29982ab5c7db7f5 1c23899b06fb4ba49e519f066ce75c14 - - default default] Starting OVNClientQosExtension
2026-05-27 01:48:43.387 9 INFO neutron.plugins.ml2.drivers.ovn.mech_driver.ovsdb.commands [None req-a3155e21-3d61-4a9b-bd3d-3da7e3a15847 - - - - - -] Schedule LRP lrp-e377385c-5916-491e-8a00-ce5d65b95af0 on gateway 511e0751-0370-4736-81aa-7c00f76d41aa with priority 1
2026-05-27 01:48:43.417 9 INFO neutron.plugins.ml2.drivers.ovn.mech_driver.ovsdb.ovsdb_monitor [-] Router c16baae1-ecc0-4edd-bf88-7c4cefb75c99 is bound to host instance
2026-05-27 01:48:43.424 10 INFO neutron.plugins.ml2.drivers.ovn.mech_driver.mech_driver [-] OVN reports status up for port: e377385c-5916-491e-8a00-ce5d65b95af0
2026-05-27 01:48:43.442 10 INFO neutron.plugins.ml2.plugin [None req-cc92ae5f-bebd-4e75-aa20-917944998ec5 - - - - - -] Attempt 1 to provision port e377385c-5916-491e-8a00-ce5d65b95af0
2026-05-27 01:48:43.460 9 INFO neutron.db.ovn_revision_numbers_db [None req-0e05845e-f347-48c5-9193-cbc6d21de5f5 9b79efb632104899a29982ab5c7db7f5 1c23899b06fb4ba49e519f066ce75c14 - - default default] Successfully bumped revision number for resource e377385c-5916-491e-8a00-ce5d65b95af0 (type: router_ports) to 1
2026-05-27 01:48:43.590 9 INFO neutron.db.ovn_revision_numbers_db [None req-0e05845e-f347-48c5-9193-cbc6d21de5f5 9b79efb632104899a29982ab5c7db7f5 1c23899b06fb4ba49e519f066ce75c14 - - default default] Successfully bumped revision number for resource c16baae1-ecc0-4edd-bf88-7c4cefb75c99 (type: routers) to 2
2026-05-27 01:48:43.625 9 INFO neutron.wsgi [None req-0e05845e-f347-48c5-9193-cbc6d21de5f5 9b79efb632104899a29982ab5c7db7f5 1c23899b06fb4ba49e519f066ce75c14 - - default default] 10.0.0.76 "POST /v2.0/routers HTTP/1.1" status: 201 len: 1169 time: 1.9831142
2026-05-27 01:48:43.633 10 INFO neutron.plugins.ml2.drivers.ovn.mech_driver.ovsdb.commands [None req-ff3b9efb-a196-41f2-aaa6-64cbe800711b - - - - - -] Schedule LRP lrp-4121f9cc-e94b-4f4b-888e-28c0f6aad2b2 on gateway 511e0751-0370-4736-81aa-7c00f76d41aa with priority 1
2026-05-27 01:48:43.674 10 INFO neutron.plugins.ml2.drivers.ovn.mech_driver.ovsdb.ovsdb_monitor [-] Router 207bafd0-2f7f-40d0-a902-bd2f632d9b80 is bound to host instance
2026-05-27 01:48:43.676 9 INFO neutron.plugins.ml2.drivers.ovn.mech_driver.mech_driver [None req-7332e26f-726c-4641-8eec-3c59f147e9ca - - - - - -] OVN reports status up for port: 4121f9cc-e94b-4f4b-888e-28c0f6aad2b2
2026-05-27 01:48:43.704 9 INFO neutron.plugins.ml2.plugin [None req-7332e26f-726c-4641-8eec-3c59f147e9ca - - - - - -] Attempt 1 to provision port 4121f9cc-e94b-4f4b-888e-28c0f6aad2b2
2026-05-27 01:48:43.711 10 INFO neutron.db.ovn_revision_numbers_db [None req-d3edd41c-08c5-4cbc-8571-6cb0ed740bd9 9b79efb632104899a29982ab5c7db7f5 1c23899b06fb4ba49e519f066ce75c14 - - default default] Successfully bumped revision number for resource 4121f9cc-e94b-4f4b-888e-28c0f6aad2b2 (type: router_ports) to 1
2026-05-27 01:48:43.816 10 INFO neutron.plugins.ml2.drivers.ovn.mech_driver.ovsdb.commands [None req-ff3b9efb-a196-41f2-aaa6-64cbe800711b - - - - - -] Schedule LRP lrp-c4add7d8-5a3c-44bb-959b-42b5a4006dc7 on gateway 511e0751-0370-4736-81aa-7c00f76d41aa with priority 1
2026-05-27 01:48:43.818 10 INFO neutron.db.ovn_revision_numbers_db [None req-d3edd41c-08c5-4cbc-8571-6cb0ed740bd9 9b79efb632104899a29982ab5c7db7f5 1c23899b06fb4ba49e519f066ce75c14 - - default default] Successfully bumped revision number for resource 207bafd0-2f7f-40d0-a902-bd2f632d9b80 (type: routers) to 2
2026-05-27 01:48:43.978 10 INFO neutron.wsgi [None req-d3edd41c-08c5-4cbc-8571-6cb0ed740bd9 9b79efb632104899a29982ab5c7db7f5 1c23899b06fb4ba49e519f066ce75c14 - - default default] 10.0.0.76 "POST /v2.0/routers HTTP/1.1" status: 201 len: 1169 time: 2.4161189
2026-05-27 01:48:44.030 10 INFO neutron.db.ovn_revision_numbers_db [None req-4064d9be-275e-4218-acbb-15284a3c81f2 9b79efb632104899a29982ab5c7db7f5 1c23899b06fb4ba49e519f066ce75c14 - - default default] Successfully bumped revision number for resource c4add7d8-5a3c-44bb-959b-42b5a4006dc7 (type: router_ports) to 1
2026-05-27 01:48:44.033 9 INFO neutron.db.ovn_revision_numbers_db [None req-f75f0502-18cf-45c0-9f02-d13c1d8a48d2 9b79efb632104899a29982ab5c7db7f5 1c23899b06fb4ba49e519f066ce75c14 - - default default] Successfully bumped revision number for resource 9d522f25-e4d9-4f17-ae0c-bcdf0a607ec2 (type: security_groups) to 1
2026-05-27 01:48:44.057 9 INFO neutron.db.ovn_revision_numbers_db [None req-f75f0502-18cf-45c0-9f02-d13c1d8a48d2 9b79efb632104899a29982ab5c7db7f5 1c23899b06fb4ba49e519f066ce75c14 - - default default] Successfully bumped revision number for resource 59ebc8ee-002a-4db9-94a6-b97eb811ce33 (type: security_group_rules) to 0
2026-05-27 01:48:44.101 9 INFO neutron.db.ovn_revision_numbers_db [None req-f75f0502-18cf-45c0-9f02-d13c1d8a48d2 9b79efb632104899a29982ab5c7db7f5 1c23899b06fb4ba49e519f066ce75c14 - - default default] Successfully bumped revision number for resource b04523e5-0c5c-41be-b55d-bdfad0f3d7d2 (type: security_group_rules) to 0
2026-05-27 01:48:44.140 9 INFO neutron.db.ovn_revision_numbers_db [None req-f75f0502-18cf-45c0-9f02-d13c1d8a48d2 9b79efb632104899a29982ab5c7db7f5 1c23899b06fb4ba49e519f066ce75c14 - - default default] Successfully bumped revision number for resource e016b0ea-4209-4707-959e-972cef297410 (type: security_group_rules) to 0
2026-05-27 01:48:44.141 10 INFO neutron.db.ovn_revision_numbers_db [None req-4064d9be-275e-4218-acbb-15284a3c81f2 9b79efb632104899a29982ab5c7db7f5 1c23899b06fb4ba49e519f066ce75c14 - - default default] Successfully bumped revision number for resource c95a9cab-0c9d-488c-a0df-df3650d323df (type: routers) to 2
2026-05-27 01:48:44.159 9 INFO neutron.db.ovn_revision_numbers_db [None req-f75f0502-18cf-45c0-9f02-d13c1d8a48d2 9b79efb632104899a29982ab5c7db7f5 1c23899b06fb4ba49e519f066ce75c14 - - default default] Successfully bumped revision number for resource e266e52b-716a-4fec-8fff-a0a489650a04 (type: security_group_rules) to 0
2026-05-27 01:48:44.170 10 INFO neutron.wsgi [None req-4064d9be-275e-4218-acbb-15284a3c81f2 9b79efb632104899a29982ab5c7db7f5 1c23899b06fb4ba49e519f066ce75c14 - - default default] 10.0.0.76 "POST /v2.0/routers HTTP/1.1" status: 201 len: 1172 time: 2.3356483
2026-05-27 01:48:44.247 9 INFO neutron.db.segments_db [None req-f75f0502-18cf-45c0-9f02-d13c1d8a48d2 9b79efb632104899a29982ab5c7db7f5 1c23899b06fb4ba49e519f066ce75c14 - - default default] Added segment 2239c4e5-80de-4541-b842-804f8987c595 of type geneve for network 64fc43bd-6ffd-45f6-bd00-485d3509d417
2026-05-27 01:48:44.698 9 INFO neutron.db.ovn_revision_numbers_db [None req-f75f0502-18cf-45c0-9f02-d13c1d8a48d2 9b79efb632104899a29982ab5c7db7f5 1c23899b06fb4ba49e519f066ce75c14 - - default default] Successfully bumped revision number for resource 64fc43bd-6ffd-45f6-bd00-485d3509d417 (type: networks) to 1
2026-05-27 01:48:44.917 9 INFO neutron.db.ovn_revision_numbers_db [None req-2f4e94ba-504e-4c8f-8092-9062a84a9174 - - - - - -] Successfully bumped revision number for resource e377385c-5916-491e-8a00-ce5d65b95af0 (type: ports) to 1
2026-05-27 01:48:44.932 9 WARNING neutron.scheduler.dhcp_agent_scheduler [None req-2ec3514d-50f1-4c5a-94e8-a3539d1a6001 9b79efb632104899a29982ab5c7db7f5 1c23899b06fb4ba49e519f066ce75c14 - - default default] No more DHCP agents
2026-05-27 01:48:44.937 9 WARNING neutron.api.rpc.agentnotifiers.dhcp_rpc_agent_api [None req-2ec3514d-50f1-4c5a-94e8-a3539d1a6001 9b79efb632104899a29982ab5c7db7f5 1c23899b06fb4ba49e519f066ce75c14 - - default default] Unable to schedule network 62b1cfaf-f9e7-4f7e-8cb6-ead97df44822: no agents available; will retry on subsequent port and subnet creation events.
2026-05-27 01:48:45.003 9 WARNING neutron.scheduler.dhcp_agent_scheduler [None req-f75f0502-18cf-45c0-9f02-d13c1d8a48d2 9b79efb632104899a29982ab5c7db7f5 1c23899b06fb4ba49e519f066ce75c14 - - default default] No more DHCP agents
2026-05-27 01:48:45.010 9 WARNING neutron.api.rpc.agentnotifiers.dhcp_rpc_agent_api [None req-f75f0502-18cf-45c0-9f02-d13c1d8a48d2 9b79efb632104899a29982ab5c7db7f5 1c23899b06fb4ba49e519f066ce75c14 - - default default] Unable to schedule network 64fc43bd-6ffd-45f6-bd00-485d3509d417: no agents available; will retry on subsequent port and subnet creation events.
2026-05-27 01:48:45.209 9 INFO neutron.db.ovn_revision_numbers_db [None req-f75f0502-18cf-45c0-9f02-d13c1d8a48d2 9b79efb632104899a29982ab5c7db7f5 1c23899b06fb4ba49e519f066ce75c14 - - default default] Successfully bumped revision number for resource 7386aa0b-eaf4-4ea8-9463-762ff8f8de1b (type: ports) to 1
2026-05-27 01:48:45.237 9 INFO neutron.db.ovn_revision_numbers_db [None req-2ec3514d-50f1-4c5a-94e8-a3539d1a6001 9b79efb632104899a29982ab5c7db7f5 1c23899b06fb4ba49e519f066ce75c14 - - default default] Successfully bumped revision number for resource c222d0bb-3cbf-4f65-95fb-82862fb9038d (type: ports) to 1
2026-05-27 01:48:45.242 10 WARNING neutron.scheduler.dhcp_agent_scheduler [None req-5006f406-32d8-4e80-8a69-d5329697861e 9b79efb632104899a29982ab5c7db7f5 1c23899b06fb4ba49e519f066ce75c14 - - default default] No more DHCP agents
2026-05-27 01:48:45.249 10 WARNING neutron.api.rpc.agentnotifiers.dhcp_rpc_agent_api [None req-5006f406-32d8-4e80-8a69-d5329697861e 9b79efb632104899a29982ab5c7db7f5 1c23899b06fb4ba49e519f066ce75c14 - - default default] Unable to schedule network 452ee89e-06cd-4d1a-a43e-90212396bd00: no agents available; will retry on subsequent port and subnet creation events.
2026-05-27 01:48:45.260 9 INFO neutron.wsgi [None req-f75f0502-18cf-45c0-9f02-d13c1d8a48d2 9b79efb632104899a29982ab5c7db7f5 1c23899b06fb4ba49e519f066ce75c14 - - default default] 10.0.0.76 "POST /v2.0/networks HTTP/1.1" status: 201 len: 953 time: 1.8705981
2026-05-27 01:48:45.319 10 INFO neutron.db.ovn_revision_numbers_db [None req-011468a7-e23c-4150-9754-e6475962e99e - - - - - -] Successfully bumped revision number for resource 4121f9cc-e94b-4f4b-888e-28c0f6aad2b2 (type: ports) to 1
2026-05-27 01:48:45.496 10 WARNING neutron.scheduler.dhcp_agent_scheduler [None req-113039a5-2508-4ff7-b977-22b1633f1e1a 9b79efb632104899a29982ab5c7db7f5 1c23899b06fb4ba49e519f066ce75c14 - - default default] No more DHCP agents
2026-05-27 01:48:45.503 10 WARNING neutron.api.rpc.agentnotifiers.dhcp_rpc_agent_api [None req-113039a5-2508-4ff7-b977-22b1633f1e1a 9b79efb632104899a29982ab5c7db7f5 1c23899b06fb4ba49e519f066ce75c14 - - default default] Unable to schedule network 840241aa-7fda-41a0-826d-fa0f2059389b: no agents available; will retry on subsequent port and subnet creation events.
2026-05-27 01:48:45.635 10 WARNING neutron.scheduler.dhcp_agent_scheduler [None req-74b1b03b-00a4-4ac9-bc2c-405149643439 9b79efb632104899a29982ab5c7db7f5 1c23899b06fb4ba49e519f066ce75c14 - - default default] No more DHCP agents
2026-05-27 01:48:45.639 10 INFO neutron.db.ovn_revision_numbers_db [None req-5006f406-32d8-4e80-8a69-d5329697861e 9b79efb632104899a29982ab5c7db7f5 1c23899b06fb4ba49e519f066ce75c14 - - default default] Successfully bumped revision number for resource ce390543-bf99-4861-887f-bfb72bc181a6 (type: ports) to 1
2026-05-27 01:48:45.645 10 WARNING neutron.api.rpc.agentnotifiers.dhcp_rpc_agent_api [None req-74b1b03b-00a4-4ac9-bc2c-405149643439 9b79efb632104899a29982ab5c7db7f5 1c23899b06fb4ba49e519f066ce75c14 - - default default] Unable to schedule network 64fc43bd-6ffd-45f6-bd00-485d3509d417: no agents available; will retry on subsequent port and subnet creation events.
2026-05-27 01:48:45.750 9 INFO neutron.db.ovn_revision_numbers_db [None req-2f4e94ba-504e-4c8f-8092-9062a84a9174 - - - - - -] Successfully bumped revision number for resource e377385c-5916-491e-8a00-ce5d65b95af0 (type: router_ports) to 3
2026-05-27 01:48:46.004 9 INFO neutron.db.ovn_revision_numbers_db [None req-2f4e94ba-504e-4c8f-8092-9062a84a9174 - - - - - -] Successfully bumped revision number for resource e377385c-5916-491e-8a00-ce5d65b95af0 (type: ports) to 2
2026-05-27 01:48:46.125 9 ERROR ovsdbapp.backend.ovs_idl.command [None req-2ec3514d-50f1-4c5a-94e8-a3539d1a6001 9b79efb632104899a29982ab5c7db7f5 1c23899b06fb4ba49e519f066ce75c14 - - default default] Error executing command (DbGetCommand): ovsdbapp.backend.ovs_idl.idlutils.RowNotFound: Cannot find Logical_Router_Port with name=lrp-c222d0bb-3cbf-4f65-95fb-82862fb9038d
2026-05-27 01:48:46.125 9 ERROR ovsdbapp.backend.ovs_idl.command
Traceback (most recent call last):
2026-05-27 01:48:46.125 9 ERROR ovsdbapp.backend.ovs_idl.command
File "/var/lib/openstack/lib/python3.10/site-packages/ovsdbapp/backend/ovs_idl/command.py", line 47, in execute
2026-05-27 01:48:46.125 9 ERROR ovsdbapp.backend.ovs_idl.command self.run_idl(None)
2026-05-27 01:48:46.125 9 ERROR ovsdbapp.backend.ovs_idl.command
File "/var/lib/openstack/lib/python3.10/site-packages/ovsdbapp/backend/ovs_idl/command.py", line 235, in run_idl
2026-05-27 01:48:46.125 9 ERROR ovsdbapp.backend.ovs_idl.command record = self.api.lookup(self.table, self.record)
2026-05-27 01:48:46.125 9 ERROR ovsdbapp.backend.ovs_idl.command
File "/var/lib/openstack/lib/python3.10/site-packages/ovsdbapp/backend/ovs_idl/__init__.py", line 184, in lookup
2026-05-27 01:48:46.125 9 ERROR ovsdbapp.backend.ovs_idl.command return self._lookup(table, record)
2026-05-27 01:48:46.125 9 ERROR ovsdbapp.backend.ovs_idl.command
File "/var/lib/openstack/lib/python3.10/site-packages/ovsdbapp/backend/ovs_idl/__init__.py", line 235, in _lookup
2026-05-27 01:48:46.125 9 ERROR ovsdbapp.backend.ovs_idl.command row = idlutils.row_by_value(self, rl.table, rl.column, record)
2026-05-27 01:48:46.125 9 ERROR ovsdbapp.backend.ovs_idl.command
File "/var/lib/openstack/lib/python3.10/site-packages/ovsdbapp/backend/ovs_idl/idlutils.py", line 114, in row_by_value
2026-05-27 01:48:46.125 9 ERROR ovsdbapp.backend.ovs_idl.command raise RowNotFound(table=table, col=column, match=match)
2026-05-27 01:48:46.125 9 ERROR ovsdbapp.backend.ovs_idl.command ovsdbapp.backend.ovs_idl.idlutils.RowNotFound: Cannot find Logical_Router_Port with name=lrp-c222d0bb-3cbf-4f65-95fb-82862fb9038d
2026-05-27 01:48:46.125 9 ERROR ovsdbapp.backend.ovs_idl.command 
2026-05-27 01:48:46.126 9 ERROR neutron_lib.callbacks.manager [None req-2ec3514d-50f1-4c5a-94e8-a3539d1a6001 9b79efb632104899a29982ab5c7db7f5 1c23899b06fb4ba49e519f066ce75c14 - - default default] Error during notification for neutron.services.ovn_l3.plugin.OVNL3RouterPlugin._port_update-8783636906735 port, after_update: ovsdbapp.backend.ovs_idl.idlutils.RowNotFound: Cannot find Logical_Router_Port with name=lrp-c222d0bb-3cbf-4f65-95fb-82862fb9038d
2026-05-27 01:48:46.126 9 ERROR neutron_lib.callbacks.manager
Traceback (most recent call last):
2026-05-27 01:48:46.126 9 ERROR neutron_lib.callbacks.manager
File "/var/lib/openstack/lib/python3.10/site-packages/neutron_lib/callbacks/manager.py", line 189, in _notify_loop
2026-05-27 01:48:46.126 9 ERROR neutron_lib.callbacks.manager callback.method(resource, event, trigger, payload=payload)
2026-05-27 01:48:46.126 9 ERROR neutron_lib.callbacks.manager
File "/var/lib/openstack/lib/python3.10/site-packages/neutron/services/ovn_l3/plugin.py", line 391, in _port_update
2026-05-27 01:48:46.126 9 ERROR neutron_lib.callbacks.manager l3plugin._ovn_client.update_router_port(context,
2026-05-27 01:48:46.126 9 ERROR neutron_lib.callbacks.manager
File "/var/lib/openstack/lib/python3.10/site-packages/neutron/plugins/ml2/drivers/ovn/mech_driver/ovsdb/ovn_client.py", line 1878, in update_router_port
2026-05-27 01:48:46.126 9 ERROR neutron_lib.callbacks.manager self._update_lrouter_port(context, port, if_exists=if_exists,
2026-05-27 01:48:46.126 9 ERROR neutron_lib.callbacks.manager
File "/var/lib/openstack/lib/python3.10/site-packages/neutron/plugins/ml2/drivers/ovn/mech_driver/ovsdb/ovn_client.py", line 1855, in _update_lrouter_port
2026-05-27 01:48:46.126 9 ERROR neutron_lib.callbacks.manager external_ids = self._nb_idl.db_get(
2026-05-27 01:48:46.126 9 ERROR neutron_lib.callbacks.manager
File "/var/lib/openstack/lib/python3.10/site-packages/ovsdbapp/backend/ovs_idl/command.py", line 47, in execute
2026-05-27 01:48:46.126 9 ERROR neutron_lib.callbacks.manager self.run_idl(None)
2026-05-27 01:48:46.126 9 ERROR neutron_lib.callbacks.manager
File "/var/lib/openstack/lib/python3.10/site-packages/ovsdbapp/backend/ovs_idl/command.py", line 235, in run_idl
2026-05-27 01:48:46.126 9 ERROR neutron_lib.callbacks.manager record = self.api.lookup(self.table, self.record)
2026-05-27 01:48:46.126 9 ERROR neutron_lib.callbacks.manager
File "/var/lib/openstack/lib/python3.10/site-packages/ovsdbapp/backend/ovs_idl/__init__.py", line 184, in lookup
2026-05-27 01:48:46.126 9 ERROR neutron_lib.callbacks.manager return self._lookup(table, record)
2026-05-27 01:48:46.126 9 ERROR neutron_lib.callbacks.manager
File "/var/lib/openstack/lib/python3.10/site-packages/ovsdbapp/backend/ovs_idl/__init__.py", line 235, in _lookup
2026-05-27 01:48:46.126 9 ERROR neutron_lib.callbacks.manager row = idlutils.row_by_value(self, rl.table, rl.column, record)
2026-05-27 01:48:46.126 9 ERROR neutron_lib.callbacks.manager
File "/var/lib/openstack/lib/python3.10/site-packages/ovsdbapp/backend/ovs_idl/idlutils.py", line 114, in row_by_value
2026-05-27 01:48:46.126 9 ERROR neutron_lib.callbacks.manager raise RowNotFound(table=table, col=column, match=match)
2026-05-27 01:48:46.126 9 ERROR neutron_lib.callbacks.manager ovsdbapp.backend.ovs_idl.idlutils.RowNotFound: Cannot find Logical_Router_Port with name=lrp-c222d0bb-3cbf-4f65-95fb-82862fb9038d
2026-05-27 01:48:46.126 9 ERROR neutron_lib.callbacks.manager 
2026-05-27 01:48:46.149 10 INFO neutron.db.ovn_revision_numbers_db [None req-113039a5-2508-4ff7-b977-22b1633f1e1a 9b79efb632104899a29982ab5c7db7f5 1c23899b06fb4ba49e519f066ce75c14 - - default default] Successfully bumped revision number for resource 70e4ed4b-0bee-44ba-a08a-129039f2d8aa (type: ports) to 1
2026-05-27 01:48:46.253 10 INFO neutron.plugins.ml2.drivers.ovn.mech_driver.mech_driver [None req-cc92ae5f-bebd-4e75-aa20-917944998ec5 - - - - - -] OVN reports status up for port: c4add7d8-5a3c-44bb-959b-42b5a4006dc7
2026-05-27 01:48:46.275 10 INFO neutron.plugins.ml2.plugin [None req-cc92ae5f-bebd-4e75-aa20-917944998ec5 - - - - - -] Attempt 1 to provision port c4add7d8-5a3c-44bb-959b-42b5a4006dc7
2026-05-27 01:48:46.602 9 INFO neutron.plugins.ml2.drivers.ovn.mech_driver.mech_driver [None req-7332e26f-726c-4641-8eec-3c59f147e9ca - - - - - -] OVN reports status up for port: c222d0bb-3cbf-4f65-95fb-82862fb9038d
2026-05-27 01:48:46.615 9 INFO neutron.plugins.ml2.plugin [None req-7332e26f-726c-4641-8eec-3c59f147e9ca - - - - - -] Attempt 1 to provision port c222d0bb-3cbf-4f65-95fb-82862fb9038d
2026-05-27 01:48:46.625 10 INFO neutron.db.ovn_revision_numbers_db [None req-011468a7-e23c-4150-9754-e6475962e99e - - - - - -] Successfully bumped revision number for resource 4121f9cc-e94b-4f4b-888e-28c0f6aad2b2 (type: router_ports) to 3
2026-05-27 01:48:46.650 9 INFO neutron.db.ovn_revision_numbers_db [None req-2ec3514d-50f1-4c5a-94e8-a3539d1a6001 9b79efb632104899a29982ab5c7db7f5 1c23899b06fb4ba49e519f066ce75c14 - - default default] Successfully bumped revision number for resource c222d0bb-3cbf-4f65-95fb-82862fb9038d (type: ports) to 1
2026-05-27 01:48:46.773 9 WARNING neutron.scheduler.dhcp_agent_scheduler [None req-2ec3514d-50f1-4c5a-94e8-a3539d1a6001 9b79efb632104899a29982ab5c7db7f5 1c23899b06fb4ba49e519f066ce75c14 - - default default] No more DHCP agents
2026-05-27 01:48:46.777 9 WARNING neutron.api.rpc.agentnotifiers.dhcp_rpc_agent_api [None req-2ec3514d-50f1-4c5a-94e8-a3539d1a6001 9b79efb632104899a29982ab5c7db7f5 1c23899b06fb4ba49e519f066ce75c14 - - default default] Unable to schedule network 62b1cfaf-f9e7-4f7e-8cb6-ead97df44822: no agents available; will retry on subsequent port and subnet creation events.
2026-05-27 01:48:46.798 9 INFO neutron.db.ovn_revision_numbers_db [None req-2f4e94ba-504e-4c8f-8092-9062a84a9174 - - - - - -] Successfully bumped revision number for resource e377385c-5916-491e-8a00-ce5d65b95af0 (type: ports) to 4
2026-05-27 01:48:47.336 10 INFO neutron.db.ovn_revision_numbers_db [None req-011468a7-e23c-4150-9754-e6475962e99e - - - - - -] Successfully bumped revision number for resource 4121f9cc-e94b-4f4b-888e-28c0f6aad2b2 (type: ports) to 2
2026-05-27 01:48:47.456 10 INFO neutron.db.ovn_revision_numbers_db [None req-74b1b03b-00a4-4ac9-bc2c-405149643439 9b79efb632104899a29982ab5c7db7f5 1c23899b06fb4ba49e519f066ce75c14 - - default default] Successfully bumped revision number for resource 7386aa0b-eaf4-4ea8-9463-762ff8f8de1b (type: ports) to 2
2026-05-27 01:48:47.462 10 ERROR ovsdbapp.backend.ovs_idl.command [None req-5006f406-32d8-4e80-8a69-d5329697861e 9b79efb632104899a29982ab5c7db7f5 1c23899b06fb4ba49e519f066ce75c14 - - default default] Error executing command (DbGetCommand): ovsdbapp.backend.ovs_idl.idlutils.RowNotFound: Cannot find Logical_Router_Port with name=lrp-ce390543-bf99-4861-887f-bfb72bc181a6
2026-05-27 01:48:47.462 10 ERROR ovsdbapp.backend.ovs_idl.command
Traceback (most recent call last):
2026-05-27 01:48:47.462 10 ERROR ovsdbapp.backend.ovs_idl.command
File "/var/lib/openstack/lib/python3.10/site-packages/ovsdbapp/backend/ovs_idl/command.py", line 47, in execute
2026-05-27 01:48:47.462 10 ERROR ovsdbapp.backend.ovs_idl.command self.run_idl(None)
2026-05-27 01:48:47.462 10 ERROR ovsdbapp.backend.ovs_idl.command
File "/var/lib/openstack/lib/python3.10/site-packages/ovsdbapp/backend/ovs_idl/command.py", line 235, in run_idl
2026-05-27 01:48:47.462 10 ERROR ovsdbapp.backend.ovs_idl.command record = self.api.lookup(self.table, self.record)
2026-05-27 01:48:47.462 10 ERROR ovsdbapp.backend.ovs_idl.command
File "/var/lib/openstack/lib/python3.10/site-packages/ovsdbapp/backend/ovs_idl/__init__.py", line 184, in lookup
2026-05-27 01:48:47.462 10 ERROR ovsdbapp.backend.ovs_idl.command return self._lookup(table, record)
2026-05-27 01:48:47.462 10 ERROR ovsdbapp.backend.ovs_idl.command
File "/var/lib/openstack/lib/python3.10/site-packages/ovsdbapp/backend/ovs_idl/__init__.py", line 235, in _lookup
2026-05-27 01:48:47.462 10 ERROR ovsdbapp.backend.ovs_idl.command row = idlutils.row_by_value(self, rl.table, rl.column, record)
2026-05-27 01:48:47.462 10 ERROR ovsdbapp.backend.ovs_idl.command
File "/var/lib/openstack/lib/python3.10/site-packages/ovsdbapp/backend/ovs_idl/idlutils.py", line 114, in row_by_value
2026-05-27 01:48:47.462 10 ERROR ovsdbapp.backend.ovs_idl.command raise RowNotFound(table=table, col=column, match=match)
2026-05-27 01:48:47.462 10 ERROR ovsdbapp.backend.ovs_idl.command ovsdbapp.backend.ovs_idl.idlutils.RowNotFound: Cannot find Logical_Router_Port with name=lrp-ce390543-bf99-4861-887f-bfb72bc181a6
2026-05-27 01:48:47.462 10 ERROR ovsdbapp.backend.ovs_idl.command 
2026-05-27 01:48:47.463 10 ERROR neutron_lib.callbacks.manager [None req-5006f406-32d8-4e80-8a69-d5329697861e 9b79efb632104899a29982ab5c7db7f5 1c23899b06fb4ba49e519f066ce75c14 - - default default] Error during notification for neutron.services.ovn_l3.plugin.OVNL3RouterPlugin._port_update-8783636906735 port, after_update: ovsdbapp.backend.ovs_idl.idlutils.RowNotFound: Cannot find Logical_Router_Port with name=lrp-ce390543-bf99-4861-887f-bfb72bc181a6
2026-05-27 01:48:47.463 10 ERROR neutron_lib.callbacks.manager
Traceback (most recent call last):
2026-05-27 01:48:47.463 10 ERROR neutron_lib.callbacks.manager
File "/var/lib/openstack/lib/python3.10/site-packages/neutron_lib/callbacks/manager.py", line 189, in _notify_loop
2026-05-27 01:48:47.463 10 ERROR neutron_lib.callbacks.manager callback.method(resource, event, trigger, payload=payload)
2026-05-27 01:48:47.463 10 ERROR neutron_lib.callbacks.manager
File "/var/lib/openstack/lib/python3.10/site-packages/neutron/services/ovn_l3/plugin.py", line 391, in _port_update
2026-05-27 01:48:47.463 10 ERROR neutron_lib.callbacks.manager l3plugin._ovn_client.update_router_port(context,
2026-05-27 01:48:47.463 10 ERROR neutron_lib.callbacks.manager
File "/var/lib/openstack/lib/python3.10/site-packages/neutron/plugins/ml2/drivers/ovn/mech_driver/ovsdb/ovn_client.py", line 1878, in update_router_port
2026-05-27 01:48:47.463 10 ERROR neutron_lib.callbacks.manager self._update_lrouter_port(context, port, if_exists=if_exists,
2026-05-27 01:48:47.463 10 ERROR neutron_lib.callbacks.manager
File "/var/lib/openstack/lib/python3.10/site-packages/neutron/plugins/ml2/drivers/ovn/mech_driver/ovsdb/ovn_client.py", line 1855, in _update_lrouter_port
2026-05-27 01:48:47.463 10 ERROR neutron_lib.callbacks.manager external_ids = self._nb_idl.db_get(
2026-05-27 01:48:47.463 10 ERROR neutron_lib.callbacks.manager
File "/var/lib/openstack/lib/python3.10/site-packages/ovsdbapp/backend/ovs_idl/command.py", line 47, in execute
2026-05-27 01:48:47.463 10 ERROR neutron_lib.callbacks.manager self.run_idl(None)
2026-05-27 01:48:47.463 10 ERROR neutron_lib.callbacks.manager
File "/var/lib/openstack/lib/python3.10/site-packages/ovsdbapp/backend/ovs_idl/command.py", line 235, in run_idl
2026-05-27 01:48:47.463 10 ERROR neutron_lib.callbacks.manager record = self.api.lookup(self.table, self.record)
2026-05-27 01:48:47.463 10 ERROR neutron_lib.callbacks.manager
File "/var/lib/openstack/lib/python3.10/site-packages/ovsdbapp/backend/ovs_idl/__init__.py", line 184, in lookup
2026-05-27 01:48:47.463 10 ERROR neutron_lib.callbacks.manager return self._lookup(table, record)
2026-05-27 01:48:47.463 10 ERROR neutron_lib.callbacks.manager
File "/var/lib/openstack/lib/python3.10/site-packages/ovsdbapp/backend/ovs_idl/__init__.py", line 235, in _lookup
2026-05-27 01:48:47.463 10 ERROR neutron_lib.callbacks.manager row = idlutils.row_by_value(self, rl.table, rl.column, record)
2026-05-27 01:48:47.463 10 ERROR neutron_lib.callbacks.manager
File "/var/lib/openstack/lib/python3.10/site-packages/ovsdbapp/backend/ovs_idl/idlutils.py", line 114, in row_by_value
2026-05-27 01:48:47.463 10 ERROR neutron_lib.callbacks.manager raise RowNotFound(table=table, col=column, match=match)
2026-05-27 01:48:47.463 10 ERROR neutron_lib.callbacks.manager ovsdbapp.backend.ovs_idl.idlutils.RowNotFound: Cannot find Logical_Router_Port with name=lrp-ce390543-bf99-4861-887f-bfb72bc181a6
2026-05-27 01:48:47.463 10 ERROR neutron_lib.callbacks.manager 
2026-05-27 01:48:47.521 9 INFO neutron.db.ovn_revision_numbers_db [None req-2f4e94ba-504e-4c8f-8092-9062a84a9174 - - - - - -] Successfully bumped revision number for resource e377385c-5916-491e-8a00-ce5d65b95af0 (type: router_ports) to 4
2026-05-27 01:48:47.574 9 INFO neutron.db.ovn_revision_numbers_db [None req-7332e26f-726c-4641-8eec-3c59f147e9ca - - - - - -] Successfully bumped revision number for resource c222d0bb-3cbf-4f65-95fb-82862fb9038d (type: ports) to 2
2026-05-27 01:48:47.576 10 INFO neutron.db.ovn_revision_numbers_db [None req-74b1b03b-00a4-4ac9-bc2c-405149643439 9b79efb632104899a29982ab5c7db7f5 1c23899b06fb4ba49e519f066ce75c14 - - default default] Successfully bumped revision number for resource e8983090-2954-4fbf-99e1-149db35986d2 (type: subnets) to 0
