2026-05-27 01:49:41.914 9 INFO neutron.db.ovn_revision_numbers_db [None req-1dc4a56e-e3bb-4407-8d0a-6e22b734b656 9b79efb632104899a29982ab5c7db7f5 1c23899b06fb4ba49e519f066ce75c14 - - default default] Successfully bumped revision number for resource a1229160-b7a5-4059-bad8-5ebccba20cb3 (type: security_groups) to 1
2026-05-27 01:49:41.949 9 INFO neutron.db.ovn_revision_numbers_db [None req-1dc4a56e-e3bb-4407-8d0a-6e22b734b656 9b79efb632104899a29982ab5c7db7f5 1c23899b06fb4ba49e519f066ce75c14 - - default default] Successfully bumped revision number for resource 1ec6e482-af7d-472a-83be-b9bc7b04b858 (type: security_group_rules) to 0
2026-05-27 01:49:41.970 9 INFO neutron.db.ovn_revision_numbers_db [None req-1dc4a56e-e3bb-4407-8d0a-6e22b734b656 9b79efb632104899a29982ab5c7db7f5 1c23899b06fb4ba49e519f066ce75c14 - - default default] Successfully bumped revision number for resource 78892f9a-365c-42eb-adfb-58de9c9b8a1e (type: security_group_rules) to 0
2026-05-27 01:49:42.003 9 INFO neutron.db.ovn_revision_numbers_db [None req-1dc4a56e-e3bb-4407-8d0a-6e22b734b656 9b79efb632104899a29982ab5c7db7f5 1c23899b06fb4ba49e519f066ce75c14 - - default default] Successfully bumped revision number for resource 7cf6c421-12ea-424f-8ba4-7e7c31f79c3d (type: security_group_rules) to 0
2026-05-27 01:49:42.044 9 INFO neutron.db.ovn_revision_numbers_db [None req-1dc4a56e-e3bb-4407-8d0a-6e22b734b656 9b79efb632104899a29982ab5c7db7f5 1c23899b06fb4ba49e519f066ce75c14 - - default default] Successfully bumped revision number for resource dfab19b1-6023-4455-b007-1a9dee7c1be4 (type: security_group_rules) to 0
2026-05-27 01:49:42.097 9 INFO neutron.db.segments_db [None req-1dc4a56e-e3bb-4407-8d0a-6e22b734b656 9b79efb632104899a29982ab5c7db7f5 1c23899b06fb4ba49e519f066ce75c14 - - default default] Added segment a612d792-3b57-47db-96f4-1eb5d5857bfb of type geneve for network 67e5b789-6d45-457b-b259-764fd07c8021
2026-05-27 01:49:42.304 9 INFO neutron.db.ovn_revision_numbers_db [None req-1dc4a56e-e3bb-4407-8d0a-6e22b734b656 9b79efb632104899a29982ab5c7db7f5 1c23899b06fb4ba49e519f066ce75c14 - - default default] Successfully bumped revision number for resource 67e5b789-6d45-457b-b259-764fd07c8021 (type: networks) to 1
2026-05-27 01:49:42.358 10 WARNING keystonemiddleware.audit [None req-2fe1928b-540d-4065-aa5f-91a1db54dd07 - - - - - -] Skipping service tempest-service-482603772 as it have no endpoints.
2026-05-27 01:49:42.436 9 INFO neutron.wsgi [None req-f12d8e82-8efe-40ae-828c-c4d74130f92d faac76673db1460185b5a9f154bb8bf1 6d2e25f7956540379b559ac7158bb985 - - default default] 10.0.0.76 "PUT /v2.0/routers/b4ae071f-57d1-4ec2-a6cf-d41385353e16/remove_router_interface HTTP/1.1" status: 200 len: 503 time: 1.5778346
2026-05-27 01:49:42.553 10 INFO neutron.db.ovn_revision_numbers_db [None req-03ebe2e6-6606-4cf0-9a3c-b69d49c195a6 9b79efb632104899a29982ab5c7db7f5 1c23899b06fb4ba49e519f066ce75c14 - - default default] Successfully bumped revision number for resource d2b35d2e-74f6-4aef-a99b-e564f2fde155 (type: security_groups) to 1
2026-05-27 01:49:42.553 9 WARNING neutron.scheduler.dhcp_agent_scheduler [None req-1dc4a56e-e3bb-4407-8d0a-6e22b734b656 9b79efb632104899a29982ab5c7db7f5 1c23899b06fb4ba49e519f066ce75c14 - - default default] No more DHCP agents
2026-05-27 01:49:42.555 9 WARNING neutron.api.rpc.agentnotifiers.dhcp_rpc_agent_api [None req-1dc4a56e-e3bb-4407-8d0a-6e22b734b656 9b79efb632104899a29982ab5c7db7f5 1c23899b06fb4ba49e519f066ce75c14 - - default default] Unable to schedule network 67e5b789-6d45-457b-b259-764fd07c8021: no agents available; will retry on subsequent port and subnet creation events.
2026-05-27 01:49:42.584 10 INFO neutron.db.ovn_revision_numbers_db [None req-03ebe2e6-6606-4cf0-9a3c-b69d49c195a6 9b79efb632104899a29982ab5c7db7f5 1c23899b06fb4ba49e519f066ce75c14 - - default default] Successfully bumped revision number for resource 03eab381-7c21-4df8-a881-019d9d233d92 (type: security_group_rules) to 0
2026-05-27 01:49:42.627 10 INFO neutron.db.ovn_revision_numbers_db [None req-03ebe2e6-6606-4cf0-9a3c-b69d49c195a6 9b79efb632104899a29982ab5c7db7f5 1c23899b06fb4ba49e519f066ce75c14 - - default default] Successfully bumped revision number for resource 4326ce37-bf82-4e52-a896-bc2c08d5aa8f (type: security_group_rules) to 0
2026-05-27 01:49:42.643 9 INFO neutron.db.ovn_revision_numbers_db [None req-1dc4a56e-e3bb-4407-8d0a-6e22b734b656 9b79efb632104899a29982ab5c7db7f5 1c23899b06fb4ba49e519f066ce75c14 - - default default] Successfully bumped revision number for resource 13497ef5-0f73-49bd-b55e-b627516ebf1b (type: ports) to 1
2026-05-27 01:49:42.655 10 INFO neutron.db.ovn_revision_numbers_db [None req-03ebe2e6-6606-4cf0-9a3c-b69d49c195a6 9b79efb632104899a29982ab5c7db7f5 1c23899b06fb4ba49e519f066ce75c14 - - default default] Successfully bumped revision number for resource 4f5babf2-0b85-4ac5-bb9c-c53a697ca6ab (type: security_group_rules) to 0
2026-05-27 01:49:42.667 9 INFO neutron.wsgi [None req-1dc4a56e-e3bb-4407-8d0a-6e22b734b656 9b79efb632104899a29982ab5c7db7f5 1c23899b06fb4ba49e519f066ce75c14 - - default default] 10.0.0.76 "POST /v2.0/networks HTTP/1.1" status: 201 len: 944 time: 1.2823541
2026-05-27 01:49:42.670 10 INFO neutron.db.ovn_revision_numbers_db [None req-03ebe2e6-6606-4cf0-9a3c-b69d49c195a6 9b79efb632104899a29982ab5c7db7f5 1c23899b06fb4ba49e519f066ce75c14 - - default default] Successfully bumped revision number for resource c9105c28-0da8-4e9c-aadc-8912a0c5d540 (type: security_group_rules) to 0
2026-05-27 01:49:42.675 9 WARNING keystonemiddleware.audit [None req-08d650d7-31db-4a5e-98ce-1869debae340 - - - - - -] Skipping service tempest-service-1569345674 as it have no endpoints. /var/lib/openstack/lib/python3.10/site-packages/pycadf/identifier.py:71: UserWarning: Invalid uuid: neutron. To ensure interoperability, identifiers should be a valid uuid. warnings.warn(('Invalid uuid: %s. To ensure interoperability, '
2026-05-27 01:49:42.709 10 INFO neutron.wsgi [None req-03ebe2e6-6606-4cf0-9a3c-b69d49c195a6 9b79efb632104899a29982ab5c7db7f5 1c23899b06fb4ba49e519f066ce75c14 - - default default] 10.0.0.76 "GET /v2.0/security-groups?tenant_id=c8d6b0fa584c42b4a19325d8826e4dc6&name=default HTTP/1.1" status: 200 len: 3120 time: 0.5185416
2026-05-27 01:49:42.719 9 WARNING keystonemiddleware.audit [None req-b5875d2e-b08a-48ba-82c8-808f472211e2 - - - - - -] Skipping service tempest-service-482603772 as it have no endpoints.
2026-05-27 01:49:42.847 9 WARNING neutron.scheduler.dhcp_agent_scheduler [None req-98519ee8-65fa-4aef-a31b-f7d1c1eda1ce 9b79efb632104899a29982ab5c7db7f5 1c23899b06fb4ba49e519f066ce75c14 - - default default] No more DHCP agents
2026-05-27 01:49:42.851 9 WARNING neutron.api.rpc.agentnotifiers.dhcp_rpc_agent_api [None req-98519ee8-65fa-4aef-a31b-f7d1c1eda1ce 9b79efb632104899a29982ab5c7db7f5 1c23899b06fb4ba49e519f066ce75c14 - - default default] Unable to schedule network 67e5b789-6d45-457b-b259-764fd07c8021: no agents available; will retry on subsequent port and subnet creation events.
2026-05-27 01:49:43.001 9 INFO neutron.wsgi [None req-9008f38a-f28e-498b-b9a3-a6a49de1683d 9b79efb632104899a29982ab5c7db7f5 1c23899b06fb4ba49e519f066ce75c14 - - default default] 10.0.0.76 "DELETE /v2.0/security-groups/d2b35d2e-74f6-4aef-a99b-e564f2fde155 HTTP/1.1" status: 204 len: 168 time: 0.2836463
2026-05-27 01:49:43.187 9 WARNING keystonemiddleware.audit [None req-4437dbd7-e2a3-4fe6-8632-41460230aada - - - - - -] Skipping service tempest-service-482603772 as it have no endpoints.
2026-05-27 01:49:43.333 10 INFO neutron.wsgi [None req-74c9b2be-2f18-46a3-a35f-c787b0225dd1 faac76673db1460185b5a9f154bb8bf1 6d2e25f7956540379b559ac7158bb985 - - default default] 10.0.0.76 "DELETE /v2.0/routers/b4ae071f-57d1-4ec2-a6cf-d41385353e16 HTTP/1.1" status: 204 len: 168 time: 0.8899539
2026-05-27 01:49:43.355 9 INFO neutron.db.ovn_revision_numbers_db [None req-767816bc-2e42-4847-8959-946392f67b31 9b79efb632104899a29982ab5c7db7f5 1c23899b06fb4ba49e519f066ce75c14 - - default default] Successfully bumped revision number for resource 0490da41-75ec-4d6a-8290-85c89ad17eae (type: security_groups) to 1
2026-05-27 01:49:43.383 9 INFO neutron.db.ovn_revision_numbers_db [None req-767816bc-2e42-4847-8959-946392f67b31 9b79efb632104899a29982ab5c7db7f5 1c23899b06fb4ba49e519f066ce75c14 - - default default] Successfully bumped revision number for resource 03ec2fc7-c604-44d6-b9d9-77f43c29c6c7 (type: security_group_rules) to 0
2026-05-27 01:49:43.397 9 INFO neutron.db.ovn_revision_numbers_db [None req-98519ee8-65fa-4aef-a31b-f7d1c1eda1ce 9b79efb632104899a29982ab5c7db7f5 1c23899b06fb4ba49e519f066ce75c14 - - default default] Successfully bumped revision number for resource 13497ef5-0f73-49bd-b55e-b627516ebf1b (type: ports) to 2
2026-05-27 01:49:43.399 9 INFO neutron.db.ovn_revision_numbers_db [None req-767816bc-2e42-4847-8959-946392f67b31 9b79efb632104899a29982ab5c7db7f5 1c23899b06fb4ba49e519f066ce75c14 - - default default] Successfully bumped revision number for resource 17aff638-4e52-4f76-92d7-4a0bccaa3056 (type: security_group_rules) to 0
2026-05-27 01:49:43.418 9 INFO neutron.db.ovn_revision_numbers_db [None req-767816bc-2e42-4847-8959-946392f67b31 9b79efb632104899a29982ab5c7db7f5 1c23899b06fb4ba49e519f066ce75c14 - - default default] Successfully bumped revision number for resource 7d114ea3-386a-4255-ae45-b5e2274e913c (type: security_group_rules) to 0
2026-05-27 01:49:43.431 9 INFO neutron.db.ovn_revision_numbers_db [None req-98519ee8-65fa-4aef-a31b-f7d1c1eda1ce 9b79efb632104899a29982ab5c7db7f5 1c23899b06fb4ba49e519f066ce75c14 - - default default] Successfully bumped revision number for resource 1ba9d0c9-a72a-4939-89fd-283d6223921e (type: subnets) to 0
2026-05-27 01:49:43.434 9 INFO neutron.db.ovn_revision_numbers_db [None req-767816bc-2e42-4847-8959-946392f67b31 9b79efb632104899a29982ab5c7db7f5 1c23899b06fb4ba49e519f066ce75c14 - - default default] Successfully bumped revision number for resource af17ccc1-59e7-428b-8a85-bf28753a2cad (type: security_group_rules) to 0
2026-05-27 01:49:43.455 9 INFO neutron.wsgi [None req-98519ee8-65fa-4aef-a31b-f7d1c1eda1ce 9b79efb632104899a29982ab5c7db7f5 1c23899b06fb4ba49e519f066ce75c14 - - default default] 10.0.0.76 "POST /v2.0/subnets HTTP/1.1" status: 201 len: 865 time: 0.7826569
2026-05-27 01:49:43.461 9 INFO neutron.wsgi [None req-767816bc-2e42-4847-8959-946392f67b31 9b79efb632104899a29982ab5c7db7f5 1c23899b06fb4ba49e519f066ce75c14 - - default default] 10.0.0.76 "GET /v2.0/security-groups?tenant_id=f5522daf9e644e3ab093d5850eca3321&name=default HTTP/1.1" status: 200 len: 3120 time: 0.2785966
2026-05-27 01:49:43.465 10 WARNING keystonemiddleware.audit [None req-3962d656-1228-430b-b089-da7c53822419 - - - - - -] Skipping service tempest-service-1569345674 as it have no endpoints.
2026-05-27 01:49:43.468 9 WARNING keystonemiddleware.audit [None req-0a8b0ee3-b6f7-44f5-88aa-38d7f59480cc - - - - - -] Skipping service tempest-service-482603772 as it have no endpoints.
2026-05-27 01:49:43.576 10 INFO neutron.wsgi [None req-7cf42fed-3b27-4151-9f97-2ba16b818efe faac76673db1460185b5a9f154bb8bf1 6d2e25f7956540379b559ac7158bb985 - - default default] 10.0.0.76 "DELETE /v2.0/subnets/fcd3109d-4601-4939-9c0b-dc3c57f9ba9f HTTP/1.1" status: 204 len: 168 time: 0.2365460
2026-05-27 01:49:43.710 9 INFO neutron.wsgi [None req-62423b4f-2a37-4c4d-9748-870a27060f1f 9b79efb632104899a29982ab5c7db7f5 1c23899b06fb4ba49e519f066ce75c14 - - default default] 10.0.0.76 "DELETE /v2.0/security-groups/0490da41-75ec-4d6a-8290-85c89ad17eae HTTP/1.1" status: 204 len: 168 time: 0.2437494
2026-05-27 01:49:43.837 10 INFO neutron.db.ovn_revision_numbers_db [None req-0d30dad1-dcdc-4baf-87c2-274384c5ef8b 9b79efb632104899a29982ab5c7db7f5 1c23899b06fb4ba49e519f066ce75c14 - - default default] Successfully bumped revision number for resource 998b2cd7-0e46-460e-a329-ea950cb74727 (type: security_groups) to 1
2026-05-27 01:49:43.884 10 INFO neutron.db.ovn_revision_numbers_db [None req-0d30dad1-dcdc-4baf-87c2-274384c5ef8b 9b79efb632104899a29982ab5c7db7f5 1c23899b06fb4ba49e519f066ce75c14 - - default default] Successfully bumped revision number for resource 253b33ef-f634-46b3-868b-b1cdf8ecc42c (type: security_group_rules) to 0
2026-05-27 01:49:43.904 10 INFO neutron.db.ovn_revision_numbers_db [None req-0d30dad1-dcdc-4baf-87c2-274384c5ef8b 9b79efb632104899a29982ab5c7db7f5 1c23899b06fb4ba49e519f066ce75c14 - - default default] Successfully bumped revision number for resource 50e29d0e-1ccb-4a7a-9e31-104f659c277c (type: security_group_rules) to 0
2026-05-27 01:49:43.922 10 INFO neutron.db.ovn_revision_numbers_db [None req-0d30dad1-dcdc-4baf-87c2-274384c5ef8b 9b79efb632104899a29982ab5c7db7f5 1c23899b06fb4ba49e519f066ce75c14 - - default default] Successfully bumped revision number for resource 68f86a60-3ab2-4c7c-a744-184ec87c9d96 (type: security_group_rules) to 0
2026-05-27 01:49:43.948 10 INFO neutron.db.ovn_revision_numbers_db [None req-0d30dad1-dcdc-4baf-87c2-274384c5ef8b 9b79efb632104899a29982ab5c7db7f5 1c23899b06fb4ba49e519f066ce75c14 - - default default] Successfully bumped revision number for resource d7b53174-d5e6-4b86-bce2-e9c1403c800e (type: security_group_rules) to 0
2026-05-27 01:49:43.977 10 INFO neutron.wsgi [None req-0d30dad1-dcdc-4baf-87c2-274384c5ef8b 9b79efb632104899a29982ab5c7db7f5 1c23899b06fb4ba49e519f066ce75c14 - - default default] 10.0.0.76 "GET /v2.0/security-groups?tenant_id=8f277276e2314b35b8164f3ea0609c8e&name=default HTTP/1.1" status: 200 len: 3120 time: 0.5700412
2026-05-27 01:49:43.988 9 INFO neutron.services.segments.plugin [-] Segment f9297173-08a3-4a23-8cb7-9cdff22b7e3c resource provider aggregate not found
2026-05-27 01:49:43.998 9 INFO neutron.services.segments.plugin [-] Segment f9297173-08a3-4a23-8cb7-9cdff22b7e3c resource provider aggregate not found
2026-05-27 01:49:44.014 9 INFO neutron.services.segments.plugin [-] Segment f9297173-08a3-4a23-8cb7-9cdff22b7e3c resource provider not found; error: Placement Client Error (4xx): {"errors": [{"status": 404, "title": "Not Found", "detail": "The resource could not be found.\n\n No resource provider with uuid f9297173-08a3-4a23-8cb7-9cdff22b7e3c found for delete ", "request_id": "req-8ceaa7d3-074c-45cb-979f-2574bdee7a1d"}]}
2026-05-27 01:49:44.018 9 INFO neutron.services.segments.plugin [-] Segment f9297173-08a3-4a23-8cb7-9cdff22b7e3c resource provider not found; error: Placement Client Error (4xx): {"errors": [{"status": 404, "title": "Not Found", "detail": "The resource could not be found.\n\n No resource provider with uuid f9297173-08a3-4a23-8cb7-9cdff22b7e3c found for delete ", "request_id": "req-e9a20a08-d175-41dd-a703-65ebe009564c"}]}
2026-05-27 01:49:44.041 9 INFO neutron.wsgi [None req-6b1736e7-29bc-46ac-8bef-00b6aada72da faac76673db1460185b5a9f154bb8bf1 6d2e25f7956540379b559ac7158bb985 - - default default] 10.0.0.76 "DELETE /v2.0/networks/78d09d81-9ee5-4732-950a-6a2d99f730aa HTTP/1.1" status: 204 len: 168 time: 0.4603903
2026-05-27 01:49:44.092 10 WARNING neutron.scheduler.dhcp_agent_scheduler [None req-822c1fce-134e-4719-9c10-156903290688 9b79efb632104899a29982ab5c7db7f5 1c23899b06fb4ba49e519f066ce75c14 - - default default] No more DHCP agents
2026-05-27 01:49:44.093 10 WARNING neutron.api.rpc.agentnotifiers.dhcp_rpc_agent_api [None req-822c1fce-134e-4719-9c10-156903290688 9b79efb632104899a29982ab5c7db7f5 1c23899b06fb4ba49e519f066ce75c14 - - default default] Unable to schedule network 8c9f9782-a40c-4944-bf8b-e87dac191b04: no agents available; will retry on subsequent port and subnet creation events.
2026-05-27 01:49:44.243 9 INFO neutron.wsgi [None req-62d42a00-d112-494a-8642-cd80c65ea646 9b79efb632104899a29982ab5c7db7f5 1c23899b06fb4ba49e519f066ce75c14 - - default default] 10.0.0.76 "DELETE /v2.0/security-groups/998b2cd7-0e46-460e-a329-ea950cb74727 HTTP/1.1" status: 204 len: 168 time: 0.2588193
2026-05-27 01:49:44.265 10 INFO neutron.db.ovn_revision_numbers_db [None req-822c1fce-134e-4719-9c10-156903290688 9b79efb632104899a29982ab5c7db7f5 1c23899b06fb4ba49e519f066ce75c14 - - default default] Successfully bumped revision number for resource ad0604a9-5f56-4a15-bf9d-9a21c230228c (type: ports) to 1
2026-05-27 01:49:44.589 9 INFO neutron.db.ovn_revision_numbers_db [None req-be3d700e-979c-4ee4-8ec4-7c5f25bd464f 9b79efb632104899a29982ab5c7db7f5 1c23899b06fb4ba49e519f066ce75c14 - - default default] Successfully bumped revision number for resource 87b5450f-ad5e-4c60-9b02-a56f6627da9f (type: security_groups) to 1
2026-05-27 01:49:44.604 9 INFO neutron.db.ovn_revision_numbers_db [None req-be3d700e-979c-4ee4-8ec4-7c5f25bd464f 9b79efb632104899a29982ab5c7db7f5 1c23899b06fb4ba49e519f066ce75c14 - - default default] Successfully bumped revision number for resource 6e3c34a8-2943-433b-908c-2fbcccd93b78 (type: security_group_rules) to 0
2026-05-27 01:49:44.623 9 INFO neutron.db.ovn_revision_numbers_db [None req-be3d700e-979c-4ee4-8ec4-7c5f25bd464f 9b79efb632104899a29982ab5c7db7f5 1c23899b06fb4ba49e519f066ce75c14 - - default default] Successfully bumped revision number for resource 7dfb3c9e-a8b2-4563-b2e2-478b47fceb4f (type: security_group_rules) to 0
2026-05-27 01:49:44.641 9 INFO neutron.db.ovn_revision_numbers_db [None req-be3d700e-979c-4ee4-8ec4-7c5f25bd464f 9b79efb632104899a29982ab5c7db7f5 1c23899b06fb4ba49e519f066ce75c14 - - default default] Successfully bumped revision number for resource 90b8c1ee-b8ef-4d64-8fe9-efe5600fb07a (type: security_group_rules) to 0
2026-05-27 01:49:44.660 9 INFO neutron.db.ovn_revision_numbers_db [None req-be3d700e-979c-4ee4-8ec4-7c5f25bd464f 9b79efb632104899a29982ab5c7db7f5 1c23899b06fb4ba49e519f066ce75c14 - - default default] Successfully bumped revision number for resource ade0604b-83e1-4f10-9607-a3ded0046946 (type: security_group_rules) to 0
2026-05-27 01:49:44.689 9 INFO neutron.wsgi [None req-be3d700e-979c-4ee4-8ec4-7c5f25bd464f 9b79efb632104899a29982ab5c7db7f5 1c23899b06fb4ba49e519f066ce75c14 - - default default] 10.0.0.76 "GET /v2.0/security-groups?tenant_id=5f47fab33b13478eb875b817e3c97d5f&name=default HTTP/1.1" status: 200 len: 3120 time: 0.2487860
2026-05-27 01:49:44.855 9 INFO neutron.wsgi [None req-c8db3900-7333-4294-b38d-7cb5d49fdc50 9b79efb632104899a29982ab5c7db7f5 1c23899b06fb4ba49e519f066ce75c14 - - default default] 10.0.0.76 "GET /v2.0/security-groups?tenant_id=6d2e25f7956540379b559ac7158bb985&name=default HTTP/1.1" status: 200 len: 3120 time: 0.2874038
2026-05-27 01:49:44.986 9 INFO neutron.wsgi [None req-e1bcae7e-23e4-48ae-89b3-de544b0e54f5 9b79efb632104899a29982ab5c7db7f5 1c23899b06fb4ba49e519f066ce75c14 - - default default] 10.0.0.76 "DELETE /v2.0/security-groups/87b5450f-ad5e-4c60-9b02-a56f6627da9f HTTP/1.1" status: 204 len: 168 time: 0.2874408
2026-05-27 01:49:45.089 9 INFO neutron.wsgi [None req-6ee985ba-8976-4ee4-bb3f-9fe9ba327d38 9b79efb632104899a29982ab5c7db7f5 1c23899b06fb4ba49e519f066ce75c14 - - default default] 10.0.0.76 "DELETE /v2.0/security-groups/ab4b0faf-2cde-447f-8f04-504204c5dfa6 HTTP/1.1" status: 204 len: 168 time: 0.2099271
2026-05-27 01:49:45.265 10 INFO neutron.plugins.ml2.drivers.ovn.mech_driver.ovsdb.commands [None req-ff3b9efb-a196-41f2-aaa6-64cbe800711b - - - - - -] Schedule LRP lrp-ad0604a9-5f56-4a15-bf9d-9a21c230228c on gateway 511e0751-0370-4736-81aa-7c00f76d41aa with priority 1
2026-05-27 01:49:45.273 9 INFO neutron.plugins.ml2.drivers.ovn.mech_driver.mech_driver [None req-7332e26f-726c-4641-8eec-3c59f147e9ca - - - - - -] OVN reports status up for port: ad0604a9-5f56-4a15-bf9d-9a21c230228c
2026-05-27 01:49:45.287 9 INFO neutron.plugins.ml2.drivers.ovn.mech_driver.ovsdb.ovsdb_monitor [None req-2f4e94ba-504e-4c8f-8092-9062a84a9174 - - - - - -] Router b339cc5f-916e-49f6-86df-71f79ddb163e is bound to host instance
2026-05-27 01:49:45.294 9 INFO neutron.plugins.ml2.plugin [None req-7332e26f-726c-4641-8eec-3c59f147e9ca - - - - - -] Attempt 1 to provision port ad0604a9-5f56-4a15-bf9d-9a21c230228c
2026-05-27 01:49:45.323 10 INFO neutron.db.ovn_revision_numbers_db [None req-822c1fce-134e-4719-9c10-156903290688 9b79efb632104899a29982ab5c7db7f5 1c23899b06fb4ba49e519f066ce75c14 - - default default] Successfully bumped revision number for resource ad0604a9-5f56-4a15-bf9d-9a21c230228c (type: router_ports) to 1
2026-05-27 01:49:45.422 10 INFO neutron.db.ovn_revision_numbers_db [None req-822c1fce-134e-4719-9c10-156903290688 9b79efb632104899a29982ab5c7db7f5 1c23899b06fb4ba49e519f066ce75c14 - - default default] Successfully bumped revision number for resource b339cc5f-916e-49f6-86df-71f79ddb163e (type: routers) to 2
2026-05-27 01:49:45.440 10 INFO neutron.wsgi [None req-822c1fce-134e-4719-9c10-156903290688 9b79efb632104899a29982ab5c7db7f5 1c23899b06fb4ba49e519f066ce75c14 - - default default] 10.0.0.76 "POST /v2.0/routers HTTP/1.1" status: 201 len: 1167 time: 1.9785087
2026-05-27 01:49:45.448 10 WARNING keystonemiddleware.audit [None req-42efde84-b051-452a-9e1f-08c6d3e54a79 - - - - - -] Skipping service tempest-service-1569345674 as it have no endpoints.
2026-05-27 01:49:45.973 10 WARNING neutron.scheduler.dhcp_agent_scheduler [None req-5a081fb1-3b73-49cc-a08c-55b01e41e59c 9b79efb632104899a29982ab5c7db7f5 1c23899b06fb4ba49e519f066ce75c14 - - default default] No more DHCP agents
2026-05-27 01:49:45.975 10 WARNING neutron.api.rpc.agentnotifiers.dhcp_rpc_agent_api [None req-5a081fb1-3b73-49cc-a08c-55b01e41e59c 9b79efb632104899a29982ab5c7db7f5 1c23899b06fb4ba49e519f066ce75c14 - - default default] Unable to schedule network 67e5b789-6d45-457b-b259-764fd07c8021: no agents available; will retry on subsequent port and subnet creation events.
2026-05-27 01:49:46.146 10 INFO neutron.db.ovn_revision_numbers_db [None req-5a081fb1-3b73-49cc-a08c-55b01e41e59c 9b79efb632104899a29982ab5c7db7f5 1c23899b06fb4ba49e519f066ce75c14 - - default default] Successfully bumped revision number for resource 43c324f6-233a-480c-aa82-4caae02b88e2 (type: ports) to 1
2026-05-27 01:49:46.521 9 INFO neutron.db.ovn_revision_numbers_db [None req-2f4e94ba-504e-4c8f-8092-9062a84a9174 - - - - - -] Successfully bumped revision number for resource ad0604a9-5f56-4a15-bf9d-9a21c230228c (type: ports) to 1
2026-05-27 01:49:46.652 10 ERROR ovsdbapp.backend.ovs_idl.command [None req-5a081fb1-3b73-49cc-a08c-55b01e41e59c 9b79efb632104899a29982ab5c7db7f5 1c23899b06fb4ba49e519f066ce75c14 - - default default] Error executing command (DbGetCommand): ovsdbapp.backend.ovs_idl.idlutils.RowNotFound: Cannot find Logical_Router_Port with name=lrp-43c324f6-233a-480c-aa82-4caae02b88e2
2026-05-27 01:49:46.652 10 ERROR ovsdbapp.backend.ovs_idl.command
Traceback (most recent call last):
2026-05-27 01:49:46.652 10 ERROR ovsdbapp.backend.ovs_idl.command
File "/var/lib/openstack/lib/python3.10/site-packages/ovsdbapp/backend/ovs_idl/command.py", line 47, in execute
2026-05-27 01:49:46.652 10 ERROR ovsdbapp.backend.ovs_idl.command self.run_idl(None)
2026-05-27 01:49:46.652 10 ERROR ovsdbapp.backend.ovs_idl.command
File "/var/lib/openstack/lib/python3.10/site-packages/ovsdbapp/backend/ovs_idl/command.py", line 235, in run_idl
2026-05-27 01:49:46.652 10 ERROR ovsdbapp.backend.ovs_idl.command record = self.api.lookup(self.table, self.record)
2026-05-27 01:49:46.652 10 ERROR ovsdbapp.backend.ovs_idl.command
File "/var/lib/openstack/lib/python3.10/site-packages/ovsdbapp/backend/ovs_idl/__init__.py", line 184, in lookup
2026-05-27 01:49:46.652 10 ERROR ovsdbapp.backend.ovs_idl.command return self._lookup(table, record)
2026-05-27 01:49:46.652 10 ERROR ovsdbapp.backend.ovs_idl.command
File "/var/lib/openstack/lib/python3.10/site-packages/ovsdbapp/backend/ovs_idl/__init__.py", line 235, in _lookup
2026-05-27 01:49:46.652 10 ERROR ovsdbapp.backend.ovs_idl.command row = idlutils.row_by_value(self, rl.table, rl.column, record)
2026-05-27 01:49:46.652 10 ERROR ovsdbapp.backend.ovs_idl.command
File "/var/lib/openstack/lib/python3.10/site-packages/ovsdbapp/backend/ovs_idl/idlutils.py", line 114, in row_by_value
2026-05-27 01:49:46.652 10 ERROR ovsdbapp.backend.ovs_idl.command raise RowNotFound(table=table, col=column, match=match)
2026-05-27 01:49:46.652 10 ERROR ovsdbapp.backend.ovs_idl.command ovsdbapp.backend.ovs_idl.idlutils.RowNotFound: Cannot find Logical_Router_Port with name=lrp-43c324f6-233a-480c-aa82-4caae02b88e2
2026-05-27 01:49:46.652 10 ERROR ovsdbapp.backend.ovs_idl.command 
2026-05-27 01:49:46.652 10 ERROR neutron_lib.callbacks.manager [None req-5a081fb1-3b73-49cc-a08c-55b01e41e59c 9b79efb632104899a29982ab5c7db7f5 1c23899b06fb4ba49e519f066ce75c14 - - default default] Error during notification for neutron.services.ovn_l3.plugin.OVNL3RouterPlugin._port_update-8783636906735 port, after_update: ovsdbapp.backend.ovs_idl.idlutils.RowNotFound: Cannot find Logical_Router_Port with name=lrp-43c324f6-233a-480c-aa82-4caae02b88e2
2026-05-27 01:49:46.652 10 ERROR neutron_lib.callbacks.manager
Traceback (most recent call last):
2026-05-27 01:49:46.652 10 ERROR neutron_lib.callbacks.manager
File "/var/lib/openstack/lib/python3.10/site-packages/neutron_lib/callbacks/manager.py", line 189, in _notify_loop
2026-05-27 01:49:46.652 10 ERROR neutron_lib.callbacks.manager callback.method(resource, event, trigger, payload=payload)
2026-05-27 01:49:46.652 10 ERROR neutron_lib.callbacks.manager
File "/var/lib/openstack/lib/python3.10/site-packages/neutron/services/ovn_l3/plugin.py", line 391, in _port_update
2026-05-27 01:49:46.652 10 ERROR neutron_lib.callbacks.manager l3plugin._ovn_client.update_router_port(context,
2026-05-27 01:49:46.652 10 ERROR neutron_lib.callbacks.manager
File "/var/lib/openstack/lib/python3.10/site-packages/neutron/plugins/ml2/drivers/ovn/mech_driver/ovsdb/ovn_client.py", line 1878, in update_router_port
2026-05-27 01:49:46.652 10 ERROR neutron_lib.callbacks.manager self._update_lrouter_port(context, port, if_exists=if_exists,
2026-05-27 01:49:46.652 10 ERROR neutron_lib.callbacks.manager
File "/var/lib/openstack/lib/python3.10/site-packages/neutron/plugins/ml2/drivers/ovn/mech_driver/ovsdb/ovn_client.py", line 1855, in _update_lrouter_port
2026-05-27 01:49:46.652 10 ERROR neutron_lib.callbacks.manager external_ids = self._nb_idl.db_get(
2026-05-27 01:49:46.652 10 ERROR neutron_lib.callbacks.manager
File "/var/lib/openstack/lib/python3.10/site-packages/ovsdbapp/backend/ovs_idl/command.py", line 47, in execute
2026-05-27 01:49:46.652 10 ERROR neutron_lib.callbacks.manager self.run_idl(None)
2026-05-27 01:49:46.652 10 ERROR neutron_lib.callbacks.manager
File "/var/lib/openstack/lib/python3.10/site-packages/ovsdbapp/backend/ovs_idl/command.py", line 235, in run_idl
2026-05-27 01:49:46.652 10 ERROR neutron_lib.callbacks.manager record = self.api.lookup(self.table, self.record)
2026-05-27 01:49:46.652 10 ERROR neutron_lib.callbacks.manager
File "/var/lib/openstack/lib/python3.10/site-packages/ovsdbapp/backend/ovs_idl/__init__.py", line 184, in lookup
2026-05-27 01:49:46.652 10 ERROR neutron_lib.callbacks.manager return self._lookup(table, record)
2026-05-27 01:49:46.652 10 ERROR neutron_lib.callbacks.manager
File "/var/lib/openstack/lib/python3.10/site-packages/ovsdbapp/backend/ovs_idl/__init__.py", line 235, in _lookup
2026-05-27 01:49:46.652 10 ERROR neutron_lib.callbacks.manager row = idlutils.row_by_value(self, rl.table, rl.column, record)
2026-05-27 01:49:46.652 10 ERROR neutron_lib.callbacks.manager
File "/var/lib/openstack/lib/python3.10/site-packages/ovsdbapp/backend/ovs_idl/idlutils.py", line 114, in row_by_value
2026-05-27 01:49:46.652 10 ERROR neutron_lib.callbacks.manager raise RowNotFound(table=table, col=column, match=match)
2026-05-27 01:49:46.652 10 ERROR neutron_lib.callbacks.manager ovsdbapp.backend.ovs_idl.idlutils.RowNotFound: Cannot find Logical_Router_Port with name=lrp-43c324f6-233a-480c-aa82-4caae02b88e2
2026-05-27 01:49:46.652 10 ERROR neutron_lib.callbacks.manager 
2026-05-27 01:49:46.868 10 INFO neutron.db.ovn_revision_numbers_db [None req-5a081fb1-3b73-49cc-a08c-55b01e41e59c 9b79efb632104899a29982ab5c7db7f5 1c23899b06fb4ba49e519f066ce75c14 - - default default] Successfully bumped revision number for resource 43c324f6-233a-480c-aa82-4caae02b88e2 (type: ports) to 1
2026-05-27 01:49:46.905 9 INFO neutron.db.ovn_revision_numbers_db [None req-2f4e94ba-504e-4c8f-8092-9062a84a9174 - - - - - -] Successfully bumped revision number for resource ad0604a9-5f56-4a15-bf9d-9a21c230228c (type: router_ports) to 3
2026-05-27 01:49:46.929 10 WARNING neutron.scheduler.dhcp_agent_scheduler [None req-5a081fb1-3b73-49cc-a08c-55b01e41e59c 9b79efb632104899a29982ab5c7db7f5 1c23899b06fb4ba49e519f066ce75c14 - - default default] No more DHCP agents
2026-05-27 01:49:46.930 10 WARNING neutron.api.rpc.agentnotifiers.dhcp_rpc_agent_api [None req-5a081fb1-3b73-49cc-a08c-55b01e41e59c 9b79efb632104899a29982ab5c7db7f5 1c23899b06fb4ba49e519f066ce75c14 - - default default] Unable to schedule network 67e5b789-6d45-457b-b259-764fd07c8021: no agents available; will retry on subsequent port and subnet creation events.
2026-05-27 01:49:47.000 10 WARNING neutron_lib.context [None req-cf434f78-31df-4b25-b33e-7c8c6102cd3c c4207fa2509a46cab253025485c0edc3 4c6c81210bc4419d8e377f90df1a6e61 - - default default] Method 'is_advsvc' is deprecated since 2023.2 release (neutron-lib 3.8.0) and will be removed once support for the old RBAC API policies will be removed from Neutron. Please use method 'is_service_role' instead.
2026-05-27 01:49:47.000 10 WARNING neutron_lib.context [None req-cf434f78-31df-4b25-b33e-7c8c6102cd3c c4207fa2509a46cab253025485c0edc3 4c6c81210bc4419d8e377f90df1a6e61 - - default default] Method 'is_advsvc' is deprecated since 2023.2 release (neutron-lib 3.8.0) and will be removed once support for the old RBAC API policies will be removed from Neutron. Please use method 'is_service_role' instead.
2026-05-27 01:49:47.121 9 INFO neutron.db.ovn_revision_numbers_db [None req-2f4e94ba-504e-4c8f-8092-9062a84a9174 - - - - - -] Successfully bumped revision number for resource ad0604a9-5f56-4a15-bf9d-9a21c230228c (type: ports) to 2
2026-05-27 01:49:47.205 10 INFO neutron.db.ovn_revision_numbers_db [None req-cf434f78-31df-4b25-b33e-7c8c6102cd3c c4207fa2509a46cab253025485c0edc3 4c6c81210bc4419d8e377f90df1a6e61 - - default default] Successfully bumped revision number for resource 94c46ddb-25f2-4ed1-9abd-49f5213266a2 (type: security_groups) to 1
2026-05-27 01:49:47.220 10 INFO neutron.db.ovn_revision_numbers_db [None req-cf434f78-31df-4b25-b33e-7c8c6102cd3c c4207fa2509a46cab253025485c0edc3 4c6c81210bc4419d8e377f90df1a6e61 - - default default] Successfully bumped revision number for resource 245cdd1d-acd9-4dc5-8b01-a3fe08477ea8 (type: security_group_rules) to 0
2026-05-27 01:49:47.236 10 INFO neutron.db.ovn_revision_numbers_db [None req-cf434f78-31df-4b25-b33e-7c8c6102cd3c c4207fa2509a46cab253025485c0edc3 4c6c81210bc4419d8e377f90df1a6e61 - - default default] Successfully bumped revision number for resource 5ee67a0d-c51d-473a-8791-cf501ef1c5bf (type: security_group_rules) to 0
2026-05-27 01:49:47.256 10 INFO neutron.db.ovn_revision_numbers_db [None req-cf434f78-31df-4b25-b33e-7c8c6102cd3c c4207fa2509a46cab253025485c0edc3 4c6c81210bc4419d8e377f90df1a6e61 - - default default] Successfully bumped revision number for resource 97ee78ac-0f5f-4c72-a57e-dc7ab16644dc (type: security_group_rules) to 0
2026-05-27 01:49:47.275 10 INFO neutron.db.ovn_revision_numbers_db [None req-cf434f78-31df-4b25-b33e-7c8c6102cd3c c4207fa2509a46cab253025485c0edc3 4c6c81210bc4419d8e377f90df1a6e61 - - default default] Successfully bumped revision number for resource c1de9f31-8aef-4232-98a2-67288819dfa6 (type: security_group_rules) to 0
2026-05-27 01:49:47.394 10 INFO neutron.db.segments_db [None req-cf434f78-31df-4b25-b33e-7c8c6102cd3c c4207fa2509a46cab253025485c0edc3 4c6c81210bc4419d8e377f90df1a6e61 - - default default] Added segment 82476f37-c24f-4885-9950-619287b6611b of type geneve for network e0406e07-4a59-42db-9aa9-7920334d2cbf
2026-05-27 01:49:47.541 9 INFO neutron.db.ovn_revision_numbers_db [None req-2f4e94ba-504e-4c8f-8092-9062a84a9174 - - - - - -] Successfully bumped revision number for resource ad0604a9-5f56-4a15-bf9d-9a21c230228c (type: ports) to 4
2026-05-27 01:49:47.669 10 INFO neutron.db.ovn_revision_numbers_db [None req-5a081fb1-3b73-49cc-a08c-55b01e41e59c 9b79efb632104899a29982ab5c7db7f5 1c23899b06fb4ba49e519f066ce75c14 - - default default] Successfully bumped revision number for resource 43c324f6-233a-480c-aa82-4caae02b88e2 (type: router_ports) to 1
2026-05-27 01:49:47.678 10 INFO neutron.wsgi [None req-5a081fb1-3b73-49cc-a08c-55b01e41e59c 9b79efb632104899a29982ab5c7db7f5 1c23899b06fb4ba49e519f066ce75c14 - - default default] 10.0.0.76 "PUT /v2.0/routers/b339cc5f-916e-49f6-86df-71f79ddb163e/add_router_interface HTTP/1.1" status: 200 len: 503 time: 2.2325659
2026-05-27 01:49:47.779 10 INFO neutron.db.segments_db [None req-cf434f78-31df-4b25-b33e-7c8c6102cd3c c4207fa2509a46cab253025485c0edc3 4c6c81210bc4419d8e377f90df1a6e61 - - default default] Added segment 85afea7d-7e0f-4b91-84df-44123945c850 of type geneve for network 40f060c9-257d-4713-9f1d-2c121ca6da38
2026-05-27 01:49:47.877 9 INFO neutron.db.ovn_revision_numbers_db [None req-2f4e94ba-504e-4c8f-8092-9062a84a9174 - - - - - -] Successfully bumped revision number for resource ad0604a9-5f56-4a15-bf9d-9a21c230228c (type: router_ports) to 4
2026-05-27 01:49:47.946 10 INFO neutron.db.ovn_revision_numbers_db [None req-cf434f78-31df-4b25-b33e-7c8c6102cd3c c4207fa2509a46cab253025485c0edc3 4c6c81210bc4419d8e377f90df1a6e61 - - default default] Successfully bumped revision number for resource e0406e07-4a59-42db-9aa9-7920334d2cbf (type: networks) to 1
2026-05-27 01:49:48.145 10 WARNING neutron.scheduler.dhcp_agent_scheduler [None req-cf434f78-31df-4b25-b33e-7c8c6102cd3c c4207fa2509a46cab253025485c0edc3 4c6c81210bc4419d8e377f90df1a6e61 - - default default] No more DHCP agents
2026-05-27 01:49:48.148 10 WARNING neutron.api.rpc.agentnotifiers.dhcp_rpc_agent_api [None req-cf434f78-31df-4b25-b33e-7c8c6102cd3c c4207fa2509a46cab253025485c0edc3 4c6c81210bc4419d8e377f90df1a6e61 - - default default] Unable to schedule network e0406e07-4a59-42db-9aa9-7920334d2cbf: no agents available; will retry on subsequent port and subnet creation events.
2026-05-27 01:49:48.230 10 INFO neutron.db.ovn_revision_numbers_db [None req-cf434f78-31df-4b25-b33e-7c8c6102cd3c c4207fa2509a46cab253025485c0edc3 4c6c81210bc4419d8e377f90df1a6e61 - - default default] Successfully bumped revision number for resource 9644f020-640d-4c57-80b1-7ab98cd7cc3c (type: ports) to 1
2026-05-27 01:49:48.302 10 INFO neutron.db.ovn_revision_numbers_db [None req-cf434f78-31df-4b25-b33e-7c8c6102cd3c c4207fa2509a46cab253025485c0edc3 4c6c81210bc4419d8e377f90df1a6e61 - - default default] Successfully bumped revision number for resource 40f060c9-257d-4713-9f1d-2c121ca6da38 (type: networks) to 1
2026-05-27 01:49:48.392 9 WARNING neutron_lib.context [None req-0c12dd01-25cc-481c-a8a0-ec3e1e7e0fc6 3e88b34004654f1ebfedb6c8f78bdf40 42081c329ac74e9d84e06d33f188ade7 - - default default] Method 'is_advsvc' is deprecated since 2023.2 release (neutron-lib 3.8.0) and will be removed once support for the old RBAC API policies will be removed from Neutron. Please use method 'is_service_role' instead.
2026-05-27 01:49:48.502 10 WARNING neutron.scheduler.dhcp_agent_scheduler [None req-cf434f78-31df-4b25-b33e-7c8c6102cd3c c4207fa2509a46cab253025485c0edc3 4c6c81210bc4419d8e377f90df1a6e61 - - default default] No more DHCP agents
2026-05-27 01:49:48.505 10 WARNING neutron.api.rpc.agentnotifiers.dhcp_rpc_agent_api [None req-cf434f78-31df-4b25-b33e-7c8c6102cd3c c4207fa2509a46cab253025485c0edc3 4c6c81210bc4419d8e377f90df1a6e61 - - default default] Unable to schedule network 40f060c9-257d-4713-9f1d-2c121ca6da38: no agents available; will retry on subsequent port and subnet creation events.
2026-05-27 01:49:48.590 9 INFO neutron.db.ovn_revision_numbers_db [None req-0c12dd01-25cc-481c-a8a0-ec3e1e7e0fc6 3e88b34004654f1ebfedb6c8f78bdf40 42081c329ac74e9d84e06d33f188ade7 - - default default] Successfully bumped revision number for resource e2243e98-56b5-4689-a1ab-e672da3ccea3 (type: security_groups) to 1
2026-05-27 01:49:48.595 10 INFO neutron.db.ovn_revision_numbers_db [None req-cf434f78-31df-4b25-b33e-7c8c6102cd3c c4207fa2509a46cab253025485c0edc3 4c6c81210bc4419d8e377f90df1a6e61 - - default default] Successfully bumped revision number for resource 8cc1fdc8-f9b3-45c6-afe4-6b91ff05cee4 (type: ports) to 1
2026-05-27 01:49:48.604 9 INFO neutron.plugins.ml2.drivers.ovn.mech_driver.mech_driver [None req-7332e26f-726c-4641-8eec-3c59f147e9ca - - - - - -] OVN reports status up for port: 43c324f6-233a-480c-aa82-4caae02b88e2
2026-05-27 01:49:48.606 9 INFO neutron.db.ovn_revision_numbers_db [None req-0c12dd01-25cc-481c-a8a0-ec3e1e7e0fc6 3e88b34004654f1ebfedb6c8f78bdf40 42081c329ac74e9d84e06d33f188ade7 - - default default] Successfully bumped revision number for resource cfe81354-9dd9-4caf-869d-139d6e191b1f (type: security_group_rules) to 0
2026-05-27 01:49:48.614 9 INFO neutron.plugins.ml2.plugin [None req-7332e26f-726c-4641-8eec-3c59f147e9ca - - - - - -] Attempt 1 to provision port 43c324f6-233a-480c-aa82-4caae02b88e2
2026-05-27 01:49:48.622 10 INFO neutron.wsgi [None req-cf434f78-31df-4b25-b33e-7c8c6102cd3c c4207fa2509a46cab253025485c0edc3 4c6c81210bc4419d8e377f90df1a6e61 - - default default] 10.0.0.76 "POST /v2.0/networks HTTP/1.1" status: 201 len: 1445 time: 1.7372925
2026-05-27 01:49:48.640 9 INFO neutron.db.ovn_revision_numbers_db [None req-0c12dd01-25cc-481c-a8a0-ec3e1e7e0fc6 3e88b34004654f1ebfedb6c8f78bdf40 42081c329ac74e9d84e06d33f188ade7 - - default default] Successfully bumped revision number for resource df53be7b-545b-46d2-8967-73dd3bc8c68b (type: security_group_rules) to 0
2026-05-27 01:49:48.700 9 INFO neutron.wsgi [None req-0c12dd01-25cc-481c-a8a0-ec3e1e7e0fc6 3e88b34004654f1ebfedb6c8f78bdf40 42081c329ac74e9d84e06d33f188ade7 - - default default] 10.0.0.76 "POST /v2.0/security-groups HTTP/1.1" status: 201 len: 1860 time: 0.3147192
2026-05-27 01:49:48.713 10 WARNING neutron_lib.context [None req-0562e320-87b0-4ebd-bee6-bc92645a847a 3e88b34004654f1ebfedb6c8f78bdf40 42081c329ac74e9d84e06d33f188ade7 - - default default] Method 'is_advsvc' is deprecated since 2023.2 release (neutron-lib 3.8.0) and will be removed once support for the old RBAC API policies will be removed from Neutron. Please use method 'is_service_role' instead.
2026-05-27 01:49:48.745 9 INFO neutron.wsgi [None req-519cc00b-5925-42db-8aea-b61b298f1aeb c4207fa2509a46cab253025485c0edc3 4c6c81210bc4419d8e377f90df1a6e61 - - default default] 10.0.0.76 "GET /v2.0/networks HTTP/1.1" status: 200 len: 2051 time: 0.1170123
2026-05-27 01:49:48.907 10 INFO neutron.db.ovn_revision_numbers_db [None req-0562e320-87b0-4ebd-bee6-bc92645a847a 3e88b34004654f1ebfedb6c8f78bdf40 42081c329ac74e9d84e06d33f188ade7 - - default default] Successfully bumped revision number for resource 019fcdbe-1f42-453f-97e8-363f347dd3b9 (type: security_group_rules) to 0
2026-05-27 01:49:48.954 10 INFO neutron.wsgi [None req-0562e320-87b0-4ebd-bee6-bc92645a847a 3e88b34004654f1ebfedb6c8f78bdf40 42081c329ac74e9d84e06d33f188ade7 - - default default] 10.0.0.76 "POST /v2.0/security-group-rules HTTP/1.1" status: 201 len: 796 time: 0.2491021
2026-05-27 01:49:48.968 10 WARNING neutron_lib.context [None req-ea0120c3-1353-48c6-8632-f0bc883937f4 3e88b34004654f1ebfedb6c8f78bdf40 42081c329ac74e9d84e06d33f188ade7 - - default default] Method 'is_advsvc' is deprecated since 2023.2 release (neutron-lib 3.8.0) and will be removed once support for the old RBAC API policies will be removed from Neutron. Please use method 'is_service_role' instead.
2026-05-27 01:49:49.151 10 INFO neutron.db.ovn_revision_numbers_db [None req-ea0120c3-1353-48c6-8632-f0bc883937f4 3e88b34004654f1ebfedb6c8f78bdf40 42081c329ac74e9d84e06d33f188ade7 - - default default] Successfully bumped revision number for resource fb94d120-5b7f-4f4a-a69f-451979fe52a5 (type: security_group_rules) to 0
2026-05-27 01:49:49.184 10 INFO neutron.wsgi [None req-ea0120c3-1353-48c6-8632-f0bc883937f4 3e88b34004654f1ebfedb6c8f78bdf40 42081c329ac74e9d84e06d33f188ade7 - - default default] 10.0.0.76 "POST /v2.0/security-group-rules HTTP/1.1" status: 201 len: 801 time: 0.2235119
2026-05-27 01:49:49.201 10 WARNING neutron_lib.context [None req-4cb190a1-bd80-4dc1-8e47-0e30a30db62e 3e88b34004654f1ebfedb6c8f78bdf40 42081c329ac74e9d84e06d33f188ade7 - - default default] Method 'is_advsvc' is deprecated since 2023.2 release (neutron-lib 3.8.0) and will be removed once support for the old RBAC API policies will be removed from Neutron. Please use method 'is_service_role' instead.
2026-05-27 01:49:49.273 10 INFO neutron.services.segments.plugin [-] Segment 82476f37-c24f-4885-9950-619287b6611b resource provider aggregate not found
2026-05-27 01:49:49.277 10 INFO neutron.services.segments.plugin [-] Segment 82476f37-c24f-4885-9950-619287b6611b resource provider aggregate not found
2026-05-27 01:49:49.300 10 INFO neutron.services.segments.plugin [-] Segment 82476f37-c24f-4885-9950-619287b6611b resource provider not found; error: Placement Client Error (4xx): {"errors": [{"status": 404, "title": "Not Found", "detail": "The resource could not be found.\n\n No resource provider with uuid 82476f37-c24f-4885-9950-619287b6611b found for delete ", "request_id": "req-99b96073-8736-4b53-b82d-04d9713bc33b"}]}
2026-05-27 01:49:49.301 10 INFO neutron.services.segments.plugin [-] Segment 82476f37-c24f-4885-9950-619287b6611b resource provider not found; error: Placement Client Error (4xx): {"errors": [{"status": 404, "title": "Not Found", "detail": "The resource could not be found.\n\n No resource provider with uuid 82476f37-c24f-4885-9950-619287b6611b found for delete ", "request_id": "req-b65d95ee-c48d-427f-af5f-49ead72f3d90"}]}
2026-05-27 01:49:49.304 10 INFO neutron.wsgi [None req-ed51fa33-3fb0-46e3-936f-ea866c8c2c40 c4207fa2509a46cab253025485c0edc3 4c6c81210bc4419d8e377f90df1a6e61 - - default default] 10.0.0.76 "DELETE /v2.0/networks/e0406e07-4a59-42db-9aa9-7920334d2cbf HTTP/1.1" status: 204 len: 168 time: 0.5519195
2026-05-27 01:49:49.401 9 INFO neutron.db.ovn_revision_numbers_db [None req-8f92801a-6d7b-4661-b1d9-0ff1ffdb9652 9b79efb632104899a29982ab5c7db7f5 1c23899b06fb4ba49e519f066ce75c14 - - default default] Successfully bumped revision number for resource bd04d0b2-dc88-45c7-b04f-c77ffdc0b6d4 (type: security_groups) to 1
2026-05-27 01:49:49.439 9 INFO neutron.db.ovn_revision_numbers_db [None req-8f92801a-6d7b-4661-b1d9-0ff1ffdb9652 9b79efb632104899a29982ab5c7db7f5 1c23899b06fb4ba49e519f066ce75c14 - - default default] Successfully bumped revision number for resource 8c5f2574-06eb-430f-a7b3-dcddfb5c70fb (type: security_group_rules) to 0
2026-05-27 01:49:49.478 9 INFO neutron.db.ovn_revision_numbers_db [None req-8f92801a-6d7b-4661-b1d9-0ff1ffdb9652 9b79efb632104899a29982ab5c7db7f5 1c23899b06fb4ba49e519f066ce75c14 - - default default] Successfully bumped revision number for resource e696d6f2-fea5-4858-a10d-44e47f5e1b76 (type: security_group_rules) to 0
2026-05-27 01:49:49.520 10 WARNING neutron.scheduler.dhcp_agent_scheduler [None req-4cb190a1-bd80-4dc1-8e47-0e30a30db62e 3e88b34004654f1ebfedb6c8f78bdf40 42081c329ac74e9d84e06d33f188ade7 - - default default] No more DHCP agents
2026-05-27 01:49:49.522 9 INFO neutron.db.ovn_revision_numbers_db [None req-8f92801a-6d7b-4661-b1d9-0ff1ffdb9652 9b79efb632104899a29982ab5c7db7f5 1c23899b06fb4ba49e519f066ce75c14 - - default default] Successfully bumped revision number for resource f29e8f31-ea39-40b6-be50-4cab22879355 (type: security_group_rules) to 0
2026-05-27 01:49:49.522 10 WARNING neutron.api.rpc.agentnotifiers.dhcp_rpc_agent_api [None req-4cb190a1-bd80-4dc1-8e47-0e30a30db62e 3e88b34004654f1ebfedb6c8f78bdf40 42081c329ac74e9d84e06d33f188ade7 - - default default] Unable to schedule network 8c9f9782-a40c-4944-bf8b-e87dac191b04: no agents available; will retry on subsequent port and subnet creation events.
2026-05-27 01:49:49.539 9 INFO neutron.db.ovn_revision_numbers_db [None req-8f92801a-6d7b-4661-b1d9-0ff1ffdb9652 9b79efb632104899a29982ab5c7db7f5 1c23899b06fb4ba49e519f066ce75c14 - - default default] Successfully bumped revision number for resource f629077b-2b52-4500-8595-706b539fd717 (type: security_group_rules) to 0
2026-05-27 01:49:49.570 9 INFO neutron.wsgi [None req-8f92801a-6d7b-4661-b1d9-0ff1ffdb9652 9b79efb632104899a29982ab5c7db7f5 1c23899b06fb4ba49e519f066ce75c14 - - default default] 10.0.0.76 "GET /v2.0/security-groups?tenant_id=5ff3b843da6f4316aa985ab1e7bbab5c&name=default HTTP/1.1" status: 200 len: 3120 time: 0.8467743
2026-05-27 01:49:49.629 9 INFO neutron.db.ovn_revision_numbers_db [None req-7332e26f-726c-4641-8eec-3c59f147e9ca - - - - - -] Successfully bumped revision number for resource 43c324f6-233a-480c-aa82-4caae02b88e2 (type: ports) to 2
2026-05-27 01:49:49.829 9 INFO neutron.db.ovn_revision_numbers_db [None req-7332e26f-726c-4641-8eec-3c59f147e9ca - - - - - -] Successfully bumped revision number for resource 43c324f6-233a-480c-aa82-4caae02b88e2 (type: router_ports) to 2
2026-05-27 01:49:49.879 10 INFO neutron.wsgi [None req-e79f1096-834e-47b5-b305-096e24bc413d 9b79efb632104899a29982ab5c7db7f5 1c23899b06fb4ba49e519f066ce75c14 - - default default] 10.0.0.76 "DELETE /v2.0/security-groups/bd04d0b2-dc88-45c7-b04f-c77ffdc0b6d4 HTTP/1.1" status: 204 len: 168 time: 0.2973053
2026-05-27 01:49:49.881 9 INFO neutron.services.segments.plugin [-] Segment 85afea7d-7e0f-4b91-84df-44123945c850 resource provider aggregate not found
2026-05-27 01:49:49.888 9 INFO neutron.services.segments.plugin [-] Segment 85afea7d-7e0f-4b91-84df-44123945c850 resource provider aggregate not found
2026-05-27 01:49:49.890 10 INFO neutron.wsgi [None req-4cb190a1-bd80-4dc1-8e47-0e30a30db62e 3e88b34004654f1ebfedb6c8f78bdf40 42081c329ac74e9d84e06d33f188ade7 - - default default] 10.0.0.76 "POST /v2.0/floatingips HTTP/1.1" status: 201 len: 751 time: 0.6987858
2026-05-27 01:49:49.902 9 INFO neutron.services.segments.plugin [-] Segment 85afea7d-7e0f-4b91-84df-44123945c850 resource provider not found; error: Placement Client Error (4xx): {"errors": [{"status": 404, "title": "Not Found", "detail": "The resource could not be found.\n\n No resource provider with uuid 85afea7d-7e0f-4b91-84df-44123945c850 found for delete ", "request_id": "req-23852fe1-e622-4fe3-bd98-2ce3bedab30c"}]}
2026-05-27 01:49:49.917 9 INFO neutron.services.segments.plugin [-] Segment 85afea7d-7e0f-4b91-84df-44123945c850 resource provider not found; error: Placement Client Error (4xx): {"errors": [{"status": 404, "title": "Not Found", "detail": "The resource could not be found.\n\n No resource provider with uuid 85afea7d-7e0f-4b91-84df-44123945c850 found for delete ", "request_id": "req-dec8879f-7513-44a5-8ac5-143adab604f2"}]}
2026-05-27 01:49:49.937 9 INFO neutron.wsgi [None req-52180009-6a15-4094-9143-3a6ba4999c48 c4207fa2509a46cab253025485c0edc3 4c6c81210bc4419d8e377f90df1a6e61 - - default default] 10.0.0.76 "DELETE /v2.0/networks/40f060c9-257d-4713-9f1d-2c121ca6da38 HTTP/1.1" status: 204 len: 168 time: 0.6272545
2026-05-27 01:49:50.038 10 INFO neutron.wsgi [None req-56c9a76c-fd10-43a6-a8d1-c93ad945d515 c4207fa2509a46cab253025485c0edc3 4c6c81210bc4419d8e377f90df1a6e61 - - default default] 10.0.0.76 "GET /v2.0/networks HTTP/1.1" status: 200 len: 845 time: 0.0954392
2026-05-27 01:49:50.053 10 WARNING neutron_lib.context [None req-a945b0c6-aa43-40a7-a0d3-c0a988b621d2 c4207fa2509a46cab253025485c0edc3 4c6c81210bc4419d8e377f90df1a6e61 - - default default] Method 'is_advsvc' is deprecated since 2023.2 release (neutron-lib 3.8.0) and will be removed once support for the old RBAC API policies will be removed from Neutron. Please use method 'is_service_role' instead.
2026-05-27 01:49:50.155 10 INFO neutron.db.segments_db [None req-a945b0c6-aa43-40a7-a0d3-c0a988b621d2 c4207fa2509a46cab253025485c0edc3 4c6c81210bc4419d8e377f90df1a6e61 - - default default] Added segment d78f48e2-748a-4829-b30e-3cd03f393582 of type geneve for network 5d976bc9-9a8f-4914-b8e1-d902050a526a
2026-05-27 01:49:50.261 10 INFO neutron.db.ovn_revision_numbers_db [None req-5429a7a6-57e6-48ba-8b9b-5d22df4d9b29 9b79efb632104899a29982ab5c7db7f5 1c23899b06fb4ba49e519f066ce75c14 - - default default] Successfully bumped revision number for resource 0ba95caf-108c-4bf7-bf29-98ef112bf530 (type: security_groups) to 1
2026-05-27 01:49:50.284 10 INFO neutron.db.ovn_revision_numbers_db [None req-5429a7a6-57e6-48ba-8b9b-5d22df4d9b29 9b79efb632104899a29982ab5c7db7f5 1c23899b06fb4ba49e519f066ce75c14 - - default default] Successfully bumped revision number for resource 257364e4-a20f-4207-a92c-db240c74075c (type: security_group_rules) to 0
2026-05-27 01:49:50.311 10 INFO neutron.db.ovn_revision_numbers_db [None req-5429a7a6-57e6-48ba-8b9b-5d22df4d9b29 9b79efb632104899a29982ab5c7db7f5 1c23899b06fb4ba49e519f066ce75c14 - - default default] Successfully bumped revision number for resource 839bb73b-b40f-4c0a-a5fa-0671af766e69 (type: security_group_rules) to 0
2026-05-27 01:49:50.312 10 INFO neutron.db.ovn_revision_numbers_db [None req-a945b0c6-aa43-40a7-a0d3-c0a988b621d2 c4207fa2509a46cab253025485c0edc3 4c6c81210bc4419d8e377f90df1a6e61 - - default default] Successfully bumped revision number for resource 5d976bc9-9a8f-4914-b8e1-d902050a526a (type: networks) to 1
2026-05-27 01:49:50.339 10 INFO neutron.db.ovn_revision_numbers_db [None req-5429a7a6-57e6-48ba-8b9b-5d22df4d9b29 9b79efb632104899a29982ab5c7db7f5 1c23899b06fb4ba49e519f066ce75c14 - - default default] Successfully bumped revision number for resource a00faa22-e4dd-446f-80e4-874bfc064b6e (type: security_group_rules) to 0
2026-05-27 01:49:50.366 10 INFO neutron.db.ovn_revision_numbers_db [None req-5429a7a6-57e6-48ba-8b9b-5d22df4d9b29 9b79efb632104899a29982ab5c7db7f5 1c23899b06fb4ba49e519f066ce75c14 - - default default] Successfully bumped revision number for resource d28520a4-8684-47b1-be55-33534b898d2d (type: security_group_rules) to 0
