2026-05-27 01:50:27.559 10 INFO neutron.wsgi [None req-a814ad70-eb52-4bd0-a21c-980fdc5af5a4 2cd4625bac0f4048a8c704c260ea3fbb a06d139f168c4564bb43fc4bd26a9195 - - default default] 10.0.0.76 "GET /v2.0/ports/4ea6d763-2a5a-4e11-9067-36513e274764 HTTP/1.1" status: 200 len: 1135 time: 0.1365237
2026-05-27 01:50:27.628 10 INFO neutron.wsgi [None req-d4b5cd7f-1319-4738-b4ba-9ada8fdd2cdf 2cd4625bac0f4048a8c704c260ea3fbb a06d139f168c4564bb43fc4bd26a9195 - - default default] 10.0.0.76 "GET /v2.0/ports/4ea6d763-2a5a-4e11-9067-36513e274764 HTTP/1.1" status: 200 len: 1135 time: 0.0597942
2026-05-27 01:50:27.739 10 INFO neutron.db.ovn_revision_numbers_db [None req-9a2855b1-c743-4106-acf8-cf830c1ba75a 9b79efb632104899a29982ab5c7db7f5 1c23899b06fb4ba49e519f066ce75c14 - - default default] Successfully bumped revision number for resource 371782ff-99e1-4620-b689-ac1a4c78f81e (type: security_groups) to 1
2026-05-27 01:50:27.755 10 INFO neutron.db.ovn_revision_numbers_db [None req-9a2855b1-c743-4106-acf8-cf830c1ba75a 9b79efb632104899a29982ab5c7db7f5 1c23899b06fb4ba49e519f066ce75c14 - - default default] Successfully bumped revision number for resource 1a838976-a82c-4f8b-8ad6-2f611124c3ca (type: security_group_rules) to 0
2026-05-27 01:50:27.776 10 INFO neutron.db.ovn_revision_numbers_db [None req-9a2855b1-c743-4106-acf8-cf830c1ba75a 9b79efb632104899a29982ab5c7db7f5 1c23899b06fb4ba49e519f066ce75c14 - - default default] Successfully bumped revision number for resource 469c4adf-2ef8-40e2-9dbe-c116a6e4582d (type: security_group_rules) to 0
2026-05-27 01:50:27.798 10 INFO neutron.db.ovn_revision_numbers_db [None req-9a2855b1-c743-4106-acf8-cf830c1ba75a 9b79efb632104899a29982ab5c7db7f5 1c23899b06fb4ba49e519f066ce75c14 - - default default] Successfully bumped revision number for resource a23e1b07-3cc5-4e0f-8494-ec4d1fbb4dd8 (type: security_group_rules) to 0
2026-05-27 01:50:27.815 10 INFO neutron.db.ovn_revision_numbers_db [None req-9a2855b1-c743-4106-acf8-cf830c1ba75a 9b79efb632104899a29982ab5c7db7f5 1c23899b06fb4ba49e519f066ce75c14 - - default default] Successfully bumped revision number for resource a2be1a55-ea21-4a00-b90f-bad41895ee9d (type: security_group_rules) to 0
2026-05-27 01:50:27.833 10 INFO neutron.wsgi [None req-6b0416fc-aca7-439a-9c2e-25c5d0943ed8 366ae3801b4142c1bc6616ca41637389 eeb3a8bef0df475687afcc2a9e0ed4fd - - default default] 10.0.0.76 "DELETE /v2.0/ports/cd32d3ff-b00a-48f3-b7a4-8468f9b30cb8 HTTP/1.1" status: 204 len: 168 time: 0.4480250
2026-05-27 01:50:27.838 10 INFO neutron.wsgi [None req-9a2855b1-c743-4106-acf8-cf830c1ba75a 9b79efb632104899a29982ab5c7db7f5 1c23899b06fb4ba49e519f066ce75c14 - - default default] 10.0.0.76 "GET /v2.0/security-groups?tenant_id=229fee8529244aa2ab267f45986c137a&name=default HTTP/1.1" status: 200 len: 3120 time: 0.4302514
2026-05-27 01:50:27.859 9 INFO neutron.pecan_wsgi.hooks.translation [None req-3b1a3cd7-c8bb-4b47-a3a8-f30412301618 366ae3801b4142c1bc6616ca41637389 eeb3a8bef0df475687afcc2a9e0ed4fd - - default default] DELETE failed (client error): The resource could not be found.
2026-05-27 01:50:27.861 9 INFO neutron.wsgi [None req-3b1a3cd7-c8bb-4b47-a3a8-f30412301618 366ae3801b4142c1bc6616ca41637389 eeb3a8bef0df475687afcc2a9e0ed4fd - - default default] 10.0.0.76 "DELETE /v2.0/ports/cd32d3ff-b00a-48f3-b7a4-8468f9b30cb8 HTTP/1.1" status: 404 len: 333 time: 0.0235050
2026-05-27 01:50:27.884 9 INFO neutron.pecan_wsgi.hooks.translation [None req-fc4ecb13-aaa9-4f7b-b6bd-2af0914f69b8 366ae3801b4142c1bc6616ca41637389 eeb3a8bef0df475687afcc2a9e0ed4fd - - default default] GET failed (client error): The resource could not be found.
2026-05-27 01:50:27.887 9 INFO neutron.wsgi [None req-fc4ecb13-aaa9-4f7b-b6bd-2af0914f69b8 366ae3801b4142c1bc6616ca41637389 eeb3a8bef0df475687afcc2a9e0ed4fd - - default default] 10.0.0.76 "GET /v2.0/ports/cd32d3ff-b00a-48f3-b7a4-8468f9b30cb8 HTTP/1.1" status: 404 len: 333 time: 0.0208139
2026-05-27 01:50:28.106 10 INFO neutron.wsgi [None req-104882e7-3d87-4572-af3a-ea0248bb833c 366ae3801b4142c1bc6616ca41637389 eeb3a8bef0df475687afcc2a9e0ed4fd - - default default] 10.0.0.76 "DELETE /v2.0/subnets/068203df-e90a-4810-b3d0-5b7f8bd5b015 HTTP/1.1" status: 204 len: 168 time: 0.2152865
2026-05-27 01:50:28.129 10 INFO neutron.wsgi [None req-0a9c1eb8-566f-4dea-99f6-fca1976ad900 9b79efb632104899a29982ab5c7db7f5 1c23899b06fb4ba49e519f066ce75c14 - - default default] 10.0.0.76 "DELETE /v2.0/security-groups/371782ff-99e1-4620-b689-ac1a4c78f81e HTTP/1.1" status: 204 len: 168 time: 0.2842290
2026-05-27 01:50:28.353 10 INFO neutron.db.ovn_revision_numbers_db [None req-34fd6d5d-0812-4849-aa80-ea2ccf6dad6f 9b79efb632104899a29982ab5c7db7f5 1c23899b06fb4ba49e519f066ce75c14 - - default default] Successfully bumped revision number for resource 42cf1758-d6de-4d4a-8b61-1e257f7b43f6 (type: security_groups) to 1
2026-05-27 01:50:28.369 10 INFO neutron.db.ovn_revision_numbers_db [None req-34fd6d5d-0812-4849-aa80-ea2ccf6dad6f 9b79efb632104899a29982ab5c7db7f5 1c23899b06fb4ba49e519f066ce75c14 - - default default] Successfully bumped revision number for resource 8b1ae9bd-f143-4896-8c2c-6de05e2e1955 (type: security_group_rules) to 0
2026-05-27 01:50:28.381 10 INFO neutron.db.ovn_revision_numbers_db [None req-34fd6d5d-0812-4849-aa80-ea2ccf6dad6f 9b79efb632104899a29982ab5c7db7f5 1c23899b06fb4ba49e519f066ce75c14 - - default default] Successfully bumped revision number for resource beb19a5d-3275-4a1c-9dd0-afdc8f254849 (type: security_group_rules) to 0
2026-05-27 01:50:28.393 10 INFO neutron.db.ovn_revision_numbers_db [None req-34fd6d5d-0812-4849-aa80-ea2ccf6dad6f 9b79efb632104899a29982ab5c7db7f5 1c23899b06fb4ba49e519f066ce75c14 - - default default] Successfully bumped revision number for resource ee1f362f-99ad-4df2-97ad-a7a2f6d6c913 (type: security_group_rules) to 0
2026-05-27 01:50:28.413 10 INFO neutron.db.ovn_revision_numbers_db [None req-34fd6d5d-0812-4849-aa80-ea2ccf6dad6f 9b79efb632104899a29982ab5c7db7f5 1c23899b06fb4ba49e519f066ce75c14 - - default default] Successfully bumped revision number for resource f263a73b-89af-4b98-9a90-dfe6df031677 (type: security_group_rules) to 0
2026-05-27 01:50:28.439 10 INFO neutron.wsgi [None req-34fd6d5d-0812-4849-aa80-ea2ccf6dad6f 9b79efb632104899a29982ab5c7db7f5 1c23899b06fb4ba49e519f066ce75c14 - - default default] 10.0.0.76 "GET /v2.0/security-groups?tenant_id=bced12724380463b84f4ea01445e07eb&name=default HTTP/1.1" status: 200 len: 3120 time: 0.1878352
2026-05-27 01:50:28.480 9 INFO neutron.services.segments.plugin [-] Segment 46a5895d-8979-461e-aa1c-63e7d52d7a90 resource provider aggregate not found
2026-05-27 01:50:28.484 9 INFO neutron.services.segments.plugin [-] Segment 46a5895d-8979-461e-aa1c-63e7d52d7a90 resource provider aggregate not found
2026-05-27 01:50:28.497 9 INFO neutron.services.segments.plugin [-] Segment 46a5895d-8979-461e-aa1c-63e7d52d7a90 resource provider not found; error: Placement Client Error (4xx): {"errors": [{"status": 404, "title": "Not Found", "detail": "The resource could not be found.\n\n No resource provider with uuid 46a5895d-8979-461e-aa1c-63e7d52d7a90 found for delete ", "request_id": "req-f26ecce2-601a-49ea-a372-e3c3838b9249"}]}
2026-05-27 01:50:28.504 9 INFO neutron.services.segments.plugin [-] Segment 46a5895d-8979-461e-aa1c-63e7d52d7a90 resource provider not found; error: Placement Client Error (4xx): {"errors": [{"status": 404, "title": "Not Found", "detail": "The resource could not be found.\n\n No resource provider with uuid 46a5895d-8979-461e-aa1c-63e7d52d7a90 found for delete ", "request_id": "req-9f664468-e6eb-4fce-a9c8-bf0f3101d490"}]}
2026-05-27 01:50:28.526 9 INFO neutron.wsgi [None req-793178b5-fb1c-43ea-861f-13d0bb1bdfaa 366ae3801b4142c1bc6616ca41637389 eeb3a8bef0df475687afcc2a9e0ed4fd - - default default] 10.0.0.76 "DELETE /v2.0/networks/ff9ce628-7437-4552-82f1-8075b52dad74 HTTP/1.1" status: 204 len: 168 time: 0.4109814
2026-05-27 01:50:28.542 9 WARNING neutron_lib.context [None req-86e1ac4f-8816-4499-84de-04af641c99a6 366ae3801b4142c1bc6616ca41637389 eeb3a8bef0df475687afcc2a9e0ed4fd - - default default] Method 'is_advsvc' is deprecated since 2023.2 release (neutron-lib 3.8.0) and will be removed once support for the old RBAC API policies will be removed from Neutron. Please use method 'is_service_role' instead.
2026-05-27 01:50:28.674 9 INFO neutron.db.segments_db [None req-86e1ac4f-8816-4499-84de-04af641c99a6 366ae3801b4142c1bc6616ca41637389 eeb3a8bef0df475687afcc2a9e0ed4fd - - default default] Added segment d43488ca-5b8c-410f-8f6c-4b3038366eb5 of type geneve for network 45b8c7f3-c37a-4625-9019-c561b07d290f
2026-05-27 01:50:28.685 10 INFO neutron.wsgi [None req-5f127c4f-ca29-425b-8ac6-0af3859e5916 2cd4625bac0f4048a8c704c260ea3fbb a06d139f168c4564bb43fc4bd26a9195 - - default default] 10.0.0.76 "GET /v2.0/ports/4ea6d763-2a5a-4e11-9067-36513e274764 HTTP/1.1" status: 200 len: 1135 time: 0.0469813
2026-05-27 01:50:28.702 10 INFO neutron.wsgi [None req-413fdbe5-dc30-4b99-8e16-eb177b088fc7 9b79efb632104899a29982ab5c7db7f5 1c23899b06fb4ba49e519f066ce75c14 - - default default] 10.0.0.76 "DELETE /v2.0/security-groups/42cf1758-d6de-4d4a-8b61-1e257f7b43f6 HTTP/1.1" status: 204 len: 168 time: 0.2576129
2026-05-27 01:50:28.825 9 INFO neutron.db.ovn_revision_numbers_db [None req-86e1ac4f-8816-4499-84de-04af641c99a6 366ae3801b4142c1bc6616ca41637389 eeb3a8bef0df475687afcc2a9e0ed4fd - - default default] Successfully bumped revision number for resource 45b8c7f3-c37a-4625-9019-c561b07d290f (type: networks) to 1
2026-05-27 01:50:29.026 9 WARNING neutron.scheduler.dhcp_agent_scheduler [None req-86e1ac4f-8816-4499-84de-04af641c99a6 366ae3801b4142c1bc6616ca41637389 eeb3a8bef0df475687afcc2a9e0ed4fd - - default default] No more DHCP agents
2026-05-27 01:50:29.028 9 WARNING neutron.api.rpc.agentnotifiers.dhcp_rpc_agent_api [None req-86e1ac4f-8816-4499-84de-04af641c99a6 366ae3801b4142c1bc6616ca41637389 eeb3a8bef0df475687afcc2a9e0ed4fd - - default default] Unable to schedule network 45b8c7f3-c37a-4625-9019-c561b07d290f: no agents available; will retry on subsequent port and subnet creation events.
2026-05-27 01:50:29.120 9 INFO neutron.db.ovn_revision_numbers_db [None req-86e1ac4f-8816-4499-84de-04af641c99a6 366ae3801b4142c1bc6616ca41637389 eeb3a8bef0df475687afcc2a9e0ed4fd - - default default] Successfully bumped revision number for resource ae43cd47-493d-44c7-940d-3035e77ffc85 (type: ports) to 1
2026-05-27 01:50:29.146 9 INFO neutron.wsgi [None req-86e1ac4f-8816-4499-84de-04af641c99a6 366ae3801b4142c1bc6616ca41637389 eeb3a8bef0df475687afcc2a9e0ed4fd - - default default] 10.0.0.76 "POST /v2.0/networks HTTP/1.1" status: 201 len: 834 time: 0.6122901
2026-05-27 01:50:29.159 9 WARNING neutron_lib.context [None req-547cbaa7-6d35-4aaf-9411-bcba32c971fe 366ae3801b4142c1bc6616ca41637389 eeb3a8bef0df475687afcc2a9e0ed4fd - - default default] Method 'is_advsvc' is deprecated since 2023.2 release (neutron-lib 3.8.0) and will be removed once support for the old RBAC API policies will be removed from Neutron. Please use method 'is_service_role' instead.
2026-05-27 01:50:29.396 9 WARNING neutron.scheduler.dhcp_agent_scheduler [None req-547cbaa7-6d35-4aaf-9411-bcba32c971fe 366ae3801b4142c1bc6616ca41637389 eeb3a8bef0df475687afcc2a9e0ed4fd - - default default] No more DHCP agents
2026-05-27 01:50:29.398 9 WARNING neutron.api.rpc.agentnotifiers.dhcp_rpc_agent_api [None req-547cbaa7-6d35-4aaf-9411-bcba32c971fe 366ae3801b4142c1bc6616ca41637389 eeb3a8bef0df475687afcc2a9e0ed4fd - - default default] Unable to schedule network 45b8c7f3-c37a-4625-9019-c561b07d290f: no agents available; will retry on subsequent port and subnet creation events.
2026-05-27 01:50:29.433 9 INFO neutron.db.ovn_revision_numbers_db [None req-547cbaa7-6d35-4aaf-9411-bcba32c971fe 366ae3801b4142c1bc6616ca41637389 eeb3a8bef0df475687afcc2a9e0ed4fd - - default default] Successfully bumped revision number for resource 15ea0130-724e-44fc-a747-6771f4151b50 (type: subnets) to 0
2026-05-27 01:50:29.454 9 INFO neutron.wsgi [None req-547cbaa7-6d35-4aaf-9411-bcba32c971fe 366ae3801b4142c1bc6616ca41637389 eeb3a8bef0df475687afcc2a9e0ed4fd - - default default] 10.0.0.76 "POST /v2.0/subnets HTTP/1.1" status: 201 len: 821 time: 0.3026383
2026-05-27 01:50:29.465 9 WARNING neutron_lib.context [None req-ccc94201-eb9a-4db9-9c9a-63c101715519 366ae3801b4142c1bc6616ca41637389 eeb3a8bef0df475687afcc2a9e0ed4fd - - default default] Method 'is_advsvc' is deprecated since 2023.2 release (neutron-lib 3.8.0) and will be removed once support for the old RBAC API policies will be removed from Neutron. Please use method 'is_service_role' instead.
2026-05-27 01:50:29.738 10 INFO neutron.wsgi [None req-be687df4-10e5-4495-b730-f17bac246083 2cd4625bac0f4048a8c704c260ea3fbb a06d139f168c4564bb43fc4bd26a9195 - - default default] 10.0.0.76 "GET /v2.0/ports/4ea6d763-2a5a-4e11-9067-36513e274764 HTTP/1.1" status: 200 len: 1135 time: 0.0436847
2026-05-27 01:50:29.802 9 WARNING neutron.scheduler.dhcp_agent_scheduler [None req-ccc94201-eb9a-4db9-9c9a-63c101715519 366ae3801b4142c1bc6616ca41637389 eeb3a8bef0df475687afcc2a9e0ed4fd - - default default] No more DHCP agents
2026-05-27 01:50:29.806 9 WARNING neutron.api.rpc.agentnotifiers.dhcp_rpc_agent_api [None req-ccc94201-eb9a-4db9-9c9a-63c101715519 366ae3801b4142c1bc6616ca41637389 eeb3a8bef0df475687afcc2a9e0ed4fd - - default default] Unable to schedule network 45b8c7f3-c37a-4625-9019-c561b07d290f: no agents available; will retry on subsequent port and subnet creation events.
2026-05-27 01:50:29.925 9 INFO neutron.db.ovn_revision_numbers_db [None req-ccc94201-eb9a-4db9-9c9a-63c101715519 366ae3801b4142c1bc6616ca41637389 eeb3a8bef0df475687afcc2a9e0ed4fd - - default default] Successfully bumped revision number for resource c0acf790-a365-47de-bc0d-ee8f99f80c19 (type: ports) to 1
2026-05-27 01:50:30.082 9 INFO neutron.wsgi [None req-ccc94201-eb9a-4db9-9c9a-63c101715519 366ae3801b4142c1bc6616ca41637389 eeb3a8bef0df475687afcc2a9e0ed4fd - - default default] 10.0.0.76 "POST /v2.0/ports HTTP/1.1" status: 201 len: 1127 time: 0.6227736
2026-05-27 01:50:30.378 9 INFO neutron.wsgi [None req-e06c2738-7894-4092-a967-9586510efb04 366ae3801b4142c1bc6616ca41637389 eeb3a8bef0df475687afcc2a9e0ed4fd - - default default] 10.0.0.76 "DELETE /v2.0/ports/c0acf790-a365-47de-bc0d-ee8f99f80c19 HTTP/1.1" status: 204 len: 168 time: 0.2908800
2026-05-27 01:50:30.397 9 INFO neutron.pecan_wsgi.hooks.translation [None req-25b4c24d-00f0-4f09-a50e-feb9dbeaa0d0 366ae3801b4142c1bc6616ca41637389 eeb3a8bef0df475687afcc2a9e0ed4fd - - default default] GET failed (client error): The resource could not be found.
2026-05-27 01:50:30.398 9 INFO neutron.wsgi [None req-25b4c24d-00f0-4f09-a50e-feb9dbeaa0d0 366ae3801b4142c1bc6616ca41637389 eeb3a8bef0df475687afcc2a9e0ed4fd - - default default] 10.0.0.76 "GET /v2.0/ports/c0acf790-a365-47de-bc0d-ee8f99f80c19 HTTP/1.1" status: 404 len: 333 time: 0.0163982
2026-05-27 01:50:30.565 9 INFO neutron.wsgi [None req-976c8b58-aecd-48f0-9db9-7d8bf7e4723c 366ae3801b4142c1bc6616ca41637389 eeb3a8bef0df475687afcc2a9e0ed4fd - - default default] 10.0.0.76 "DELETE /v2.0/subnets/15ea0130-724e-44fc-a747-6771f4151b50 HTTP/1.1" status: 204 len: 168 time: 0.1622925
2026-05-27 01:50:30.734 10 WARNING neutron.plugins.ml2.drivers.ovn.mech_driver.ovsdb.ovn_client [None req-cc92ae5f-bebd-4e75-aa20-917944998ec5 - - - - - -] No hosting information found for port a76f47f3-b0c8-4ea5-89d2-c4a2847c28c4: RuntimeError: No hosting information found for port a76f47f3-b0c8-4ea5-89d2-c4a2847c28c4
2026-05-27 01:50:30.735 10 INFO neutron.plugins.ml2.drivers.ovn.mech_driver.mech_driver [None req-cc92ae5f-bebd-4e75-aa20-917944998ec5 - - - - - -] OVN reports status up for port: 4ea6d763-2a5a-4e11-9067-36513e274764
2026-05-27 01:50:30.743 10 INFO neutron.plugins.ml2.plugin [None req-cc92ae5f-bebd-4e75-aa20-917944998ec5 - - - - - -] Attempt 1 to provision port 4ea6d763-2a5a-4e11-9067-36513e274764
2026-05-27 01:50:30.839 9 INFO neutron.wsgi [None req-89bf8ce0-ee29-49ed-b569-fc6b7b78bab7 2cd4625bac0f4048a8c704c260ea3fbb a06d139f168c4564bb43fc4bd26a9195 - - default default] 10.0.0.76 "GET /v2.0/ports/4ea6d763-2a5a-4e11-9067-36513e274764 HTTP/1.1" status: 200 len: 1135 time: 0.0945556
2026-05-27 01:50:30.947 9 INFO neutron.services.segments.plugin [-] Segment d43488ca-5b8c-410f-8f6c-4b3038366eb5 resource provider aggregate not found
2026-05-27 01:50:30.950 9 INFO neutron.services.segments.plugin [-] Segment d43488ca-5b8c-410f-8f6c-4b3038366eb5 resource provider aggregate not found
2026-05-27 01:50:30.963 9 INFO neutron.services.segments.plugin [-] Segment d43488ca-5b8c-410f-8f6c-4b3038366eb5 resource provider not found; error: Placement Client Error (4xx): {"errors": [{"status": 404, "title": "Not Found", "detail": "The resource could not be found.\n\n No resource provider with uuid d43488ca-5b8c-410f-8f6c-4b3038366eb5 found for delete ", "request_id": "req-3e747acb-904e-4cfd-83eb-8b031a815516"}]}
2026-05-27 01:50:30.964 9 INFO neutron.services.segments.plugin [-] Segment d43488ca-5b8c-410f-8f6c-4b3038366eb5 resource provider not found; error: Placement Client Error (4xx): {"errors": [{"status": 404, "title": "Not Found", "detail": "The resource could not be found.\n\n No resource provider with uuid d43488ca-5b8c-410f-8f6c-4b3038366eb5 found for delete ", "request_id": "req-b8705e49-fe5c-4302-bac6-7d79019b5ed5"}]}
2026-05-27 01:50:30.989 9 INFO neutron.wsgi [None req-30f0ae2f-5ac5-4307-b78b-f53933c46158 366ae3801b4142c1bc6616ca41637389 eeb3a8bef0df475687afcc2a9e0ed4fd - - default default] 10.0.0.76 "DELETE /v2.0/networks/45b8c7f3-c37a-4625-9019-c561b07d290f HTTP/1.1" status: 204 len: 168 time: 0.4177482
2026-05-27 01:50:31.003 9 WARNING neutron_lib.context [None req-79c955fb-a5cd-4323-83aa-f162b381f6a6 366ae3801b4142c1bc6616ca41637389 eeb3a8bef0df475687afcc2a9e0ed4fd - - default default] Method 'is_advsvc' is deprecated since 2023.2 release (neutron-lib 3.8.0) and will be removed once support for the old RBAC API policies will be removed from Neutron. Please use method 'is_service_role' instead.
2026-05-27 01:50:31.150 10 INFO neutron.db.ovn_revision_numbers_db [None req-cc92ae5f-bebd-4e75-aa20-917944998ec5 - - - - - -] Successfully bumped revision number for resource 4ea6d763-2a5a-4e11-9067-36513e274764 (type: ports) to 2
2026-05-27 01:50:31.294 10 INFO neutron.db.ovn_revision_numbers_db [None req-cc92ae5f-bebd-4e75-aa20-917944998ec5 - - - - - -] Successfully bumped revision number for resource 4ea6d763-2a5a-4e11-9067-36513e274764 (type: router_ports) to 2
2026-05-27 01:50:31.556 9 WARNING neutron.scheduler.dhcp_agent_scheduler [None req-79c955fb-a5cd-4323-83aa-f162b381f6a6 366ae3801b4142c1bc6616ca41637389 eeb3a8bef0df475687afcc2a9e0ed4fd - - default default] No more DHCP agents
2026-05-27 01:50:31.559 9 WARNING neutron.api.rpc.agentnotifiers.dhcp_rpc_agent_api [None req-79c955fb-a5cd-4323-83aa-f162b381f6a6 366ae3801b4142c1bc6616ca41637389 eeb3a8bef0df475687afcc2a9e0ed4fd - - default default] Unable to schedule network fd18bb70-c126-4cfe-8d52-9208fe966622: no agents available; will retry on subsequent port and subnet creation events.
2026-05-27 01:50:31.646 9 INFO neutron.db.ovn_revision_numbers_db [None req-79c955fb-a5cd-4323-83aa-f162b381f6a6 366ae3801b4142c1bc6616ca41637389 eeb3a8bef0df475687afcc2a9e0ed4fd - - default default] Successfully bumped revision number for resource f1232248-d7da-4a30-8b64-0b988ba23013 (type: ports) to 1
2026-05-27 01:50:31.680 9 INFO neutron.wsgi [None req-79c955fb-a5cd-4323-83aa-f162b381f6a6 366ae3801b4142c1bc6616ca41637389 eeb3a8bef0df475687afcc2a9e0ed4fd - - default default] 10.0.0.76 "POST /v2.0/ports HTTP/1.1" status: 201 len: 978 time: 0.6809978 /var/lib/openstack/lib/python3.10/site-packages/pycadf/identifier.py:71: UserWarning: Invalid uuid: neutron. To ensure interoperability, identifiers should be a valid uuid. warnings.warn(('Invalid uuid: %s. To ensure interoperability, '
2026-05-27 01:50:31.889 10 INFO neutron.wsgi [None req-c74db1fa-3a41-4213-a8dc-7bd864715351 2cd4625bac0f4048a8c704c260ea3fbb a06d139f168c4564bb43fc4bd26a9195 - - default default] 10.0.0.76 "GET /v2.0/ports/4ea6d763-2a5a-4e11-9067-36513e274764 HTTP/1.1" status: 200 len: 1137 time: 0.0423188
2026-05-27 01:50:31.953 9 INFO neutron.plugins.ml2.drivers.ovn.mech_driver.mech_driver [None req-7332e26f-726c-4641-8eec-3c59f147e9ca - - - - - -] OVN reports status down for port: f1232248-d7da-4a30-8b64-0b988ba23013
2026-05-27 01:50:32.004 9 INFO neutron.db.ovn_revision_numbers_db [None req-4863b935-82cd-4a16-a8d4-64ef99460ae6 366ae3801b4142c1bc6616ca41637389 eeb3a8bef0df475687afcc2a9e0ed4fd - - default default] Successfully bumped revision number for resource f1232248-d7da-4a30-8b64-0b988ba23013 (type: ports) to 2
2026-05-27 01:50:32.028 9 INFO neutron.wsgi [None req-4863b935-82cd-4a16-a8d4-64ef99460ae6 366ae3801b4142c1bc6616ca41637389 eeb3a8bef0df475687afcc2a9e0ed4fd - - default default] 10.0.0.76 "PUT /v2.0/ports/f1232248-d7da-4a30-8b64-0b988ba23013 HTTP/1.1" status: 200 len: 946 time: 0.3428302 /var/lib/openstack/lib/python3.10/site-packages/pycadf/identifier.py:71: UserWarning: Invalid uuid: neutron. To ensure interoperability, identifiers should be a valid uuid. warnings.warn(('Invalid uuid: %s. To ensure interoperability, '
2026-05-27 01:50:32.343 9 INFO neutron.wsgi [None req-495d608d-2269-46e8-87d3-de713ff6cfad 366ae3801b4142c1bc6616ca41637389 eeb3a8bef0df475687afcc2a9e0ed4fd - - default default] 10.0.0.76 "DELETE /v2.0/ports/f1232248-d7da-4a30-8b64-0b988ba23013 HTTP/1.1" status: 204 len: 168 time: 0.3071661
2026-05-27 01:50:32.387 9 INFO neutron.wsgi [None req-36176e73-59dd-443f-bb66-4b46e8150a30 366ae3801b4142c1bc6616ca41637389 eeb3a8bef0df475687afcc2a9e0ed4fd - - default default] 10.0.0.76 "GET /v2.0/ports HTTP/1.1" status: 200 len: 1733 time: 0.0401204
2026-05-27 01:50:32.425 9 INFO neutron.pecan_wsgi.hooks.translation [None req-ee719274-631f-4f6f-b437-e21750015c7a 366ae3801b4142c1bc6616ca41637389 eeb3a8bef0df475687afcc2a9e0ed4fd - - default default] GET failed (client error): The resource could not be found.
2026-05-27 01:50:32.428 9 INFO neutron.wsgi [None req-ee719274-631f-4f6f-b437-e21750015c7a 366ae3801b4142c1bc6616ca41637389 eeb3a8bef0df475687afcc2a9e0ed4fd - - default default] 10.0.0.76 "GET /v2.0/ports/f1232248-d7da-4a30-8b64-0b988ba23013 HTTP/1.1" status: 404 len: 333 time: 0.0339754
2026-05-27 01:50:32.531 10 INFO neutron.wsgi [None req-5f7dfa10-0d3c-4632-a450-20147c8742d9 366ae3801b4142c1bc6616ca41637389 eeb3a8bef0df475687afcc2a9e0ed4fd - - default default] 10.0.0.76 "GET /v2.0/ports HTTP/1.1" status: 200 len: 1733 time: 0.0952504
2026-05-27 01:50:32.543 9 INFO neutron.db.ovn_revision_numbers_db [None req-1c89e534-b370-41d1-8af7-e8c2d545041e 9b79efb632104899a29982ab5c7db7f5 1c23899b06fb4ba49e519f066ce75c14 - - default default] Successfully bumped revision number for resource 63839a90-4388-4321-a89d-252781fac081 (type: security_groups) to 1
2026-05-27 01:50:32.570 9 INFO neutron.db.ovn_revision_numbers_db [None req-1c89e534-b370-41d1-8af7-e8c2d545041e 9b79efb632104899a29982ab5c7db7f5 1c23899b06fb4ba49e519f066ce75c14 - - default default] Successfully bumped revision number for resource 59cd860e-64f2-4bcb-a1b0-91d72aa84a5a (type: security_group_rules) to 0
2026-05-27 01:50:32.576 9 INFO neutron.wsgi [None req-65d18156-f136-4750-a0bd-40fd084e21df 366ae3801b4142c1bc6616ca41637389 eeb3a8bef0df475687afcc2a9e0ed4fd - - default default] 10.0.0.76 "GET /v2.0/ports/38754556-ba43-4f89-931a-feb0f5fb0ac3 HTTP/1.1" status: 200 len: 973 time: 0.0390072
2026-05-27 01:50:32.588 9 INFO neutron.db.ovn_revision_numbers_db [None req-1c89e534-b370-41d1-8af7-e8c2d545041e 9b79efb632104899a29982ab5c7db7f5 1c23899b06fb4ba49e519f066ce75c14 - - default default] Successfully bumped revision number for resource 5a5e6b67-36d7-43be-9cb6-0d213f3a661b (type: security_group_rules) to 0
2026-05-27 01:50:32.604 10 INFO neutron.pecan_wsgi.hooks.translation [None req-6e39a211-c479-438c-9903-c2d856f13153 366ae3801b4142c1bc6616ca41637389 eeb3a8bef0df475687afcc2a9e0ed4fd - - default default] DELETE failed (client error): The resource could not be found.
2026-05-27 01:50:32.607 10 INFO neutron.wsgi [None req-6e39a211-c479-438c-9903-c2d856f13153 366ae3801b4142c1bc6616ca41637389 eeb3a8bef0df475687afcc2a9e0ed4fd - - default default] 10.0.0.76 "DELETE /v2.0/ports/c0acf790-a365-47de-bc0d-ee8f99f80c19 HTTP/1.1" status: 404 len: 333 time: 0.0233233
2026-05-27 01:50:32.608 9 INFO neutron.db.ovn_revision_numbers_db [None req-1c89e534-b370-41d1-8af7-e8c2d545041e 9b79efb632104899a29982ab5c7db7f5 1c23899b06fb4ba49e519f066ce75c14 - - default default] Successfully bumped revision number for resource c25004c4-45d6-41d0-a8c3-611199df66cd (type: security_group_rules) to 0
2026-05-27 01:50:32.622 9 INFO neutron.db.ovn_revision_numbers_db [None req-1c89e534-b370-41d1-8af7-e8c2d545041e 9b79efb632104899a29982ab5c7db7f5 1c23899b06fb4ba49e519f066ce75c14 - - default default] Successfully bumped revision number for resource ca005871-ed3a-4041-ba21-483a5ccd3fc3 (type: security_group_rules) to 0
2026-05-27 01:50:32.632 10 INFO neutron.pecan_wsgi.hooks.translation [None req-54d25d08-0a19-4c36-907e-f50e5903797b 366ae3801b4142c1bc6616ca41637389 eeb3a8bef0df475687afcc2a9e0ed4fd - - default default] DELETE failed (client error): The resource could not be found.
2026-05-27 01:50:32.634 10 INFO neutron.wsgi [None req-54d25d08-0a19-4c36-907e-f50e5903797b 366ae3801b4142c1bc6616ca41637389 eeb3a8bef0df475687afcc2a9e0ed4fd - - default default] 10.0.0.76 "DELETE /v2.0/subnets/15ea0130-724e-44fc-a747-6771f4151b50 HTTP/1.1" status: 404 len: 337 time: 0.0236330
2026-05-27 01:50:32.649 9 INFO neutron.wsgi [None req-1c89e534-b370-41d1-8af7-e8c2d545041e 9b79efb632104899a29982ab5c7db7f5 1c23899b06fb4ba49e519f066ce75c14 - - default default] 10.0.0.76 "GET /v2.0/security-groups?tenant_id=2a4932e3e4e946bcb4e7a209243dfd7a&name=default HTTP/1.1" status: 200 len: 3120 time: 0.4266436
2026-05-27 01:50:32.666 9 INFO neutron.pecan_wsgi.hooks.translation [None req-301e1b95-2440-41bf-8bd1-045c88840bc8 366ae3801b4142c1bc6616ca41637389 eeb3a8bef0df475687afcc2a9e0ed4fd - - default default] DELETE failed (client error): The resource could not be found.
2026-05-27 01:50:32.668 9 INFO neutron.wsgi [None req-301e1b95-2440-41bf-8bd1-045c88840bc8 366ae3801b4142c1bc6616ca41637389 eeb3a8bef0df475687afcc2a9e0ed4fd - - default default] 10.0.0.76 "DELETE /v2.0/subnets/068203df-e90a-4810-b3d0-5b7f8bd5b015 HTTP/1.1" status: 404 len: 337 time: 0.0284624
2026-05-27 01:50:32.883 9 INFO neutron.wsgi [None req-b02839e3-e749-425e-abea-aa9c3ea4d067 9b79efb632104899a29982ab5c7db7f5 1c23899b06fb4ba49e519f066ce75c14 - - default default] 10.0.0.76 "DELETE /v2.0/security-groups/63839a90-4388-4321-a89d-252781fac081 HTTP/1.1" status: 204 len: 168 time: 0.2215478
2026-05-27 01:50:33.071 10 INFO neutron.wsgi [None req-fcc1cafd-1be3-4f00-ba21-942d7ea716d3 2cd4625bac0f4048a8c704c260ea3fbb a06d139f168c4564bb43fc4bd26a9195 - - default default] 10.0.0.76 "PUT /v2.0/routers/73c44cdf-c114-46f2-a536-fc2da479f8b4/remove_router_interface HTTP/1.1" status: 200 len: 503 time: 1.1776116
2026-05-27 01:50:33.162 9 INFO neutron.wsgi [None req-15ca000c-601e-4f24-b210-76cd247ab2cd 2cd4625bac0f4048a8c704c260ea3fbb a06d139f168c4564bb43fc4bd26a9195 - - default default] 10.0.0.76 "GET /v2.0/ports/a76f47f3-b0c8-4ea5-89d2-c4a2847c28c4 HTTP/1.1" status: 200 len: 1137 time: 0.0822909
2026-05-27 01:50:33.297 10 INFO neutron.wsgi [None req-6e3d0f20-5c9c-4124-b6df-fb9ea5364742 366ae3801b4142c1bc6616ca41637389 eeb3a8bef0df475687afcc2a9e0ed4fd - - default default] 10.0.0.76 "DELETE /v2.0/ports/38754556-ba43-4f89-931a-feb0f5fb0ac3 HTTP/1.1" status: 204 len: 168 time: 0.6220098 /var/lib/openstack/lib/python3.10/site-packages/pycadf/identifier.py:71: UserWarning: Invalid uuid: neutron. To ensure interoperability, identifiers should be a valid uuid. warnings.warn(('Invalid uuid: %s. To ensure interoperability, '
2026-05-27 01:50:33.717 10 INFO neutron.services.segments.plugin [-] Segment 2dc7e312-0099-4c9c-9eba-bd1e5c98de68 resource provider aggregate not found
2026-05-27 01:50:33.723 10 INFO neutron.services.segments.plugin [-] Segment 2dc7e312-0099-4c9c-9eba-bd1e5c98de68 resource provider aggregate not found
2026-05-27 01:50:33.736 10 INFO neutron.services.segments.plugin [-] Segment 2dc7e312-0099-4c9c-9eba-bd1e5c98de68 resource provider not found; error: Placement Client Error (4xx): {"errors": [{"status": 404, "title": "Not Found", "detail": "The resource could not be found.\n\n No resource provider with uuid 2dc7e312-0099-4c9c-9eba-bd1e5c98de68 found for delete ", "request_id": "req-b5fe2e0d-e602-42f2-88c1-6538c9430706"}]}
2026-05-27 01:50:33.739 10 INFO neutron.services.segments.plugin [-] Segment 2dc7e312-0099-4c9c-9eba-bd1e5c98de68 resource provider not found; error: Placement Client Error (4xx): {"errors": [{"status": 404, "title": "Not Found", "detail": "The resource could not be found.\n\n No resource provider with uuid 2dc7e312-0099-4c9c-9eba-bd1e5c98de68 found for delete ", "request_id": "req-0b3813ca-d427-43dd-b2d7-bb59cb698997"}]}
2026-05-27 01:50:33.761 10 INFO neutron.wsgi [None req-b5766be3-bb86-4137-929a-682e3fac2385 366ae3801b4142c1bc6616ca41637389 eeb3a8bef0df475687afcc2a9e0ed4fd - - default default] 10.0.0.76 "DELETE /v2.0/networks/fd18bb70-c126-4cfe-8d52-9208fe966622 HTTP/1.1" status: 204 len: 168 time: 0.4592364
2026-05-27 01:50:33.968 9 INFO neutron.wsgi [None req-9f6a9065-31ff-4664-a2dd-472427345196 2cd4625bac0f4048a8c704c260ea3fbb a06d139f168c4564bb43fc4bd26a9195 - - default default] 10.0.0.76 "PUT /v2.0/routers/73c44cdf-c114-46f2-a536-fc2da479f8b4/remove_router_interface HTTP/1.1" status: 200 len: 503 time: 0.7993860 /var/lib/openstack/lib/python3.10/site-packages/pycadf/identifier.py:71: UserWarning: Invalid uuid: neutron. To ensure interoperability, identifiers should be a valid uuid. warnings.warn(('Invalid uuid: %s. To ensure interoperability, '
2026-05-27 01:50:34.001 9 INFO neutron.wsgi [None req-caa2e394-61a2-4b46-b509-ef57b449a7bf 2cd4625bac0f4048a8c704c260ea3fbb a06d139f168c4564bb43fc4bd26a9195 - - default default] 10.0.0.76 "GET /v2.0/ports?device_id=73c44cdf-c114-46f2-a536-fc2da479f8b4 HTTP/1.1" status: 200 len: 205 time: 0.0273237
2026-05-27 01:50:34.305 9 INFO neutron.wsgi [req-8a456ff0-1f9f-46c9-89cd-d004927176e4 req-9e26817a-ec8f-4fc5-aa7b-ab3497149362 fc69de7d45ee4886828c95b3c0500558 c060b4b2087b4a8a975ad4099f2ce171 - - d5fe3bbb03c64be7acb79c7309a0a069 d5fe3bbb03c64be7acb79c7309a0a069] 10.0.0.52 "GET /v2.0/ports?device_id=610200af-bfa3-4d7b-a237-01c2f17448c9 HTTP/1.1" status: 200 len: 1413 time: 0.0972836
2026-05-27 01:50:34.337 9 INFO neutron.wsgi [None req-b9811243-ad0f-4263-9a12-f6404eb978d8 2cd4625bac0f4048a8c704c260ea3fbb a06d139f168c4564bb43fc4bd26a9195 - - default default] 10.0.0.76 "DELETE /v2.0/routers/73c44cdf-c114-46f2-a536-fc2da479f8b4 HTTP/1.1" status: 204 len: 168 time: 0.3309567
2026-05-27 01:50:34.356 9 INFO neutron.wsgi [req-8a456ff0-1f9f-46c9-89cd-d004927176e4 req-9b2cdc9a-9f78-4c70-a47c-498958036aed fc69de7d45ee4886828c95b3c0500558 c060b4b2087b4a8a975ad4099f2ce171 - - d5fe3bbb03c64be7acb79c7309a0a069 d5fe3bbb03c64be7acb79c7309a0a069] 10.0.0.52 "GET /v2.0/security-groups?id=98577c82-56c9-4dec-bce6-83c2d9272df5&fields=id&fields=name HTTP/1.1" status: 200 len: 311 time: 0.0459566
2026-05-27 01:50:34.561 10 INFO neutron.wsgi [None req-c75a9fbf-8222-4be4-9bfb-899b0b114cfc 9b79efb632104899a29982ab5c7db7f5 1c23899b06fb4ba49e519f066ce75c14 - - default default] 10.0.0.76 "GET /v2.0/security-groups?tenant_id=eeb3a8bef0df475687afcc2a9e0ed4fd&name=default HTTP/1.1" status: 200 len: 3120 time: 0.3116465
2026-05-27 01:50:34.653 10 INFO neutron.wsgi [None req-7e943c1b-d3fd-41cd-89df-550248663353 2cd4625bac0f4048a8c704c260ea3fbb a06d139f168c4564bb43fc4bd26a9195 - - default default] 10.0.0.76 "DELETE /v2.0/subnets/56c81439-21ce-49a5-be03-2020308429c2 HTTP/1.1" status: 204 len: 168 time: 0.3099413
2026-05-27 01:50:34.862 10 INFO neutron.wsgi [None req-aa6199ed-2ecc-4cac-a860-7ce2ee6b81bd 9b79efb632104899a29982ab5c7db7f5 1c23899b06fb4ba49e519f066ce75c14 - - default default] 10.0.0.76 "DELETE /v2.0/security-groups/e3116e87-8d8c-419c-9b14-23e42c341574 HTTP/1.1" status: 204 len: 168 time: 0.2939639
2026-05-27 01:50:34.898 9 INFO neutron.wsgi [None req-eaa4d2f3-2f28-4f8a-992d-a73e4aa94ac5 2cd4625bac0f4048a8c704c260ea3fbb a06d139f168c4564bb43fc4bd26a9195 - - default default] 10.0.0.76 "DELETE /v2.0/subnets/49233a6e-7ff3-48aa-bc14-6982c15ffee6 HTTP/1.1" status: 204 len: 168 time: 0.2379928
2026-05-27 01:50:35.265 9 INFO neutron.services.segments.plugin [-] Segment 18e6ecf7-ca52-48f6-b942-f192b763a973 resource provider aggregate not found
2026-05-27 01:50:35.276 9 INFO neutron.services.segments.plugin [-] Segment 18e6ecf7-ca52-48f6-b942-f192b763a973 resource provider aggregate not found
2026-05-27 01:50:35.283 9 INFO neutron.services.segments.plugin [-] Segment 18e6ecf7-ca52-48f6-b942-f192b763a973 resource provider not found; error: Placement Client Error (4xx): {"errors": [{"status": 404, "title": "Not Found", "detail": "The resource could not be found.\n\n No resource provider with uuid 18e6ecf7-ca52-48f6-b942-f192b763a973 found for delete ", "request_id": "req-6b971b7c-a7dd-4920-b271-3b0281703724"}]}
2026-05-27 01:50:35.288 9 INFO neutron.services.segments.plugin [-] Segment 18e6ecf7-ca52-48f6-b942-f192b763a973 resource provider not found; error: Placement Client Error (4xx): {"errors": [{"status": 404, "title": "Not Found", "detail": "The resource could not be found.\n\n No resource provider with uuid 18e6ecf7-ca52-48f6-b942-f192b763a973 found for delete ", "request_id": "req-fd04b8f1-7e5e-4c17-96c0-1039964e4ccc"}]}
2026-05-27 01:50:35.316 9 INFO neutron.wsgi [None req-4dcae94d-f00d-4ab2-ba76-2148ee9cfdd3 2cd4625bac0f4048a8c704c260ea3fbb a06d139f168c4564bb43fc4bd26a9195 - - default default] 10.0.0.76 "DELETE /v2.0/networks/8654875b-18d1-423a-8cb8-4fe8b3d26536 HTTP/1.1" status: 204 len: 168 time: 0.4111733
2026-05-27 01:50:35.738 9 INFO neutron.wsgi [None req-296cf1de-107a-48c3-8c6e-6eca54b33d30 2cd4625bac0f4048a8c704c260ea3fbb a06d139f168c4564bb43fc4bd26a9195 - - default default] 10.0.0.76 "DELETE /v2.0/networks/ca1debb6-0df3-4870-b77d-7d266446ee88 HTTP/1.1" status: 204 len: 168 time: 0.4143133
2026-05-27 01:50:35.750 9 WARNING neutron_lib.context [None req-f710767e-2185-4963-9c35-2e405f8fc56f 2cd4625bac0f4048a8c704c260ea3fbb a06d139f168c4564bb43fc4bd26a9195 - - default default] Method 'is_advsvc' is deprecated since 2023.2 release (neutron-lib 3.8.0) and will be removed once support for the old RBAC API policies will be removed from Neutron. Please use method 'is_service_role' instead.
2026-05-27 01:50:35.835 9 INFO neutron.db.segments_db [None req-f710767e-2185-4963-9c35-2e405f8fc56f 2cd4625bac0f4048a8c704c260ea3fbb a06d139f168c4564bb43fc4bd26a9195 - - default default] Added segment 044c270d-f01d-47e4-8f27-10231d2e4ce4 of type geneve for network 1f0c9204-4614-4274-b51c-fb168ebfcdb9
2026-05-27 01:50:36.053 10 WARNING neutron.plugins.ml2.drivers.ovn.mech_driver.ovsdb.ovn_client [None req-cc92ae5f-bebd-4e75-aa20-917944998ec5 - - - - - -] No port found with ID 4ea6d763-2a5a-4e11-9067-36513e274764: RuntimeError: No port found with ID 4ea6d763-2a5a-4e11-9067-36513e274764
2026-05-27 01:50:36.224 9 INFO neutron.db.ovn_revision_numbers_db [None req-f710767e-2185-4963-9c35-2e405f8fc56f 2cd4625bac0f4048a8c704c260ea3fbb a06d139f168c4564bb43fc4bd26a9195 - - default default] Successfully bumped revision number for resource 1f0c9204-4614-4274-b51c-fb168ebfcdb9 (type: networks) to 1
2026-05-27 01:50:36.408 9 WARNING neutron.scheduler.dhcp_agent_scheduler [None req-f710767e-2185-4963-9c35-2e405f8fc56f 2cd4625bac0f4048a8c704c260ea3fbb a06d139f168c4564bb43fc4bd26a9195 - - default default] No more DHCP agents
2026-05-27 01:50:36.409 9 WARNING neutron.api.rpc.agentnotifiers.dhcp_rpc_agent_api [None req-f710767e-2185-4963-9c35-2e405f8fc56f 2cd4625bac0f4048a8c704c260ea3fbb a06d139f168c4564bb43fc4bd26a9195 - - default default] Unable to schedule network 1f0c9204-4614-4274-b51c-fb168ebfcdb9: no agents available; will retry on subsequent port and subnet creation events.
2026-05-27 01:50:36.513 9 INFO neutron.db.ovn_revision_numbers_db [None req-f710767e-2185-4963-9c35-2e405f8fc56f 2cd4625bac0f4048a8c704c260ea3fbb a06d139f168c4564bb43fc4bd26a9195 - - default default] Successfully bumped revision number for resource 58b498ed-84d9-4556-b824-17df667d9919 (type: ports) to 1
2026-05-27 01:50:36.539 9 INFO neutron.wsgi [None req-f710767e-2185-4963-9c35-2e405f8fc56f 2cd4625bac0f4048a8c704c260ea3fbb a06d139f168c4564bb43fc4bd26a9195 - - default default] 10.0.0.76 "POST /v2.0/networks HTTP/1.1" status: 201 len: 829 time: 0.7940931
2026-05-27 01:50:36.550 9 WARNING neutron_lib.context [None req-73336f53-a063-4ee9-a66f-5c55024dd81c 2cd4625bac0f4048a8c704c260ea3fbb a06d139f168c4564bb43fc4bd26a9195 - - default default] Method 'is_advsvc' is deprecated since 2023.2 release (neutron-lib 3.8.0) and will be removed once support for the old RBAC API policies will be removed from Neutron. Please use method 'is_service_role' instead.
2026-05-27 01:50:36.695 10 INFO neutron.db.ovn_revision_numbers_db [None req-971af628-45f3-4925-b57a-75e08038479a 9b79efb632104899a29982ab5c7db7f5 1c23899b06fb4ba49e519f066ce75c14 - - default default] Successfully bumped revision number for resource 5bd272e1-3b10-463e-a2bd-9699a29cf0eb (type: security_groups) to 1
2026-05-27 01:50:36.700 10 INFO neutron.wsgi [-] 10.0.0.76 "GET / HTTP/1.1" status: 200 len: 279 time: 0.0018857
2026-05-27 01:50:36.712 10 INFO neutron.db.ovn_revision_numbers_db [None req-971af628-45f3-4925-b57a-75e08038479a 9b79efb632104899a29982ab5c7db7f5 1c23899b06fb4ba49e519f066ce75c14 - - default default] Successfully bumped revision number for resource 2ee92802-8eda-42ef-af2a-2a155f4aa42a (type: security_group_rules) to 0
2026-05-27 01:50:36.725 10 INFO neutron.db.ovn_revision_numbers_db [None req-971af628-45f3-4925-b57a-75e08038479a 9b79efb632104899a29982ab5c7db7f5 1c23899b06fb4ba49e519f066ce75c14 - - default default] Successfully bumped revision number for resource 4ba71636-6d38-46de-bdf3-40054b1a0731 (type: security_group_rules) to 0
2026-05-27 01:50:36.740 10 INFO neutron.db.ovn_revision_numbers_db [None req-971af628-45f3-4925-b57a-75e08038479a 9b79efb632104899a29982ab5c7db7f5 1c23899b06fb4ba49e519f066ce75c14 - - default default] Successfully bumped revision number for resource 7fc1c948-903b-4890-96ba-89ee054cd05a (type: security_group_rules) to 0
2026-05-27 01:50:36.756 10 INFO neutron.db.ovn_revision_numbers_db [None req-971af628-45f3-4925-b57a-75e08038479a 9b79efb632104899a29982ab5c7db7f5 1c23899b06fb4ba49e519f066ce75c14 - - default default] Successfully bumped revision number for resource bc1cbbf6-158c-4289-a1b7-c4d83e03dc51 (type: security_group_rules) to 0
2026-05-27 01:50:36.760 9 INFO neutron.wsgi [None req-c00777b9-8e6f-4f06-8d55-67f7d614e0f5 0a3759c60a9b4d0e8dd897091dbd690d 9bdf389152b949f29191ba84ac60f1a4 - - default default] 10.0.0.76 "GET /v2.0/ HTTP/1.1" status: 200 len: 826 time: 0.0557415
2026-05-27 01:50:36.778 10 INFO neutron.wsgi [None req-971af628-45f3-4925-b57a-75e08038479a 9b79efb632104899a29982ab5c7db7f5 1c23899b06fb4ba49e519f066ce75c14 - - default default] 10.0.0.76 "GET /v2.0/security-groups?tenant_id=51f12789f652447bbed694d632bbdcf1&name=default HTTP/1.1" status: 200 len: 3120 time: 0.3722928
2026-05-27 01:50:36.850 9 WARNING neutron.scheduler.dhcp_agent_scheduler [None req-73336f53-a063-4ee9-a66f-5c55024dd81c 2cd4625bac0f4048a8c704c260ea3fbb a06d139f168c4564bb43fc4bd26a9195 - - default default] No more DHCP agents
2026-05-27 01:50:36.856 9 WARNING neutron.api.rpc.agentnotifiers.dhcp_rpc_agent_api [None req-73336f53-a063-4ee9-a66f-5c55024dd81c 2cd4625bac0f4048a8c704c260ea3fbb a06d139f168c4564bb43fc4bd26a9195 - - default default] Unable to schedule network 1f0c9204-4614-4274-b51c-fb168ebfcdb9: no agents available; will retry on subsequent port and subnet creation events.
2026-05-27 01:50:37.116 9 INFO neutron.wsgi [None req-f28fb9f2-fe39-4681-af30-6d4772da8495 9b79efb632104899a29982ab5c7db7f5 1c23899b06fb4ba49e519f066ce75c14 - - default default] 10.0.0.76 "DELETE /v2.0/security-groups/5bd272e1-3b10-463e-a2bd-9699a29cf0eb HTTP/1.1" status: 204 len: 168 time: 0.3321247
2026-05-27 01:50:37.302 9 INFO neutron.services.segments.plugin [-] Segment ff6adc24-7570-4a2e-8026-4934eeba01eb resource provider aggregate not found
2026-05-27 01:50:37.317 9 INFO neutron.services.segments.plugin [-] Segment ff6adc24-7570-4a2e-8026-4934eeba01eb resource provider not found; error: Placement Client Error (4xx): {"errors": [{"status": 404, "title": "Not Found", "detail": "The resource could not be found.\n\n No resource provider with uuid ff6adc24-7570-4a2e-8026-4934eeba01eb found for delete ", "request_id": "req-46162c0b-c7a6-48e5-bd61-6ff9d1aa9a76"}]}
2026-05-27 01:50:37.319 9 INFO neutron.services.segments.plugin [-] Segment ff6adc24-7570-4a2e-8026-4934eeba01eb resource provider aggregate not found
2026-05-27 01:50:37.332 9 INFO neutron.services.segments.plugin [-] Segment ff6adc24-7570-4a2e-8026-4934eeba01eb resource provider not found; error: Placement Client Error (4xx): {"errors": [{"status": 404, "title": "Not Found", "detail": "The resource could not be found.\n\n No resource provider with uuid ff6adc24-7570-4a2e-8026-4934eeba01eb found for delete ", "request_id": "req-bc9bc2f3-32c4-4293-85b6-abb4f114c699"}]}
2026-05-27 01:50:37.448 9 INFO neutron.db.ovn_revision_numbers_db [None req-73336f53-a063-4ee9-a66f-5c55024dd81c 2cd4625bac0f4048a8c704c260ea3fbb a06d139f168c4564bb43fc4bd26a9195 - - default default] Successfully bumped revision number for resource 58b498ed-84d9-4556-b824-17df667d9919 (type: ports) to 2
2026-05-27 01:50:37.499 9 INFO neutron.db.ovn_revision_numbers_db [None req-73336f53-a063-4ee9-a66f-5c55024dd81c 2cd4625bac0f4048a8c704c260ea3fbb a06d139f168c4564bb43fc4bd26a9195 - - default default] Successfully bumped revision number for resource 5592588e-044b-4072-81f2-b02ac3ff3021 (type: subnets) to 0
2026-05-27 01:50:37.521 9 INFO neutron.wsgi [None req-73336f53-a063-4ee9-a66f-5c55024dd81c 2cd4625bac0f4048a8c704c260ea3fbb a06d139f168c4564bb43fc4bd26a9195 - - default default] 10.0.0.76 "POST /v2.0/subnets HTTP/1.1" status: 201 len: 801 time: 0.9758773
2026-05-27 01:50:37.533 9 WARNING neutron_lib.context [None req-ba3fcd30-5532-4cea-9a95-d32e054696f8 2cd4625bac0f4048a8c704c260ea3fbb a06d139f168c4564bb43fc4bd26a9195 - - default default] Method 'is_advsvc' is deprecated since 2023.2 release (neutron-lib 3.8.0) and will be removed once support for the old RBAC API policies will be removed from Neutron. Please use method 'is_service_role' instead.
2026-05-27 01:50:37.545 10 INFO neutron.db.ovn_revision_numbers_db [None req-0c5d465d-e105-4b93-85f3-9f272154ada6 9b79efb632104899a29982ab5c7db7f5 1c23899b06fb4ba49e519f066ce75c14 - - default default] Successfully bumped revision number for resource 0de89841-6d21-44b9-95ef-a431bf0d9924 (type: security_groups) to 1
2026-05-27 01:50:37.560 10 INFO neutron.db.ovn_revision_numbers_db [None req-0c5d465d-e105-4b93-85f3-9f272154ada6 9b79efb632104899a29982ab5c7db7f5 1c23899b06fb4ba49e519f066ce75c14 - - default default] Successfully bumped revision number for resource 57c0b3d9-fb1b-46b6-8df3-17a253eb802e (type: security_group_rules) to 0
2026-05-27 01:50:37.575 10 INFO neutron.db.ovn_revision_numbers_db [None req-0c5d465d-e105-4b93-85f3-9f272154ada6 9b79efb632104899a29982ab5c7db7f5 1c23899b06fb4ba49e519f066ce75c14 - - default default] Successfully bumped revision number for resource 5915890d-3469-4974-b781-8484a7b87307 (type: security_group_rules) to 0
2026-05-27 01:50:37.590 10 INFO neutron.db.ovn_revision_numbers_db [None req-0c5d465d-e105-4b93-85f3-9f272154ada6 9b79efb632104899a29982ab5c7db7f5 1c23899b06fb4ba49e519f066ce75c14 - - default default] Successfully bumped revision number for resource d6c3de30-750e-4aa1-b019-b9bc1dd4549a (type: security_group_rules) to 0
2026-05-27 01:50:37.608 10 INFO neutron.db.ovn_revision_numbers_db [None req-0c5d465d-e105-4b93-85f3-9f272154ada6 9b79efb632104899a29982ab5c7db7f5 1c23899b06fb4ba49e519f066ce75c14 - - default default] Successfully bumped revision number for resource edaa7304-f61f-4e13-bd20-1d686ddcf2f5 (type: security_group_rules) to 0
2026-05-27 01:50:37.633 10 INFO neutron.wsgi [None req-0c5d465d-e105-4b93-85f3-9f272154ada6 9b79efb632104899a29982ab5c7db7f5 1c23899b06fb4ba49e519f066ce75c14 - - default default] 10.0.0.76 "GET /v2.0/security-groups?tenant_id=9bdf389152b949f29191ba84ac60f1a4&name=default HTTP/1.1" status: 200 len: 3120 time: 0.3833804
2026-05-27 01:50:37.706 9 INFO neutron.db.ovn_revision_numbers_db [None req-ba3fcd30-5532-4cea-9a95-d32e054696f8 2cd4625bac0f4048a8c704c260ea3fbb a06d139f168c4564bb43fc4bd26a9195 - - default default] Successfully bumped revision number for resource 8148a147-929b-49ca-b977-1f0c0accf859 (type: routers) to 1
2026-05-27 01:50:37.728 9 INFO neutron.wsgi [None req-ba3fcd30-5532-4cea-9a95-d32e054696f8 2cd4625bac0f4048a8c704c260ea3fbb a06d139f168c4564bb43fc4bd26a9195 - - default default] 10.0.0.76 "POST /v2.0/routers HTTP/1.1" status: 201 len: 802 time: 0.1996768
2026-05-27 01:50:37.742 9 WARNING neutron_lib.context [None req-3d3dc47a-be5f-45c9-9f92-cba68c727a8a 2cd4625bac0f4048a8c704c260ea3fbb a06d139f168c4564bb43fc4bd26a9195 - - default default] Method 'is_advsvc' is deprecated since 2023.2 release (neutron-lib 3.8.0) and will be removed once support for the old RBAC API policies will be removed from Neutron. Please use method 'is_service_role' instead.
2026-05-27 01:50:37.986 9 INFO neutron.wsgi [None req-b982c151-cd77-4cfd-b069-5474f039fb2a 9b79efb632104899a29982ab5c7db7f5 1c23899b06fb4ba49e519f066ce75c14 - - default default] 10.0.0.76 "DELETE /v2.0/security-groups/0de89841-6d21-44b9-95ef-a431bf0d9924 HTTP/1.1" status: 204 len: 168 time: 0.3463476
2026-05-27 01:50:38.116 9 WARNING neutron.scheduler.dhcp_agent_scheduler [None req-3d3dc47a-be5f-45c9-9f92-cba68c727a8a 2cd4625bac0f4048a8c704c260ea3fbb a06d139f168c4564bb43fc4bd26a9195 - - default default] No more DHCP agents
2026-05-27 01:50:38.120 9 WARNING neutron.api.rpc.agentnotifiers.dhcp_rpc_agent_api [None req-3d3dc47a-be5f-45c9-9f92-cba68c727a8a 2cd4625bac0f4048a8c704c260ea3fbb a06d139f168c4564bb43fc4bd26a9195 - - default default] Unable to schedule network 1f0c9204-4614-4274-b51c-fb168ebfcdb9: no agents available; will retry on subsequent port and subnet creation events.
2026-05-27 01:50:38.287 9 INFO neutron.db.ovn_revision_numbers_db [None req-3d3dc47a-be5f-45c9-9f92-cba68c727a8a 2cd4625bac0f4048a8c704c260ea3fbb a06d139f168c4564bb43fc4bd26a9195 - - default default] Successfully bumped revision number for resource 3f6e2302-d933-4e62-9a55-50121668425a (type: ports) to 1
2026-05-27 01:50:38.313 9 INFO neutron.wsgi [None req-3d3dc47a-be5f-45c9-9f92-cba68c727a8a 2cd4625bac0f4048a8c704c260ea3fbb a06d139f168c4564bb43fc4bd26a9195 - - default default] 10.0.0.76 "POST /v2.0/ports HTTP/1.1" status: 201 len: 1147 time: 0.5776455 /var/lib/openstack/lib/python3.10/site-packages/pycadf/identifier.py:71: UserWarning: Invalid uuid: neutron. To ensure interoperability, identifiers should be a valid uuid. warnings.warn(('Invalid uuid: %s. To ensure interoperability, '
2026-05-27 01:50:38.814 9 ERROR ovsdbapp.backend.ovs_idl.command [None req-cae0f174-d3ef-4b2b-9937-666a8338087b 2cd4625bac0f4048a8c704c260ea3fbb a06d139f168c4564bb43fc4bd26a9195 - - default default] Error executing command (DbGetCommand): ovsdbapp.backend.ovs_idl.idlutils.RowNotFound: Cannot find Logical_Router_Port with name=lrp-3f6e2302-d933-4e62-9a55-50121668425a
2026-05-27 01:50:38.814 9 ERROR ovsdbapp.backend.ovs_idl.command
Traceback (most recent call last):
2026-05-27 01:50:38.814 9 ERROR ovsdbapp.backend.ovs_idl.command
File "/var/lib/openstack/lib/python3.10/site-packages/ovsdbapp/backend/ovs_idl/command.py", line 47, in execute
2026-05-27 01:50:38.814 9 ERROR ovsdbapp.backend.ovs_idl.command self.run_idl(None)
2026-05-27 01:50:38.814 9 ERROR ovsdbapp.backend.ovs_idl.command
File "/var/lib/openstack/lib/python3.10/site-packages/ovsdbapp/backend/ovs_idl/command.py", line 235, in run_idl
2026-05-27 01:50:38.814 9 ERROR ovsdbapp.backend.ovs_idl.command record = self.api.lookup(self.table, self.record)
2026-05-27 01:50:38.814 9 ERROR ovsdbapp.backend.ovs_idl.command
File "/var/lib/openstack/lib/python3.10/site-packages/ovsdbapp/backend/ovs_idl/__init__.py", line 184, in lookup
2026-05-27 01:50:38.814 9 ERROR ovsdbapp.backend.ovs_idl.command return self._lookup(table, record)
2026-05-27 01:50:38.814 9 ERROR ovsdbapp.backend.ovs_idl.command
File "/var/lib/openstack/lib/python3.10/site-packages/ovsdbapp/backend/ovs_idl/__init__.py", line 235, in _lookup
2026-05-27 01:50:38.814 9 ERROR ovsdbapp.backend.ovs_idl.command row = idlutils.row_by_value(self, rl.table, rl.column, record)
2026-05-27 01:50:38.814 9 ERROR ovsdbapp.backend.ovs_idl.command
File "/var/lib/openstack/lib/python3.10/site-packages/ovsdbapp/backend/ovs_idl/idlutils.py", line 114, in row_by_value
2026-05-27 01:50:38.814 9 ERROR ovsdbapp.backend.ovs_idl.command raise RowNotFound(table=table, col=column, match=match)
2026-05-27 01:50:38.814 9 ERROR ovsdbapp.backend.ovs_idl.command ovsdbapp.backend.ovs_idl.idlutils.RowNotFound: Cannot find Logical_Router_Port with name=lrp-3f6e2302-d933-4e62-9a55-50121668425a
2026-05-27 01:50:38.814 9 ERROR ovsdbapp.backend.ovs_idl.command 
2026-05-27 01:50:38.815 9 ERROR neutron_lib.callbacks.manager [None req-cae0f174-d3ef-4b2b-9937-666a8338087b 2cd4625bac0f4048a8c704c260ea3fbb a06d139f168c4564bb43fc4bd26a9195 - - default default] Error during notification for neutron.services.ovn_l3.plugin.OVNL3RouterPlugin._port_update-8783636906735 port, after_update: ovsdbapp.backend.ovs_idl.idlutils.RowNotFound: Cannot find Logical_Router_Port with name=lrp-3f6e2302-d933-4e62-9a55-50121668425a
2026-05-27 01:50:38.815 9 ERROR neutron_lib.callbacks.manager
Traceback (most recent call last):
