2026-05-27 01:50:14.853 9 WARNING neutron_lib.context [None req-c0f8d6a2-f5c9-4a28-9239-8d8c9223cd31 5519f695a6334c1da930b6c177c21b55 4c32c72b522c47c580d98335c073fcc6 - - default default] Method 'is_advsvc' is deprecated since 2023.2 release (neutron-lib 3.8.0) and will be removed once support for the old RBAC API policies will be removed from Neutron. Please use method 'is_service_role' instead.
2026-05-27 01:50:14.930 10 INFO neutron.db.ovn_revision_numbers_db [None req-011468a7-e23c-4150-9754-e6475962e99e - - - - - -] Successfully bumped revision number for resource a10fd517-3f87-45d6-afca-0325390ed475 (type: ports) to 4
2026-05-27 01:50:15.031 9 INFO neutron.db.ovn_revision_numbers_db [None req-c0f8d6a2-f5c9-4a28-9239-8d8c9223cd31 5519f695a6334c1da930b6c177c21b55 4c32c72b522c47c580d98335c073fcc6 - - default default] Successfully bumped revision number for resource 00771a99-94e5-40b0-aaba-e0890b672b38 (type: security_group_rules) to 0
2026-05-27 01:50:15.056 9 INFO neutron.wsgi [None req-c0f8d6a2-f5c9-4a28-9239-8d8c9223cd31 5519f695a6334c1da930b6c177c21b55 4c32c72b522c47c580d98335c073fcc6 - - default default] 10.0.0.76 "POST /v2.0/security-group-rules HTTP/1.1" status: 201 len: 800 time: 0.2104127
2026-05-27 01:50:15.078 9 INFO neutron.wsgi [None req-e96281a8-0b58-41b9-a457-8c7786210ac7 5519f695a6334c1da930b6c177c21b55 4c32c72b522c47c580d98335c073fcc6 - - default default] 10.0.0.76 "GET /v2.0/security-group-rules/00771a99-94e5-40b0-aaba-e0890b672b38 HTTP/1.1" status: 200 len: 795 time: 0.0176075
2026-05-27 01:50:15.286 9 WARNING neutron_lib.context [None req-d95ceddc-f057-4f65-96ac-aabc7b061b85 306975a3df78430180d76c0ee1b17a07 517fb006b7b246c3b168b1ecc35a8fb4 - - default default] Method 'is_advsvc' is deprecated since 2023.2 release (neutron-lib 3.8.0) and will be removed once support for the old RBAC API policies will be removed from Neutron. Please use method 'is_service_role' instead.
2026-05-27 01:50:15.312 10 INFO neutron.wsgi [None req-55065195-53ed-4de8-a3d9-a414544c7b35 5519f695a6334c1da930b6c177c21b55 4c32c72b522c47c580d98335c073fcc6 - - default default] 10.0.0.76 "GET /v2.0/security-group-rules HTTP/1.1" status: 200 len: 4333 time: 0.2264409
2026-05-27 01:50:15.334 9 WARNING neutron_lib.context [None req-eb883fd9-fe1e-43b7-8f5b-1a58f0728187 7e438538ebf94d93a281519be478a33c c3556112c77c41e7bd3f2f9a27619e5f - - default default] Method 'is_advsvc' is deprecated since 2023.2 release (neutron-lib 3.8.0) and will be removed once support for the old RBAC API policies will be removed from Neutron. Please use method 'is_service_role' instead.
2026-05-27 01:50:15.381 10 INFO neutron.services.segments.plugin [-] Segment f23aef2d-8b41-40aa-ada5-204d68f759e0 resource provider aggregate not found
2026-05-27 01:50:15.393 10 INFO neutron.services.segments.plugin [-] Segment f23aef2d-8b41-40aa-ada5-204d68f759e0 resource provider aggregate not found
2026-05-27 01:50:15.401 10 INFO neutron.services.segments.plugin [-] Segment f23aef2d-8b41-40aa-ada5-204d68f759e0 resource provider not found; error: Placement Client Error (4xx): {"errors": [{"status": 404, "title": "Not Found", "detail": "The resource could not be found.\n\n No resource provider with uuid f23aef2d-8b41-40aa-ada5-204d68f759e0 found for delete ", "request_id": "req-882dc247-4551-4cd7-99e5-07601a341557"}]}
2026-05-27 01:50:15.414 10 INFO neutron.services.segments.plugin [-] Segment f23aef2d-8b41-40aa-ada5-204d68f759e0 resource provider not found; error: Placement Client Error (4xx): {"errors": [{"status": 404, "title": "Not Found", "detail": "The resource could not be found.\n\n No resource provider with uuid f23aef2d-8b41-40aa-ada5-204d68f759e0 found for delete ", "request_id": "req-8524184e-28c7-4dfb-be8a-bea8dbc389a2"}]}
2026-05-27 01:50:15.445 9 INFO neutron.db.ovn_revision_numbers_db [None req-d95ceddc-f057-4f65-96ac-aabc7b061b85 306975a3df78430180d76c0ee1b17a07 517fb006b7b246c3b168b1ecc35a8fb4 - - default default] Successfully bumped revision number for resource 28fcb847-0433-40ca-a453-3c9235f31dcc (type: security_groups) to 1
2026-05-27 01:50:15.462 9 INFO neutron.db.ovn_revision_numbers_db [None req-d95ceddc-f057-4f65-96ac-aabc7b061b85 306975a3df78430180d76c0ee1b17a07 517fb006b7b246c3b168b1ecc35a8fb4 - - default default] Successfully bumped revision number for resource 1165d5bb-ebd9-4d9a-8979-4fb0bbb7a44a (type: security_group_rules) to 0
2026-05-27 01:50:15.482 9 INFO neutron.db.ovn_revision_numbers_db [None req-d95ceddc-f057-4f65-96ac-aabc7b061b85 306975a3df78430180d76c0ee1b17a07 517fb006b7b246c3b168b1ecc35a8fb4 - - default default] Successfully bumped revision number for resource 3371397e-37fa-4bc5-be7c-b28ee79cac8b (type: security_group_rules) to 0
2026-05-27 01:50:15.486 10 INFO neutron.wsgi [None req-89388b7b-2a8c-4ec4-b79b-0a8b350acadb 931b17b16ed440459c07975c81ca421f d30519e8f9e54b93b7727c794aaba5db - - default default] 10.0.0.76 "DELETE /v2.0/networks/e78c2ee6-5ede-4412-b97f-1a55beeb678a HTTP/1.1" status: 204 len: 168 time: 0.9580085
2026-05-27 01:50:15.488 10 INFO neutron.db.ovn_revision_numbers_db [None req-011468a7-e23c-4150-9754-e6475962e99e - - - - - -] Successfully bumped revision number for resource a10fd517-3f87-45d6-afca-0325390ed475 (type: router_ports) to 4
2026-05-27 01:50:15.493 9 INFO neutron.db.ovn_revision_numbers_db [None req-eb883fd9-fe1e-43b7-8f5b-1a58f0728187 7e438538ebf94d93a281519be478a33c c3556112c77c41e7bd3f2f9a27619e5f - - default default] Successfully bumped revision number for resource 98577c82-56c9-4dec-bce6-83c2d9272df5 (type: security_groups) to 1
2026-05-27 01:50:15.495 9 INFO neutron.db.ovn_revision_numbers_db [None req-d95ceddc-f057-4f65-96ac-aabc7b061b85 306975a3df78430180d76c0ee1b17a07 517fb006b7b246c3b168b1ecc35a8fb4 - - default default] Successfully bumped revision number for resource 464f4e69-2e9b-4c24-8111-594970d90642 (type: security_group_rules) to 0
2026-05-27 01:50:15.513 9 INFO neutron.db.ovn_revision_numbers_db [None req-eb883fd9-fe1e-43b7-8f5b-1a58f0728187 7e438538ebf94d93a281519be478a33c c3556112c77c41e7bd3f2f9a27619e5f - - default default] Successfully bumped revision number for resource 7da5bb26-fd3e-49b5-b2de-37b14e2f82ac (type: security_group_rules) to 0
2026-05-27 01:50:15.515 9 INFO neutron.db.ovn_revision_numbers_db [None req-d95ceddc-f057-4f65-96ac-aabc7b061b85 306975a3df78430180d76c0ee1b17a07 517fb006b7b246c3b168b1ecc35a8fb4 - - default default] Successfully bumped revision number for resource dec7fbf6-e88d-4b0a-b9ac-2ff4a3c39f07 (type: security_group_rules) to 0
2026-05-27 01:50:15.538 9 INFO neutron.db.ovn_revision_numbers_db [None req-eb883fd9-fe1e-43b7-8f5b-1a58f0728187 7e438538ebf94d93a281519be478a33c c3556112c77c41e7bd3f2f9a27619e5f - - default default] Successfully bumped revision number for resource e58cd590-496c-4510-b293-d8eaf57d7145 (type: security_group_rules) to 0
2026-05-27 01:50:15.558 9 INFO neutron.wsgi [None req-eb883fd9-fe1e-43b7-8f5b-1a58f0728187 7e438538ebf94d93a281519be478a33c c3556112c77c41e7bd3f2f9a27619e5f - - default default] 10.0.0.76 "POST /v2.0/security-groups HTTP/1.1" status: 201 len: 1858 time: 0.2291758
2026-05-27 01:50:15.571 9 INFO neutron.db.segments_db [None req-d95ceddc-f057-4f65-96ac-aabc7b061b85 306975a3df78430180d76c0ee1b17a07 517fb006b7b246c3b168b1ecc35a8fb4 - - default default] Added segment 4e6c0a00-2325-4f29-9d1c-a49a202c52ee of type geneve for network 4b0e7759-f4ea-46a2-86b5-a781211ce137
2026-05-27 01:50:15.572 10 WARNING neutron_lib.context [None req-2ceb2c1a-ad38-4c18-b84f-665e3d9eb8d9 7e438538ebf94d93a281519be478a33c c3556112c77c41e7bd3f2f9a27619e5f - - default default] Method 'is_advsvc' is deprecated since 2023.2 release (neutron-lib 3.8.0) and will be removed once support for the old RBAC API policies will be removed from Neutron. Please use method 'is_service_role' instead.
2026-05-27 01:50:15.585 10 INFO neutron.wsgi [None req-08136240-d2a1-4b7b-b9d2-ff26a70a8e4c 5519f695a6334c1da930b6c177c21b55 4c32c72b522c47c580d98335c073fcc6 - - default default] 10.0.0.76 "DELETE /v2.0/security-group-rules/00771a99-94e5-40b0-aaba-e0890b672b38 HTTP/1.1" status: 204 len: 168 time: 0.2671092
2026-05-27 01:50:15.713 10 INFO neutron.db.ovn_revision_numbers_db [None req-2ceb2c1a-ad38-4c18-b84f-665e3d9eb8d9 7e438538ebf94d93a281519be478a33c c3556112c77c41e7bd3f2f9a27619e5f - - default default] Successfully bumped revision number for resource 4d7a9511-1977-4436-8d77-75057264dd03 (type: security_group_rules) to 0
2026-05-27 01:50:15.719 9 INFO neutron.wsgi [None req-f2523f2b-c891-4c17-8959-1f566be170f1 5519f695a6334c1da930b6c177c21b55 4c32c72b522c47c580d98335c073fcc6 - - default default] 10.0.0.76 "GET /v2.0/security-group-rules HTTP/1.1" status: 200 len: 3755 time: 0.1273906
2026-05-27 01:50:15.732 10 WARNING neutron_lib.context [None req-5a1a6a0a-6dba-449f-b95d-54d8ddfde4da 5519f695a6334c1da930b6c177c21b55 4c32c72b522c47c580d98335c073fcc6 - - default default] Method 'is_advsvc' is deprecated since 2023.2 release (neutron-lib 3.8.0) and will be removed once support for the old RBAC API policies will be removed from Neutron. Please use method 'is_service_role' instead.
2026-05-27 01:50:15.735 9 INFO neutron.db.ovn_revision_numbers_db [None req-d95ceddc-f057-4f65-96ac-aabc7b061b85 306975a3df78430180d76c0ee1b17a07 517fb006b7b246c3b168b1ecc35a8fb4 - - default default] Successfully bumped revision number for resource 4b0e7759-f4ea-46a2-86b5-a781211ce137 (type: networks) to 1
2026-05-27 01:50:15.753 10 INFO neutron.wsgi [None req-2ceb2c1a-ad38-4c18-b84f-665e3d9eb8d9 7e438538ebf94d93a281519be478a33c c3556112c77c41e7bd3f2f9a27619e5f - - default default] 10.0.0.76 "POST /v2.0/security-group-rules HTTP/1.1" status: 201 len: 796 time: 0.1858990
2026-05-27 01:50:15.764 9 WARNING neutron_lib.context [None req-158f4552-db9d-4035-ade3-ecae6bdde457 7e438538ebf94d93a281519be478a33c c3556112c77c41e7bd3f2f9a27619e5f - - default default] Method 'is_advsvc' is deprecated since 2023.2 release (neutron-lib 3.8.0) and will be removed once support for the old RBAC API policies will be removed from Neutron. Please use method 'is_service_role' instead.
2026-05-27 01:50:15.855 10 INFO neutron.db.ovn_revision_numbers_db [None req-5a1a6a0a-6dba-449f-b95d-54d8ddfde4da 5519f695a6334c1da930b6c177c21b55 4c32c72b522c47c580d98335c073fcc6 - - default default] Successfully bumped revision number for resource 98f3e4a9-4a9c-4e30-9e55-72a475a853b5 (type: security_group_rules) to 0
2026-05-27 01:50:15.881 10 INFO neutron.wsgi [None req-5a1a6a0a-6dba-449f-b95d-54d8ddfde4da 5519f695a6334c1da930b6c177c21b55 4c32c72b522c47c580d98335c073fcc6 - - default default] 10.0.0.76 "POST /v2.0/security-group-rules HTTP/1.1" status: 201 len: 800 time: 0.1554732
2026-05-27 01:50:15.902 10 INFO neutron.wsgi [None req-55bf7f9b-369c-433c-9a39-d83c339a17b6 5519f695a6334c1da930b6c177c21b55 4c32c72b522c47c580d98335c073fcc6 - - default default] 10.0.0.76 "GET /v2.0/security-group-rules/98f3e4a9-4a9c-4e30-9e55-72a475a853b5 HTTP/1.1" status: 200 len: 795 time: 0.0163679
2026-05-27 01:50:15.947 9 WARNING neutron.scheduler.dhcp_agent_scheduler [None req-d95ceddc-f057-4f65-96ac-aabc7b061b85 306975a3df78430180d76c0ee1b17a07 517fb006b7b246c3b168b1ecc35a8fb4 - - default default] No more DHCP agents
2026-05-27 01:50:15.953 9 WARNING neutron.api.rpc.agentnotifiers.dhcp_rpc_agent_api [None req-d95ceddc-f057-4f65-96ac-aabc7b061b85 306975a3df78430180d76c0ee1b17a07 517fb006b7b246c3b168b1ecc35a8fb4 - - default default] Unable to schedule network 4b0e7759-f4ea-46a2-86b5-a781211ce137: no agents available; will retry on subsequent port and subnet creation events.
2026-05-27 01:50:15.971 10 INFO neutron.wsgi [None req-5e8b8262-5301-4314-a91c-895f289150d4 5519f695a6334c1da930b6c177c21b55 4c32c72b522c47c580d98335c073fcc6 - - default default] 10.0.0.76 "GET /v2.0/security-group-rules HTTP/1.1" status: 200 len: 4333 time: 0.0647566
2026-05-27 01:50:15.983 9 INFO neutron.db.ovn_revision_numbers_db [None req-158f4552-db9d-4035-ade3-ecae6bdde457 7e438538ebf94d93a281519be478a33c c3556112c77c41e7bd3f2f9a27619e5f - - default default] Successfully bumped revision number for resource 57081113-b303-4cf4-b1a4-77880749fe82 (type: security_group_rules) to 0
2026-05-27 01:50:16.020 9 INFO neutron.wsgi [None req-158f4552-db9d-4035-ade3-ecae6bdde457 7e438538ebf94d93a281519be478a33c c3556112c77c41e7bd3f2f9a27619e5f - - default default] 10.0.0.76 "POST /v2.0/security-group-rules HTTP/1.1" status: 201 len: 801 time: 0.2618132
2026-05-27 01:50:16.034 10 WARNING neutron_lib.context [None req-3bf3cc28-e4ba-4ff8-8465-2f5495b5dc63 7e438538ebf94d93a281519be478a33c c3556112c77c41e7bd3f2f9a27619e5f - - default default] Method 'is_advsvc' is deprecated since 2023.2 release (neutron-lib 3.8.0) and will be removed once support for the old RBAC API policies will be removed from Neutron. Please use method 'is_service_role' instead.
2026-05-27 01:50:16.116 10 INFO neutron.wsgi [None req-7baf833f-53ef-44e2-8137-c7acf8559049 5519f695a6334c1da930b6c177c21b55 4c32c72b522c47c580d98335c073fcc6 - - default default] 10.0.0.76 "DELETE /v2.0/security-group-rules/98f3e4a9-4a9c-4e30-9e55-72a475a853b5 HTTP/1.1" status: 204 len: 168 time: 0.1389337
2026-05-27 01:50:16.209 10 INFO neutron.wsgi [None req-1e0fb83a-993c-4d35-a2cb-5cbd0ce6bb67 5519f695a6334c1da930b6c177c21b55 4c32c72b522c47c580d98335c073fcc6 - - default default] 10.0.0.76 "GET /v2.0/security-group-rules HTTP/1.1" status: 200 len: 3755 time: 0.0852683
2026-05-27 01:50:16.221 10 WARNING neutron_lib.context [None req-8897c570-0c76-4e2e-a534-c5d2429ceba6 5519f695a6334c1da930b6c177c21b55 4c32c72b522c47c580d98335c073fcc6 - - default default] Method 'is_advsvc' is deprecated since 2023.2 release (neutron-lib 3.8.0) and will be removed once support for the old RBAC API policies will be removed from Neutron. Please use method 'is_service_role' instead.
2026-05-27 01:50:16.231 10 INFO neutron.wsgi [None req-c434b6e3-fb06-4502-8db8-55179f8f9654 9b79efb632104899a29982ab5c7db7f5 1c23899b06fb4ba49e519f066ce75c14 - - default default] 10.0.0.76 "GET /v2.0/security-groups?tenant_id=d30519e8f9e54b93b7727c794aaba5db&name=default HTTP/1.1" status: 200 len: 3120 time: 0.1778195
2026-05-27 01:50:16.284 10 INFO neutron.db.securitygroups_db [None req-8897c570-0c76-4e2e-a534-c5d2429ceba6 5519f695a6334c1da930b6c177c21b55 4c32c72b522c47c580d98335c073fcc6 - - default default] Project 4c32c72b522c47c580d98335c073fcc6 added a security group rule with legacy IPv6 ICMP protocol name icmp, ipv6-icmp should be used instead. It was automatically converted.
2026-05-27 01:50:16.346 9 INFO neutron.db.ovn_revision_numbers_db [None req-d95ceddc-f057-4f65-96ac-aabc7b061b85 306975a3df78430180d76c0ee1b17a07 517fb006b7b246c3b168b1ecc35a8fb4 - - default default] Successfully bumped revision number for resource 6bf690ff-586e-4526-9987-bd18eaf89fa7 (type: ports) to 1
2026-05-27 01:50:16.369 9 INFO neutron.wsgi [None req-d95ceddc-f057-4f65-96ac-aabc7b061b85 306975a3df78430180d76c0ee1b17a07 517fb006b7b246c3b168b1ecc35a8fb4 - - default default] 10.0.0.76 "POST /v2.0/networks HTTP/1.1" status: 201 len: 843 time: 1.1968534
2026-05-27 01:50:16.384 10 WARNING neutron.scheduler.dhcp_agent_scheduler [None req-3bf3cc28-e4ba-4ff8-8465-2f5495b5dc63 7e438538ebf94d93a281519be478a33c c3556112c77c41e7bd3f2f9a27619e5f - - default default] No more DHCP agents
2026-05-27 01:50:16.392 10 WARNING neutron.api.rpc.agentnotifiers.dhcp_rpc_agent_api [None req-3bf3cc28-e4ba-4ff8-8465-2f5495b5dc63 7e438538ebf94d93a281519be478a33c c3556112c77c41e7bd3f2f9a27619e5f - - default default] Unable to schedule network 8c9f9782-a40c-4944-bf8b-e87dac191b04: no agents available; will retry on subsequent port and subnet creation events.
2026-05-27 01:50:16.414 9 WARNING neutron_lib.context [None req-1299f0ec-15ef-4794-abd9-eca222b5cac0 306975a3df78430180d76c0ee1b17a07 517fb006b7b246c3b168b1ecc35a8fb4 - - default default] Method 'is_advsvc' is deprecated since 2023.2 release (neutron-lib 3.8.0) and will be removed once support for the old RBAC API policies will be removed from Neutron. Please use method 'is_service_role' instead.
2026-05-27 01:50:16.437 10 INFO neutron.db.ovn_revision_numbers_db [None req-8897c570-0c76-4e2e-a534-c5d2429ceba6 5519f695a6334c1da930b6c177c21b55 4c32c72b522c47c580d98335c073fcc6 - - default default] Successfully bumped revision number for resource bcededa5-c3f5-4424-b37a-eb3e6004501e (type: security_group_rules) to 0
2026-05-27 01:50:16.472 10 INFO neutron.wsgi [None req-8897c570-0c76-4e2e-a534-c5d2429ceba6 5519f695a6334c1da930b6c177c21b55 4c32c72b522c47c580d98335c073fcc6 - - default default] 10.0.0.76 "POST /v2.0/security-group-rules HTTP/1.1" status: 201 len: 806 time: 0.2560577
2026-05-27 01:50:16.503 10 INFO neutron.wsgi [None req-27129b2e-6e62-46c3-9a5c-43d7a4c42261 5519f695a6334c1da930b6c177c21b55 4c32c72b522c47c580d98335c073fcc6 - - default default] 10.0.0.76 "GET /v2.0/security-group-rules/bcededa5-c3f5-4424-b37a-eb3e6004501e HTTP/1.1" status: 200 len: 801 time: 0.0254409
2026-05-27 01:50:16.592 9 INFO neutron.wsgi [None req-c21f871f-5717-4101-a514-4bab80369d80 5519f695a6334c1da930b6c177c21b55 4c32c72b522c47c580d98335c073fcc6 - - default default] 10.0.0.76 "GET /v2.0/security-group-rules HTTP/1.1" status: 200 len: 4339 time: 0.0802670
2026-05-27 01:50:16.600 10 INFO neutron.wsgi [None req-fbc359eb-789f-4aa3-b7b5-ebd7c11b7276 9b79efb632104899a29982ab5c7db7f5 1c23899b06fb4ba49e519f066ce75c14 - - default default] 10.0.0.76 "DELETE /v2.0/security-groups/8b4fa96c-54d7-4dec-a371-9a8ed97532a6 HTTP/1.1" status: 204 len: 168 time: 0.3619976
2026-05-27 01:50:16.678 9 WARNING neutron.scheduler.dhcp_agent_scheduler [None req-1299f0ec-15ef-4794-abd9-eca222b5cac0 306975a3df78430180d76c0ee1b17a07 517fb006b7b246c3b168b1ecc35a8fb4 - - default default] No more DHCP agents
2026-05-27 01:50:16.680 9 WARNING neutron.api.rpc.agentnotifiers.dhcp_rpc_agent_api [None req-1299f0ec-15ef-4794-abd9-eca222b5cac0 306975a3df78430180d76c0ee1b17a07 517fb006b7b246c3b168b1ecc35a8fb4 - - default default] Unable to schedule network 4b0e7759-f4ea-46a2-86b5-a781211ce137: no agents available; will retry on subsequent port and subnet creation events.
2026-05-27 01:50:16.740 10 INFO neutron.wsgi [None req-3bf3cc28-e4ba-4ff8-8465-2f5495b5dc63 7e438538ebf94d93a281519be478a33c c3556112c77c41e7bd3f2f9a27619e5f - - default default] 10.0.0.76 "POST /v2.0/floatingips HTTP/1.1" status: 201 len: 751 time: 0.7131798
2026-05-27 01:50:16.756 9 INFO neutron.wsgi [None req-701786bb-b109-4073-8489-1a21bd67eb2d 5519f695a6334c1da930b6c177c21b55 4c32c72b522c47c580d98335c073fcc6 - - default default] 10.0.0.76 "DELETE /v2.0/security-group-rules/bcededa5-c3f5-4424-b37a-eb3e6004501e HTTP/1.1" status: 204 len: 168 time: 0.1569967
2026-05-27 01:50:16.828 10 INFO neutron.wsgi [None req-42fc37d4-cc99-40dd-bd79-139c2c4ee3ef 5519f695a6334c1da930b6c177c21b55 4c32c72b522c47c580d98335c073fcc6 - - default default] 10.0.0.76 "GET /v2.0/security-group-rules HTTP/1.1" status: 200 len: 3755 time: 0.0634522
2026-05-27 01:50:16.945 10 INFO neutron.wsgi [None req-28cb38e7-6955-44fb-bef9-58239ea7430b 5519f695a6334c1da930b6c177c21b55 4c32c72b522c47c580d98335c073fcc6 - - default default] 10.0.0.76 "DELETE /v2.0/security-groups/05f59bf5-61fa-46dc-8ff0-5fde2fe7831b HTTP/1.1" status: 204 len: 168 time: 0.1117072
2026-05-27 01:50:16.994 10 INFO neutron.wsgi [None req-bbb056a3-90ab-4e2f-92ad-b39e8c071fb6 5519f695a6334c1da930b6c177c21b55 4c32c72b522c47c580d98335c073fcc6 - - default default] 10.0.0.76 "GET /v2.0/security-groups HTTP/1.1" status: 200 len: 3120 time: 0.0429204
2026-05-27 01:50:17.046 9 INFO neutron.wsgi [None req-719e7245-caa1-495f-b726-7413795d10cd 5519f695a6334c1da930b6c177c21b55 4c32c72b522c47c580d98335c073fcc6 - - default default] 10.0.0.76 "GET /v2.0/security-groups HTTP/1.1" status: 200 len: 3120 time: 0.0445256
2026-05-27 01:50:17.174 9 INFO neutron.db.ovn_revision_numbers_db [None req-1299f0ec-15ef-4794-abd9-eca222b5cac0 306975a3df78430180d76c0ee1b17a07 517fb006b7b246c3b168b1ecc35a8fb4 - - default default] Successfully bumped revision number for resource 6bf690ff-586e-4526-9987-bd18eaf89fa7 (type: ports) to 2
2026-05-27 01:50:17.209 9 INFO neutron.db.ovn_revision_numbers_db [None req-1299f0ec-15ef-4794-abd9-eca222b5cac0 306975a3df78430180d76c0ee1b17a07 517fb006b7b246c3b168b1ecc35a8fb4 - - default default] Successfully bumped revision number for resource 70a19612-3daf-4d1e-8dec-3603daca7669 (type: subnets) to 0
2026-05-27 01:50:17.226 9 INFO neutron.wsgi [None req-1299f0ec-15ef-4794-abd9-eca222b5cac0 306975a3df78430180d76c0ee1b17a07 517fb006b7b246c3b168b1ecc35a8fb4 - - default default] 10.0.0.76 "POST /v2.0/subnets HTTP/1.1" status: 201 len: 816 time: 0.8217237
2026-05-27 01:50:17.240 10 WARNING neutron_lib.context [None req-58406722-ce90-4001-b42e-d909b63966bd 306975a3df78430180d76c0ee1b17a07 517fb006b7b246c3b168b1ecc35a8fb4 - - default default] Method 'is_advsvc' is deprecated since 2023.2 release (neutron-lib 3.8.0) and will be removed once support for the old RBAC API policies will be removed from Neutron. Please use method 'is_service_role' instead.
2026-05-27 01:50:17.242 9 INFO neutron.wsgi [req-53762c9c-54a0-49d1-8d0b-cfc9cf559014 req-75964df0-8c4f-44ca-936b-7efa4240ce7f 7e438538ebf94d93a281519be478a33c c3556112c77c41e7bd3f2f9a27619e5f - - default default] 10.0.0.103 "GET /v2.0/security-groups?name=tempest-securitygroup--48107918&fields=id&tenant_id=c3556112c77c41e7bd3f2f9a27619e5f HTTP/1.1" status: 200 len: 267 time: 0.0443249
2026-05-27 01:50:17.334 10 INFO neutron.db.segments_db [None req-58406722-ce90-4001-b42e-d909b63966bd 306975a3df78430180d76c0ee1b17a07 517fb006b7b246c3b168b1ecc35a8fb4 - - default default] Added segment 692670af-4a42-4b16-ad2b-eceefd51e034 of type geneve for network 0530fd62-9257-4fa2-96b4-22b80bbbb910
2026-05-27 01:50:17.349 9 INFO neutron.wsgi [req-53762c9c-54a0-49d1-8d0b-cfc9cf559014 req-ff21c20c-d488-4847-8a52-909cde8d7833 7e438538ebf94d93a281519be478a33c c3556112c77c41e7bd3f2f9a27619e5f - - default default] 10.0.0.103 "GET /v2.0/networks?id=28cf28bc-3849-4da1-b8e4-af1bb02ce0ea HTTP/1.1" status: 200 len: 875 time: 0.0965152
2026-05-27 01:50:17.367 9 INFO neutron.wsgi [req-53762c9c-54a0-49d1-8d0b-cfc9cf559014 req-36cc1a04-d200-4458-b563-797ce77a2305 7e438538ebf94d93a281519be478a33c c3556112c77c41e7bd3f2f9a27619e5f - - default default] 10.0.0.103 "GET /v2.0/quotas/c3556112c77c41e7bd3f2f9a27619e5f HTTP/1.1" status: 200 len: 491 time: 0.0111883
2026-05-27 01:50:17.459 9 INFO neutron.wsgi [req-53762c9c-54a0-49d1-8d0b-cfc9cf559014 req-cbc6721a-fb5c-482f-adff-1479d3471d65 7e438538ebf94d93a281519be478a33c c3556112c77c41e7bd3f2f9a27619e5f - - default default] 10.0.0.103 "GET /v2.0/ports?tenant_id=c3556112c77c41e7bd3f2f9a27619e5f&fields=id HTTP/1.1" status: 200 len: 302 time: 0.0873213
2026-05-27 01:50:17.474 10 INFO neutron.db.ovn_revision_numbers_db [None req-58406722-ce90-4001-b42e-d909b63966bd 306975a3df78430180d76c0ee1b17a07 517fb006b7b246c3b168b1ecc35a8fb4 - - default default] Successfully bumped revision number for resource 0530fd62-9257-4fa2-96b4-22b80bbbb910 (type: networks) to 1
2026-05-27 01:50:17.518 9 INFO neutron.wsgi [req-53762c9c-54a0-49d1-8d0b-cfc9cf559014 req-3fc0e27f-02ee-47ee-bbbf-2af4d6fc7343 fc69de7d45ee4886828c95b3c0500558 c060b4b2087b4a8a975ad4099f2ce171 - - d5fe3bbb03c64be7acb79c7309a0a069 d5fe3bbb03c64be7acb79c7309a0a069] 10.0.0.103 "GET /v2.0/networks/28cf28bc-3849-4da1-b8e4-af1bb02ce0ea?fields=segments HTTP/1.1" status: 200 len: 212 time: 0.0472112
2026-05-27 01:50:17.576 9 INFO neutron.wsgi [req-53762c9c-54a0-49d1-8d0b-cfc9cf559014 req-bc953003-e9a1-4cee-aaa9-1707284db4d9 fc69de7d45ee4886828c95b3c0500558 c060b4b2087b4a8a975ad4099f2ce171 - - d5fe3bbb03c64be7acb79c7309a0a069 d5fe3bbb03c64be7acb79c7309a0a069] 10.0.0.103 "GET /v2.0/networks/28cf28bc-3849-4da1-b8e4-af1bb02ce0ea?fields=provider%3Aphysical_network&fields=provider%3Anetwork_type HTTP/1.1" status: 200 len: 277 time: 0.0512881
2026-05-27 01:50:17.647 9 INFO neutron.wsgi [None req-b6169c51-08ef-49f9-b100-57d63bf8af64 9b79efb632104899a29982ab5c7db7f5 1c23899b06fb4ba49e519f066ce75c14 - - default default] 10.0.0.76 "GET /v2.0/security-groups?tenant_id=4c32c72b522c47c580d98335c073fcc6&name=default HTTP/1.1" status: 200 len: 3120 time: 0.1825876
2026-05-27 01:50:17.671 10 WARNING neutron.scheduler.dhcp_agent_scheduler [None req-58406722-ce90-4001-b42e-d909b63966bd 306975a3df78430180d76c0ee1b17a07 517fb006b7b246c3b168b1ecc35a8fb4 - - default default] No more DHCP agents
2026-05-27 01:50:17.675 10 WARNING neutron.api.rpc.agentnotifiers.dhcp_rpc_agent_api [None req-58406722-ce90-4001-b42e-d909b63966bd 306975a3df78430180d76c0ee1b17a07 517fb006b7b246c3b168b1ecc35a8fb4 - - default default] Unable to schedule network 0530fd62-9257-4fa2-96b4-22b80bbbb910: no agents available; will retry on subsequent port and subnet creation events.
2026-05-27 01:50:17.708 9 INFO neutron.wsgi [req-f397f811-dbb1-427b-8749-3cda61a8c6f2 req-68274e5d-a926-40ac-a9de-1b1ef13de05d 7e438538ebf94d93a281519be478a33c c3556112c77c41e7bd3f2f9a27619e5f - - default default] 10.0.0.103 "GET /v2.0/ports?device_id=610200af-bfa3-4d7b-a237-01c2f17448c9 HTTP/1.1" status: 200 len: 210 time: 0.0236533
2026-05-27 01:50:17.770 10 INFO neutron.db.ovn_revision_numbers_db [None req-58406722-ce90-4001-b42e-d909b63966bd 306975a3df78430180d76c0ee1b17a07 517fb006b7b246c3b168b1ecc35a8fb4 - - default default] Successfully bumped revision number for resource 60178152-8792-474c-bea7-2ae86773aacf (type: ports) to 1
2026-05-27 01:50:17.799 10 INFO neutron.wsgi [None req-58406722-ce90-4001-b42e-d909b63966bd 306975a3df78430180d76c0ee1b17a07 517fb006b7b246c3b168b1ecc35a8fb4 - - default default] 10.0.0.76 "POST /v2.0/networks HTTP/1.1" status: 201 len: 843 time: 0.5649235
2026-05-27 01:50:17.915 9 INFO neutron.wsgi [None req-4d137810-f0bc-45af-8d2b-90a8a1a90662 9b79efb632104899a29982ab5c7db7f5 1c23899b06fb4ba49e519f066ce75c14 - - default default] 10.0.0.76 "DELETE /v2.0/security-groups/1ce8b5d7-980a-42d9-baa1-0f495fbece86 HTTP/1.1" status: 204 len: 168 time: 0.2642181
2026-05-27 01:50:18.039 10 INFO neutron.db.ovn_revision_numbers_db [None req-ffdc2247-e33c-4b71-91e0-88e087ec4b70 306975a3df78430180d76c0ee1b17a07 517fb006b7b246c3b168b1ecc35a8fb4 - - default default] Successfully bumped revision number for resource 0530fd62-9257-4fa2-96b4-22b80bbbb910 (type: networks) to 2
2026-05-27 01:50:18.046 10 INFO neutron.wsgi [None req-ffdc2247-e33c-4b71-91e0-88e087ec4b70 306975a3df78430180d76c0ee1b17a07 517fb006b7b246c3b168b1ecc35a8fb4 - - default default] 10.0.0.76 "PUT /v2.0/networks/0530fd62-9257-4fa2-96b4-22b80bbbb910 HTTP/1.1" status: 200 len: 792 time: 0.2409599
2026-05-27 01:50:18.070 10 WARNING neutron_lib.context [None req-434afbaf-6096-48ac-a7f2-72d151482795 306975a3df78430180d76c0ee1b17a07 517fb006b7b246c3b168b1ecc35a8fb4 - - default default] Method 'is_advsvc' is deprecated since 2023.2 release (neutron-lib 3.8.0) and will be removed once support for the old RBAC API policies will be removed from Neutron. Please use method 'is_service_role' instead.
2026-05-27 01:50:18.366 10 WARNING neutron.scheduler.dhcp_agent_scheduler [None req-434afbaf-6096-48ac-a7f2-72d151482795 306975a3df78430180d76c0ee1b17a07 517fb006b7b246c3b168b1ecc35a8fb4 - - default default] No more DHCP agents
2026-05-27 01:50:18.368 10 WARNING neutron.api.rpc.agentnotifiers.dhcp_rpc_agent_api [None req-434afbaf-6096-48ac-a7f2-72d151482795 306975a3df78430180d76c0ee1b17a07 517fb006b7b246c3b168b1ecc35a8fb4 - - default default] Unable to schedule network 0530fd62-9257-4fa2-96b4-22b80bbbb910: no agents available; will retry on subsequent port and subnet creation events.
2026-05-27 01:50:18.509 10 WARNING neutron_lib.context [None req-d73130b3-4443-4166-810c-23ade4e6a19b 2cd4625bac0f4048a8c704c260ea3fbb a06d139f168c4564bb43fc4bd26a9195 - - default default] Method 'is_advsvc' is deprecated since 2023.2 release (neutron-lib 3.8.0) and will be removed once support for the old RBAC API policies will be removed from Neutron. Please use method 'is_service_role' instead.
2026-05-27 01:50:18.534 9 INFO neutron.wsgi [req-53762c9c-54a0-49d1-8d0b-cfc9cf559014 req-08d89e3e-fe6a-4081-be93-6ff8dff4f5bb 7e438538ebf94d93a281519be478a33c c3556112c77c41e7bd3f2f9a27619e5f - - default default] 199.204.45.140 "GET /v2.0/networks?id=28cf28bc-3849-4da1-b8e4-af1bb02ce0ea HTTP/1.1" status: 200 len: 875 time: 0.0926306
2026-05-27 01:50:18.583 9 INFO neutron.wsgi [req-53762c9c-54a0-49d1-8d0b-cfc9cf559014 req-9a0ff3eb-29c9-4687-8d81-d29959981452 7e438538ebf94d93a281519be478a33c c3556112c77c41e7bd3f2f9a27619e5f - - default default] 199.204.45.140 "GET /v2.0/security-groups?fields=id&fields=name&tenant_id=c3556112c77c41e7bd3f2f9a27619e5f HTTP/1.1" status: 200 len: 378 time: 0.0436995
2026-05-27 01:50:18.592 9 WARNING neutron_lib.context [req-53762c9c-54a0-49d1-8d0b-cfc9cf559014 req-a9bc7986-a6f5-42fb-90af-b4f17678a046 7e438538ebf94d93a281519be478a33c c3556112c77c41e7bd3f2f9a27619e5f - - default default] Method 'is_advsvc' is deprecated since 2023.2 release (neutron-lib 3.8.0) and will be removed once support for the old RBAC API policies will be removed from Neutron. Please use method 'is_service_role' instead.
2026-05-27 01:50:18.804 9 INFO neutron.wsgi [req-6a3a302a-2320-414b-a099-e9cf30c2701c req-5cc910df-d3f4-4db9-9149-d803668bb7ce 7e438538ebf94d93a281519be478a33c c3556112c77c41e7bd3f2f9a27619e5f - - default default] 10.0.0.103 "GET /v2.0/ports?device_id=610200af-bfa3-4d7b-a237-01c2f17448c9 HTTP/1.1" status: 200 len: 210 time: 0.0306072
2026-05-27 01:50:18.950 10 INFO neutron.db.ovn_revision_numbers_db [None req-d73130b3-4443-4166-810c-23ade4e6a19b 2cd4625bac0f4048a8c704c260ea3fbb a06d139f168c4564bb43fc4bd26a9195 - - default default] Successfully bumped revision number for resource 96e05404-fb47-447c-9558-0a4065477030 (type: security_groups) to 1
2026-05-27 01:50:18.973 10 INFO neutron.db.ovn_revision_numbers_db [None req-d73130b3-4443-4166-810c-23ade4e6a19b 2cd4625bac0f4048a8c704c260ea3fbb a06d139f168c4564bb43fc4bd26a9195 - - default default] Successfully bumped revision number for resource 0c87ff31-5e23-4619-9f31-ca67f95f35f9 (type: security_group_rules) to 0
2026-05-27 01:50:18.990 10 INFO neutron.db.ovn_revision_numbers_db [None req-d73130b3-4443-4166-810c-23ade4e6a19b 2cd4625bac0f4048a8c704c260ea3fbb a06d139f168c4564bb43fc4bd26a9195 - - default default] Successfully bumped revision number for resource 473d94d2-563d-4713-9963-d3bc18adff52 (type: security_group_rules) to 0
2026-05-27 01:50:19.013 10 INFO neutron.db.ovn_revision_numbers_db [None req-d73130b3-4443-4166-810c-23ade4e6a19b 2cd4625bac0f4048a8c704c260ea3fbb a06d139f168c4564bb43fc4bd26a9195 - - default default] Successfully bumped revision number for resource 7fa246e0-6383-4e22-b1a2-4f88c1804256 (type: security_group_rules) to 0
2026-05-27 01:50:19.015 9 WARNING neutron.scheduler.dhcp_agent_scheduler [req-53762c9c-54a0-49d1-8d0b-cfc9cf559014 req-a9bc7986-a6f5-42fb-90af-b4f17678a046 7e438538ebf94d93a281519be478a33c c3556112c77c41e7bd3f2f9a27619e5f - - default default] No more DHCP agents
2026-05-27 01:50:19.018 9 WARNING neutron.api.rpc.agentnotifiers.dhcp_rpc_agent_api [req-53762c9c-54a0-49d1-8d0b-cfc9cf559014 req-a9bc7986-a6f5-42fb-90af-b4f17678a046 7e438538ebf94d93a281519be478a33c c3556112c77c41e7bd3f2f9a27619e5f - - default default] Unable to schedule network 28cf28bc-3849-4da1-b8e4-af1bb02ce0ea: no agents available; will retry on subsequent port and subnet creation events.
2026-05-27 01:50:19.032 10 INFO neutron.db.ovn_revision_numbers_db [None req-d73130b3-4443-4166-810c-23ade4e6a19b 2cd4625bac0f4048a8c704c260ea3fbb a06d139f168c4564bb43fc4bd26a9195 - - default default] Successfully bumped revision number for resource b732f3a4-cb07-46e2-994b-c012b6661c55 (type: security_group_rules) to 0
2026-05-27 01:50:19.091 10 INFO neutron.db.segments_db [None req-d73130b3-4443-4166-810c-23ade4e6a19b 2cd4625bac0f4048a8c704c260ea3fbb a06d139f168c4564bb43fc4bd26a9195 - - default default] Added segment ff6adc24-7570-4a2e-8026-4934eeba01eb of type geneve for network ca1debb6-0df3-4870-b77d-7d266446ee88
2026-05-27 01:50:19.154 10 INFO neutron.db.ovn_revision_numbers_db [None req-434afbaf-6096-48ac-a7f2-72d151482795 306975a3df78430180d76c0ee1b17a07 517fb006b7b246c3b168b1ecc35a8fb4 - - default default] Successfully bumped revision number for resource 60178152-8792-474c-bea7-2ae86773aacf (type: ports) to 2
2026-05-27 01:50:19.194 9 INFO neutron.db.ovn_revision_numbers_db [req-53762c9c-54a0-49d1-8d0b-cfc9cf559014 req-a9bc7986-a6f5-42fb-90af-b4f17678a046 7e438538ebf94d93a281519be478a33c c3556112c77c41e7bd3f2f9a27619e5f - - default default] Successfully bumped revision number for resource 3089151b-fe96-443f-b4cb-636251e1cf83 (type: ports) to 1
2026-05-27 01:50:19.224 10 INFO neutron.db.ovn_revision_numbers_db [None req-434afbaf-6096-48ac-a7f2-72d151482795 306975a3df78430180d76c0ee1b17a07 517fb006b7b246c3b168b1ecc35a8fb4 - - default default] Successfully bumped revision number for resource d846e4c2-b78d-4687-b16d-4a0bcdfeaec2 (type: subnets) to 0
2026-05-27 01:50:19.231 9 INFO neutron.wsgi [req-53762c9c-54a0-49d1-8d0b-cfc9cf559014 req-a9bc7986-a6f5-42fb-90af-b4f17678a046 7e438538ebf94d93a281519be478a33c c3556112c77c41e7bd3f2f9a27619e5f - - default default] 199.204.45.140 "POST /v2.0/ports HTTP/1.1" status: 201 len: 1162 time: 0.6443796 /var/lib/openstack/lib/python3.10/site-packages/pycadf/identifier.py:71: UserWarning: Invalid uuid: neutron. To ensure interoperability, identifiers should be a valid uuid. warnings.warn(('Invalid uuid: %s. To ensure interoperability, '
2026-05-27 01:50:19.249 10 INFO neutron.wsgi [None req-434afbaf-6096-48ac-a7f2-72d151482795 306975a3df78430180d76c0ee1b17a07 517fb006b7b246c3b168b1ecc35a8fb4 - - default default] 10.0.0.76 "POST /v2.0/subnets HTTP/1.1" status: 201 len: 801 time: 1.1924849
2026-05-27 01:50:19.261 10 INFO neutron.db.ovn_revision_numbers_db [None req-d73130b3-4443-4166-810c-23ade4e6a19b 2cd4625bac0f4048a8c704c260ea3fbb a06d139f168c4564bb43fc4bd26a9195 - - default default] Successfully bumped revision number for resource ca1debb6-0df3-4870-b77d-7d266446ee88 (type: networks) to 1
2026-05-27 01:50:19.507 10 WARNING neutron.scheduler.dhcp_agent_scheduler [None req-d73130b3-4443-4166-810c-23ade4e6a19b 2cd4625bac0f4048a8c704c260ea3fbb a06d139f168c4564bb43fc4bd26a9195 - - default default] No more DHCP agents
2026-05-27 01:50:19.511 10 WARNING neutron.api.rpc.agentnotifiers.dhcp_rpc_agent_api [None req-d73130b3-4443-4166-810c-23ade4e6a19b 2cd4625bac0f4048a8c704c260ea3fbb a06d139f168c4564bb43fc4bd26a9195 - - default default] Unable to schedule network ca1debb6-0df3-4870-b77d-7d266446ee88: no agents available; will retry on subsequent port and subnet creation events.
2026-05-27 01:50:19.608 10 INFO neutron.db.ovn_revision_numbers_db [None req-d73130b3-4443-4166-810c-23ade4e6a19b 2cd4625bac0f4048a8c704c260ea3fbb a06d139f168c4564bb43fc4bd26a9195 - - default default] Successfully bumped revision number for resource b1fd6782-2600-495f-b8d3-e8af0f78fcc8 (type: ports) to 1
2026-05-27 01:50:19.636 10 INFO neutron.wsgi [None req-d73130b3-4443-4166-810c-23ade4e6a19b 2cd4625bac0f4048a8c704c260ea3fbb a06d139f168c4564bb43fc4bd26a9195 - - default default] 10.0.0.76 "POST /v2.0/networks HTTP/1.1" status: 201 len: 829 time: 1.3056395 /var/lib/openstack/lib/python3.10/site-packages/pycadf/identifier.py:71: UserWarning: Invalid uuid: neutron. To ensure interoperability, identifiers should be a valid uuid. warnings.warn(('Invalid uuid: %s. To ensure interoperability, '
2026-05-27 01:50:19.646 9 WARNING neutron_lib.context [None req-327db4b6-3506-42f1-bc9f-e441e4f72f68 2cd4625bac0f4048a8c704c260ea3fbb a06d139f168c4564bb43fc4bd26a9195 - - default default] Method 'is_advsvc' is deprecated since 2023.2 release (neutron-lib 3.8.0) and will be removed once support for the old RBAC API policies will be removed from Neutron. Please use method 'is_service_role' instead.
2026-05-27 01:50:19.651 10 INFO neutron.db.ovn_revision_numbers_db [None req-9fe405a1-b5c6-4f9b-b2e9-983d1df3014c 306975a3df78430180d76c0ee1b17a07 517fb006b7b246c3b168b1ecc35a8fb4 - - default default] Successfully bumped revision number for resource d846e4c2-b78d-4687-b16d-4a0bcdfeaec2 (type: subnets) to 1
2026-05-27 01:50:19.654 10 INFO neutron.wsgi [None req-9fe405a1-b5c6-4f9b-b2e9-983d1df3014c 306975a3df78430180d76c0ee1b17a07 517fb006b7b246c3b168b1ecc35a8fb4 - - default default] 10.0.0.76 "PUT /v2.0/subnets/d846e4c2-b78d-4687-b16d-4a0bcdfeaec2 HTTP/1.1" status: 200 len: 806 time: 0.4005957
2026-05-27 01:50:19.720 9 INFO neutron.db.ovn_revision_numbers_db [req-53762c9c-54a0-49d1-8d0b-cfc9cf559014 req-2470236d-b8df-4ece-ab3f-f0bba60855a6 fc69de7d45ee4886828c95b3c0500558 c060b4b2087b4a8a975ad4099f2ce171 - - d5fe3bbb03c64be7acb79c7309a0a069 d5fe3bbb03c64be7acb79c7309a0a069] Successfully bumped revision number for resource 3089151b-fe96-443f-b4cb-636251e1cf83 (type: ports) to 2
2026-05-27 01:50:19.770 9 INFO neutron.db.segments_db [None req-327db4b6-3506-42f1-bc9f-e441e4f72f68 2cd4625bac0f4048a8c704c260ea3fbb a06d139f168c4564bb43fc4bd26a9195 - - default default] Added segment 18e6ecf7-ca52-48f6-b942-f192b763a973 of type geneve for network 8654875b-18d1-423a-8cb8-4fe8b3d26536
2026-05-27 01:50:19.854 9 WARNING neutron_lib.context [None req-fd9272e2-12c7-44e7-a7aa-f304bf2c97e3 327e7e8331e74bd781f8d201ad065bf0 1e9721f681b444fdb4be336bcdf9aea0 - - default default] Method 'is_advsvc' is deprecated since 2023.2 release (neutron-lib 3.8.0) and will be removed once support for the old RBAC API policies will be removed from Neutron. Please use method 'is_service_role' instead.
2026-05-27 01:50:20.168 10 INFO neutron.services.segments.plugin [-] Segment 692670af-4a42-4b16-ad2b-eceefd51e034 resource provider aggregate not found
2026-05-27 01:50:20.174 10 INFO neutron.services.segments.plugin [-] Segment 692670af-4a42-4b16-ad2b-eceefd51e034 resource provider aggregate not found
2026-05-27 01:50:20.198 10 INFO neutron.services.segments.plugin [-] Segment 692670af-4a42-4b16-ad2b-eceefd51e034 resource provider not found; error: Placement Client Error (4xx): {"errors": [{"status": 404, "title": "Not Found", "detail": "The resource could not be found.\n\n No resource provider with uuid 692670af-4a42-4b16-ad2b-eceefd51e034 found for delete ", "request_id": "req-75bc50bf-7584-4d6c-90a8-31d4cb5c1c88"}]}
2026-05-27 01:50:20.207 10 INFO neutron.services.segments.plugin [-] Segment 692670af-4a42-4b16-ad2b-eceefd51e034 resource provider not found; error: Placement Client Error (4xx): {"errors": [{"status": 404, "title": "Not Found", "detail": "The resource could not be found.\n\n No resource provider with uuid 692670af-4a42-4b16-ad2b-eceefd51e034 found for delete ", "request_id": "req-8b144a4b-a286-4ed1-adaf-12ec0c2a1a90"}]}
2026-05-27 01:50:20.209 9 INFO neutron.wsgi [req-79bf18d7-541f-47c1-a6a4-538137fa1642 req-714a350a-ef6c-4948-905c-e355f4c0493d 7e438538ebf94d93a281519be478a33c c3556112c77c41e7bd3f2f9a27619e5f - - default default] 10.0.0.103 "GET /v2.0/ports?device_id=610200af-bfa3-4d7b-a237-01c2f17448c9 HTTP/1.1" status: 200 len: 1172 time: 0.3297682
2026-05-27 01:50:20.234 10 INFO neutron.wsgi [None req-66d3edf5-05d8-4133-b419-ceeeefd241ce 306975a3df78430180d76c0ee1b17a07 517fb006b7b246c3b168b1ecc35a8fb4 - - default default] 10.0.0.76 "DELETE /v2.0/networks/0530fd62-9257-4fa2-96b4-22b80bbbb910 HTTP/1.1" status: 204 len: 168 time: 0.5750744 /var/lib/openstack/lib/python3.10/site-packages/pycadf/identifier.py:71: UserWarning: Invalid uuid: neutron. To ensure interoperability, identifiers should be a valid uuid. warnings.warn(('Invalid uuid: %s. To ensure interoperability, '
2026-05-27 01:50:20.253 10 INFO neutron.pecan_wsgi.hooks.translation [None req-f6964c01-ced7-4516-82f4-286f940f042a 306975a3df78430180d76c0ee1b17a07 517fb006b7b246c3b168b1ecc35a8fb4 - - default default] DELETE failed (client error): The resource could not be found.
2026-05-27 01:50:20.255 10 INFO neutron.wsgi [None req-f6964c01-ced7-4516-82f4-286f940f042a 306975a3df78430180d76c0ee1b17a07 517fb006b7b246c3b168b1ecc35a8fb4 - - default default] 10.0.0.76 "DELETE /v2.0/networks/0530fd62-9257-4fa2-96b4-22b80bbbb910 HTTP/1.1" status: 404 len: 339 time: 0.0138872
2026-05-27 01:50:20.278 9 INFO neutron.wsgi [None req-fd9272e2-12c7-44e7-a7aa-f304bf2c97e3 327e7e8331e74bd781f8d201ad065bf0 1e9721f681b444fdb4be336bcdf9aea0 - - default default] 10.0.0.76 "POST /v2.0/subnetpools HTTP/1.1" status: 201 len: 747 time: 0.5919387
2026-05-27 01:50:20.279 9 WARNING neutron.plugins.ml2.drivers.ovn.mech_driver.ovsdb.ovn_client [None req-7332e26f-726c-4641-8eec-3c59f147e9ca - - - - - -] No hosting information found for port 4b000c24-7fca-4727-a327-e32dd7b8566a: RuntimeError: No hosting information found for port 4b000c24-7fca-4727-a327-e32dd7b8566a
2026-05-27 01:50:20.287 9 INFO neutron.db.ovn_revision_numbers_db [None req-327db4b6-3506-42f1-bc9f-e441e4f72f68 2cd4625bac0f4048a8c704c260ea3fbb a06d139f168c4564bb43fc4bd26a9195 - - default default] Successfully bumped revision number for resource 8654875b-18d1-423a-8cb8-4fe8b3d26536 (type: networks) to 1
2026-05-27 01:50:20.316 10 INFO neutron.wsgi [None req-a88c2b48-6683-44ff-86c3-1a453026d6fc 327e7e8331e74bd781f8d201ad065bf0 1e9721f681b444fdb4be336bcdf9aea0 - - default default] 10.0.0.76 "GET /v2.0/subnetpools/df6de640-6e8b-465e-8af0-7994a3514cfd HTTP/1.1" status: 200 len: 742 time: 0.0278475
2026-05-27 01:50:20.320 9 INFO neutron.wsgi [req-79bf18d7-541f-47c1-a6a4-538137fa1642 req-068800df-2297-49ee-8824-78a78cbe09fc 7e438538ebf94d93a281519be478a33c c3556112c77c41e7bd3f2f9a27619e5f - - default default] 10.0.0.103 "GET /v2.0/security-groups?id=98577c82-56c9-4dec-bce6-83c2d9272df5&fields=id&fields=name HTTP/1.1" status: 200 len: 311 time: 0.0874825
2026-05-27 01:50:20.339 9 INFO neutron.db.ovn_revision_numbers_db [req-53762c9c-54a0-49d1-8d0b-cfc9cf559014 req-2470236d-b8df-4ece-ab3f-f0bba60855a6 fc69de7d45ee4886828c95b3c0500558 c060b4b2087b4a8a975ad4099f2ce171 - - d5fe3bbb03c64be7acb79c7309a0a069 d5fe3bbb03c64be7acb79c7309a0a069] Successfully bumped revision number for resource 3089151b-fe96-443f-b4cb-636251e1cf83 (type: ports) to 2
2026-05-27 01:50:20.351 10 INFO neutron.wsgi [None req-4fb95f4e-0b84-42f4-a1c3-0590c900cb4f 306975a3df78430180d76c0ee1b17a07 517fb006b7b246c3b168b1ecc35a8fb4 - - default default] 10.0.0.76 "GET /v2.0/networks?router%3Aexternal=True HTTP/1.1" status: 200 len: 845 time: 0.0907111
2026-05-27 01:50:20.369 9 INFO neutron.wsgi [req-53762c9c-54a0-49d1-8d0b-cfc9cf559014 req-2470236d-b8df-4ece-ab3f-f0bba60855a6 fc69de7d45ee4886828c95b3c0500558 c060b4b2087b4a8a975ad4099f2ce171 - - d5fe3bbb03c64be7acb79c7309a0a069 d5fe3bbb03c64be7acb79c7309a0a069] 199.204.45.140 "PUT /v2.0/ports/3089151b-fe96-443f-b4cb-636251e1cf83 HTTP/1.1" status: 200 len: 1380 time: 1.1309896
2026-05-27 01:50:20.402 10 INFO neutron.wsgi [None req-b6e12b65-15c8-452b-b20d-fd04af50e8db 306975a3df78430180d76c0ee1b17a07 517fb006b7b246c3b168b1ecc35a8fb4 - - default default] 10.0.0.76 "GET /v2.0/subnets?network_id=8c9f9782-a40c-4944-bf8b-e87dac191b04 HTTP/1.1" status: 200 len: 820 time: 0.0464637
2026-05-27 01:50:20.410 9 INFO neutron.notifiers.nova [-] Nova event matching ['req-757d853a-23e3-49cc-8c83-b6a61f253d6f'] response: {'name': 'network-changed', 'server_uuid': '610200af-bfa3-4d7b-a237-01c2f17448c9', 'tag': '3089151b-fe96-443f-b4cb-636251e1cf83', 'status': 'completed', 'code': 200}
2026-05-27 01:50:20.415 10 INFO neutron.wsgi [None req-e0f0c4d1-899a-4468-926b-ac4df7af3168 306975a3df78430180d76c0ee1b17a07 517fb006b7b246c3b168b1ecc35a8fb4 - - default default] 10.0.0.76 "GET /v2.0/extensions HTTP/1.1" status: 200 len: 18678 time: 0.0064676
2026-05-27 01:50:20.420 10 INFO neutron.wsgi [None req-f3807db0-23ec-4bf3-8f4f-d76b8f9c1fed 327e7e8331e74bd781f8d201ad065bf0 1e9721f681b444fdb4be336bcdf9aea0 - - default default] 10.0.0.76 "PUT /v2.0/subnetpools/df6de640-6e8b-465e-8af0-7994a3514cfd HTTP/1.1" status: 200 len: 694 time: 0.0980933
2026-05-27 01:50:20.487 10 INFO neutron.wsgi [None req-0f7b0a89-c57d-44e7-92dd-42a72ef5d359 306975a3df78430180d76c0ee1b17a07 517fb006b7b246c3b168b1ecc35a8fb4 - - default default] 10.0.0.76 "GET /v2.0/networks HTTP/1.1" status: 200 len: 1504 time: 0.0637212
2026-05-27 01:50:20.502 9 INFO neutron.wsgi [req-53762c9c-54a0-49d1-8d0b-cfc9cf559014 req-da39952d-830a-4c42-98d9-7c6a7549432a fc69de7d45ee4886828c95b3c0500558 c060b4b2087b4a8a975ad4099f2ce171 - - d5fe3bbb03c64be7acb79c7309a0a069 d5fe3bbb03c64be7acb79c7309a0a069] 199.204.45.140 "GET /v2.0/ports?tenant_id=c3556112c77c41e7bd3f2f9a27619e5f&device_id=610200af-bfa3-4d7b-a237-01c2f17448c9 HTTP/1.1" status: 200 len: 1411 time: 0.0853245
2026-05-27 01:50:20.534 10 INFO neutron.wsgi [None req-ee097ead-f003-4a8e-88ba-8da2438bc65e 306975a3df78430180d76c0ee1b17a07 517fb006b7b246c3b168b1ecc35a8fb4 - - default default] 10.0.0.76 "GET /v2.0/subnets HTTP/1.1" status: 200 len: 1428 time: 0.0395000
2026-05-27 01:50:20.543 9 INFO neutron.wsgi [req-53762c9c-54a0-49d1-8d0b-cfc9cf559014 req-41458e7b-ce98-4eea-8e8e-cc73af697ac7 fc69de7d45ee4886828c95b3c0500558 c060b4b2087b4a8a975ad4099f2ce171 - - d5fe3bbb03c64be7acb79c7309a0a069 d5fe3bbb03c64be7acb79c7309a0a069] 199.204.45.140 "GET /v2.0/floatingips?fixed_ip_address=10.100.0.10&port_id=3089151b-fe96-443f-b4cb-636251e1cf83 HTTP/1.1" status: 200 len: 217 time: 0.0315344
2026-05-27 01:50:20.569 9 INFO neutron.wsgi [None req-180c640d-5517-484c-8978-4bff7b582f81 327e7e8331e74bd781f8d201ad065bf0 1e9721f681b444fdb4be336bcdf9aea0 - - default default] 10.0.0.76 "DELETE /v2.0/subnetpools/df6de640-6e8b-465e-8af0-7994a3514cfd HTTP/1.1" status: 204 len: 168 time: 0.1389852
2026-05-27 01:50:20.581 9 WARNING neutron.scheduler.dhcp_agent_scheduler [None req-327db4b6-3506-42f1-bc9f-e441e4f72f68 2cd4625bac0f4048a8c704c260ea3fbb a06d139f168c4564bb43fc4bd26a9195 - - default default] No more DHCP agents
2026-05-27 01:50:20.585 9 WARNING neutron.api.rpc.agentnotifiers.dhcp_rpc_agent_api [None req-327db4b6-3506-42f1-bc9f-e441e4f72f68 2cd4625bac0f4048a8c704c260ea3fbb a06d139f168c4564bb43fc4bd26a9195 - - default default] Unable to schedule network 8654875b-18d1-423a-8cb8-4fe8b3d26536: no agents available; will retry on subsequent port and subnet creation events.
2026-05-27 01:50:20.592 10 INFO neutron.api.v2.resource [None req-4f1f8c9b-50c1-489a-9d45-95d540ff853d 327e7e8331e74bd781f8d201ad065bf0 1e9721f681b444fdb4be336bcdf9aea0 - - default default] show failed (client error): The resource could not be found.
2026-05-27 01:50:20.593 10 INFO neutron.wsgi [None req-4f1f8c9b-50c1-489a-9d45-95d540ff853d 327e7e8331e74bd781f8d201ad065bf0 1e9721f681b444fdb4be336bcdf9aea0 - - default default] 10.0.0.76 "GET /v2.0/subnetpools/df6de640-6e8b-465e-8af0-7994a3514cfd HTTP/1.1" status: 404 len: 346 time: 0.0154183
2026-05-27 01:50:20.601 9 INFO neutron.wsgi [req-53762c9c-54a0-49d1-8d0b-cfc9cf559014 req-cf762f47-86d6-4f69-b97c-0d76432d6372 fc69de7d45ee4886828c95b3c0500558 c060b4b2087b4a8a975ad4099f2ce171 - - d5fe3bbb03c64be7acb79c7309a0a069 d5fe3bbb03c64be7acb79c7309a0a069] 199.204.45.140 "GET /v2.0/subnets?id=fdb6fa3d-2ac7-4a81-ac95-c7947d6a7f69 HTTP/1.1" status: 200 len: 869 time: 0.0481207
2026-05-27 01:50:20.614 10 INFO neutron.api.v2.resource [None req-49efc4ed-fe24-41ae-a49d-a3fff347e63d 327e7e8331e74bd781f8d201ad065bf0 1e9721f681b444fdb4be336bcdf9aea0 - - default default] delete failed (client error): The resource could not be found.
2026-05-27 01:50:20.615 10 INFO neutron.wsgi [None req-49efc4ed-fe24-41ae-a49d-a3fff347e63d 327e7e8331e74bd781f8d201ad065bf0 1e9721f681b444fdb4be336bcdf9aea0 - - default default] 10.0.0.76 "DELETE /v2.0/subnetpools/df6de640-6e8b-465e-8af0-7994a3514cfd HTTP/1.1" status: 404 len: 346 time: 0.0168414
2026-05-27 01:50:20.623 10 INFO neutron.wsgi [None req-00641cf3-b627-4eba-92e4-c13a87fde1af 306975a3df78430180d76c0ee1b17a07 517fb006b7b246c3b168b1ecc35a8fb4 - - default default] 10.0.0.76 "GET /v2.0/networks/4b0e7759-f4ea-46a2-86b5-a781211ce137 HTTP/1.1" status: 200 len: 863 time: 0.0839717
2026-05-27 01:50:20.640 9 INFO neutron.wsgi [req-53762c9c-54a0-49d1-8d0b-cfc9cf559014 req-ee1442fa-baac-4bb2-8a4e-e05915659dd6 fc69de7d45ee4886828c95b3c0500558 c060b4b2087b4a8a975ad4099f2ce171 - - d5fe3bbb03c64be7acb79c7309a0a069 d5fe3bbb03c64be7acb79c7309a0a069] 199.204.45.140 "GET /v2.0/ports?network_id=28cf28bc-3849-4da1-b8e4-af1bb02ce0ea&device_owner=network%3Adhcp HTTP/1.1" status: 200 len: 210 time: 0.0273936
2026-05-27 01:50:20.667 10 INFO neutron.wsgi [None req-2e353754-bf6a-49e7-8815-6e985fddb182 306975a3df78430180d76c0ee1b17a07 517fb006b7b246c3b168b1ecc35a8fb4 - - default default] 10.0.0.76 "GET /v2.0/subnets/70a19612-3daf-4d1e-8dec-3603daca7669 HTTP/1.1" status: 200 len: 811 time: 0.0375926
2026-05-27 01:50:20.689 10 INFO neutron.pecan_wsgi.hooks.translation [None req-d447b82b-d90f-4440-8534-d1ccb02df833 306975a3df78430180d76c0ee1b17a07 517fb006b7b246c3b168b1ecc35a8fb4 - - default default] DELETE failed (client error): The resource could not be found.
2026-05-27 01:50:20.691 10 INFO neutron.wsgi [None req-d447b82b-d90f-4440-8534-d1ccb02df833 306975a3df78430180d76c0ee1b17a07 517fb006b7b246c3b168b1ecc35a8fb4 - - default default] 10.0.0.76 "DELETE /v2.0/subnets/d846e4c2-b78d-4687-b16d-4a0bcdfeaec2 HTTP/1.1" status: 404 len: 337 time: 0.0175407
2026-05-27 01:50:20.696 9 INFO neutron.db.ovn_revision_numbers_db [None req-327db4b6-3506-42f1-bc9f-e441e4f72f68 2cd4625bac0f4048a8c704c260ea3fbb a06d139f168c4564bb43fc4bd26a9195 - - default default] Successfully bumped revision number for resource b0bf2f5b-3c8a-4ed5-9e1c-621a8d731849 (type: ports) to 1
2026-05-27 01:50:20.709 9 INFO neutron.wsgi [req-53762c9c-54a0-49d1-8d0b-cfc9cf559014 req-dd34725a-8996-4058-add1-8aaebe4e2465 fc69de7d45ee4886828c95b3c0500558 c060b4b2087b4a8a975ad4099f2ce171 - - d5fe3bbb03c64be7acb79c7309a0a069 d5fe3bbb03c64be7acb79c7309a0a069] 199.204.45.140 "GET /v2.0/networks/28cf28bc-3849-4da1-b8e4-af1bb02ce0ea?fields=segments HTTP/1.1" status: 200 len: 212 time: 0.0618620
