2026-05-27 01:51:31.784 9 INFO neutron.wsgi [req-1493768f-0e63-4af4-affd-6b9c0a4182f7 req-65c197a5-6e5a-4913-abc1-31e4c057c5be c7389368c9144860b6eee9134c8f12db dacc41c649ef4777a8b203e08fd71cbc - - default default] 199.204.45.140 "GET /v2.0/networks?id=891c33c5-4f71-4e28-9997-2580dd2e044f HTTP/1.1" status: 200 len: 859 time: 0.0657558
2026-05-27 01:51:31.837 10 INFO neutron.db.ovn_revision_numbers_db [None req-de128889-322e-448e-b4d7-e16238b20f34 89420457978045d1a10f4f01bc67f6ac 26b477c3ee58465b8510936a5ab155ea - - default default] Successfully bumped revision number for resource c29d639a-e1ee-4abc-b3db-691da15ea199 (type: ports) to 1
2026-05-27 01:51:31.859 9 INFO neutron.wsgi [req-1493768f-0e63-4af4-affd-6b9c0a4182f7 req-f43e33ee-a6f3-4d96-9eb0-027347f43f5d c7389368c9144860b6eee9134c8f12db dacc41c649ef4777a8b203e08fd71cbc - - default default] 199.204.45.140 "GET /v2.0/security-groups?fields=id&fields=name&tenant_id=dacc41c649ef4777a8b203e08fd71cbc HTTP/1.1" status: 200 len: 380 time: 0.0665691
2026-05-27 01:51:31.865 10 INFO neutron.wsgi [None req-de128889-322e-448e-b4d7-e16238b20f34 89420457978045d1a10f4f01bc67f6ac 26b477c3ee58465b8510936a5ab155ea - - default default] 10.0.0.76 "POST /v2.0/networks HTTP/1.1" status: 201 len: 847 time: 0.7094564
2026-05-27 01:51:31.870 9 WARNING neutron_lib.context [req-1493768f-0e63-4af4-affd-6b9c0a4182f7 req-ba9542d3-161e-46b1-8d93-ed4212ea16c5 c7389368c9144860b6eee9134c8f12db dacc41c649ef4777a8b203e08fd71cbc - - default default] Method 'is_advsvc' is deprecated since 2023.2 release (neutron-lib 3.8.0) and will be removed once support for the old RBAC API policies will be removed from Neutron. Please use method 'is_service_role' instead.
2026-05-27 01:51:31.876 10 WARNING neutron_lib.context [None req-14421937-7223-4d5e-8d82-d90f375f17d8 89420457978045d1a10f4f01bc67f6ac 26b477c3ee58465b8510936a5ab155ea - - default default] Method 'is_advsvc' is deprecated since 2023.2 release (neutron-lib 3.8.0) and will be removed once support for the old RBAC API policies will be removed from Neutron. Please use method 'is_service_role' instead.
2026-05-27 01:51:31.914 10 WARNING neutron_lib.context [None req-14421937-7223-4d5e-8d82-d90f375f17d8 89420457978045d1a10f4f01bc67f6ac 26b477c3ee58465b8510936a5ab155ea - - default default] Method 'is_advsvc' is deprecated since 2023.2 release (neutron-lib 3.8.0) and will be removed once support for the old RBAC API policies will be removed from Neutron. Please use method 'is_service_role' instead.
2026-05-27 01:51:32.026 10 INFO neutron.services.segments.plugin [-] Segment 87037a97-98fc-4a28-b392-b7fed9226bf8 resource provider aggregate not found
2026-05-27 01:51:32.036 10 INFO neutron.services.segments.plugin [-] Segment 87037a97-98fc-4a28-b392-b7fed9226bf8 resource provider aggregate not found
2026-05-27 01:51:32.041 10 INFO neutron.services.segments.plugin [-] Segment 87037a97-98fc-4a28-b392-b7fed9226bf8 resource provider not found; error: Placement Client Error (4xx): {"errors": [{"status": 404, "title": "Not Found", "detail": "The resource could not be found.\n\n No resource provider with uuid 87037a97-98fc-4a28-b392-b7fed9226bf8 found for delete ", "request_id": "req-8be53fcd-bba7-40ed-ac93-c44a325f59f6"}]}
2026-05-27 01:51:32.049 10 INFO neutron.services.segments.plugin [-] Segment 87037a97-98fc-4a28-b392-b7fed9226bf8 resource provider not found; error: Placement Client Error (4xx): {"errors": [{"status": 404, "title": "Not Found", "detail": "The resource could not be found.\n\n No resource provider with uuid 87037a97-98fc-4a28-b392-b7fed9226bf8 found for delete ", "request_id": "req-00e2bb8b-e069-40eb-b57a-abfa21d77994"}]} /var/lib/openstack/lib/python3.10/site-packages/pycadf/identifier.py:71: UserWarning: Invalid uuid: neutron. To ensure interoperability, identifiers should be a valid uuid. warnings.warn(('Invalid uuid: %s. To ensure interoperability, '
2026-05-27 01:51:32.255 9 WARNING neutron.scheduler.dhcp_agent_scheduler [req-1493768f-0e63-4af4-affd-6b9c0a4182f7 req-ba9542d3-161e-46b1-8d93-ed4212ea16c5 c7389368c9144860b6eee9134c8f12db dacc41c649ef4777a8b203e08fd71cbc - - default default] No more DHCP agents
2026-05-27 01:51:32.259 9 WARNING neutron.api.rpc.agentnotifiers.dhcp_rpc_agent_api [req-1493768f-0e63-4af4-affd-6b9c0a4182f7 req-ba9542d3-161e-46b1-8d93-ed4212ea16c5 c7389368c9144860b6eee9134c8f12db dacc41c649ef4777a8b203e08fd71cbc - - default default] Unable to schedule network 891c33c5-4f71-4e28-9997-2580dd2e044f: no agents available; will retry on subsequent port and subnet creation events.
2026-05-27 01:51:32.280 9 INFO neutron.wsgi [req-ef499928-6bbc-4fec-ba2a-7e18646f8f80 req-5181dd3b-939e-4ed9-a4bc-98bdad043ee0 c7389368c9144860b6eee9134c8f12db dacc41c649ef4777a8b203e08fd71cbc - - default default] 10.0.0.103 "GET /v2.0/ports?device_id=24639d28-c74a-4932-af13-3397fd7d7e9a HTTP/1.1" status: 200 len: 1156 time: 0.0585444 /var/lib/openstack/lib/python3.10/site-packages/pycadf/identifier.py:71: UserWarning: Invalid uuid: neutron. To ensure interoperability, identifiers should be a valid uuid. warnings.warn(('Invalid uuid: %s. To ensure interoperability, '
2026-05-27 01:51:32.342 9 INFO neutron.wsgi [req-ef499928-6bbc-4fec-ba2a-7e18646f8f80 req-c24fa63c-b254-4ae0-9425-fa80a4e96237 c7389368c9144860b6eee9134c8f12db dacc41c649ef4777a8b203e08fd71cbc - - default default] 10.0.0.103 "GET /v2.0/security-groups?id=353c34ab-90e7-45ad-86c0-3adc2de0ea22&fields=id&fields=name HTTP/1.1" status: 200 len: 313 time: 0.0538402
2026-05-27 01:51:32.367 10 INFO neutron.db.ovn_revision_numbers_db [None req-2195588a-58bb-4ee0-860e-471998c918df 9b79efb632104899a29982ab5c7db7f5 1c23899b06fb4ba49e519f066ce75c14 - - default default] Successfully bumped revision number for resource 134fe107-4fd4-438c-9a66-1084a9095b95 (type: security_groups) to 1
2026-05-27 01:51:32.383 10 INFO neutron.db.ovn_revision_numbers_db [None req-2195588a-58bb-4ee0-860e-471998c918df 9b79efb632104899a29982ab5c7db7f5 1c23899b06fb4ba49e519f066ce75c14 - - default default] Successfully bumped revision number for resource 1ef7405b-7c31-4e5b-b5bf-fa656151a200 (type: security_group_rules) to 0
2026-05-27 01:51:32.403 10 INFO neutron.db.ovn_revision_numbers_db [None req-2195588a-58bb-4ee0-860e-471998c918df 9b79efb632104899a29982ab5c7db7f5 1c23899b06fb4ba49e519f066ce75c14 - - default default] Successfully bumped revision number for resource 1fdaea09-826c-4d14-9baa-f34a447a57ea (type: security_group_rules) to 0
2026-05-27 01:51:32.412 10 WARNING neutron.scheduler.dhcp_agent_scheduler [None req-14421937-7223-4d5e-8d82-d90f375f17d8 89420457978045d1a10f4f01bc67f6ac 26b477c3ee58465b8510936a5ab155ea - - default default] No more DHCP agents
2026-05-27 01:51:32.418 10 WARNING neutron.api.rpc.agentnotifiers.dhcp_rpc_agent_api [None req-14421937-7223-4d5e-8d82-d90f375f17d8 89420457978045d1a10f4f01bc67f6ac 26b477c3ee58465b8510936a5ab155ea - - default default] Unable to schedule network f0a204c6-c9e6-4610-9e74-3ab072019517: no agents available; will retry on subsequent port and subnet creation events.
2026-05-27 01:51:32.425 10 INFO neutron.db.ovn_revision_numbers_db [None req-2195588a-58bb-4ee0-860e-471998c918df 9b79efb632104899a29982ab5c7db7f5 1c23899b06fb4ba49e519f066ce75c14 - - default default] Successfully bumped revision number for resource d03870ed-6880-4fdf-a1b6-58882e3f556f (type: security_group_rules) to 0
2026-05-27 01:51:32.448 10 INFO neutron.db.ovn_revision_numbers_db [None req-2195588a-58bb-4ee0-860e-471998c918df 9b79efb632104899a29982ab5c7db7f5 1c23899b06fb4ba49e519f066ce75c14 - - default default] Successfully bumped revision number for resource fb7bf98c-4878-407e-ac54-fd6ed54af4fd (type: security_group_rules) to 0
2026-05-27 01:51:32.450 9 INFO neutron.db.ovn_revision_numbers_db [req-1493768f-0e63-4af4-affd-6b9c0a4182f7 req-ba9542d3-161e-46b1-8d93-ed4212ea16c5 c7389368c9144860b6eee9134c8f12db dacc41c649ef4777a8b203e08fd71cbc - - default default] Successfully bumped revision number for resource d90a61fe-8101-45a9-86e7-dfede841fc82 (type: ports) to 1
2026-05-27 01:51:32.475 10 INFO neutron.wsgi [None req-2195588a-58bb-4ee0-860e-471998c918df 9b79efb632104899a29982ab5c7db7f5 1c23899b06fb4ba49e519f066ce75c14 - - default default] 10.0.0.76 "GET /v2.0/security-groups?tenant_id=05f5abab50f946d1bbf81b87b98c6f41&name=default HTTP/1.1" status: 200 len: 3120 time: 0.3996716
2026-05-27 01:51:32.477 9 INFO neutron.wsgi [req-1493768f-0e63-4af4-affd-6b9c0a4182f7 req-ba9542d3-161e-46b1-8d93-ed4212ea16c5 c7389368c9144860b6eee9134c8f12db dacc41c649ef4777a8b203e08fd71cbc - - default default] 199.204.45.140 "POST /v2.0/ports HTTP/1.1" status: 201 len: 1158 time: 0.6123981 /var/lib/openstack/lib/python3.10/site-packages/pycadf/identifier.py:71: UserWarning: Invalid uuid: neutron. To ensure interoperability, identifiers should be a valid uuid. warnings.warn(('Invalid uuid: %s. To ensure interoperability, '
2026-05-27 01:51:32.535 10 INFO neutron.db.ovn_revision_numbers_db [None req-14421937-7223-4d5e-8d82-d90f375f17d8 89420457978045d1a10f4f01bc67f6ac 26b477c3ee58465b8510936a5ab155ea - - default default] Successfully bumped revision number for resource 3425b1c7-7973-4f88-854e-35d5c3ac40a3 (type: ports) to 1
2026-05-27 01:51:32.567 10 WARNING neutron.scheduler.dhcp_agent_scheduler [None req-14421937-7223-4d5e-8d82-d90f375f17d8 89420457978045d1a10f4f01bc67f6ac 26b477c3ee58465b8510936a5ab155ea - - default default] No more DHCP agents
2026-05-27 01:51:32.570 10 WARNING neutron.api.rpc.agentnotifiers.dhcp_rpc_agent_api [None req-14421937-7223-4d5e-8d82-d90f375f17d8 89420457978045d1a10f4f01bc67f6ac 26b477c3ee58465b8510936a5ab155ea - - default default] Unable to schedule network 04fe29ce-30e2-4702-abe4-a69ac1b8df3a: no agents available; will retry on subsequent port and subnet creation events.
2026-05-27 01:51:32.669 10 INFO neutron.db.ovn_revision_numbers_db [None req-14421937-7223-4d5e-8d82-d90f375f17d8 89420457978045d1a10f4f01bc67f6ac 26b477c3ee58465b8510936a5ab155ea - - default default] Successfully bumped revision number for resource 62f2f335-3519-4907-9fb7-a5f7ec3774ba (type: ports) to 1
2026-05-27 01:51:32.694 10 INFO neutron.wsgi [None req-14421937-7223-4d5e-8d82-d90f375f17d8 89420457978045d1a10f4f01bc67f6ac 26b477c3ee58465b8510936a5ab155ea - - default default] 10.0.0.76 "POST /v2.0/ports HTTP/1.1" status: 201 len: 1706 time: 0.8231499
2026-05-27 01:51:32.742 10 INFO neutron.wsgi [None req-38cc44ec-b2c0-4d54-a291-7b380c23ef9c 9b79efb632104899a29982ab5c7db7f5 1c23899b06fb4ba49e519f066ce75c14 - - default default] 10.0.0.76 "DELETE /v2.0/security-groups/134fe107-4fd4-438c-9a66-1084a9095b95 HTTP/1.1" status: 204 len: 168 time: 0.2575610 /var/lib/openstack/lib/python3.10/site-packages/pycadf/identifier.py:71: UserWarning: Invalid uuid: neutron. To ensure interoperability, identifiers should be a valid uuid. warnings.warn(('Invalid uuid: %s. To ensure interoperability, '
2026-05-27 01:51:32.876 9 INFO neutron.wsgi [None req-f93535d3-a153-45de-b013-107939edfff1 89420457978045d1a10f4f01bc67f6ac 26b477c3ee58465b8510936a5ab155ea - - default default] 10.0.0.76 "GET /v2.0/ports HTTP/1.1" status: 200 len: 3213 time: 0.1762073
2026-05-27 01:51:32.885 10 INFO neutron.wsgi [None req-fec2efd6-95aa-410c-8f9a-7bd444d83e29 9b79efb632104899a29982ab5c7db7f5 1c23899b06fb4ba49e519f066ce75c14 - - default default] 10.0.0.76 "GET /v2.0/security-groups?tenant_id=a3285a4555484c8d984de07d15f9fbfd&name=default HTTP/1.1" status: 200 len: 3120 time: 0.0397255 /var/lib/openstack/lib/python3.10/site-packages/pycadf/identifier.py:71: UserWarning: Invalid uuid: neutron. To ensure interoperability, identifiers should be a valid uuid. warnings.warn(('Invalid uuid: %s. To ensure interoperability, '
2026-05-27 01:51:33.020 9 INFO neutron.db.ovn_revision_numbers_db [req-1493768f-0e63-4af4-affd-6b9c0a4182f7 req-51f31521-3e30-493d-b820-b0932f5a987c fc69de7d45ee4886828c95b3c0500558 c060b4b2087b4a8a975ad4099f2ce171 - - d5fe3bbb03c64be7acb79c7309a0a069 d5fe3bbb03c64be7acb79c7309a0a069] Successfully bumped revision number for resource d90a61fe-8101-45a9-86e7-dfede841fc82 (type: ports) to 2
2026-05-27 01:51:33.135 10 INFO neutron.wsgi [None req-035d5e1c-f38f-45f9-be10-4dc149d7ddd2 9b79efb632104899a29982ab5c7db7f5 1c23899b06fb4ba49e519f066ce75c14 - - default default] 10.0.0.76 "DELETE /v2.0/security-groups/61e075e6-63fe-4279-b0c3-91f3c8233ee2 HTTP/1.1" status: 204 len: 168 time: 0.2449026
2026-05-27 01:51:33.264 9 INFO neutron.wsgi [None req-d7f5a53f-6f52-42b4-b37a-cd16c249605d 89420457978045d1a10f4f01bc67f6ac 26b477c3ee58465b8510936a5ab155ea - - default default] 10.0.0.76 "DELETE /v2.0/ports/3425b1c7-7973-4f88-854e-35d5c3ac40a3 HTTP/1.1" status: 204 len: 168 time: 0.3821709
2026-05-27 01:51:33.319 9 INFO neutron.db.ovn_revision_numbers_db [req-1493768f-0e63-4af4-affd-6b9c0a4182f7 req-51f31521-3e30-493d-b820-b0932f5a987c fc69de7d45ee4886828c95b3c0500558 c060b4b2087b4a8a975ad4099f2ce171 - - d5fe3bbb03c64be7acb79c7309a0a069 d5fe3bbb03c64be7acb79c7309a0a069] Successfully bumped revision number for resource d90a61fe-8101-45a9-86e7-dfede841fc82 (type: ports) to 2
2026-05-27 01:51:33.340 9 INFO neutron.wsgi [req-1493768f-0e63-4af4-affd-6b9c0a4182f7 req-51f31521-3e30-493d-b820-b0932f5a987c fc69de7d45ee4886828c95b3c0500558 c060b4b2087b4a8a975ad4099f2ce171 - - d5fe3bbb03c64be7acb79c7309a0a069 d5fe3bbb03c64be7acb79c7309a0a069] 199.204.45.140 "PUT /v2.0/ports/d90a61fe-8101-45a9-86e7-dfede841fc82 HTTP/1.1" status: 200 len: 1376 time: 0.8532925
2026-05-27 01:51:33.346 9 WARNING neutron.plugins.ml2.drivers.ovn.mech_driver.ovsdb.ovn_client [None req-7332e26f-726c-4641-8eec-3c59f147e9ca - - - - - -] No hosting information found for port 1d4dbf9b-5777-481e-9994-649e546833cc: RuntimeError: No hosting information found for port 1d4dbf9b-5777-481e-9994-649e546833cc
2026-05-27 01:51:33.407 9 INFO neutron.notifiers.nova [-] Nova event matching ['req-4dd3956a-00f5-4c2e-9f22-a5b1c30f61da'] response: {'name': 'network-changed', 'server_uuid': '24639d28-c74a-4932-af13-3397fd7d7e9a', 'tag': 'd90a61fe-8101-45a9-86e7-dfede841fc82', 'status': 'completed', 'code': 200} /var/lib/openstack/lib/python3.10/site-packages/pycadf/identifier.py:71: UserWarning: Invalid uuid: neutron. To ensure interoperability, identifiers should be a valid uuid. warnings.warn(('Invalid uuid: %s. To ensure interoperability, '
2026-05-27 01:51:33.478 9 INFO neutron.wsgi [req-85469835-361e-437e-bcbc-458433edcf1c req-97773862-74d4-4f09-a4d6-eed0a16638cd c7389368c9144860b6eee9134c8f12db dacc41c649ef4777a8b203e08fd71cbc - - default default] 10.0.0.103 "GET /v2.0/ports?device_id=24639d28-c74a-4932-af13-3397fd7d7e9a HTTP/1.1" status: 200 len: 1168 time: 0.0510361
2026-05-27 01:51:33.511 10 INFO neutron.db.ovn_revision_numbers_db [None req-49df167c-c1c5-4fde-9eb9-51bfb1812520 9b79efb632104899a29982ab5c7db7f5 1c23899b06fb4ba49e519f066ce75c14 - - default default] Successfully bumped revision number for resource cf063960-b599-4a85-89ef-42a59138a762 (type: security_groups) to 1
2026-05-27 01:51:33.531 10 INFO neutron.db.ovn_revision_numbers_db [None req-49df167c-c1c5-4fde-9eb9-51bfb1812520 9b79efb632104899a29982ab5c7db7f5 1c23899b06fb4ba49e519f066ce75c14 - - default default] Successfully bumped revision number for resource 05e8f496-15be-4cd7-801f-58b26f7b89b4 (type: security_group_rules) to 0
2026-05-27 01:51:33.534 9 INFO neutron.wsgi [req-85469835-361e-437e-bcbc-458433edcf1c req-a3b3b46d-7fdd-4c28-999b-584b98f80ac4 c7389368c9144860b6eee9134c8f12db dacc41c649ef4777a8b203e08fd71cbc - - default default] 10.0.0.103 "GET /v2.0/security-groups?id=353c34ab-90e7-45ad-86c0-3adc2de0ea22&fields=id&fields=name HTTP/1.1" status: 200 len: 313 time: 0.0486488
2026-05-27 01:51:33.560 10 INFO neutron.db.ovn_revision_numbers_db [None req-49df167c-c1c5-4fde-9eb9-51bfb1812520 9b79efb632104899a29982ab5c7db7f5 1c23899b06fb4ba49e519f066ce75c14 - - default default] Successfully bumped revision number for resource 3adbd576-0570-460b-9097-6daee398b176 (type: security_group_rules) to 0
2026-05-27 01:51:33.573 10 INFO neutron.db.ovn_revision_numbers_db [None req-49df167c-c1c5-4fde-9eb9-51bfb1812520 9b79efb632104899a29982ab5c7db7f5 1c23899b06fb4ba49e519f066ce75c14 - - default default] Successfully bumped revision number for resource 8a1bc6d9-f9dd-467f-80b2-5c30b8cb26a8 (type: security_group_rules) to 0
2026-05-27 01:51:33.596 10 INFO neutron.db.ovn_revision_numbers_db [None req-49df167c-c1c5-4fde-9eb9-51bfb1812520 9b79efb632104899a29982ab5c7db7f5 1c23899b06fb4ba49e519f066ce75c14 - - default default] Successfully bumped revision number for resource dac90c63-7740-4b13-bc26-8e38bf044ab6 (type: security_group_rules) to 0
2026-05-27 01:51:33.621 9 INFO neutron.wsgi [req-1493768f-0e63-4af4-affd-6b9c0a4182f7 req-84c739c9-1888-4824-a0de-3e576c43983a fc69de7d45ee4886828c95b3c0500558 c060b4b2087b4a8a975ad4099f2ce171 - - d5fe3bbb03c64be7acb79c7309a0a069 d5fe3bbb03c64be7acb79c7309a0a069] 199.204.45.140 "GET /v2.0/ports?tenant_id=dacc41c649ef4777a8b203e08fd71cbc&device_id=24639d28-c74a-4932-af13-3397fd7d7e9a HTTP/1.1" status: 200 len: 1407 time: 0.0386245
2026-05-27 01:51:33.622 10 INFO neutron.wsgi [None req-49df167c-c1c5-4fde-9eb9-51bfb1812520 9b79efb632104899a29982ab5c7db7f5 1c23899b06fb4ba49e519f066ce75c14 - - default default] 10.0.0.76 "GET /v2.0/security-groups?tenant_id=74f6fefce8304154b80d2c71720f4f97&name=default HTTP/1.1" status: 200 len: 3120 time: 0.3044534
2026-05-27 01:51:33.641 10 INFO neutron.wsgi [None req-26f9b939-6ac8-4e45-a2ba-7f0da794ffb1 89420457978045d1a10f4f01bc67f6ac 26b477c3ee58465b8510936a5ab155ea - - default default] 10.0.0.76 "DELETE /v2.0/ports/62f2f335-3519-4907-9fb7-a5f7ec3774ba HTTP/1.1" status: 204 len: 168 time: 0.3696671
2026-05-27 01:51:33.656 9 INFO neutron.wsgi [req-1493768f-0e63-4af4-affd-6b9c0a4182f7 req-540e2cfd-4070-44b6-9650-ed3639169253 fc69de7d45ee4886828c95b3c0500558 c060b4b2087b4a8a975ad4099f2ce171 - - d5fe3bbb03c64be7acb79c7309a0a069 d5fe3bbb03c64be7acb79c7309a0a069] 199.204.45.140 "GET /v2.0/floatingips?fixed_ip_address=10.100.0.3&port_id=d90a61fe-8101-45a9-86e7-dfede841fc82 HTTP/1.1" status: 200 len: 217 time: 0.0262501
2026-05-27 01:51:33.698 9 INFO neutron.wsgi [req-1493768f-0e63-4af4-affd-6b9c0a4182f7 req-c7d758ce-aaa1-4d21-b7b4-30c48a03befa fc69de7d45ee4886828c95b3c0500558 c060b4b2087b4a8a975ad4099f2ce171 - - d5fe3bbb03c64be7acb79c7309a0a069 d5fe3bbb03c64be7acb79c7309a0a069] 199.204.45.140 "GET /v2.0/subnets?id=cc717b47-e0af-4c76-b57d-4668cd9258f9 HTTP/1.1" status: 200 len: 853 time: 0.0335381
2026-05-27 01:51:33.725 9 INFO neutron.wsgi [req-1493768f-0e63-4af4-affd-6b9c0a4182f7 req-073f59b6-79ed-4405-8da0-35d7fe2764b5 fc69de7d45ee4886828c95b3c0500558 c060b4b2087b4a8a975ad4099f2ce171 - - d5fe3bbb03c64be7acb79c7309a0a069 d5fe3bbb03c64be7acb79c7309a0a069] 199.204.45.140 "GET /v2.0/ports?network_id=891c33c5-4f71-4e28-9997-2580dd2e044f&device_owner=network%3Adhcp HTTP/1.1" status: 200 len: 210 time: 0.0210199
2026-05-27 01:51:33.748 10 INFO neutron.wsgi [None req-9321acc2-d445-4836-8e8a-c8f94afedc00 89420457978045d1a10f4f01bc67f6ac 26b477c3ee58465b8510936a5ab155ea - - default default] 10.0.0.76 "GET /v2.0/ports HTTP/1.1" status: 200 len: 1718 time: 0.1009772
2026-05-27 01:51:33.760 10 WARNING neutron_lib.context [None req-7046bed0-732b-4cad-82c1-65738a6a756c 89420457978045d1a10f4f01bc67f6ac 26b477c3ee58465b8510936a5ab155ea - - default default] Method 'is_advsvc' is deprecated since 2023.2 release (neutron-lib 3.8.0) and will be removed once support for the old RBAC API policies will be removed from Neutron. Please use method 'is_service_role' instead.
2026-05-27 01:51:33.796 9 INFO neutron.wsgi [req-1493768f-0e63-4af4-affd-6b9c0a4182f7 req-8da9cd68-a8ea-46b0-ace5-65bef23da4a0 fc69de7d45ee4886828c95b3c0500558 c060b4b2087b4a8a975ad4099f2ce171 - - d5fe3bbb03c64be7acb79c7309a0a069 d5fe3bbb03c64be7acb79c7309a0a069] 199.204.45.140 "GET /v2.0/networks/891c33c5-4f71-4e28-9997-2580dd2e044f?fields=segments HTTP/1.1" status: 200 len: 212 time: 0.0635805
2026-05-27 01:51:33.842 10 INFO neutron.db.segments_db [None req-7046bed0-732b-4cad-82c1-65738a6a756c 89420457978045d1a10f4f01bc67f6ac 26b477c3ee58465b8510936a5ab155ea - - default default] Added segment 03e48d15-c52d-4fdf-8128-ffffc581559a of type geneve for network a3bcb70e-7214-473d-8227-4b8794500f86
2026-05-27 01:51:33.863 9 INFO neutron.wsgi [req-1493768f-0e63-4af4-affd-6b9c0a4182f7 req-ff0aebd7-c9b0-42a3-b75a-712810ac7f5c fc69de7d45ee4886828c95b3c0500558 c060b4b2087b4a8a975ad4099f2ce171 - - d5fe3bbb03c64be7acb79c7309a0a069 d5fe3bbb03c64be7acb79c7309a0a069] 199.204.45.140 "GET /v2.0/networks/891c33c5-4f71-4e28-9997-2580dd2e044f?fields=provider%3Aphysical_network&fields=provider%3Anetwork_type HTTP/1.1" status: 200 len: 277 time: 0.0596790
2026-05-27 01:51:33.902 9 INFO neutron.wsgi [None req-aaa77a08-692e-40d2-8e4b-a7e9aa5a72d8 9b79efb632104899a29982ab5c7db7f5 1c23899b06fb4ba49e519f066ce75c14 - - default default] 10.0.0.76 "DELETE /v2.0/security-groups/cf063960-b599-4a85-89ef-42a59138a762 HTTP/1.1" status: 204 len: 168 time: 0.2708163
2026-05-27 01:51:33.951 9 INFO neutron.wsgi [req-584b2f2b-cf3d-4826-882c-2400d8847e64 req-66dd9a98-a1c6-4f6b-8542-224033f5ede7 fc69de7d45ee4886828c95b3c0500558 c060b4b2087b4a8a975ad4099f2ce171 - - d5fe3bbb03c64be7acb79c7309a0a069 d5fe3bbb03c64be7acb79c7309a0a069] 199.204.45.140 "GET /v2.0/ports?tenant_id=dacc41c649ef4777a8b203e08fd71cbc&device_id=24639d28-c74a-4932-af13-3397fd7d7e9a HTTP/1.1" status: 200 len: 1407 time: 0.0431173
2026-05-27 01:51:33.999 10 INFO neutron.db.ovn_revision_numbers_db [None req-7046bed0-732b-4cad-82c1-65738a6a756c 89420457978045d1a10f4f01bc67f6ac 26b477c3ee58465b8510936a5ab155ea - - default default] Successfully bumped revision number for resource a3bcb70e-7214-473d-8227-4b8794500f86 (type: networks) to 1
2026-05-27 01:51:34.022 9 INFO neutron.wsgi [req-584b2f2b-cf3d-4826-882c-2400d8847e64 req-40987b6f-0452-4760-871d-a0b9bc733a99 fc69de7d45ee4886828c95b3c0500558 c060b4b2087b4a8a975ad4099f2ce171 - - d5fe3bbb03c64be7acb79c7309a0a069 d5fe3bbb03c64be7acb79c7309a0a069] 199.204.45.140 "GET /v2.0/networks?id=891c33c5-4f71-4e28-9997-2580dd2e044f HTTP/1.1" status: 200 len: 958 time: 0.0552957
2026-05-27 01:51:34.058 9 INFO neutron.wsgi [req-584b2f2b-cf3d-4826-882c-2400d8847e64 req-f8b9fc96-2f3a-40bc-a310-0b03f0097391 fc69de7d45ee4886828c95b3c0500558 c060b4b2087b4a8a975ad4099f2ce171 - - d5fe3bbb03c64be7acb79c7309a0a069 d5fe3bbb03c64be7acb79c7309a0a069] 199.204.45.140 "GET /v2.0/floatingips?fixed_ip_address=10.100.0.3&port_id=d90a61fe-8101-45a9-86e7-dfede841fc82 HTTP/1.1" status: 200 len: 217 time: 0.0267620
2026-05-27 01:51:34.088 9 INFO neutron.plugins.ml2.drivers.ovn.mech_driver.mech_driver [None req-7332e26f-726c-4641-8eec-3c59f147e9ca - - - - - -] OVN reports status up for port: d90a61fe-8101-45a9-86e7-dfede841fc82
2026-05-27 01:51:34.106 9 INFO neutron.plugins.ml2.plugin [None req-7332e26f-726c-4641-8eec-3c59f147e9ca - - - - - -] Attempt 1 to provision port d90a61fe-8101-45a9-86e7-dfede841fc82
2026-05-27 01:51:34.110 9 INFO neutron.wsgi [req-584b2f2b-cf3d-4826-882c-2400d8847e64 req-a53a260f-6eb1-461c-9918-17de3b3725b8 fc69de7d45ee4886828c95b3c0500558 c060b4b2087b4a8a975ad4099f2ce171 - - d5fe3bbb03c64be7acb79c7309a0a069 d5fe3bbb03c64be7acb79c7309a0a069] 199.204.45.140 "GET /v2.0/subnets?id=cc717b47-e0af-4c76-b57d-4668cd9258f9 HTTP/1.1" status: 200 len: 853 time: 0.0475028
2026-05-27 01:51:34.136 9 INFO neutron.wsgi [req-584b2f2b-cf3d-4826-882c-2400d8847e64 req-e85f6144-83ae-45b2-8777-dc2f7f786c44 fc69de7d45ee4886828c95b3c0500558 c060b4b2087b4a8a975ad4099f2ce171 - - d5fe3bbb03c64be7acb79c7309a0a069 d5fe3bbb03c64be7acb79c7309a0a069] 199.204.45.140 "GET /v2.0/ports?network_id=891c33c5-4f71-4e28-9997-2580dd2e044f&device_owner=network%3Adhcp HTTP/1.1" status: 200 len: 210 time: 0.0169601
2026-05-27 01:51:34.220 9 INFO neutron.wsgi [req-584b2f2b-cf3d-4826-882c-2400d8847e64 req-ae42f3a3-c831-49fc-9500-958960b7f1a0 fc69de7d45ee4886828c95b3c0500558 c060b4b2087b4a8a975ad4099f2ce171 - - d5fe3bbb03c64be7acb79c7309a0a069 d5fe3bbb03c64be7acb79c7309a0a069] 199.204.45.140 "GET /v2.0/networks/891c33c5-4f71-4e28-9997-2580dd2e044f?fields=segments HTTP/1.1" status: 200 len: 212 time: 0.0777655
2026-05-27 01:51:34.228 10 WARNING neutron.scheduler.dhcp_agent_scheduler [None req-7046bed0-732b-4cad-82c1-65738a6a756c 89420457978045d1a10f4f01bc67f6ac 26b477c3ee58465b8510936a5ab155ea - - default default] No more DHCP agents
2026-05-27 01:51:34.230 10 WARNING neutron.api.rpc.agentnotifiers.dhcp_rpc_agent_api [None req-7046bed0-732b-4cad-82c1-65738a6a756c 89420457978045d1a10f4f01bc67f6ac 26b477c3ee58465b8510936a5ab155ea - - default default] Unable to schedule network a3bcb70e-7214-473d-8227-4b8794500f86: no agents available; will retry on subsequent port and subnet creation events.
2026-05-27 01:51:34.327 9 INFO neutron.wsgi [req-584b2f2b-cf3d-4826-882c-2400d8847e64 req-92c6cbdd-2a51-4e47-851b-7da25a46b64c fc69de7d45ee4886828c95b3c0500558 c060b4b2087b4a8a975ad4099f2ce171 - - d5fe3bbb03c64be7acb79c7309a0a069 d5fe3bbb03c64be7acb79c7309a0a069] 199.204.45.140 "GET /v2.0/networks/891c33c5-4f71-4e28-9997-2580dd2e044f?fields=provider%3Aphysical_network&fields=provider%3Anetwork_type HTTP/1.1" status: 200 len: 277 time: 0.0922332
2026-05-27 01:51:34.335 10 INFO neutron.db.ovn_revision_numbers_db [None req-7046bed0-732b-4cad-82c1-65738a6a756c 89420457978045d1a10f4f01bc67f6ac 26b477c3ee58465b8510936a5ab155ea - - default default] Successfully bumped revision number for resource a4e7dcee-6efa-48f3-8069-fa4acb73a593 (type: ports) to 1
2026-05-27 01:51:34.379 10 INFO neutron.wsgi [None req-7046bed0-732b-4cad-82c1-65738a6a756c 89420457978045d1a10f4f01bc67f6ac 26b477c3ee58465b8510936a5ab155ea - - default default] 10.0.0.76 "POST /v2.0/networks HTTP/1.1" status: 201 len: 849 time: 0.6235728
2026-05-27 01:51:34.395 10 WARNING neutron_lib.context [None req-ab7009db-6505-40cd-83c7-de89ab9f042d 89420457978045d1a10f4f01bc67f6ac 26b477c3ee58465b8510936a5ab155ea - - default default] Method 'is_advsvc' is deprecated since 2023.2 release (neutron-lib 3.8.0) and will be removed once support for the old RBAC API policies will be removed from Neutron. Please use method 'is_service_role' instead.
2026-05-27 01:51:34.463 9 INFO neutron.db.ovn_revision_numbers_db [None req-7332e26f-726c-4641-8eec-3c59f147e9ca - - - - - -] Successfully bumped revision number for resource d90a61fe-8101-45a9-86e7-dfede841fc82 (type: ports) to 4
2026-05-27 01:51:34.501 10 INFO neutron.db.segments_db [None req-ab7009db-6505-40cd-83c7-de89ab9f042d 89420457978045d1a10f4f01bc67f6ac 26b477c3ee58465b8510936a5ab155ea - - default default] Added segment 896485db-599e-49e2-ab86-114c2ea0502f of type geneve for network 02c1de3b-1b3f-4653-a8b9-20c458f70e65 /var/lib/openstack/lib/python3.10/site-packages/pycadf/identifier.py:71: UserWarning: Invalid uuid: neutron. To ensure interoperability, identifiers should be a valid uuid. warnings.warn(('Invalid uuid: %s. To ensure interoperability, '
2026-05-27 01:51:34.665 10 INFO neutron.db.ovn_revision_numbers_db [None req-ab7009db-6505-40cd-83c7-de89ab9f042d 89420457978045d1a10f4f01bc67f6ac 26b477c3ee58465b8510936a5ab155ea - - default default] Successfully bumped revision number for resource 02c1de3b-1b3f-4653-a8b9-20c458f70e65 (type: networks) to 1
2026-05-27 01:51:34.693 9 INFO neutron.wsgi [req-b7139a95-bc79-46b9-8f70-f91a97531604 req-e6374762-599c-41ea-84f0-f42c95b9cef7 c7389368c9144860b6eee9134c8f12db dacc41c649ef4777a8b203e08fd71cbc - - default default] 10.0.0.103 "GET /v2.0/ports?device_id=24639d28-c74a-4932-af13-3397fd7d7e9a HTTP/1.1" status: 200 len: 1170 time: 0.0711462
2026-05-27 01:51:34.892 10 WARNING neutron.scheduler.dhcp_agent_scheduler [None req-ab7009db-6505-40cd-83c7-de89ab9f042d 89420457978045d1a10f4f01bc67f6ac 26b477c3ee58465b8510936a5ab155ea - - default default] No more DHCP agents
2026-05-27 01:51:34.895 10 WARNING neutron.api.rpc.agentnotifiers.dhcp_rpc_agent_api [None req-ab7009db-6505-40cd-83c7-de89ab9f042d 89420457978045d1a10f4f01bc67f6ac 26b477c3ee58465b8510936a5ab155ea - - default default] Unable to schedule network 02c1de3b-1b3f-4653-a8b9-20c458f70e65: no agents available; will retry on subsequent port and subnet creation events.
2026-05-27 01:51:34.996 10 INFO neutron.db.ovn_revision_numbers_db [None req-ab7009db-6505-40cd-83c7-de89ab9f042d 89420457978045d1a10f4f01bc67f6ac 26b477c3ee58465b8510936a5ab155ea - - default default] Successfully bumped revision number for resource 22ee352a-f36a-4c74-b246-9612a4f2f2c9 (type: ports) to 1
2026-05-27 01:51:35.019 10 INFO neutron.wsgi [None req-ab7009db-6505-40cd-83c7-de89ab9f042d 89420457978045d1a10f4f01bc67f6ac 26b477c3ee58465b8510936a5ab155ea - - default default] 10.0.0.76 "POST /v2.0/networks HTTP/1.1" status: 201 len: 847 time: 0.6312268
2026-05-27 01:51:35.051 10 WARNING neutron_lib.context [None req-5a08ac5e-ede1-451c-97de-cf03dd4405a2 89420457978045d1a10f4f01bc67f6ac 26b477c3ee58465b8510936a5ab155ea - - default default] Method 'is_advsvc' is deprecated since 2023.2 release (neutron-lib 3.8.0) and will be removed once support for the old RBAC API policies will be removed from Neutron. Please use method 'is_service_role' instead.
2026-05-27 01:51:35.092 10 WARNING neutron_lib.context [None req-5a08ac5e-ede1-451c-97de-cf03dd4405a2 89420457978045d1a10f4f01bc67f6ac 26b477c3ee58465b8510936a5ab155ea - - default default] Method 'is_advsvc' is deprecated since 2023.2 release (neutron-lib 3.8.0) and will be removed once support for the old RBAC API policies will be removed from Neutron. Please use method 'is_service_role' instead.
2026-05-27 01:51:35.194 9 INFO neutron.wsgi [req-b7139a95-bc79-46b9-8f70-f91a97531604 req-1f465255-fc54-4ce9-8522-d44e49cf400c c7389368c9144860b6eee9134c8f12db dacc41c649ef4777a8b203e08fd71cbc - - default default] 10.0.0.103 "GET /v2.0/security-groups?id=353c34ab-90e7-45ad-86c0-3adc2de0ea22&fields=id&fields=name HTTP/1.1" status: 200 len: 313 time: 0.4923410
2026-05-27 01:51:35.455 9 INFO neutron.notifiers.nova [-] Nova event matching ['req-f24f5e14-4807-4ef9-a8d0-048191ce6564'] response: {'server_uuid': '24639d28-c74a-4932-af13-3397fd7d7e9a', 'name': 'network-vif-plugged', 'status': 'completed', 'tag': 'd90a61fe-8101-45a9-86e7-dfede841fc82', 'code': 200}
2026-05-27 01:51:35.456 9 INFO neutron.notifiers.nova [-] Nova event matching ['req-f24f5e14-4807-4ef9-a8d0-048191ce6564'] response: {'server_uuid': '24639d28-c74a-4932-af13-3397fd7d7e9a', 'name': 'network-vif-plugged', 'status': 'completed', 'tag': 'd90a61fe-8101-45a9-86e7-dfede841fc82', 'code': 200}
2026-05-27 01:51:35.498 10 WARNING neutron.scheduler.dhcp_agent_scheduler [None req-5a08ac5e-ede1-451c-97de-cf03dd4405a2 89420457978045d1a10f4f01bc67f6ac 26b477c3ee58465b8510936a5ab155ea - - default default] No more DHCP agents
2026-05-27 01:51:35.502 10 WARNING neutron.api.rpc.agentnotifiers.dhcp_rpc_agent_api [None req-5a08ac5e-ede1-451c-97de-cf03dd4405a2 89420457978045d1a10f4f01bc67f6ac 26b477c3ee58465b8510936a5ab155ea - - default default] Unable to schedule network a3bcb70e-7214-473d-8227-4b8794500f86: no agents available; will retry on subsequent port and subnet creation events.
2026-05-27 01:51:36.072 10 INFO neutron.db.ovn_revision_numbers_db [None req-5a08ac5e-ede1-451c-97de-cf03dd4405a2 89420457978045d1a10f4f01bc67f6ac 26b477c3ee58465b8510936a5ab155ea - - default default] Successfully bumped revision number for resource a4e7dcee-6efa-48f3-8069-fa4acb73a593 (type: ports) to 2
2026-05-27 01:51:36.109 10 INFO neutron.db.ovn_revision_numbers_db [None req-5a08ac5e-ede1-451c-97de-cf03dd4405a2 89420457978045d1a10f4f01bc67f6ac 26b477c3ee58465b8510936a5ab155ea - - default default] Successfully bumped revision number for resource 404b8a9f-4a13-4237-a930-7a40793290b2 (type: subnets) to 0
2026-05-27 01:51:36.133 10 WARNING neutron.scheduler.dhcp_agent_scheduler [None req-5a08ac5e-ede1-451c-97de-cf03dd4405a2 89420457978045d1a10f4f01bc67f6ac 26b477c3ee58465b8510936a5ab155ea - - default default] No more DHCP agents
2026-05-27 01:51:36.136 10 WARNING neutron.api.rpc.agentnotifiers.dhcp_rpc_agent_api [None req-5a08ac5e-ede1-451c-97de-cf03dd4405a2 89420457978045d1a10f4f01bc67f6ac 26b477c3ee58465b8510936a5ab155ea - - default default] Unable to schedule network 02c1de3b-1b3f-4653-a8b9-20c458f70e65: no agents available; will retry on subsequent port and subnet creation events.
2026-05-27 01:51:36.421 9 INFO neutron.wsgi [req-6a19715e-fc3f-41a6-9886-34961558572e req-6184e9cb-c2ff-4253-abf1-89cabfbf34aa c7389368c9144860b6eee9134c8f12db dacc41c649ef4777a8b203e08fd71cbc - - default default] 10.0.0.103 "GET /v2.0/ports?device_id=24639d28-c74a-4932-af13-3397fd7d7e9a HTTP/1.1" status: 200 len: 1170 time: 0.1349213
2026-05-27 01:51:36.473 9 INFO neutron.wsgi [req-6a19715e-fc3f-41a6-9886-34961558572e req-6ad67971-692e-4941-9c9b-d4e35a6fc306 c7389368c9144860b6eee9134c8f12db dacc41c649ef4777a8b203e08fd71cbc - - default default] 10.0.0.103 "GET /v2.0/security-groups?id=353c34ab-90e7-45ad-86c0-3adc2de0ea22&fields=id&fields=name HTTP/1.1" status: 200 len: 313 time: 0.0437107
2026-05-27 01:51:36.586 9 INFO neutron.wsgi [req-468991ae-c77f-4a9d-bde1-6845e050abf3 req-a34fcf75-9320-4f6c-ba1c-cb7dbd9d2b02 c7389368c9144860b6eee9134c8f12db dacc41c649ef4777a8b203e08fd71cbc - - default default] 10.0.0.103 "GET /v2.0/ports?device_id=24639d28-c74a-4932-af13-3397fd7d7e9a HTTP/1.1" status: 200 len: 1170 time: 0.0456634
2026-05-27 01:51:36.640 9 INFO neutron.wsgi [req-468991ae-c77f-4a9d-bde1-6845e050abf3 req-e5be770c-0ca7-4055-bcf5-635301b6e780 c7389368c9144860b6eee9134c8f12db dacc41c649ef4777a8b203e08fd71cbc - - default default] 10.0.0.103 "GET /v2.0/security-groups?id=353c34ab-90e7-45ad-86c0-3adc2de0ea22&fields=id&fields=name HTTP/1.1" status: 200 len: 313 time: 0.0458467
2026-05-27 01:51:36.732 10 INFO neutron.wsgi [None req-83a00e51-ed48-4c5e-b4f0-1b31e5ab878f 29d1cfd25d664ef28e264da1b1bcc75a 48eeb1c2955345538af15289cf1b0ef6 - - default default] 10.0.0.76 "GET /v2.0/ports?device_id=24639d28-c74a-4932-af13-3397fd7d7e9a HTTP/1.1" status: 200 len: 1404 time: 0.0626497
2026-05-27 01:51:36.748 10 WARNING neutron_lib.context [None req-e2581ff7-9d9f-47f0-a8ee-c2b23ebe481d c7389368c9144860b6eee9134c8f12db dacc41c649ef4777a8b203e08fd71cbc - - default default] Method 'is_advsvc' is deprecated since 2023.2 release (neutron-lib 3.8.0) and will be removed once support for the old RBAC API policies will be removed from Neutron. Please use method 'is_service_role' instead.
2026-05-27 01:51:36.800 10 INFO neutron.db.ovn_revision_numbers_db [None req-5a08ac5e-ede1-451c-97de-cf03dd4405a2 89420457978045d1a10f4f01bc67f6ac 26b477c3ee58465b8510936a5ab155ea - - default default] Successfully bumped revision number for resource 22ee352a-f36a-4c74-b246-9612a4f2f2c9 (type: ports) to 2
2026-05-27 01:51:36.875 10 INFO neutron.db.ovn_revision_numbers_db [None req-5a08ac5e-ede1-451c-97de-cf03dd4405a2 89420457978045d1a10f4f01bc67f6ac 26b477c3ee58465b8510936a5ab155ea - - default default] Successfully bumped revision number for resource 457d0683-71f4-4450-9994-f71aa38d0c9d (type: subnets) to 0
2026-05-27 01:51:36.907 10 INFO neutron.wsgi [None req-5a08ac5e-ede1-451c-97de-cf03dd4405a2 89420457978045d1a10f4f01bc67f6ac 26b477c3ee58465b8510936a5ab155ea - - default default] 10.0.0.76 "POST /v2.0/subnets HTTP/1.1" status: 201 len: 1425 time: 1.8604963
2026-05-27 01:51:36.962 9 INFO neutron.wsgi [None req-4780336b-d6b9-4df6-b134-6ab2dbf9b2a4 89420457978045d1a10f4f01bc67f6ac 26b477c3ee58465b8510936a5ab155ea - - default default] 10.0.0.76 "GET /v2.0/subnets HTTP/1.1" status: 200 len: 2033 time: 0.0472348
2026-05-27 01:51:37.063 10 WARNING neutron.scheduler.dhcp_agent_scheduler [None req-e2581ff7-9d9f-47f0-a8ee-c2b23ebe481d c7389368c9144860b6eee9134c8f12db dacc41c649ef4777a8b203e08fd71cbc - - default default] No more DHCP agents
2026-05-27 01:51:37.065 10 WARNING neutron.api.rpc.agentnotifiers.dhcp_rpc_agent_api [None req-e2581ff7-9d9f-47f0-a8ee-c2b23ebe481d c7389368c9144860b6eee9134c8f12db dacc41c649ef4777a8b203e08fd71cbc - - default default] Unable to schedule network 8c9f9782-a40c-4944-bf8b-e87dac191b04: no agents available; will retry on subsequent port and subnet creation events.
2026-05-27 01:51:37.156 9 INFO neutron.wsgi [None req-a0cdeb1c-b7bb-425e-8525-9a7f4b0a3fa8 89420457978045d1a10f4f01bc67f6ac 26b477c3ee58465b8510936a5ab155ea - - default default] 10.0.0.76 "DELETE /v2.0/subnets/404b8a9f-4a13-4237-a930-7a40793290b2 HTTP/1.1" status: 204 len: 168 time: 0.1888723
2026-05-27 01:51:37.340 9 INFO neutron.wsgi [None req-157ad154-c3cf-4b76-8e40-a279b30394dd 89420457978045d1a10f4f01bc67f6ac 26b477c3ee58465b8510936a5ab155ea - - default default] 10.0.0.76 "DELETE /v2.0/subnets/457d0683-71f4-4450-9994-f71aa38d0c9d HTTP/1.1" status: 204 len: 168 time: 0.1788023
2026-05-27 01:51:37.388 9 INFO neutron.wsgi [None req-b15dac99-94ea-4247-9019-9660a3647b0d 89420457978045d1a10f4f01bc67f6ac 26b477c3ee58465b8510936a5ab155ea - - default default] 10.0.0.76 "GET /v2.0/subnets HTTP/1.1" status: 200 len: 820 time: 0.0391374
2026-05-27 01:51:37.736 9 INFO neutron.services.segments.plugin [-] Segment 896485db-599e-49e2-ab86-114c2ea0502f resource provider aggregate not found
2026-05-27 01:51:37.740 9 INFO neutron.services.segments.plugin [-] Segment 896485db-599e-49e2-ab86-114c2ea0502f resource provider aggregate not found
2026-05-27 01:51:37.754 9 INFO neutron.services.segments.plugin [-] Segment 896485db-599e-49e2-ab86-114c2ea0502f resource provider not found; error: Placement Client Error (4xx): {"errors": [{"status": 404, "title": "Not Found", "detail": "The resource could not be found.\n\n No resource provider with uuid 896485db-599e-49e2-ab86-114c2ea0502f found for delete ", "request_id": "req-f301c64a-41c5-4bc4-9fd8-182b0648d50c"}]}
2026-05-27 01:51:37.760 9 INFO neutron.services.segments.plugin [-] Segment 896485db-599e-49e2-ab86-114c2ea0502f resource provider not found; error: Placement Client Error (4xx): {"errors": [{"status": 404, "title": "Not Found", "detail": "The resource could not be found.\n\n No resource provider with uuid 896485db-599e-49e2-ab86-114c2ea0502f found for delete ", "request_id": "req-7152fd7a-940c-472a-90df-ce5ed80f7a8a"}]}
2026-05-27 01:51:37.781 9 INFO neutron.wsgi [None req-71dbe5ba-ce96-40f9-b3eb-b1dca7d68f93 89420457978045d1a10f4f01bc67f6ac 26b477c3ee58465b8510936a5ab155ea - - default default] 10.0.0.76 "DELETE /v2.0/networks/02c1de3b-1b3f-4653-a8b9-20c458f70e65 HTTP/1.1" status: 204 len: 168 time: 0.3873487
2026-05-27 01:51:38.155 10 INFO neutron.db.ovn_revision_numbers_db [None req-e2581ff7-9d9f-47f0-a8ee-c2b23ebe481d c7389368c9144860b6eee9134c8f12db dacc41c649ef4777a8b203e08fd71cbc - - default default] Successfully bumped revision number for resource ed70b885-8efb-48a2-bbcb-e109de870977 (type: floatingips) to -1
2026-05-27 01:51:38.248 9 INFO neutron.wsgi [None req-cf39e50f-ae92-4610-9b3a-60612facbca8 89420457978045d1a10f4f01bc67f6ac 26b477c3ee58465b8510936a5ab155ea - - default default] 10.0.0.76 "DELETE /v2.0/networks/a3bcb70e-7214-473d-8227-4b8794500f86 HTTP/1.1" status: 204 len: 168 time: 0.4595413 /var/lib/openstack/lib/python3.10/site-packages/pycadf/identifier.py:71: UserWarning: Invalid uuid: neutron. To ensure interoperability, identifiers should be a valid uuid. warnings.warn(('Invalid uuid: %s. To ensure interoperability, '
2026-05-27 01:51:38.292 10 INFO neutron.db.ovn_revision_numbers_db [None req-e2581ff7-9d9f-47f0-a8ee-c2b23ebe481d c7389368c9144860b6eee9134c8f12db dacc41c649ef4777a8b203e08fd71cbc - - default default] Successfully bumped revision number for resource ed70b885-8efb-48a2-bbcb-e109de870977 (type: floatingips) to 1
2026-05-27 01:51:38.293 10 INFO neutron.db.l3_db [None req-e2581ff7-9d9f-47f0-a8ee-c2b23ebe481d c7389368c9144860b6eee9134c8f12db dacc41c649ef4777a8b203e08fd71cbc - - default default] Floating IP ed70b885-8efb-48a2-bbcb-e109de870977 associated. External IP: 10.96.250.211, port: d90a61fe-8101-45a9-86e7-dfede841fc82.
2026-05-27 01:51:38.337 10 INFO neutron.wsgi [None req-e2581ff7-9d9f-47f0-a8ee-c2b23ebe481d c7389368c9144860b6eee9134c8f12db dacc41c649ef4777a8b203e08fd71cbc - - default default] 10.0.0.76 "POST /v2.0/floatingips HTTP/1.1" status: 201 len: 1054 time: 1.5971868
2026-05-27 01:51:38.388 10 INFO neutron.notifiers.nova [-] Nova event matching ['req-7667342c-7c10-4732-bf3c-8d30f724c20d'] response: {'name': 'network-changed', 'server_uuid': '24639d28-c74a-4932-af13-3397fd7d7e9a', 'tag': 'd90a61fe-8101-45a9-86e7-dfede841fc82', 'status': 'completed', 'code': 200}
2026-05-27 01:51:38.394 9 INFO neutron.wsgi [None req-a66f161a-320e-4e30-af5d-6172546ce4ac c7389368c9144860b6eee9134c8f12db dacc41c649ef4777a8b203e08fd71cbc - - default default] 10.0.0.76 "GET /v2.0/floatingips/ed70b885-8efb-48a2-bbcb-e109de870977 HTTP/1.1" status: 200 len: 1051 time: 0.0501902
2026-05-27 01:51:38.510 9 INFO neutron.wsgi [req-a9a164cf-240e-4e85-b989-e156fffb93d4 req-f3c770ed-1dad-451d-af6d-528ea5f444d0 fc69de7d45ee4886828c95b3c0500558 c060b4b2087b4a8a975ad4099f2ce171 - - d5fe3bbb03c64be7acb79c7309a0a069 d5fe3bbb03c64be7acb79c7309a0a069] 199.204.45.140 "GET /v2.0/ports?tenant_id=dacc41c649ef4777a8b203e08fd71cbc&device_id=24639d28-c74a-4932-af13-3397fd7d7e9a HTTP/1.1" status: 200 len: 1409 time: 0.0949593
2026-05-27 01:51:38.614 9 INFO neutron.wsgi [req-a9a164cf-240e-4e85-b989-e156fffb93d4 req-8405afc1-7609-4e41-80f8-e371d09ec17b fc69de7d45ee4886828c95b3c0500558 c060b4b2087b4a8a975ad4099f2ce171 - - d5fe3bbb03c64be7acb79c7309a0a069 d5fe3bbb03c64be7acb79c7309a0a069] 199.204.45.140 "GET /v2.0/networks?id=891c33c5-4f71-4e28-9997-2580dd2e044f HTTP/1.1" status: 200 len: 958 time: 0.0785401
2026-05-27 01:51:38.649 10 WARNING neutron_lib.context [None req-bfdd824d-43c8-4891-b1b6-ab72e0336c15 9ba450419bc341b8b2aee4b5f900186f b0a5df6903a548eeae6892f6d6467cdd - - default default] Method 'is_advsvc' is deprecated since 2023.2 release (neutron-lib 3.8.0) and will be removed once support for the old RBAC API policies will be removed from Neutron. Please use method 'is_service_role' instead.
2026-05-27 01:51:38.704 9 INFO neutron.wsgi [req-a9a164cf-240e-4e85-b989-e156fffb93d4 req-ffb0cd14-090b-4917-9fa6-1212ba45e34b fc69de7d45ee4886828c95b3c0500558 c060b4b2087b4a8a975ad4099f2ce171 - - d5fe3bbb03c64be7acb79c7309a0a069 d5fe3bbb03c64be7acb79c7309a0a069] 199.204.45.140 "GET /v2.0/floatingips?fixed_ip_address=10.100.0.3&port_id=d90a61fe-8101-45a9-86e7-dfede841fc82 HTTP/1.1" status: 200 len: 1059 time: 0.0827599
2026-05-27 01:51:38.751 9 INFO neutron.wsgi [req-a9a164cf-240e-4e85-b989-e156fffb93d4 req-eb8bdb60-fbee-40ee-b7a3-eb814bfdf380 fc69de7d45ee4886828c95b3c0500558 c060b4b2087b4a8a975ad4099f2ce171 - - d5fe3bbb03c64be7acb79c7309a0a069 d5fe3bbb03c64be7acb79c7309a0a069] 199.204.45.140 "GET /v2.0/subnets?id=cc717b47-e0af-4c76-b57d-4668cd9258f9 HTTP/1.1" status: 200 len: 853 time: 0.0413475
2026-05-27 01:51:38.781 9 INFO neutron.wsgi [req-a9a164cf-240e-4e85-b989-e156fffb93d4 req-0d0a1e19-1419-4312-8f9f-e9f8d01959ae fc69de7d45ee4886828c95b3c0500558 c060b4b2087b4a8a975ad4099f2ce171 - - d5fe3bbb03c64be7acb79c7309a0a069 d5fe3bbb03c64be7acb79c7309a0a069] 199.204.45.140 "GET /v2.0/ports?network_id=891c33c5-4f71-4e28-9997-2580dd2e044f&device_owner=network%3Adhcp HTTP/1.1" status: 200 len: 210 time: 0.0225952
2026-05-27 01:51:38.784 10 INFO neutron.db.ovn_revision_numbers_db [None req-bfdd824d-43c8-4891-b1b6-ab72e0336c15 9ba450419bc341b8b2aee4b5f900186f b0a5df6903a548eeae6892f6d6467cdd - - default default] Successfully bumped revision number for resource 3ffb3359-1d9c-4a6f-a748-a081bc2b4557 (type: security_groups) to 1
2026-05-27 01:51:38.797 10 INFO neutron.db.ovn_revision_numbers_db [None req-bfdd824d-43c8-4891-b1b6-ab72e0336c15 9ba450419bc341b8b2aee4b5f900186f b0a5df6903a548eeae6892f6d6467cdd - - default default] Successfully bumped revision number for resource 200877b6-3801-4f89-becf-051e4540bf80 (type: security_group_rules) to 0
2026-05-27 01:51:38.809 10 INFO neutron.db.ovn_revision_numbers_db [None req-bfdd824d-43c8-4891-b1b6-ab72e0336c15 9ba450419bc341b8b2aee4b5f900186f b0a5df6903a548eeae6892f6d6467cdd - - default default] Successfully bumped revision number for resource 3228fbfb-58a8-45ca-8a15-54d5bb800ec9 (type: security_group_rules) to 0
2026-05-27 01:51:38.821 10 INFO neutron.db.ovn_revision_numbers_db [None req-bfdd824d-43c8-4891-b1b6-ab72e0336c15 9ba450419bc341b8b2aee4b5f900186f b0a5df6903a548eeae6892f6d6467cdd - - default default] Successfully bumped revision number for resource 51012125-c99b-41c0-a1d8-583ee6ef0e53 (type: security_group_rules) to 0
2026-05-27 01:51:38.833 10 INFO neutron.db.ovn_revision_numbers_db [None req-bfdd824d-43c8-4891-b1b6-ab72e0336c15 9ba450419bc341b8b2aee4b5f900186f b0a5df6903a548eeae6892f6d6467cdd - - default default] Successfully bumped revision number for resource 5af6eceb-886a-4ebb-b3a8-70ea9941ba89 (type: security_group_rules) to 0
2026-05-27 01:51:38.871 9 INFO neutron.wsgi [req-a9a164cf-240e-4e85-b989-e156fffb93d4 req-42abd2c1-c887-45c5-9cc4-2f5c0071c883 fc69de7d45ee4886828c95b3c0500558 c060b4b2087b4a8a975ad4099f2ce171 - - d5fe3bbb03c64be7acb79c7309a0a069 d5fe3bbb03c64be7acb79c7309a0a069] 199.204.45.140 "GET /v2.0/networks/891c33c5-4f71-4e28-9997-2580dd2e044f?fields=segments HTTP/1.1" status: 200 len: 212 time: 0.0829616
2026-05-27 01:51:38.879 9 INFO neutron.wsgi [None req-7dff549a-cf7b-475c-abed-d0d6f4a3e06b 89420457978045d1a10f4f01bc67f6ac 26b477c3ee58465b8510936a5ab155ea - - default default] 10.0.0.76 "DELETE /v2.0/networks/04fe29ce-30e2-4702-abe4-a69ac1b8df3a HTTP/1.1" status: 204 len: 168 time: 0.6242149
2026-05-27 01:51:38.906 10 INFO neutron.db.segments_db [None req-bfdd824d-43c8-4891-b1b6-ab72e0336c15 9ba450419bc341b8b2aee4b5f900186f b0a5df6903a548eeae6892f6d6467cdd - - default default] Added segment ee5d5772-8de3-4a03-8ebe-b81f8b73b7a6 of type geneve for network f75fce8e-c80f-464e-9e68-0370fae5a61f
2026-05-27 01:51:38.939 9 INFO neutron.wsgi [req-a9a164cf-240e-4e85-b989-e156fffb93d4 req-6e78f3f8-2078-476d-8c26-91b912f74d66 fc69de7d45ee4886828c95b3c0500558 c060b4b2087b4a8a975ad4099f2ce171 - - d5fe3bbb03c64be7acb79c7309a0a069 d5fe3bbb03c64be7acb79c7309a0a069] 199.204.45.140 "GET /v2.0/networks/891c33c5-4f71-4e28-9997-2580dd2e044f?fields=provider%3Aphysical_network&fields=provider%3Anetwork_type HTTP/1.1" status: 200 len: 277 time: 0.0587289
2026-05-27 01:51:39.099 10 INFO neutron.db.ovn_revision_numbers_db [None req-bfdd824d-43c8-4891-b1b6-ab72e0336c15 9ba450419bc341b8b2aee4b5f900186f b0a5df6903a548eeae6892f6d6467cdd - - default default] Successfully bumped revision number for resource f75fce8e-c80f-464e-9e68-0370fae5a61f (type: networks) to 1
2026-05-27 01:51:39.329 10 WARNING neutron.scheduler.dhcp_agent_scheduler [None req-bfdd824d-43c8-4891-b1b6-ab72e0336c15 9ba450419bc341b8b2aee4b5f900186f b0a5df6903a548eeae6892f6d6467cdd - - default default] No more DHCP agents
2026-05-27 01:51:39.339 10 WARNING neutron.api.rpc.agentnotifiers.dhcp_rpc_agent_api [None req-bfdd824d-43c8-4891-b1b6-ab72e0336c15 9ba450419bc341b8b2aee4b5f900186f b0a5df6903a548eeae6892f6d6467cdd - - default default] Unable to schedule network f75fce8e-c80f-464e-9e68-0370fae5a61f: no agents available; will retry on subsequent port and subnet creation events.
2026-05-27 01:51:39.454 10 INFO neutron.services.segments.plugin [-] Segment 957a3789-ca33-4186-b675-0702fac7797e resource provider aggregate not found
2026-05-27 01:51:39.461 10 INFO neutron.services.segments.plugin [-] Segment 957a3789-ca33-4186-b675-0702fac7797e resource provider aggregate not found
2026-05-27 01:51:39.487 10 INFO neutron.services.segments.plugin [-] Segment 957a3789-ca33-4186-b675-0702fac7797e resource provider not found; error: Placement Client Error (4xx): {"errors": [{"status": 404, "title": "Not Found", "detail": "The resource could not be found.\n\n No resource provider with uuid 957a3789-ca33-4186-b675-0702fac7797e found for delete ", "request_id": "req-2da7b875-2e8e-46d0-a6aa-2e0caca7cc6f"}]}
2026-05-27 01:51:39.488 10 INFO neutron.services.segments.plugin [-] Segment 957a3789-ca33-4186-b675-0702fac7797e resource provider not found; error: Placement Client Error (4xx): {"errors": [{"status": 404, "title": "Not Found", "detail": "The resource could not be found.\n\n No resource provider with uuid 957a3789-ca33-4186-b675-0702fac7797e found for delete ", "request_id": "req-74b30a42-9532-46d8-b2b2-17faccea24a4"}]}
2026-05-27 01:51:39.517 10 INFO neutron.wsgi [None req-aaf03854-a3b1-4809-a71c-1750f7fa8470 89420457978045d1a10f4f01bc67f6ac 26b477c3ee58465b8510936a5ab155ea - - default default] 10.0.0.76 "DELETE /v2.0/networks/f0a204c6-c9e6-4610-9e74-3ab072019517 HTTP/1.1" status: 204 len: 168 time: 0.6324208
2026-05-27 01:51:39.518 10 INFO neutron.db.ovn_revision_numbers_db [None req-bfdd824d-43c8-4891-b1b6-ab72e0336c15 9ba450419bc341b8b2aee4b5f900186f b0a5df6903a548eeae6892f6d6467cdd - - default default] Successfully bumped revision number for resource cbe20262-6863-4a21-918d-9e7889a95119 (type: ports) to 1
2026-05-27 01:51:39.559 10 INFO neutron.wsgi [None req-bfdd824d-43c8-4891-b1b6-ab72e0336c15 9ba450419bc341b8b2aee4b5f900186f b0a5df6903a548eeae6892f6d6467cdd - - default default] 10.0.0.76 "POST /v2.0/networks HTTP/1.1" status: 201 len: 831 time: 1.1361063
2026-05-27 01:51:39.570 10 WARNING neutron_lib.context [None req-94135a76-3972-49aa-9cd4-06abfa27f901 9ba450419bc341b8b2aee4b5f900186f b0a5df6903a548eeae6892f6d6467cdd - - default default] Method 'is_advsvc' is deprecated since 2023.2 release (neutron-lib 3.8.0) and will be removed once support for the old RBAC API policies will be removed from Neutron. Please use method 'is_service_role' instead.
2026-05-27 01:51:39.644 9 INFO neutron.wsgi [None req-b318100f-a10e-417a-aa3f-2416fd708602 9b79efb632104899a29982ab5c7db7f5 1c23899b06fb4ba49e519f066ce75c14 - - default default] 10.0.0.130 "GET /v2.0/networks HTTP/1.1" status: 200 len: 3802 time: 0.1800742
