2026-05-27 01:52:12.020 9 INFO neutron.wsgi [req-7d335720-59d2-4d78-8e3a-9774705784b8 req-52a563ef-b84e-4e7c-aac1-9c8b6c84aac0 c7389368c9144860b6eee9134c8f12db dacc41c649ef4777a8b203e08fd71cbc - - default default] 10.0.0.103 "GET /v2.0/security-groups?id=353c34ab-90e7-45ad-86c0-3adc2de0ea22&fields=id&fields=name HTTP/1.1" status: 200 len: 313 time: 0.0961454
2026-05-27 01:52:12.030 9 INFO neutron.db.ovn_revision_numbers_db [None req-6bc9f2b0-1a89-4708-95e9-0d5e3f9262be 04353d8f78ec46fa9e12d8c5112b5279 5e9301a06577406d886832a01fb50fc3 - - default default] Successfully bumped revision number for resource d1c1d7e0-1e33-405c-8bbd-3b1166ff898b (type: routers) to 2
2026-05-27 01:52:12.062 9 INFO neutron.wsgi [None req-6bc9f2b0-1a89-4708-95e9-0d5e3f9262be 04353d8f78ec46fa9e12d8c5112b5279 5e9301a06577406d886832a01fb50fc3 - - default default] 10.0.0.76 "POST /v2.0/routers HTTP/1.1" status: 201 len: 1150 time: 2.7824111
2026-05-27 01:52:12.150 9 INFO neutron.wsgi [None req-f6f735ba-9d4f-4686-beca-fc815014fa44 04353d8f78ec46fa9e12d8c5112b5279 5e9301a06577406d886832a01fb50fc3 - - default default] 10.0.0.76 "GET /v2.0/routers/d1c1d7e0-1e33-405c-8bbd-3b1166ff898b HTTP/1.1" status: 200 len: 1151 time: 0.0805788
2026-05-27 01:52:12.262 9 INFO neutron.wsgi [req-995c22c2-5940-4c2c-87ef-b54066b3b7e5 req-8b360c84-6840-433f-9475-67017447cb96 c7389368c9144860b6eee9134c8f12db dacc41c649ef4777a8b203e08fd71cbc - - default default] 199.204.45.140 "GET /v2.0/ports?device_id=24639d28-c74a-4932-af13-3397fd7d7e9a HTTP/1.1" status: 200 len: 1170 time: 0.0708063
2026-05-27 01:52:12.303 9 INFO neutron.wsgi [None req-2abf8907-db85-41c2-8db0-681c8c362640 04353d8f78ec46fa9e12d8c5112b5279 5e9301a06577406d886832a01fb50fc3 - - default default] 10.0.0.76 "GET /v2.0/routers HTTP/1.1" status: 200 len: 1154 time: 0.1477308
2026-05-27 01:52:12.863 9 WARNING neutron.plugins.ml2.drivers.ovn.mech_driver.ovsdb.ovn_client [None req-7332e26f-726c-4641-8eec-3c59f147e9ca - - - - - -] No port found with ID 89295b71-69fe-428f-8782-9dc6d056dc10: RuntimeError: No port found with ID 89295b71-69fe-428f-8782-9dc6d056dc10
2026-05-27 01:52:12.901 9 INFO neutron.plugins.ml2.drivers.ovn.mech_driver.mech_driver [None req-7332e26f-726c-4641-8eec-3c59f147e9ca - - - - - -] OVN reports status up for port: 56fc6bf8-5613-4338-8c6c-df634fe13904
2026-05-27 01:52:12.924 9 INFO neutron.plugins.ml2.plugin [None req-7332e26f-726c-4641-8eec-3c59f147e9ca - - - - - -] Attempt 1 to provision port 56fc6bf8-5613-4338-8c6c-df634fe13904
2026-05-27 01:52:12.983 9 INFO neutron.wsgi [req-995c22c2-5940-4c2c-87ef-b54066b3b7e5 req-9d524776-c781-417f-b208-b3420722a2a4 c7389368c9144860b6eee9134c8f12db dacc41c649ef4777a8b203e08fd71cbc - - default default] 199.204.45.140 "DELETE /v2.0/ports/d90a61fe-8101-45a9-86e7-dfede841fc82 HTTP/1.1" status: 204 len: 173 time: 0.7149873
2026-05-27 01:52:13.030 9 INFO neutron.notifiers.nova [-] Nova event matching ['req-4f4015dd-76ed-42b7-80a6-80187664455f'] response: {'server_uuid': '24639d28-c74a-4932-af13-3397fd7d7e9a', 'name': 'network-vif-deleted', 'tag': 'd90a61fe-8101-45a9-86e7-dfede841fc82', 'status': 'completed', 'code': 200} /var/lib/openstack/lib/python3.10/site-packages/pycadf/identifier.py:71: UserWarning: Invalid uuid: neutron. To ensure interoperability, identifiers should be a valid uuid. warnings.warn(('Invalid uuid: %s. To ensure interoperability, '
2026-05-27 01:52:13.142 9 INFO neutron.wsgi [req-7ddf4ffb-d3e9-45f6-99dd-cb57d336975f req-80e84ae2-b306-4c12-a6a8-a6519c632bfa c7389368c9144860b6eee9134c8f12db dacc41c649ef4777a8b203e08fd71cbc - - default default] 10.0.0.103 "GET /v2.0/ports?device_id=24639d28-c74a-4932-af13-3397fd7d7e9a HTTP/1.1" status: 200 len: 210 time: 0.0236809
2026-05-27 01:52:13.231 9 INFO neutron.db.ovn_revision_numbers_db [None req-6ec51ab2-317f-4469-81c7-9275fa194f3d 04353d8f78ec46fa9e12d8c5112b5279 5e9301a06577406d886832a01fb50fc3 - - default default] Successfully bumped revision number for resource d1c1d7e0-1e33-405c-8bbd-3b1166ff898b (type: routers) to 3
2026-05-27 01:52:13.238 9 INFO neutron.wsgi [None req-6ec51ab2-317f-4469-81c7-9275fa194f3d 04353d8f78ec46fa9e12d8c5112b5279 5e9301a06577406d886832a01fb50fc3 - - default default] 10.0.0.76 "PUT /v2.0/routers/d1c1d7e0-1e33-405c-8bbd-3b1166ff898b HTTP/1.1" status: 200 len: 1158 time: 0.9227476
2026-05-27 01:52:13.328 10 INFO neutron.wsgi [None req-f433eb92-9184-48af-8d36-68b48aa64efb 04353d8f78ec46fa9e12d8c5112b5279 5e9301a06577406d886832a01fb50fc3 - - default default] 10.0.0.76 "GET /v2.0/routers/d1c1d7e0-1e33-405c-8bbd-3b1166ff898b HTTP/1.1" status: 200 len: 1158 time: 0.0844550
2026-05-27 01:52:13.355 10 INFO neutron.wsgi [None req-4d1db34b-7a4d-471f-9cfa-52c4c8b3c82e 04353d8f78ec46fa9e12d8c5112b5279 5e9301a06577406d886832a01fb50fc3 - - default default] 10.0.0.76 "GET /v2.0/ports?device_id=d1c1d7e0-1e33-405c-8bbd-3b1166ff898b HTTP/1.1" status: 200 len: 205 time: 0.0221808
2026-05-27 01:52:14.312 10 INFO neutron.wsgi [None req-4ef1aa07-6b8b-4ba5-850f-d214b49f5c15 04353d8f78ec46fa9e12d8c5112b5279 5e9301a06577406d886832a01fb50fc3 - - default default] 10.0.0.76 "DELETE /v2.0/routers/d1c1d7e0-1e33-405c-8bbd-3b1166ff898b HTTP/1.1" status: 204 len: 168 time: 0.9514303
2026-05-27 01:52:14.341 10 INFO neutron.wsgi [None req-30cf72ee-4f84-464c-b64f-141febf4eb20 04353d8f78ec46fa9e12d8c5112b5279 5e9301a06577406d886832a01fb50fc3 - - default default] 10.0.0.76 "GET /v2.0/ports?device_id=d1c1d7e0-1e33-405c-8bbd-3b1166ff898b HTTP/1.1" status: 200 len: 205 time: 0.0221448
2026-05-27 01:52:14.373 9 INFO neutron.api.v2.resource [None req-792563a5-b6d2-4cda-b4a7-0f4efec43e17 04353d8f78ec46fa9e12d8c5112b5279 5e9301a06577406d886832a01fb50fc3 - - default default] delete failed (client error): The resource could not be found.
2026-05-27 01:52:14.377 9 INFO neutron.wsgi [None req-792563a5-b6d2-4cda-b4a7-0f4efec43e17 04353d8f78ec46fa9e12d8c5112b5279 5e9301a06577406d886832a01fb50fc3 - - default default] 10.0.0.76 "DELETE /v2.0/routers/d1c1d7e0-1e33-405c-8bbd-3b1166ff898b HTTP/1.1" status: 404 len: 336 time: 0.0293155
2026-05-27 01:52:14.417 9 INFO neutron.wsgi [None req-5a09fffe-6709-4e68-8ecc-f334c9df7577 04353d8f78ec46fa9e12d8c5112b5279 5e9301a06577406d886832a01fb50fc3 - - default default] 10.0.0.76 "GET /v2.0/ports?device_id=8ea2e9db-6bc9-47c0-a1ed-43163c260108 HTTP/1.1" status: 200 len: 205 time: 0.0352645
2026-05-27 01:52:14.447 10 INFO neutron.api.v2.resource [None req-bd7ea6f3-14d6-48ba-9577-b4c35f2a2341 04353d8f78ec46fa9e12d8c5112b5279 5e9301a06577406d886832a01fb50fc3 - - default default] delete failed (client error): The resource could not be found.
2026-05-27 01:52:14.449 10 INFO neutron.wsgi [None req-bd7ea6f3-14d6-48ba-9577-b4c35f2a2341 04353d8f78ec46fa9e12d8c5112b5279 5e9301a06577406d886832a01fb50fc3 - - default default] 10.0.0.76 "DELETE /v2.0/routers/8ea2e9db-6bc9-47c0-a1ed-43163c260108 HTTP/1.1" status: 404 len: 336 time: 0.0276356
2026-05-27 01:52:14.463 9 INFO neutron.wsgi [None req-ad9a9a93-4861-41ca-a5c8-0c67cf4bfc57 c7389368c9144860b6eee9134c8f12db dacc41c649ef4777a8b203e08fd71cbc - - default default] 10.0.0.76 "DELETE /v2.0/security-groups/353c34ab-90e7-45ad-86c0-3adc2de0ea22 HTTP/1.1" status: 204 len: 168 time: 0.2604051
2026-05-27 01:52:14.475 10 INFO neutron.pecan_wsgi.hooks.translation [None req-d495efe9-1cb8-4ff6-aef9-5842013e007a 04353d8f78ec46fa9e12d8c5112b5279 5e9301a06577406d886832a01fb50fc3 - - default default] DELETE failed (client error): The resource could not be found.
2026-05-27 01:52:14.478 10 INFO neutron.wsgi [None req-d495efe9-1cb8-4ff6-aef9-5842013e007a 04353d8f78ec46fa9e12d8c5112b5279 5e9301a06577406d886832a01fb50fc3 - - default default] 10.0.0.76 "DELETE /v2.0/subnets/d167a18f-eb4a-4b8f-a387-985309f0612d HTTP/1.1" status: 404 len: 337 time: 0.0236242
2026-05-27 01:52:14.503 10 INFO neutron.wsgi [None req-8d666b30-d87d-4b03-8fce-a6f5d46f6906 04353d8f78ec46fa9e12d8c5112b5279 5e9301a06577406d886832a01fb50fc3 - - default default] 10.0.0.76 "GET /v2.0/ports?device_id=92390b7f-6ab6-4d36-8c5e-815c546d1feb HTTP/1.1" status: 200 len: 205 time: 0.0190265
2026-05-27 01:52:14.540 9 INFO neutron.api.v2.resource [None req-dd824713-c87b-4d98-b3ce-cb1b5129b24f 04353d8f78ec46fa9e12d8c5112b5279 5e9301a06577406d886832a01fb50fc3 - - default default] delete failed (client error): The resource could not be found.
2026-05-27 01:52:14.542 9 INFO neutron.wsgi [None req-dd824713-c87b-4d98-b3ce-cb1b5129b24f 04353d8f78ec46fa9e12d8c5112b5279 5e9301a06577406d886832a01fb50fc3 - - default default] 10.0.0.76 "DELETE /v2.0/routers/92390b7f-6ab6-4d36-8c5e-815c546d1feb HTTP/1.1" status: 404 len: 336 time: 0.0308707
2026-05-27 01:52:14.582 10 INFO neutron.pecan_wsgi.hooks.translation [None req-e86d2ae5-18ac-468b-ab66-1a31025f32fe 04353d8f78ec46fa9e12d8c5112b5279 5e9301a06577406d886832a01fb50fc3 - - default default] DELETE failed (client error): The resource could not be found.
2026-05-27 01:52:14.586 10 INFO neutron.wsgi [None req-e86d2ae5-18ac-468b-ab66-1a31025f32fe 04353d8f78ec46fa9e12d8c5112b5279 5e9301a06577406d886832a01fb50fc3 - - default default] 10.0.0.76 "DELETE /v2.0/subnets/48294e41-234d-4fb4-82f7-b1924e3e8b18 HTTP/1.1" status: 404 len: 337 time: 0.0385301
2026-05-27 01:52:14.614 9 INFO neutron.wsgi [None req-634e1884-c591-449c-a937-e7c90372af7b 04353d8f78ec46fa9e12d8c5112b5279 5e9301a06577406d886832a01fb50fc3 - - default default] 10.0.0.76 "GET /v2.0/ports?device_id=6fefe170-57fa-40e2-8f1e-5c946154266b HTTP/1.1" status: 200 len: 205 time: 0.0219223
2026-05-27 01:52:14.649 9 INFO neutron.api.v2.resource [None req-33088d85-b009-4691-a567-3befe01f8d7e 04353d8f78ec46fa9e12d8c5112b5279 5e9301a06577406d886832a01fb50fc3 - - default default] delete failed (client error): The resource could not be found.
2026-05-27 01:52:14.650 9 INFO neutron.wsgi [None req-33088d85-b009-4691-a567-3befe01f8d7e 04353d8f78ec46fa9e12d8c5112b5279 5e9301a06577406d886832a01fb50fc3 - - default default] 10.0.0.76 "DELETE /v2.0/routers/6fefe170-57fa-40e2-8f1e-5c946154266b HTTP/1.1" status: 404 len: 336 time: 0.0315292
2026-05-27 01:52:14.675 9 INFO neutron.pecan_wsgi.hooks.translation [None req-8a0e7522-b209-4926-b122-f3222a87a7a3 04353d8f78ec46fa9e12d8c5112b5279 5e9301a06577406d886832a01fb50fc3 - - default default] DELETE failed (client error): The resource could not be found.
2026-05-27 01:52:14.677 9 INFO neutron.wsgi [None req-8a0e7522-b209-4926-b122-f3222a87a7a3 04353d8f78ec46fa9e12d8c5112b5279 5e9301a06577406d886832a01fb50fc3 - - default default] 10.0.0.76 "DELETE /v2.0/subnets/4dd4ad23-8858-4276-8b33-ea995b4cf89a HTTP/1.1" status: 404 len: 337 time: 0.0226653
2026-05-27 01:52:14.697 9 INFO neutron.pecan_wsgi.hooks.translation [None req-5a9d3ba2-57ff-433c-bc64-3183770075be 04353d8f78ec46fa9e12d8c5112b5279 5e9301a06577406d886832a01fb50fc3 - - default default] DELETE failed (client error): The resource could not be found.
2026-05-27 01:52:14.700 9 INFO neutron.wsgi [None req-5a9d3ba2-57ff-433c-bc64-3183770075be 04353d8f78ec46fa9e12d8c5112b5279 5e9301a06577406d886832a01fb50fc3 - - default default] 10.0.0.76 "DELETE /v2.0/subnets/a7daac8d-e514-4f3f-9c4d-925d36fe23be HTTP/1.1" status: 404 len: 337 time: 0.0186374
2026-05-27 01:52:15.075 9 WARNING neutron_lib.context [None req-fc264e18-3e19-4b16-8841-41b1ed9f5eb0 bf570c067daa44cc8a5655a4e8b6375d 2db1b61da41949cc9384eb5c2f9a905c - - default default] Method 'is_advsvc' is deprecated since 2023.2 release (neutron-lib 3.8.0) and will be removed once support for the old RBAC API policies will be removed from Neutron. Please use method 'is_service_role' instead.
2026-05-27 01:52:15.148 9 INFO neutron.wsgi [None req-fc264e18-3e19-4b16-8841-41b1ed9f5eb0 bf570c067daa44cc8a5655a4e8b6375d 2db1b61da41949cc9384eb5c2f9a905c - - default default] 10.0.0.76 "POST /v2.0/subnetpools HTTP/1.1" status: 201 len: 715 time: 0.2349520
2026-05-27 01:52:15.202 9 INFO neutron.wsgi [None req-0bd9602e-b3af-4342-8501-8dd64769890e bf570c067daa44cc8a5655a4e8b6375d 2db1b61da41949cc9384eb5c2f9a905c - - default default] 10.0.0.76 "PUT /v2.0/subnetpools/778c376e-342f-4091-a920-ebbaa7584c81/tags HTTP/1.1" status: 200 len: 218 time: 0.0483057
2026-05-27 01:52:15.254 9 INFO neutron.wsgi [None req-1edb4a38-57a2-4cda-b1b4-1098cfc6896e bf570c067daa44cc8a5655a4e8b6375d 2db1b61da41949cc9384eb5c2f9a905c - - default default] 10.0.0.76 "GET /v2.0/subnetpools/778c376e-342f-4091-a920-ebbaa7584c81/tags HTTP/1.1" status: 200 len: 218 time: 0.0426877
2026-05-27 01:52:15.295 9 INFO neutron.wsgi [None req-70d23972-c6ba-4557-b27e-8e9dcbe05434 bf570c067daa44cc8a5655a4e8b6375d 2db1b61da41949cc9384eb5c2f9a905c - - default default] 10.0.0.76 "PUT /v2.0/subnetpools/778c376e-342f-4091-a920-ebbaa7584c81/tags/green HTTP/1.1" status: 201 len: 201 time: 0.0341048
2026-05-27 01:52:15.328 9 INFO neutron.wsgi [None req-e3c58fd2-9e30-4bb8-9080-a1739b5cbfe3 bf570c067daa44cc8a5655a4e8b6375d 2db1b61da41949cc9384eb5c2f9a905c - - default default] 10.0.0.76 "GET /v2.0/subnetpools/778c376e-342f-4091-a920-ebbaa7584c81/tags HTTP/1.1" status: 200 len: 227 time: 0.0291486
2026-05-27 01:52:15.360 9 INFO neutron.wsgi [None req-a065e3f6-07b1-4a9d-8c39-0747238533b1 bf570c067daa44cc8a5655a4e8b6375d 2db1b61da41949cc9384eb5c2f9a905c - - default default] 10.0.0.76 "PUT /v2.0/subnetpools/778c376e-342f-4091-a920-ebbaa7584c81/tags/red HTTP/1.1" status: 201 len: 201 time: 0.0273585
2026-05-27 01:52:15.382 10 INFO neutron.wsgi [None req-e786583c-b794-48e5-81f5-f68fd29a090e 9b79efb632104899a29982ab5c7db7f5 1c23899b06fb4ba49e519f066ce75c14 - - default default] 10.0.0.76 "GET /v2.0/security-groups?tenant_id=5e9301a06577406d886832a01fb50fc3&name=default HTTP/1.1" status: 200 len: 3120 time: 0.1200104
2026-05-27 01:52:15.384 9 INFO neutron.wsgi [None req-454156c4-3566-4605-be2e-bc54782629db bf570c067daa44cc8a5655a4e8b6375d 2db1b61da41949cc9384eb5c2f9a905c - - default default] 10.0.0.76 "GET /v2.0/subnetpools/778c376e-342f-4091-a920-ebbaa7584c81/tags HTTP/1.1" status: 200 len: 227 time: 0.0209885
2026-05-27 01:52:15.449 9 INFO neutron.wsgi [None req-6e7fdcf7-944b-41db-aa89-3e2d78a0b6c1 bf570c067daa44cc8a5655a4e8b6375d 2db1b61da41949cc9384eb5c2f9a905c - - default default] 10.0.0.76 "PUT /v2.0/subnetpools/778c376e-342f-4091-a920-ebbaa7584c81/tags/black.or.white HTTP/1.1" status: 201 len: 201 time: 0.0593503
2026-05-27 01:52:15.480 9 INFO neutron.wsgi [None req-2f3cbda5-0ba0-495a-9391-9e185606f72f bf570c067daa44cc8a5655a4e8b6375d 2db1b61da41949cc9384eb5c2f9a905c - - default default] 10.0.0.76 "GET /v2.0/subnetpools/778c376e-342f-4091-a920-ebbaa7584c81/tags HTTP/1.1" status: 200 len: 245 time: 0.0269797
2026-05-27 01:52:15.553 9 INFO neutron.wsgi [None req-703bfcb4-1b08-4c06-ab08-72c04cfca2fb bf570c067daa44cc8a5655a4e8b6375d 2db1b61da41949cc9384eb5c2f9a905c - - default default] 10.0.0.76 "PUT /v2.0/subnetpools/778c376e-342f-4091-a920-ebbaa7584c81/tags HTTP/1.1" status: 200 len: 230 time: 0.0670991
2026-05-27 01:52:15.612 10 INFO neutron.wsgi [None req-c389c450-f1b7-4e69-9341-cff887e9fd8a bf570c067daa44cc8a5655a4e8b6375d 2db1b61da41949cc9384eb5c2f9a905c - - default default] 10.0.0.76 "GET /v2.0/subnetpools/778c376e-342f-4091-a920-ebbaa7584c81/tags HTTP/1.1" status: 200 len: 230 time: 0.0517480
2026-05-27 01:52:15.658 9 INFO neutron.wsgi [None req-c4e1ef4c-5623-4054-a023-7582537d82d0 9b79efb632104899a29982ab5c7db7f5 1c23899b06fb4ba49e519f066ce75c14 - - default default] 10.0.0.76 "DELETE /v2.0/security-groups/a853ccd1-37dc-4678-b599-16ca5a0ddf4f HTTP/1.1" status: 204 len: 168 time: 0.2694666
2026-05-27 01:52:15.668 10 INFO neutron.wsgi [None req-2045bd13-fad1-4160-8e99-656f53643473 bf570c067daa44cc8a5655a4e8b6375d 2db1b61da41949cc9384eb5c2f9a905c - - default default] 10.0.0.76 "GET /v2.0/subnetpools/778c376e-342f-4091-a920-ebbaa7584c81/tags/red HTTP/1.1" status: 204 len: 168 time: 0.0497165
2026-05-27 01:52:15.711 10 INFO neutron.api.v2.resource [None req-637f6428-f7ad-43cc-803b-8187d52a4beb bf570c067daa44cc8a5655a4e8b6375d 2db1b61da41949cc9384eb5c2f9a905c - - default default] show failed (client error): The resource could not be found.
2026-05-27 01:52:15.712 10 INFO neutron.wsgi [None req-637f6428-f7ad-43cc-803b-8187d52a4beb bf570c067daa44cc8a5655a4e8b6375d 2db1b61da41949cc9384eb5c2f9a905c - - default default] 10.0.0.76 "GET /v2.0/subnetpools/778c376e-342f-4091-a920-ebbaa7584c81/tags/green HTTP/1.1" status: 404 len: 299 time: 0.0410528
2026-05-27 01:52:15.756 9 INFO neutron.wsgi [None req-6caa202f-e282-4f67-929c-74e5bf78a834 bf570c067daa44cc8a5655a4e8b6375d 2db1b61da41949cc9384eb5c2f9a905c - - default default] 10.0.0.76 "DELETE /v2.0/subnetpools/778c376e-342f-4091-a920-ebbaa7584c81/tags/red HTTP/1.1" status: 204 len: 168 time: 0.0371010
2026-05-27 01:52:15.784 9 INFO neutron.wsgi [None req-07f94037-ddc9-4964-8762-00ec517a1cc0 bf570c067daa44cc8a5655a4e8b6375d 2db1b61da41949cc9384eb5c2f9a905c - - default default] 10.0.0.76 "GET /v2.0/subnetpools/778c376e-342f-4091-a920-ebbaa7584c81/tags HTTP/1.1" status: 200 len: 223 time: 0.0208006
2026-05-27 01:52:15.814 9 INFO neutron.api.v2.resource [None req-585e4ffa-1e76-418d-b60e-ef551e83fb27 bf570c067daa44cc8a5655a4e8b6375d 2db1b61da41949cc9384eb5c2f9a905c - - default default] delete failed (client error): The resource could not be found.
2026-05-27 01:52:15.816 9 INFO neutron.wsgi [None req-585e4ffa-1e76-418d-b60e-ef551e83fb27 bf570c067daa44cc8a5655a4e8b6375d 2db1b61da41949cc9384eb5c2f9a905c - - default default] 10.0.0.76 "DELETE /v2.0/subnetpools/778c376e-342f-4091-a920-ebbaa7584c81/tags/green HTTP/1.1" status: 404 len: 299 time: 0.0254278
2026-05-27 01:52:15.855 9 INFO neutron.wsgi [None req-ffb5b575-6b2b-4efa-9872-72d46969a1d6 bf570c067daa44cc8a5655a4e8b6375d 2db1b61da41949cc9384eb5c2f9a905c - - default default] 10.0.0.76 "DELETE /v2.0/subnetpools/778c376e-342f-4091-a920-ebbaa7584c81/tags HTTP/1.1" status: 204 len: 168 time: 0.0351024
2026-05-27 01:52:15.877 10 INFO neutron.wsgi [None req-06e6880c-9665-4ee2-b1e6-34d95a8597cf c7389368c9144860b6eee9134c8f12db dacc41c649ef4777a8b203e08fd71cbc - - default default] 10.0.0.76 "PUT /v2.0/routers/b3490459-dd77-4e9c-b444-ab7240216548/remove_router_interface HTTP/1.1" status: 200 len: 503 time: 1.3700736
2026-05-27 01:52:15.884 9 INFO neutron.wsgi [None req-7cec80c7-37a2-4d81-81e5-a51e9b5b5e6d bf570c067daa44cc8a5655a4e8b6375d 2db1b61da41949cc9384eb5c2f9a905c - - default default] 10.0.0.76 "GET /v2.0/subnetpools/778c376e-342f-4091-a920-ebbaa7584c81/tags HTTP/1.1" status: 200 len: 205 time: 0.0213587 /var/lib/openstack/lib/python3.10/site-packages/pycadf/identifier.py:71: UserWarning: Invalid uuid: neutron. To ensure interoperability, identifiers should be a valid uuid. warnings.warn(('Invalid uuid: %s. To ensure interoperability, '
2026-05-27 01:52:15.963 9 INFO neutron.wsgi [None req-9f2316de-d3d2-435d-a650-d159ff26010e bf570c067daa44cc8a5655a4e8b6375d 2db1b61da41949cc9384eb5c2f9a905c - - default default] 10.0.0.76 "DELETE /v2.0/subnetpools/778c376e-342f-4091-a920-ebbaa7584c81 HTTP/1.1" status: 204 len: 168 time: 0.0590479
2026-05-27 01:52:16.114 10 INFO neutron.wsgi [None req-a02541bd-6966-4a14-a514-d14c753382bc c7389368c9144860b6eee9134c8f12db dacc41c649ef4777a8b203e08fd71cbc - - default default] 10.0.0.76 "DELETE /v2.0/subnets/cc717b47-e0af-4c76-b57d-4668cd9258f9 HTTP/1.1" status: 204 len: 168 time: 0.2332158
2026-05-27 01:52:16.933 9 INFO neutron.db.ovn_revision_numbers_db [None req-97489a9b-4960-4361-82a3-bf151882ac8b 9b79efb632104899a29982ab5c7db7f5 1c23899b06fb4ba49e519f066ce75c14 - - default default] Successfully bumped revision number for resource 5a8cf539-79a3-4bfd-aeb0-a89ad8879681 (type: security_groups) to 1
2026-05-27 01:52:16.945 9 INFO neutron.db.ovn_revision_numbers_db [None req-97489a9b-4960-4361-82a3-bf151882ac8b 9b79efb632104899a29982ab5c7db7f5 1c23899b06fb4ba49e519f066ce75c14 - - default default] Successfully bumped revision number for resource 37b6071c-3a0f-4af5-839b-cb967a5f8a6a (type: security_group_rules) to 0
2026-05-27 01:52:16.959 9 INFO neutron.db.ovn_revision_numbers_db [None req-97489a9b-4960-4361-82a3-bf151882ac8b 9b79efb632104899a29982ab5c7db7f5 1c23899b06fb4ba49e519f066ce75c14 - - default default] Successfully bumped revision number for resource 83224287-95ed-415c-af2b-38f6378f157a (type: security_group_rules) to 0
2026-05-27 01:52:16.973 9 INFO neutron.db.ovn_revision_numbers_db [None req-97489a9b-4960-4361-82a3-bf151882ac8b 9b79efb632104899a29982ab5c7db7f5 1c23899b06fb4ba49e519f066ce75c14 - - default default] Successfully bumped revision number for resource 9c51e234-dcbf-42ee-bb35-80f5b7431531 (type: security_group_rules) to 0
2026-05-27 01:52:16.984 9 INFO neutron.db.ovn_revision_numbers_db [None req-97489a9b-4960-4361-82a3-bf151882ac8b 9b79efb632104899a29982ab5c7db7f5 1c23899b06fb4ba49e519f066ce75c14 - - default default] Successfully bumped revision number for resource edac70d3-ed4b-4e32-a796-b82ba5aafc3f (type: security_group_rules) to 0
2026-05-27 01:52:17.021 9 INFO neutron.wsgi [None req-97489a9b-4960-4361-82a3-bf151882ac8b 9b79efb632104899a29982ab5c7db7f5 1c23899b06fb4ba49e519f066ce75c14 - - default default] 10.0.0.76 "GET /v2.0/security-groups?tenant_id=2db1b61da41949cc9384eb5c2f9a905c&name=default HTTP/1.1" status: 200 len: 3120 time: 0.3683472
2026-05-27 01:52:17.041 10 INFO neutron.wsgi [None req-fc55c2e7-64ff-4031-87fc-68d5721ce370 c7389368c9144860b6eee9134c8f12db dacc41c649ef4777a8b203e08fd71cbc - - default default] 10.0.0.76 "DELETE /v2.0/routers/b3490459-dd77-4e9c-b444-ab7240216548 HTTP/1.1" status: 204 len: 168 time: 0.9226239
2026-05-27 01:52:17.230 10 INFO neutron.wsgi [None req-8c07f205-47d1-452d-9e2d-298cc3a1ae68 9b79efb632104899a29982ab5c7db7f5 1c23899b06fb4ba49e519f066ce75c14 - - default default] 10.0.0.76 "DELETE /v2.0/security-groups/5a8cf539-79a3-4bfd-aeb0-a89ad8879681 HTTP/1.1" status: 204 len: 168 time: 0.2050352
2026-05-27 01:52:17.398 9 INFO neutron.services.segments.plugin [-] Segment 40c5b9ac-b187-4147-8f03-bb9ae99bb460 resource provider aggregate not found
2026-05-27 01:52:17.402 9 INFO neutron.services.segments.plugin [-] Segment 40c5b9ac-b187-4147-8f03-bb9ae99bb460 resource provider aggregate not found
2026-05-27 01:52:17.409 9 INFO neutron.services.segments.plugin [-] Segment 40c5b9ac-b187-4147-8f03-bb9ae99bb460 resource provider not found; error: Placement Client Error (4xx): {"errors": [{"status": 404, "title": "Not Found", "detail": "The resource could not be found.\n\n No resource provider with uuid 40c5b9ac-b187-4147-8f03-bb9ae99bb460 found for delete ", "request_id": "req-64ff4325-ecfe-469e-925e-7304d375c276"}]}
2026-05-27 01:52:17.417 9 INFO neutron.services.segments.plugin [-] Segment 40c5b9ac-b187-4147-8f03-bb9ae99bb460 resource provider not found; error: Placement Client Error (4xx): {"errors": [{"status": 404, "title": "Not Found", "detail": "The resource could not be found.\n\n No resource provider with uuid 40c5b9ac-b187-4147-8f03-bb9ae99bb460 found for delete ", "request_id": "req-ae0c53d3-1816-4414-815a-df3745efbe58"}]}
2026-05-27 01:52:17.424 9 INFO neutron.wsgi [None req-f2ff9ab6-0de5-47bd-943d-5731d1e17d81 c7389368c9144860b6eee9134c8f12db dacc41c649ef4777a8b203e08fd71cbc - - default default] 10.0.0.76 "DELETE /v2.0/networks/891c33c5-4f71-4e28-9997-2580dd2e044f HTTP/1.1" status: 204 len: 168 time: 0.3791461
2026-05-27 01:52:17.509 9 WARNING neutron_lib.context [None req-9d99e229-d235-4783-ab5c-72c086f52de4 bd6b942a6a6e4e8c992df9e5e9abd192 5e6a667104484498adf28b9662146056 - - default default] Method 'is_advsvc' is deprecated since 2023.2 release (neutron-lib 3.8.0) and will be removed once support for the old RBAC API policies will be removed from Neutron. Please use method 'is_service_role' instead.
2026-05-27 01:52:17.527 10 INFO neutron.db.ovn_revision_numbers_db [None req-c9441dd3-aa12-4e36-abf5-95a22c8aaa92 9b79efb632104899a29982ab5c7db7f5 1c23899b06fb4ba49e519f066ce75c14 - - default default] Successfully bumped revision number for resource cf64d480-c3f5-4101-a099-15468fdf4df4 (type: security_groups) to 1
2026-05-27 01:52:17.538 10 INFO neutron.db.ovn_revision_numbers_db [None req-c9441dd3-aa12-4e36-abf5-95a22c8aaa92 9b79efb632104899a29982ab5c7db7f5 1c23899b06fb4ba49e519f066ce75c14 - - default default] Successfully bumped revision number for resource 08c47750-26ec-4bc7-bf00-cee84120c8e1 (type: security_group_rules) to 0
2026-05-27 01:52:17.549 10 INFO neutron.db.ovn_revision_numbers_db [None req-c9441dd3-aa12-4e36-abf5-95a22c8aaa92 9b79efb632104899a29982ab5c7db7f5 1c23899b06fb4ba49e519f066ce75c14 - - default default] Successfully bumped revision number for resource 0a6ddd77-78de-4868-9fbb-640296cf172b (type: security_group_rules) to 0
2026-05-27 01:52:17.565 10 INFO neutron.db.ovn_revision_numbers_db [None req-c9441dd3-aa12-4e36-abf5-95a22c8aaa92 9b79efb632104899a29982ab5c7db7f5 1c23899b06fb4ba49e519f066ce75c14 - - default default] Successfully bumped revision number for resource 39ba7a32-91ef-4a11-aeae-f9d62adab98e (type: security_group_rules) to 0
2026-05-27 01:52:17.583 10 INFO neutron.db.ovn_revision_numbers_db [None req-c9441dd3-aa12-4e36-abf5-95a22c8aaa92 9b79efb632104899a29982ab5c7db7f5 1c23899b06fb4ba49e519f066ce75c14 - - default default] Successfully bumped revision number for resource f838d5c8-ab73-4846-88ac-49f5f10dd287 (type: security_group_rules) to 0
2026-05-27 01:52:17.606 10 INFO neutron.wsgi [None req-c9441dd3-aa12-4e36-abf5-95a22c8aaa92 9b79efb632104899a29982ab5c7db7f5 1c23899b06fb4ba49e519f066ce75c14 - - default default] 10.0.0.76 "GET /v2.0/security-groups?tenant_id=628307f358aa4e8bbbb9eec8006a8346&name=default HTTP/1.1" status: 200 len: 3120 time: 0.2154944
2026-05-27 01:52:17.632 9 WARNING neutron.plugins.ml2.drivers.ovn.mech_driver.ovsdb.ovn_client [None req-7332e26f-726c-4641-8eec-3c59f147e9ca - - - - - -] No port found with ID 56fc6bf8-5613-4338-8c6c-df634fe13904: RuntimeError: No port found with ID 56fc6bf8-5613-4338-8c6c-df634fe13904
2026-05-27 01:52:17.633 9 INFO neutron.plugins.ml2.drivers.ovn.mech_driver.mech_driver [None req-7332e26f-726c-4641-8eec-3c59f147e9ca - - - - - -] OVN reports status down for port: d90a61fe-8101-45a9-86e7-dfede841fc82
2026-05-27 01:52:17.655 9 INFO neutron.db.ovn_revision_numbers_db [None req-9d99e229-d235-4783-ab5c-72c086f52de4 bd6b942a6a6e4e8c992df9e5e9abd192 5e6a667104484498adf28b9662146056 - - default default] Successfully bumped revision number for resource 9e987336-eaad-4966-940d-ed81c87c484e (type: security_groups) to 1
2026-05-27 01:52:17.666 9 INFO neutron.db.ovn_revision_numbers_db [None req-9d99e229-d235-4783-ab5c-72c086f52de4 bd6b942a6a6e4e8c992df9e5e9abd192 5e6a667104484498adf28b9662146056 - - default default] Successfully bumped revision number for resource 1a11803c-abbf-4698-9307-7e79d99d61a9 (type: security_group_rules) to 0
2026-05-27 01:52:17.676 9 INFO neutron.db.ovn_revision_numbers_db [None req-9d99e229-d235-4783-ab5c-72c086f52de4 bd6b942a6a6e4e8c992df9e5e9abd192 5e6a667104484498adf28b9662146056 - - default default] Successfully bumped revision number for resource 46032116-b845-4670-ae42-bcd3510287ac (type: security_group_rules) to 0
2026-05-27 01:52:17.687 9 INFO neutron.db.ovn_revision_numbers_db [None req-9d99e229-d235-4783-ab5c-72c086f52de4 bd6b942a6a6e4e8c992df9e5e9abd192 5e6a667104484498adf28b9662146056 - - default default] Successfully bumped revision number for resource 978bbe27-c6c6-4856-a308-299ab66d4b06 (type: security_group_rules) to 0
2026-05-27 01:52:17.699 9 INFO neutron.db.ovn_revision_numbers_db [None req-9d99e229-d235-4783-ab5c-72c086f52de4 bd6b942a6a6e4e8c992df9e5e9abd192 5e6a667104484498adf28b9662146056 - - default default] Successfully bumped revision number for resource bed693c2-94ec-4cf4-864f-3b2b25bb10ef (type: security_group_rules) to 0
2026-05-27 01:52:17.799 9 INFO neutron.db.ovn_revision_numbers_db [None req-9d99e229-d235-4783-ab5c-72c086f52de4 bd6b942a6a6e4e8c992df9e5e9abd192 5e6a667104484498adf28b9662146056 - - default default] Successfully bumped revision number for resource a4655a70-34c9-424a-8720-68894ee244b9 (type: security_groups) to 1
2026-05-27 01:52:17.812 9 INFO neutron.db.ovn_revision_numbers_db [None req-9d99e229-d235-4783-ab5c-72c086f52de4 bd6b942a6a6e4e8c992df9e5e9abd192 5e6a667104484498adf28b9662146056 - - default default] Successfully bumped revision number for resource 55b83aa5-3f79-41e7-ad1f-0f512316dbff (type: security_group_rules) to 0
2026-05-27 01:52:17.829 9 INFO neutron.db.ovn_revision_numbers_db [None req-9d99e229-d235-4783-ab5c-72c086f52de4 bd6b942a6a6e4e8c992df9e5e9abd192 5e6a667104484498adf28b9662146056 - - default default] Successfully bumped revision number for resource 81b7cce1-bd57-41a1-8672-b3b243893853 (type: security_group_rules) to 0
2026-05-27 01:52:17.840 10 INFO neutron.wsgi [None req-1dcce318-4e0e-41fc-8984-516b25930c75 9b79efb632104899a29982ab5c7db7f5 1c23899b06fb4ba49e519f066ce75c14 - - default default] 10.0.0.76 "DELETE /v2.0/security-groups/cf64d480-c3f5-4101-a099-15468fdf4df4 HTTP/1.1" status: 204 len: 168 time: 0.2285607
2026-05-27 01:52:17.852 9 INFO neutron.wsgi [None req-9d99e229-d235-4783-ab5c-72c086f52de4 bd6b942a6a6e4e8c992df9e5e9abd192 5e6a667104484498adf28b9662146056 - - default default] 10.0.0.76 "POST /v2.0/security-groups HTTP/1.1" status: 201 len: 1824 time: 0.4875524
2026-05-27 01:52:17.927 9 INFO neutron.wsgi [None req-fffea569-0064-4113-aaf6-effb4ef36acb bd6b942a6a6e4e8c992df9e5e9abd192 5e6a667104484498adf28b9662146056 - - default default] 10.0.0.76 "GET /v2.0/security-groups HTTP/1.1" status: 200 len: 4724 time: 0.0672059
2026-05-27 01:52:18.022 9 INFO neutron.db.ovn_revision_numbers_db [None req-0f89456a-5342-4f99-8aa0-d939a0b073de bd6b942a6a6e4e8c992df9e5e9abd192 5e6a667104484498adf28b9662146056 - - default default] Successfully bumped revision number for resource a4655a70-34c9-424a-8720-68894ee244b9 (type: security_groups) to 2
2026-05-27 01:52:18.027 9 INFO neutron.wsgi [None req-0f89456a-5342-4f99-8aa0-d939a0b073de bd6b942a6a6e4e8c992df9e5e9abd192 5e6a667104484498adf28b9662146056 - - default default] 10.0.0.76 "PUT /v2.0/security-groups/a4655a70-34c9-424a-8720-68894ee244b9 HTTP/1.1" status: 200 len: 1858 time: 0.0935600
2026-05-27 01:52:18.062 10 INFO neutron.wsgi [None req-ecddba59-f2ce-409b-8b89-1edffa44897c bd6b942a6a6e4e8c992df9e5e9abd192 5e6a667104484498adf28b9662146056 - - default default] 10.0.0.76 "GET /v2.0/security-groups/a4655a70-34c9-424a-8720-68894ee244b9 HTTP/1.1" status: 200 len: 1858 time: 0.0276306
2026-05-27 01:52:18.181 10 INFO neutron.wsgi [None req-c464ae2d-da80-4c3b-826a-f2d196994676 bd6b942a6a6e4e8c992df9e5e9abd192 5e6a667104484498adf28b9662146056 - - default default] 10.0.0.76 "DELETE /v2.0/security-groups/a4655a70-34c9-424a-8720-68894ee244b9 HTTP/1.1" status: 204 len: 168 time: 0.1143918
2026-05-27 01:52:18.227 10 INFO neutron.wsgi [None req-e7210f9e-d442-422a-be85-abb6d325381a bd6b942a6a6e4e8c992df9e5e9abd192 5e6a667104484498adf28b9662146056 - - default default] 10.0.0.76 "GET /v2.0/security-groups HTTP/1.1" status: 200 len: 3120 time: 0.0404141
2026-05-27 01:52:18.241 10 INFO neutron.api.v2.resource [None req-73d7e2f6-7a57-4c5d-a74d-59448d72a3ce bd6b942a6a6e4e8c992df9e5e9abd192 5e6a667104484498adf28b9662146056 - - default default] delete failed (client error): The resource could not be found.
2026-05-27 01:52:18.242 10 INFO neutron.wsgi [None req-73d7e2f6-7a57-4c5d-a74d-59448d72a3ce bd6b942a6a6e4e8c992df9e5e9abd192 5e6a667104484498adf28b9662146056 - - default default] 10.0.0.76 "DELETE /v2.0/security-groups/a4655a70-34c9-424a-8720-68894ee244b9 HTTP/1.1" status: 404 len: 347 time: 0.0109127
2026-05-27 01:52:18.260 10 WARNING neutron_lib.context [None req-c9033c6b-c851-4ad5-b267-8e38c508a1d2 bd6b942a6a6e4e8c992df9e5e9abd192 5e6a667104484498adf28b9662146056 - - default default] Method 'is_advsvc' is deprecated since 2023.2 release (neutron-lib 3.8.0) and will be removed once support for the old RBAC API policies will be removed from Neutron. Please use method 'is_service_role' instead.
2026-05-27 01:52:18.416 10 INFO neutron.db.ovn_revision_numbers_db [None req-c9033c6b-c851-4ad5-b267-8e38c508a1d2 bd6b942a6a6e4e8c992df9e5e9abd192 5e6a667104484498adf28b9662146056 - - default default] Successfully bumped revision number for resource aae30229-b6c1-43b9-8c5f-40b996493b31 (type: security_groups) to 1
2026-05-27 01:52:18.436 10 INFO neutron.db.ovn_revision_numbers_db [None req-c9033c6b-c851-4ad5-b267-8e38c508a1d2 bd6b942a6a6e4e8c992df9e5e9abd192 5e6a667104484498adf28b9662146056 - - default default] Successfully bumped revision number for resource 1609df08-c8a2-49ec-913f-7fcc042c6b38 (type: security_group_rules) to 0
2026-05-27 01:52:18.439 10 INFO neutron.db.ovn_revision_numbers_db [None req-fa24d0b9-ff35-4c2f-bb9b-7372feea3eba 9b79efb632104899a29982ab5c7db7f5 1c23899b06fb4ba49e519f066ce75c14 - - default default] Successfully bumped revision number for resource bb0e1bce-6aac-4f39-b5b7-a723daab792f (type: security_groups) to 1
2026-05-27 01:52:18.451 10 INFO neutron.db.ovn_revision_numbers_db [None req-fa24d0b9-ff35-4c2f-bb9b-7372feea3eba 9b79efb632104899a29982ab5c7db7f5 1c23899b06fb4ba49e519f066ce75c14 - - default default] Successfully bumped revision number for resource b3896ce3-0502-499d-a799-a22ad2396889 (type: security_group_rules) to 0
2026-05-27 01:52:18.453 10 INFO neutron.db.ovn_revision_numbers_db [None req-c9033c6b-c851-4ad5-b267-8e38c508a1d2 bd6b942a6a6e4e8c992df9e5e9abd192 5e6a667104484498adf28b9662146056 - - default default] Successfully bumped revision number for resource 77de2097-ecc4-4227-bb29-aebe3d1fad21 (type: security_group_rules) to 0
2026-05-27 01:52:18.472 10 INFO neutron.wsgi [None req-c9033c6b-c851-4ad5-b267-8e38c508a1d2 bd6b942a6a6e4e8c992df9e5e9abd192 5e6a667104484498adf28b9662146056 - - default default] 10.0.0.76 "POST /v2.0/security-groups HTTP/1.1" status: 201 len: 1825 time: 0.2218370
2026-05-27 01:52:18.476 10 INFO neutron.db.ovn_revision_numbers_db [None req-fa24d0b9-ff35-4c2f-bb9b-7372feea3eba 9b79efb632104899a29982ab5c7db7f5 1c23899b06fb4ba49e519f066ce75c14 - - default default] Successfully bumped revision number for resource bf9530a8-e787-4f29-b542-4d7a51c744b8 (type: security_group_rules) to 0
2026-05-27 01:52:18.484 9 WARNING neutron_lib.context [None req-adebaab0-ce82-4888-a91f-12417fbaf8cb bd6b942a6a6e4e8c992df9e5e9abd192 5e6a667104484498adf28b9662146056 - - default default] Method 'is_advsvc' is deprecated since 2023.2 release (neutron-lib 3.8.0) and will be removed once support for the old RBAC API policies will be removed from Neutron. Please use method 'is_service_role' instead.
2026-05-27 01:52:18.487 10 INFO neutron.db.ovn_revision_numbers_db [None req-fa24d0b9-ff35-4c2f-bb9b-7372feea3eba 9b79efb632104899a29982ab5c7db7f5 1c23899b06fb4ba49e519f066ce75c14 - - default default] Successfully bumped revision number for resource c6b52f91-017f-43ea-adfd-32839d705f48 (type: security_group_rules) to 0
2026-05-27 01:52:18.497 10 INFO neutron.db.ovn_revision_numbers_db [None req-fa24d0b9-ff35-4c2f-bb9b-7372feea3eba 9b79efb632104899a29982ab5c7db7f5 1c23899b06fb4ba49e519f066ce75c14 - - default default] Successfully bumped revision number for resource efb527de-e7b8-4416-a0dd-08b478d1eca4 (type: security_group_rules) to 0
2026-05-27 01:52:18.514 10 INFO neutron.wsgi [None req-fa24d0b9-ff35-4c2f-bb9b-7372feea3eba 9b79efb632104899a29982ab5c7db7f5 1c23899b06fb4ba49e519f066ce75c14 - - default default] 10.0.0.76 "GET /v2.0/security-groups?tenant_id=48eeb1c2955345538af15289cf1b0ef6&name=default HTTP/1.1" status: 200 len: 3120 time: 0.4220574
2026-05-27 01:52:18.660 9 INFO neutron.db.ovn_revision_numbers_db [None req-adebaab0-ce82-4888-a91f-12417fbaf8cb bd6b942a6a6e4e8c992df9e5e9abd192 5e6a667104484498adf28b9662146056 - - default default] Successfully bumped revision number for resource 87c8789f-2dc3-4de7-82ba-b440dfc330f1 (type: security_group_rules) to 0
2026-05-27 01:52:18.695 9 INFO neutron.wsgi [None req-adebaab0-ce82-4888-a91f-12417fbaf8cb bd6b942a6a6e4e8c992df9e5e9abd192 5e6a667104484498adf28b9662146056 - - default default] 10.0.0.76 "POST /v2.0/security-group-rules HTTP/1.1" status: 201 len: 800 time: 0.2160521
2026-05-27 01:52:18.726 10 INFO neutron.wsgi [None req-a70395f0-7607-4e26-9cce-099d4c1f2de8 bd6b942a6a6e4e8c992df9e5e9abd192 5e6a667104484498adf28b9662146056 - - default default] 10.0.0.76 "GET /v2.0/security-group-rules/87c8789f-2dc3-4de7-82ba-b440dfc330f1 HTTP/1.1" status: 200 len: 795 time: 0.0254722
2026-05-27 01:52:18.776 9 INFO neutron.wsgi [None req-1f346088-bc8b-4f9d-a4f7-117261c88847 9b79efb632104899a29982ab5c7db7f5 1c23899b06fb4ba49e519f066ce75c14 - - default default] 10.0.0.76 "DELETE /v2.0/security-groups/bb0e1bce-6aac-4f39-b5b7-a723daab792f HTTP/1.1" status: 204 len: 168 time: 0.2538013
2026-05-27 01:52:18.802 10 INFO neutron.wsgi [None req-ca313393-cb67-41a3-94ab-d7424984ca3b bd6b942a6a6e4e8c992df9e5e9abd192 5e6a667104484498adf28b9662146056 - - default default] 10.0.0.76 "GET /v2.0/security-group-rules HTTP/1.1" status: 200 len: 4333 time: 0.0701361
2026-05-27 01:52:18.916 10 INFO neutron.wsgi [None req-1b523287-6950-4b8f-a66a-3b5097f79d75 bd6b942a6a6e4e8c992df9e5e9abd192 5e6a667104484498adf28b9662146056 - - default default] 10.0.0.76 "DELETE /v2.0/security-group-rules/87c8789f-2dc3-4de7-82ba-b440dfc330f1 HTTP/1.1" status: 204 len: 168 time: 0.1084001
2026-05-27 01:52:18.927 9 INFO neutron.wsgi [None req-b7788c7a-bd52-4665-a9d5-8f5cc1a10535 9b79efb632104899a29982ab5c7db7f5 1c23899b06fb4ba49e519f066ce75c14 - - default default] 10.0.0.76 "GET /v2.0/security-groups?tenant_id=dacc41c649ef4777a8b203e08fd71cbc&name=default HTTP/1.1" status: 200 len: 3120 time: 0.0458283
2026-05-27 01:52:18.978 10 INFO neutron.wsgi [None req-a9b28e49-e3ac-46d3-ba9f-d4ac5c0fcc88 bd6b942a6a6e4e8c992df9e5e9abd192 5e6a667104484498adf28b9662146056 - - default default] 10.0.0.76 "GET /v2.0/security-group-rules HTTP/1.1" status: 200 len: 3755 time: 0.0570519
2026-05-27 01:52:18.990 10 WARNING neutron_lib.context [None req-19f123f1-d5a7-42fa-8eb0-0f3a58caa947 bd6b942a6a6e4e8c992df9e5e9abd192 5e6a667104484498adf28b9662146056 - - default default] Method 'is_advsvc' is deprecated since 2023.2 release (neutron-lib 3.8.0) and will be removed once support for the old RBAC API policies will be removed from Neutron. Please use method 'is_service_role' instead.
2026-05-27 01:52:19.099 10 INFO neutron.db.ovn_revision_numbers_db [None req-19f123f1-d5a7-42fa-8eb0-0f3a58caa947 bd6b942a6a6e4e8c992df9e5e9abd192 5e6a667104484498adf28b9662146056 - - default default] Successfully bumped revision number for resource 59a8c137-b3e6-41b2-ac35-54fc57039756 (type: security_group_rules) to 0
2026-05-27 01:52:19.124 10 INFO neutron.wsgi [None req-19f123f1-d5a7-42fa-8eb0-0f3a58caa947 bd6b942a6a6e4e8c992df9e5e9abd192 5e6a667104484498adf28b9662146056 - - default default] 10.0.0.76 "POST /v2.0/security-group-rules HTTP/1.1" status: 201 len: 800 time: 0.1402104
2026-05-27 01:52:19.130 9 INFO neutron.wsgi [None req-4043d852-aca9-4e00-b026-ce0ea6d8b6a4 9b79efb632104899a29982ab5c7db7f5 1c23899b06fb4ba49e519f066ce75c14 - - default default] 10.0.0.76 "DELETE /v2.0/security-groups/6f5789d5-3394-477a-8510-8b78de2ab075 HTTP/1.1" status: 204 len: 168 time: 0.1991732
2026-05-27 01:52:19.146 10 INFO neutron.wsgi [None req-6fa1f919-467c-4a5f-9c44-268e7534362a bd6b942a6a6e4e8c992df9e5e9abd192 5e6a667104484498adf28b9662146056 - - default default] 10.0.0.76 "GET /v2.0/security-group-rules/59a8c137-b3e6-41b2-ac35-54fc57039756 HTTP/1.1" status: 200 len: 795 time: 0.0157740
2026-05-27 01:52:19.218 10 INFO neutron.wsgi [None req-f435032d-a2c0-47a9-bdcb-5738e4961c76 bd6b942a6a6e4e8c992df9e5e9abd192 5e6a667104484498adf28b9662146056 - - default default] 10.0.0.76 "GET /v2.0/security-group-rules HTTP/1.1" status: 200 len: 4333 time: 0.0672457
2026-05-27 01:52:19.605 10 INFO neutron.wsgi [None req-ff264a37-aeca-4125-888a-ae4b2c69465d bd6b942a6a6e4e8c992df9e5e9abd192 5e6a667104484498adf28b9662146056 - - default default] 10.0.0.76 "DELETE /v2.0/security-group-rules/59a8c137-b3e6-41b2-ac35-54fc57039756 HTTP/1.1" status: 204 len: 168 time: 0.3809376
2026-05-27 01:52:19.669 10 INFO neutron.wsgi [None req-c1085386-d628-4a32-8b19-de3fabf8113d bd6b942a6a6e4e8c992df9e5e9abd192 5e6a667104484498adf28b9662146056 - - default default] 10.0.0.76 "GET /v2.0/security-group-rules HTTP/1.1" status: 200 len: 3755 time: 0.0571647
2026-05-27 01:52:19.678 10 WARNING neutron_lib.context [None req-e6797631-4446-4284-934a-5e2a0fc652b0 bd6b942a6a6e4e8c992df9e5e9abd192 5e6a667104484498adf28b9662146056 - - default default] Method 'is_advsvc' is deprecated since 2023.2 release (neutron-lib 3.8.0) and will be removed once support for the old RBAC API policies will be removed from Neutron. Please use method 'is_service_role' instead.
2026-05-27 01:52:19.791 10 INFO neutron.db.ovn_revision_numbers_db [None req-e6797631-4446-4284-934a-5e2a0fc652b0 bd6b942a6a6e4e8c992df9e5e9abd192 5e6a667104484498adf28b9662146056 - - default default] Successfully bumped revision number for resource e584a71e-5025-4254-aded-3e6ec2e2e6fd (type: security_group_rules) to 0
2026-05-27 01:52:19.817 10 INFO neutron.wsgi [None req-e6797631-4446-4284-934a-5e2a0fc652b0 bd6b942a6a6e4e8c992df9e5e9abd192 5e6a667104484498adf28b9662146056 - - default default] 10.0.0.76 "POST /v2.0/security-group-rules HTTP/1.1" status: 201 len: 801 time: 0.1433501
2026-05-27 01:52:19.843 9 INFO neutron.wsgi [None req-0689317c-4c1b-4705-abf5-e0625792e804 bd6b942a6a6e4e8c992df9e5e9abd192 5e6a667104484498adf28b9662146056 - - default default] 10.0.0.76 "GET /v2.0/security-group-rules/e584a71e-5025-4254-aded-3e6ec2e2e6fd HTTP/1.1" status: 200 len: 796 time: 0.0187850
2026-05-27 01:52:19.935 9 INFO neutron.wsgi [None req-435a257e-3ea4-44af-994e-900bf5fd670d bd6b942a6a6e4e8c992df9e5e9abd192 5e6a667104484498adf28b9662146056 - - default default] 10.0.0.76 "GET /v2.0/security-group-rules HTTP/1.1" status: 200 len: 4334 time: 0.0865853
2026-05-27 01:52:20.090 9 INFO neutron.wsgi [None req-22990ae0-0285-42e3-b5f4-e639765684e9 bd6b942a6a6e4e8c992df9e5e9abd192 5e6a667104484498adf28b9662146056 - - default default] 10.0.0.76 "DELETE /v2.0/security-group-rules/e584a71e-5025-4254-aded-3e6ec2e2e6fd HTTP/1.1" status: 204 len: 168 time: 0.1496987
2026-05-27 01:52:20.161 9 INFO neutron.wsgi [None req-96fe6227-11d2-4ffc-9922-1e3f8880a574 bd6b942a6a6e4e8c992df9e5e9abd192 5e6a667104484498adf28b9662146056 - - default default] 10.0.0.76 "GET /v2.0/security-group-rules HTTP/1.1" status: 200 len: 3755 time: 0.0644934
2026-05-27 01:52:20.307 9 INFO neutron.wsgi [None req-d4fb8fc9-7955-4edf-abd0-9cd0233d5d1a bd6b942a6a6e4e8c992df9e5e9abd192 5e6a667104484498adf28b9662146056 - - default default] 10.0.0.76 "DELETE /v2.0/security-groups/aae30229-b6c1-43b9-8c5f-40b996493b31 HTTP/1.1" status: 204 len: 168 time: 0.1397653
2026-05-27 01:52:20.355 9 INFO neutron.wsgi [None req-ce39ffe2-3511-47fa-a539-6ad9a5ceef43 bd6b942a6a6e4e8c992df9e5e9abd192 5e6a667104484498adf28b9662146056 - - default default] 10.0.0.76 "GET /v2.0/security-groups HTTP/1.1" status: 200 len: 3120 time: 0.0428061
2026-05-27 01:52:20.404 9 INFO neutron.wsgi [None req-22fa3675-40a0-45a5-a379-06918a473bd8 bd6b942a6a6e4e8c992df9e5e9abd192 5e6a667104484498adf28b9662146056 - - default default] 10.0.0.76 "GET /v2.0/security-groups HTTP/1.1" status: 200 len: 3120 time: 0.0418627
2026-05-27 01:52:21.005 9 INFO neutron.wsgi [None req-bb576997-e985-49ee-934d-e91b2f91e1b7 9b79efb632104899a29982ab5c7db7f5 1c23899b06fb4ba49e519f066ce75c14 - - default default] 10.0.0.76 "GET /v2.0/security-groups?tenant_id=5e6a667104484498adf28b9662146056&name=default HTTP/1.1" status: 200 len: 3120 time: 0.1374249
2026-05-27 01:52:21.160 10 INFO neutron.db.ovn_revision_numbers_db [None req-9d998f77-b2c7-45f2-99f4-da2c6cf14c72 9b79efb632104899a29982ab5c7db7f5 1c23899b06fb4ba49e519f066ce75c14 - - default default] Successfully bumped revision number for resource a261d392-65a7-4444-b1bd-800dfcb0df59 (type: security_groups) to 1
2026-05-27 01:52:21.174 10 INFO neutron.db.ovn_revision_numbers_db [None req-9d998f77-b2c7-45f2-99f4-da2c6cf14c72 9b79efb632104899a29982ab5c7db7f5 1c23899b06fb4ba49e519f066ce75c14 - - default default] Successfully bumped revision number for resource 1d62e14b-21f1-47af-a4ce-33d074ee8c16 (type: security_group_rules) to 0
2026-05-27 01:52:21.189 10 INFO neutron.db.ovn_revision_numbers_db [None req-9d998f77-b2c7-45f2-99f4-da2c6cf14c72 9b79efb632104899a29982ab5c7db7f5 1c23899b06fb4ba49e519f066ce75c14 - - default default] Successfully bumped revision number for resource 4a78dcca-72fe-4817-b13d-97323810d397 (type: security_group_rules) to 0
2026-05-27 01:52:21.204 10 INFO neutron.db.ovn_revision_numbers_db [None req-9d998f77-b2c7-45f2-99f4-da2c6cf14c72 9b79efb632104899a29982ab5c7db7f5 1c23899b06fb4ba49e519f066ce75c14 - - default default] Successfully bumped revision number for resource 9aa3b309-038f-49fc-9a2f-3f3b0e7cba15 (type: security_group_rules) to 0
2026-05-27 01:52:21.219 10 INFO neutron.db.ovn_revision_numbers_db [None req-9d998f77-b2c7-45f2-99f4-da2c6cf14c72 9b79efb632104899a29982ab5c7db7f5 1c23899b06fb4ba49e519f066ce75c14 - - default default] Successfully bumped revision number for resource c53fc335-4bb9-49fe-b3be-afae65fb4a59 (type: security_group_rules) to 0
2026-05-27 01:52:21.245 9 INFO neutron.wsgi [None req-850b2af5-d285-417b-ad8d-f77a2e72ecfc 9b79efb632104899a29982ab5c7db7f5 1c23899b06fb4ba49e519f066ce75c14 - - default default] 10.0.0.76 "DELETE /v2.0/security-groups/9e987336-eaad-4966-940d-ed81c87c484e HTTP/1.1" status: 204 len: 168 time: 0.2343225
2026-05-27 01:52:21.269 10 INFO neutron.db.segments_db [None req-9d998f77-b2c7-45f2-99f4-da2c6cf14c72 9b79efb632104899a29982ab5c7db7f5 1c23899b06fb4ba49e519f066ce75c14 - - default default] Added segment e271f08c-c28d-401d-8491-b0d990e971fb of type geneve for network 37de00d0-6a3b-4875-854b-5fc107ae0dab
2026-05-27 01:52:21.438 10 INFO neutron.db.ovn_revision_numbers_db [None req-9d998f77-b2c7-45f2-99f4-da2c6cf14c72 9b79efb632104899a29982ab5c7db7f5 1c23899b06fb4ba49e519f066ce75c14 - - default default] Successfully bumped revision number for resource 37de00d0-6a3b-4875-854b-5fc107ae0dab (type: networks) to 1
2026-05-27 01:52:21.625 10 WARNING neutron.scheduler.dhcp_agent_scheduler [None req-9d998f77-b2c7-45f2-99f4-da2c6cf14c72 9b79efb632104899a29982ab5c7db7f5 1c23899b06fb4ba49e519f066ce75c14 - - default default] No more DHCP agents
2026-05-27 01:52:21.627 10 WARNING neutron.api.rpc.agentnotifiers.dhcp_rpc_agent_api [None req-9d998f77-b2c7-45f2-99f4-da2c6cf14c72 9b79efb632104899a29982ab5c7db7f5 1c23899b06fb4ba49e519f066ce75c14 - - default default] Unable to schedule network 37de00d0-6a3b-4875-854b-5fc107ae0dab: no agents available; will retry on subsequent port and subnet creation events.
2026-05-27 01:52:21.721 10 INFO neutron.db.ovn_revision_numbers_db [None req-9d998f77-b2c7-45f2-99f4-da2c6cf14c72 9b79efb632104899a29982ab5c7db7f5 1c23899b06fb4ba49e519f066ce75c14 - - default default] Successfully bumped revision number for resource 31c65844-0d2c-48d5-b995-fb2792e02b13 (type: ports) to 1
2026-05-27 01:52:21.745 10 INFO neutron.wsgi [None req-9d998f77-b2c7-45f2-99f4-da2c6cf14c72 9b79efb632104899a29982ab5c7db7f5 1c23899b06fb4ba49e519f066ce75c14 - - default default] 10.0.0.76 "POST /v2.0/networks HTTP/1.1" status: 201 len: 943 time: 0.8992703
2026-05-27 01:52:21.916 10 WARNING neutron.scheduler.dhcp_agent_scheduler [None req-7c2904a7-fdea-44c6-a8e1-7eaf073170fd 9b79efb632104899a29982ab5c7db7f5 1c23899b06fb4ba49e519f066ce75c14 - - default default] No more DHCP agents
2026-05-27 01:52:21.919 10 WARNING neutron.api.rpc.agentnotifiers.dhcp_rpc_agent_api [None req-7c2904a7-fdea-44c6-a8e1-7eaf073170fd 9b79efb632104899a29982ab5c7db7f5 1c23899b06fb4ba49e519f066ce75c14 - - default default] Unable to schedule network 37de00d0-6a3b-4875-854b-5fc107ae0dab: no agents available; will retry on subsequent port and subnet creation events.
2026-05-27 01:52:22.424 10 INFO neutron.db.ovn_revision_numbers_db [None req-7c2904a7-fdea-44c6-a8e1-7eaf073170fd 9b79efb632104899a29982ab5c7db7f5 1c23899b06fb4ba49e519f066ce75c14 - - default default] Successfully bumped revision number for resource 31c65844-0d2c-48d5-b995-fb2792e02b13 (type: ports) to 2
2026-05-27 01:52:22.458 10 INFO neutron.db.ovn_revision_numbers_db [None req-7c2904a7-fdea-44c6-a8e1-7eaf073170fd 9b79efb632104899a29982ab5c7db7f5 1c23899b06fb4ba49e519f066ce75c14 - - default default] Successfully bumped revision number for resource 3091ac5d-afc8-4753-b61a-5be1c21669b0 (type: subnets) to 0
2026-05-27 01:52:22.479 10 INFO neutron.wsgi [None req-7c2904a7-fdea-44c6-a8e1-7eaf073170fd 9b79efb632104899a29982ab5c7db7f5 1c23899b06fb4ba49e519f066ce75c14 - - default default] 10.0.0.76 "POST /v2.0/subnets HTTP/1.1" status: 201 len: 863 time: 0.7296524
2026-05-27 01:52:23.037 10 WARNING neutron.scheduler.dhcp_agent_scheduler [None req-4f332b06-8d4e-473b-9c6c-793b397dd57f 9b79efb632104899a29982ab5c7db7f5 1c23899b06fb4ba49e519f066ce75c14 - - default default] No more DHCP agents
2026-05-27 01:52:23.039 10 WARNING neutron.api.rpc.agentnotifiers.dhcp_rpc_agent_api [None req-4f332b06-8d4e-473b-9c6c-793b397dd57f 9b79efb632104899a29982ab5c7db7f5 1c23899b06fb4ba49e519f066ce75c14 - - default default] Unable to schedule network 8c9f9782-a40c-4944-bf8b-e87dac191b04: no agents available; will retry on subsequent port and subnet creation events.
2026-05-27 01:52:23.212 10 INFO neutron.db.ovn_revision_numbers_db [None req-4f332b06-8d4e-473b-9c6c-793b397dd57f 9b79efb632104899a29982ab5c7db7f5 1c23899b06fb4ba49e519f066ce75c14 - - default default] Successfully bumped revision number for resource 95a46f4b-5318-4c52-87fe-5acd1f74a662 (type: ports) to 1
2026-05-27 01:52:23.899 10 INFO neutron.plugins.ml2.drivers.ovn.mech_driver.ovsdb.commands [None req-ff3b9efb-a196-41f2-aaa6-64cbe800711b - - - - - -] Schedule LRP lrp-95a46f4b-5318-4c52-87fe-5acd1f74a662 on gateway 511e0751-0370-4736-81aa-7c00f76d41aa with priority 1
2026-05-27 01:52:23.912 9 INFO neutron.plugins.ml2.drivers.ovn.mech_driver.mech_driver [None req-7332e26f-726c-4641-8eec-3c59f147e9ca - - - - - -] OVN reports status up for port: 95a46f4b-5318-4c52-87fe-5acd1f74a662
