2026-05-27 01:49:50.402 10 INFO neutron.wsgi [None req-5429a7a6-57e6-48ba-8b9b-5d22df4d9b29 9b79efb632104899a29982ab5c7db7f5 1c23899b06fb4ba49e519f066ce75c14 - - default default] 10.0.0.76 "GET /v2.0/security-groups?tenant_id=aab73e82158a420ea7ed974fe4d52a3e&name=default HTTP/1.1" status: 200 len: 3120 time: 0.3065786
2026-05-27 01:49:50.420 9 INFO neutron.wsgi [req-66c7723b-4234-499f-9e5a-4a9c52e84027 req-197b92dd-f292-45de-9913-458044aa659b 3e88b34004654f1ebfedb6c8f78bdf40 42081c329ac74e9d84e06d33f188ade7 - - default default] 10.0.0.103 "GET /v2.0/security-groups?name=tempest-securitygroup--466558165&fields=id&tenant_id=42081c329ac74e9d84e06d33f188ade7 HTTP/1.1" status: 200 len: 267 time: 0.0497983
2026-05-27 01:49:50.520 10 WARNING neutron.scheduler.dhcp_agent_scheduler [None req-a945b0c6-aa43-40a7-a0d3-c0a988b621d2 c4207fa2509a46cab253025485c0edc3 4c6c81210bc4419d8e377f90df1a6e61 - - default default] No more DHCP agents
2026-05-27 01:49:50.524 9 INFO neutron.wsgi [req-66c7723b-4234-499f-9e5a-4a9c52e84027 req-9673eb62-6bf2-4f2d-97c5-f785ad1d0560 3e88b34004654f1ebfedb6c8f78bdf40 42081c329ac74e9d84e06d33f188ade7 - - default default] 10.0.0.103 "GET /v2.0/networks?id=67e5b789-6d45-457b-b259-764fd07c8021 HTTP/1.1" status: 200 len: 874 time: 0.0974209
2026-05-27 01:49:50.524 10 WARNING neutron.api.rpc.agentnotifiers.dhcp_rpc_agent_api [None req-a945b0c6-aa43-40a7-a0d3-c0a988b621d2 c4207fa2509a46cab253025485c0edc3 4c6c81210bc4419d8e377f90df1a6e61 - - default default] Unable to schedule network 5d976bc9-9a8f-4914-b8e1-d902050a526a: no agents available; will retry on subsequent port and subnet creation events.
2026-05-27 01:49:50.549 9 INFO neutron.wsgi [req-66c7723b-4234-499f-9e5a-4a9c52e84027 req-efb40334-b5e8-45f7-806d-b677bfb352e1 3e88b34004654f1ebfedb6c8f78bdf40 42081c329ac74e9d84e06d33f188ade7 - - default default] 10.0.0.103 "GET /v2.0/quotas/42081c329ac74e9d84e06d33f188ade7 HTTP/1.1" status: 200 len: 491 time: 0.0155425
2026-05-27 01:49:50.624 10 INFO neutron.db.ovn_revision_numbers_db [None req-a945b0c6-aa43-40a7-a0d3-c0a988b621d2 c4207fa2509a46cab253025485c0edc3 4c6c81210bc4419d8e377f90df1a6e61 - - default default] Successfully bumped revision number for resource 126670e6-ed5c-4f86-be63-00d617bd5cb8 (type: ports) to 1
2026-05-27 01:49:50.661 10 INFO neutron.wsgi [None req-a945b0c6-aa43-40a7-a0d3-c0a988b621d2 c4207fa2509a46cab253025485c0edc3 4c6c81210bc4419d8e377f90df1a6e61 - - default default] 10.0.0.76 "POST /v2.0/networks HTTP/1.1" status: 201 len: 853 time: 0.6137054
2026-05-27 01:49:50.677 10 WARNING neutron_lib.context [None req-c01fdeb2-fe54-4ed1-94e0-b89911fba551 c4207fa2509a46cab253025485c0edc3 4c6c81210bc4419d8e377f90df1a6e61 - - default default] Method 'is_advsvc' is deprecated since 2023.2 release (neutron-lib 3.8.0) and will be removed once support for the old RBAC API policies will be removed from Neutron. Please use method 'is_service_role' instead.
2026-05-27 01:49:50.684 9 INFO neutron.wsgi [req-66c7723b-4234-499f-9e5a-4a9c52e84027 req-8810f48d-ddef-47c1-9b6a-8e602d93b228 3e88b34004654f1ebfedb6c8f78bdf40 42081c329ac74e9d84e06d33f188ade7 - - default default] 10.0.0.103 "GET /v2.0/ports?tenant_id=42081c329ac74e9d84e06d33f188ade7&fields=id HTTP/1.1" status: 200 len: 302 time: 0.1283290
2026-05-27 01:49:50.767 9 INFO neutron.wsgi [req-66c7723b-4234-499f-9e5a-4a9c52e84027 req-63813040-6122-47f3-8061-8ef0d2abc603 fc69de7d45ee4886828c95b3c0500558 c060b4b2087b4a8a975ad4099f2ce171 - - d5fe3bbb03c64be7acb79c7309a0a069 d5fe3bbb03c64be7acb79c7309a0a069] 10.0.0.103 "GET /v2.0/networks/67e5b789-6d45-457b-b259-764fd07c8021?fields=segments HTTP/1.1" status: 200 len: 212 time: 0.0682955
2026-05-27 01:49:50.770 10 INFO neutron.wsgi [None req-f90d8b9b-ed6f-46fd-a692-8aced4e709e5 9b79efb632104899a29982ab5c7db7f5 1c23899b06fb4ba49e519f066ce75c14 - - default default] 10.0.0.76 "DELETE /v2.0/security-groups/0ba95caf-108c-4bf7-bf29-98ef112bf530 HTTP/1.1" status: 204 len: 168 time: 0.3602269
2026-05-27 01:49:50.780 10 INFO neutron.db.segments_db [None req-c01fdeb2-fe54-4ed1-94e0-b89911fba551 c4207fa2509a46cab253025485c0edc3 4c6c81210bc4419d8e377f90df1a6e61 - - default default] Added segment ea35fe61-8bc0-41bb-af8b-2cea4f703c04 of type geneve for network ba291c57-3b6a-457a-8610-b933f9a86584
2026-05-27 01:49:50.822 9 INFO neutron.wsgi [req-66c7723b-4234-499f-9e5a-4a9c52e84027 req-31da126c-3f28-491d-ab0f-4ec6b555b01d fc69de7d45ee4886828c95b3c0500558 c060b4b2087b4a8a975ad4099f2ce171 - - d5fe3bbb03c64be7acb79c7309a0a069 d5fe3bbb03c64be7acb79c7309a0a069] 10.0.0.103 "GET /v2.0/networks/67e5b789-6d45-457b-b259-764fd07c8021?fields=provider%3Aphysical_network&fields=provider%3Anetwork_type HTTP/1.1" status: 200 len: 277 time: 0.0487535
2026-05-27 01:49:50.944 10 INFO neutron.db.ovn_revision_numbers_db [None req-c01fdeb2-fe54-4ed1-94e0-b89911fba551 c4207fa2509a46cab253025485c0edc3 4c6c81210bc4419d8e377f90df1a6e61 - - default default] Successfully bumped revision number for resource ba291c57-3b6a-457a-8610-b933f9a86584 (type: networks) to 1
2026-05-27 01:49:50.989 9 INFO neutron.wsgi [req-8560f8a1-ee13-40c9-ae3c-b184d50e7a41 req-caf3339d-47bb-4390-8511-afca4f336056 3e88b34004654f1ebfedb6c8f78bdf40 42081c329ac74e9d84e06d33f188ade7 - - default default] 10.0.0.103 "GET /v2.0/ports?device_id=547bfa53-93a1-44bc-9276-33e6976f7296 HTTP/1.1" status: 200 len: 210 time: 0.0363986
2026-05-27 01:49:51.046 9 INFO neutron.db.ovn_revision_numbers_db [None req-5a255e84-35b5-45b9-a7ff-83404601b0db 9b79efb632104899a29982ab5c7db7f5 1c23899b06fb4ba49e519f066ce75c14 - - default default] Successfully bumped revision number for resource f7e6f91a-5bac-4b10-b813-9eb78c3d046f (type: security_groups) to 1
2026-05-27 01:49:51.060 9 INFO neutron.db.ovn_revision_numbers_db [None req-5a255e84-35b5-45b9-a7ff-83404601b0db 9b79efb632104899a29982ab5c7db7f5 1c23899b06fb4ba49e519f066ce75c14 - - default default] Successfully bumped revision number for resource 8b306f1c-d2ff-442d-9c13-b45cc033f518 (type: security_group_rules) to 0
2026-05-27 01:49:51.076 9 INFO neutron.db.ovn_revision_numbers_db [None req-5a255e84-35b5-45b9-a7ff-83404601b0db 9b79efb632104899a29982ab5c7db7f5 1c23899b06fb4ba49e519f066ce75c14 - - default default] Successfully bumped revision number for resource a97a6516-854b-4549-830a-d6b3e6fc804c (type: security_group_rules) to 0
2026-05-27 01:49:51.093 9 INFO neutron.db.ovn_revision_numbers_db [None req-5a255e84-35b5-45b9-a7ff-83404601b0db 9b79efb632104899a29982ab5c7db7f5 1c23899b06fb4ba49e519f066ce75c14 - - default default] Successfully bumped revision number for resource b42c06e1-26a5-4a71-ae34-7bb05bb3b018 (type: security_group_rules) to 0
2026-05-27 01:49:51.109 9 INFO neutron.db.ovn_revision_numbers_db [None req-5a255e84-35b5-45b9-a7ff-83404601b0db 9b79efb632104899a29982ab5c7db7f5 1c23899b06fb4ba49e519f066ce75c14 - - default default] Successfully bumped revision number for resource fed4f871-be55-4c05-aec4-27cb2e691e16 (type: security_group_rules) to 0
2026-05-27 01:49:51.133 9 INFO neutron.wsgi [None req-5a255e84-35b5-45b9-a7ff-83404601b0db 9b79efb632104899a29982ab5c7db7f5 1c23899b06fb4ba49e519f066ce75c14 - - default default] 10.0.0.76 "GET /v2.0/security-groups?tenant_id=38744bdd6b45417ea8248905be6c2c96&name=default HTTP/1.1" status: 200 len: 3120 time: 0.4613874
2026-05-27 01:49:51.207 10 WARNING neutron.scheduler.dhcp_agent_scheduler [None req-c01fdeb2-fe54-4ed1-94e0-b89911fba551 c4207fa2509a46cab253025485c0edc3 4c6c81210bc4419d8e377f90df1a6e61 - - default default] No more DHCP agents
2026-05-27 01:49:51.213 10 WARNING neutron.api.rpc.agentnotifiers.dhcp_rpc_agent_api [None req-c01fdeb2-fe54-4ed1-94e0-b89911fba551 c4207fa2509a46cab253025485c0edc3 4c6c81210bc4419d8e377f90df1a6e61 - - default default] Unable to schedule network ba291c57-3b6a-457a-8610-b933f9a86584: no agents available; will retry on subsequent port and subnet creation events.
2026-05-27 01:49:51.318 10 INFO neutron.db.ovn_revision_numbers_db [None req-c01fdeb2-fe54-4ed1-94e0-b89911fba551 c4207fa2509a46cab253025485c0edc3 4c6c81210bc4419d8e377f90df1a6e61 - - default default] Successfully bumped revision number for resource e7ac7ea5-bc71-49a0-b006-5805f1a759ed (type: ports) to 1
2026-05-27 01:49:51.342 10 INFO neutron.wsgi [None req-c01fdeb2-fe54-4ed1-94e0-b89911fba551 c4207fa2509a46cab253025485c0edc3 4c6c81210bc4419d8e377f90df1a6e61 - - default default] 10.0.0.76 "POST /v2.0/networks HTTP/1.1" status: 201 len: 853 time: 0.6746855
2026-05-27 01:49:51.358 9 WARNING neutron_lib.context [None req-624caa85-03e5-4a5f-bd56-7b3e4540b2fc c4207fa2509a46cab253025485c0edc3 4c6c81210bc4419d8e377f90df1a6e61 - - default default] Method 'is_advsvc' is deprecated since 2023.2 release (neutron-lib 3.8.0) and will be removed once support for the old RBAC API policies will be removed from Neutron. Please use method 'is_service_role' instead.
2026-05-27 01:49:51.404 9 WARNING neutron_lib.context [None req-624caa85-03e5-4a5f-bd56-7b3e4540b2fc c4207fa2509a46cab253025485c0edc3 4c6c81210bc4419d8e377f90df1a6e61 - - default default] Method 'is_advsvc' is deprecated since 2023.2 release (neutron-lib 3.8.0) and will be removed once support for the old RBAC API policies will be removed from Neutron. Please use method 'is_service_role' instead.
2026-05-27 01:49:51.441 10 INFO neutron.wsgi [None req-4644b9f4-56ae-42e8-bd15-5648cef1271d 9b79efb632104899a29982ab5c7db7f5 1c23899b06fb4ba49e519f066ce75c14 - - default default] 10.0.0.76 "DELETE /v2.0/security-groups/f7e6f91a-5bac-4b10-b813-9eb78c3d046f HTTP/1.1" status: 204 len: 168 time: 0.2985301
2026-05-27 01:49:51.774 9 INFO neutron.wsgi [req-66c7723b-4234-499f-9e5a-4a9c52e84027 req-db4c490b-bdf0-4efe-be38-b5c0efb7805a 3e88b34004654f1ebfedb6c8f78bdf40 42081c329ac74e9d84e06d33f188ade7 - - default default] 199.204.45.140 "GET /v2.0/networks?id=67e5b789-6d45-457b-b259-764fd07c8021 HTTP/1.1" status: 200 len: 874 time: 0.0817964
2026-05-27 01:49:51.779 10 INFO neutron.db.ovn_revision_numbers_db [None req-72c1e048-cf28-456e-bbe7-68aa3ff2dc4a 9b79efb632104899a29982ab5c7db7f5 1c23899b06fb4ba49e519f066ce75c14 - - default default] Successfully bumped revision number for resource 35ebb222-4e95-4882-b980-61fe223e8776 (type: security_groups) to 1
2026-05-27 01:49:51.793 10 INFO neutron.db.ovn_revision_numbers_db [None req-72c1e048-cf28-456e-bbe7-68aa3ff2dc4a 9b79efb632104899a29982ab5c7db7f5 1c23899b06fb4ba49e519f066ce75c14 - - default default] Successfully bumped revision number for resource 32e6814a-27b1-4a8f-ab7b-3b87e69fc413 (type: security_group_rules) to 0
2026-05-27 01:49:51.808 10 INFO neutron.db.ovn_revision_numbers_db [None req-72c1e048-cf28-456e-bbe7-68aa3ff2dc4a 9b79efb632104899a29982ab5c7db7f5 1c23899b06fb4ba49e519f066ce75c14 - - default default] Successfully bumped revision number for resource 5b3cd1a2-f42e-4826-8bd8-57b0f1861810 (type: security_group_rules) to 0
2026-05-27 01:49:51.831 9 INFO neutron.wsgi [req-66c7723b-4234-499f-9e5a-4a9c52e84027 req-f13eb4db-f18d-4e20-895d-3ab8abf8fabd 3e88b34004654f1ebfedb6c8f78bdf40 42081c329ac74e9d84e06d33f188ade7 - - default default] 199.204.45.140 "GET /v2.0/security-groups?fields=id&fields=name&tenant_id=42081c329ac74e9d84e06d33f188ade7 HTTP/1.1" status: 200 len: 379 time: 0.0517848
2026-05-27 01:49:51.833 10 INFO neutron.db.ovn_revision_numbers_db [None req-72c1e048-cf28-456e-bbe7-68aa3ff2dc4a 9b79efb632104899a29982ab5c7db7f5 1c23899b06fb4ba49e519f066ce75c14 - - default default] Successfully bumped revision number for resource 8c3b7ff0-f162-4c81-826a-4879d91d30a8 (type: security_group_rules) to 0
2026-05-27 01:49:51.846 9 WARNING neutron_lib.context [req-66c7723b-4234-499f-9e5a-4a9c52e84027 req-a8ec1a4f-a061-4b98-8ac5-dec1654b7b10 3e88b34004654f1ebfedb6c8f78bdf40 42081c329ac74e9d84e06d33f188ade7 - - default default] Method 'is_advsvc' is deprecated since 2023.2 release (neutron-lib 3.8.0) and will be removed once support for the old RBAC API policies will be removed from Neutron. Please use method 'is_service_role' instead.
2026-05-27 01:49:51.847 10 INFO neutron.db.ovn_revision_numbers_db [None req-72c1e048-cf28-456e-bbe7-68aa3ff2dc4a 9b79efb632104899a29982ab5c7db7f5 1c23899b06fb4ba49e519f066ce75c14 - - default default] Successfully bumped revision number for resource aef6c1d1-2a03-4622-bc36-cfa8cfe9943e (type: security_group_rules) to 0
2026-05-27 01:49:51.871 10 INFO neutron.wsgi [None req-72c1e048-cf28-456e-bbe7-68aa3ff2dc4a 9b79efb632104899a29982ab5c7db7f5 1c23899b06fb4ba49e519f066ce75c14 - - default default] 10.0.0.76 "GET /v2.0/security-groups?tenant_id=42b10bf6a50f42bda80eeeaae0eb2b09&name=default HTTP/1.1" status: 200 len: 3120 time: 0.2637930 /var/lib/openstack/lib/python3.10/site-packages/pycadf/identifier.py:71: UserWarning: Invalid uuid: neutron. To ensure interoperability, identifiers should be a valid uuid. warnings.warn(('Invalid uuid: %s. To ensure interoperability, '
2026-05-27 01:49:52.103 9 INFO neutron.wsgi [req-462c9fc6-18ae-499a-9a5c-11669ac706c5 req-a02b9eba-0d5e-41f9-a6e6-43b07808ad98 3e88b34004654f1ebfedb6c8f78bdf40 42081c329ac74e9d84e06d33f188ade7 - - default default] 10.0.0.103 "GET /v2.0/ports?device_id=547bfa53-93a1-44bc-9276-33e6976f7296 HTTP/1.1" status: 200 len: 210 time: 0.0330751
2026-05-27 01:49:52.121 10 INFO neutron.wsgi [None req-fae0d5e5-31e2-4411-a2fa-2ca1a3dfc929 9b79efb632104899a29982ab5c7db7f5 1c23899b06fb4ba49e519f066ce75c14 - - default default] 10.0.0.76 "DELETE /v2.0/security-groups/35ebb222-4e95-4882-b980-61fe223e8776 HTTP/1.1" status: 204 len: 168 time: 0.2388716
2026-05-27 01:49:52.142 9 WARNING neutron.scheduler.dhcp_agent_scheduler [None req-624caa85-03e5-4a5f-bd56-7b3e4540b2fc c4207fa2509a46cab253025485c0edc3 4c6c81210bc4419d8e377f90df1a6e61 - - default default] No more DHCP agents
2026-05-27 01:49:52.146 9 WARNING neutron.api.rpc.agentnotifiers.dhcp_rpc_agent_api [None req-624caa85-03e5-4a5f-bd56-7b3e4540b2fc c4207fa2509a46cab253025485c0edc3 4c6c81210bc4419d8e377f90df1a6e61 - - default default] Unable to schedule network 5d976bc9-9a8f-4914-b8e1-d902050a526a: no agents available; will retry on subsequent port and subnet creation events.
2026-05-27 01:49:52.281 9 INFO neutron.db.ovn_revision_numbers_db [None req-624caa85-03e5-4a5f-bd56-7b3e4540b2fc c4207fa2509a46cab253025485c0edc3 4c6c81210bc4419d8e377f90df1a6e61 - - default default] Successfully bumped revision number for resource 460e73c8-f092-4817-86d1-f1105cfaeb13 (type: ports) to 1
2026-05-27 01:49:52.310 9 WARNING neutron.scheduler.dhcp_agent_scheduler [None req-624caa85-03e5-4a5f-bd56-7b3e4540b2fc c4207fa2509a46cab253025485c0edc3 4c6c81210bc4419d8e377f90df1a6e61 - - default default] No more DHCP agents
2026-05-27 01:49:52.312 9 WARNING neutron.api.rpc.agentnotifiers.dhcp_rpc_agent_api [None req-624caa85-03e5-4a5f-bd56-7b3e4540b2fc c4207fa2509a46cab253025485c0edc3 4c6c81210bc4419d8e377f90df1a6e61 - - default default] Unable to schedule network ba291c57-3b6a-457a-8610-b933f9a86584: no agents available; will retry on subsequent port and subnet creation events.
2026-05-27 01:49:52.314 9 WARNING neutron.scheduler.dhcp_agent_scheduler [req-66c7723b-4234-499f-9e5a-4a9c52e84027 req-a8ec1a4f-a061-4b98-8ac5-dec1654b7b10 3e88b34004654f1ebfedb6c8f78bdf40 42081c329ac74e9d84e06d33f188ade7 - - default default] No more DHCP agents
2026-05-27 01:49:52.321 9 WARNING neutron.api.rpc.agentnotifiers.dhcp_rpc_agent_api [req-66c7723b-4234-499f-9e5a-4a9c52e84027 req-a8ec1a4f-a061-4b98-8ac5-dec1654b7b10 3e88b34004654f1ebfedb6c8f78bdf40 42081c329ac74e9d84e06d33f188ade7 - - default default] Unable to schedule network 67e5b789-6d45-457b-b259-764fd07c8021: no agents available; will retry on subsequent port and subnet creation events.
2026-05-27 01:49:52.685 9 INFO neutron.db.ovn_revision_numbers_db [None req-624caa85-03e5-4a5f-bd56-7b3e4540b2fc c4207fa2509a46cab253025485c0edc3 4c6c81210bc4419d8e377f90df1a6e61 - - default default] Successfully bumped revision number for resource cef594a2-fa7d-49d7-a411-a6386a608e31 (type: ports) to 1
2026-05-27 01:49:52.714 9 INFO neutron.wsgi [None req-624caa85-03e5-4a5f-bd56-7b3e4540b2fc c4207fa2509a46cab253025485c0edc3 4c6c81210bc4419d8e377f90df1a6e61 - - default default] 10.0.0.76 "POST /v2.0/ports HTTP/1.1" status: 201 len: 1706 time: 1.3650055 /var/lib/openstack/lib/python3.10/site-packages/pycadf/identifier.py:71: UserWarning: Invalid uuid: neutron. To ensure interoperability, identifiers should be a valid uuid. warnings.warn(('Invalid uuid: %s. To ensure interoperability, '
2026-05-27 01:49:52.823 9 INFO neutron.db.ovn_revision_numbers_db [req-66c7723b-4234-499f-9e5a-4a9c52e84027 req-a8ec1a4f-a061-4b98-8ac5-dec1654b7b10 3e88b34004654f1ebfedb6c8f78bdf40 42081c329ac74e9d84e06d33f188ade7 - - default default] Successfully bumped revision number for resource 0ca8d148-6aae-4dce-920d-7b853d9df2c3 (type: ports) to 1
2026-05-27 01:49:52.865 9 INFO neutron.wsgi [req-66c7723b-4234-499f-9e5a-4a9c52e84027 req-a8ec1a4f-a061-4b98-8ac5-dec1654b7b10 3e88b34004654f1ebfedb6c8f78bdf40 42081c329ac74e9d84e06d33f188ade7 - - default default] 199.204.45.140 "POST /v2.0/ports HTTP/1.1" status: 201 len: 1162 time: 1.0245297
2026-05-27 01:49:52.880 9 INFO neutron.wsgi [None req-9f32ca4d-a754-4b4d-8925-24780030deec c4207fa2509a46cab253025485c0edc3 4c6c81210bc4419d8e377f90df1a6e61 - - default default] 10.0.0.76 "GET /v2.0/ports HTTP/1.1" status: 200 len: 3213 time: 0.1582253 /var/lib/openstack/lib/python3.10/site-packages/pycadf/identifier.py:71: UserWarning: Invalid uuid: neutron. To ensure interoperability, identifiers should be a valid uuid. warnings.warn(('Invalid uuid: %s. To ensure interoperability, '
2026-05-27 01:49:53.202 10 INFO neutron.wsgi [None req-073d63f3-f299-461e-ba83-f12a32c3711c c4207fa2509a46cab253025485c0edc3 4c6c81210bc4419d8e377f90df1a6e61 - - default default] 10.0.0.76 "DELETE /v2.0/ports/460e73c8-f092-4817-86d1-f1105cfaeb13 HTTP/1.1" status: 204 len: 168 time: 0.3176932
2026-05-27 01:49:53.236 9 INFO neutron.wsgi [req-39a51f6b-a952-454d-9add-7caa70f7bcad req-5678f6a6-70ec-44b8-9811-2b696d98d0da 3e88b34004654f1ebfedb6c8f78bdf40 42081c329ac74e9d84e06d33f188ade7 - - default default] 10.0.0.103 "GET /v2.0/ports?device_id=547bfa53-93a1-44bc-9276-33e6976f7296 HTTP/1.1" status: 200 len: 1172 time: 0.0526152
2026-05-27 01:49:53.307 9 INFO neutron.wsgi [req-39a51f6b-a952-454d-9add-7caa70f7bcad req-9c316bf7-fadc-441f-bede-860bd7f66dc9 3e88b34004654f1ebfedb6c8f78bdf40 42081c329ac74e9d84e06d33f188ade7 - - default default] 10.0.0.103 "GET /v2.0/security-groups?id=e2243e98-56b5-4689-a1ab-e672da3ccea3&fields=id&fields=name HTTP/1.1" status: 200 len: 312 time: 0.0643299
2026-05-27 01:49:53.359 9 INFO neutron.db.ovn_revision_numbers_db [req-66c7723b-4234-499f-9e5a-4a9c52e84027 req-597d55f5-a93a-4ed3-9030-fb4ff9d96439 fc69de7d45ee4886828c95b3c0500558 c060b4b2087b4a8a975ad4099f2ce171 - - d5fe3bbb03c64be7acb79c7309a0a069 d5fe3bbb03c64be7acb79c7309a0a069] Successfully bumped revision number for resource 0ca8d148-6aae-4dce-920d-7b853d9df2c3 (type: ports) to 2
2026-05-27 01:49:53.545 10 INFO neutron.wsgi [None req-e9a58617-904d-4719-9138-b9dd00f6cf81 c4207fa2509a46cab253025485c0edc3 4c6c81210bc4419d8e377f90df1a6e61 - - default default] 10.0.0.76 "DELETE /v2.0/ports/cef594a2-fa7d-49d7-a411-a6386a608e31 HTTP/1.1" status: 204 len: 168 time: 0.3281729
2026-05-27 01:49:53.581 9 INFO neutron.db.ovn_revision_numbers_db [req-66c7723b-4234-499f-9e5a-4a9c52e84027 req-597d55f5-a93a-4ed3-9030-fb4ff9d96439 fc69de7d45ee4886828c95b3c0500558 c060b4b2087b4a8a975ad4099f2ce171 - - d5fe3bbb03c64be7acb79c7309a0a069 d5fe3bbb03c64be7acb79c7309a0a069] Successfully bumped revision number for resource 0ca8d148-6aae-4dce-920d-7b853d9df2c3 (type: ports) to 2
2026-05-27 01:49:53.601 9 INFO neutron.wsgi [req-66c7723b-4234-499f-9e5a-4a9c52e84027 req-597d55f5-a93a-4ed3-9030-fb4ff9d96439 fc69de7d45ee4886828c95b3c0500558 c060b4b2087b4a8a975ad4099f2ce171 - - d5fe3bbb03c64be7acb79c7309a0a069 d5fe3bbb03c64be7acb79c7309a0a069] 199.204.45.140 "PUT /v2.0/ports/0ca8d148-6aae-4dce-920d-7b853d9df2c3 HTTP/1.1" status: 200 len: 1380 time: 0.7212126
2026-05-27 01:49:53.608 10 INFO neutron.wsgi [None req-95f07084-351d-4630-ae24-74cb479efc5a c4207fa2509a46cab253025485c0edc3 4c6c81210bc4419d8e377f90df1a6e61 - - default default] 10.0.0.76 "GET /v2.0/ports HTTP/1.1" status: 200 len: 1718 time: 0.0592399
2026-05-27 01:49:53.619 10 WARNING neutron_lib.context [None req-67e9eaa6-7790-41c8-be2e-84349facf87e c4207fa2509a46cab253025485c0edc3 4c6c81210bc4419d8e377f90df1a6e61 - - default default] Method 'is_advsvc' is deprecated since 2023.2 release (neutron-lib 3.8.0) and will be removed once support for the old RBAC API policies will be removed from Neutron. Please use method 'is_service_role' instead.
2026-05-27 01:49:53.644 9 INFO neutron.notifiers.nova [-] Nova event matching ['req-f8e8ce51-059d-4292-9ba1-d97bbb997a24'] response: {'name': 'network-changed', 'server_uuid': '547bfa53-93a1-44bc-9276-33e6976f7296', 'tag': '0ca8d148-6aae-4dce-920d-7b853d9df2c3', 'status': 'completed', 'code': 200} /var/lib/openstack/lib/python3.10/site-packages/pycadf/identifier.py:71: UserWarning: Invalid uuid: neutron. To ensure interoperability, identifiers should be a valid uuid. warnings.warn(('Invalid uuid: %s. To ensure interoperability, '
2026-05-27 01:49:53.674 10 INFO neutron.db.ovn_revision_numbers_db [None req-57ba17a8-7623-468f-bcd8-cf55f52f8ef2 9b79efb632104899a29982ab5c7db7f5 1c23899b06fb4ba49e519f066ce75c14 - - default default] Successfully bumped revision number for resource 230fe4e5-7f14-453b-8808-a1ca89a4fdc3 (type: security_groups) to 1
2026-05-27 01:49:53.687 10 INFO neutron.db.ovn_revision_numbers_db [None req-57ba17a8-7623-468f-bcd8-cf55f52f8ef2 9b79efb632104899a29982ab5c7db7f5 1c23899b06fb4ba49e519f066ce75c14 - - default default] Successfully bumped revision number for resource 12093baa-5b15-4fbd-aaa2-2569b1190e6e (type: security_group_rules) to 0
2026-05-27 01:49:53.701 10 INFO neutron.db.ovn_revision_numbers_db [None req-57ba17a8-7623-468f-bcd8-cf55f52f8ef2 9b79efb632104899a29982ab5c7db7f5 1c23899b06fb4ba49e519f066ce75c14 - - default default] Successfully bumped revision number for resource b97efcda-9d35-44d8-a4a9-bdc2c482ed80 (type: security_group_rules) to 0
2026-05-27 01:49:53.705 10 INFO neutron.db.segments_db [None req-67e9eaa6-7790-41c8-be2e-84349facf87e c4207fa2509a46cab253025485c0edc3 4c6c81210bc4419d8e377f90df1a6e61 - - default default] Added segment bfa2fce4-bffd-4b1e-a615-86a8ee8d6a1e of type geneve for network 7217c500-2ecf-424e-a128-551e8e05597b
2026-05-27 01:49:53.718 10 INFO neutron.db.ovn_revision_numbers_db [None req-57ba17a8-7623-468f-bcd8-cf55f52f8ef2 9b79efb632104899a29982ab5c7db7f5 1c23899b06fb4ba49e519f066ce75c14 - - default default] Successfully bumped revision number for resource d97e194c-dfea-4cf2-8e77-0ad9712a96e3 (type: security_group_rules) to 0
2026-05-27 01:49:53.719 9 INFO neutron.wsgi [req-66c7723b-4234-499f-9e5a-4a9c52e84027 req-7f34c380-f569-4712-b2e4-f184b3c7d017 fc69de7d45ee4886828c95b3c0500558 c060b4b2087b4a8a975ad4099f2ce171 - - d5fe3bbb03c64be7acb79c7309a0a069 d5fe3bbb03c64be7acb79c7309a0a069] 199.204.45.140 "GET /v2.0/ports?tenant_id=42081c329ac74e9d84e06d33f188ade7&device_id=547bfa53-93a1-44bc-9276-33e6976f7296 HTTP/1.1" status: 200 len: 1411 time: 0.0594449
2026-05-27 01:49:53.757 9 INFO neutron.wsgi [req-66c7723b-4234-499f-9e5a-4a9c52e84027 req-7a08d2b9-9333-49e2-8ba4-481f329c7893 fc69de7d45ee4886828c95b3c0500558 c060b4b2087b4a8a975ad4099f2ce171 - - d5fe3bbb03c64be7acb79c7309a0a069 d5fe3bbb03c64be7acb79c7309a0a069] 199.204.45.140 "GET /v2.0/floatingips?fixed_ip_address=10.100.0.12&port_id=0ca8d148-6aae-4dce-920d-7b853d9df2c3 HTTP/1.1" status: 200 len: 217 time: 0.0316944
2026-05-27 01:49:53.802 9 INFO neutron.wsgi [req-66c7723b-4234-499f-9e5a-4a9c52e84027 req-7a9e32d4-8df2-4b17-9808-ef3f7c02d9a3 fc69de7d45ee4886828c95b3c0500558 c060b4b2087b4a8a975ad4099f2ce171 - - d5fe3bbb03c64be7acb79c7309a0a069 d5fe3bbb03c64be7acb79c7309a0a069] 199.204.45.140 "GET /v2.0/subnets?id=1ba9d0c9-a72a-4939-89fd-283d6223921e HTTP/1.1" status: 200 len: 868 time: 0.0366032
2026-05-27 01:49:53.839 9 INFO neutron.wsgi [req-66c7723b-4234-499f-9e5a-4a9c52e84027 req-36f67095-9bec-4cd7-b914-4d0e7158dc49 fc69de7d45ee4886828c95b3c0500558 c060b4b2087b4a8a975ad4099f2ce171 - - d5fe3bbb03c64be7acb79c7309a0a069 d5fe3bbb03c64be7acb79c7309a0a069] 199.204.45.140 "GET /v2.0/ports?network_id=67e5b789-6d45-457b-b259-764fd07c8021&device_owner=network%3Adhcp HTTP/1.1" status: 200 len: 210 time: 0.0291634
2026-05-27 01:49:53.913 9 INFO neutron.wsgi [req-66c7723b-4234-499f-9e5a-4a9c52e84027 req-87fd1ddd-dd85-494a-a0f4-f239ff6aa50e fc69de7d45ee4886828c95b3c0500558 c060b4b2087b4a8a975ad4099f2ce171 - - d5fe3bbb03c64be7acb79c7309a0a069 d5fe3bbb03c64be7acb79c7309a0a069] 199.204.45.140 "GET /v2.0/networks/67e5b789-6d45-457b-b259-764fd07c8021?fields=segments HTTP/1.1" status: 200 len: 212 time: 0.0652394
2026-05-27 01:49:53.969 10 INFO neutron.db.ovn_revision_numbers_db [None req-57ba17a8-7623-468f-bcd8-cf55f52f8ef2 9b79efb632104899a29982ab5c7db7f5 1c23899b06fb4ba49e519f066ce75c14 - - default default] Successfully bumped revision number for resource f634dc24-4dfa-474a-b76d-ed61e3939116 (type: security_group_rules) to 0
2026-05-27 01:49:53.984 9 INFO neutron.wsgi [req-66c7723b-4234-499f-9e5a-4a9c52e84027 req-ecbf09c9-602f-4a91-800f-13f9886e5260 fc69de7d45ee4886828c95b3c0500558 c060b4b2087b4a8a975ad4099f2ce171 - - d5fe3bbb03c64be7acb79c7309a0a069 d5fe3bbb03c64be7acb79c7309a0a069] 199.204.45.140 "GET /v2.0/networks/67e5b789-6d45-457b-b259-764fd07c8021?fields=provider%3Aphysical_network&fields=provider%3Anetwork_type HTTP/1.1" status: 200 len: 277 time: 0.0627499
2026-05-27 01:49:54.001 10 INFO neutron.wsgi [None req-57ba17a8-7623-468f-bcd8-cf55f52f8ef2 9b79efb632104899a29982ab5c7db7f5 1c23899b06fb4ba49e519f066ce75c14 - - default default] 10.0.0.76 "GET /v2.0/security-groups?tenant_id=e9e54a430b634b0eaea9ecd947ad03a1&name=default HTTP/1.1" status: 200 len: 3120 time: 0.7537415
2026-05-27 01:49:54.074 9 INFO neutron.wsgi [req-360339d9-a727-4527-b67f-aa2096d535a7 req-186a665d-6bef-4b49-9964-c511979c6b84 fc69de7d45ee4886828c95b3c0500558 c060b4b2087b4a8a975ad4099f2ce171 - - d5fe3bbb03c64be7acb79c7309a0a069 d5fe3bbb03c64be7acb79c7309a0a069] 199.204.45.140 "GET /v2.0/ports?tenant_id=42081c329ac74e9d84e06d33f188ade7&device_id=547bfa53-93a1-44bc-9276-33e6976f7296 HTTP/1.1" status: 200 len: 1411 time: 0.0443587
2026-05-27 01:49:54.086 10 INFO neutron.db.ovn_revision_numbers_db [None req-67e9eaa6-7790-41c8-be2e-84349facf87e c4207fa2509a46cab253025485c0edc3 4c6c81210bc4419d8e377f90df1a6e61 - - default default] Successfully bumped revision number for resource 7217c500-2ecf-424e-a128-551e8e05597b (type: networks) to 1
2026-05-27 01:49:54.159 9 INFO neutron.wsgi [req-360339d9-a727-4527-b67f-aa2096d535a7 req-ed890078-caea-4edf-a928-10875239417b fc69de7d45ee4886828c95b3c0500558 c060b4b2087b4a8a975ad4099f2ce171 - - d5fe3bbb03c64be7acb79c7309a0a069 d5fe3bbb03c64be7acb79c7309a0a069] 199.204.45.140 "GET /v2.0/networks?id=67e5b789-6d45-457b-b259-764fd07c8021 HTTP/1.1" status: 200 len: 972 time: 0.0778289
2026-05-27 01:49:54.208 9 INFO neutron.wsgi [req-360339d9-a727-4527-b67f-aa2096d535a7 req-68f67535-fb37-48a9-aa73-4877541927a4 fc69de7d45ee4886828c95b3c0500558 c060b4b2087b4a8a975ad4099f2ce171 - - d5fe3bbb03c64be7acb79c7309a0a069 d5fe3bbb03c64be7acb79c7309a0a069] 199.204.45.140 "GET /v2.0/floatingips?fixed_ip_address=10.100.0.12&port_id=0ca8d148-6aae-4dce-920d-7b853d9df2c3 HTTP/1.1" status: 200 len: 217 time: 0.0360627
2026-05-27 01:49:54.252 9 INFO neutron.wsgi [req-360339d9-a727-4527-b67f-aa2096d535a7 req-ca546b7d-2a11-4fe7-916c-1273997631ee fc69de7d45ee4886828c95b3c0500558 c060b4b2087b4a8a975ad4099f2ce171 - - d5fe3bbb03c64be7acb79c7309a0a069 d5fe3bbb03c64be7acb79c7309a0a069] 199.204.45.140 "GET /v2.0/subnets?id=1ba9d0c9-a72a-4939-89fd-283d6223921e HTTP/1.1" status: 200 len: 868 time: 0.0379729
2026-05-27 01:49:54.284 9 INFO neutron.wsgi [req-360339d9-a727-4527-b67f-aa2096d535a7 req-3360f187-49db-433c-8157-f87cb0630b31 fc69de7d45ee4886828c95b3c0500558 c060b4b2087b4a8a975ad4099f2ce171 - - d5fe3bbb03c64be7acb79c7309a0a069 d5fe3bbb03c64be7acb79c7309a0a069] 199.204.45.140 "GET /v2.0/ports?network_id=67e5b789-6d45-457b-b259-764fd07c8021&device_owner=network%3Adhcp HTTP/1.1" status: 200 len: 210 time: 0.0239301
2026-05-27 01:49:54.327 10 WARNING neutron.scheduler.dhcp_agent_scheduler [None req-67e9eaa6-7790-41c8-be2e-84349facf87e c4207fa2509a46cab253025485c0edc3 4c6c81210bc4419d8e377f90df1a6e61 - - default default] No more DHCP agents
2026-05-27 01:49:54.328 10 WARNING neutron.api.rpc.agentnotifiers.dhcp_rpc_agent_api [None req-67e9eaa6-7790-41c8-be2e-84349facf87e c4207fa2509a46cab253025485c0edc3 4c6c81210bc4419d8e377f90df1a6e61 - - default default] Unable to schedule network 7217c500-2ecf-424e-a128-551e8e05597b: no agents available; will retry on subsequent port and subnet creation events.
2026-05-27 01:49:54.426 9 INFO neutron.wsgi [req-360339d9-a727-4527-b67f-aa2096d535a7 req-acdd35a3-5cf1-4825-ab50-453b97728e20 fc69de7d45ee4886828c95b3c0500558 c060b4b2087b4a8a975ad4099f2ce171 - - d5fe3bbb03c64be7acb79c7309a0a069 d5fe3bbb03c64be7acb79c7309a0a069] 199.204.45.140 "GET /v2.0/networks/67e5b789-6d45-457b-b259-764fd07c8021?fields=segments HTTP/1.1" status: 200 len: 212 time: 0.1302278
2026-05-27 01:49:54.452 10 INFO neutron.db.ovn_revision_numbers_db [None req-67e9eaa6-7790-41c8-be2e-84349facf87e c4207fa2509a46cab253025485c0edc3 4c6c81210bc4419d8e377f90df1a6e61 - - default default] Successfully bumped revision number for resource 0953896f-9df4-474c-80bf-069a1b72165d (type: ports) to 1
2026-05-27 01:49:54.479 10 INFO neutron.wsgi [None req-67e9eaa6-7790-41c8-be2e-84349facf87e c4207fa2509a46cab253025485c0edc3 4c6c81210bc4419d8e377f90df1a6e61 - - default default] 10.0.0.76 "POST /v2.0/networks HTTP/1.1" status: 201 len: 853 time: 0.8645473
2026-05-27 01:49:54.491 10 WARNING neutron_lib.context [None req-fcc06711-26e4-4abd-a756-6d52857deb68 c4207fa2509a46cab253025485c0edc3 4c6c81210bc4419d8e377f90df1a6e61 - - default default] Method 'is_advsvc' is deprecated since 2023.2 release (neutron-lib 3.8.0) and will be removed once support for the old RBAC API policies will be removed from Neutron. Please use method 'is_service_role' instead.
2026-05-27 01:49:54.506 9 INFO neutron.wsgi [req-82ffff9a-a0e3-4514-a291-23f5931f6f18 req-3c598183-10ef-4458-93b4-23de5a967b47 3e88b34004654f1ebfedb6c8f78bdf40 42081c329ac74e9d84e06d33f188ade7 - - default default] 10.0.0.103 "GET /v2.0/ports?device_id=547bfa53-93a1-44bc-9276-33e6976f7296 HTTP/1.1" status: 200 len: 1172 time: 0.0788221
2026-05-27 01:49:54.559 9 INFO neutron.wsgi [req-360339d9-a727-4527-b67f-aa2096d535a7 req-796b76d2-f155-4ddf-a529-d5c19b314f00 fc69de7d45ee4886828c95b3c0500558 c060b4b2087b4a8a975ad4099f2ce171 - - d5fe3bbb03c64be7acb79c7309a0a069 d5fe3bbb03c64be7acb79c7309a0a069] 199.204.45.140 "GET /v2.0/networks/67e5b789-6d45-457b-b259-764fd07c8021?fields=provider%3Aphysical_network&fields=provider%3Anetwork_type HTTP/1.1" status: 200 len: 277 time: 0.1134119
2026-05-27 01:49:54.573 9 INFO neutron.wsgi [None req-e27c529a-3c06-4da4-876e-bde79829dba4 9b79efb632104899a29982ab5c7db7f5 1c23899b06fb4ba49e519f066ce75c14 - - default default] 10.0.0.76 "DELETE /v2.0/security-groups/230fe4e5-7f14-453b-8808-a1ca89a4fdc3 HTTP/1.1" status: 204 len: 168 time: 0.5636611
2026-05-27 01:49:54.581 9 INFO neutron.wsgi [req-82ffff9a-a0e3-4514-a291-23f5931f6f18 req-c34737eb-5a95-43c2-8384-5e7aa3c76c25 3e88b34004654f1ebfedb6c8f78bdf40 42081c329ac74e9d84e06d33f188ade7 - - default default] 10.0.0.103 "GET /v2.0/security-groups?id=e2243e98-56b5-4689-a1ab-e672da3ccea3&fields=id&fields=name HTTP/1.1" status: 200 len: 312 time: 0.0676982
2026-05-27 01:49:54.586 10 INFO neutron.db.segments_db [None req-fcc06711-26e4-4abd-a756-6d52857deb68 c4207fa2509a46cab253025485c0edc3 4c6c81210bc4419d8e377f90df1a6e61 - - default default] Added segment 14697fb2-8acb-4e8c-b822-889f8ee035de of type geneve for network 1b96576b-c489-490c-8968-91e2859b8887
2026-05-27 01:49:54.709 10 INFO neutron.db.ovn_revision_numbers_db [None req-fcc06711-26e4-4abd-a756-6d52857deb68 c4207fa2509a46cab253025485c0edc3 4c6c81210bc4419d8e377f90df1a6e61 - - default default] Successfully bumped revision number for resource 1b96576b-c489-490c-8968-91e2859b8887 (type: networks) to 1
2026-05-27 01:49:54.860 10 WARNING neutron.scheduler.dhcp_agent_scheduler [None req-fcc06711-26e4-4abd-a756-6d52857deb68 c4207fa2509a46cab253025485c0edc3 4c6c81210bc4419d8e377f90df1a6e61 - - default default] No more DHCP agents
2026-05-27 01:49:54.863 10 WARNING neutron.api.rpc.agentnotifiers.dhcp_rpc_agent_api [None req-fcc06711-26e4-4abd-a756-6d52857deb68 c4207fa2509a46cab253025485c0edc3 4c6c81210bc4419d8e377f90df1a6e61 - - default default] Unable to schedule network 1b96576b-c489-490c-8968-91e2859b8887: no agents available; will retry on subsequent port and subnet creation events.
2026-05-27 01:49:54.936 10 INFO neutron.db.ovn_revision_numbers_db [None req-fcc06711-26e4-4abd-a756-6d52857deb68 c4207fa2509a46cab253025485c0edc3 4c6c81210bc4419d8e377f90df1a6e61 - - default default] Successfully bumped revision number for resource e954395e-30d2-476e-883e-7ce4e9df4afd (type: ports) to 1
2026-05-27 01:49:54.954 10 INFO neutron.wsgi [None req-fcc06711-26e4-4abd-a756-6d52857deb68 c4207fa2509a46cab253025485c0edc3 4c6c81210bc4419d8e377f90df1a6e61 - - default default] 10.0.0.76 "POST /v2.0/networks HTTP/1.1" status: 201 len: 852 time: 0.4679441
2026-05-27 01:49:55.041 9 WARNING neutron.plugins.ml2.drivers.ovn.mech_driver.ovsdb.ovn_client [None req-7332e26f-726c-4641-8eec-3c59f147e9ca - - - - - -] No hosting information found for port 43c324f6-233a-480c-aa82-4caae02b88e2: RuntimeError: No hosting information found for port 43c324f6-233a-480c-aa82-4caae02b88e2
2026-05-27 01:49:55.041 9 INFO neutron.plugins.ml2.drivers.ovn.mech_driver.mech_driver [None req-7332e26f-726c-4641-8eec-3c59f147e9ca - - - - - -] OVN reports status up for port: 0ca8d148-6aae-4dce-920d-7b853d9df2c3
2026-05-27 01:49:55.056 9 INFO neutron.plugins.ml2.plugin [None req-7332e26f-726c-4641-8eec-3c59f147e9ca - - - - - -] Attempt 1 to provision port 0ca8d148-6aae-4dce-920d-7b853d9df2c3
2026-05-27 01:49:55.332 9 INFO neutron.db.ovn_revision_numbers_db [None req-7332e26f-726c-4641-8eec-3c59f147e9ca - - - - - -] Successfully bumped revision number for resource 0ca8d148-6aae-4dce-920d-7b853d9df2c3 (type: ports) to 4 /var/lib/openstack/lib/python3.10/site-packages/pycadf/identifier.py:71: UserWarning: Invalid uuid: neutron. To ensure interoperability, identifiers should be a valid uuid. warnings.warn(('Invalid uuid: %s. To ensure interoperability, '
2026-05-27 01:49:55.494 9 WARNING neutron_lib.context [None req-f5a59520-e1d6-44d0-8850-bd23d27c032c c4207fa2509a46cab253025485c0edc3 4c6c81210bc4419d8e377f90df1a6e61 - - default default] Method 'is_advsvc' is deprecated since 2023.2 release (neutron-lib 3.8.0) and will be removed once support for the old RBAC API policies will be removed from Neutron. Please use method 'is_service_role' instead.
2026-05-27 01:49:55.531 9 WARNING neutron_lib.context [None req-f5a59520-e1d6-44d0-8850-bd23d27c032c c4207fa2509a46cab253025485c0edc3 4c6c81210bc4419d8e377f90df1a6e61 - - default default] Method 'is_advsvc' is deprecated since 2023.2 release (neutron-lib 3.8.0) and will be removed once support for the old RBAC API policies will be removed from Neutron. Please use method 'is_service_role' instead.
2026-05-27 01:49:55.688 9 INFO neutron.notifiers.nova [-] Nova event matching ['req-fac443de-33e9-4b56-bb1b-aeb60320b7ae'] response: {'server_uuid': '547bfa53-93a1-44bc-9276-33e6976f7296', 'name': 'network-vif-plugged', 'status': 'completed', 'tag': '0ca8d148-6aae-4dce-920d-7b853d9df2c3', 'code': 200}
2026-05-27 01:49:55.688 9 INFO neutron.notifiers.nova [-] Nova event matching ['req-fac443de-33e9-4b56-bb1b-aeb60320b7ae'] response: {'server_uuid': '547bfa53-93a1-44bc-9276-33e6976f7296', 'name': 'network-vif-plugged', 'status': 'completed', 'tag': '0ca8d148-6aae-4dce-920d-7b853d9df2c3', 'code': 200}
2026-05-27 01:49:55.783 9 INFO neutron.wsgi [req-9e6012f9-7b40-432e-9d42-0141562eba4a req-7b4a29ba-9885-4f35-b7e1-e8b7c17f3c78 3e88b34004654f1ebfedb6c8f78bdf40 42081c329ac74e9d84e06d33f188ade7 - - default default] 10.0.0.103 "GET /v2.0/ports?device_id=547bfa53-93a1-44bc-9276-33e6976f7296 HTTP/1.1" status: 200 len: 1174 time: 0.1170218
2026-05-27 01:49:55.848 9 INFO neutron.wsgi [req-9e6012f9-7b40-432e-9d42-0141562eba4a req-dcae8043-a3f1-4f5e-a340-6456a08f8151 3e88b34004654f1ebfedb6c8f78bdf40 42081c329ac74e9d84e06d33f188ade7 - - default default] 10.0.0.103 "GET /v2.0/security-groups?id=e2243e98-56b5-4689-a1ab-e672da3ccea3&fields=id&fields=name HTTP/1.1" status: 200 len: 312 time: 0.0574598
2026-05-27 01:49:55.988 9 WARNING neutron.scheduler.dhcp_agent_scheduler [None req-f5a59520-e1d6-44d0-8850-bd23d27c032c c4207fa2509a46cab253025485c0edc3 4c6c81210bc4419d8e377f90df1a6e61 - - default default] No more DHCP agents
2026-05-27 01:49:55.989 9 WARNING neutron.api.rpc.agentnotifiers.dhcp_rpc_agent_api [None req-f5a59520-e1d6-44d0-8850-bd23d27c032c c4207fa2509a46cab253025485c0edc3 4c6c81210bc4419d8e377f90df1a6e61 - - default default] Unable to schedule network 7217c500-2ecf-424e-a128-551e8e05597b: no agents available; will retry on subsequent port and subnet creation events.
2026-05-27 01:49:56.025 9 INFO neutron.db.ovn_revision_numbers_db [None req-f5a59520-e1d6-44d0-8850-bd23d27c032c c4207fa2509a46cab253025485c0edc3 4c6c81210bc4419d8e377f90df1a6e61 - - default default] Successfully bumped revision number for resource 939498e9-ca68-4cf2-b5b3-822d4e9c87f6 (type: subnets) to 0
2026-05-27 01:49:56.049 9 WARNING neutron.scheduler.dhcp_agent_scheduler [None req-f5a59520-e1d6-44d0-8850-bd23d27c032c c4207fa2509a46cab253025485c0edc3 4c6c81210bc4419d8e377f90df1a6e61 - - default default] No more DHCP agents
2026-05-27 01:49:56.051 9 WARNING neutron.api.rpc.agentnotifiers.dhcp_rpc_agent_api [None req-f5a59520-e1d6-44d0-8850-bd23d27c032c c4207fa2509a46cab253025485c0edc3 4c6c81210bc4419d8e377f90df1a6e61 - - default default] Unable to schedule network 1b96576b-c489-490c-8968-91e2859b8887: no agents available; will retry on subsequent port and subnet creation events.
2026-05-27 01:49:56.089 9 INFO neutron.db.ovn_revision_numbers_db [None req-f5a59520-e1d6-44d0-8850-bd23d27c032c c4207fa2509a46cab253025485c0edc3 4c6c81210bc4419d8e377f90df1a6e61 - - default default] Successfully bumped revision number for resource b71e7a79-f9c7-4dcb-8250-e0608c697493 (type: subnets) to 0
2026-05-27 01:49:56.108 9 INFO neutron.wsgi [None req-f5a59520-e1d6-44d0-8850-bd23d27c032c c4207fa2509a46cab253025485c0edc3 4c6c81210bc4419d8e377f90df1a6e61 - - default default] 10.0.0.76 "POST /v2.0/subnets HTTP/1.1" status: 201 len: 1475 time: 0.6219757
2026-05-27 01:49:56.185 9 INFO neutron.wsgi [None req-ad1e3297-fade-4a9f-8109-e2c24514e55a c4207fa2509a46cab253025485c0edc3 4c6c81210bc4419d8e377f90df1a6e61 - - default default] 10.0.0.76 "GET /v2.0/subnets HTTP/1.1" status: 200 len: 2083 time: 0.0695341
2026-05-27 01:49:56.434 9 INFO neutron.wsgi [None req-6488d211-7775-46be-b270-1dc2d94da862 c4207fa2509a46cab253025485c0edc3 4c6c81210bc4419d8e377f90df1a6e61 - - default default] 10.0.0.76 "DELETE /v2.0/subnets/939498e9-ca68-4cf2-b5b3-822d4e9c87f6 HTTP/1.1" status: 204 len: 168 time: 0.2327917
2026-05-27 01:49:56.561 10 INFO neutron.db.ovn_revision_numbers_db [None req-e6e50aac-7f8b-441a-8310-0a6ae080b3bc 9b79efb632104899a29982ab5c7db7f5 1c23899b06fb4ba49e519f066ce75c14 - - default default] Successfully bumped revision number for resource 9205c4a7-c57c-4f5c-82a0-d8b6dca0ac6a (type: security_groups) to 1
2026-05-27 01:49:56.580 10 INFO neutron.db.ovn_revision_numbers_db [None req-e6e50aac-7f8b-441a-8310-0a6ae080b3bc 9b79efb632104899a29982ab5c7db7f5 1c23899b06fb4ba49e519f066ce75c14 - - default default] Successfully bumped revision number for resource 15c8f077-f8be-4a42-ab99-7da6f0741227 (type: security_group_rules) to 0
2026-05-27 01:49:56.599 10 INFO neutron.db.ovn_revision_numbers_db [None req-e6e50aac-7f8b-441a-8310-0a6ae080b3bc 9b79efb632104899a29982ab5c7db7f5 1c23899b06fb4ba49e519f066ce75c14 - - default default] Successfully bumped revision number for resource 718ed38d-9574-42fd-998b-0dfeff680ea5 (type: security_group_rules) to 0
2026-05-27 01:49:56.612 10 INFO neutron.db.ovn_revision_numbers_db [None req-e6e50aac-7f8b-441a-8310-0a6ae080b3bc 9b79efb632104899a29982ab5c7db7f5 1c23899b06fb4ba49e519f066ce75c14 - - default default] Successfully bumped revision number for resource 765111d3-3fb6-47af-9805-ddc0018857a9 (type: security_group_rules) to 0
2026-05-27 01:49:56.632 10 INFO neutron.db.ovn_revision_numbers_db [None req-e6e50aac-7f8b-441a-8310-0a6ae080b3bc 9b79efb632104899a29982ab5c7db7f5 1c23899b06fb4ba49e519f066ce75c14 - - default default] Successfully bumped revision number for resource 98432a27-cca3-4c67-ae4c-ed24c8165234 (type: security_group_rules) to 0
2026-05-27 01:49:56.647 9 INFO neutron.wsgi [None req-0c9aea31-fdd3-44dc-b765-0c47e364044d c4207fa2509a46cab253025485c0edc3 4c6c81210bc4419d8e377f90df1a6e61 - - default default] 10.0.0.76 "DELETE /v2.0/subnets/b71e7a79-f9c7-4dcb-8250-e0608c697493 HTTP/1.1" status: 204 len: 168 time: 0.2077963
2026-05-27 01:49:56.651 10 INFO neutron.wsgi [None req-e6e50aac-7f8b-441a-8310-0a6ae080b3bc 9b79efb632104899a29982ab5c7db7f5 1c23899b06fb4ba49e519f066ce75c14 - - default default] 10.0.0.76 "GET /v2.0/security-groups?tenant_id=f44c9dd7163d4afba8eb07fff1094ef5&name=default HTTP/1.1" status: 200 len: 3120 time: 0.4132855
2026-05-27 01:49:56.699 10 INFO neutron.wsgi [None req-ef026de3-8975-4237-8b47-4413aa51139e c4207fa2509a46cab253025485c0edc3 4c6c81210bc4419d8e377f90df1a6e61 - - default default] 10.0.0.76 "GET /v2.0/subnets HTTP/1.1" status: 200 len: 820 time: 0.0449841
2026-05-27 01:49:56.805 10 INFO neutron.wsgi [-] 10.0.0.148 "GET / HTTP/1.1" status: 200 len: 247 time: 0.0021091
2026-05-27 01:49:56.806 9 INFO neutron.wsgi [-] 10.0.0.148 "GET / HTTP/1.1" status: 200 len: 247 time: 0.0034604
2026-05-27 01:49:56.874 9 INFO neutron.wsgi [None req-126f2d10-1630-4598-b6d4-840d5001a5f1 9b79efb632104899a29982ab5c7db7f5 1c23899b06fb4ba49e519f066ce75c14 - - default default] 10.0.0.76 "DELETE /v2.0/security-groups/9205c4a7-c57c-4f5c-82a0-d8b6dca0ac6a HTTP/1.1" status: 204 len: 168 time: 0.2169073
2026-05-27 01:49:56.980 9 INFO neutron.wsgi [req-4f4fa208-6432-4a05-b2ad-a0290736bb7e req-0c361d5d-2fc4-4c6a-84c3-1f33a1d5a88a 3e88b34004654f1ebfedb6c8f78bdf40 42081c329ac74e9d84e06d33f188ade7 - - default default] 10.0.0.103 "GET /v2.0/ports?device_id=547bfa53-93a1-44bc-9276-33e6976f7296 HTTP/1.1" status: 200 len: 1174 time: 0.0491390
2026-05-27 01:49:57.028 9 INFO neutron.wsgi [req-4f4fa208-6432-4a05-b2ad-a0290736bb7e req-6f3e7c44-5f14-47ad-bc2d-40ae3fc13901 3e88b34004654f1ebfedb6c8f78bdf40 42081c329ac74e9d84e06d33f188ade7 - - default default] 10.0.0.103 "GET /v2.0/security-groups?id=e2243e98-56b5-4689-a1ab-e672da3ccea3&fields=id&fields=name HTTP/1.1" status: 200 len: 312 time: 0.0410812
2026-05-27 01:49:57.141 9 INFO neutron.wsgi [req-29239ab4-c783-4ad9-a11a-0a379e3a2705 req-79317055-34ed-4431-93cd-ac5f573d43d0 3e88b34004654f1ebfedb6c8f78bdf40 42081c329ac74e9d84e06d33f188ade7 - - default default] 10.0.0.103 "GET /v2.0/ports?device_id=547bfa53-93a1-44bc-9276-33e6976f7296 HTTP/1.1" status: 200 len: 1174 time: 0.0477858
2026-05-27 01:49:57.168 10 INFO neutron.services.segments.plugin [-] Segment 14697fb2-8acb-4e8c-b822-889f8ee035de resource provider aggregate not found
2026-05-27 01:49:57.173 10 INFO neutron.services.segments.plugin [-] Segment 14697fb2-8acb-4e8c-b822-889f8ee035de resource provider aggregate not found
2026-05-27 01:49:57.188 10 INFO neutron.services.segments.plugin [-] Segment 14697fb2-8acb-4e8c-b822-889f8ee035de resource provider not found; error: Placement Client Error (4xx): {"errors": [{"status": 404, "title": "Not Found", "detail": "The resource could not be found.\n\n No resource provider with uuid 14697fb2-8acb-4e8c-b822-889f8ee035de found for delete ", "request_id": "req-ac47fe23-f03f-4eba-ba33-62ea6dc1c8e1"}]}
2026-05-27 01:49:57.194 10 INFO neutron.services.segments.plugin [-] Segment 14697fb2-8acb-4e8c-b822-889f8ee035de resource provider not found; error: Placement Client Error (4xx): {"errors": [{"status": 404, "title": "Not Found", "detail": "The resource could not be found.\n\n No resource provider with uuid 14697fb2-8acb-4e8c-b822-889f8ee035de found for delete ", "request_id": "req-8573cfec-0bc9-464a-af35-a5dc6307956c"}]}
2026-05-27 01:49:57.228 10 INFO neutron.wsgi [None req-a81071aa-8da8-4e72-a2c1-0f54eb4c5eab c4207fa2509a46cab253025485c0edc3 4c6c81210bc4419d8e377f90df1a6e61 - - default default] 10.0.0.76 "DELETE /v2.0/networks/1b96576b-c489-490c-8968-91e2859b8887 HTTP/1.1" status: 204 len: 168 time: 0.5234122
2026-05-27 01:49:57.302 10 INFO neutron.db.ovn_revision_numbers_db [None req-d6ef1a29-e319-4409-9757-604bb90b51cf 9b79efb632104899a29982ab5c7db7f5 1c23899b06fb4ba49e519f066ce75c14 - - default default] Successfully bumped revision number for resource c7138eb3-06d2-4658-80da-827e9bca5948 (type: security_groups) to 1
2026-05-27 01:49:57.329 10 INFO neutron.db.ovn_revision_numbers_db [None req-d6ef1a29-e319-4409-9757-604bb90b51cf 9b79efb632104899a29982ab5c7db7f5 1c23899b06fb4ba49e519f066ce75c14 - - default default] Successfully bumped revision number for resource 4a94fffa-1331-42f8-ad10-86ca37219b40 (type: security_group_rules) to 0
2026-05-27 01:49:57.347 10 INFO neutron.db.ovn_revision_numbers_db [None req-d6ef1a29-e319-4409-9757-604bb90b51cf 9b79efb632104899a29982ab5c7db7f5 1c23899b06fb4ba49e519f066ce75c14 - - default default] Successfully bumped revision number for resource c29fa501-b660-4187-b4ee-40351d77830c (type: security_group_rules) to 0
2026-05-27 01:49:57.367 10 INFO neutron.db.ovn_revision_numbers_db [None req-d6ef1a29-e319-4409-9757-604bb90b51cf 9b79efb632104899a29982ab5c7db7f5 1c23899b06fb4ba49e519f066ce75c14 - - default default] Successfully bumped revision number for resource cc01c2fa-6925-4caf-9407-9bb700773b6b (type: security_group_rules) to 0
2026-05-27 01:49:57.383 10 INFO neutron.db.ovn_revision_numbers_db [None req-d6ef1a29-e319-4409-9757-604bb90b51cf 9b79efb632104899a29982ab5c7db7f5 1c23899b06fb4ba49e519f066ce75c14 - - default default] Successfully bumped revision number for resource ff53dafc-9553-4e9e-b196-b74d07f4c226 (type: security_group_rules) to 0
2026-05-27 01:49:57.421 10 INFO neutron.wsgi [None req-d6ef1a29-e319-4409-9757-604bb90b51cf 9b79efb632104899a29982ab5c7db7f5 1c23899b06fb4ba49e519f066ce75c14 - - default default] 10.0.0.76 "GET /v2.0/security-groups?tenant_id=e5e1d4041e7d416790c536cb8b017b86&name=default HTTP/1.1" status: 200 len: 3120 time: 0.4803443
2026-05-27 01:49:57.479 9 INFO neutron.db.ovn_revision_numbers_db [None req-cab691a5-f21c-4e78-b250-b34d534c5ce8 9b79efb632104899a29982ab5c7db7f5 1c23899b06fb4ba49e519f066ce75c14 - - default default] Successfully bumped revision number for resource ee34d770-b612-4c55-b719-afcb7057f0fd (type: security_groups) to 1
2026-05-27 01:49:57.498 9 INFO neutron.db.ovn_revision_numbers_db [None req-cab691a5-f21c-4e78-b250-b34d534c5ce8 9b79efb632104899a29982ab5c7db7f5 1c23899b06fb4ba49e519f066ce75c14 - - default default] Successfully bumped revision number for resource 3efe8ac2-06df-4c87-9b52-bfc63b91d81b (type: security_group_rules) to 0
2026-05-27 01:49:57.527 9 INFO neutron.db.ovn_revision_numbers_db [None req-cab691a5-f21c-4e78-b250-b34d534c5ce8 9b79efb632104899a29982ab5c7db7f5 1c23899b06fb4ba49e519f066ce75c14 - - default default] Successfully bumped revision number for resource c5316d6f-669f-43f8-8a21-bf44b9de08f5 (type: security_group_rules) to 0
2026-05-27 01:49:57.571 9 INFO neutron.db.ovn_revision_numbers_db [None req-cab691a5-f21c-4e78-b250-b34d534c5ce8 9b79efb632104899a29982ab5c7db7f5 1c23899b06fb4ba49e519f066ce75c14 - - default default] Successfully bumped revision number for resource ebe5986c-5e2b-4ac3-9de3-4ed7d3cf9ead (type: security_group_rules) to 0
2026-05-27 01:49:57.608 9 INFO neutron.db.ovn_revision_numbers_db [None req-cab691a5-f21c-4e78-b250-b34d534c5ce8 9b79efb632104899a29982ab5c7db7f5 1c23899b06fb4ba49e519f066ce75c14 - - default default] Successfully bumped revision number for resource ef3f1c83-361d-4d99-bd5d-717550738d49 (type: security_group_rules) to 0
2026-05-27 01:49:57.646 9 INFO neutron.wsgi [None req-cab691a5-f21c-4e78-b250-b34d534c5ce8 9b79efb632104899a29982ab5c7db7f5 1c23899b06fb4ba49e519f066ce75c14 - - default default] 10.0.0.76 "GET /v2.0/security-groups?tenant_id=6915a664abed4967a20427f5bd23c6fa&name=default HTTP/1.1" status: 200 len: 3120 time: 0.5791352
2026-05-27 01:49:57.740 10 INFO neutron.wsgi [None req-74b93663-e19c-49b9-8693-e3e053b6051f c4207fa2509a46cab253025485c0edc3 4c6c81210bc4419d8e377f90df1a6e61 - - default default] 10.0.0.76 "DELETE /v2.0/networks/7217c500-2ecf-424e-a128-551e8e05597b HTTP/1.1" status: 204 len: 168 time: 0.5037723
2026-05-27 01:49:57.755 10 INFO neutron.wsgi [None req-3dbc2981-6545-4e34-8387-a2663f00c929 9b79efb632104899a29982ab5c7db7f5 1c23899b06fb4ba49e519f066ce75c14 - - default default] 10.0.0.76 "DELETE /v2.0/security-groups/c7138eb3-06d2-4658-80da-827e9bca5948 HTTP/1.1" status: 204 len: 168 time: 0.3263664
2026-05-27 01:49:58.137 9 INFO neutron.wsgi [None req-77c8f7d5-300f-472d-bcc9-828e46ec6f69 9b79efb632104899a29982ab5c7db7f5 1c23899b06fb4ba49e519f066ce75c14 - - default default] 10.0.0.76 "DELETE /v2.0/security-groups/ee34d770-b612-4c55-b719-afcb7057f0fd HTTP/1.1" status: 204 len: 168 time: 0.4815912
2026-05-27 01:49:58.209 9 INFO neutron.db.ovn_revision_numbers_db [None req-25f2ca5b-334e-44ff-8bc9-7a4106dd6e3b 3e88b34004654f1ebfedb6c8f78bdf40 42081c329ac74e9d84e06d33f188ade7 - - default default] Successfully bumped revision number for resource f3899c31-c8b7-4462-93ba-004cf8365921 (type: floatingips) to 1
2026-05-27 01:49:58.368 9 INFO neutron.services.segments.plugin [-] Segment ea35fe61-8bc0-41bb-af8b-2cea4f703c04 resource provider aggregate not found
