2026-05-27 01:54:23.650 9 ERROR neutron_lib.callbacks.manager record = self.api.lookup(self.table, self.record)
2026-05-27 01:54:23.650 9 ERROR neutron_lib.callbacks.manager
File "/var/lib/openstack/lib/python3.10/site-packages/ovsdbapp/backend/ovs_idl/__init__.py", line 184, in lookup
2026-05-27 01:54:23.650 9 ERROR neutron_lib.callbacks.manager return self._lookup(table, record)
2026-05-27 01:54:23.650 9 ERROR neutron_lib.callbacks.manager
File "/var/lib/openstack/lib/python3.10/site-packages/ovsdbapp/backend/ovs_idl/__init__.py", line 235, in _lookup
2026-05-27 01:54:23.650 9 ERROR neutron_lib.callbacks.manager row = idlutils.row_by_value(self, rl.table, rl.column, record)
2026-05-27 01:54:23.650 9 ERROR neutron_lib.callbacks.manager
File "/var/lib/openstack/lib/python3.10/site-packages/ovsdbapp/backend/ovs_idl/idlutils.py", line 114, in row_by_value
2026-05-27 01:54:23.650 9 ERROR neutron_lib.callbacks.manager raise RowNotFound(table=table, col=column, match=match)
2026-05-27 01:54:23.650 9 ERROR neutron_lib.callbacks.manager ovsdbapp.backend.ovs_idl.idlutils.RowNotFound: Cannot find Logical_Router_Port with name=lrp-7daea082-3210-40d3-8431-6d6c51bddf9d
2026-05-27 01:54:23.650 9 ERROR neutron_lib.callbacks.manager 
2026-05-27 01:54:23.886 9 INFO neutron.db.ovn_revision_numbers_db [None req-62f701e0-0395-4864-9dca-07fcc4098b6c b50a641435f143ec9b6e4bc48402fc12 f8e029c5b0874cd996bdd1acbf216cf0 - - default default] Successfully bumped revision number for resource 7daea082-3210-40d3-8431-6d6c51bddf9d (type: ports) to 1
2026-05-27 01:54:23.953 9 WARNING neutron.scheduler.dhcp_agent_scheduler [None req-62f701e0-0395-4864-9dca-07fcc4098b6c b50a641435f143ec9b6e4bc48402fc12 f8e029c5b0874cd996bdd1acbf216cf0 - - default default] No more DHCP agents
2026-05-27 01:54:23.955 9 WARNING neutron.api.rpc.agentnotifiers.dhcp_rpc_agent_api [None req-62f701e0-0395-4864-9dca-07fcc4098b6c b50a641435f143ec9b6e4bc48402fc12 f8e029c5b0874cd996bdd1acbf216cf0 - - default default] Unable to schedule network 96cea43b-94f7-42c2-9d39-4f08da4bd4e4: no agents available; will retry on subsequent port and subnet creation events.
2026-05-27 01:54:24.643 9 INFO neutron.db.ovn_revision_numbers_db [None req-62f701e0-0395-4864-9dca-07fcc4098b6c b50a641435f143ec9b6e4bc48402fc12 f8e029c5b0874cd996bdd1acbf216cf0 - - default default] Successfully bumped revision number for resource 7daea082-3210-40d3-8431-6d6c51bddf9d (type: router_ports) to 1
2026-05-27 01:54:24.651 9 INFO neutron.wsgi [None req-62f701e0-0395-4864-9dca-07fcc4098b6c b50a641435f143ec9b6e4bc48402fc12 f8e029c5b0874cd996bdd1acbf216cf0 - - default default] 10.0.0.76 "PUT /v2.0/routers/3232a72f-8ce2-4d38-a8d4-51281ddde099/add_router_interface HTTP/1.1" status: 200 len: 503 time: 2.4125686
2026-05-27 01:54:24.663 9 WARNING neutron_lib.context [None req-a2c810da-98cc-459f-86ec-33808d4f241b b50a641435f143ec9b6e4bc48402fc12 f8e029c5b0874cd996bdd1acbf216cf0 - - default default] Method 'is_advsvc' is deprecated since 2023.2 release (neutron-lib 3.8.0) and will be removed once support for the old RBAC API policies will be removed from Neutron. Please use method 'is_service_role' instead.
2026-05-27 01:54:25.228 9 WARNING neutron.scheduler.dhcp_agent_scheduler [None req-a2c810da-98cc-459f-86ec-33808d4f241b b50a641435f143ec9b6e4bc48402fc12 f8e029c5b0874cd996bdd1acbf216cf0 - - default default] No more DHCP agents
2026-05-27 01:54:25.229 9 WARNING neutron.api.rpc.agentnotifiers.dhcp_rpc_agent_api [None req-a2c810da-98cc-459f-86ec-33808d4f241b b50a641435f143ec9b6e4bc48402fc12 f8e029c5b0874cd996bdd1acbf216cf0 - - default default] Unable to schedule network 8c9f9782-a40c-4944-bf8b-e87dac191b04: no agents available; will retry on subsequent port and subnet creation events.
2026-05-27 01:54:25.392 9 INFO neutron.db.ovn_revision_numbers_db [None req-a2c810da-98cc-459f-86ec-33808d4f241b b50a641435f143ec9b6e4bc48402fc12 f8e029c5b0874cd996bdd1acbf216cf0 - - default default] Successfully bumped revision number for resource e7f11294-c2c4-40c5-bc33-d9ed98ce5c55 (type: ports) to 1
2026-05-27 01:54:25.637 9 INFO neutron.db.ovn_revision_numbers_db [None req-a2c810da-98cc-459f-86ec-33808d4f241b b50a641435f143ec9b6e4bc48402fc12 f8e029c5b0874cd996bdd1acbf216cf0 - - default default] Successfully bumped revision number for resource e7f11294-c2c4-40c5-bc33-d9ed98ce5c55 (type: ports) to 1
2026-05-27 01:54:25.698 9 INFO neutron.db.segments_db [None req-a2c810da-98cc-459f-86ec-33808d4f241b b50a641435f143ec9b6e4bc48402fc12 f8e029c5b0874cd996bdd1acbf216cf0 - - default default] Added segment b492602d-dcd0-4cde-b66a-dc79a3476c4c of type geneve for network 38d21bcd-54e5-4f98-9a5c-99231683d913
2026-05-27 01:54:25.828 9 INFO neutron.db.ovn_revision_numbers_db [None req-a2c810da-98cc-459f-86ec-33808d4f241b b50a641435f143ec9b6e4bc48402fc12 f8e029c5b0874cd996bdd1acbf216cf0 - - default default] Successfully bumped revision number for resource 38d21bcd-54e5-4f98-9a5c-99231683d913 (type: networks) to 1
2026-05-27 01:54:25.987 9 WARNING neutron.scheduler.dhcp_agent_scheduler [None req-a2c810da-98cc-459f-86ec-33808d4f241b b50a641435f143ec9b6e4bc48402fc12 f8e029c5b0874cd996bdd1acbf216cf0 - - default default] No more DHCP agents
2026-05-27 01:54:25.988 9 WARNING neutron.api.rpc.agentnotifiers.dhcp_rpc_agent_api [None req-a2c810da-98cc-459f-86ec-33808d4f241b b50a641435f143ec9b6e4bc48402fc12 f8e029c5b0874cd996bdd1acbf216cf0 - - default default] Unable to schedule network 38d21bcd-54e5-4f98-9a5c-99231683d913: no agents available; will retry on subsequent port and subnet creation events.
2026-05-27 01:54:26.087 9 INFO neutron.db.ovn_revision_numbers_db [None req-a2c810da-98cc-459f-86ec-33808d4f241b b50a641435f143ec9b6e4bc48402fc12 f8e029c5b0874cd996bdd1acbf216cf0 - - default default] Successfully bumped revision number for resource 4f58dab1-88b5-464c-9468-41f403fa7431 (type: ports) to 1
2026-05-27 01:54:26.236 9 WARNING neutron.scheduler.dhcp_agent_scheduler [None req-a2c810da-98cc-459f-86ec-33808d4f241b b50a641435f143ec9b6e4bc48402fc12 f8e029c5b0874cd996bdd1acbf216cf0 - - default default] No more DHCP agents
2026-05-27 01:54:26.238 9 WARNING neutron.api.rpc.agentnotifiers.dhcp_rpc_agent_api [None req-a2c810da-98cc-459f-86ec-33808d4f241b b50a641435f143ec9b6e4bc48402fc12 f8e029c5b0874cd996bdd1acbf216cf0 - - default default] Unable to schedule network 38d21bcd-54e5-4f98-9a5c-99231683d913: no agents available; will retry on subsequent port and subnet creation events.
2026-05-27 01:54:26.264 9 INFO neutron.db.ovn_revision_numbers_db [None req-a2c810da-98cc-459f-86ec-33808d4f241b b50a641435f143ec9b6e4bc48402fc12 f8e029c5b0874cd996bdd1acbf216cf0 - - default default] Successfully bumped revision number for resource fafb1755-be39-444b-b741-97609dd38ffb (type: subnets) to 0
2026-05-27 01:54:26.504 10 WARNING neutron_lib.context [None req-9359cc23-9532-4920-a647-6173e86b8300 6183f0de746c4387a614bb2979d623cf ff1e21719f7d4c01b1345c76b6e3f2b6 - - default default] Method 'is_advsvc' is deprecated since 2023.2 release (neutron-lib 3.8.0) and will be removed once support for the old RBAC API policies will be removed from Neutron. Please use method 'is_service_role' instead.
2026-05-27 01:54:26.660 10 INFO neutron.db.ovn_revision_numbers_db [None req-9359cc23-9532-4920-a647-6173e86b8300 6183f0de746c4387a614bb2979d623cf ff1e21719f7d4c01b1345c76b6e3f2b6 - - default default] Successfully bumped revision number for resource c1f1042d-2577-44ce-a592-dedb6a936c2b (type: security_groups) to 1
2026-05-27 01:54:26.690 10 INFO neutron.db.ovn_revision_numbers_db [None req-9359cc23-9532-4920-a647-6173e86b8300 6183f0de746c4387a614bb2979d623cf ff1e21719f7d4c01b1345c76b6e3f2b6 - - default default] Successfully bumped revision number for resource 2e8866c6-c5ff-4e37-9d5d-1bb28ffaf373 (type: security_group_rules) to 0
2026-05-27 01:54:26.705 10 INFO neutron.db.ovn_revision_numbers_db [None req-9359cc23-9532-4920-a647-6173e86b8300 6183f0de746c4387a614bb2979d623cf ff1e21719f7d4c01b1345c76b6e3f2b6 - - default default] Successfully bumped revision number for resource 4d081568-d6f7-4277-9c86-40786560c331 (type: security_group_rules) to 0
2026-05-27 01:54:26.712 9 WARNING neutron.scheduler.dhcp_agent_scheduler [None req-a2c810da-98cc-459f-86ec-33808d4f241b b50a641435f143ec9b6e4bc48402fc12 f8e029c5b0874cd996bdd1acbf216cf0 - - default default] No more DHCP agents
2026-05-27 01:54:26.714 9 WARNING neutron.api.rpc.agentnotifiers.dhcp_rpc_agent_api [None req-a2c810da-98cc-459f-86ec-33808d4f241b b50a641435f143ec9b6e4bc48402fc12 f8e029c5b0874cd996bdd1acbf216cf0 - - default default] Unable to schedule network 38d21bcd-54e5-4f98-9a5c-99231683d913: no agents available; will retry on subsequent port and subnet creation events.
2026-05-27 01:54:26.724 10 INFO neutron.db.ovn_revision_numbers_db [None req-9359cc23-9532-4920-a647-6173e86b8300 6183f0de746c4387a614bb2979d623cf ff1e21719f7d4c01b1345c76b6e3f2b6 - - default default] Successfully bumped revision number for resource 62975937-e9c9-4df8-95a9-6c495424d217 (type: security_group_rules) to 0
2026-05-27 01:54:26.746 10 INFO neutron.db.ovn_revision_numbers_db [None req-9359cc23-9532-4920-a647-6173e86b8300 6183f0de746c4387a614bb2979d623cf ff1e21719f7d4c01b1345c76b6e3f2b6 - - default default] Successfully bumped revision number for resource f10c0460-d2dc-4ce3-86a4-3fd85ff599d6 (type: security_group_rules) to 0
2026-05-27 01:54:26.801 10 INFO neutron.db.segments_db [None req-9359cc23-9532-4920-a647-6173e86b8300 6183f0de746c4387a614bb2979d623cf ff1e21719f7d4c01b1345c76b6e3f2b6 - - default default] Added segment 050108cd-3945-412b-8dd2-7cb7afd4fe76 of type geneve for network df495294-3ec1-43ba-bc97-cb81ccc17822
2026-05-27 01:54:26.805 9 INFO neutron.wsgi [-] 10.0.0.148 "GET / HTTP/1.1" status: 200 len: 247 time: 0.0013876
2026-05-27 01:54:26.805 10 INFO neutron.wsgi [-] 10.0.0.148 "GET / HTTP/1.1" status: 200 len: 247 time: 0.0021601
2026-05-27 01:54:26.868 9 INFO neutron.db.ovn_revision_numbers_db [None req-a2c810da-98cc-459f-86ec-33808d4f241b b50a641435f143ec9b6e4bc48402fc12 f8e029c5b0874cd996bdd1acbf216cf0 - - default default] Successfully bumped revision number for resource 0236c71d-9e37-432e-93e2-6edd2a8a6fe6 (type: ports) to 1
2026-05-27 01:54:26.983 10 INFO neutron.db.ovn_revision_numbers_db [None req-9359cc23-9532-4920-a647-6173e86b8300 6183f0de746c4387a614bb2979d623cf ff1e21719f7d4c01b1345c76b6e3f2b6 - - default default] Successfully bumped revision number for resource df495294-3ec1-43ba-bc97-cb81ccc17822 (type: networks) to 1
2026-05-27 01:54:27.093 10 WARNING neutron.plugins.ml2.drivers.ovn.mech_driver.ovsdb.ovn_client [None req-cc92ae5f-bebd-4e75-aa20-917944998ec5 - - - - - -] No hosting information found for port 668605ae-a05d-4193-b7f4-52359d5ac0c7: RuntimeError: No hosting information found for port 668605ae-a05d-4193-b7f4-52359d5ac0c7
2026-05-27 01:54:27.094 10 INFO neutron.plugins.ml2.drivers.ovn.mech_driver.mech_driver [None req-cc92ae5f-bebd-4e75-aa20-917944998ec5 - - - - - -] OVN reports status up for port: 7daea082-3210-40d3-8431-6d6c51bddf9d
2026-05-27 01:54:27.105 10 INFO neutron.plugins.ml2.plugin [None req-cc92ae5f-bebd-4e75-aa20-917944998ec5 - - - - - -] Attempt 1 to provision port 7daea082-3210-40d3-8431-6d6c51bddf9d
2026-05-27 01:54:27.199 10 WARNING neutron.scheduler.dhcp_agent_scheduler [None req-9359cc23-9532-4920-a647-6173e86b8300 6183f0de746c4387a614bb2979d623cf ff1e21719f7d4c01b1345c76b6e3f2b6 - - default default] No more DHCP agents
2026-05-27 01:54:27.203 10 WARNING neutron.api.rpc.agentnotifiers.dhcp_rpc_agent_api [None req-9359cc23-9532-4920-a647-6173e86b8300 6183f0de746c4387a614bb2979d623cf ff1e21719f7d4c01b1345c76b6e3f2b6 - - default default] Unable to schedule network df495294-3ec1-43ba-bc97-cb81ccc17822: no agents available; will retry on subsequent port and subnet creation events.
2026-05-27 01:54:27.314 10 INFO neutron.db.ovn_revision_numbers_db [None req-9359cc23-9532-4920-a647-6173e86b8300 6183f0de746c4387a614bb2979d623cf ff1e21719f7d4c01b1345c76b6e3f2b6 - - default default] Successfully bumped revision number for resource 1f6b6e20-f9b4-46fd-a9c9-edaffa4e38cd (type: ports) to 1
2026-05-27 01:54:27.340 10 INFO neutron.wsgi [None req-9359cc23-9532-4920-a647-6173e86b8300 6183f0de746c4387a614bb2979d623cf ff1e21719f7d4c01b1345c76b6e3f2b6 - - default default] 10.0.0.76 "POST /v2.0/networks HTTP/1.1" status: 201 len: 838 time: 1.0171096
2026-05-27 01:54:27.360 10 WARNING neutron_lib.context [None req-2ea33b3d-0c20-4217-bb36-2f7348357d1b 6183f0de746c4387a614bb2979d623cf ff1e21719f7d4c01b1345c76b6e3f2b6 - - default default] Method 'is_advsvc' is deprecated since 2023.2 release (neutron-lib 3.8.0) and will be removed once support for the old RBAC API policies will be removed from Neutron. Please use method 'is_service_role' instead.
2026-05-27 01:54:27.394 9 ERROR ovsdbapp.backend.ovs_idl.command [None req-a2c810da-98cc-459f-86ec-33808d4f241b b50a641435f143ec9b6e4bc48402fc12 f8e029c5b0874cd996bdd1acbf216cf0 - - default default] Error executing command (DbGetCommand): ovsdbapp.backend.ovs_idl.idlutils.RowNotFound: Cannot find Logical_Router_Port with name=lrp-0236c71d-9e37-432e-93e2-6edd2a8a6fe6
2026-05-27 01:54:27.394 9 ERROR ovsdbapp.backend.ovs_idl.command
Traceback (most recent call last):
2026-05-27 01:54:27.394 9 ERROR ovsdbapp.backend.ovs_idl.command
File "/var/lib/openstack/lib/python3.10/site-packages/ovsdbapp/backend/ovs_idl/command.py", line 47, in execute
2026-05-27 01:54:27.394 9 ERROR ovsdbapp.backend.ovs_idl.command self.run_idl(None)
2026-05-27 01:54:27.394 9 ERROR ovsdbapp.backend.ovs_idl.command
File "/var/lib/openstack/lib/python3.10/site-packages/ovsdbapp/backend/ovs_idl/command.py", line 235, in run_idl
2026-05-27 01:54:27.394 9 ERROR ovsdbapp.backend.ovs_idl.command record = self.api.lookup(self.table, self.record)
2026-05-27 01:54:27.394 9 ERROR ovsdbapp.backend.ovs_idl.command
File "/var/lib/openstack/lib/python3.10/site-packages/ovsdbapp/backend/ovs_idl/__init__.py", line 184, in lookup
2026-05-27 01:54:27.394 9 ERROR ovsdbapp.backend.ovs_idl.command return self._lookup(table, record)
2026-05-27 01:54:27.394 9 ERROR ovsdbapp.backend.ovs_idl.command
File "/var/lib/openstack/lib/python3.10/site-packages/ovsdbapp/backend/ovs_idl/__init__.py", line 235, in _lookup
2026-05-27 01:54:27.394 9 ERROR ovsdbapp.backend.ovs_idl.command row = idlutils.row_by_value(self, rl.table, rl.column, record)
2026-05-27 01:54:27.394 9 ERROR ovsdbapp.backend.ovs_idl.command
File "/var/lib/openstack/lib/python3.10/site-packages/ovsdbapp/backend/ovs_idl/idlutils.py", line 114, in row_by_value
2026-05-27 01:54:27.394 9 ERROR ovsdbapp.backend.ovs_idl.command raise RowNotFound(table=table, col=column, match=match)
2026-05-27 01:54:27.394 9 ERROR ovsdbapp.backend.ovs_idl.command ovsdbapp.backend.ovs_idl.idlutils.RowNotFound: Cannot find Logical_Router_Port with name=lrp-0236c71d-9e37-432e-93e2-6edd2a8a6fe6
2026-05-27 01:54:27.394 9 ERROR ovsdbapp.backend.ovs_idl.command 
2026-05-27 01:54:27.395 9 ERROR neutron_lib.callbacks.manager [None req-a2c810da-98cc-459f-86ec-33808d4f241b b50a641435f143ec9b6e4bc48402fc12 f8e029c5b0874cd996bdd1acbf216cf0 - - default default] Error during notification for neutron.services.ovn_l3.plugin.OVNL3RouterPlugin._port_update-8783636906735 port, after_update: ovsdbapp.backend.ovs_idl.idlutils.RowNotFound: Cannot find Logical_Router_Port with name=lrp-0236c71d-9e37-432e-93e2-6edd2a8a6fe6
2026-05-27 01:54:27.395 9 ERROR neutron_lib.callbacks.manager
Traceback (most recent call last):
2026-05-27 01:54:27.395 9 ERROR neutron_lib.callbacks.manager
File "/var/lib/openstack/lib/python3.10/site-packages/neutron_lib/callbacks/manager.py", line 189, in _notify_loop
2026-05-27 01:54:27.395 9 ERROR neutron_lib.callbacks.manager callback.method(resource, event, trigger, payload=payload)
2026-05-27 01:54:27.395 9 ERROR neutron_lib.callbacks.manager
File "/var/lib/openstack/lib/python3.10/site-packages/neutron/services/ovn_l3/plugin.py", line 391, in _port_update
2026-05-27 01:54:27.395 9 ERROR neutron_lib.callbacks.manager l3plugin._ovn_client.update_router_port(context,
2026-05-27 01:54:27.395 9 ERROR neutron_lib.callbacks.manager
File "/var/lib/openstack/lib/python3.10/site-packages/neutron/plugins/ml2/drivers/ovn/mech_driver/ovsdb/ovn_client.py", line 1878, in update_router_port
2026-05-27 01:54:27.395 9 ERROR neutron_lib.callbacks.manager self._update_lrouter_port(context, port, if_exists=if_exists,
2026-05-27 01:54:27.395 9 ERROR neutron_lib.callbacks.manager
File "/var/lib/openstack/lib/python3.10/site-packages/neutron/plugins/ml2/drivers/ovn/mech_driver/ovsdb/ovn_client.py", line 1855, in _update_lrouter_port
2026-05-27 01:54:27.395 9 ERROR neutron_lib.callbacks.manager external_ids = self._nb_idl.db_get(
2026-05-27 01:54:27.395 9 ERROR neutron_lib.callbacks.manager
File "/var/lib/openstack/lib/python3.10/site-packages/ovsdbapp/backend/ovs_idl/command.py", line 47, in execute
2026-05-27 01:54:27.395 9 ERROR neutron_lib.callbacks.manager self.run_idl(None)
2026-05-27 01:54:27.395 9 ERROR neutron_lib.callbacks.manager
File "/var/lib/openstack/lib/python3.10/site-packages/ovsdbapp/backend/ovs_idl/command.py", line 235, in run_idl
2026-05-27 01:54:27.395 9 ERROR neutron_lib.callbacks.manager record = self.api.lookup(self.table, self.record)
2026-05-27 01:54:27.395 9 ERROR neutron_lib.callbacks.manager
File "/var/lib/openstack/lib/python3.10/site-packages/ovsdbapp/backend/ovs_idl/__init__.py", line 184, in lookup
2026-05-27 01:54:27.395 9 ERROR neutron_lib.callbacks.manager return self._lookup(table, record)
2026-05-27 01:54:27.395 9 ERROR neutron_lib.callbacks.manager
File "/var/lib/openstack/lib/python3.10/site-packages/ovsdbapp/backend/ovs_idl/__init__.py", line 235, in _lookup
2026-05-27 01:54:27.395 9 ERROR neutron_lib.callbacks.manager row = idlutils.row_by_value(self, rl.table, rl.column, record)
2026-05-27 01:54:27.395 9 ERROR neutron_lib.callbacks.manager
File "/var/lib/openstack/lib/python3.10/site-packages/ovsdbapp/backend/ovs_idl/idlutils.py", line 114, in row_by_value
2026-05-27 01:54:27.395 9 ERROR neutron_lib.callbacks.manager raise RowNotFound(table=table, col=column, match=match)
2026-05-27 01:54:27.395 9 ERROR neutron_lib.callbacks.manager ovsdbapp.backend.ovs_idl.idlutils.RowNotFound: Cannot find Logical_Router_Port with name=lrp-0236c71d-9e37-432e-93e2-6edd2a8a6fe6
2026-05-27 01:54:27.395 9 ERROR neutron_lib.callbacks.manager 
2026-05-27 01:54:27.656 9 INFO neutron.db.ovn_revision_numbers_db [None req-a2c810da-98cc-459f-86ec-33808d4f241b b50a641435f143ec9b6e4bc48402fc12 f8e029c5b0874cd996bdd1acbf216cf0 - - default default] Successfully bumped revision number for resource 0236c71d-9e37-432e-93e2-6edd2a8a6fe6 (type: ports) to 1
2026-05-27 01:54:27.664 10 WARNING neutron.scheduler.dhcp_agent_scheduler [None req-2ea33b3d-0c20-4217-bb36-2f7348357d1b 6183f0de746c4387a614bb2979d623cf ff1e21719f7d4c01b1345c76b6e3f2b6 - - default default] No more DHCP agents
2026-05-27 01:54:27.667 10 WARNING neutron.api.rpc.agentnotifiers.dhcp_rpc_agent_api [None req-2ea33b3d-0c20-4217-bb36-2f7348357d1b 6183f0de746c4387a614bb2979d623cf ff1e21719f7d4c01b1345c76b6e3f2b6 - - default default] Unable to schedule network df495294-3ec1-43ba-bc97-cb81ccc17822: no agents available; will retry on subsequent port and subnet creation events.
2026-05-27 01:54:27.681 10 INFO neutron.db.ovn_revision_numbers_db [None req-cc92ae5f-bebd-4e75-aa20-917944998ec5 - - - - - -] Successfully bumped revision number for resource 7daea082-3210-40d3-8431-6d6c51bddf9d (type: ports) to 2
2026-05-27 01:54:27.720 9 WARNING neutron.scheduler.dhcp_agent_scheduler [None req-a2c810da-98cc-459f-86ec-33808d4f241b b50a641435f143ec9b6e4bc48402fc12 f8e029c5b0874cd996bdd1acbf216cf0 - - default default] No more DHCP agents
2026-05-27 01:54:27.721 9 WARNING neutron.api.rpc.agentnotifiers.dhcp_rpc_agent_api [None req-a2c810da-98cc-459f-86ec-33808d4f241b b50a641435f143ec9b6e4bc48402fc12 f8e029c5b0874cd996bdd1acbf216cf0 - - default default] Unable to schedule network 38d21bcd-54e5-4f98-9a5c-99231683d913: no agents available; will retry on subsequent port and subnet creation events.
2026-05-27 01:54:27.845 10 INFO neutron.db.ovn_revision_numbers_db [None req-cc92ae5f-bebd-4e75-aa20-917944998ec5 - - - - - -] Successfully bumped revision number for resource 7daea082-3210-40d3-8431-6d6c51bddf9d (type: router_ports) to 2
2026-05-27 01:54:28.422 10 INFO neutron.db.ovn_revision_numbers_db [None req-2ea33b3d-0c20-4217-bb36-2f7348357d1b 6183f0de746c4387a614bb2979d623cf ff1e21719f7d4c01b1345c76b6e3f2b6 - - default default] Successfully bumped revision number for resource 1f6b6e20-f9b4-46fd-a9c9-edaffa4e38cd (type: ports) to 2
2026-05-27 01:54:28.456 10 INFO neutron.db.ovn_revision_numbers_db [None req-2ea33b3d-0c20-4217-bb36-2f7348357d1b 6183f0de746c4387a614bb2979d623cf ff1e21719f7d4c01b1345c76b6e3f2b6 - - default default] Successfully bumped revision number for resource 31eb73d6-4c78-4d2d-8d3e-6f8eb152d44b (type: subnets) to 0
2026-05-27 01:54:28.474 10 INFO neutron.wsgi [None req-2ea33b3d-0c20-4217-bb36-2f7348357d1b 6183f0de746c4387a614bb2979d623cf ff1e21719f7d4c01b1345c76b6e3f2b6 - - default default] 10.0.0.76 "POST /v2.0/subnets HTTP/1.1" status: 201 len: 832 time: 1.1268988
2026-05-27 01:54:28.525 10 INFO neutron.wsgi [None req-7427f3ba-78ec-478d-847a-19a9b79e6f5a cbb92106fce34d748ccd3f2601c22038 bbf6790e4332483ba51839c77680281a - - default default] 10.0.0.76 "GET /v2.0/subnetpools?name=shared-default-subnetpool-v6 HTTP/1.1" status: 200 len: 212 time: 0.0448883
2026-05-27 01:54:28.534 10 WARNING neutron_lib.context [None req-508df0cb-61e1-47ed-9c80-415ad7849726 6183f0de746c4387a614bb2979d623cf ff1e21719f7d4c01b1345c76b6e3f2b6 - - default default] Method 'is_advsvc' is deprecated since 2023.2 release (neutron-lib 3.8.0) and will be removed once support for the old RBAC API policies will be removed from Neutron. Please use method 'is_service_role' instead.
2026-05-27 01:54:28.757 9 INFO neutron.db.ovn_revision_numbers_db [None req-a2c810da-98cc-459f-86ec-33808d4f241b b50a641435f143ec9b6e4bc48402fc12 f8e029c5b0874cd996bdd1acbf216cf0 - - default default] Successfully bumped revision number for resource 0236c71d-9e37-432e-93e2-6edd2a8a6fe6 (type: router_ports) to 1
2026-05-27 01:54:28.782 10 WARNING neutron.scheduler.dhcp_agent_scheduler [None req-508df0cb-61e1-47ed-9c80-415ad7849726 6183f0de746c4387a614bb2979d623cf ff1e21719f7d4c01b1345c76b6e3f2b6 - - default default] No more DHCP agents
2026-05-27 01:54:28.785 10 WARNING neutron.api.rpc.agentnotifiers.dhcp_rpc_agent_api [None req-508df0cb-61e1-47ed-9c80-415ad7849726 6183f0de746c4387a614bb2979d623cf ff1e21719f7d4c01b1345c76b6e3f2b6 - - default default] Unable to schedule network df495294-3ec1-43ba-bc97-cb81ccc17822: no agents available; will retry on subsequent port and subnet creation events.
2026-05-27 01:54:28.817 10 INFO neutron.db.ovn_revision_numbers_db [None req-508df0cb-61e1-47ed-9c80-415ad7849726 6183f0de746c4387a614bb2979d623cf ff1e21719f7d4c01b1345c76b6e3f2b6 - - default default] Successfully bumped revision number for resource 83e22f70-daf6-4172-bf9f-ed352d892885 (type: subnets) to 0
2026-05-27 01:54:28.835 10 INFO neutron.wsgi [None req-508df0cb-61e1-47ed-9c80-415ad7849726 6183f0de746c4387a614bb2979d623cf ff1e21719f7d4c01b1345c76b6e3f2b6 - - default default] 10.0.0.76 "POST /v2.0/subnets HTTP/1.1" status: 201 len: 907 time: 0.3048732
2026-05-27 01:54:28.849 10 WARNING neutron_lib.context [None req-813be917-bdea-4126-9bef-7cfe70c0ce29 6183f0de746c4387a614bb2979d623cf ff1e21719f7d4c01b1345c76b6e3f2b6 - - default default] Method 'is_advsvc' is deprecated since 2023.2 release (neutron-lib 3.8.0) and will be removed once support for the old RBAC API policies will be removed from Neutron. Please use method 'is_service_role' instead.
2026-05-27 01:54:28.936 10 INFO neutron.db.segments_db [None req-813be917-bdea-4126-9bef-7cfe70c0ce29 6183f0de746c4387a614bb2979d623cf ff1e21719f7d4c01b1345c76b6e3f2b6 - - default default] Added segment 1fa8c54b-69fb-42f4-813d-f54d798c23b6 of type geneve for network 03575f27-2a48-4cd7-a214-c3e603d821e0
2026-05-27 01:54:28.991 9 WARNING neutron.scheduler.dhcp_agent_scheduler [None req-525a7d28-9029-45a4-b22a-3518872bb96a - - - - - -] No more DHCP agents
2026-05-27 01:54:28.992 9 WARNING neutron.api.rpc.agentnotifiers.dhcp_rpc_agent_api [None req-525a7d28-9029-45a4-b22a-3518872bb96a - - - - - -] Unable to schedule network 38d21bcd-54e5-4f98-9a5c-99231683d913: no agents available; will retry on subsequent port and subnet creation events.
2026-05-27 01:54:29.069 10 INFO neutron.db.ovn_revision_numbers_db [None req-813be917-bdea-4126-9bef-7cfe70c0ce29 6183f0de746c4387a614bb2979d623cf ff1e21719f7d4c01b1345c76b6e3f2b6 - - default default] Successfully bumped revision number for resource 03575f27-2a48-4cd7-a214-c3e603d821e0 (type: networks) to 1
2026-05-27 01:54:29.143 9 INFO neutron.db.ovn_revision_numbers_db [None req-525a7d28-9029-45a4-b22a-3518872bb96a - - - - - -] Successfully bumped revision number for resource 41f85028-7329-48f8-a3d2-6122ec02151e (type: ports) to 1
2026-05-27 01:54:29.269 10 WARNING neutron.scheduler.dhcp_agent_scheduler [None req-813be917-bdea-4126-9bef-7cfe70c0ce29 6183f0de746c4387a614bb2979d623cf ff1e21719f7d4c01b1345c76b6e3f2b6 - - default default] No more DHCP agents
2026-05-27 01:54:29.271 10 WARNING neutron.api.rpc.agentnotifiers.dhcp_rpc_agent_api [None req-813be917-bdea-4126-9bef-7cfe70c0ce29 6183f0de746c4387a614bb2979d623cf ff1e21719f7d4c01b1345c76b6e3f2b6 - - default default] Unable to schedule network 03575f27-2a48-4cd7-a214-c3e603d821e0: no agents available; will retry on subsequent port and subnet creation events.
2026-05-27 01:54:29.363 10 INFO neutron.db.ovn_revision_numbers_db [None req-813be917-bdea-4126-9bef-7cfe70c0ce29 6183f0de746c4387a614bb2979d623cf ff1e21719f7d4c01b1345c76b6e3f2b6 - - default default] Successfully bumped revision number for resource c2c6eefb-c223-48a7-8e16-2509ac9dbafa (type: ports) to 1
2026-05-27 01:54:29.368 9 INFO neutron.db.ovn_revision_numbers_db [None req-525a7d28-9029-45a4-b22a-3518872bb96a - - - - - -] Successfully bumped revision number for resource 41f85028-7329-48f8-a3d2-6122ec02151e (type: ports) to 1
2026-05-27 01:54:29.384 10 INFO neutron.wsgi [None req-813be917-bdea-4126-9bef-7cfe70c0ce29 6183f0de746c4387a614bb2979d623cf ff1e21719f7d4c01b1345c76b6e3f2b6 - - default default] 10.0.0.76 "POST /v2.0/networks HTTP/1.1" status: 201 len: 837 time: 0.5416827
2026-05-27 01:54:29.410 10 WARNING neutron_lib.context [None req-49b7a116-5151-4f98-a5c8-4172a656597e 6183f0de746c4387a614bb2979d623cf ff1e21719f7d4c01b1345c76b6e3f2b6 - - default default] Method 'is_advsvc' is deprecated since 2023.2 release (neutron-lib 3.8.0) and will be removed once support for the old RBAC API policies will be removed from Neutron. Please use method 'is_service_role' instead.
2026-05-27 01:54:29.450 13 ERROR oslo_messaging.rpc.server [None req-4891512b-fcf5-4dc4-93a7-80d2b2d18f93 b50a641435f143ec9b6e4bc48402fc12 f8e029c5b0874cd996bdd1acbf216cf0 - - default default] Exception during message handling: sqlalchemy.exc.PendingRollbackError: This Session's transaction has been rolled back due to a previous exception during flush. To begin a new transaction with this Session, first issue Session.rollback(). Original exception was: (pymysql.err.IntegrityError) (1062, "Duplicate entry '3232a72f-8ce2-4d38-a8d4-51281ddde099-b7545011-d667-5efa-bb22-ad3' for key 'routervpnagentbindings.PRIMARY'") [SQL: INSERT INTO routervpnagentbindings (router_id, vpn_agent_id) VALUES (%(router_id)s, %(vpn_agent_id)s)] [parameters: {'router_id': '3232a72f-8ce2-4d38-a8d4-51281ddde099', 'vpn_agent_id': 'b7545011-d667-5efa-bb22-ad35a278c1d7'}] (Background on this error at: https://sqlalche.me/e/14/gkpj) (Background on this error at: https://sqlalche.me/e/14/7s2a)
2026-05-27 01:54:29.450 13 ERROR oslo_messaging.rpc.server
Traceback (most recent call last):
2026-05-27 01:54:29.450 13 ERROR oslo_messaging.rpc.server
File "/var/lib/openstack/lib/python3.10/site-packages/oslo_messaging/rpc/server.py", line 165, in _process_incoming
2026-05-27 01:54:29.450 13 ERROR oslo_messaging.rpc.server res = self.dispatcher.dispatch(message)
2026-05-27 01:54:29.450 13 ERROR oslo_messaging.rpc.server
File "/var/lib/openstack/lib/python3.10/site-packages/oslo_messaging/rpc/dispatcher.py", line 309, in dispatch
2026-05-27 01:54:29.450 13 ERROR oslo_messaging.rpc.server return self._do_dispatch(endpoint, method, ctxt, args)
2026-05-27 01:54:29.450 13 ERROR oslo_messaging.rpc.server
File "/var/lib/openstack/lib/python3.10/site-packages/oslo_messaging/rpc/dispatcher.py", line 229, in _do_dispatch
2026-05-27 01:54:29.450 13 ERROR oslo_messaging.rpc.server result = func(ctxt, **new_args)
2026-05-27 01:54:29.450 13 ERROR oslo_messaging.rpc.server
File "/var/lib/openstack/lib/python3.10/site-packages/oslo_db/sqlalchemy/enginefacade.py", line 998, in wrapper
2026-05-27 01:54:29.450 13 ERROR oslo_messaging.rpc.server return fn(*args, **kwargs)
2026-05-27 01:54:29.450 13 ERROR oslo_messaging.rpc.server
File "/var/lib/openstack/lib/python3.10/site-packages/neutron_vpnaas/services/vpn/service_drivers/base_ipsec.py", line 80, in get_vpn_services_on_host
2026-05-27 01:54:29.450 13 ERROR oslo_messaging.rpc.server local_cidr_map = plugin._build_local_subnet_cidr_map(context)
2026-05-27 01:54:29.450 13 ERROR oslo_messaging.rpc.server
File "/var/lib/openstack/lib/python3.10/site-packages/neutron_vpnaas/db/vpn/vpn_db.py", line 729, in _build_local_subnet_cidr_map
2026-05-27 01:54:29.450 13 ERROR oslo_messaging.rpc.server return {sn.id: sn.cidr for sn in query.all()}
2026-05-27 01:54:29.450 13 ERROR oslo_messaging.rpc.server
File "/var/lib/openstack/lib/python3.10/site-packages/sqlalchemy/orm/query.py", line 2773, in all
2026-05-27 01:54:29.450 13 ERROR oslo_messaging.rpc.server return self._iter().all()
2026-05-27 01:54:29.450 13 ERROR oslo_messaging.rpc.server
File "/var/lib/openstack/lib/python3.10/site-packages/sqlalchemy/orm/query.py", line 2916, in _iter
2026-05-27 01:54:29.450 13 ERROR oslo_messaging.rpc.server result = self.session.execute(
2026-05-27 01:54:29.450 13 ERROR oslo_messaging.rpc.server
File "/var/lib/openstack/lib/python3.10/site-packages/sqlalchemy/orm/session.py", line 1716, in execute
2026-05-27 01:54:29.450 13 ERROR oslo_messaging.rpc.server conn = self._connection_for_bind(bind)
2026-05-27 01:54:29.450 13 ERROR oslo_messaging.rpc.server
File "/var/lib/openstack/lib/python3.10/site-packages/sqlalchemy/orm/session.py", line 1555, in _connection_for_bind
2026-05-27 01:54:29.450 13 ERROR oslo_messaging.rpc.server return self._transaction._connection_for_bind(
2026-05-27 01:54:29.450 13 ERROR oslo_messaging.rpc.server
File "/var/lib/openstack/lib/python3.10/site-packages/sqlalchemy/orm/session.py", line 724, in _connection_for_bind
2026-05-27 01:54:29.450 13 ERROR oslo_messaging.rpc.server self._assert_active()
2026-05-27 01:54:29.450 13 ERROR oslo_messaging.rpc.server
File "/var/lib/openstack/lib/python3.10/site-packages/sqlalchemy/orm/session.py", line 604, in _assert_active
2026-05-27 01:54:29.450 13 ERROR oslo_messaging.rpc.server raise sa_exc.PendingRollbackError(
2026-05-27 01:54:29.450 13 ERROR oslo_messaging.rpc.server sqlalchemy.exc.PendingRollbackError: This Session's transaction has been rolled back due to a previous exception during flush. To begin a new transaction with this Session, first issue Session.rollback(). Original exception was: (pymysql.err.IntegrityError) (1062, "Duplicate entry '3232a72f-8ce2-4d38-a8d4-51281ddde099-b7545011-d667-5efa-bb22-ad3' for key 'routervpnagentbindings.PRIMARY'")
2026-05-27 01:54:29.450 13 ERROR oslo_messaging.rpc.server [SQL: INSERT INTO routervpnagentbindings (router_id, vpn_agent_id) VALUES (%(router_id)s, %(vpn_agent_id)s)]
2026-05-27 01:54:29.450 13 ERROR oslo_messaging.rpc.server [parameters: {'router_id': '3232a72f-8ce2-4d38-a8d4-51281ddde099', 'vpn_agent_id': 'b7545011-d667-5efa-bb22-ad35a278c1d7'}]
2026-05-27 01:54:29.450 13 ERROR oslo_messaging.rpc.server (Background on this error at: https://sqlalche.me/e/14/gkpj) (Background on this error at: https://sqlalche.me/e/14/7s2a)
2026-05-27 01:54:29.450 13 ERROR oslo_messaging.rpc.server 
2026-05-27 01:54:29.606 9 INFO neutron.wsgi [None req-a2c810da-98cc-459f-86ec-33808d4f241b b50a641435f143ec9b6e4bc48402fc12 f8e029c5b0874cd996bdd1acbf216cf0 - - default default] 10.0.0.76 "POST /v2.0/vpn/vpnservices HTTP/1.1" status: 201 len: 657 time: 4.9489138
2026-05-27 01:54:29.621 9 INFO neutron.wsgi [None req-01b19ea4-9331-4a25-b0e7-5c66dcef258e b50a641435f143ec9b6e4bc48402fc12 f8e029c5b0874cd996bdd1acbf216cf0 - - default default] 10.0.0.76 "GET /v2.0/vpn/vpnservices HTTP/1.1" status: 200 len: 1502 time: 0.0109575
2026-05-27 01:54:29.662 10 WARNING neutron.scheduler.dhcp_agent_scheduler [None req-49b7a116-5151-4f98-a5c8-4172a656597e 6183f0de746c4387a614bb2979d623cf ff1e21719f7d4c01b1345c76b6e3f2b6 - - default default] No more DHCP agents
2026-05-27 01:54:29.665 10 WARNING neutron.api.rpc.agentnotifiers.dhcp_rpc_agent_api [None req-49b7a116-5151-4f98-a5c8-4172a656597e 6183f0de746c4387a614bb2979d623cf ff1e21719f7d4c01b1345c76b6e3f2b6 - - default default] Unable to schedule network 03575f27-2a48-4cd7-a214-c3e603d821e0: no agents available; will retry on subsequent port and subnet creation events.
2026-05-27 01:54:30.154 10 INFO neutron.db.ovn_revision_numbers_db [None req-49b7a116-5151-4f98-a5c8-4172a656597e 6183f0de746c4387a614bb2979d623cf ff1e21719f7d4c01b1345c76b6e3f2b6 - - default default] Successfully bumped revision number for resource c2c6eefb-c223-48a7-8e16-2509ac9dbafa (type: ports) to 2
2026-05-27 01:54:30.196 10 INFO neutron.db.ovn_revision_numbers_db [None req-49b7a116-5151-4f98-a5c8-4172a656597e 6183f0de746c4387a614bb2979d623cf ff1e21719f7d4c01b1345c76b6e3f2b6 - - default default] Successfully bumped revision number for resource 77a8430b-d4e6-4ecd-907f-3d2736317add (type: subnets) to 0
2026-05-27 01:54:30.215 10 INFO neutron.wsgi [None req-49b7a116-5151-4f98-a5c8-4172a656597e 6183f0de746c4387a614bb2979d623cf ff1e21719f7d4c01b1345c76b6e3f2b6 - - default default] 10.0.0.76 "POST /v2.0/subnets HTTP/1.1" status: 201 len: 831 time: 0.8092847
2026-05-27 01:54:30.226 9 WARNING neutron_lib.context [None req-05676089-a675-4f0e-bafc-cd519555fc9a 6183f0de746c4387a614bb2979d623cf ff1e21719f7d4c01b1345c76b6e3f2b6 - - default default] Method 'is_advsvc' is deprecated since 2023.2 release (neutron-lib 3.8.0) and will be removed once support for the old RBAC API policies will be removed from Neutron. Please use method 'is_service_role' instead.
2026-05-27 01:54:30.592 9 WARNING neutron.scheduler.dhcp_agent_scheduler [None req-05676089-a675-4f0e-bafc-cd519555fc9a 6183f0de746c4387a614bb2979d623cf ff1e21719f7d4c01b1345c76b6e3f2b6 - - default default] No more DHCP agents
2026-05-27 01:54:30.596 9 WARNING neutron.api.rpc.agentnotifiers.dhcp_rpc_agent_api [None req-05676089-a675-4f0e-bafc-cd519555fc9a 6183f0de746c4387a614bb2979d623cf ff1e21719f7d4c01b1345c76b6e3f2b6 - - default default] Unable to schedule network 03575f27-2a48-4cd7-a214-c3e603d821e0: no agents available; will retry on subsequent port and subnet creation events.
2026-05-27 01:54:30.646 9 INFO neutron.db.ovn_revision_numbers_db [None req-05676089-a675-4f0e-bafc-cd519555fc9a 6183f0de746c4387a614bb2979d623cf ff1e21719f7d4c01b1345c76b6e3f2b6 - - default default] Successfully bumped revision number for resource de86d4bd-e4da-48a0-8b9f-a8222c442082 (type: subnets) to 0
2026-05-27 01:54:30.663 9 INFO neutron.wsgi [None req-05676089-a675-4f0e-bafc-cd519555fc9a 6183f0de746c4387a614bb2979d623cf ff1e21719f7d4c01b1345c76b6e3f2b6 - - default default] 10.0.0.76 "POST /v2.0/subnets HTTP/1.1" status: 201 len: 900 time: 0.4432771
2026-05-27 01:54:30.676 9 WARNING neutron_lib.context [None req-8084f88b-b562-4b49-8cb8-22f3dafefc2b 6183f0de746c4387a614bb2979d623cf ff1e21719f7d4c01b1345c76b6e3f2b6 - - default default] Method 'is_advsvc' is deprecated since 2023.2 release (neutron-lib 3.8.0) and will be removed once support for the old RBAC API policies will be removed from Neutron. Please use method 'is_service_role' instead.
2026-05-27 01:54:30.782 9 INFO neutron.db.segments_db [None req-8084f88b-b562-4b49-8cb8-22f3dafefc2b 6183f0de746c4387a614bb2979d623cf ff1e21719f7d4c01b1345c76b6e3f2b6 - - default default] Added segment 2040fda7-dafb-4a0b-aecf-3305a2cfdfc2 of type geneve for network 7d7a5bd5-2703-4d77-8dc6-728f7ff49824
2026-05-27 01:54:30.996 9 INFO neutron.db.ovn_revision_numbers_db [None req-8084f88b-b562-4b49-8cb8-22f3dafefc2b 6183f0de746c4387a614bb2979d623cf ff1e21719f7d4c01b1345c76b6e3f2b6 - - default default] Successfully bumped revision number for resource 7d7a5bd5-2703-4d77-8dc6-728f7ff49824 (type: networks) to 1
2026-05-27 01:54:31.220 9 WARNING neutron.scheduler.dhcp_agent_scheduler [None req-8084f88b-b562-4b49-8cb8-22f3dafefc2b 6183f0de746c4387a614bb2979d623cf ff1e21719f7d4c01b1345c76b6e3f2b6 - - default default] No more DHCP agents
2026-05-27 01:54:31.223 9 WARNING neutron.api.rpc.agentnotifiers.dhcp_rpc_agent_api [None req-8084f88b-b562-4b49-8cb8-22f3dafefc2b 6183f0de746c4387a614bb2979d623cf ff1e21719f7d4c01b1345c76b6e3f2b6 - - default default] Unable to schedule network 7d7a5bd5-2703-4d77-8dc6-728f7ff49824: no agents available; will retry on subsequent port and subnet creation events.
2026-05-27 01:54:31.331 9 INFO neutron.db.ovn_revision_numbers_db [None req-8084f88b-b562-4b49-8cb8-22f3dafefc2b 6183f0de746c4387a614bb2979d623cf ff1e21719f7d4c01b1345c76b6e3f2b6 - - default default] Successfully bumped revision number for resource db10efa1-ac92-4abc-b101-070abefd79b4 (type: ports) to 1
2026-05-27 01:54:31.667 9 INFO neutron.wsgi [None req-8084f88b-b562-4b49-8cb8-22f3dafefc2b 6183f0de746c4387a614bb2979d623cf ff1e21719f7d4c01b1345c76b6e3f2b6 - - default default] 10.0.0.76 "POST /v2.0/networks HTTP/1.1" status: 201 len: 837 time: 0.9955509
2026-05-27 01:54:31.680 10 WARNING neutron_lib.context [None req-8c9aba21-ed8f-459c-8997-a3f77d033b50 6183f0de746c4387a614bb2979d623cf ff1e21719f7d4c01b1345c76b6e3f2b6 - - default default] Method 'is_advsvc' is deprecated since 2023.2 release (neutron-lib 3.8.0) and will be removed once support for the old RBAC API policies will be removed from Neutron. Please use method 'is_service_role' instead.
2026-05-27 01:54:31.923 10 WARNING neutron.scheduler.dhcp_agent_scheduler [None req-8c9aba21-ed8f-459c-8997-a3f77d033b50 6183f0de746c4387a614bb2979d623cf ff1e21719f7d4c01b1345c76b6e3f2b6 - - default default] No more DHCP agents
2026-05-27 01:54:31.924 10 WARNING neutron.api.rpc.agentnotifiers.dhcp_rpc_agent_api [None req-8c9aba21-ed8f-459c-8997-a3f77d033b50 6183f0de746c4387a614bb2979d623cf ff1e21719f7d4c01b1345c76b6e3f2b6 - - default default] Unable to schedule network 7d7a5bd5-2703-4d77-8dc6-728f7ff49824: no agents available; will retry on subsequent port and subnet creation events.
2026-05-27 01:54:32.395 10 INFO neutron.db.ovn_revision_numbers_db [None req-8c9aba21-ed8f-459c-8997-a3f77d033b50 6183f0de746c4387a614bb2979d623cf ff1e21719f7d4c01b1345c76b6e3f2b6 - - default default] Successfully bumped revision number for resource db10efa1-ac92-4abc-b101-070abefd79b4 (type: ports) to 2
2026-05-27 01:54:32.424 10 INFO neutron.db.ovn_revision_numbers_db [None req-8c9aba21-ed8f-459c-8997-a3f77d033b50 6183f0de746c4387a614bb2979d623cf ff1e21719f7d4c01b1345c76b6e3f2b6 - - default default] Successfully bumped revision number for resource cd1e90cb-48b4-4fbd-8a87-777a97a659b4 (type: subnets) to 0
2026-05-27 01:54:32.440 10 INFO neutron.wsgi [None req-8c9aba21-ed8f-459c-8997-a3f77d033b50 6183f0de746c4387a614bb2979d623cf ff1e21719f7d4c01b1345c76b6e3f2b6 - - default default] 10.0.0.76 "POST /v2.0/subnets HTTP/1.1" status: 201 len: 830 time: 0.7680051 /var/lib/openstack/lib/python3.10/site-packages/pycadf/identifier.py:71: UserWarning: Invalid uuid: neutron. To ensure interoperability, identifiers should be a valid uuid. warnings.warn(('Invalid uuid: %s. To ensure interoperability, '
2026-05-27 01:54:32.452 9 WARNING neutron_lib.context [None req-7a9de4e4-51c4-4c9e-a9fa-24340f3ea381 6183f0de746c4387a614bb2979d623cf ff1e21719f7d4c01b1345c76b6e3f2b6 - - default default] Method 'is_advsvc' is deprecated since 2023.2 release (neutron-lib 3.8.0) and will be removed once support for the old RBAC API policies will be removed from Neutron. Please use method 'is_service_role' instead.
2026-05-27 01:54:32.752 10 WARNING neutron.plugins.ml2.drivers.ovn.mech_driver.ovsdb.ovn_client [None req-cc92ae5f-bebd-4e75-aa20-917944998ec5 - - - - - -] No hosting information found for port 7daea082-3210-40d3-8431-6d6c51bddf9d: RuntimeError: No hosting information found for port 7daea082-3210-40d3-8431-6d6c51bddf9d
2026-05-27 01:54:32.752 10 INFO neutron.plugins.ml2.drivers.ovn.mech_driver.mech_driver [None req-cc92ae5f-bebd-4e75-aa20-917944998ec5 - - - - - -] OVN reports status up for port: 0236c71d-9e37-432e-93e2-6edd2a8a6fe6
2026-05-27 01:54:32.871 9 WARNING neutron.scheduler.dhcp_agent_scheduler [None req-7a9de4e4-51c4-4c9e-a9fa-24340f3ea381 6183f0de746c4387a614bb2979d623cf ff1e21719f7d4c01b1345c76b6e3f2b6 - - default default] No more DHCP agents
2026-05-27 01:54:32.874 9 WARNING neutron.api.rpc.agentnotifiers.dhcp_rpc_agent_api [None req-7a9de4e4-51c4-4c9e-a9fa-24340f3ea381 6183f0de746c4387a614bb2979d623cf ff1e21719f7d4c01b1345c76b6e3f2b6 - - default default] Unable to schedule network 7d7a5bd5-2703-4d77-8dc6-728f7ff49824: no agents available; will retry on subsequent port and subnet creation events.
2026-05-27 01:54:32.875 9 INFO neutron.services.segments.plugin [-] Segment b492602d-dcd0-4cde-b66a-dc79a3476c4c resource provider aggregate not found
2026-05-27 01:54:32.884 9 INFO neutron.services.segments.plugin [-] Segment b492602d-dcd0-4cde-b66a-dc79a3476c4c resource provider aggregate not found
2026-05-27 01:54:32.896 9 INFO neutron.services.segments.plugin [-] Segment b492602d-dcd0-4cde-b66a-dc79a3476c4c resource provider not found; error: Placement Client Error (4xx): {"errors": [{"status": 404, "title": "Not Found", "detail": "The resource could not be found.\n\n No resource provider with uuid b492602d-dcd0-4cde-b66a-dc79a3476c4c found for delete ", "request_id": "req-275b5046-6637-4dc7-a661-40d89491e05c"}]}
2026-05-27 01:54:32.903 9 INFO neutron.services.segments.plugin [-] Segment b492602d-dcd0-4cde-b66a-dc79a3476c4c resource provider not found; error: Placement Client Error (4xx): {"errors": [{"status": 404, "title": "Not Found", "detail": "The resource could not be found.\n\n No resource provider with uuid b492602d-dcd0-4cde-b66a-dc79a3476c4c found for delete ", "request_id": "req-7e2d5b57-e2e9-4111-a9c2-e9ef4a2ae308"}]}
2026-05-27 01:54:32.923 9 INFO neutron.wsgi [None req-bb4adfc3-9073-4046-a471-6015e7f5a504 b50a641435f143ec9b6e4bc48402fc12 f8e029c5b0874cd996bdd1acbf216cf0 - - default default] 10.0.0.76 "DELETE /v2.0/vpn/vpnservices/74fcdad2-f1e2-4274-b3dc-f0be21366de5 HTTP/1.1" status: 204 len: 168 time: 3.2975063
2026-05-27 01:54:32.924 9 INFO neutron.db.ovn_revision_numbers_db [None req-7a9de4e4-51c4-4c9e-a9fa-24340f3ea381 6183f0de746c4387a614bb2979d623cf ff1e21719f7d4c01b1345c76b6e3f2b6 - - default default] Successfully bumped revision number for resource 19af5ad7-8eeb-4c73-b4ff-e03958177d5a (type: subnets) to 0
2026-05-27 01:54:32.939 9 INFO neutron.wsgi [None req-7a9de4e4-51c4-4c9e-a9fa-24340f3ea381 6183f0de746c4387a614bb2979d623cf ff1e21719f7d4c01b1345c76b6e3f2b6 - - default default] 10.0.0.76 "POST /v2.0/subnets HTTP/1.1" status: 201 len: 904 time: 0.4942622
2026-05-27 01:54:32.946 10 INFO neutron.wsgi [None req-febbd0a3-7044-4b78-8b61-be8b2b0cf826 b50a641435f143ec9b6e4bc48402fc12 f8e029c5b0874cd996bdd1acbf216cf0 - - default default] 10.0.0.76 "GET /v2.0/vpn/vpnservices HTTP/1.1" status: 200 len: 1057 time: 0.0156994
2026-05-27 01:54:32.949 9 WARNING neutron_lib.context [None req-78999b53-3185-46ea-88d7-390e68492ecf 6183f0de746c4387a614bb2979d623cf ff1e21719f7d4c01b1345c76b6e3f2b6 - - default default] Method 'is_advsvc' is deprecated since 2023.2 release (neutron-lib 3.8.0) and will be removed once support for the old RBAC API policies will be removed from Neutron. Please use method 'is_service_role' instead.
2026-05-27 01:54:32.958 10 WARNING neutron_lib.context [None req-db4f9e72-240b-4add-b348-7ebcc08868d5 b50a641435f143ec9b6e4bc48402fc12 f8e029c5b0874cd996bdd1acbf216cf0 - - default default] Method 'is_advsvc' is deprecated since 2023.2 release (neutron-lib 3.8.0) and will be removed once support for the old RBAC API policies will be removed from Neutron. Please use method 'is_service_role' instead.
2026-05-27 01:54:33.036 10 INFO neutron.api.v2.resource [None req-db4f9e72-240b-4add-b348-7ebcc08868d5 b50a641435f143ec9b6e4bc48402fc12 f8e029c5b0874cd996bdd1acbf216cf0 - - default default] create failed (client error): The server could not comply with the request since it is either malformed or otherwise incorrect.
2026-05-27 01:54:33.038 10 INFO neutron.wsgi [None req-db4f9e72-240b-4add-b348-7ebcc08868d5 b50a641435f143ec9b6e4bc48402fc12 f8e029c5b0874cd996bdd1acbf216cf0 - - default default] 10.0.0.76 "POST /v2.0/vpn/ipsec-site-connections HTTP/1.1" status: 400 len: 330 time: 0.0857317
2026-05-27 01:54:33.051 10 WARNING neutron_lib.context [None req-fecc82a0-94fb-402f-bdd4-a9bddb529f77 b50a641435f143ec9b6e4bc48402fc12 f8e029c5b0874cd996bdd1acbf216cf0 - - default default] Method 'is_advsvc' is deprecated since 2023.2 release (neutron-lib 3.8.0) and will be removed once support for the old RBAC API policies will be removed from Neutron. Please use method 'is_service_role' instead.
2026-05-27 01:54:33.114 10 INFO neutron.api.v2.resource [None req-fecc82a0-94fb-402f-bdd4-a9bddb529f77 b50a641435f143ec9b6e4bc48402fc12 f8e029c5b0874cd996bdd1acbf216cf0 - - default default] create failed (client error): The server could not comply with the request since it is either malformed or otherwise incorrect.
2026-05-27 01:54:33.116 10 INFO neutron.wsgi [None req-fecc82a0-94fb-402f-bdd4-a9bddb529f77 b50a641435f143ec9b6e4bc48402fc12 f8e029c5b0874cd996bdd1acbf216cf0 - - default default] 10.0.0.76 "POST /v2.0/vpn/ipsec-site-connections HTTP/1.1" status: 400 len: 339 time: 0.0719159
2026-05-27 01:54:33.130 10 WARNING neutron.api.v2.base [None req-9ea14298-f25e-44dc-97a9-d3bf868723a3 b50a641435f143ec9b6e4bc48402fc12 f8e029c5b0874cd996bdd1acbf216cf0 - - default default] An exception happened while processing the request body. The exception message is [Invalid input for dpd. Reason: '59' is not a dictionary.].: webob.exc.HTTPBadRequest: Invalid input for dpd. Reason: '59' is not a dictionary.
2026-05-27 01:54:33.131 10 INFO neutron.api.v2.resource [None req-9ea14298-f25e-44dc-97a9-d3bf868723a3 b50a641435f143ec9b6e4bc48402fc12 f8e029c5b0874cd996bdd1acbf216cf0 - - default default] create failed (client error): Invalid input for dpd. Reason: '59' is not a dictionary.
2026-05-27 01:54:33.132 10 INFO neutron.wsgi [None req-9ea14298-f25e-44dc-97a9-d3bf868723a3 b50a641435f143ec9b6e4bc48402fc12 f8e029c5b0874cd996bdd1acbf216cf0 - - default default] 10.0.0.76 "POST /v2.0/vpn/ipsec-site-connections HTTP/1.1" status: 400 len: 332 time: 0.0082352
2026-05-27 01:54:33.143 10 WARNING neutron_lib.context [None req-0843ef32-4981-4ad0-a7a5-17e586271155 b50a641435f143ec9b6e4bc48402fc12 f8e029c5b0874cd996bdd1acbf216cf0 - - default default] Method 'is_advsvc' is deprecated since 2023.2 release (neutron-lib 3.8.0) and will be removed once support for the old RBAC API policies will be removed from Neutron. Please use method 'is_service_role' instead.
2026-05-27 01:54:33.201 10 INFO neutron.wsgi [None req-0843ef32-4981-4ad0-a7a5-17e586271155 b50a641435f143ec9b6e4bc48402fc12 f8e029c5b0874cd996bdd1acbf216cf0 - - default default] 10.0.0.76 "POST /v2.0/vpn/endpoint-groups HTTP/1.1" status: 201 len: 493 time: 0.0648565
2026-05-27 01:54:33.209 10 WARNING neutron_lib.context [None req-ee89cb19-3214-4a4f-8099-5fdc915d19c6 b50a641435f143ec9b6e4bc48402fc12 f8e029c5b0874cd996bdd1acbf216cf0 - - default default] Method 'is_advsvc' is deprecated since 2023.2 release (neutron-lib 3.8.0) and will be removed once support for the old RBAC API policies will be removed from Neutron. Please use method 'is_service_role' instead.
2026-05-27 01:54:33.243 10 INFO neutron.api.v2.resource [None req-ee89cb19-3214-4a4f-8099-5fdc915d19c6 b50a641435f143ec9b6e4bc48402fc12 f8e029c5b0874cd996bdd1acbf216cf0 - - default default] create failed (client error): The server could not comply with the request since it is either malformed or otherwise incorrect.
2026-05-27 01:54:33.245 10 INFO neutron.wsgi [None req-ee89cb19-3214-4a4f-8099-5fdc915d19c6 b50a641435f143ec9b6e4bc48402fc12 f8e029c5b0874cd996bdd1acbf216cf0 - - default default] 10.0.0.76 "POST /v2.0/vpn/ipsec-site-connections HTTP/1.1" status: 400 len: 352 time: 0.0397689
2026-05-27 01:54:33.264 10 INFO neutron.wsgi [None req-02b3d06f-f706-45c2-9380-cf3ec0536a64 b50a641435f143ec9b6e4bc48402fc12 f8e029c5b0874cd996bdd1acbf216cf0 - - default default] 10.0.0.76 "GET /v2.0/vpn/endpoint-groups HTTP/1.1" status: 200 len: 1104 time: 0.0142877
2026-05-27 01:54:33.308 9 INFO neutron.wsgi [None req-8712a338-ab06-48d8-8f85-de8da1c95b70 b50a641435f143ec9b6e4bc48402fc12 f8e029c5b0874cd996bdd1acbf216cf0 - - default default] 10.0.0.76 "DELETE /v2.0/vpn/endpoint-groups/baa7af87-2174-4c07-a0b7-0fe9b0633838 HTTP/1.1" status: 204 len: 168 time: 0.0389526
2026-05-27 01:54:33.326 10 INFO neutron.wsgi [None req-e5dd1fb8-8354-4102-be2d-d3dcfdbbdb69 b50a641435f143ec9b6e4bc48402fc12 f8e029c5b0874cd996bdd1acbf216cf0 - - default default] 10.0.0.76 "GET /v2.0/vpn/endpoint-groups HTTP/1.1" status: 200 len: 828 time: 0.0130868
