2026-05-27 01:49:58.374 9 INFO neutron.services.segments.plugin [-] Segment ea35fe61-8bc0-41bb-af8b-2cea4f703c04 resource provider aggregate not found
2026-05-27 01:49:58.388 9 INFO neutron.db.ovn_revision_numbers_db [None req-25f2ca5b-334e-44ff-8bc9-7a4106dd6e3b 3e88b34004654f1ebfedb6c8f78bdf40 42081c329ac74e9d84e06d33f188ade7 - - default default] Successfully bumped revision number for resource f3899c31-c8b7-4462-93ba-004cf8365921 (type: floatingips) to 2
2026-05-27 01:49:58.389 9 INFO neutron.db.l3_db [None req-25f2ca5b-334e-44ff-8bc9-7a4106dd6e3b 3e88b34004654f1ebfedb6c8f78bdf40 42081c329ac74e9d84e06d33f188ade7 - - default default] Floating IP f3899c31-c8b7-4462-93ba-004cf8365921 associated. External IP: 10.96.250.213, port: 0ca8d148-6aae-4dce-920d-7b853d9df2c3.
2026-05-27 01:49:58.391 9 INFO neutron.services.segments.plugin [-] Segment ea35fe61-8bc0-41bb-af8b-2cea4f703c04 resource provider not found; error: Placement Client Error (4xx): {"errors": [{"status": 404, "title": "Not Found", "detail": "The resource could not be found.\n\n No resource provider with uuid ea35fe61-8bc0-41bb-af8b-2cea4f703c04 found for delete ", "request_id": "req-e35f465a-144e-4a96-ae4c-104acbbc3e8b"}]}
2026-05-27 01:49:58.395 9 INFO neutron.services.segments.plugin [-] Segment ea35fe61-8bc0-41bb-af8b-2cea4f703c04 resource provider not found; error: Placement Client Error (4xx): {"errors": [{"status": 404, "title": "Not Found", "detail": "The resource could not be found.\n\n No resource provider with uuid ea35fe61-8bc0-41bb-af8b-2cea4f703c04 found for delete ", "request_id": "req-e613823a-9c12-43d2-bd35-0d16e9528161"}]}
2026-05-27 01:49:58.668 9 INFO neutron.wsgi [None req-33bcd6b0-8feb-4e83-bef8-a48d95602034 c4207fa2509a46cab253025485c0edc3 4c6c81210bc4419d8e377f90df1a6e61 - - default default] 10.0.0.76 "DELETE /v2.0/networks/ba291c57-3b6a-457a-8610-b933f9a86584 HTTP/1.1" status: 204 len: 168 time: 0.9192584
2026-05-27 01:49:58.670 9 INFO neutron.wsgi [None req-25f2ca5b-334e-44ff-8bc9-7a4106dd6e3b 3e88b34004654f1ebfedb6c8f78bdf40 42081c329ac74e9d84e06d33f188ade7 - - default default] 10.0.0.76 "PUT /v2.0/floatingips/f3899c31-c8b7-4462-93ba-004cf8365921 HTTP/1.1" status: 200 len: 1050 time: 1.5053539 /var/lib/openstack/lib/python3.10/site-packages/pycadf/identifier.py:71: UserWarning: Invalid uuid: neutron. To ensure interoperability, identifiers should be a valid uuid. warnings.warn(('Invalid uuid: %s. To ensure interoperability, '
2026-05-27 01:49:58.712 9 INFO neutron.notifiers.nova [-] Nova event matching ['req-62b86445-4801-4461-9c27-b5fb8f3424b6'] response: {'name': 'network-changed', 'server_uuid': '547bfa53-93a1-44bc-9276-33e6976f7296', 'tag': '0ca8d148-6aae-4dce-920d-7b853d9df2c3', 'status': 'completed', 'code': 200}
2026-05-27 01:49:58.766 9 INFO neutron.wsgi [req-bec252d2-000a-4d26-800e-1c56827685fa req-6182cd4a-4a0f-4ed0-a629-6df1efc0dbc6 3e88b34004654f1ebfedb6c8f78bdf40 42081c329ac74e9d84e06d33f188ade7 - - default default] 10.0.0.103 "GET /v2.0/ports?device_id=547bfa53-93a1-44bc-9276-33e6976f7296 HTTP/1.1" status: 200 len: 1174 time: 0.0568743
2026-05-27 01:49:58.786 9 INFO neutron.wsgi [req-b79d9b3c-1dac-4f9d-9e27-8a9e3b457641 req-cb7645ce-747a-4bb2-adcc-305c8546b424 fc69de7d45ee4886828c95b3c0500558 c060b4b2087b4a8a975ad4099f2ce171 - - d5fe3bbb03c64be7acb79c7309a0a069 d5fe3bbb03c64be7acb79c7309a0a069] 199.204.45.140 "GET /v2.0/ports?tenant_id=42081c329ac74e9d84e06d33f188ade7&device_id=547bfa53-93a1-44bc-9276-33e6976f7296 HTTP/1.1" status: 200 len: 1413 time: 0.0502498
2026-05-27 01:49:58.849 9 INFO neutron.wsgi [req-bec252d2-000a-4d26-800e-1c56827685fa req-9907c061-13ce-44f3-b8ec-5c0b9a9c2b44 3e88b34004654f1ebfedb6c8f78bdf40 42081c329ac74e9d84e06d33f188ade7 - - default default] 10.0.0.103 "GET /v2.0/security-groups?id=e2243e98-56b5-4689-a1ab-e672da3ccea3&fields=id&fields=name HTTP/1.1" status: 200 len: 312 time: 0.0768895
2026-05-27 01:49:58.858 9 INFO neutron.wsgi [req-b79d9b3c-1dac-4f9d-9e27-8a9e3b457641 req-0570249f-fc06-4c4f-b2a3-b064aa391555 fc69de7d45ee4886828c95b3c0500558 c060b4b2087b4a8a975ad4099f2ce171 - - d5fe3bbb03c64be7acb79c7309a0a069 d5fe3bbb03c64be7acb79c7309a0a069] 199.204.45.140 "GET /v2.0/networks?id=67e5b789-6d45-457b-b259-764fd07c8021 HTTP/1.1" status: 200 len: 972 time: 0.0631430
2026-05-27 01:49:58.925 9 INFO neutron.wsgi [req-b79d9b3c-1dac-4f9d-9e27-8a9e3b457641 req-967ea5ac-a56b-4c9f-a430-5666ee5a616f fc69de7d45ee4886828c95b3c0500558 c060b4b2087b4a8a975ad4099f2ce171 - - d5fe3bbb03c64be7acb79c7309a0a069 d5fe3bbb03c64be7acb79c7309a0a069] 199.204.45.140 "GET /v2.0/floatingips?fixed_ip_address=10.100.0.12&port_id=0ca8d148-6aae-4dce-920d-7b853d9df2c3 HTTP/1.1" status: 200 len: 1060 time: 0.0622249
2026-05-27 01:49:58.965 9 INFO neutron.wsgi [req-b79d9b3c-1dac-4f9d-9e27-8a9e3b457641 req-637d8c0d-54b8-4b34-ba89-c789f0d5497b fc69de7d45ee4886828c95b3c0500558 c060b4b2087b4a8a975ad4099f2ce171 - - d5fe3bbb03c64be7acb79c7309a0a069 d5fe3bbb03c64be7acb79c7309a0a069] 199.204.45.140 "GET /v2.0/subnets?id=1ba9d0c9-a72a-4939-89fd-283d6223921e HTTP/1.1" status: 200 len: 868 time: 0.0315392
2026-05-27 01:49:58.994 9 INFO neutron.wsgi [req-b79d9b3c-1dac-4f9d-9e27-8a9e3b457641 req-08c2c3fe-ddf8-473a-b5fe-c62508833fd3 fc69de7d45ee4886828c95b3c0500558 c060b4b2087b4a8a975ad4099f2ce171 - - d5fe3bbb03c64be7acb79c7309a0a069 d5fe3bbb03c64be7acb79c7309a0a069] 199.204.45.140 "GET /v2.0/ports?network_id=67e5b789-6d45-457b-b259-764fd07c8021&device_owner=network%3Adhcp HTTP/1.1" status: 200 len: 210 time: 0.0230992
2026-05-27 01:49:59.067 9 INFO neutron.wsgi [req-b79d9b3c-1dac-4f9d-9e27-8a9e3b457641 req-31cec1cb-f2df-4020-85aa-eb395996f7ab fc69de7d45ee4886828c95b3c0500558 c060b4b2087b4a8a975ad4099f2ce171 - - d5fe3bbb03c64be7acb79c7309a0a069 d5fe3bbb03c64be7acb79c7309a0a069] 199.204.45.140 "GET /v2.0/networks/67e5b789-6d45-457b-b259-764fd07c8021?fields=segments HTTP/1.1" status: 200 len: 212 time: 0.0658371
2026-05-27 01:49:59.159 9 INFO neutron.plugins.ml2.drivers.ovn.mech_driver.mech_driver [None req-7332e26f-726c-4641-8eec-3c59f147e9ca - - - - - -] OVN reports status down for port: 0ca8d148-6aae-4dce-920d-7b853d9df2c3
2026-05-27 01:49:59.160 10 INFO neutron.wsgi [None req-2653cc2c-1dff-48b2-8371-d42f4129ceb8 c4207fa2509a46cab253025485c0edc3 4c6c81210bc4419d8e377f90df1a6e61 - - default default] 10.0.0.76 "DELETE /v2.0/networks/5d976bc9-9a8f-4914-b8e1-d902050a526a HTTP/1.1" status: 204 len: 168 time: 0.4853356
2026-05-27 01:49:59.164 9 INFO neutron.wsgi [req-b79d9b3c-1dac-4f9d-9e27-8a9e3b457641 req-fd864718-0f34-4caa-8388-27bcb83915a5 fc69de7d45ee4886828c95b3c0500558 c060b4b2087b4a8a975ad4099f2ce171 - - d5fe3bbb03c64be7acb79c7309a0a069 d5fe3bbb03c64be7acb79c7309a0a069] 199.204.45.140 "GET /v2.0/networks/67e5b789-6d45-457b-b259-764fd07c8021?fields=provider%3Aphysical_network&fields=provider%3Anetwork_type HTTP/1.1" status: 200 len: 277 time: 0.0883460
2026-05-27 01:49:59.181 9 INFO neutron.wsgi [req-af90d3dd-c667-46e7-b2a2-207d7294f45e req-030b9ceb-9f17-4680-8129-f999f99b8fd0 3e88b34004654f1ebfedb6c8f78bdf40 42081c329ac74e9d84e06d33f188ade7 - - default default] 10.0.0.103 "GET /v2.0/ports?device_id=547bfa53-93a1-44bc-9276-33e6976f7296 HTTP/1.1" status: 200 len: 1174 time: 0.0499148
2026-05-27 01:49:59.217 10 INFO neutron.services.segments.plugin [-] Segment bfa2fce4-bffd-4b1e-a615-86a8ee8d6a1e resource provider aggregate not found
2026-05-27 01:49:59.223 10 INFO neutron.services.segments.plugin [-] Segment bfa2fce4-bffd-4b1e-a615-86a8ee8d6a1e resource provider aggregate not found
2026-05-27 01:49:59.239 10 INFO neutron.services.segments.plugin [-] Segment bfa2fce4-bffd-4b1e-a615-86a8ee8d6a1e resource provider not found; error: Placement Client Error (4xx): {"errors": [{"status": 404, "title": "Not Found", "detail": "The resource could not be found.\n\n No resource provider with uuid bfa2fce4-bffd-4b1e-a615-86a8ee8d6a1e found for delete ", "request_id": "req-7646c5f9-6b36-40e4-b4ab-109525fd3149"}]}
2026-05-27 01:49:59.248 10 INFO neutron.services.segments.plugin [-] Segment bfa2fce4-bffd-4b1e-a615-86a8ee8d6a1e resource provider not found; error: Placement Client Error (4xx): {"errors": [{"status": 404, "title": "Not Found", "detail": "The resource could not be found.\n\n No resource provider with uuid bfa2fce4-bffd-4b1e-a615-86a8ee8d6a1e found for delete ", "request_id": "req-b210fefe-4b2d-4c05-a2da-d046b0b92ca7"}]}
2026-05-27 01:49:59.255 9 INFO neutron.wsgi [req-af90d3dd-c667-46e7-b2a2-207d7294f45e req-57f9d061-a319-498a-9ff4-9ae38f8c14e7 3e88b34004654f1ebfedb6c8f78bdf40 42081c329ac74e9d84e06d33f188ade7 - - default default] 10.0.0.103 "GET /v2.0/security-groups?id=e2243e98-56b5-4689-a1ab-e672da3ccea3&fields=id&fields=name HTTP/1.1" status: 200 len: 312 time: 0.0681901
2026-05-27 01:49:59.264 10 INFO neutron.services.segments.plugin [-] Segment d78f48e2-748a-4829-b30e-3cd03f393582 resource provider aggregate not found
2026-05-27 01:49:59.276 10 INFO neutron.services.segments.plugin [-] Segment d78f48e2-748a-4829-b30e-3cd03f393582 resource provider aggregate not found
2026-05-27 01:49:59.300 10 INFO neutron.services.segments.plugin [-] Segment d78f48e2-748a-4829-b30e-3cd03f393582 resource provider not found; error: Placement Client Error (4xx): {"errors": [{"status": 404, "title": "Not Found", "detail": "The resource could not be found.\n\n No resource provider with uuid d78f48e2-748a-4829-b30e-3cd03f393582 found for delete ", "request_id": "req-832c1ab9-16d6-40d6-b691-dee0dba413c4"}]}
2026-05-27 01:49:59.301 10 INFO neutron.services.segments.plugin [-] Segment d78f48e2-748a-4829-b30e-3cd03f393582 resource provider not found; error: Placement Client Error (4xx): {"errors": [{"status": 404, "title": "Not Found", "detail": "The resource could not be found.\n\n No resource provider with uuid d78f48e2-748a-4829-b30e-3cd03f393582 found for delete ", "request_id": "req-8c859a29-64c8-45cf-b0e1-9d617af1dda7"}]}
2026-05-27 01:49:59.507 9 INFO neutron.wsgi [req-a4c17216-3a3d-41d8-828f-f2d2ab15d92b req-9f13ebcd-5f5b-46e9-a79a-9498dc523101 3e88b34004654f1ebfedb6c8f78bdf40 42081c329ac74e9d84e06d33f188ade7 - - default default] 199.204.45.140 "GET /v2.0/ports?device_id=547bfa53-93a1-44bc-9276-33e6976f7296 HTTP/1.1" status: 200 len: 1172 time: 0.0509329
2026-05-27 01:49:59.599 9 INFO neutron.db.ovn_revision_numbers_db [None req-7332e26f-726c-4641-8eec-3c59f147e9ca - - - - - -] Successfully bumped revision number for resource 0ca8d148-6aae-4dce-920d-7b853d9df2c3 (type: ports) to 5 /var/lib/openstack/lib/python3.10/site-packages/pycadf/identifier.py:71: UserWarning: Invalid uuid: neutron. To ensure interoperability, identifiers should be a valid uuid. warnings.warn(('Invalid uuid: %s. To ensure interoperability, '
2026-05-27 01:50:00.005 9 INFO neutron.db.l3_db [req-a4c17216-3a3d-41d8-828f-f2d2ab15d92b req-365f7e61-064b-4654-ba5e-4baf14843bfc 3e88b34004654f1ebfedb6c8f78bdf40 42081c329ac74e9d84e06d33f188ade7 - - default default] Floating IP f3899c31-c8b7-4462-93ba-004cf8365921 disassociated. External IP: 10.96.250.213, port: 0ca8d148-6aae-4dce-920d-7b853d9df2c3.
2026-05-27 01:50:00.036 10 INFO neutron.wsgi [None req-ee2e0981-1e76-4f26-be95-6ea18eb3cd1d 9b79efb632104899a29982ab5c7db7f5 1c23899b06fb4ba49e519f066ce75c14 - - default default] 10.0.0.76 "GET /v2.0/security-groups?tenant_id=4c6c81210bc4419d8e377f90df1a6e61&name=default HTTP/1.1" status: 200 len: 3120 time: 0.2993047
2026-05-27 01:50:00.136 9 INFO neutron.wsgi [req-a4c17216-3a3d-41d8-828f-f2d2ab15d92b req-365f7e61-064b-4654-ba5e-4baf14843bfc 3e88b34004654f1ebfedb6c8f78bdf40 42081c329ac74e9d84e06d33f188ade7 - - default default] 199.204.45.140 "DELETE /v2.0/ports/0ca8d148-6aae-4dce-920d-7b853d9df2c3 HTTP/1.1" status: 204 len: 173 time: 0.6177323
2026-05-27 01:50:00.335 10 INFO neutron.wsgi [None req-900e6940-d6b3-4171-8bd5-16a74e5c1d60 9b79efb632104899a29982ab5c7db7f5 1c23899b06fb4ba49e519f066ce75c14 - - default default] 10.0.0.76 "DELETE /v2.0/security-groups/94c46ddb-25f2-4ed1-9abd-49f5213266a2 HTTP/1.1" status: 204 len: 168 time: 0.2940710
2026-05-27 01:50:00.345 10 INFO neutron.db.ovn_revision_numbers_db [None req-d6c47943-ca4f-4bbe-a192-25395c83f113 9b79efb632104899a29982ab5c7db7f5 1c23899b06fb4ba49e519f066ce75c14 - - default default] Successfully bumped revision number for resource f2b8bbb4-4da7-4376-9ff2-ff472fa546f4 (type: security_groups) to 1
2026-05-27 01:50:00.358 10 INFO neutron.db.ovn_revision_numbers_db [None req-d6c47943-ca4f-4bbe-a192-25395c83f113 9b79efb632104899a29982ab5c7db7f5 1c23899b06fb4ba49e519f066ce75c14 - - default default] Successfully bumped revision number for resource 2e626d58-8390-4dab-b6e2-6d5f9623197d (type: security_group_rules) to 0 /var/lib/openstack/lib/python3.10/site-packages/pycadf/identifier.py:71: UserWarning: Invalid uuid: neutron. To ensure interoperability, identifiers should be a valid uuid. warnings.warn(('Invalid uuid: %s. To ensure interoperability, '
2026-05-27 01:50:00.377 10 INFO neutron.db.ovn_revision_numbers_db [None req-d6c47943-ca4f-4bbe-a192-25395c83f113 9b79efb632104899a29982ab5c7db7f5 1c23899b06fb4ba49e519f066ce75c14 - - default default] Successfully bumped revision number for resource 30fc6498-6b13-40f0-8c97-e02594c6a101 (type: security_group_rules) to 0
2026-05-27 01:50:00.388 9 INFO neutron.wsgi [req-1be12295-28c4-4b98-9c32-e3b268b091bb req-5619e2a9-d09f-4334-8cfe-1e848578e7e8 3e88b34004654f1ebfedb6c8f78bdf40 42081c329ac74e9d84e06d33f188ade7 - - default default] 10.0.0.103 "GET /v2.0/ports?device_id=547bfa53-93a1-44bc-9276-33e6976f7296 HTTP/1.1" status: 200 len: 210 time: 0.0273123
2026-05-27 01:50:00.395 10 INFO neutron.db.ovn_revision_numbers_db [None req-d6c47943-ca4f-4bbe-a192-25395c83f113 9b79efb632104899a29982ab5c7db7f5 1c23899b06fb4ba49e519f066ce75c14 - - default default] Successfully bumped revision number for resource 563176c9-bb0c-4479-8d69-b491d1a80129 (type: security_group_rules) to 0
2026-05-27 01:50:00.423 10 INFO neutron.db.ovn_revision_numbers_db [None req-d6c47943-ca4f-4bbe-a192-25395c83f113 9b79efb632104899a29982ab5c7db7f5 1c23899b06fb4ba49e519f066ce75c14 - - default default] Successfully bumped revision number for resource 5755f340-c5e5-4f4a-bac5-8b01ae0e9869 (type: security_group_rules) to 0
2026-05-27 01:50:00.456 10 INFO neutron.wsgi [None req-d6c47943-ca4f-4bbe-a192-25395c83f113 9b79efb632104899a29982ab5c7db7f5 1c23899b06fb4ba49e519f066ce75c14 - - default default] 10.0.0.76 "GET /v2.0/security-groups?tenant_id=e4ebed2faa6140d898cad5ae046f78b2&name=default HTTP/1.1" status: 200 len: 3120 time: 0.3496747
2026-05-27 01:50:00.731 10 INFO neutron.wsgi [None req-216ccd09-0916-406e-87a1-15424d7f4658 9b79efb632104899a29982ab5c7db7f5 1c23899b06fb4ba49e519f066ce75c14 - - default default] 10.0.0.76 "DELETE /v2.0/security-groups/f2b8bbb4-4da7-4376-9ff2-ff472fa546f4 HTTP/1.1" status: 204 len: 168 time: 0.2649410
2026-05-27 01:50:00.764 9 INFO neutron.notifiers.nova [-] Nova event matching ['req-68feea14-ed29-459a-9ba9-addd4098cb46'] response: {'server_uuid': '547bfa53-93a1-44bc-9276-33e6976f7296', 'name': 'network-vif-unplugged', 'status': 'completed', 'tag': '0ca8d148-6aae-4dce-920d-7b853d9df2c3', 'code': 200}
2026-05-27 01:50:00.765 9 INFO neutron.notifiers.nova [-] Nova event matching ['req-68feea14-ed29-459a-9ba9-addd4098cb46'] response: {'server_uuid': '547bfa53-93a1-44bc-9276-33e6976f7296', 'name': 'network-vif-unplugged', 'status': 'completed', 'tag': '0ca8d148-6aae-4dce-920d-7b853d9df2c3', 'code': 200}
2026-05-27 01:50:00.765 9 INFO neutron.notifiers.nova [-] Nova event matching ['req-68feea14-ed29-459a-9ba9-addd4098cb46'] response: {'server_uuid': '547bfa53-93a1-44bc-9276-33e6976f7296', 'name': 'network-vif-deleted', 'tag': '0ca8d148-6aae-4dce-920d-7b853d9df2c3', 'status': 'completed', 'code': 200}
2026-05-27 01:50:01.637 10 INFO neutron.wsgi [None req-1729fb8c-7c82-48e5-9b8a-67d5c86ce9db 3e88b34004654f1ebfedb6c8f78bdf40 42081c329ac74e9d84e06d33f188ade7 - - default default] 10.0.0.76 "DELETE /v2.0/security-groups/e2243e98-56b5-4689-a1ab-e672da3ccea3 HTTP/1.1" status: 204 len: 168 time: 0.1328280
2026-05-27 01:50:01.651 10 INFO neutron.api.v2.resource [None req-c0bb8a20-40ca-408a-91aa-447d7faeede4 3e88b34004654f1ebfedb6c8f78bdf40 42081c329ac74e9d84e06d33f188ade7 - - default default] show failed (client error): The resource could not be found.
2026-05-27 01:50:01.653 10 INFO neutron.wsgi [None req-c0bb8a20-40ca-408a-91aa-447d7faeede4 3e88b34004654f1ebfedb6c8f78bdf40 42081c329ac74e9d84e06d33f188ade7 - - default default] 10.0.0.76 "GET /v2.0/security-groups/e2243e98-56b5-4689-a1ab-e672da3ccea3 HTTP/1.1" status: 404 len: 347 time: 0.0103245
2026-05-27 01:50:02.003 10 INFO neutron.wsgi [None req-b48cfad6-8d1c-40a0-8dd5-6796d15a3862 3e88b34004654f1ebfedb6c8f78bdf40 42081c329ac74e9d84e06d33f188ade7 - - default default] 10.0.0.76 "DELETE /v2.0/floatingips/f3899c31-c8b7-4462-93ba-004cf8365921 HTTP/1.1" status: 204 len: 168 time: 0.3345730
2026-05-27 01:50:02.012 10 WARNING keystonemiddleware.audit [None req-b56da631-d0bd-4ccb-a3ec-8af01aef3fd9 - - - - - -] Skipping service tempest-service-1569345674 as it have no endpoints.
2026-05-27 01:50:02.520 9 WARNING neutron_lib.context [None req-c6c4846c-a728-4ac0-a246-102d874050d3 931b17b16ed440459c07975c81ca421f d30519e8f9e54b93b7727c794aaba5db - - default default] Method 'is_advsvc' is deprecated since 2023.2 release (neutron-lib 3.8.0) and will be removed once support for the old RBAC API policies will be removed from Neutron. Please use method 'is_service_role' instead.
2026-05-27 01:50:02.677 9 INFO neutron.db.ovn_revision_numbers_db [None req-c6c4846c-a728-4ac0-a246-102d874050d3 931b17b16ed440459c07975c81ca421f d30519e8f9e54b93b7727c794aaba5db - - default default] Successfully bumped revision number for resource 8b4fa96c-54d7-4dec-a371-9a8ed97532a6 (type: security_groups) to 1
2026-05-27 01:50:02.698 9 INFO neutron.db.ovn_revision_numbers_db [None req-c6c4846c-a728-4ac0-a246-102d874050d3 931b17b16ed440459c07975c81ca421f d30519e8f9e54b93b7727c794aaba5db - - default default] Successfully bumped revision number for resource 2e65328a-20cc-4568-a16f-8c47e08ccd19 (type: security_group_rules) to 0
2026-05-27 01:50:02.712 9 INFO neutron.db.ovn_revision_numbers_db [None req-c6c4846c-a728-4ac0-a246-102d874050d3 931b17b16ed440459c07975c81ca421f d30519e8f9e54b93b7727c794aaba5db - - default default] Successfully bumped revision number for resource 5fb52c88-30d3-486c-9db2-a2781c6649a3 (type: security_group_rules) to 0
2026-05-27 01:50:02.723 9 WARNING neutron_lib.context [None req-8c81a254-8b5b-48fd-bd23-c7b888786307 b5449e539fee43d0a56838c9f943d6d1 0458393db0064ad4b4350d31b59a7899 - - default default] Method 'is_advsvc' is deprecated since 2023.2 release (neutron-lib 3.8.0) and will be removed once support for the old RBAC API policies will be removed from Neutron. Please use method 'is_service_role' instead.
2026-05-27 01:50:02.734 9 INFO neutron.db.ovn_revision_numbers_db [None req-c6c4846c-a728-4ac0-a246-102d874050d3 931b17b16ed440459c07975c81ca421f d30519e8f9e54b93b7727c794aaba5db - - default default] Successfully bumped revision number for resource b96cc53b-0412-41ea-8ec0-941b4ad0879c (type: security_group_rules) to 0
2026-05-27 01:50:02.751 9 INFO neutron.db.ovn_revision_numbers_db [None req-c6c4846c-a728-4ac0-a246-102d874050d3 931b17b16ed440459c07975c81ca421f d30519e8f9e54b93b7727c794aaba5db - - default default] Successfully bumped revision number for resource d7393679-3352-416e-a6e6-dbd17bcfb9ef (type: security_group_rules) to 0
2026-05-27 01:50:02.807 9 INFO neutron.db.segments_db [None req-c6c4846c-a728-4ac0-a246-102d874050d3 931b17b16ed440459c07975c81ca421f d30519e8f9e54b93b7727c794aaba5db - - default default] Added segment f23aef2d-8b41-40aa-ada5-204d68f759e0 of type geneve for network e78c2ee6-5ede-4412-b97f-1a55beeb678a
2026-05-27 01:50:02.897 9 INFO neutron.db.ovn_revision_numbers_db [None req-8c81a254-8b5b-48fd-bd23-c7b888786307 b5449e539fee43d0a56838c9f943d6d1 0458393db0064ad4b4350d31b59a7899 - - default default] Successfully bumped revision number for resource ac1544ee-b328-489a-b7d1-6bc86d8c0d27 (type: security_groups) to 1
2026-05-27 01:50:02.928 9 INFO neutron.db.ovn_revision_numbers_db [None req-8c81a254-8b5b-48fd-bd23-c7b888786307 b5449e539fee43d0a56838c9f943d6d1 0458393db0064ad4b4350d31b59a7899 - - default default] Successfully bumped revision number for resource 1d343492-a6be-43b3-83ed-449d07aa6a8d (type: security_group_rules) to 0
2026-05-27 01:50:02.963 9 INFO neutron.db.ovn_revision_numbers_db [None req-8c81a254-8b5b-48fd-bd23-c7b888786307 b5449e539fee43d0a56838c9f943d6d1 0458393db0064ad4b4350d31b59a7899 - - default default] Successfully bumped revision number for resource 7358852c-4351-4f1a-bf42-85c3cb53dd1a (type: security_group_rules) to 0
2026-05-27 01:50:02.983 9 INFO neutron.db.ovn_revision_numbers_db [None req-8c81a254-8b5b-48fd-bd23-c7b888786307 b5449e539fee43d0a56838c9f943d6d1 0458393db0064ad4b4350d31b59a7899 - - default default] Successfully bumped revision number for resource b29d999d-341c-41e7-9d87-384625bf8346 (type: security_group_rules) to 0
2026-05-27 01:50:02.986 9 INFO neutron.db.ovn_revision_numbers_db [None req-c6c4846c-a728-4ac0-a246-102d874050d3 931b17b16ed440459c07975c81ca421f d30519e8f9e54b93b7727c794aaba5db - - default default] Successfully bumped revision number for resource e78c2ee6-5ede-4412-b97f-1a55beeb678a (type: networks) to 1
2026-05-27 01:50:02.997 10 INFO neutron.wsgi [None req-ee5be579-b573-4730-a4bf-24adcd707286 9b79efb632104899a29982ab5c7db7f5 1c23899b06fb4ba49e519f066ce75c14 - - default default] 10.0.0.76 "PUT /v2.0/routers/b339cc5f-916e-49f6-86df-71f79ddb163e/remove_router_interface HTTP/1.1" status: 200 len: 503 time: 0.9872055
2026-05-27 01:50:03.011 10 WARNING keystonemiddleware.audit [None req-12fb38b9-ff0d-4c94-8fe2-569b6801b9ef - - - - - -] Skipping service tempest-service-1569345674 as it have no endpoints. /var/lib/openstack/lib/python3.10/site-packages/pycadf/identifier.py:71: UserWarning: Invalid uuid: neutron. To ensure interoperability, identifiers should be a valid uuid. warnings.warn(('Invalid uuid: %s. To ensure interoperability, '
2026-05-27 01:50:03.026 9 INFO neutron.db.ovn_revision_numbers_db [None req-8c81a254-8b5b-48fd-bd23-c7b888786307 b5449e539fee43d0a56838c9f943d6d1 0458393db0064ad4b4350d31b59a7899 - - default default] Successfully bumped revision number for resource e0cdfa0c-81cb-4890-92bb-68d67c600030 (type: security_group_rules) to 0
2026-05-27 01:50:03.111 9 INFO neutron.db.segments_db [None req-8c81a254-8b5b-48fd-bd23-c7b888786307 b5449e539fee43d0a56838c9f943d6d1 0458393db0064ad4b4350d31b59a7899 - - default default] Added segment 55ae5b09-de25-4005-a5b0-76ebf86210e5 of type geneve for network 29bc9f5d-f25a-4dd2-9cd6-77968473469e
2026-05-27 01:50:03.301 9 WARNING neutron.scheduler.dhcp_agent_scheduler [None req-c6c4846c-a728-4ac0-a246-102d874050d3 931b17b16ed440459c07975c81ca421f d30519e8f9e54b93b7727c794aaba5db - - default default] No more DHCP agents
2026-05-27 01:50:03.317 9 WARNING neutron.api.rpc.agentnotifiers.dhcp_rpc_agent_api [None req-c6c4846c-a728-4ac0-a246-102d874050d3 931b17b16ed440459c07975c81ca421f d30519e8f9e54b93b7727c794aaba5db - - default default] Unable to schedule network e78c2ee6-5ede-4412-b97f-1a55beeb678a: no agents available; will retry on subsequent port and subnet creation events.
2026-05-27 01:50:03.351 9 INFO neutron.db.ovn_revision_numbers_db [None req-8c81a254-8b5b-48fd-bd23-c7b888786307 b5449e539fee43d0a56838c9f943d6d1 0458393db0064ad4b4350d31b59a7899 - - default default] Successfully bumped revision number for resource 29bc9f5d-f25a-4dd2-9cd6-77968473469e (type: networks) to 1
2026-05-27 01:50:03.449 9 INFO neutron.db.ovn_revision_numbers_db [None req-c6c4846c-a728-4ac0-a246-102d874050d3 931b17b16ed440459c07975c81ca421f d30519e8f9e54b93b7727c794aaba5db - - default default] Successfully bumped revision number for resource 54a103c7-2186-4000-8121-095a7077c97f (type: ports) to 1
2026-05-27 01:50:03.490 9 INFO neutron.wsgi [None req-c6c4846c-a728-4ac0-a246-102d874050d3 931b17b16ed440459c07975c81ca421f d30519e8f9e54b93b7727c794aaba5db - - default default] 10.0.0.76 "POST /v2.0/networks HTTP/1.1" status: 201 len: 844 time: 1.2219789
2026-05-27 01:50:03.522 10 WARNING neutron_lib.context [None req-7b6be82d-24a5-471f-8ff9-7834fbd11a51 931b17b16ed440459c07975c81ca421f d30519e8f9e54b93b7727c794aaba5db - - default default] Method 'is_advsvc' is deprecated since 2023.2 release (neutron-lib 3.8.0) and will be removed once support for the old RBAC API policies will be removed from Neutron. Please use method 'is_service_role' instead.
2026-05-27 01:50:03.567 9 WARNING neutron.scheduler.dhcp_agent_scheduler [None req-8c81a254-8b5b-48fd-bd23-c7b888786307 b5449e539fee43d0a56838c9f943d6d1 0458393db0064ad4b4350d31b59a7899 - - default default] No more DHCP agents
2026-05-27 01:50:03.569 9 WARNING neutron.api.rpc.agentnotifiers.dhcp_rpc_agent_api [None req-8c81a254-8b5b-48fd-bd23-c7b888786307 b5449e539fee43d0a56838c9f943d6d1 0458393db0064ad4b4350d31b59a7899 - - default default] Unable to schedule network 29bc9f5d-f25a-4dd2-9cd6-77968473469e: no agents available; will retry on subsequent port and subnet creation events.
2026-05-27 01:50:03.654 9 INFO neutron.db.ovn_revision_numbers_db [None req-8c81a254-8b5b-48fd-bd23-c7b888786307 b5449e539fee43d0a56838c9f943d6d1 0458393db0064ad4b4350d31b59a7899 - - default default] Successfully bumped revision number for resource 0e59eed1-6eef-4aaa-80da-a26f70a3a17a (type: ports) to 1
2026-05-27 01:50:03.695 9 INFO neutron.wsgi [None req-8c81a254-8b5b-48fd-bd23-c7b888786307 b5449e539fee43d0a56838c9f943d6d1 0458393db0064ad4b4350d31b59a7899 - - default default] 10.0.0.76 "POST /v2.0/networks HTTP/1.1" status: 201 len: 846 time: 1.0075333 /var/lib/openstack/lib/python3.10/site-packages/pycadf/identifier.py:71: UserWarning: Invalid uuid: neutron. To ensure interoperability, identifiers should be a valid uuid. warnings.warn(('Invalid uuid: %s. To ensure interoperability, '
2026-05-27 01:50:04.160 10 WARNING neutron_lib.context [None req-8af259d0-5d0e-46ec-9a02-c3d73f13fad9 b5449e539fee43d0a56838c9f943d6d1 0458393db0064ad4b4350d31b59a7899 - - default default] Method 'is_advsvc' is deprecated since 2023.2 release (neutron-lib 3.8.0) and will be removed once support for the old RBAC API policies will be removed from Neutron. Please use method 'is_service_role' instead.
2026-05-27 01:50:04.191 10 INFO neutron.wsgi [None req-968cdc70-2a85-4976-ac30-41920f19b889 9b79efb632104899a29982ab5c7db7f5 1c23899b06fb4ba49e519f066ce75c14 - - default default] 10.0.0.76 "DELETE /v2.0/routers/b339cc5f-916e-49f6-86df-71f79ddb163e HTTP/1.1" status: 204 len: 168 time: 1.1851511
2026-05-27 01:50:04.193 10 WARNING neutron.scheduler.dhcp_agent_scheduler [None req-7b6be82d-24a5-471f-8ff9-7834fbd11a51 931b17b16ed440459c07975c81ca421f d30519e8f9e54b93b7727c794aaba5db - - default default] No more DHCP agents
2026-05-27 01:50:04.203 10 WARNING neutron.api.rpc.agentnotifiers.dhcp_rpc_agent_api [None req-7b6be82d-24a5-471f-8ff9-7834fbd11a51 931b17b16ed440459c07975c81ca421f d30519e8f9e54b93b7727c794aaba5db - - default default] Unable to schedule network e78c2ee6-5ede-4412-b97f-1a55beeb678a: no agents available; will retry on subsequent port and subnet creation events.
2026-05-27 01:50:04.206 9 WARNING keystonemiddleware.audit [None req-d7e0acf1-93ae-42f4-af95-4f6a32926451 - - - - - -] Skipping service tempest-service-1569345674 as it have no endpoints.
2026-05-27 01:50:04.339 10 INFO neutron.db.ovn_revision_numbers_db [None req-7b6be82d-24a5-471f-8ff9-7834fbd11a51 931b17b16ed440459c07975c81ca421f d30519e8f9e54b93b7727c794aaba5db - - default default] Successfully bumped revision number for resource 9e25e61a-8e94-4216-b72a-2250d472d36d (type: ports) to 1
2026-05-27 01:50:04.376 10 INFO neutron.wsgi [None req-7b6be82d-24a5-471f-8ff9-7834fbd11a51 931b17b16ed440459c07975c81ca421f d30519e8f9e54b93b7727c794aaba5db - - default default] 10.0.0.76 "POST /v2.0/ports HTTP/1.1" status: 201 len: 973 time: 0.8605578 /var/lib/openstack/lib/python3.10/site-packages/pycadf/identifier.py:71: UserWarning: Invalid uuid: neutron. To ensure interoperability, identifiers should be a valid uuid. warnings.warn(('Invalid uuid: %s. To ensure interoperability, '
2026-05-27 01:50:04.391 10 WARNING neutron_lib.context [None req-0499dce0-dfc7-4d7e-869a-cd9189a3ebe6 931b17b16ed440459c07975c81ca421f d30519e8f9e54b93b7727c794aaba5db - - default default] Method 'is_advsvc' is deprecated since 2023.2 release (neutron-lib 3.8.0) and will be removed once support for the old RBAC API policies will be removed from Neutron. Please use method 'is_service_role' instead.
2026-05-27 01:50:04.453 9 INFO neutron.wsgi [None req-53d54928-a4fe-4629-9726-22f6dc0d6bff 9b79efb632104899a29982ab5c7db7f5 1c23899b06fb4ba49e519f066ce75c14 - - default default] 10.0.0.76 "DELETE /v2.0/subnets/1ba9d0c9-a72a-4939-89fd-283d6223921e HTTP/1.1" status: 204 len: 168 time: 0.2531164
2026-05-27 01:50:04.462 9 WARNING keystonemiddleware.audit [None req-cc74bb11-0bfa-43d3-94ac-553c9ad15e87 - - - - - -] Skipping service tempest-service-1569345674 as it have no endpoints.
2026-05-27 01:50:04.518 10 INFO neutron.db.segments_db [None req-0499dce0-dfc7-4d7e-869a-cd9189a3ebe6 931b17b16ed440459c07975c81ca421f d30519e8f9e54b93b7727c794aaba5db - - default default] Added segment affb334a-362b-4b6b-967c-b736d0e1f935 of type geneve for network c1fd7590-4531-46ae-8927-098db35903b1
2026-05-27 01:50:04.523 10 WARNING neutron.scheduler.dhcp_agent_scheduler [None req-8af259d0-5d0e-46ec-9a02-c3d73f13fad9 b5449e539fee43d0a56838c9f943d6d1 0458393db0064ad4b4350d31b59a7899 - - default default] No more DHCP agents
2026-05-27 01:50:04.524 10 WARNING neutron.api.rpc.agentnotifiers.dhcp_rpc_agent_api [None req-8af259d0-5d0e-46ec-9a02-c3d73f13fad9 b5449e539fee43d0a56838c9f943d6d1 0458393db0064ad4b4350d31b59a7899 - - default default] Unable to schedule network 29bc9f5d-f25a-4dd2-9cd6-77968473469e: no agents available; will retry on subsequent port and subnet creation events.
2026-05-27 01:50:04.592 10 INFO neutron.db.ovn_revision_numbers_db [None req-8af259d0-5d0e-46ec-9a02-c3d73f13fad9 b5449e539fee43d0a56838c9f943d6d1 0458393db0064ad4b4350d31b59a7899 - - default default] Successfully bumped revision number for resource 6f32bc69-938e-434d-b1e3-b84eaa23c10b (type: subnets) to 0
2026-05-27 01:50:04.609 10 INFO neutron.wsgi [None req-8af259d0-5d0e-46ec-9a02-c3d73f13fad9 b5449e539fee43d0a56838c9f943d6d1 0458393db0064ad4b4350d31b59a7899 - - default default] 10.0.0.76 "POST /v2.0/subnets HTTP/1.1" status: 201 len: 848 time: 0.4558027
2026-05-27 01:50:04.624 10 WARNING neutron_lib.context [None req-14f47912-f3cb-49dd-807b-5d0f04766c1b b5449e539fee43d0a56838c9f943d6d1 0458393db0064ad4b4350d31b59a7899 - - default default] Method 'is_advsvc' is deprecated since 2023.2 release (neutron-lib 3.8.0) and will be removed once support for the old RBAC API policies will be removed from Neutron. Please use method 'is_service_role' instead.
2026-05-27 01:50:04.686 10 INFO neutron.db.ovn_revision_numbers_db [None req-0499dce0-dfc7-4d7e-869a-cd9189a3ebe6 931b17b16ed440459c07975c81ca421f d30519e8f9e54b93b7727c794aaba5db - - default default] Successfully bumped revision number for resource c1fd7590-4531-46ae-8927-098db35903b1 (type: networks) to 1
2026-05-27 01:50:04.741 10 INFO neutron.db.segments_db [None req-14f47912-f3cb-49dd-807b-5d0f04766c1b b5449e539fee43d0a56838c9f943d6d1 0458393db0064ad4b4350d31b59a7899 - - default default] Added segment 33092e1d-2aa6-42f8-a07e-5df14512eaaa of type geneve for network 124100cb-3ce6-4cfb-96cc-dd26ed6417c0
2026-05-27 01:50:04.868 9 INFO neutron.services.segments.plugin [-] Segment a612d792-3b57-47db-96f4-1eb5d5857bfb resource provider aggregate not found
2026-05-27 01:50:04.872 9 INFO neutron.services.segments.plugin [-] Segment a612d792-3b57-47db-96f4-1eb5d5857bfb resource provider aggregate not found
2026-05-27 01:50:04.890 9 INFO neutron.services.segments.plugin [-] Segment a612d792-3b57-47db-96f4-1eb5d5857bfb resource provider not found; error: Placement Client Error (4xx): {"errors": [{"status": 404, "title": "Not Found", "detail": "The resource could not be found.\n\n No resource provider with uuid a612d792-3b57-47db-96f4-1eb5d5857bfb found for delete ", "request_id": "req-c3434dde-339c-41ec-a020-09766b526412"}]}
2026-05-27 01:50:04.891 9 INFO neutron.services.segments.plugin [-] Segment a612d792-3b57-47db-96f4-1eb5d5857bfb resource provider not found; error: Placement Client Error (4xx): {"errors": [{"status": 404, "title": "Not Found", "detail": "The resource could not be found.\n\n No resource provider with uuid a612d792-3b57-47db-96f4-1eb5d5857bfb found for delete ", "request_id": "req-598ea0f6-e4a3-433a-94b1-2a27b9f3bf06"}]}
2026-05-27 01:50:04.914 10 WARNING neutron.scheduler.dhcp_agent_scheduler [None req-0499dce0-dfc7-4d7e-869a-cd9189a3ebe6 931b17b16ed440459c07975c81ca421f d30519e8f9e54b93b7727c794aaba5db - - default default] No more DHCP agents
2026-05-27 01:50:04.918 10 WARNING neutron.api.rpc.agentnotifiers.dhcp_rpc_agent_api [None req-0499dce0-dfc7-4d7e-869a-cd9189a3ebe6 931b17b16ed440459c07975c81ca421f d30519e8f9e54b93b7727c794aaba5db - - default default] Unable to schedule network c1fd7590-4531-46ae-8927-098db35903b1: no agents available; will retry on subsequent port and subnet creation events.
2026-05-27 01:50:04.920 9 INFO neutron.wsgi [None req-62e51037-7a61-4053-ab54-4924787624cd 9b79efb632104899a29982ab5c7db7f5 1c23899b06fb4ba49e519f066ce75c14 - - default default] 10.0.0.76 "DELETE /v2.0/networks/67e5b789-6d45-457b-b259-764fd07c8021 HTTP/1.1" status: 204 len: 168 time: 0.4605050
2026-05-27 01:50:04.932 10 INFO neutron.db.ovn_revision_numbers_db [None req-14f47912-f3cb-49dd-807b-5d0f04766c1b b5449e539fee43d0a56838c9f943d6d1 0458393db0064ad4b4350d31b59a7899 - - default default] Successfully bumped revision number for resource 124100cb-3ce6-4cfb-96cc-dd26ed6417c0 (type: networks) to 1
2026-05-27 01:50:05.052 10 INFO neutron.db.ovn_revision_numbers_db [None req-0499dce0-dfc7-4d7e-869a-cd9189a3ebe6 931b17b16ed440459c07975c81ca421f d30519e8f9e54b93b7727c794aaba5db - - default default] Successfully bumped revision number for resource 72daeb85-f3c7-458c-bc42-2a43ca75c620 (type: ports) to 1
2026-05-27 01:50:05.067 9 WARNING keystonemiddleware.audit [None req-7db084f9-3eff-4030-b568-01231858e036 - - - - - -] Skipping service tempest-service-1569345674 as it have no endpoints.
2026-05-27 01:50:05.087 10 INFO neutron.wsgi [None req-0499dce0-dfc7-4d7e-869a-cd9189a3ebe6 931b17b16ed440459c07975c81ca421f d30519e8f9e54b93b7727c794aaba5db - - default default] 10.0.0.76 "POST /v2.0/networks HTTP/1.1" status: 201 len: 831 time: 0.7017200
2026-05-27 01:50:05.100 10 WARNING neutron_lib.context [None req-0066c69d-3713-4342-a9ae-6f4773e32b84 931b17b16ed440459c07975c81ca421f d30519e8f9e54b93b7727c794aaba5db - - default default] Method 'is_advsvc' is deprecated since 2023.2 release (neutron-lib 3.8.0) and will be removed once support for the old RBAC API policies will be removed from Neutron. Please use method 'is_service_role' instead.
2026-05-27 01:50:05.114 9 INFO neutron.wsgi [None req-ed055089-2f75-4219-801f-b3c3ba3a0d55 9b79efb632104899a29982ab5c7db7f5 1c23899b06fb4ba49e519f066ce75c14 - - default default] 10.0.0.76 "GET /v2.0/security-groups?tenant_id=42081c329ac74e9d84e06d33f188ade7&name=default HTTP/1.1" status: 200 len: 3120 time: 0.0515475
2026-05-27 01:50:05.122 9 WARNING keystonemiddleware.audit [None req-80e9bd97-8d24-47a5-a002-24ebc6e91ae5 - - - - - -] Skipping service tempest-service-1569345674 as it have no endpoints.
2026-05-27 01:50:05.170 10 WARNING neutron.scheduler.dhcp_agent_scheduler [None req-14f47912-f3cb-49dd-807b-5d0f04766c1b b5449e539fee43d0a56838c9f943d6d1 0458393db0064ad4b4350d31b59a7899 - - default default] No more DHCP agents
2026-05-27 01:50:05.171 10 WARNING neutron.api.rpc.agentnotifiers.dhcp_rpc_agent_api [None req-14f47912-f3cb-49dd-807b-5d0f04766c1b b5449e539fee43d0a56838c9f943d6d1 0458393db0064ad4b4350d31b59a7899 - - default default] Unable to schedule network 124100cb-3ce6-4cfb-96cc-dd26ed6417c0: no agents available; will retry on subsequent port and subnet creation events.
2026-05-27 01:50:05.281 10 INFO neutron.db.ovn_revision_numbers_db [None req-14f47912-f3cb-49dd-807b-5d0f04766c1b b5449e539fee43d0a56838c9f943d6d1 0458393db0064ad4b4350d31b59a7899 - - default default] Successfully bumped revision number for resource 5f55749e-67df-4a18-b396-129de3a1a33a (type: ports) to 1
2026-05-27 01:50:05.312 10 INFO neutron.wsgi [None req-14f47912-f3cb-49dd-807b-5d0f04766c1b b5449e539fee43d0a56838c9f943d6d1 0458393db0064ad4b4350d31b59a7899 - - default default] 10.0.0.76 "POST /v2.0/networks HTTP/1.1" status: 201 len: 845 time: 0.6947973
2026-05-27 01:50:05.414 10 WARNING neutron.scheduler.dhcp_agent_scheduler [None req-0066c69d-3713-4342-a9ae-6f4773e32b84 931b17b16ed440459c07975c81ca421f d30519e8f9e54b93b7727c794aaba5db - - default default] No more DHCP agents
2026-05-27 01:50:05.417 10 WARNING neutron.api.rpc.agentnotifiers.dhcp_rpc_agent_api [None req-0066c69d-3713-4342-a9ae-6f4773e32b84 931b17b16ed440459c07975c81ca421f d30519e8f9e54b93b7727c794aaba5db - - default default] Unable to schedule network c1fd7590-4531-46ae-8927-098db35903b1: no agents available; will retry on subsequent port and subnet creation events.
2026-05-27 01:50:05.447 9 INFO neutron.wsgi [None req-a2bdef56-00ce-4a8a-9ffd-150a261aac8d 9b79efb632104899a29982ab5c7db7f5 1c23899b06fb4ba49e519f066ce75c14 - - default default] 10.0.0.76 "DELETE /v2.0/security-groups/a1229160-b7a5-4059-bad8-5ebccba20cb3 HTTP/1.1" status: 204 len: 168 time: 0.3270376
2026-05-27 01:50:05.501 9 INFO neutron.db.ovn_revision_numbers_db [None req-9aea1aa7-49a2-4a00-9440-d8c627131a31 9b79efb632104899a29982ab5c7db7f5 1c23899b06fb4ba49e519f066ce75c14 - - default default] Successfully bumped revision number for resource bc475b5d-2655-40b0-8865-bb85ede79fce (type: security_groups) to 1
2026-05-27 01:50:05.536 9 INFO neutron.db.ovn_revision_numbers_db [None req-9aea1aa7-49a2-4a00-9440-d8c627131a31 9b79efb632104899a29982ab5c7db7f5 1c23899b06fb4ba49e519f066ce75c14 - - default default] Successfully bumped revision number for resource 05de125b-73a4-40c9-afc8-585eebaaa407 (type: security_group_rules) to 0
2026-05-27 01:50:05.551 9 INFO neutron.db.ovn_revision_numbers_db [None req-9aea1aa7-49a2-4a00-9440-d8c627131a31 9b79efb632104899a29982ab5c7db7f5 1c23899b06fb4ba49e519f066ce75c14 - - default default] Successfully bumped revision number for resource 136b9a34-746b-43a4-9ab3-be28c7a2815b (type: security_group_rules) to 0
2026-05-27 01:50:05.553 9 INFO neutron.db.ovn_revision_numbers_db [None req-effe9da6-463c-465c-abca-cb2b8c8de6da b5449e539fee43d0a56838c9f943d6d1 0458393db0064ad4b4350d31b59a7899 - - default default] Successfully bumped revision number for resource 124100cb-3ce6-4cfb-96cc-dd26ed6417c0 (type: networks) to 2
2026-05-27 01:50:05.556 9 INFO neutron.wsgi [None req-effe9da6-463c-465c-abca-cb2b8c8de6da b5449e539fee43d0a56838c9f943d6d1 0458393db0064ad4b4350d31b59a7899 - - default default] 10.0.0.76 "PUT /v2.0/networks/124100cb-3ce6-4cfb-96cc-dd26ed6417c0 HTTP/1.1" status: 200 len: 792 time: 0.2383115
2026-05-27 01:50:05.567 9 WARNING neutron_lib.context [None req-5badfea9-40a8-4cf6-98a0-98b74cc60f34 b5449e539fee43d0a56838c9f943d6d1 0458393db0064ad4b4350d31b59a7899 - - default default] Method 'is_advsvc' is deprecated since 2023.2 release (neutron-lib 3.8.0) and will be removed once support for the old RBAC API policies will be removed from Neutron. Please use method 'is_service_role' instead.
2026-05-27 01:50:05.589 9 INFO neutron.db.ovn_revision_numbers_db [None req-9aea1aa7-49a2-4a00-9440-d8c627131a31 9b79efb632104899a29982ab5c7db7f5 1c23899b06fb4ba49e519f066ce75c14 - - default default] Successfully bumped revision number for resource 3140f324-63e9-46ad-b2c9-4e826e4f24b1 (type: security_group_rules) to 0
2026-05-27 01:50:05.922 9 INFO neutron.db.ovn_revision_numbers_db [None req-9aea1aa7-49a2-4a00-9440-d8c627131a31 9b79efb632104899a29982ab5c7db7f5 1c23899b06fb4ba49e519f066ce75c14 - - default default] Successfully bumped revision number for resource cda02d5b-ac33-441b-bca1-4467b1518c1b (type: security_group_rules) to 0
2026-05-27 01:50:05.945 10 INFO neutron.db.ovn_revision_numbers_db [None req-0066c69d-3713-4342-a9ae-6f4773e32b84 931b17b16ed440459c07975c81ca421f d30519e8f9e54b93b7727c794aaba5db - - default default] Successfully bumped revision number for resource 72daeb85-f3c7-458c-bc42-2a43ca75c620 (type: ports) to 2
2026-05-27 01:50:05.949 9 INFO neutron.wsgi [None req-9aea1aa7-49a2-4a00-9440-d8c627131a31 9b79efb632104899a29982ab5c7db7f5 1c23899b06fb4ba49e519f066ce75c14 - - default default] 10.0.0.76 "GET /v2.0/security-groups?tenant_id=62f68a40d34f41319bc77e4b5edbe534&name=default HTTP/1.1" status: 200 len: 3120 time: 0.9741518
2026-05-27 01:50:05.989 10 INFO neutron.db.ovn_revision_numbers_db [None req-0066c69d-3713-4342-a9ae-6f4773e32b84 931b17b16ed440459c07975c81ca421f d30519e8f9e54b93b7727c794aaba5db - - default default] Successfully bumped revision number for resource b3ce513c-8d2c-4a81-9f48-892cb550ff73 (type: subnets) to 0
2026-05-27 01:50:06.022 10 INFO neutron.wsgi [None req-0066c69d-3713-4342-a9ae-6f4773e32b84 931b17b16ed440459c07975c81ca421f d30519e8f9e54b93b7727c794aaba5db - - default default] 10.0.0.76 "POST /v2.0/subnets HTTP/1.1" status: 201 len: 801 time: 0.9272246
2026-05-27 01:50:06.043 10 WARNING neutron_lib.context [None req-830f45e3-ba23-4fcc-b633-b44b8a632301 931b17b16ed440459c07975c81ca421f d30519e8f9e54b93b7727c794aaba5db - - default default] Method 'is_advsvc' is deprecated since 2023.2 release (neutron-lib 3.8.0) and will be removed once support for the old RBAC API policies will be removed from Neutron. Please use method 'is_service_role' instead.
2026-05-27 01:50:06.126 9 WARNING neutron.scheduler.dhcp_agent_scheduler [None req-5badfea9-40a8-4cf6-98a0-98b74cc60f34 b5449e539fee43d0a56838c9f943d6d1 0458393db0064ad4b4350d31b59a7899 - - default default] No more DHCP agents
2026-05-27 01:50:06.130 9 WARNING neutron.api.rpc.agentnotifiers.dhcp_rpc_agent_api [None req-5badfea9-40a8-4cf6-98a0-98b74cc60f34 b5449e539fee43d0a56838c9f943d6d1 0458393db0064ad4b4350d31b59a7899 - - default default] Unable to schedule network 124100cb-3ce6-4cfb-96cc-dd26ed6417c0: no agents available; will retry on subsequent port and subnet creation events.
2026-05-27 01:50:06.167 9 INFO neutron.db.ovn_revision_numbers_db [None req-5badfea9-40a8-4cf6-98a0-98b74cc60f34 b5449e539fee43d0a56838c9f943d6d1 0458393db0064ad4b4350d31b59a7899 - - default default] Successfully bumped revision number for resource ddab3949-3bf0-4420-a509-893d8aac4fb0 (type: subnets) to 0
2026-05-27 01:50:06.187 9 INFO neutron.wsgi [None req-5badfea9-40a8-4cf6-98a0-98b74cc60f34 b5449e539fee43d0a56838c9f943d6d1 0458393db0064ad4b4350d31b59a7899 - - default default] 10.0.0.76 "POST /v2.0/subnets HTTP/1.1" status: 201 len: 821 time: 0.6249244
2026-05-27 01:50:06.302 10 INFO neutron.wsgi [None req-230cafb3-4509-45ac-bc85-3f0f35dba122 9b79efb632104899a29982ab5c7db7f5 1c23899b06fb4ba49e519f066ce75c14 - - default default] 10.0.0.76 "DELETE /v2.0/security-groups/bc475b5d-2655-40b0-8865-bb85ede79fce HTTP/1.1" status: 204 len: 168 time: 0.3489294
2026-05-27 01:50:06.467 10 WARNING neutron.scheduler.dhcp_agent_scheduler [None req-830f45e3-ba23-4fcc-b633-b44b8a632301 931b17b16ed440459c07975c81ca421f d30519e8f9e54b93b7727c794aaba5db - - default default] No more DHCP agents
2026-05-27 01:50:06.471 10 WARNING neutron.api.rpc.agentnotifiers.dhcp_rpc_agent_api [None req-830f45e3-ba23-4fcc-b633-b44b8a632301 931b17b16ed440459c07975c81ca421f d30519e8f9e54b93b7727c794aaba5db - - default default] Unable to schedule network c1fd7590-4531-46ae-8927-098db35903b1: no agents available; will retry on subsequent port and subnet creation events.
2026-05-27 01:50:06.562 10 INFO neutron.db.ovn_revision_numbers_db [None req-f09f5798-90e3-471b-a49a-f719c96744c4 9b79efb632104899a29982ab5c7db7f5 1c23899b06fb4ba49e519f066ce75c14 - - default default] Successfully bumped revision number for resource febe8204-c67a-42be-9387-7e2c5f79af47 (type: security_groups) to 1
2026-05-27 01:50:06.586 10 INFO neutron.db.ovn_revision_numbers_db [None req-f09f5798-90e3-471b-a49a-f719c96744c4 9b79efb632104899a29982ab5c7db7f5 1c23899b06fb4ba49e519f066ce75c14 - - default default] Successfully bumped revision number for resource 2f8a45a7-c0f3-41f7-8972-de1de2ad3db2 (type: security_group_rules) to 0
2026-05-27 01:50:06.602 10 INFO neutron.db.ovn_revision_numbers_db [None req-f09f5798-90e3-471b-a49a-f719c96744c4 9b79efb632104899a29982ab5c7db7f5 1c23899b06fb4ba49e519f066ce75c14 - - default default] Successfully bumped revision number for resource 368c8041-3b8c-4ebd-8665-911f986d8673 (type: security_group_rules) to 0
2026-05-27 01:50:06.623 10 INFO neutron.db.ovn_revision_numbers_db [None req-f09f5798-90e3-471b-a49a-f719c96744c4 9b79efb632104899a29982ab5c7db7f5 1c23899b06fb4ba49e519f066ce75c14 - - default default] Successfully bumped revision number for resource cf70556e-018d-42c6-8cff-39505fe7d5b4 (type: security_group_rules) to 0
2026-05-27 01:50:06.642 10 INFO neutron.db.ovn_revision_numbers_db [None req-f09f5798-90e3-471b-a49a-f719c96744c4 9b79efb632104899a29982ab5c7db7f5 1c23899b06fb4ba49e519f066ce75c14 - - default default] Successfully bumped revision number for resource ea559cae-b611-4035-b840-d5d49cfcbb6d (type: security_group_rules) to 0
2026-05-27 01:50:06.653 10 INFO neutron.db.ovn_revision_numbers_db [None req-830f45e3-ba23-4fcc-b633-b44b8a632301 931b17b16ed440459c07975c81ca421f d30519e8f9e54b93b7727c794aaba5db - - default default] Successfully bumped revision number for resource 5efcb345-d34a-4bbd-af6b-1d529dc16900 (type: ports) to 1
2026-05-27 01:50:06.664 10 INFO neutron.wsgi [None req-f09f5798-90e3-471b-a49a-f719c96744c4 9b79efb632104899a29982ab5c7db7f5 1c23899b06fb4ba49e519f066ce75c14 - - default default] 10.0.0.76 "GET /v2.0/security-groups?tenant_id=82dbb8a25fe54e999cd7036317590edd&name=default HTTP/1.1" status: 200 len: 3120 time: 0.2655385 /var/lib/openstack/lib/python3.10/site-packages/pycadf/identifier.py:71: UserWarning: Invalid uuid: neutron. To ensure interoperability, identifiers should be a valid uuid. warnings.warn(('Invalid uuid: %s. To ensure interoperability, '
2026-05-27 01:50:06.693 10 INFO neutron.wsgi [None req-830f45e3-ba23-4fcc-b633-b44b8a632301 931b17b16ed440459c07975c81ca421f d30519e8f9e54b93b7727c794aaba5db - - default default] 10.0.0.76 "POST /v2.0/ports HTTP/1.1" status: 201 len: 1149 time: 0.6579478
2026-05-27 01:50:06.946 10 INFO neutron.wsgi [None req-3eac7625-bd63-4d3d-891c-d02033e02161 9b79efb632104899a29982ab5c7db7f5 1c23899b06fb4ba49e519f066ce75c14 - - default default] 10.0.0.76 "DELETE /v2.0/security-groups/febe8204-c67a-42be-9387-7e2c5f79af47 HTTP/1.1" status: 204 len: 168 time: 0.2735064
2026-05-27 01:50:07.030 9 INFO neutron.db.ovn_revision_numbers_db [None req-bf0988f5-61fd-4d96-b77e-9bbc63640fdf b5449e539fee43d0a56838c9f943d6d1 0458393db0064ad4b4350d31b59a7899 - - default default] Successfully bumped revision number for resource 5f55749e-67df-4a18-b396-129de3a1a33a (type: ports) to 2
2026-05-27 01:50:07.061 10 INFO neutron.wsgi [None req-ee452e8c-2b16-4038-a312-b97f7af551e5 931b17b16ed440459c07975c81ca421f d30519e8f9e54b93b7727c794aaba5db - - default default] 10.0.0.76 "DELETE /v2.0/ports/5efcb345-d34a-4bbd-af6b-1d529dc16900 HTTP/1.1" status: 204 len: 168 time: 0.3635883
2026-05-27 01:50:07.077 9 INFO neutron.db.ovn_revision_numbers_db [None req-bf0988f5-61fd-4d96-b77e-9bbc63640fdf b5449e539fee43d0a56838c9f943d6d1 0458393db0064ad4b4350d31b59a7899 - - default default] Successfully bumped revision number for resource ddab3949-3bf0-4420-a509-893d8aac4fb0 (type: subnets) to 1
2026-05-27 01:50:07.085 9 INFO neutron.wsgi [None req-bf0988f5-61fd-4d96-b77e-9bbc63640fdf b5449e539fee43d0a56838c9f943d6d1 0458393db0064ad4b4350d31b59a7899 - - default default] 10.0.0.76 "PUT /v2.0/subnets/ddab3949-3bf0-4420-a509-893d8aac4fb0 HTTP/1.1" status: 200 len: 826 time: 0.8824148
2026-05-27 01:50:07.087 10 INFO neutron.pecan_wsgi.hooks.translation [None req-b5fa04da-8041-48e8-9ba6-0e0fbf859d0e 931b17b16ed440459c07975c81ca421f d30519e8f9e54b93b7727c794aaba5db - - default default] DELETE failed (client error): The resource could not be found.
2026-05-27 01:50:07.089 10 INFO neutron.wsgi [None req-b5fa04da-8041-48e8-9ba6-0e0fbf859d0e 931b17b16ed440459c07975c81ca421f d30519e8f9e54b93b7727c794aaba5db - - default default] 10.0.0.76 "DELETE /v2.0/ports/5efcb345-d34a-4bbd-af6b-1d529dc16900 HTTP/1.1" status: 404 len: 333 time: 0.0214050
2026-05-27 01:50:07.117 9 INFO neutron.pecan_wsgi.hooks.translation [None req-52648d97-3d63-4522-8826-d379352c17ef 931b17b16ed440459c07975c81ca421f d30519e8f9e54b93b7727c794aaba5db - - default default] GET failed (client error): The resource could not be found.
2026-05-27 01:50:07.120 9 INFO neutron.wsgi [None req-52648d97-3d63-4522-8826-d379352c17ef 931b17b16ed440459c07975c81ca421f d30519e8f9e54b93b7727c794aaba5db - - default default] 10.0.0.76 "GET /v2.0/ports/5efcb345-d34a-4bbd-af6b-1d529dc16900 HTTP/1.1" status: 404 len: 333 time: 0.0260575
2026-05-27 01:50:07.365 9 INFO neutron.wsgi [None req-9d71dfd1-15ef-4daf-9a45-b8eaabdfbbeb 931b17b16ed440459c07975c81ca421f d30519e8f9e54b93b7727c794aaba5db - - default default] 10.0.0.76 "DELETE /v2.0/subnets/b3ce513c-8d2c-4a81-9f48-892cb550ff73 HTTP/1.1" status: 204 len: 168 time: 0.2394819
2026-05-27 01:50:07.671 10 INFO neutron.services.segments.plugin [-] Segment 33092e1d-2aa6-42f8-a07e-5df14512eaaa resource provider aggregate not found
2026-05-27 01:50:07.677 10 INFO neutron.services.segments.plugin [-] Segment 33092e1d-2aa6-42f8-a07e-5df14512eaaa resource provider aggregate not found
