2026-05-27 01:54:12.704 10 INFO neutron.db.ovn_revision_numbers_db [None req-e5600d5f-0816-441e-bd3b-ccdaf2bbc6df 31c6bcc67f4141f69e36c1a91a5e95b0 c0ce1798a5424401b18faa48723c9ad7 - - default default] Successfully bumped revision number for resource dcb3044d-d239-4f54-867b-e8515da5708f (type: subnets) to 0
2026-05-27 01:54:12.717 9 INFO neutron.wsgi [None req-9a975b54-7755-4b93-91c6-8856967ef796 b50a641435f143ec9b6e4bc48402fc12 f8e029c5b0874cd996bdd1acbf216cf0 - - default default] 10.0.0.76 "POST /v2.0/vpn/endpoint-groups HTTP/1.1" status: 201 len: 501 time: 0.0792682
2026-05-27 01:54:12.722 10 INFO neutron.wsgi [None req-e5600d5f-0816-441e-bd3b-ccdaf2bbc6df 31c6bcc67f4141f69e36c1a91a5e95b0 c0ce1798a5424401b18faa48723c9ad7 - - default default] 10.0.0.76 "POST /v2.0/subnets HTTP/1.1" status: 201 len: 801 time: 1.0085263
2026-05-27 01:54:12.727 9 WARNING neutron_lib.context [None req-0a0ac9d3-6807-4f6d-b28d-876c1ba78a67 b50a641435f143ec9b6e4bc48402fc12 f8e029c5b0874cd996bdd1acbf216cf0 - - default default] Method 'is_advsvc' is deprecated since 2023.2 release (neutron-lib 3.8.0) and will be removed once support for the old RBAC API policies will be removed from Neutron. Please use method 'is_service_role' instead.
2026-05-27 01:54:12.771 9 INFO neutron.wsgi [None req-0a0ac9d3-6807-4f6d-b28d-876c1ba78a67 b50a641435f143ec9b6e4bc48402fc12 f8e029c5b0874cd996bdd1acbf216cf0 - - default default] 10.0.0.76 "POST /v2.0/vpn/endpoint-groups HTTP/1.1" status: 201 len: 492 time: 0.0490315
2026-05-27 01:54:12.781 9 WARNING neutron.api.v2.base [None req-ad923bc8-1769-4097-b1d3-cd0e38939195 b50a641435f143ec9b6e4bc48402fc12 f8e029c5b0874cd996bdd1acbf216cf0 - - default default] An exception happened while processing the request body. The exception message is [Unrecognized attribute(s) 'peer_cidr'].: webob.exc.HTTPBadRequest: Unrecognized attribute(s) 'peer_cidr'
2026-05-27 01:54:12.782 9 INFO neutron.api.v2.resource [None req-ad923bc8-1769-4097-b1d3-cd0e38939195 b50a641435f143ec9b6e4bc48402fc12 f8e029c5b0874cd996bdd1acbf216cf0 - - default default] create failed (client error): Unrecognized attribute(s) 'peer_cidr'
2026-05-27 01:54:12.784 9 INFO neutron.wsgi [None req-ad923bc8-1769-4097-b1d3-cd0e38939195 b50a641435f143ec9b6e4bc48402fc12 f8e029c5b0874cd996bdd1acbf216cf0 - - default default] 10.0.0.76 "POST /v2.0/vpn/ipsec-site-connections HTTP/1.1" status: 400 len: 313 time: 0.0077798
2026-05-27 01:54:12.792 10 INFO neutron.wsgi [None req-fd72fbf3-b10c-4884-b7df-f590328d962b 31c6bcc67f4141f69e36c1a91a5e95b0 c0ce1798a5424401b18faa48723c9ad7 - - default default] 10.0.0.76 "PUT /v2.0/subnets/dcb3044d-d239-4f54-867b-e8515da5708f/tags HTTP/1.1" status: 200 len: 218 time: 0.0652764
2026-05-27 01:54:12.803 10 INFO neutron.wsgi [None req-28cf9756-7243-4839-a192-857542e13651 b50a641435f143ec9b6e4bc48402fc12 f8e029c5b0874cd996bdd1acbf216cf0 - - default default] 10.0.0.76 "GET /v2.0/vpn/endpoint-groups HTTP/1.1" status: 200 len: 1388 time: 0.0148909
2026-05-27 01:54:12.862 9 INFO neutron.wsgi [None req-9e01820b-d06c-400a-9375-d2099ce3c109 b50a641435f143ec9b6e4bc48402fc12 f8e029c5b0874cd996bdd1acbf216cf0 - - default default] 10.0.0.76 "DELETE /v2.0/vpn/endpoint-groups/fc65b160-2514-4229-9d70-3bbcf84923b9 HTTP/1.1" status: 204 len: 168 time: 0.0544808
2026-05-27 01:54:12.868 9 INFO neutron.wsgi [None req-4ba28e23-51db-4d5d-a170-c24afa426571 31c6bcc67f4141f69e36c1a91a5e95b0 c0ce1798a5424401b18faa48723c9ad7 - - default default] 10.0.0.76 "GET /v2.0/subnets/dcb3044d-d239-4f54-867b-e8515da5708f/tags HTTP/1.1" status: 200 len: 218 time: 0.0716178
2026-05-27 01:54:12.882 10 INFO neutron.wsgi [None req-7d9d8348-9700-49c8-918d-0d27ba474276 b50a641435f143ec9b6e4bc48402fc12 f8e029c5b0874cd996bdd1acbf216cf0 - - default default] 10.0.0.76 "GET /v2.0/vpn/endpoint-groups HTTP/1.1" status: 200 len: 1112 time: 0.0148761
2026-05-27 01:54:12.899 10 INFO neutron.wsgi [None req-2b198c3c-e513-4766-86e3-2af3c0cf5a0b b50a641435f143ec9b6e4bc48402fc12 f8e029c5b0874cd996bdd1acbf216cf0 - - default default] 10.0.0.76 "GET /v2.0/vpn/endpoint-groups HTTP/1.1" status: 200 len: 1112 time: 0.0121701
2026-05-27 01:54:12.938 9 INFO neutron.wsgi [None req-e06aa686-50d3-4b32-8d69-7a48ef1bfed1 31c6bcc67f4141f69e36c1a91a5e95b0 c0ce1798a5424401b18faa48723c9ad7 - - default default] 10.0.0.76 "PUT /v2.0/subnets/dcb3044d-d239-4f54-867b-e8515da5708f/tags/green HTTP/1.1" status: 201 len: 201 time: 0.0659363
2026-05-27 01:54:12.942 10 INFO neutron.wsgi [None req-1b01375d-2301-48a6-9d69-2d1b8cccd599 b50a641435f143ec9b6e4bc48402fc12 f8e029c5b0874cd996bdd1acbf216cf0 - - default default] 10.0.0.76 "DELETE /v2.0/vpn/endpoint-groups/4b4bd518-9cf6-4259-a15b-6861dc81fc84 HTTP/1.1" status: 204 len: 168 time: 0.0361509
2026-05-27 01:54:12.962 9 INFO neutron.wsgi [None req-1dc3d2c7-1495-457e-9d08-e0b1cfbe52dc b50a641435f143ec9b6e4bc48402fc12 f8e029c5b0874cd996bdd1acbf216cf0 - - default default] 10.0.0.76 "GET /v2.0/vpn/endpoint-groups HTTP/1.1" status: 200 len: 828 time: 0.0156832
2026-05-27 01:54:12.974 9 WARNING neutron_lib.context [None req-2ab0af99-0531-4b65-b637-cd4f1aefdeb2 b50a641435f143ec9b6e4bc48402fc12 f8e029c5b0874cd996bdd1acbf216cf0 - - default default] Method 'is_advsvc' is deprecated since 2023.2 release (neutron-lib 3.8.0) and will be removed once support for the old RBAC API policies will be removed from Neutron. Please use method 'is_service_role' instead.
2026-05-27 01:54:12.979 10 INFO neutron.wsgi [None req-c15178cd-fe4d-4c69-a65b-7e65b5725f67 31c6bcc67f4141f69e36c1a91a5e95b0 c0ce1798a5424401b18faa48723c9ad7 - - default default] 10.0.0.76 "GET /v2.0/subnets/dcb3044d-d239-4f54-867b-e8515da5708f/tags HTTP/1.1" status: 200 len: 227 time: 0.0348439
2026-05-27 01:54:13.024 10 INFO neutron.wsgi [None req-215be6e6-ae5d-478a-ad56-470bafb2cb68 31c6bcc67f4141f69e36c1a91a5e95b0 c0ce1798a5424401b18faa48723c9ad7 - - default default] 10.0.0.76 "PUT /v2.0/subnets/dcb3044d-d239-4f54-867b-e8515da5708f/tags/red HTTP/1.1" status: 201 len: 201 time: 0.0387866
2026-05-27 01:54:13.045 9 INFO neutron.wsgi [None req-2ab0af99-0531-4b65-b637-cd4f1aefdeb2 b50a641435f143ec9b6e4bc48402fc12 f8e029c5b0874cd996bdd1acbf216cf0 - - default default] 10.0.0.76 "POST /v2.0/vpn/endpoint-groups HTTP/1.1" status: 201 len: 501 time: 0.0765572
2026-05-27 01:54:13.057 9 WARNING neutron_lib.context [None req-02ff7ab7-20b0-4fe5-9a11-802dfa8eb7fc b50a641435f143ec9b6e4bc48402fc12 f8e029c5b0874cd996bdd1acbf216cf0 - - default default] Method 'is_advsvc' is deprecated since 2023.2 release (neutron-lib 3.8.0) and will be removed once support for the old RBAC API policies will be removed from Neutron. Please use method 'is_service_role' instead.
2026-05-27 01:54:13.066 10 INFO neutron.wsgi [None req-b62db268-d2fd-4ab7-9afe-790aab288589 31c6bcc67f4141f69e36c1a91a5e95b0 c0ce1798a5424401b18faa48723c9ad7 - - default default] 10.0.0.76 "GET /v2.0/subnets/dcb3044d-d239-4f54-867b-e8515da5708f/tags HTTP/1.1" status: 200 len: 227 time: 0.0384626
2026-05-27 01:54:13.104 9 INFO neutron.wsgi [None req-02ff7ab7-20b0-4fe5-9a11-802dfa8eb7fc b50a641435f143ec9b6e4bc48402fc12 f8e029c5b0874cd996bdd1acbf216cf0 - - default default] 10.0.0.76 "POST /v2.0/vpn/endpoint-groups HTTP/1.1" status: 201 len: 493 time: 0.0537171
2026-05-27 01:54:13.116 10 WARNING neutron_lib.context [None req-1feafa76-42ca-4c76-b715-13273ae6b942 b50a641435f143ec9b6e4bc48402fc12 f8e029c5b0874cd996bdd1acbf216cf0 - - default default] Method 'is_advsvc' is deprecated since 2023.2 release (neutron-lib 3.8.0) and will be removed once support for the old RBAC API policies will be removed from Neutron. Please use method 'is_service_role' instead.
2026-05-27 01:54:13.135 10 INFO neutron.wsgi [None req-1c0fc304-54f4-4704-b2ad-f315c486f6b6 31c6bcc67f4141f69e36c1a91a5e95b0 c0ce1798a5424401b18faa48723c9ad7 - - default default] 10.0.0.76 "PUT /v2.0/subnets/dcb3044d-d239-4f54-867b-e8515da5708f/tags/black.or.white HTTP/1.1" status: 201 len: 201 time: 0.0623147
2026-05-27 01:54:13.166 10 INFO neutron.api.v2.resource [None req-1feafa76-42ca-4c76-b715-13273ae6b942 b50a641435f143ec9b6e4bc48402fc12 f8e029c5b0874cd996bdd1acbf216cf0 - - default default] create failed (client error): The server could not comply with the request since it is either malformed or otherwise incorrect.
2026-05-27 01:54:13.167 10 INFO neutron.wsgi [None req-1feafa76-42ca-4c76-b715-13273ae6b942 b50a641435f143ec9b6e4bc48402fc12 f8e029c5b0874cd996bdd1acbf216cf0 - - default default] 10.0.0.76 "POST /v2.0/vpn/ipsec-site-connections HTTP/1.1" status: 400 len: 373 time: 0.0562806
2026-05-27 01:54:13.185 10 INFO neutron.wsgi [None req-a4917af3-45ca-4206-9c37-a4f7baf69ef9 b50a641435f143ec9b6e4bc48402fc12 f8e029c5b0874cd996bdd1acbf216cf0 - - default default] 10.0.0.76 "GET /v2.0/vpn/endpoint-groups HTTP/1.1" status: 200 len: 1389 time: 0.0132360
2026-05-27 01:54:13.191 9 INFO neutron.wsgi [None req-d25570d1-010e-4ca0-937f-b6709298a93b 31c6bcc67f4141f69e36c1a91a5e95b0 c0ce1798a5424401b18faa48723c9ad7 - - default default] 10.0.0.76 "GET /v2.0/subnets/dcb3044d-d239-4f54-867b-e8515da5708f/tags HTTP/1.1" status: 200 len: 245 time: 0.0496762
2026-05-27 01:54:13.216 10 INFO neutron.wsgi [None req-31069779-92f1-485d-9097-29bd80ff31b8 b50a641435f143ec9b6e4bc48402fc12 f8e029c5b0874cd996bdd1acbf216cf0 - - default default] 10.0.0.76 "DELETE /v2.0/vpn/endpoint-groups/756a1787-7305-4065-95fb-7686d3200f42 HTTP/1.1" status: 204 len: 168 time: 0.0275383
2026-05-27 01:54:13.240 9 INFO neutron.wsgi [None req-3cd3a4a6-fa35-40a1-ad1f-ac4910d04474 b50a641435f143ec9b6e4bc48402fc12 f8e029c5b0874cd996bdd1acbf216cf0 - - default default] 10.0.0.76 "GET /v2.0/vpn/endpoint-groups HTTP/1.1" status: 200 len: 1112 time: 0.0192816
2026-05-27 01:54:13.258 10 INFO neutron.wsgi [None req-5a47732a-6354-4a6a-ab09-df720242ad49 b50a641435f143ec9b6e4bc48402fc12 f8e029c5b0874cd996bdd1acbf216cf0 - - default default] 10.0.0.76 "GET /v2.0/vpn/endpoint-groups HTTP/1.1" status: 200 len: 1112 time: 0.0136867
2026-05-27 01:54:13.294 9 INFO neutron.wsgi [None req-5338b0fc-4f96-47a5-9dd4-b0f192a0c897 31c6bcc67f4141f69e36c1a91a5e95b0 c0ce1798a5424401b18faa48723c9ad7 - - default default] 10.0.0.76 "PUT /v2.0/subnets/dcb3044d-d239-4f54-867b-e8515da5708f/tags HTTP/1.1" status: 200 len: 230 time: 0.0935681
2026-05-27 01:54:13.318 9 INFO neutron.wsgi [None req-02cd6b6a-4c44-46d8-9d2c-def6886b571a b50a641435f143ec9b6e4bc48402fc12 f8e029c5b0874cd996bdd1acbf216cf0 - - default default] 10.0.0.76 "DELETE /v2.0/vpn/endpoint-groups/fe6d00a5-51ec-4e97-a5d2-8db758a7959c HTTP/1.1" status: 204 len: 168 time: 0.0550838
2026-05-27 01:54:13.343 9 INFO neutron.wsgi [None req-a1ab7d8e-a2af-4fec-b208-cf9681a864d8 b50a641435f143ec9b6e4bc48402fc12 f8e029c5b0874cd996bdd1acbf216cf0 - - default default] 10.0.0.76 "GET /v2.0/vpn/endpoint-groups HTTP/1.1" status: 200 len: 828 time: 0.0164032
2026-05-27 01:54:13.354 9 WARNING neutron_lib.context [None req-69afd64f-0897-42bc-9cdf-7907a720b650 b50a641435f143ec9b6e4bc48402fc12 f8e029c5b0874cd996bdd1acbf216cf0 - - default default] Method 'is_advsvc' is deprecated since 2023.2 release (neutron-lib 3.8.0) and will be removed once support for the old RBAC API policies will be removed from Neutron. Please use method 'is_service_role' instead.
2026-05-27 01:54:13.356 10 INFO neutron.wsgi [None req-4b5636d3-d76d-4fff-ac27-fcc46da84e54 31c6bcc67f4141f69e36c1a91a5e95b0 c0ce1798a5424401b18faa48723c9ad7 - - default default] 10.0.0.76 "GET /v2.0/subnets/dcb3044d-d239-4f54-867b-e8515da5708f/tags HTTP/1.1" status: 200 len: 230 time: 0.0555887
2026-05-27 01:54:13.421 10 INFO neutron.wsgi [None req-141effd8-09b9-4cac-9942-cac8fc483e5c 31c6bcc67f4141f69e36c1a91a5e95b0 c0ce1798a5424401b18faa48723c9ad7 - - default default] 10.0.0.76 "GET /v2.0/subnets/dcb3044d-d239-4f54-867b-e8515da5708f/tags/red HTTP/1.1" status: 204 len: 168 time: 0.0577016
2026-05-27 01:54:13.429 9 INFO neutron.wsgi [None req-69afd64f-0897-42bc-9cdf-7907a720b650 b50a641435f143ec9b6e4bc48402fc12 f8e029c5b0874cd996bdd1acbf216cf0 - - default default] 10.0.0.76 "POST /v2.0/vpn/endpoint-groups HTTP/1.1" status: 201 len: 501 time: 0.0802007
2026-05-27 01:54:13.443 9 WARNING neutron.api.v2.base [None req-8751e9c1-8e62-4aa3-9a00-e51adf2f6191 b50a641435f143ec9b6e4bc48402fc12 f8e029c5b0874cd996bdd1acbf216cf0 - - default default] An exception happened while processing the request body. The exception message is [Failed to parse request. Required attribute 'peer_id' not specified].: webob.exc.HTTPBadRequest: Failed to parse request. Required attribute 'peer_id' not specified
2026-05-27 01:54:13.444 9 INFO neutron.api.v2.resource [None req-8751e9c1-8e62-4aa3-9a00-e51adf2f6191 b50a641435f143ec9b6e4bc48402fc12 f8e029c5b0874cd996bdd1acbf216cf0 - - default default] create failed (client error): Failed to parse request. Required attribute 'peer_id' not specified
2026-05-27 01:54:13.446 9 INFO neutron.wsgi [None req-8751e9c1-8e62-4aa3-9a00-e51adf2f6191 b50a641435f143ec9b6e4bc48402fc12 f8e029c5b0874cd996bdd1acbf216cf0 - - default default] 10.0.0.76 "POST /v2.0/vpn/ipsec-site-connections HTTP/1.1" status: 400 len: 343 time: 0.0116410
2026-05-27 01:54:13.466 9 INFO neutron.wsgi [None req-3761f8f5-4539-462b-8647-8fec608e7d91 b50a641435f143ec9b6e4bc48402fc12 f8e029c5b0874cd996bdd1acbf216cf0 - - default default] 10.0.0.76 "GET /v2.0/vpn/endpoint-groups HTTP/1.1" status: 200 len: 1112 time: 0.0162170
2026-05-27 01:54:13.488 10 INFO neutron.api.v2.resource [None req-a6be5663-3db2-484f-a0f8-91d5f199fd64 31c6bcc67f4141f69e36c1a91a5e95b0 c0ce1798a5424401b18faa48723c9ad7 - - default default] show failed (client error): The resource could not be found.
2026-05-27 01:54:13.490 10 INFO neutron.wsgi [None req-a6be5663-3db2-484f-a0f8-91d5f199fd64 31c6bcc67f4141f69e36c1a91a5e95b0 c0ce1798a5424401b18faa48723c9ad7 - - default default] 10.0.0.76 "GET /v2.0/subnets/dcb3044d-d239-4f54-867b-e8515da5708f/tags/green HTTP/1.1" status: 404 len: 299 time: 0.0644364
2026-05-27 01:54:13.505 9 INFO neutron.wsgi [None req-7f25102f-414a-4fe6-a549-58ac4cd70324 b50a641435f143ec9b6e4bc48402fc12 f8e029c5b0874cd996bdd1acbf216cf0 - - default default] 10.0.0.76 "DELETE /v2.0/vpn/endpoint-groups/0a6d46de-8c5c-4306-a33c-415c1a86edee HTTP/1.1" status: 204 len: 168 time: 0.0302966
2026-05-27 01:54:13.523 9 INFO neutron.wsgi [None req-d84aa510-37ba-4ff7-9c91-11397a1d1313 b50a641435f143ec9b6e4bc48402fc12 f8e029c5b0874cd996bdd1acbf216cf0 - - default default] 10.0.0.76 "GET /v2.0/vpn/endpoint-groups HTTP/1.1" status: 200 len: 828 time: 0.0127177
2026-05-27 01:54:13.533 9 WARNING neutron_lib.context [None req-672e88b9-eed1-4ac7-afaf-01f364eb24de b50a641435f143ec9b6e4bc48402fc12 f8e029c5b0874cd996bdd1acbf216cf0 - - default default] Method 'is_advsvc' is deprecated since 2023.2 release (neutron-lib 3.8.0) and will be removed once support for the old RBAC API policies will be removed from Neutron. Please use method 'is_service_role' instead.
2026-05-27 01:54:13.555 10 INFO neutron.wsgi [None req-3f829ff9-9a99-470c-8f0f-600a0a5bdbca 31c6bcc67f4141f69e36c1a91a5e95b0 c0ce1798a5424401b18faa48723c9ad7 - - default default] 10.0.0.76 "DELETE /v2.0/subnets/dcb3044d-d239-4f54-867b-e8515da5708f/tags/red HTTP/1.1" status: 204 len: 168 time: 0.0594862
2026-05-27 01:54:13.569 9 INFO neutron.wsgi [None req-672e88b9-eed1-4ac7-afaf-01f364eb24de b50a641435f143ec9b6e4bc48402fc12 f8e029c5b0874cd996bdd1acbf216cf0 - - default default] 10.0.0.76 "POST /v2.0/vpn/endpoint-groups HTTP/1.1" status: 201 len: 493 time: 0.0409181
2026-05-27 01:54:13.579 9 WARNING neutron.api.v2.base [None req-1da94b70-95c3-48df-a4d8-afc05bce868e b50a641435f143ec9b6e4bc48402fc12 f8e029c5b0874cd996bdd1acbf216cf0 - - default default] An exception happened while processing the request body. The exception message is [Failed to parse request. Required attribute 'peer_id' not specified].: webob.exc.HTTPBadRequest: Failed to parse request. Required attribute 'peer_id' not specified
2026-05-27 01:54:13.580 9 INFO neutron.api.v2.resource [None req-1da94b70-95c3-48df-a4d8-afc05bce868e b50a641435f143ec9b6e4bc48402fc12 f8e029c5b0874cd996bdd1acbf216cf0 - - default default] create failed (client error): Failed to parse request. Required attribute 'peer_id' not specified
2026-05-27 01:54:13.581 9 INFO neutron.wsgi [None req-1da94b70-95c3-48df-a4d8-afc05bce868e b50a641435f143ec9b6e4bc48402fc12 f8e029c5b0874cd996bdd1acbf216cf0 - - default default] 10.0.0.76 "POST /v2.0/vpn/ipsec-site-connections HTTP/1.1" status: 400 len: 343 time: 0.0066731
2026-05-27 01:54:13.595 9 INFO neutron.wsgi [None req-20a1fc9e-50a5-4b12-a001-b75440354bef b50a641435f143ec9b6e4bc48402fc12 f8e029c5b0874cd996bdd1acbf216cf0 - - default default] 10.0.0.76 "GET /v2.0/vpn/endpoint-groups HTTP/1.1" status: 200 len: 1104 time: 0.0101871
2026-05-27 01:54:13.612 10 INFO neutron.wsgi [None req-456d4d8b-1210-4928-9c12-7e6941d6a0f0 31c6bcc67f4141f69e36c1a91a5e95b0 c0ce1798a5424401b18faa48723c9ad7 - - default default] 10.0.0.76 "GET /v2.0/subnets/dcb3044d-d239-4f54-867b-e8515da5708f/tags HTTP/1.1" status: 200 len: 223 time: 0.0514219
2026-05-27 01:54:13.624 9 INFO neutron.wsgi [None req-f0419371-69d1-4686-b3c7-e17fbd8534b8 b50a641435f143ec9b6e4bc48402fc12 f8e029c5b0874cd996bdd1acbf216cf0 - - default default] 10.0.0.76 "DELETE /v2.0/vpn/endpoint-groups/27ce68e2-ae45-47eb-a153-ef6a71dd8aad HTTP/1.1" status: 204 len: 168 time: 0.0258708
2026-05-27 01:54:13.645 9 INFO neutron.wsgi [None req-85d4f68b-fca8-4b41-8e27-9709050c0dd4 b50a641435f143ec9b6e4bc48402fc12 f8e029c5b0874cd996bdd1acbf216cf0 - - default default] 10.0.0.76 "GET /v2.0/vpn/endpoint-groups HTTP/1.1" status: 200 len: 828 time: 0.0143900
2026-05-27 01:54:13.654 9 WARNING neutron_lib.context [None req-4dccbe3a-44bc-4cf7-92c1-f416b99fd8e5 b50a641435f143ec9b6e4bc48402fc12 f8e029c5b0874cd996bdd1acbf216cf0 - - default default] Method 'is_advsvc' is deprecated since 2023.2 release (neutron-lib 3.8.0) and will be removed once support for the old RBAC API policies will be removed from Neutron. Please use method 'is_service_role' instead.
2026-05-27 01:54:13.672 9 INFO neutron.api.v2.resource [None req-2010590b-9feb-412a-87e1-35e6cd66cb11 31c6bcc67f4141f69e36c1a91a5e95b0 c0ce1798a5424401b18faa48723c9ad7 - - default default] delete failed (client error): The resource could not be found.
2026-05-27 01:54:13.674 9 INFO neutron.wsgi [None req-2010590b-9feb-412a-87e1-35e6cd66cb11 31c6bcc67f4141f69e36c1a91a5e95b0 c0ce1798a5424401b18faa48723c9ad7 - - default default] 10.0.0.76 "DELETE /v2.0/subnets/dcb3044d-d239-4f54-867b-e8515da5708f/tags/green HTTP/1.1" status: 404 len: 299 time: 0.0574794
2026-05-27 01:54:13.699 9 INFO neutron.wsgi [None req-4dccbe3a-44bc-4cf7-92c1-f416b99fd8e5 b50a641435f143ec9b6e4bc48402fc12 f8e029c5b0874cd996bdd1acbf216cf0 - - default default] 10.0.0.76 "POST /v2.0/vpn/endpoint-groups HTTP/1.1" status: 201 len: 489 time: 0.0483835
2026-05-27 01:54:13.709 9 WARNING neutron_lib.context [None req-1cde0105-9ffe-45a3-943f-5536ab94ba2c b50a641435f143ec9b6e4bc48402fc12 f8e029c5b0874cd996bdd1acbf216cf0 - - default default] Method 'is_advsvc' is deprecated since 2023.2 release (neutron-lib 3.8.0) and will be removed once support for the old RBAC API policies will be removed from Neutron. Please use method 'is_service_role' instead.
2026-05-27 01:54:13.734 10 INFO neutron.wsgi [None req-25116b70-7f21-497a-82e5-4ca22ed8cf55 31c6bcc67f4141f69e36c1a91a5e95b0 c0ce1798a5424401b18faa48723c9ad7 - - default default] 10.0.0.76 "DELETE /v2.0/subnets/dcb3044d-d239-4f54-867b-e8515da5708f/tags HTTP/1.1" status: 204 len: 168 time: 0.0544970
2026-05-27 01:54:13.807 9 INFO neutron.wsgi [None req-753c7f0f-ca11-4aff-a333-9815ecc2f21c 31c6bcc67f4141f69e36c1a91a5e95b0 c0ce1798a5424401b18faa48723c9ad7 - - default default] 10.0.0.76 "GET /v2.0/subnets/dcb3044d-d239-4f54-867b-e8515da5708f/tags HTTP/1.1" status: 200 len: 205 time: 0.0674284
2026-05-27 01:54:13.825 9 INFO neutron.wsgi [None req-1cde0105-9ffe-45a3-943f-5536ab94ba2c b50a641435f143ec9b6e4bc48402fc12 f8e029c5b0874cd996bdd1acbf216cf0 - - default default] 10.0.0.76 "POST /v2.0/vpn/endpoint-groups HTTP/1.1" status: 201 len: 500 time: 0.1219170
2026-05-27 01:54:13.836 9 WARNING neutron_lib.context [None req-524cce94-e67d-4222-9888-66e52e6742fb b50a641435f143ec9b6e4bc48402fc12 f8e029c5b0874cd996bdd1acbf216cf0 - - default default] Method 'is_advsvc' is deprecated since 2023.2 release (neutron-lib 3.8.0) and will be removed once support for the old RBAC API policies will be removed from Neutron. Please use method 'is_service_role' instead.
2026-05-27 01:54:14.063 10 INFO neutron.wsgi [None req-a5d79e04-d6b1-4645-9769-bf8a525fc679 31c6bcc67f4141f69e36c1a91a5e95b0 c0ce1798a5424401b18faa48723c9ad7 - - default default] 10.0.0.76 "DELETE /v2.0/subnets/dcb3044d-d239-4f54-867b-e8515da5708f HTTP/1.1" status: 204 len: 168 time: 0.2405398
2026-05-27 01:54:14.979 9 INFO neutron.services.segments.plugin [-] Segment 731e0a43-b74b-4bfe-a611-4e25d664a559 resource provider aggregate not found
2026-05-27 01:54:14.985 9 INFO neutron.services.segments.plugin [-] Segment 731e0a43-b74b-4bfe-a611-4e25d664a559 resource provider aggregate not found
2026-05-27 01:54:14.999 9 INFO neutron.services.segments.plugin [-] Segment 731e0a43-b74b-4bfe-a611-4e25d664a559 resource provider not found; error: Placement Client Error (4xx): {"errors": [{"status": 404, "title": "Not Found", "detail": "The resource could not be found.\n\n No resource provider with uuid 731e0a43-b74b-4bfe-a611-4e25d664a559 found for delete ", "request_id": "req-37f5eb53-cc9b-48e8-8749-cb371ea1e464"}]}
2026-05-27 01:54:15.017 9 INFO neutron.services.segments.plugin [-] Segment 731e0a43-b74b-4bfe-a611-4e25d664a559 resource provider not found; error: Placement Client Error (4xx): {"errors": [{"status": 404, "title": "Not Found", "detail": "The resource could not be found.\n\n No resource provider with uuid 731e0a43-b74b-4bfe-a611-4e25d664a559 found for delete ", "request_id": "req-09353b32-0a5f-402b-9453-c7ed9029743c"}]}
2026-05-27 01:54:15.057 9 INFO neutron.wsgi [None req-7170772f-186c-4dd6-b875-5f60786965a0 31c6bcc67f4141f69e36c1a91a5e95b0 c0ce1798a5424401b18faa48723c9ad7 - - default default] 10.0.0.76 "DELETE /v2.0/networks/9e1d6f4d-053d-440e-b6b6-130a3df3f7aa HTTP/1.1" status: 204 len: 168 time: 0.9885142
2026-05-27 01:54:15.224 9 INFO neutron.db.ovn_revision_numbers_db [None req-524cce94-e67d-4222-9888-66e52e6742fb b50a641435f143ec9b6e4bc48402fc12 f8e029c5b0874cd996bdd1acbf216cf0 - - default default] Successfully bumped revision number for resource ac6c526a-2c77-4d6a-a099-f5549bf1261a (type: routers) to 6
2026-05-27 01:54:15.273 9 INFO neutron.wsgi [None req-524cce94-e67d-4222-9888-66e52e6742fb b50a641435f143ec9b6e4bc48402fc12 f8e029c5b0874cd996bdd1acbf216cf0 - - default default] 10.0.0.76 "POST /v2.0/vpn/ipsec-site-connections HTTP/1.1" status: 201 len: 1044 time: 1.4430320
2026-05-27 01:54:15.964 9 INFO neutron.wsgi [None req-719903e8-c74c-4581-8ecc-31f7eb7cb517 9b79efb632104899a29982ab5c7db7f5 1c23899b06fb4ba49e519f066ce75c14 - - default default] 10.0.0.76 "GET /v2.0/security-groups?tenant_id=c0ce1798a5424401b18faa48723c9ad7&name=default HTTP/1.1" status: 200 len: 3124 time: 0.2148240
2026-05-27 01:54:15.968 9 INFO neutron.db.ovn_revision_numbers_db [None req-4891512b-fcf5-4dc4-93a7-80d2b2d18f93 b50a641435f143ec9b6e4bc48402fc12 f8e029c5b0874cd996bdd1acbf216cf0 - - default default] Successfully bumped revision number for resource ac6c526a-2c77-4d6a-a099-f5549bf1261a (type: routers) to 7
2026-05-27 01:54:15.996 9 INFO neutron.wsgi [None req-4891512b-fcf5-4dc4-93a7-80d2b2d18f93 b50a641435f143ec9b6e4bc48402fc12 f8e029c5b0874cd996bdd1acbf216cf0 - - default default] 10.0.0.76 "DELETE /v2.0/vpn/ipsec-site-connections/5e847ccf-4316-4dec-a9b6-a1dd527911d8 HTTP/1.1" status: 204 len: 168 time: 0.7169645
2026-05-27 01:54:16.016 9 INFO neutron.wsgi [None req-244086fb-8e29-46cc-87f0-27eca7677b78 b50a641435f143ec9b6e4bc48402fc12 f8e029c5b0874cd996bdd1acbf216cf0 - - default default] 10.0.0.76 "GET /v2.0/vpn/ipsec-site-connections HTTP/1.1" status: 200 len: 989 time: 0.0137479
2026-05-27 01:54:16.034 9 INFO neutron.api.v2.resource [None req-36af0f6a-107a-4b47-8689-78470f998b1b b50a641435f143ec9b6e4bc48402fc12 f8e029c5b0874cd996bdd1acbf216cf0 - - default default] delete failed (client error): The resource could not be found.
2026-05-27 01:54:16.035 9 INFO neutron.wsgi [None req-36af0f6a-107a-4b47-8689-78470f998b1b b50a641435f143ec9b6e4bc48402fc12 f8e029c5b0874cd996bdd1acbf216cf0 - - default default] 10.0.0.76 "DELETE /v2.0/vpn/ipsec-site-connections/5e847ccf-4316-4dec-a9b6-a1dd527911d8 HTTP/1.1" status: 404 len: 355 time: 0.0103867
2026-05-27 01:54:16.066 9 INFO neutron.wsgi [None req-ff7b2c3d-0bfc-469e-babd-9fed8de8e876 b50a641435f143ec9b6e4bc48402fc12 f8e029c5b0874cd996bdd1acbf216cf0 - - default default] 10.0.0.76 "GET /v2.0/vpn/endpoint-groups HTTP/1.1" status: 200 len: 1384 time: 0.0198565
2026-05-27 01:54:16.101 9 INFO neutron.wsgi [None req-3c603713-7c84-4606-a2ba-9e350737587c b50a641435f143ec9b6e4bc48402fc12 f8e029c5b0874cd996bdd1acbf216cf0 - - default default] 10.0.0.76 "DELETE /v2.0/vpn/endpoint-groups/d0743b3a-3031-436d-af7c-da7024ece92c HTTP/1.1" status: 204 len: 168 time: 0.0301037
2026-05-27 01:54:16.126 9 INFO neutron.wsgi [None req-3b36bd9b-0da1-42f2-9f79-97b0f3e890a8 b50a641435f143ec9b6e4bc48402fc12 f8e029c5b0874cd996bdd1acbf216cf0 - - default default] 10.0.0.76 "GET /v2.0/vpn/endpoint-groups HTTP/1.1" status: 200 len: 1100 time: 0.0155244
2026-05-27 01:54:16.144 9 INFO neutron.wsgi [None req-c1ebdf2b-e975-41c9-a41b-9a8f563d604d b50a641435f143ec9b6e4bc48402fc12 f8e029c5b0874cd996bdd1acbf216cf0 - - default default] 10.0.0.76 "GET /v2.0/vpn/endpoint-groups HTTP/1.1" status: 200 len: 1100 time: 0.0096586
2026-05-27 01:54:16.181 9 INFO neutron.wsgi [None req-9e5878df-7c0e-4dbd-bda9-9a911324e181 b50a641435f143ec9b6e4bc48402fc12 f8e029c5b0874cd996bdd1acbf216cf0 - - default default] 10.0.0.76 "DELETE /v2.0/vpn/endpoint-groups/0797174c-e099-4afc-9bec-8255ce199f0b HTTP/1.1" status: 204 len: 168 time: 0.0310447
2026-05-27 01:54:16.200 10 INFO neutron.wsgi [None req-022d58ea-d69f-49a0-8c32-8390430c3166 b50a641435f143ec9b6e4bc48402fc12 f8e029c5b0874cd996bdd1acbf216cf0 - - default default] 10.0.0.76 "GET /v2.0/vpn/endpoint-groups HTTP/1.1" status: 200 len: 828 time: 0.0122399
2026-05-27 01:54:16.212 9 WARNING neutron_lib.context [None req-e7f71f80-025f-4512-bd62-f1af35ced44e b50a641435f143ec9b6e4bc48402fc12 f8e029c5b0874cd996bdd1acbf216cf0 - - default default] Method 'is_advsvc' is deprecated since 2023.2 release (neutron-lib 3.8.0) and will be removed once support for the old RBAC API policies will be removed from Neutron. Please use method 'is_service_role' instead.
2026-05-27 01:54:16.255 10 INFO neutron.wsgi [None req-5c04011e-4c2e-4bfe-84b5-c1f4d7dcd678 9b79efb632104899a29982ab5c7db7f5 1c23899b06fb4ba49e519f066ce75c14 - - default default] 10.0.0.76 "DELETE /v2.0/security-groups/3d8aa151-c00a-402b-ac2e-133f4a029133 HTTP/1.1" status: 204 len: 168 time: 0.2844076
2026-05-27 01:54:16.588 9 INFO neutron.db.ovn_revision_numbers_db [None req-bb3c5187-233e-4fd1-976d-f9b27b47ef27 9b79efb632104899a29982ab5c7db7f5 1c23899b06fb4ba49e519f066ce75c14 - - default default] Successfully bumped revision number for resource c06213d2-f07e-4d71-8403-6ecd62bc0042 (type: security_groups) to 1
2026-05-27 01:54:16.616 9 INFO neutron.db.ovn_revision_numbers_db [None req-bb3c5187-233e-4fd1-976d-f9b27b47ef27 9b79efb632104899a29982ab5c7db7f5 1c23899b06fb4ba49e519f066ce75c14 - - default default] Successfully bumped revision number for resource 2b1b6ce9-19a7-4352-94fa-ec22bad71e07 (type: security_group_rules) to 0
2026-05-27 01:54:16.944 9 INFO neutron.db.ovn_revision_numbers_db [None req-bb3c5187-233e-4fd1-976d-f9b27b47ef27 9b79efb632104899a29982ab5c7db7f5 1c23899b06fb4ba49e519f066ce75c14 - - default default] Successfully bumped revision number for resource cd11a5bb-c7e5-4b67-8e1b-e4eee4999fc3 (type: security_group_rules) to 0
2026-05-27 01:54:16.960 9 INFO neutron.db.ovn_revision_numbers_db [None req-bb3c5187-233e-4fd1-976d-f9b27b47ef27 9b79efb632104899a29982ab5c7db7f5 1c23899b06fb4ba49e519f066ce75c14 - - default default] Successfully bumped revision number for resource d0d58094-9d07-4ed2-a99e-8ba37f61e90b (type: security_group_rules) to 0
2026-05-27 01:54:16.986 9 INFO neutron.db.ovn_revision_numbers_db [None req-bb3c5187-233e-4fd1-976d-f9b27b47ef27 9b79efb632104899a29982ab5c7db7f5 1c23899b06fb4ba49e519f066ce75c14 - - default default] Successfully bumped revision number for resource dbbc0461-6b84-4b03-be9d-76be36db1eab (type: security_group_rules) to 0
2026-05-27 01:54:17.016 9 INFO neutron.wsgi [None req-bb3c5187-233e-4fd1-976d-f9b27b47ef27 9b79efb632104899a29982ab5c7db7f5 1c23899b06fb4ba49e519f066ce75c14 - - default default] 10.0.0.76 "GET /v2.0/security-groups?tenant_id=be6f41fa718c42a59317681e8820e204&name=default HTTP/1.1" status: 200 len: 3124 time: 0.6402085
2026-05-27 01:54:17.297 10 INFO neutron.wsgi [None req-48fb5315-05e2-4059-a72e-1a9557facf64 9b79efb632104899a29982ab5c7db7f5 1c23899b06fb4ba49e519f066ce75c14 - - default default] 10.0.0.76 "DELETE /v2.0/security-groups/c06213d2-f07e-4d71-8403-6ecd62bc0042 HTTP/1.1" status: 204 len: 168 time: 0.2756262
2026-05-27 01:54:17.398 9 INFO neutron.db.ovn_revision_numbers_db [None req-e7f71f80-025f-4512-bd62-f1af35ced44e b50a641435f143ec9b6e4bc48402fc12 f8e029c5b0874cd996bdd1acbf216cf0 - - default default] Successfully bumped revision number for resource ac6c526a-2c77-4d6a-a099-f5549bf1261a (type: routers) to 8
2026-05-27 01:54:17.446 9 INFO neutron.wsgi [None req-e7f71f80-025f-4512-bd62-f1af35ced44e b50a641435f143ec9b6e4bc48402fc12 f8e029c5b0874cd996bdd1acbf216cf0 - - default default] 10.0.0.76 "POST /v2.0/vpn/ipsec-site-connections HTTP/1.1" status: 201 len: 1004 time: 1.2395577
2026-05-27 01:54:18.166 9 INFO neutron.db.ovn_revision_numbers_db [None req-9629fee9-35de-4188-b265-ec0a750b1dec b50a641435f143ec9b6e4bc48402fc12 f8e029c5b0874cd996bdd1acbf216cf0 - - default default] Successfully bumped revision number for resource ac6c526a-2c77-4d6a-a099-f5549bf1261a (type: routers) to 9
2026-05-27 01:54:18.194 9 INFO neutron.wsgi [None req-9629fee9-35de-4188-b265-ec0a750b1dec b50a641435f143ec9b6e4bc48402fc12 f8e029c5b0874cd996bdd1acbf216cf0 - - default default] 10.0.0.76 "DELETE /v2.0/vpn/ipsec-site-connections/bd2d8139-e126-4f55-9136-606401d474e7 HTTP/1.1" status: 204 len: 168 time: 0.7423875
2026-05-27 01:54:18.215 9 INFO neutron.wsgi [None req-7c37264e-2cb4-4c7b-80d5-b9538ffa69b5 b50a641435f143ec9b6e4bc48402fc12 f8e029c5b0874cd996bdd1acbf216cf0 - - default default] 10.0.0.76 "GET /v2.0/vpn/ipsec-site-connections HTTP/1.1" status: 200 len: 989 time: 0.0155234
2026-05-27 01:54:18.233 9 INFO neutron.api.v2.resource [None req-faf38448-f661-4e60-9312-a63c8b5145bc b50a641435f143ec9b6e4bc48402fc12 f8e029c5b0874cd996bdd1acbf216cf0 - - default default] delete failed (client error): The resource could not be found.
2026-05-27 01:54:18.234 9 INFO neutron.wsgi [None req-faf38448-f661-4e60-9312-a63c8b5145bc b50a641435f143ec9b6e4bc48402fc12 f8e029c5b0874cd996bdd1acbf216cf0 - - default default] 10.0.0.76 "DELETE /v2.0/vpn/ipsec-site-connections/bd2d8139-e126-4f55-9136-606401d474e7 HTTP/1.1" status: 404 len: 355 time: 0.0137415
2026-05-27 01:54:18.246 9 WARNING neutron_lib.context [None req-4da2766b-7706-4dd8-9a02-ebd277f148ba b50a641435f143ec9b6e4bc48402fc12 f8e029c5b0874cd996bdd1acbf216cf0 - - default default] Method 'is_advsvc' is deprecated since 2023.2 release (neutron-lib 3.8.0) and will be removed once support for the old RBAC API policies will be removed from Neutron. Please use method 'is_service_role' instead.
2026-05-27 01:54:18.302 9 INFO neutron.wsgi [None req-4da2766b-7706-4dd8-9a02-ebd277f148ba b50a641435f143ec9b6e4bc48402fc12 f8e029c5b0874cd996bdd1acbf216cf0 - - default default] 10.0.0.76 "POST /v2.0/vpn/endpoint-groups HTTP/1.1" status: 201 len: 489 time: 0.0615690
2026-05-27 01:54:18.345 10 INFO neutron.wsgi [None req-41c1e24e-d0d3-4fb0-b2b1-4d34bf89abb0 b50a641435f143ec9b6e4bc48402fc12 f8e029c5b0874cd996bdd1acbf216cf0 - - default default] 10.0.0.76 "PUT /v2.0/vpn/endpoint-groups/b65df5d5-71df-40a1-a000-d3f2856fa10e HTTP/1.1" status: 200 len: 484 time: 0.0276575
2026-05-27 01:54:18.363 10 INFO neutron.wsgi [None req-8004cebe-63ed-4ed0-b27d-c45e6bca9b18 b50a641435f143ec9b6e4bc48402fc12 f8e029c5b0874cd996bdd1acbf216cf0 - - default default] 10.0.0.76 "GET /v2.0/vpn/endpoint-groups/b65df5d5-71df-40a1-a000-d3f2856fa10e HTTP/1.1" status: 200 len: 484 time: 0.0141926
2026-05-27 01:54:18.398 10 INFO neutron.wsgi [None req-684c5462-244a-46fa-a252-bc385d4c2ea2 b50a641435f143ec9b6e4bc48402fc12 f8e029c5b0874cd996bdd1acbf216cf0 - - default default] 10.0.0.76 "DELETE /v2.0/vpn/endpoint-groups/b65df5d5-71df-40a1-a000-d3f2856fa10e HTTP/1.1" status: 204 len: 168 time: 0.0295608
2026-05-27 01:54:18.414 10 INFO neutron.wsgi [None req-e569b2e8-7c3d-4aa1-b103-240dc030f333 b50a641435f143ec9b6e4bc48402fc12 f8e029c5b0874cd996bdd1acbf216cf0 - - default default] 10.0.0.76 "GET /v2.0/vpn/endpoint-groups HTTP/1.1" status: 200 len: 828 time: 0.0109379
2026-05-27 01:54:18.431 10 INFO neutron.wsgi [None req-c887036a-43dc-4671-ab2b-3b31d14a0d89 b50a641435f143ec9b6e4bc48402fc12 f8e029c5b0874cd996bdd1acbf216cf0 - - default default] 10.0.0.76 "GET /v2.0/vpn/endpoint-groups HTTP/1.1" status: 200 len: 828 time: 0.0116408
2026-05-27 01:54:18.447 9 WARNING neutron_lib.context [None req-48d7d82c-7777-4fe7-95bf-93232825d45d b50a641435f143ec9b6e4bc48402fc12 f8e029c5b0874cd996bdd1acbf216cf0 - - default default] Method 'is_advsvc' is deprecated since 2023.2 release (neutron-lib 3.8.0) and will be removed once support for the old RBAC API policies will be removed from Neutron. Please use method 'is_service_role' instead.
2026-05-27 01:54:18.485 9 INFO neutron.wsgi [None req-48d7d82c-7777-4fe7-95bf-93232825d45d b50a641435f143ec9b6e4bc48402fc12 f8e029c5b0874cd996bdd1acbf216cf0 - - default default] 10.0.0.76 "POST /v2.0/vpn/ikepolicies HTTP/1.1" status: 201 len: 601 time: 0.0458016
2026-05-27 01:54:18.521 9 INFO neutron.wsgi [None req-15811127-1e0a-47b5-817e-45438d290895 b50a641435f143ec9b6e4bc48402fc12 f8e029c5b0874cd996bdd1acbf216cf0 - - default default] 10.0.0.76 "PUT /v2.0/vpn/ikepolicies/e625edf9-fec2-464a-a3b1-133d78ad27ad HTTP/1.1" status: 200 len: 613 time: 0.0313096
2026-05-27 01:54:18.536 9 INFO neutron.wsgi [None req-c8f7ee5e-09e6-4bc4-8705-9237682b7aaa b50a641435f143ec9b6e4bc48402fc12 f8e029c5b0874cd996bdd1acbf216cf0 - - default default] 10.0.0.76 "GET /v2.0/vpn/ikepolicies/e625edf9-fec2-464a-a3b1-133d78ad27ad HTTP/1.1" status: 200 len: 613 time: 0.0108130
2026-05-27 01:54:18.571 9 INFO neutron.wsgi [None req-cc6e2808-a1d7-4752-bf4d-0c939eb8af37 b50a641435f143ec9b6e4bc48402fc12 f8e029c5b0874cd996bdd1acbf216cf0 - - default default] 10.0.0.76 "DELETE /v2.0/vpn/ikepolicies/e625edf9-fec2-464a-a3b1-133d78ad27ad HTTP/1.1" status: 204 len: 168 time: 0.0287118
2026-05-27 01:54:18.592 10 INFO neutron.wsgi [None req-b34d849b-2a4b-49b6-be43-788c55c23241 b50a641435f143ec9b6e4bc48402fc12 f8e029c5b0874cd996bdd1acbf216cf0 - - default default] 10.0.0.76 "GET /v2.0/vpn/ikepolicies HTTP/1.1" status: 200 len: 601 time: 0.0158494
2026-05-27 01:54:18.613 9 INFO neutron.wsgi [None req-1a434748-ed3c-4247-9adf-57c23131b848 b50a641435f143ec9b6e4bc48402fc12 f8e029c5b0874cd996bdd1acbf216cf0 - - default default] 10.0.0.76 "GET /v2.0/vpn/ikepolicies HTTP/1.1" status: 200 len: 601 time: 0.0163395
2026-05-27 01:54:18.623 9 WARNING neutron_lib.context [None req-4db363fd-802a-488a-bd1a-40c8ef6e4a16 b50a641435f143ec9b6e4bc48402fc12 f8e029c5b0874cd996bdd1acbf216cf0 - - default default] Method 'is_advsvc' is deprecated since 2023.2 release (neutron-lib 3.8.0) and will be removed once support for the old RBAC API policies will be removed from Neutron. Please use method 'is_service_role' instead.
2026-05-27 01:54:18.656 9 INFO neutron.wsgi [None req-4db363fd-802a-488a-bd1a-40c8ef6e4a16 b50a641435f143ec9b6e4bc48402fc12 f8e029c5b0874cd996bdd1acbf216cf0 - - default default] 10.0.0.76 "POST /v2.0/vpn/ipsecpolicies HTTP/1.1" status: 201 len: 611 time: 0.0380929
2026-05-27 01:54:18.692 9 INFO neutron.wsgi [None req-ccd4578f-4bb7-4e32-bc47-b2574a37486c b50a641435f143ec9b6e4bc48402fc12 f8e029c5b0874cd996bdd1acbf216cf0 - - default default] 10.0.0.76 "PUT /v2.0/vpn/ipsecpolicies/9eaa00c4-1b46-4498-90ea-27f9cf99c1bf HTTP/1.1" status: 200 len: 624 time: 0.0310969
2026-05-27 01:54:18.730 9 INFO neutron.wsgi [None req-11c5d1ec-2682-4a22-b74b-e902021fcce1 b50a641435f143ec9b6e4bc48402fc12 f8e029c5b0874cd996bdd1acbf216cf0 - - default default] 10.0.0.76 "DELETE /v2.0/vpn/ipsecpolicies/9eaa00c4-1b46-4498-90ea-27f9cf99c1bf HTTP/1.1" status: 204 len: 168 time: 0.0329058
2026-05-27 01:54:18.745 9 INFO neutron.api.v2.resource [None req-4ac76bcb-1483-4a51-a758-cb1f1c940cba b50a641435f143ec9b6e4bc48402fc12 f8e029c5b0874cd996bdd1acbf216cf0 - - default default] delete failed (client error): The resource could not be found.
2026-05-27 01:54:18.747 9 INFO neutron.wsgi [None req-4ac76bcb-1483-4a51-a758-cb1f1c940cba b50a641435f143ec9b6e4bc48402fc12 f8e029c5b0874cd996bdd1acbf216cf0 - - default default] 10.0.0.76 "DELETE /v2.0/vpn/ipsecpolicies/9eaa00c4-1b46-4498-90ea-27f9cf99c1bf HTTP/1.1" status: 404 len: 346 time: 0.0117352
2026-05-27 01:54:18.768 9 INFO neutron.api.v2.resource [None req-b40f7ae5-f949-4f58-9777-db7b33a6c526 b50a641435f143ec9b6e4bc48402fc12 f8e029c5b0874cd996bdd1acbf216cf0 - - default default] delete failed (client error): The resource could not be found.
2026-05-27 01:54:18.770 9 INFO neutron.wsgi [None req-b40f7ae5-f949-4f58-9777-db7b33a6c526 b50a641435f143ec9b6e4bc48402fc12 f8e029c5b0874cd996bdd1acbf216cf0 - - default default] 10.0.0.76 "DELETE /v2.0/vpn/ipsecpolicies/9eaa00c4-1b46-4498-90ea-27f9cf99c1bf HTTP/1.1" status: 404 len: 346 time: 0.0179098
2026-05-27 01:54:18.784 9 WARNING neutron_lib.context [None req-7188658f-ed8f-4790-8d3b-bae110a6b95e b50a641435f143ec9b6e4bc48402fc12 f8e029c5b0874cd996bdd1acbf216cf0 - - default default] Method 'is_advsvc' is deprecated since 2023.2 release (neutron-lib 3.8.0) and will be removed once support for the old RBAC API policies will be removed from Neutron. Please use method 'is_service_role' instead.
2026-05-27 01:54:18.873 9 INFO neutron.db.segments_db [None req-7188658f-ed8f-4790-8d3b-bae110a6b95e b50a641435f143ec9b6e4bc48402fc12 f8e029c5b0874cd996bdd1acbf216cf0 - - default default] Added segment 522c3868-4d66-4c31-be1d-94b893d34fe1 of type geneve for network 96cea43b-94f7-42c2-9d39-4f08da4bd4e4
2026-05-27 01:54:19.021 9 INFO neutron.db.ovn_revision_numbers_db [None req-7188658f-ed8f-4790-8d3b-bae110a6b95e b50a641435f143ec9b6e4bc48402fc12 f8e029c5b0874cd996bdd1acbf216cf0 - - default default] Successfully bumped revision number for resource 96cea43b-94f7-42c2-9d39-4f08da4bd4e4 (type: networks) to 1
2026-05-27 01:54:19.222 9 WARNING neutron.scheduler.dhcp_agent_scheduler [None req-7188658f-ed8f-4790-8d3b-bae110a6b95e b50a641435f143ec9b6e4bc48402fc12 f8e029c5b0874cd996bdd1acbf216cf0 - - default default] No more DHCP agents
2026-05-27 01:54:19.224 9 WARNING neutron.api.rpc.agentnotifiers.dhcp_rpc_agent_api [None req-7188658f-ed8f-4790-8d3b-bae110a6b95e b50a641435f143ec9b6e4bc48402fc12 f8e029c5b0874cd996bdd1acbf216cf0 - - default default] Unable to schedule network 96cea43b-94f7-42c2-9d39-4f08da4bd4e4: no agents available; will retry on subsequent port and subnet creation events.
2026-05-27 01:54:19.317 9 INFO neutron.db.ovn_revision_numbers_db [None req-7188658f-ed8f-4790-8d3b-bae110a6b95e b50a641435f143ec9b6e4bc48402fc12 f8e029c5b0874cd996bdd1acbf216cf0 - - default default] Successfully bumped revision number for resource dd7d0ac7-2213-4f7d-b48c-56b015c349ea (type: ports) to 1
2026-05-27 01:54:19.339 9 INFO neutron.wsgi [None req-7188658f-ed8f-4790-8d3b-bae110a6b95e b50a641435f143ec9b6e4bc48402fc12 f8e029c5b0874cd996bdd1acbf216cf0 - - default default] 10.0.0.76 "POST /v2.0/networks HTTP/1.1" status: 201 len: 831 time: 0.5619736
2026-05-27 01:54:19.352 9 WARNING neutron_lib.context [None req-89366a6d-bf67-4cc7-9668-19f0d826f3b2 b50a641435f143ec9b6e4bc48402fc12 f8e029c5b0874cd996bdd1acbf216cf0 - - default default] Method 'is_advsvc' is deprecated since 2023.2 release (neutron-lib 3.8.0) and will be removed once support for the old RBAC API policies will be removed from Neutron. Please use method 'is_service_role' instead.
2026-05-27 01:54:19.627 9 WARNING neutron.scheduler.dhcp_agent_scheduler [None req-89366a6d-bf67-4cc7-9668-19f0d826f3b2 b50a641435f143ec9b6e4bc48402fc12 f8e029c5b0874cd996bdd1acbf216cf0 - - default default] No more DHCP agents
2026-05-27 01:54:19.628 9 WARNING neutron.api.rpc.agentnotifiers.dhcp_rpc_agent_api [None req-89366a6d-bf67-4cc7-9668-19f0d826f3b2 b50a641435f143ec9b6e4bc48402fc12 f8e029c5b0874cd996bdd1acbf216cf0 - - default default] Unable to schedule network 96cea43b-94f7-42c2-9d39-4f08da4bd4e4: no agents available; will retry on subsequent port and subnet creation events.
2026-05-27 01:54:20.191 9 INFO neutron.db.ovn_revision_numbers_db [None req-89366a6d-bf67-4cc7-9668-19f0d826f3b2 b50a641435f143ec9b6e4bc48402fc12 f8e029c5b0874cd996bdd1acbf216cf0 - - default default] Successfully bumped revision number for resource dd7d0ac7-2213-4f7d-b48c-56b015c349ea (type: ports) to 2
2026-05-27 01:54:20.229 9 INFO neutron.db.ovn_revision_numbers_db [None req-89366a6d-bf67-4cc7-9668-19f0d826f3b2 b50a641435f143ec9b6e4bc48402fc12 f8e029c5b0874cd996bdd1acbf216cf0 - - default default] Successfully bumped revision number for resource bb7385ac-ffa0-488d-9d62-f845351b9e80 (type: subnets) to 0
2026-05-27 01:54:20.248 9 INFO neutron.wsgi [None req-89366a6d-bf67-4cc7-9668-19f0d826f3b2 b50a641435f143ec9b6e4bc48402fc12 f8e029c5b0874cd996bdd1acbf216cf0 - - default default] 10.0.0.76 "POST /v2.0/subnets HTTP/1.1" status: 201 len: 804 time: 0.9018421
2026-05-27 01:54:20.259 9 WARNING neutron_lib.context [None req-8c008650-efec-4ae2-8327-3193f67bd320 b50a641435f143ec9b6e4bc48402fc12 f8e029c5b0874cd996bdd1acbf216cf0 - - default default] Method 'is_advsvc' is deprecated since 2023.2 release (neutron-lib 3.8.0) and will be removed once support for the old RBAC API policies will be removed from Neutron. Please use method 'is_service_role' instead.
2026-05-27 01:54:20.787 9 WARNING neutron.scheduler.dhcp_agent_scheduler [None req-8c008650-efec-4ae2-8327-3193f67bd320 b50a641435f143ec9b6e4bc48402fc12 f8e029c5b0874cd996bdd1acbf216cf0 - - default default] No more DHCP agents
2026-05-27 01:54:20.789 9 WARNING neutron.api.rpc.agentnotifiers.dhcp_rpc_agent_api [None req-8c008650-efec-4ae2-8327-3193f67bd320 b50a641435f143ec9b6e4bc48402fc12 f8e029c5b0874cd996bdd1acbf216cf0 - - default default] Unable to schedule network 8c9f9782-a40c-4944-bf8b-e87dac191b04: no agents available; will retry on subsequent port and subnet creation events.
2026-05-27 01:54:20.969 9 INFO neutron.db.ovn_revision_numbers_db [None req-8c008650-efec-4ae2-8327-3193f67bd320 b50a641435f143ec9b6e4bc48402fc12 f8e029c5b0874cd996bdd1acbf216cf0 - - default default] Successfully bumped revision number for resource 668605ae-a05d-4193-b7f4-52359d5ac0c7 (type: ports) to 1
2026-05-27 01:54:22.083 9 INFO neutron.plugins.ml2.drivers.ovn.mech_driver.ovsdb.commands [None req-a3155e21-3d61-4a9b-bd3d-3da7e3a15847 - - - - - -] Schedule LRP lrp-668605ae-a05d-4193-b7f4-52359d5ac0c7 on gateway 511e0751-0370-4736-81aa-7c00f76d41aa with priority 1
2026-05-27 01:54:22.100 10 INFO neutron.plugins.ml2.drivers.ovn.mech_driver.mech_driver [None req-cc92ae5f-bebd-4e75-aa20-917944998ec5 - - - - - -] OVN reports status up for port: 668605ae-a05d-4193-b7f4-52359d5ac0c7
2026-05-27 01:54:22.106 10 INFO neutron.plugins.ml2.plugin [None req-cc92ae5f-bebd-4e75-aa20-917944998ec5 - - - - - -] Attempt 1 to provision port 668605ae-a05d-4193-b7f4-52359d5ac0c7
2026-05-27 01:54:22.134 9 INFO neutron.db.ovn_revision_numbers_db [None req-8c008650-efec-4ae2-8327-3193f67bd320 b50a641435f143ec9b6e4bc48402fc12 f8e029c5b0874cd996bdd1acbf216cf0 - - default default] Successfully bumped revision number for resource 668605ae-a05d-4193-b7f4-52359d5ac0c7 (type: router_ports) to 1
2026-05-27 01:54:22.214 9 INFO neutron.db.ovn_revision_numbers_db [None req-8c008650-efec-4ae2-8327-3193f67bd320 b50a641435f143ec9b6e4bc48402fc12 f8e029c5b0874cd996bdd1acbf216cf0 - - default default] Successfully bumped revision number for resource 3232a72f-8ce2-4d38-a8d4-51281ddde099 (type: routers) to 2
2026-05-27 01:54:22.232 9 INFO neutron.wsgi [None req-8c008650-efec-4ae2-8327-3193f67bd320 b50a641435f143ec9b6e4bc48402fc12 f8e029c5b0874cd996bdd1acbf216cf0 - - default default] 10.0.0.76 "POST /v2.0/routers HTTP/1.1" status: 201 len: 1136 time: 1.9794710
2026-05-27 01:54:22.836 9 WARNING neutron.scheduler.dhcp_agent_scheduler [None req-62f701e0-0395-4864-9dca-07fcc4098b6c b50a641435f143ec9b6e4bc48402fc12 f8e029c5b0874cd996bdd1acbf216cf0 - - default default] No more DHCP agents
2026-05-27 01:54:22.838 9 WARNING neutron.api.rpc.agentnotifiers.dhcp_rpc_agent_api [None req-62f701e0-0395-4864-9dca-07fcc4098b6c b50a641435f143ec9b6e4bc48402fc12 f8e029c5b0874cd996bdd1acbf216cf0 - - default default] Unable to schedule network 96cea43b-94f7-42c2-9d39-4f08da4bd4e4: no agents available; will retry on subsequent port and subnet creation events.
2026-05-27 01:54:22.996 9 INFO neutron.db.ovn_revision_numbers_db [None req-62f701e0-0395-4864-9dca-07fcc4098b6c b50a641435f143ec9b6e4bc48402fc12 f8e029c5b0874cd996bdd1acbf216cf0 - - default default] Successfully bumped revision number for resource 7daea082-3210-40d3-8431-6d6c51bddf9d (type: ports) to 1
2026-05-27 01:54:23.649 9 ERROR ovsdbapp.backend.ovs_idl.command [None req-62f701e0-0395-4864-9dca-07fcc4098b6c b50a641435f143ec9b6e4bc48402fc12 f8e029c5b0874cd996bdd1acbf216cf0 - - default default] Error executing command (DbGetCommand): ovsdbapp.backend.ovs_idl.idlutils.RowNotFound: Cannot find Logical_Router_Port with name=lrp-7daea082-3210-40d3-8431-6d6c51bddf9d
2026-05-27 01:54:23.649 9 ERROR ovsdbapp.backend.ovs_idl.command
Traceback (most recent call last):
2026-05-27 01:54:23.649 9 ERROR ovsdbapp.backend.ovs_idl.command
File "/var/lib/openstack/lib/python3.10/site-packages/ovsdbapp/backend/ovs_idl/command.py", line 47, in execute
2026-05-27 01:54:23.649 9 ERROR ovsdbapp.backend.ovs_idl.command self.run_idl(None)
2026-05-27 01:54:23.649 9 ERROR ovsdbapp.backend.ovs_idl.command
File "/var/lib/openstack/lib/python3.10/site-packages/ovsdbapp/backend/ovs_idl/command.py", line 235, in run_idl
2026-05-27 01:54:23.649 9 ERROR ovsdbapp.backend.ovs_idl.command record = self.api.lookup(self.table, self.record)
2026-05-27 01:54:23.649 9 ERROR ovsdbapp.backend.ovs_idl.command
File "/var/lib/openstack/lib/python3.10/site-packages/ovsdbapp/backend/ovs_idl/__init__.py", line 184, in lookup
2026-05-27 01:54:23.649 9 ERROR ovsdbapp.backend.ovs_idl.command return self._lookup(table, record)
2026-05-27 01:54:23.649 9 ERROR ovsdbapp.backend.ovs_idl.command
File "/var/lib/openstack/lib/python3.10/site-packages/ovsdbapp/backend/ovs_idl/__init__.py", line 235, in _lookup
2026-05-27 01:54:23.649 9 ERROR ovsdbapp.backend.ovs_idl.command row = idlutils.row_by_value(self, rl.table, rl.column, record)
2026-05-27 01:54:23.649 9 ERROR ovsdbapp.backend.ovs_idl.command
File "/var/lib/openstack/lib/python3.10/site-packages/ovsdbapp/backend/ovs_idl/idlutils.py", line 114, in row_by_value
2026-05-27 01:54:23.649 9 ERROR ovsdbapp.backend.ovs_idl.command raise RowNotFound(table=table, col=column, match=match)
2026-05-27 01:54:23.649 9 ERROR ovsdbapp.backend.ovs_idl.command ovsdbapp.backend.ovs_idl.idlutils.RowNotFound: Cannot find Logical_Router_Port with name=lrp-7daea082-3210-40d3-8431-6d6c51bddf9d
2026-05-27 01:54:23.649 9 ERROR ovsdbapp.backend.ovs_idl.command 
2026-05-27 01:54:23.650 9 ERROR neutron_lib.callbacks.manager [None req-62f701e0-0395-4864-9dca-07fcc4098b6c b50a641435f143ec9b6e4bc48402fc12 f8e029c5b0874cd996bdd1acbf216cf0 - - default default] Error during notification for neutron.services.ovn_l3.plugin.OVNL3RouterPlugin._port_update-8783636906735 port, after_update: ovsdbapp.backend.ovs_idl.idlutils.RowNotFound: Cannot find Logical_Router_Port with name=lrp-7daea082-3210-40d3-8431-6d6c51bddf9d
2026-05-27 01:54:23.650 9 ERROR neutron_lib.callbacks.manager
Traceback (most recent call last):
2026-05-27 01:54:23.650 9 ERROR neutron_lib.callbacks.manager
File "/var/lib/openstack/lib/python3.10/site-packages/neutron_lib/callbacks/manager.py", line 189, in _notify_loop
2026-05-27 01:54:23.650 9 ERROR neutron_lib.callbacks.manager callback.method(resource, event, trigger, payload=payload)
2026-05-27 01:54:23.650 9 ERROR neutron_lib.callbacks.manager
File "/var/lib/openstack/lib/python3.10/site-packages/neutron/services/ovn_l3/plugin.py", line 391, in _port_update
2026-05-27 01:54:23.650 9 ERROR neutron_lib.callbacks.manager l3plugin._ovn_client.update_router_port(context,
2026-05-27 01:54:23.650 9 ERROR neutron_lib.callbacks.manager
File "/var/lib/openstack/lib/python3.10/site-packages/neutron/plugins/ml2/drivers/ovn/mech_driver/ovsdb/ovn_client.py", line 1878, in update_router_port
2026-05-27 01:54:23.650 9 ERROR neutron_lib.callbacks.manager self._update_lrouter_port(context, port, if_exists=if_exists,
2026-05-27 01:54:23.650 9 ERROR neutron_lib.callbacks.manager
File "/var/lib/openstack/lib/python3.10/site-packages/neutron/plugins/ml2/drivers/ovn/mech_driver/ovsdb/ovn_client.py", line 1855, in _update_lrouter_port
2026-05-27 01:54:23.650 9 ERROR neutron_lib.callbacks.manager external_ids = self._nb_idl.db_get(
2026-05-27 01:54:23.650 9 ERROR neutron_lib.callbacks.manager
File "/var/lib/openstack/lib/python3.10/site-packages/ovsdbapp/backend/ovs_idl/command.py", line 47, in execute
2026-05-27 01:54:23.650 9 ERROR neutron_lib.callbacks.manager self.run_idl(None)
2026-05-27 01:54:23.650 9 ERROR neutron_lib.callbacks.manager
File "/var/lib/openstack/lib/python3.10/site-packages/ovsdbapp/backend/ovs_idl/command.py", line 235, in run_idl
