2026-05-27 01:52:54.520 9 INFO neutron.db.ovn_revision_numbers_db [None req-ed30b9c5-f2c4-4b70-9433-44ba04e4dfe9 9b79efb632104899a29982ab5c7db7f5 1c23899b06fb4ba49e519f066ce75c14 - - default default] Successfully bumped revision number for resource 02b6ff5c-0e50-4bd8-917f-0e5d168e328f (type: security_group_rules) to 0
2026-05-27 01:52:54.530 9 INFO neutron.db.ovn_revision_numbers_db [None req-ed30b9c5-f2c4-4b70-9433-44ba04e4dfe9 9b79efb632104899a29982ab5c7db7f5 1c23899b06fb4ba49e519f066ce75c14 - - default default] Successfully bumped revision number for resource 3bb9558d-620c-48ea-8351-ce4b3c1067cd (type: security_group_rules) to 0
2026-05-27 01:52:54.545 9 INFO neutron.db.ovn_revision_numbers_db [None req-ed30b9c5-f2c4-4b70-9433-44ba04e4dfe9 9b79efb632104899a29982ab5c7db7f5 1c23899b06fb4ba49e519f066ce75c14 - - default default] Successfully bumped revision number for resource bff6e839-432c-4b14-b7b0-b2f33874e70d (type: security_group_rules) to 0
2026-05-27 01:52:54.557 9 INFO neutron.db.ovn_revision_numbers_db [None req-ed30b9c5-f2c4-4b70-9433-44ba04e4dfe9 9b79efb632104899a29982ab5c7db7f5 1c23899b06fb4ba49e519f066ce75c14 - - default default] Successfully bumped revision number for resource de317e0d-aff2-4fb1-a0dc-383bc30419d7 (type: security_group_rules) to 0
2026-05-27 01:52:54.586 9 INFO neutron.wsgi [None req-ed30b9c5-f2c4-4b70-9433-44ba04e4dfe9 9b79efb632104899a29982ab5c7db7f5 1c23899b06fb4ba49e519f066ce75c14 - - default default] 10.0.0.76 "GET /v2.0/security-groups?tenant_id=d29a78154f784e318e8dc1388761bd2e&name=default HTTP/1.1" status: 200 len: 3120 time: 0.2353950
2026-05-27 01:52:54.841 9 INFO neutron.wsgi [None req-3560ace0-fa2c-4939-8d8e-43e0c8e2230a 9b79efb632104899a29982ab5c7db7f5 1c23899b06fb4ba49e519f066ce75c14 - - default default] 10.0.0.76 "DELETE /v2.0/security-groups/d1a3251a-39cf-4823-9991-31c37848de5f HTTP/1.1" status: 204 len: 168 time: 0.2503424
2026-05-27 01:52:56.807 9 INFO neutron.wsgi [-] 10.0.0.148 "GET / HTTP/1.1" status: 200 len: 247 time: 0.0028620
2026-05-27 01:52:56.810 10 INFO neutron.wsgi [-] 10.0.0.148 "GET / HTTP/1.1" status: 200 len: 247 time: 0.0027547
2026-05-27 01:52:59.292 9 WARNING neutron_lib.context [None req-d8198b0f-f2a2-455d-86c0-e05ae2d18200 ecaea285391a4e84b2da17d2e4c40f53 5e53f4709eef4d2a8b504d6799aff8bd - - default default] Method 'is_advsvc' is deprecated since 2023.2 release (neutron-lib 3.8.0) and will be removed once support for the old RBAC API policies will be removed from Neutron. Please use method 'is_service_role' instead.
2026-05-27 01:52:59.449 9 INFO neutron.db.ovn_revision_numbers_db [None req-d8198b0f-f2a2-455d-86c0-e05ae2d18200 ecaea285391a4e84b2da17d2e4c40f53 5e53f4709eef4d2a8b504d6799aff8bd - - default default] Successfully bumped revision number for resource 8e2a430b-7c45-4815-b3c0-b63ffcfa92b1 (type: security_groups) to 1
2026-05-27 01:52:59.464 9 INFO neutron.db.ovn_revision_numbers_db [None req-d8198b0f-f2a2-455d-86c0-e05ae2d18200 ecaea285391a4e84b2da17d2e4c40f53 5e53f4709eef4d2a8b504d6799aff8bd - - default default] Successfully bumped revision number for resource 10f2554c-0361-4143-b5d5-238e362e022c (type: security_group_rules) to 0
2026-05-27 01:52:59.477 9 INFO neutron.db.ovn_revision_numbers_db [None req-d8198b0f-f2a2-455d-86c0-e05ae2d18200 ecaea285391a4e84b2da17d2e4c40f53 5e53f4709eef4d2a8b504d6799aff8bd - - default default] Successfully bumped revision number for resource 1b64fd03-e83c-4c2a-a76b-93d1eff0dcd5 (type: security_group_rules) to 0
2026-05-27 01:52:59.490 9 INFO neutron.db.ovn_revision_numbers_db [None req-d8198b0f-f2a2-455d-86c0-e05ae2d18200 ecaea285391a4e84b2da17d2e4c40f53 5e53f4709eef4d2a8b504d6799aff8bd - - default default] Successfully bumped revision number for resource 6217266d-d703-4f63-a88b-179fb593b55f (type: security_group_rules) to 0
2026-05-27 01:52:59.504 9 INFO neutron.db.ovn_revision_numbers_db [None req-d8198b0f-f2a2-455d-86c0-e05ae2d18200 ecaea285391a4e84b2da17d2e4c40f53 5e53f4709eef4d2a8b504d6799aff8bd - - default default] Successfully bumped revision number for resource ccebc480-cd26-4b0a-a4a0-5dbb7ae2e8aa (type: security_group_rules) to 0
2026-05-27 01:52:59.552 9 INFO neutron.db.segments_db [None req-d8198b0f-f2a2-455d-86c0-e05ae2d18200 ecaea285391a4e84b2da17d2e4c40f53 5e53f4709eef4d2a8b504d6799aff8bd - - default default] Added segment e1f9b111-8ec0-4661-9371-9dc0b87ca0d0 of type geneve for network d0c1f11b-a74a-4cec-aa89-928899b229b6
2026-05-27 01:52:59.705 9 INFO neutron.db.ovn_revision_numbers_db [None req-d8198b0f-f2a2-455d-86c0-e05ae2d18200 ecaea285391a4e84b2da17d2e4c40f53 5e53f4709eef4d2a8b504d6799aff8bd - - default default] Successfully bumped revision number for resource d0c1f11b-a74a-4cec-aa89-928899b229b6 (type: networks) to 1
2026-05-27 01:52:59.925 9 WARNING neutron.scheduler.dhcp_agent_scheduler [None req-d8198b0f-f2a2-455d-86c0-e05ae2d18200 ecaea285391a4e84b2da17d2e4c40f53 5e53f4709eef4d2a8b504d6799aff8bd - - default default] No more DHCP agents
2026-05-27 01:52:59.927 9 WARNING neutron.api.rpc.agentnotifiers.dhcp_rpc_agent_api [None req-d8198b0f-f2a2-455d-86c0-e05ae2d18200 ecaea285391a4e84b2da17d2e4c40f53 5e53f4709eef4d2a8b504d6799aff8bd - - default default] Unable to schedule network d0c1f11b-a74a-4cec-aa89-928899b229b6: no agents available; will retry on subsequent port and subnet creation events.
2026-05-27 01:53:00.009 9 INFO neutron.db.ovn_revision_numbers_db [None req-d8198b0f-f2a2-455d-86c0-e05ae2d18200 ecaea285391a4e84b2da17d2e4c40f53 5e53f4709eef4d2a8b504d6799aff8bd - - default default] Successfully bumped revision number for resource f15ffd43-566a-4319-b784-a85157586eb7 (type: ports) to 1
2026-05-27 01:53:00.034 9 INFO neutron.wsgi [None req-d8198b0f-f2a2-455d-86c0-e05ae2d18200 ecaea285391a4e84b2da17d2e4c40f53 5e53f4709eef4d2a8b504d6799aff8bd - - default default] 10.0.0.76 "POST /v2.0/networks HTTP/1.1" status: 201 len: 829 time: 0.8993535
2026-05-27 01:53:00.049 9 WARNING neutron_lib.context [None req-48b04906-7c3a-406b-85e0-f7925fa8be82 ecaea285391a4e84b2da17d2e4c40f53 5e53f4709eef4d2a8b504d6799aff8bd - - default default] Method 'is_advsvc' is deprecated since 2023.2 release (neutron-lib 3.8.0) and will be removed once support for the old RBAC API policies will be removed from Neutron. Please use method 'is_service_role' instead.
2026-05-27 01:53:00.316 9 WARNING neutron.scheduler.dhcp_agent_scheduler [None req-48b04906-7c3a-406b-85e0-f7925fa8be82 ecaea285391a4e84b2da17d2e4c40f53 5e53f4709eef4d2a8b504d6799aff8bd - - default default] No more DHCP agents
2026-05-27 01:53:00.318 9 WARNING neutron.api.rpc.agentnotifiers.dhcp_rpc_agent_api [None req-48b04906-7c3a-406b-85e0-f7925fa8be82 ecaea285391a4e84b2da17d2e4c40f53 5e53f4709eef4d2a8b504d6799aff8bd - - default default] Unable to schedule network d0c1f11b-a74a-4cec-aa89-928899b229b6: no agents available; will retry on subsequent port and subnet creation events.
2026-05-27 01:53:00.406 9 INFO neutron.db.ovn_revision_numbers_db [None req-48b04906-7c3a-406b-85e0-f7925fa8be82 ecaea285391a4e84b2da17d2e4c40f53 5e53f4709eef4d2a8b504d6799aff8bd - - default default] Successfully bumped revision number for resource 74fcf2c0-d1fc-43ff-8763-28c79e990679 (type: ports) to 1
2026-05-27 01:53:00.438 9 INFO neutron.wsgi [None req-48b04906-7c3a-406b-85e0-f7925fa8be82 ecaea285391a4e84b2da17d2e4c40f53 5e53f4709eef4d2a8b504d6799aff8bd - - default default] 10.0.0.76 "POST /v2.0/ports HTTP/1.1" status: 201 len: 942 time: 0.3956230
2026-05-27 01:53:00.450 10 WARNING neutron_lib.context [None req-d48235c5-5fe7-43f7-bbb5-3c1588145356 ecaea285391a4e84b2da17d2e4c40f53 5e53f4709eef4d2a8b504d6799aff8bd - - default default] Method 'is_advsvc' is deprecated since 2023.2 release (neutron-lib 3.8.0) and will be removed once support for the old RBAC API policies will be removed from Neutron. Please use method 'is_service_role' instead.
2026-05-27 01:53:00.542 10 INFO neutron.db.segments_db [None req-d48235c5-5fe7-43f7-bbb5-3c1588145356 ecaea285391a4e84b2da17d2e4c40f53 5e53f4709eef4d2a8b504d6799aff8bd - - default default] Added segment f462c880-d75b-4146-a9be-64f61f8250b1 of type geneve for network 9f3b41ad-20d0-491a-8b32-d49b4ae89161
2026-05-27 01:53:00.701 10 INFO neutron.db.ovn_revision_numbers_db [None req-d48235c5-5fe7-43f7-bbb5-3c1588145356 ecaea285391a4e84b2da17d2e4c40f53 5e53f4709eef4d2a8b504d6799aff8bd - - default default] Successfully bumped revision number for resource 9f3b41ad-20d0-491a-8b32-d49b4ae89161 (type: networks) to 1
2026-05-27 01:53:00.887 10 WARNING neutron.scheduler.dhcp_agent_scheduler [None req-d48235c5-5fe7-43f7-bbb5-3c1588145356 ecaea285391a4e84b2da17d2e4c40f53 5e53f4709eef4d2a8b504d6799aff8bd - - default default] No more DHCP agents
2026-05-27 01:53:00.889 10 WARNING neutron.api.rpc.agentnotifiers.dhcp_rpc_agent_api [None req-d48235c5-5fe7-43f7-bbb5-3c1588145356 ecaea285391a4e84b2da17d2e4c40f53 5e53f4709eef4d2a8b504d6799aff8bd - - default default] Unable to schedule network 9f3b41ad-20d0-491a-8b32-d49b4ae89161: no agents available; will retry on subsequent port and subnet creation events.
2026-05-27 01:53:00.973 10 INFO neutron.db.ovn_revision_numbers_db [None req-d48235c5-5fe7-43f7-bbb5-3c1588145356 ecaea285391a4e84b2da17d2e4c40f53 5e53f4709eef4d2a8b504d6799aff8bd - - default default] Successfully bumped revision number for resource a5533954-e350-45ed-9dac-33c7d81121c3 (type: ports) to 1
2026-05-27 01:53:01.003 10 INFO neutron.wsgi [None req-d48235c5-5fe7-43f7-bbb5-3c1588145356 ecaea285391a4e84b2da17d2e4c40f53 5e53f4709eef4d2a8b504d6799aff8bd - - default default] 10.0.0.76 "POST /v2.0/networks HTTP/1.1" status: 201 len: 827 time: 0.5592084
2026-05-27 01:53:01.015 10 WARNING neutron_lib.context [None req-abb80e88-4dff-4685-ad67-24c4c1048d93 ecaea285391a4e84b2da17d2e4c40f53 5e53f4709eef4d2a8b504d6799aff8bd - - default default] Method 'is_advsvc' is deprecated since 2023.2 release (neutron-lib 3.8.0) and will be removed once support for the old RBAC API policies will be removed from Neutron. Please use method 'is_service_role' instead.
2026-05-27 01:53:01.277 10 WARNING neutron.scheduler.dhcp_agent_scheduler [None req-abb80e88-4dff-4685-ad67-24c4c1048d93 ecaea285391a4e84b2da17d2e4c40f53 5e53f4709eef4d2a8b504d6799aff8bd - - default default] No more DHCP agents
2026-05-27 01:53:01.280 10 WARNING neutron.api.rpc.agentnotifiers.dhcp_rpc_agent_api [None req-abb80e88-4dff-4685-ad67-24c4c1048d93 ecaea285391a4e84b2da17d2e4c40f53 5e53f4709eef4d2a8b504d6799aff8bd - - default default] Unable to schedule network 9f3b41ad-20d0-491a-8b32-d49b4ae89161: no agents available; will retry on subsequent port and subnet creation events. /var/lib/openstack/lib/python3.10/site-packages/pycadf/identifier.py:71: UserWarning: Invalid uuid: neutron. To ensure interoperability, identifiers should be a valid uuid. warnings.warn(('Invalid uuid: %s. To ensure interoperability, '
2026-05-27 01:53:01.369 10 INFO neutron.db.ovn_revision_numbers_db [None req-abb80e88-4dff-4685-ad67-24c4c1048d93 ecaea285391a4e84b2da17d2e4c40f53 5e53f4709eef4d2a8b504d6799aff8bd - - default default] Successfully bumped revision number for resource 93980d1c-aa71-4424-9e8c-291995007918 (type: ports) to 1
2026-05-27 01:53:01.379 9 INFO neutron.wsgi [req-c1f77c4d-58b4-4db0-96cd-295a62310937 req-1731af1d-0ced-492d-b4d3-ebcfd75c415e 1a47b0d887c447aea0ebb3ee85e7c9d0 f2ad3ce9048c47b381a06672538ef719 - - default default] 10.0.0.103 "GET /v2.0/ports?device_id=4e6e72fe-d9df-4da9-91e8-a1e1e2bd5b35 HTTP/1.1" status: 200 len: 1210 time: 0.1004250
2026-05-27 01:53:01.398 10 INFO neutron.wsgi [None req-abb80e88-4dff-4685-ad67-24c4c1048d93 ecaea285391a4e84b2da17d2e4c40f53 5e53f4709eef4d2a8b504d6799aff8bd - - default default] 10.0.0.76 "POST /v2.0/ports HTTP/1.1" status: 201 len: 942 time: 0.3890419 /var/lib/openstack/lib/python3.10/site-packages/pycadf/identifier.py:71: UserWarning: Invalid uuid: neutron. To ensure interoperability, identifiers should be a valid uuid. warnings.warn(('Invalid uuid: %s. To ensure interoperability, '
2026-05-27 01:53:01.409 10 WARNING neutron_lib.context [None req-3dab529f-9a57-46c1-89a4-852e3fee2645 ecaea285391a4e84b2da17d2e4c40f53 5e53f4709eef4d2a8b504d6799aff8bd - - default default] Method 'is_advsvc' is deprecated since 2023.2 release (neutron-lib 3.8.0) and will be removed once support for the old RBAC API policies will be removed from Neutron. Please use method 'is_service_role' instead.
2026-05-27 01:53:01.434 9 INFO neutron.wsgi [req-c1f77c4d-58b4-4db0-96cd-295a62310937 req-f4af8f03-65ed-4d7b-8481-7058fc3d4a23 1a47b0d887c447aea0ebb3ee85e7c9d0 f2ad3ce9048c47b381a06672538ef719 - - default default] 10.0.0.103 "GET /v2.0/security-groups?id=d9a5c811-0cfa-4a88-af42-276a202a8bb2&id=938a5dab-ddf0-435b-87af-8b5c581a9d5e&fields=id&fields=name HTTP/1.1" status: 200 len: 403 time: 0.0487268
2026-05-27 01:53:01.496 10 INFO neutron.db.segments_db [None req-3dab529f-9a57-46c1-89a4-852e3fee2645 ecaea285391a4e84b2da17d2e4c40f53 5e53f4709eef4d2a8b504d6799aff8bd - - default default] Added segment 001fc63a-ed2a-47e2-b0c2-0cb5f8c5fe82 of type geneve for network 6f7d4775-5198-46a1-b60f-b5e06b8e95d4
2026-05-27 01:53:01.619 10 INFO neutron.wsgi [None req-7b650ded-0c1d-4d1b-94a1-f3337c1fee30 3d74037af4c44accb312720397f38d5d a3f8623b29964182bd59d4fcaa6d4272 - - default default] 10.0.0.76 "GET /v2.0/ports?device_id=4e6e72fe-d9df-4da9-91e8-a1e1e2bd5b35 HTTP/1.1" status: 200 len: 1443 time: 0.1547487
2026-05-27 01:53:01.667 10 INFO neutron.db.ovn_revision_numbers_db [None req-3dab529f-9a57-46c1-89a4-852e3fee2645 ecaea285391a4e84b2da17d2e4c40f53 5e53f4709eef4d2a8b504d6799aff8bd - - default default] Successfully bumped revision number for resource 6f7d4775-5198-46a1-b60f-b5e06b8e95d4 (type: networks) to 1
2026-05-27 01:53:01.701 9 INFO neutron.wsgi [None req-337526a8-94cb-43a0-bfb7-b37527651fd2 1a47b0d887c447aea0ebb3ee85e7c9d0 f2ad3ce9048c47b381a06672538ef719 - - default default] 10.0.0.76 "GET /v2.0/floatingips?floating_network_id=8c9f9782-a40c-4944-bf8b-e87dac191b04&port_id=d8aa1a29-6ded-4198-9594-7f8b26bde6ef HTTP/1.1" status: 200 len: 1054 time: 0.0758421
2026-05-27 01:53:01.880 10 WARNING neutron.scheduler.dhcp_agent_scheduler [None req-3dab529f-9a57-46c1-89a4-852e3fee2645 ecaea285391a4e84b2da17d2e4c40f53 5e53f4709eef4d2a8b504d6799aff8bd - - default default] No more DHCP agents
2026-05-27 01:53:01.883 10 WARNING neutron.api.rpc.agentnotifiers.dhcp_rpc_agent_api [None req-3dab529f-9a57-46c1-89a4-852e3fee2645 ecaea285391a4e84b2da17d2e4c40f53 5e53f4709eef4d2a8b504d6799aff8bd - - default default] Unable to schedule network 6f7d4775-5198-46a1-b60f-b5e06b8e95d4: no agents available; will retry on subsequent port and subnet creation events.
2026-05-27 01:53:01.964 10 INFO neutron.db.ovn_revision_numbers_db [None req-3dab529f-9a57-46c1-89a4-852e3fee2645 ecaea285391a4e84b2da17d2e4c40f53 5e53f4709eef4d2a8b504d6799aff8bd - - default default] Successfully bumped revision number for resource 8c266823-4d01-4a33-8042-5171ee80ec66 (type: ports) to 1
2026-05-27 01:53:01.987 9 INFO neutron.wsgi [req-cb7ae547-b1ad-41b2-9969-03e7d0426933 req-7bf80c2c-8d52-4aec-a2ce-5eadfcde493c fc69de7d45ee4886828c95b3c0500558 c060b4b2087b4a8a975ad4099f2ce171 - - d5fe3bbb03c64be7acb79c7309a0a069 d5fe3bbb03c64be7acb79c7309a0a069] 10.0.0.52 "GET /v2.0/ports?device_id=4e6e72fe-d9df-4da9-91e8-a1e1e2bd5b35 HTTP/1.1" status: 200 len: 1448 time: 0.0433993
2026-05-27 01:53:01.994 10 INFO neutron.wsgi [None req-3dab529f-9a57-46c1-89a4-852e3fee2645 ecaea285391a4e84b2da17d2e4c40f53 5e53f4709eef4d2a8b504d6799aff8bd - - default default] 10.0.0.76 "POST /v2.0/networks HTTP/1.1" status: 201 len: 830 time: 0.5901358
2026-05-27 01:53:02.008 10 WARNING neutron_lib.context [None req-914490d8-405d-4384-b9e5-82b693dd4d98 ecaea285391a4e84b2da17d2e4c40f53 5e53f4709eef4d2a8b504d6799aff8bd - - default default] Method 'is_advsvc' is deprecated since 2023.2 release (neutron-lib 3.8.0) and will be removed once support for the old RBAC API policies will be removed from Neutron. Please use method 'is_service_role' instead.
2026-05-27 01:53:02.064 9 INFO neutron.wsgi [req-cb7ae547-b1ad-41b2-9969-03e7d0426933 req-d1a0b461-1391-44df-bd12-66b4136dec1e fc69de7d45ee4886828c95b3c0500558 c060b4b2087b4a8a975ad4099f2ce171 - - d5fe3bbb03c64be7acb79c7309a0a069 d5fe3bbb03c64be7acb79c7309a0a069] 10.0.0.52 "GET /v2.0/security-groups?id=d9a5c811-0cfa-4a88-af42-276a202a8bb2&id=938a5dab-ddf0-435b-87af-8b5c581a9d5e&fields=id&fields=name HTTP/1.1" status: 200 len: 403 time: 0.0693953
2026-05-27 01:53:02.298 10 WARNING neutron.scheduler.dhcp_agent_scheduler [None req-914490d8-405d-4384-b9e5-82b693dd4d98 ecaea285391a4e84b2da17d2e4c40f53 5e53f4709eef4d2a8b504d6799aff8bd - - default default] No more DHCP agents
2026-05-27 01:53:02.302 10 WARNING neutron.api.rpc.agentnotifiers.dhcp_rpc_agent_api [None req-914490d8-405d-4384-b9e5-82b693dd4d98 ecaea285391a4e84b2da17d2e4c40f53 5e53f4709eef4d2a8b504d6799aff8bd - - default default] Unable to schedule network 6f7d4775-5198-46a1-b60f-b5e06b8e95d4: no agents available; will retry on subsequent port and subnet creation events.
2026-05-27 01:53:02.387 10 INFO neutron.db.ovn_revision_numbers_db [None req-914490d8-405d-4384-b9e5-82b693dd4d98 ecaea285391a4e84b2da17d2e4c40f53 5e53f4709eef4d2a8b504d6799aff8bd - - default default] Successfully bumped revision number for resource 86f8fbd3-8c04-4dce-9a5f-1bb46997a3b1 (type: ports) to 1
2026-05-27 01:53:02.413 10 INFO neutron.wsgi [None req-914490d8-405d-4384-b9e5-82b693dd4d98 ecaea285391a4e84b2da17d2e4c40f53 5e53f4709eef4d2a8b504d6799aff8bd - - default default] 10.0.0.76 "POST /v2.0/ports HTTP/1.1" status: 201 len: 942 time: 0.4122853 /var/lib/openstack/lib/python3.10/site-packages/pycadf/identifier.py:71: UserWarning: Invalid uuid: neutron. To ensure interoperability, identifiers should be a valid uuid. warnings.warn(('Invalid uuid: %s. To ensure interoperability, '
2026-05-27 01:53:02.425 10 WARNING neutron_lib.context [None req-72834b77-8336-46bc-843f-b06097908c52 ecaea285391a4e84b2da17d2e4c40f53 5e53f4709eef4d2a8b504d6799aff8bd - - default default] Method 'is_advsvc' is deprecated since 2023.2 release (neutron-lib 3.8.0) and will be removed once support for the old RBAC API policies will be removed from Neutron. Please use method 'is_service_role' instead.
2026-05-27 01:53:02.518 10 INFO neutron.db.segments_db [None req-72834b77-8336-46bc-843f-b06097908c52 ecaea285391a4e84b2da17d2e4c40f53 5e53f4709eef4d2a8b504d6799aff8bd - - default default] Added segment 1e1789eb-f543-4c68-8137-b9b00a4975e9 of type geneve for network 326dc7f0-9c34-4824-84d4-f1b4945d73ab
2026-05-27 01:53:02.683 10 INFO neutron.db.ovn_revision_numbers_db [None req-72834b77-8336-46bc-843f-b06097908c52 ecaea285391a4e84b2da17d2e4c40f53 5e53f4709eef4d2a8b504d6799aff8bd - - default default] Successfully bumped revision number for resource 326dc7f0-9c34-4824-84d4-f1b4945d73ab (type: networks) to 1
2026-05-27 01:53:02.865 10 WARNING neutron.scheduler.dhcp_agent_scheduler [None req-72834b77-8336-46bc-843f-b06097908c52 ecaea285391a4e84b2da17d2e4c40f53 5e53f4709eef4d2a8b504d6799aff8bd - - default default] No more DHCP agents
2026-05-27 01:53:02.867 10 WARNING neutron.api.rpc.agentnotifiers.dhcp_rpc_agent_api [None req-72834b77-8336-46bc-843f-b06097908c52 ecaea285391a4e84b2da17d2e4c40f53 5e53f4709eef4d2a8b504d6799aff8bd - - default default] Unable to schedule network 326dc7f0-9c34-4824-84d4-f1b4945d73ab: no agents available; will retry on subsequent port and subnet creation events.
2026-05-27 01:53:02.967 10 INFO neutron.db.ovn_revision_numbers_db [None req-72834b77-8336-46bc-843f-b06097908c52 ecaea285391a4e84b2da17d2e4c40f53 5e53f4709eef4d2a8b504d6799aff8bd - - default default] Successfully bumped revision number for resource ddf9e1a2-68d7-4221-90d5-516b2da9d46c (type: ports) to 1
2026-05-27 01:53:02.989 10 INFO neutron.wsgi [None req-72834b77-8336-46bc-843f-b06097908c52 ecaea285391a4e84b2da17d2e4c40f53 5e53f4709eef4d2a8b504d6799aff8bd - - default default] 10.0.0.76 "POST /v2.0/networks HTTP/1.1" status: 201 len: 830 time: 0.5709891
2026-05-27 01:53:03.003 10 WARNING neutron_lib.context [None req-aac74b1c-1124-458a-92db-c0d652a8d86a ecaea285391a4e84b2da17d2e4c40f53 5e53f4709eef4d2a8b504d6799aff8bd - - default default] Method 'is_advsvc' is deprecated since 2023.2 release (neutron-lib 3.8.0) and will be removed once support for the old RBAC API policies will be removed from Neutron. Please use method 'is_service_role' instead.
2026-05-27 01:53:03.275 10 WARNING neutron.scheduler.dhcp_agent_scheduler [None req-aac74b1c-1124-458a-92db-c0d652a8d86a ecaea285391a4e84b2da17d2e4c40f53 5e53f4709eef4d2a8b504d6799aff8bd - - default default] No more DHCP agents
2026-05-27 01:53:03.278 10 WARNING neutron.api.rpc.agentnotifiers.dhcp_rpc_agent_api [None req-aac74b1c-1124-458a-92db-c0d652a8d86a ecaea285391a4e84b2da17d2e4c40f53 5e53f4709eef4d2a8b504d6799aff8bd - - default default] Unable to schedule network 326dc7f0-9c34-4824-84d4-f1b4945d73ab: no agents available; will retry on subsequent port and subnet creation events.
2026-05-27 01:53:03.393 10 INFO neutron.db.ovn_revision_numbers_db [None req-aac74b1c-1124-458a-92db-c0d652a8d86a ecaea285391a4e84b2da17d2e4c40f53 5e53f4709eef4d2a8b504d6799aff8bd - - default default] Successfully bumped revision number for resource b6c8d137-f690-4507-abd9-1de77204728c (type: ports) to 1
2026-05-27 01:53:03.419 10 INFO neutron.wsgi [None req-aac74b1c-1124-458a-92db-c0d652a8d86a ecaea285391a4e84b2da17d2e4c40f53 5e53f4709eef4d2a8b504d6799aff8bd - - default default] 10.0.0.76 "POST /v2.0/ports HTTP/1.1" status: 201 len: 942 time: 0.4218750 /var/lib/openstack/lib/python3.10/site-packages/pycadf/identifier.py:71: UserWarning: Invalid uuid: neutron. To ensure interoperability, identifiers should be a valid uuid. warnings.warn(('Invalid uuid: %s. To ensure interoperability, '
2026-05-27 01:53:03.431 10 WARNING neutron_lib.context [None req-7be7dbed-dca1-48e7-80fe-8c1bd587262b ecaea285391a4e84b2da17d2e4c40f53 5e53f4709eef4d2a8b504d6799aff8bd - - default default] Method 'is_advsvc' is deprecated since 2023.2 release (neutron-lib 3.8.0) and will be removed once support for the old RBAC API policies will be removed from Neutron. Please use method 'is_service_role' instead.
2026-05-27 01:53:03.514 10 INFO neutron.db.segments_db [None req-7be7dbed-dca1-48e7-80fe-8c1bd587262b ecaea285391a4e84b2da17d2e4c40f53 5e53f4709eef4d2a8b504d6799aff8bd - - default default] Added segment cd9603e2-8043-41ea-a000-3231cfb2bc5d of type geneve for network ca66036f-9517-4c90-9ada-eaed59031c75
2026-05-27 01:53:03.678 10 INFO neutron.db.ovn_revision_numbers_db [None req-7be7dbed-dca1-48e7-80fe-8c1bd587262b ecaea285391a4e84b2da17d2e4c40f53 5e53f4709eef4d2a8b504d6799aff8bd - - default default] Successfully bumped revision number for resource ca66036f-9517-4c90-9ada-eaed59031c75 (type: networks) to 1
2026-05-27 01:53:03.886 10 WARNING neutron.scheduler.dhcp_agent_scheduler [None req-7be7dbed-dca1-48e7-80fe-8c1bd587262b ecaea285391a4e84b2da17d2e4c40f53 5e53f4709eef4d2a8b504d6799aff8bd - - default default] No more DHCP agents
2026-05-27 01:53:03.893 10 WARNING neutron.api.rpc.agentnotifiers.dhcp_rpc_agent_api [None req-7be7dbed-dca1-48e7-80fe-8c1bd587262b ecaea285391a4e84b2da17d2e4c40f53 5e53f4709eef4d2a8b504d6799aff8bd - - default default] Unable to schedule network ca66036f-9517-4c90-9ada-eaed59031c75: no agents available; will retry on subsequent port and subnet creation events.
2026-05-27 01:53:03.982 10 INFO neutron.db.ovn_revision_numbers_db [None req-7be7dbed-dca1-48e7-80fe-8c1bd587262b ecaea285391a4e84b2da17d2e4c40f53 5e53f4709eef4d2a8b504d6799aff8bd - - default default] Successfully bumped revision number for resource 0a6eb59c-84af-4dad-890a-bbacade6b258 (type: ports) to 1
2026-05-27 01:53:04.008 10 INFO neutron.wsgi [None req-7be7dbed-dca1-48e7-80fe-8c1bd587262b ecaea285391a4e84b2da17d2e4c40f53 5e53f4709eef4d2a8b504d6799aff8bd - - default default] 10.0.0.76 "POST /v2.0/networks HTTP/1.1" status: 201 len: 830 time: 0.5831349
2026-05-27 01:53:04.018 10 WARNING neutron_lib.context [None req-7e8f4d38-21a6-4328-9b84-03a9c2d4c38d ecaea285391a4e84b2da17d2e4c40f53 5e53f4709eef4d2a8b504d6799aff8bd - - default default] Method 'is_advsvc' is deprecated since 2023.2 release (neutron-lib 3.8.0) and will be removed once support for the old RBAC API policies will be removed from Neutron. Please use method 'is_service_role' instead.
2026-05-27 01:53:04.273 10 WARNING neutron.scheduler.dhcp_agent_scheduler [None req-7e8f4d38-21a6-4328-9b84-03a9c2d4c38d ecaea285391a4e84b2da17d2e4c40f53 5e53f4709eef4d2a8b504d6799aff8bd - - default default] No more DHCP agents
2026-05-27 01:53:04.275 10 WARNING neutron.api.rpc.agentnotifiers.dhcp_rpc_agent_api [None req-7e8f4d38-21a6-4328-9b84-03a9c2d4c38d ecaea285391a4e84b2da17d2e4c40f53 5e53f4709eef4d2a8b504d6799aff8bd - - default default] Unable to schedule network ca66036f-9517-4c90-9ada-eaed59031c75: no agents available; will retry on subsequent port and subnet creation events.
2026-05-27 01:53:04.379 10 INFO neutron.plugins.ml2.drivers.ovn.mech_driver.mech_driver [None req-cc92ae5f-bebd-4e75-aa20-917944998ec5 - - - - - -] OVN reports status down for port: d8aa1a29-6ded-4198-9594-7f8b26bde6ef
2026-05-27 01:53:04.401 10 INFO neutron.db.ovn_revision_numbers_db [None req-7e8f4d38-21a6-4328-9b84-03a9c2d4c38d ecaea285391a4e84b2da17d2e4c40f53 5e53f4709eef4d2a8b504d6799aff8bd - - default default] Successfully bumped revision number for resource 4167a915-c6c7-4ecb-968d-70dc7269058e (type: ports) to 1
2026-05-27 01:53:04.408 9 INFO neutron.wsgi [req-7ab78758-15ce-47fa-af83-4352299c7eb1 req-0284fb73-c97b-4f22-8be8-bfbe36760f1f 1a47b0d887c447aea0ebb3ee85e7c9d0 f2ad3ce9048c47b381a06672538ef719 - - default default] 10.0.0.103 "GET /v2.0/ports?device_id=4e6e72fe-d9df-4da9-91e8-a1e1e2bd5b35 HTTP/1.1" status: 200 len: 1210 time: 0.0979822
2026-05-27 01:53:04.458 10 INFO neutron.wsgi [None req-7e8f4d38-21a6-4328-9b84-03a9c2d4c38d ecaea285391a4e84b2da17d2e4c40f53 5e53f4709eef4d2a8b504d6799aff8bd - - default default] 10.0.0.76 "POST /v2.0/ports HTTP/1.1" status: 201 len: 942 time: 0.4453039
2026-05-27 01:53:04.496 9 INFO neutron.wsgi [req-7ab78758-15ce-47fa-af83-4352299c7eb1 req-a0ca5dd7-4d04-4d14-9179-7009f8ef749a 1a47b0d887c447aea0ebb3ee85e7c9d0 f2ad3ce9048c47b381a06672538ef719 - - default default] 10.0.0.103 "GET /v2.0/security-groups?id=d9a5c811-0cfa-4a88-af42-276a202a8bb2&id=938a5dab-ddf0-435b-87af-8b5c581a9d5e&fields=id&fields=name HTTP/1.1" status: 200 len: 403 time: 0.0831470
2026-05-27 01:53:04.542 9 INFO neutron.wsgi [None req-b1ae9089-0663-4009-a1d1-6096feb5f18b ecaea285391a4e84b2da17d2e4c40f53 5e53f4709eef4d2a8b504d6799aff8bd - - default default] 10.0.0.76 "PUT /v2.0/ports/74fcf2c0-d1fc-43ff-8763-28c79e990679/tags HTTP/1.1" status: 200 len: 210 time: 0.0798569
2026-05-27 01:53:04.557 10 INFO neutron.notifiers.nova [-] Nova event matching ['req-55a09bfb-523f-491d-bc5f-87d7f09d177c'] response: {'server_uuid': '4e6e72fe-d9df-4da9-91e8-a1e1e2bd5b35', 'name': 'network-vif-unplugged', 'status': 'completed', 'tag': 'd8aa1a29-6ded-4198-9594-7f8b26bde6ef', 'code': 200}
2026-05-27 01:53:04.605 9 INFO neutron.wsgi [None req-d759f531-8bc9-4d09-81e0-4adaa707fe99 ecaea285391a4e84b2da17d2e4c40f53 5e53f4709eef4d2a8b504d6799aff8bd - - default default] 10.0.0.76 "PUT /v2.0/ports/93980d1c-aa71-4424-9e8c-291995007918/tags HTTP/1.1" status: 200 len: 218 time: 0.0555720
2026-05-27 01:53:04.663 9 INFO neutron.wsgi [None req-0b79c2e4-45fd-4be6-bec3-6e97a53415f2 ecaea285391a4e84b2da17d2e4c40f53 5e53f4709eef4d2a8b504d6799aff8bd - - default default] 10.0.0.76 "PUT /v2.0/ports/86f8fbd3-8c04-4dce-9a5f-1bb46997a3b1/tags HTTP/1.1" status: 200 len: 227 time: 0.0503645 /var/lib/openstack/lib/python3.10/site-packages/pycadf/identifier.py:71: UserWarning: Invalid uuid: neutron. To ensure interoperability, identifiers should be a valid uuid. warnings.warn(('Invalid uuid: %s. To ensure interoperability, '
2026-05-27 01:53:04.706 9 INFO neutron.wsgi [req-affb2df5-92bf-4d29-b75e-ffbdb43d2332 req-f17e46bf-8a82-48c0-adb7-4f7297f43f1e 1a47b0d887c447aea0ebb3ee85e7c9d0 f2ad3ce9048c47b381a06672538ef719 - - default default] 199.204.45.140 "GET /v2.0/ports?device_id=4e6e72fe-d9df-4da9-91e8-a1e1e2bd5b35 HTTP/1.1" status: 200 len: 1208 time: 0.0412421
2026-05-27 01:53:04.728 10 INFO neutron.wsgi [None req-3ec9ec64-ea6a-4231-ac2e-c1799a04f01e ecaea285391a4e84b2da17d2e4c40f53 5e53f4709eef4d2a8b504d6799aff8bd - - default default] 10.0.0.76 "PUT /v2.0/ports/b6c8d137-f690-4507-abd9-1de77204728c/tags HTTP/1.1" status: 200 len: 212 time: 0.0571630
2026-05-27 01:53:04.733 10 INFO neutron.db.ovn_revision_numbers_db [None req-cc92ae5f-bebd-4e75-aa20-917944998ec5 - - - - - -] Successfully bumped revision number for resource d8aa1a29-6ded-4198-9594-7f8b26bde6ef (type: ports) to 5
2026-05-27 01:53:05.217 9 INFO neutron.wsgi [None req-f611a86a-4d3c-4921-a23e-539b350b7b3d ecaea285391a4e84b2da17d2e4c40f53 5e53f4709eef4d2a8b504d6799aff8bd - - default default] 10.0.0.76 "GET /v2.0/ports?tags=red HTTP/1.1" status: 200 len: 2448 time: 0.4812191 /var/lib/openstack/lib/python3.10/site-packages/pycadf/identifier.py:71: UserWarning: Invalid uuid: neutron. To ensure interoperability, identifiers should be a valid uuid. warnings.warn(('Invalid uuid: %s. To ensure interoperability, '
2026-05-27 01:53:05.496 9 INFO neutron.db.l3_db [req-affb2df5-92bf-4d29-b75e-ffbdb43d2332 req-e35ae7e7-f5bf-45b9-b6e1-4ebac300e57c 1a47b0d887c447aea0ebb3ee85e7c9d0 f2ad3ce9048c47b381a06672538ef719 - - default default] Floating IP 42e24fff-5641-40ee-a720-7df8365c87ef disassociated. External IP: 10.96.250.216, port: d8aa1a29-6ded-4198-9594-7f8b26bde6ef.
2026-05-27 01:53:05.641 10 INFO neutron.wsgi [None req-2799071c-db21-4fb7-8a0e-92d9937d9a57 ecaea285391a4e84b2da17d2e4c40f53 5e53f4709eef4d2a8b504d6799aff8bd - - default default] 10.0.0.76 "GET /v2.0/ports?tags=red%2Cblue HTTP/1.1" status: 200 len: 1708 time: 0.4168625
2026-05-27 01:53:05.646 9 INFO neutron.wsgi [req-202e17c5-d63e-45d8-9ca2-a3f04869fa40 req-21f33888-c1bd-4e2f-aea4-4216cc1e6914 1a47b0d887c447aea0ebb3ee85e7c9d0 f2ad3ce9048c47b381a06672538ef719 - - default default] 10.0.0.103 "GET /v2.0/ports?device_id=4e6e72fe-d9df-4da9-91e8-a1e1e2bd5b35 HTTP/1.1" status: 200 len: 210 time: 0.0401833 /var/lib/openstack/lib/python3.10/site-packages/pycadf/identifier.py:71: UserWarning: Invalid uuid: neutron. To ensure interoperability, identifiers should be a valid uuid. warnings.warn(('Invalid uuid: %s. To ensure interoperability, '
2026-05-27 01:53:05.680 9 INFO neutron.wsgi [req-affb2df5-92bf-4d29-b75e-ffbdb43d2332 req-e35ae7e7-f5bf-45b9-b6e1-4ebac300e57c 1a47b0d887c447aea0ebb3ee85e7c9d0 f2ad3ce9048c47b381a06672538ef719 - - default default] 199.204.45.140 "DELETE /v2.0/ports/d8aa1a29-6ded-4198-9594-7f8b26bde6ef HTTP/1.1" status: 204 len: 173 time: 0.9686453
2026-05-27 01:53:05.736 9 INFO neutron.notifiers.nova [-] Nova event matching ['req-69f4b4af-7ad6-4b87-9405-c1ab5089d9a8'] response: {'server_uuid': '4e6e72fe-d9df-4da9-91e8-a1e1e2bd5b35', 'name': 'network-vif-deleted', 'tag': 'd8aa1a29-6ded-4198-9594-7f8b26bde6ef', 'status': 'completed', 'code': 200}
2026-05-27 01:53:05.748 10 INFO neutron.wsgi [None req-1b407788-f775-445b-8c84-3f095f54936f ecaea285391a4e84b2da17d2e4c40f53 5e53f4709eef4d2a8b504d6799aff8bd - - default default] 10.0.0.76 "GET /v2.0/ports?tags-any=blue HTTP/1.1" status: 200 len: 1708 time: 0.0996556
2026-05-27 01:53:05.843 10 INFO neutron.wsgi [None req-cf7e472b-a792-4e24-a566-41ef82d2b040 ecaea285391a4e84b2da17d2e4c40f53 5e53f4709eef4d2a8b504d6799aff8bd - - default default] 10.0.0.76 "GET /v2.0/ports?tags-any=red%2Cblue HTTP/1.1" status: 200 len: 2448 time: 0.0895283
2026-05-27 01:53:06.028 10 INFO neutron.wsgi [None req-b133f7c8-a625-4e77-8f07-aa8370624070 ecaea285391a4e84b2da17d2e4c40f53 5e53f4709eef4d2a8b504d6799aff8bd - - default default] 10.0.0.76 "GET /v2.0/ports?not-tags=red HTTP/1.1" status: 200 len: 5463 time: 0.1796863
2026-05-27 01:53:06.120 10 INFO neutron.wsgi [None req-0a9dd4e8-c045-43f8-a4c2-304a8756581f ecaea285391a4e84b2da17d2e4c40f53 5e53f4709eef4d2a8b504d6799aff8bd - - default default] 10.0.0.76 "GET /v2.0/ports?not-tags=red%2Cblue HTTP/1.1" status: 200 len: 6203 time: 0.0862114
2026-05-27 01:53:06.208 10 INFO neutron.wsgi [None req-49351a30-ac31-4ed3-a75d-f20c7c8e7241 ecaea285391a4e84b2da17d2e4c40f53 5e53f4709eef4d2a8b504d6799aff8bd - - default default] 10.0.0.76 "GET /v2.0/ports?not-tags-any=blue HTTP/1.1" status: 200 len: 6203 time: 0.0836701
2026-05-27 01:53:06.273 10 INFO neutron.wsgi [None req-4eed645a-4b53-403a-9098-27f63c84f3f5 ecaea285391a4e84b2da17d2e4c40f53 5e53f4709eef4d2a8b504d6799aff8bd - - default default] 10.0.0.76 "GET /v2.0/ports?not-tags-any=red%2Cblue HTTP/1.1" status: 200 len: 5463 time: 0.0591247
2026-05-27 01:53:06.554 10 INFO neutron.wsgi [None req-272e6428-8724-41cd-8a5e-02368d1be4f0 ecaea285391a4e84b2da17d2e4c40f53 5e53f4709eef4d2a8b504d6799aff8bd - - default default] 10.0.0.76 "DELETE /v2.0/ports/74fcf2c0-d1fc-43ff-8763-28c79e990679 HTTP/1.1" status: 204 len: 168 time: 0.2743199
2026-05-27 01:53:06.610 10 INFO neutron.notifiers.nova [-] Nova event matching ['req-2987ab1f-639b-467c-9ae5-af8a677f8b74'] response: {'server_uuid': '4e6e72fe-d9df-4da9-91e8-a1e1e2bd5b35', 'name': 'network-vif-unplugged', 'status': 'completed', 'tag': 'd8aa1a29-6ded-4198-9594-7f8b26bde6ef', 'code': 200}
2026-05-27 01:53:06.818 9 INFO neutron.wsgi [None req-6f41752c-55f8-49df-a74c-6ad1865218a3 ecaea285391a4e84b2da17d2e4c40f53 5e53f4709eef4d2a8b504d6799aff8bd - - default default] 10.0.0.76 "DELETE /v2.0/ports/93980d1c-aa71-4424-9e8c-291995007918 HTTP/1.1" status: 204 len: 168 time: 0.2580717
2026-05-27 01:53:07.031 10 INFO neutron.wsgi [None req-32f50d20-6c37-4ab1-b6fb-5e6c18d0802f 1a47b0d887c447aea0ebb3ee85e7c9d0 f2ad3ce9048c47b381a06672538ef719 - - default default] 10.0.0.76 "DELETE /v2.0/security-groups/938a5dab-ddf0-435b-87af-8b5c581a9d5e HTTP/1.1" status: 204 len: 168 time: 0.2176175
2026-05-27 01:53:07.058 10 INFO neutron.api.v2.resource [None req-d8e80845-9ff3-4016-b614-e922522cb903 1a47b0d887c447aea0ebb3ee85e7c9d0 f2ad3ce9048c47b381a06672538ef719 - - default default] show failed (client error): The resource could not be found.
2026-05-27 01:53:07.060 10 INFO neutron.wsgi [None req-d8e80845-9ff3-4016-b614-e922522cb903 1a47b0d887c447aea0ebb3ee85e7c9d0 f2ad3ce9048c47b381a06672538ef719 - - default default] 10.0.0.76 "GET /v2.0/security-groups/938a5dab-ddf0-435b-87af-8b5c581a9d5e HTTP/1.1" status: 404 len: 347 time: 0.0222487
2026-05-27 01:53:07.139 10 INFO neutron.wsgi [None req-cbc6c291-55a3-4498-83aa-9d962e3c2f7f ecaea285391a4e84b2da17d2e4c40f53 5e53f4709eef4d2a8b504d6799aff8bd - - default default] 10.0.0.76 "DELETE /v2.0/ports/86f8fbd3-8c04-4dce-9a5f-1bb46997a3b1 HTTP/1.1" status: 204 len: 168 time: 0.3160477
2026-05-27 01:53:07.416 10 INFO neutron.wsgi [None req-5603de00-df89-41a1-a656-44bc0773dcfe ecaea285391a4e84b2da17d2e4c40f53 5e53f4709eef4d2a8b504d6799aff8bd - - default default] 10.0.0.76 "DELETE /v2.0/ports/b6c8d137-f690-4507-abd9-1de77204728c HTTP/1.1" status: 204 len: 168 time: 0.2717340
2026-05-27 01:53:07.452 9 INFO neutron.wsgi [None req-fe6a6db2-1a6f-4073-9c8d-67f53d4176b5 1a47b0d887c447aea0ebb3ee85e7c9d0 f2ad3ce9048c47b381a06672538ef719 - - default default] 10.0.0.76 "DELETE /v2.0/floatingips/42e24fff-5641-40ee-a720-7df8365c87ef HTTP/1.1" status: 204 len: 168 time: 0.3871889
2026-05-27 01:53:07.675 10 INFO neutron.wsgi [None req-6d73c947-34bc-4931-a08b-c3b0013abbb8 1a47b0d887c447aea0ebb3ee85e7c9d0 f2ad3ce9048c47b381a06672538ef719 - - default default] 10.0.0.76 "DELETE /v2.0/security-groups/d9a5c811-0cfa-4a88-af42-276a202a8bb2 HTTP/1.1" status: 204 len: 168 time: 0.2179785
2026-05-27 01:53:07.707 10 INFO neutron.wsgi [None req-d55d1f59-b053-47ce-a741-a61d2386c6f3 ecaea285391a4e84b2da17d2e4c40f53 5e53f4709eef4d2a8b504d6799aff8bd - - default default] 10.0.0.76 "DELETE /v2.0/ports/4167a915-c6c7-4ecb-968d-70dc7269058e HTTP/1.1" status: 204 len: 168 time: 0.2862246
2026-05-27 01:53:08.216 10 INFO neutron.services.segments.plugin [-] Segment e1f9b111-8ec0-4661-9371-9dc0b87ca0d0 resource provider aggregate not found
2026-05-27 01:53:08.237 10 INFO neutron.services.segments.plugin [-] Segment e1f9b111-8ec0-4661-9371-9dc0b87ca0d0 resource provider aggregate not found
2026-05-27 01:53:08.256 10 INFO neutron.services.segments.plugin [-] Segment e1f9b111-8ec0-4661-9371-9dc0b87ca0d0 resource provider not found; error: Placement Client Error (4xx): {"errors": [{"status": 404, "title": "Not Found", "detail": "The resource could not be found.\n\n No resource provider with uuid e1f9b111-8ec0-4661-9371-9dc0b87ca0d0 found for delete ", "request_id": "req-b15f0d94-a27c-4ca8-b3a0-23b677361e07"}]}
2026-05-27 01:53:08.260 10 INFO neutron.wsgi [None req-1eb32b2a-0d30-491e-8e89-94c63e374eeb ecaea285391a4e84b2da17d2e4c40f53 5e53f4709eef4d2a8b504d6799aff8bd - - default default] 10.0.0.76 "DELETE /v2.0/networks/d0c1f11b-a74a-4cec-aa89-928899b229b6 HTTP/1.1" status: 204 len: 168 time: 0.5463176
2026-05-27 01:53:08.261 10 INFO neutron.services.segments.plugin [-] Segment e1f9b111-8ec0-4661-9371-9dc0b87ca0d0 resource provider not found; error: Placement Client Error (4xx): {"errors": [{"status": 404, "title": "Not Found", "detail": "The resource could not be found.\n\n No resource provider with uuid e1f9b111-8ec0-4661-9371-9dc0b87ca0d0 found for delete ", "request_id": "req-15f8cc12-4ade-4c8d-be72-eb36f8f18d1e"}]}
2026-05-27 01:53:08.687 9 INFO neutron.services.segments.plugin [-] Segment f462c880-d75b-4146-a9be-64f61f8250b1 resource provider aggregate not found
2026-05-27 01:53:08.696 9 INFO neutron.services.segments.plugin [-] Segment f462c880-d75b-4146-a9be-64f61f8250b1 resource provider aggregate not found
2026-05-27 01:53:08.710 9 INFO neutron.wsgi [None req-88922b40-6830-41ba-9c63-b1b774509f42 ecaea285391a4e84b2da17d2e4c40f53 5e53f4709eef4d2a8b504d6799aff8bd - - default default] 10.0.0.76 "DELETE /v2.0/networks/9f3b41ad-20d0-491a-8b32-d49b4ae89161 HTTP/1.1" status: 204 len: 168 time: 0.4428353
2026-05-27 01:53:08.711 9 INFO neutron.services.segments.plugin [-] Segment f462c880-d75b-4146-a9be-64f61f8250b1 resource provider not found; error: Placement Client Error (4xx): {"errors": [{"status": 404, "title": "Not Found", "detail": "The resource could not be found.\n\n No resource provider with uuid f462c880-d75b-4146-a9be-64f61f8250b1 found for delete ", "request_id": "req-4554a8d8-157d-45fd-8150-00df69cc21e6"}]}
2026-05-27 01:53:08.714 9 INFO neutron.services.segments.plugin [-] Segment f462c880-d75b-4146-a9be-64f61f8250b1 resource provider not found; error: Placement Client Error (4xx): {"errors": [{"status": 404, "title": "Not Found", "detail": "The resource could not be found.\n\n No resource provider with uuid f462c880-d75b-4146-a9be-64f61f8250b1 found for delete ", "request_id": "req-7630322a-24cb-40c2-aa7e-afac8a5cf229"}]}
2026-05-27 01:53:09.335 10 INFO neutron.wsgi [None req-17ff5a54-f57c-4dbd-80ea-381b6b61655b 9b79efb632104899a29982ab5c7db7f5 1c23899b06fb4ba49e519f066ce75c14 - - default default] 10.0.0.76 "PUT /v2.0/routers/8cdcec4a-02cc-4e5b-ae2c-013647f5276f/remove_router_interface HTTP/1.1" status: 200 len: 503 time: 1.6199083
2026-05-27 01:53:09.501 10 INFO neutron.wsgi [None req-f470344f-658e-4f1f-b0c0-5fce816eb088 ecaea285391a4e84b2da17d2e4c40f53 5e53f4709eef4d2a8b504d6799aff8bd - - default default] 10.0.0.76 "DELETE /v2.0/networks/6f7d4775-5198-46a1-b60f-b5e06b8e95d4 HTTP/1.1" status: 204 len: 168 time: 0.7846873 /var/lib/openstack/lib/python3.10/site-packages/pycadf/identifier.py:71: UserWarning: Invalid uuid: neutron. To ensure interoperability, identifiers should be a valid uuid. warnings.warn(('Invalid uuid: %s. To ensure interoperability, '
2026-05-27 01:53:09.945 10 INFO neutron.wsgi [None req-68438027-2a56-4e7f-a11c-975650d22613 ecaea285391a4e84b2da17d2e4c40f53 5e53f4709eef4d2a8b504d6799aff8bd - - default default] 10.0.0.76 "DELETE /v2.0/networks/326dc7f0-9c34-4824-84d4-f1b4945d73ab HTTP/1.1" status: 204 len: 168 time: 0.4346848
2026-05-27 01:53:10.280 10 INFO neutron.services.segments.plugin [-] Segment 001fc63a-ed2a-47e2-b0c2-0cb5f8c5fe82 resource provider aggregate not found
2026-05-27 01:53:10.297 10 INFO neutron.services.segments.plugin [-] Segment 001fc63a-ed2a-47e2-b0c2-0cb5f8c5fe82 resource provider not found; error: Placement Client Error (4xx): {"errors": [{"status": 404, "title": "Not Found", "detail": "The resource could not be found.\n\n No resource provider with uuid 001fc63a-ed2a-47e2-b0c2-0cb5f8c5fe82 found for delete ", "request_id": "req-fa85ef55-a625-4499-9253-7dac1c548ba0"}]}
2026-05-27 01:53:10.312 10 INFO neutron.services.segments.plugin [-] Segment 001fc63a-ed2a-47e2-b0c2-0cb5f8c5fe82 resource provider aggregate not found
2026-05-27 01:53:10.318 10 INFO neutron.services.segments.plugin [-] Segment 1e1789eb-f543-4c68-8137-b9b00a4975e9 resource provider aggregate not found
2026-05-27 01:53:10.329 10 INFO neutron.services.segments.plugin [-] Segment 001fc63a-ed2a-47e2-b0c2-0cb5f8c5fe82 resource provider not found; error: Placement Client Error (4xx): {"errors": [{"status": 404, "title": "Not Found", "detail": "The resource could not be found.\n\n No resource provider with uuid 001fc63a-ed2a-47e2-b0c2-0cb5f8c5fe82 found for delete ", "request_id": "req-7488958e-d5dc-45f4-ba6c-29a344795c2d"}]}
2026-05-27 01:53:10.334 10 INFO neutron.services.segments.plugin [-] Segment 1e1789eb-f543-4c68-8137-b9b00a4975e9 resource provider not found; error: Placement Client Error (4xx): {"errors": [{"status": 404, "title": "Not Found", "detail": "The resource could not be found.\n\n No resource provider with uuid 1e1789eb-f543-4c68-8137-b9b00a4975e9 found for delete ", "request_id": "req-e7b17790-ea09-4375-89ff-dc65703d3646"}]}
2026-05-27 01:53:10.334 9 INFO neutron.wsgi [None req-7bf2fd14-03e0-409e-914b-6ec4d2b561a1 9b79efb632104899a29982ab5c7db7f5 1c23899b06fb4ba49e519f066ce75c14 - - default default] 10.0.0.76 "DELETE /v2.0/routers/8cdcec4a-02cc-4e5b-ae2c-013647f5276f HTTP/1.1" status: 204 len: 168 time: 0.9925003
2026-05-27 01:53:10.352 10 INFO neutron.services.segments.plugin [-] Segment 1e1789eb-f543-4c68-8137-b9b00a4975e9 resource provider aggregate not found
2026-05-27 01:53:10.376 10 INFO neutron.services.segments.plugin [-] Segment 1e1789eb-f543-4c68-8137-b9b00a4975e9 resource provider not found; error: Placement Client Error (4xx): {"errors": [{"status": 404, "title": "Not Found", "detail": "The resource could not be found.\n\n No resource provider with uuid 1e1789eb-f543-4c68-8137-b9b00a4975e9 found for delete ", "request_id": "req-c8663e82-8ee2-4053-ba1a-b1701fb7656a"}]}
2026-05-27 01:53:10.635 9 INFO neutron.wsgi [None req-ec71481d-a958-4f81-92ce-cfa026e172fd 9b79efb632104899a29982ab5c7db7f5 1c23899b06fb4ba49e519f066ce75c14 - - default default] 10.0.0.76 "DELETE /v2.0/subnets/3091ac5d-afc8-4753-b61a-5be1c21669b0 HTTP/1.1" status: 204 len: 168 time: 0.2950842
2026-05-27 01:53:10.650 9 INFO neutron.wsgi [None req-ff0f6140-e6e2-456e-8af3-da3b0b862566 ecaea285391a4e84b2da17d2e4c40f53 5e53f4709eef4d2a8b504d6799aff8bd - - default default] 10.0.0.76 "DELETE /v2.0/networks/ca66036f-9517-4c90-9ada-eaed59031c75 HTTP/1.1" status: 204 len: 168 time: 0.6972752
2026-05-27 01:53:10.736 9 INFO neutron.services.segments.plugin [-] Segment cd9603e2-8043-41ea-a000-3231cfb2bc5d resource provider aggregate not found
2026-05-27 01:53:10.742 9 INFO neutron.services.segments.plugin [-] Segment cd9603e2-8043-41ea-a000-3231cfb2bc5d resource provider aggregate not found
2026-05-27 01:53:10.758 9 INFO neutron.services.segments.plugin [-] Segment cd9603e2-8043-41ea-a000-3231cfb2bc5d resource provider not found; error: Placement Client Error (4xx): {"errors": [{"status": 404, "title": "Not Found", "detail": "The resource could not be found.\n\n No resource provider with uuid cd9603e2-8043-41ea-a000-3231cfb2bc5d found for delete ", "request_id": "req-0798054c-143e-410d-8ac3-a34606cc6a01"}]}
2026-05-27 01:53:10.760 9 INFO neutron.services.segments.plugin [-] Segment cd9603e2-8043-41ea-a000-3231cfb2bc5d resource provider not found; error: Placement Client Error (4xx): {"errors": [{"status": 404, "title": "Not Found", "detail": "The resource could not be found.\n\n No resource provider with uuid cd9603e2-8043-41ea-a000-3231cfb2bc5d found for delete ", "request_id": "req-d76f141a-d991-471c-a108-793cb227948d"}]}
2026-05-27 01:53:11.082 10 INFO neutron.wsgi [None req-0d90daa2-29aa-4ad8-b2d7-db6dd02dd4a3 9b79efb632104899a29982ab5c7db7f5 1c23899b06fb4ba49e519f066ce75c14 - - default default] 10.0.0.76 "DELETE /v2.0/networks/37de00d0-6a3b-4875-854b-5fc107ae0dab HTTP/1.1" status: 204 len: 168 time: 0.4408097
2026-05-27 01:53:11.807 9 INFO neutron.wsgi [-] 10.0.0.148 "GET / HTTP/1.1" status: 200 len: 247 time: 0.0016930
2026-05-27 01:53:11.809 9 INFO neutron.wsgi [-] 10.0.0.148 "GET / HTTP/1.1" status: 200 len: 247 time: 0.0008917
2026-05-27 01:53:11.829 9 INFO neutron.db.ovn_revision_numbers_db [None req-044c7302-5040-4476-8f37-fb0c6d6d5561 9b79efb632104899a29982ab5c7db7f5 1c23899b06fb4ba49e519f066ce75c14 - - default default] Successfully bumped revision number for resource 15b4ef6f-297c-44b8-acbd-4402d2ab5186 (type: security_groups) to 1
2026-05-27 01:53:11.840 9 INFO neutron.db.ovn_revision_numbers_db [None req-044c7302-5040-4476-8f37-fb0c6d6d5561 9b79efb632104899a29982ab5c7db7f5 1c23899b06fb4ba49e519f066ce75c14 - - default default] Successfully bumped revision number for resource 53949c4f-46ca-4007-acaa-ddf05d159e50 (type: security_group_rules) to 0
2026-05-27 01:53:11.851 9 INFO neutron.db.ovn_revision_numbers_db [None req-044c7302-5040-4476-8f37-fb0c6d6d5561 9b79efb632104899a29982ab5c7db7f5 1c23899b06fb4ba49e519f066ce75c14 - - default default] Successfully bumped revision number for resource 5f5c0ff7-b181-4810-a633-4e48ae56c6f2 (type: security_group_rules) to 0
2026-05-27 01:53:11.875 9 INFO neutron.db.ovn_revision_numbers_db [None req-044c7302-5040-4476-8f37-fb0c6d6d5561 9b79efb632104899a29982ab5c7db7f5 1c23899b06fb4ba49e519f066ce75c14 - - default default] Successfully bumped revision number for resource 7a9806d9-28fd-4c4e-956f-c2c50d06be10 (type: security_group_rules) to 0
2026-05-27 01:53:11.891 9 INFO neutron.db.ovn_revision_numbers_db [None req-044c7302-5040-4476-8f37-fb0c6d6d5561 9b79efb632104899a29982ab5c7db7f5 1c23899b06fb4ba49e519f066ce75c14 - - default default] Successfully bumped revision number for resource a41ea3db-2a4d-4d89-bed8-074999d74444 (type: security_group_rules) to 0
2026-05-27 01:53:12.164 10 INFO neutron.wsgi [None req-17b62511-f0a9-430b-9863-52aeebac30b6 9b79efb632104899a29982ab5c7db7f5 1c23899b06fb4ba49e519f066ce75c14 - - default default] 10.0.0.76 "PUT /v2.0/routers/d1c99cea-2db9-496a-ab0f-495937f8ed82/remove_router_interface HTTP/1.1" status: 200 len: 503 time: 1.0744681 /var/lib/openstack/lib/python3.10/site-packages/pycadf/identifier.py:71: UserWarning: Invalid uuid: neutron. To ensure interoperability, identifiers should be a valid uuid. warnings.warn(('Invalid uuid: %s. To ensure interoperability, '
2026-05-27 01:53:12.313 9 INFO neutron.wsgi [None req-044c7302-5040-4476-8f37-fb0c6d6d5561 9b79efb632104899a29982ab5c7db7f5 1c23899b06fb4ba49e519f066ce75c14 - - default default] 10.0.0.76 "GET /v2.0/security-groups?tenant_id=4b27fac2b50147b8a8efd8d0b9880393&name=default HTTP/1.1" status: 200 len: 3120 time: 0.7776294
2026-05-27 01:53:12.375 10 INFO neutron.services.segments.plugin [-] Segment e271f08c-c28d-401d-8491-b0d990e971fb resource provider aggregate not found
2026-05-27 01:53:12.398 10 INFO neutron.services.segments.plugin [-] Segment e271f08c-c28d-401d-8491-b0d990e971fb resource provider not found; error: Placement Client Error (4xx): {"errors": [{"status": 404, "title": "Not Found", "detail": "The resource could not be found.\n\n No resource provider with uuid e271f08c-c28d-401d-8491-b0d990e971fb found for delete ", "request_id": "req-660bfda4-d03f-4cb2-b512-1925c664e031"}]}
2026-05-27 01:53:12.399 10 INFO neutron.services.segments.plugin [-] Segment e271f08c-c28d-401d-8491-b0d990e971fb resource provider aggregate not found
2026-05-27 01:53:12.438 10 INFO neutron.services.segments.plugin [-] Segment e271f08c-c28d-401d-8491-b0d990e971fb resource provider not found; error: Placement Client Error (4xx): {"errors": [{"status": 404, "title": "Not Found", "detail": "The resource could not be found.\n\n No resource provider with uuid e271f08c-c28d-401d-8491-b0d990e971fb found for delete ", "request_id": "req-93d54aa2-c598-4db2-beaf-0833a4597c43"}]}
2026-05-27 01:53:12.563 9 INFO neutron.wsgi [None req-c8c5340a-d6dc-44b2-a06e-5224aec5f002 9b79efb632104899a29982ab5c7db7f5 1c23899b06fb4ba49e519f066ce75c14 - - default default] 10.0.0.76 "DELETE /v2.0/security-groups/15b4ef6f-297c-44b8-acbd-4402d2ab5186 HTTP/1.1" status: 204 len: 168 time: 0.2420380
2026-05-27 01:53:12.783 9 INFO neutron.db.ovn_revision_numbers_db [None req-321a5eda-22b7-44d8-9ec4-2c8058e74a36 9b79efb632104899a29982ab5c7db7f5 1c23899b06fb4ba49e519f066ce75c14 - - default default] Successfully bumped revision number for resource d63f0f5d-a039-4236-9a84-3c1502d103e9 (type: security_groups) to 1
2026-05-27 01:53:12.799 9 INFO neutron.db.ovn_revision_numbers_db [None req-321a5eda-22b7-44d8-9ec4-2c8058e74a36 9b79efb632104899a29982ab5c7db7f5 1c23899b06fb4ba49e519f066ce75c14 - - default default] Successfully bumped revision number for resource 2eaf2397-9987-4419-8a0d-e35bce6c9dd6 (type: security_group_rules) to 0
2026-05-27 01:53:12.814 9 INFO neutron.db.ovn_revision_numbers_db [None req-321a5eda-22b7-44d8-9ec4-2c8058e74a36 9b79efb632104899a29982ab5c7db7f5 1c23899b06fb4ba49e519f066ce75c14 - - default default] Successfully bumped revision number for resource 9b0123e6-b106-4902-9e48-8a85e215a54b (type: security_group_rules) to 0
