May 18 18:30:30.180625 np0000174493 nova-conductor[110666]: DEBUG cotyledon.oslo_config_glue [-] vnc.novncproxy_host = 0.0.0.0 {{(pid=110666) log_opt_values /opt/stack/data/venv/lib/python3.12/site-packages/oslo_config/cfg.py:3006}}
May 18 18:30:30.180625 np0000174493 nova-conductor[110666]: DEBUG cotyledon.oslo_config_glue [-] vnc.novncproxy_port = 6080 {{(pid=110666) log_opt_values /opt/stack/data/venv/lib/python3.12/site-packages/oslo_config/cfg.py:3006}}
May 18 18:30:30.180625 np0000174493 nova-conductor[110666]: DEBUG cotyledon.oslo_config_glue [-] vnc.server_listen = 127.0.0.1 {{(pid=110666) log_opt_values /opt/stack/data/venv/lib/python3.12/site-packages/oslo_config/cfg.py:3006}}
May 18 18:30:30.180858 np0000174493 nova-conductor[110666]: DEBUG cotyledon.oslo_config_glue [-] vnc.server_proxyclient_address = 127.0.0.1 {{(pid=110666) log_opt_values /opt/stack/data/venv/lib/python3.12/site-packages/oslo_config/cfg.py:3006}}
May 18 18:30:30.180858 np0000174493 nova-conductor[110666]: DEBUG cotyledon.oslo_config_glue [-] vnc.vencrypt_ca_certs = None {{(pid=110666) log_opt_values /opt/stack/data/venv/lib/python3.12/site-packages/oslo_config/cfg.py:3006}}
May 18 18:30:30.180858 np0000174493 nova-conductor[110666]: DEBUG cotyledon.oslo_config_glue [-] vnc.vencrypt_client_cert = None {{(pid=110666) log_opt_values /opt/stack/data/venv/lib/python3.12/site-packages/oslo_config/cfg.py:3006}}
May 18 18:30:30.180858 np0000174493 nova-conductor[110666]: DEBUG cotyledon.oslo_config_glue [-] vnc.vencrypt_client_key = None {{(pid=110666) log_opt_values /opt/stack/data/venv/lib/python3.12/site-packages/oslo_config/cfg.py:3006}}
May 18 18:30:30.180858 np0000174493 nova-conductor[110666]: DEBUG cotyledon.oslo_config_glue [-] workarounds.disable_compute_service_check_for_ffu = False {{(pid=110666) log_opt_values /opt/stack/data/venv/lib/python3.12/site-packages/oslo_config/cfg.py:3006}}
May 18 18:30:30.180858 np0000174493 nova-conductor[110666]: DEBUG cotyledon.oslo_config_glue [-] workarounds.disable_deep_image_inspection = False {{(pid=110666) log_opt_values /opt/stack/data/venv/lib/python3.12/site-packages/oslo_config/cfg.py:3006}}
May 18 18:30:30.180858 np0000174493 nova-conductor[110666]: DEBUG cotyledon.oslo_config_glue [-] workarounds.disable_fallback_pcpu_query = False {{(pid=110666) log_opt_values /opt/stack/data/venv/lib/python3.12/site-packages/oslo_config/cfg.py:3006}}
May 18 18:30:30.180858 np0000174493 nova-conductor[110666]: DEBUG cotyledon.oslo_config_glue [-] workarounds.disable_group_policy_check_upcall = False {{(pid=110666) log_opt_values /opt/stack/data/venv/lib/python3.12/site-packages/oslo_config/cfg.py:3006}}
May 18 18:30:30.180858 np0000174493 nova-conductor[110666]: DEBUG cotyledon.oslo_config_glue [-] workarounds.disable_libvirt_livesnapshot = False {{(pid=110666) log_opt_values /opt/stack/data/venv/lib/python3.12/site-packages/oslo_config/cfg.py:3006}}
May 18 18:30:30.181092 np0000174493 nova-conductor[110666]: DEBUG cotyledon.oslo_config_glue [-] workarounds.disable_rootwrap = False {{(pid=110666) log_opt_values /opt/stack/data/venv/lib/python3.12/site-packages/oslo_config/cfg.py:3006}}
May 18 18:30:30.181092 np0000174493 nova-conductor[110666]: DEBUG cotyledon.oslo_config_glue [-] workarounds.enable_numa_live_migration = False {{(pid=110666) log_opt_values /opt/stack/data/venv/lib/python3.12/site-packages/oslo_config/cfg.py:3006}}
May 18 18:30:30.181092 np0000174493 nova-conductor[110666]: DEBUG cotyledon.oslo_config_glue [-] workarounds.enable_qemu_monitor_announce_self = False {{(pid=110666) log_opt_values /opt/stack/data/venv/lib/python3.12/site-packages/oslo_config/cfg.py:3006}}
May 18 18:30:30.181092 np0000174493 nova-conductor[110666]: DEBUG cotyledon.oslo_config_glue [-] workarounds.ensure_libvirt_rbd_instance_dir_cleanup = False {{(pid=110666) log_opt_values /opt/stack/data/venv/lib/python3.12/site-packages/oslo_config/cfg.py:3006}}
May 18 18:30:30.181092 np0000174493 nova-conductor[110666]: DEBUG cotyledon.oslo_config_glue [-] workarounds.handle_virt_lifecycle_events = True {{(pid=110666) log_opt_values /opt/stack/data/venv/lib/python3.12/site-packages/oslo_config/cfg.py:3006}}
May 18 18:30:30.181092 np0000174493 nova-conductor[110666]: DEBUG cotyledon.oslo_config_glue [-] workarounds.libvirt_disable_apic = False {{(pid=110666) log_opt_values /opt/stack/data/venv/lib/python3.12/site-packages/oslo_config/cfg.py:3006}}
May 18 18:30:30.181092 np0000174493 nova-conductor[110666]: DEBUG cotyledon.oslo_config_glue [-] workarounds.never_download_image_if_on_rbd = False {{(pid=110666) log_opt_values /opt/stack/data/venv/lib/python3.12/site-packages/oslo_config/cfg.py:3006}}
May 18 18:30:30.181092 np0000174493 nova-conductor[110666]: DEBUG cotyledon.oslo_config_glue [-] workarounds.qemu_monitor_announce_self_count = 3 {{(pid=110666) log_opt_values /opt/stack/data/venv/lib/python3.12/site-packages/oslo_config/cfg.py:3006}}
May 18 18:30:30.181092 np0000174493 nova-conductor[110666]: DEBUG cotyledon.oslo_config_glue [-] workarounds.qemu_monitor_announce_self_interval = 1 {{(pid=110666) log_opt_values /opt/stack/data/venv/lib/python3.12/site-packages/oslo_config/cfg.py:3006}}
May 18 18:30:30.181301 np0000174493 nova-conductor[110666]: DEBUG cotyledon.oslo_config_glue [-] workarounds.reserve_disk_resource_for_image_cache = False {{(pid=110666) log_opt_values /opt/stack/data/venv/lib/python3.12/site-packages/oslo_config/cfg.py:3006}}
May 18 18:30:30.181301 np0000174493 nova-conductor[110666]: DEBUG cotyledon.oslo_config_glue [-] workarounds.skip_cpu_compare_at_startup = False {{(pid=110666) log_opt_values /opt/stack/data/venv/lib/python3.12/site-packages/oslo_config/cfg.py:3006}}
May 18 18:30:30.181301 np0000174493 nova-conductor[110666]: DEBUG cotyledon.oslo_config_glue [-] workarounds.skip_cpu_compare_on_dest = False {{(pid=110666) log_opt_values /opt/stack/data/venv/lib/python3.12/site-packages/oslo_config/cfg.py:3006}}
May 18 18:30:30.181301 np0000174493 nova-conductor[110666]: DEBUG cotyledon.oslo_config_glue [-] workarounds.skip_hypervisor_version_check_on_lm = False {{(pid=110666) log_opt_values /opt/stack/data/venv/lib/python3.12/site-packages/oslo_config/cfg.py:3006}}
May 18 18:30:30.181301 np0000174493 nova-conductor[110666]: DEBUG cotyledon.oslo_config_glue [-] workarounds.skip_reserve_in_use_ironic_nodes = False {{(pid=110666) log_opt_values /opt/stack/data/venv/lib/python3.12/site-packages/oslo_config/cfg.py:3006}}
May 18 18:30:30.181301 np0000174493 nova-conductor[110666]: DEBUG cotyledon.oslo_config_glue [-] workarounds.unified_limits_count_pcpu_as_vcpu = False {{(pid=110666) log_opt_values /opt/stack/data/venv/lib/python3.12/site-packages/oslo_config/cfg.py:3006}}
May 18 18:30:30.181301 np0000174493 nova-conductor[110666]: DEBUG cotyledon.oslo_config_glue [-] workarounds.wait_for_vif_plugged_event_during_hard_reboot = [] {{(pid=110666) log_opt_values /opt/stack/data/venv/lib/python3.12/site-packages/oslo_config/cfg.py:3006}}
May 18 18:30:30.181301 np0000174493 nova-conductor[110666]: DEBUG cotyledon.oslo_config_glue [-] wsgi.api_paste_config = /etc/nova/api-paste.ini {{(pid=110666) log_opt_values /opt/stack/data/venv/lib/python3.12/site-packages/oslo_config/cfg.py:3006}}
May 18 18:30:30.181487 np0000174493 nova-conductor[110666]: DEBUG cotyledon.oslo_config_glue [-] wsgi.secure_proxy_ssl_header = None {{(pid=110666) log_opt_values /opt/stack/data/venv/lib/python3.12/site-packages/oslo_config/cfg.py:3006}}
May 18 18:30:30.181487 np0000174493 nova-conductor[110666]: DEBUG cotyledon.oslo_config_glue [-] zvm.ca_file = None {{(pid=110666) log_opt_values /opt/stack/data/venv/lib/python3.12/site-packages/oslo_config/cfg.py:3006}}
May 18 18:30:30.181487 np0000174493 nova-conductor[110666]: DEBUG cotyledon.oslo_config_glue [-] zvm.cloud_connector_url = None {{(pid=110666) log_opt_values /opt/stack/data/venv/lib/python3.12/site-packages/oslo_config/cfg.py:3006}}
May 18 18:30:30.181487 np0000174493 nova-conductor[110666]: DEBUG cotyledon.oslo_config_glue [-] zvm.image_tmp_path = /opt/stack/data/nova/images {{(pid=110666) log_opt_values /opt/stack/data/venv/lib/python3.12/site-packages/oslo_config/cfg.py:3006}}
May 18 18:30:30.181487 np0000174493 nova-conductor[110666]: DEBUG cotyledon.oslo_config_glue [-] zvm.reachable_timeout = 300 {{(pid=110666) log_opt_values /opt/stack/data/venv/lib/python3.12/site-packages/oslo_config/cfg.py:3006}}
May 18 18:30:30.181487 np0000174493 nova-conductor[110666]: DEBUG cotyledon.oslo_config_glue [-] oslo_versionedobjects.fatal_exception_format_errors = False {{(pid=110666) log_opt_values /opt/stack/data/venv/lib/python3.12/site-packages/oslo_config/cfg.py:3006}}
May 18 18:30:30.181487 np0000174493 nova-conductor[110666]: DEBUG cotyledon.oslo_config_glue [-] oslo_middleware.http_basic_auth_user_file = /etc/htpasswd {{(pid=110666) log_opt_values /opt/stack/data/venv/lib/python3.12/site-packages/oslo_config/cfg.py:3006}}
May 18 18:30:30.181487 np0000174493 nova-conductor[110666]: DEBUG cotyledon.oslo_config_glue [-] profiler.connection_string = messaging:// {{(pid=110666) log_opt_values /opt/stack/data/venv/lib/python3.12/site-packages/oslo_config/cfg.py:3006}}
May 18 18:30:30.181698 np0000174493 nova-conductor[110658]: INFO dbcounter [None req-526fc893-599b-407f-96fe-2f41ec10e103 None None] Registered counter for database nova_cell0
May 18 18:30:30.181727 np0000174493 nova-conductor[110666]: DEBUG cotyledon.oslo_config_glue [-] profiler.enabled = False {{(pid=110666) log_opt_values /opt/stack/data/venv/lib/python3.12/site-packages/oslo_config/cfg.py:3006}}
May 18 18:30:30.181727 np0000174493 nova-conductor[110666]: DEBUG cotyledon.oslo_config_glue [-] profiler.es_doc_type = notification {{(pid=110666) log_opt_values /opt/stack/data/venv/lib/python3.12/site-packages/oslo_config/cfg.py:3006}}
May 18 18:30:30.181727 np0000174493 nova-conductor[110666]: DEBUG cotyledon.oslo_config_glue [-] profiler.es_scroll_size = 10000 {{(pid=110666) log_opt_values /opt/stack/data/venv/lib/python3.12/site-packages/oslo_config/cfg.py:3006}}
May 18 18:30:30.181727 np0000174493 nova-conductor[110666]: DEBUG cotyledon.oslo_config_glue [-] profiler.es_scroll_time = 2m {{(pid=110666) log_opt_values /opt/stack/data/venv/lib/python3.12/site-packages/oslo_config/cfg.py:3006}}
May 18 18:30:30.181727 np0000174493 nova-conductor[110666]: DEBUG cotyledon.oslo_config_glue [-] profiler.filter_error_trace = False {{(pid=110666) log_opt_values /opt/stack/data/venv/lib/python3.12/site-packages/oslo_config/cfg.py:3006}}
May 18 18:30:30.181727 np0000174493 nova-conductor[110666]: DEBUG cotyledon.oslo_config_glue [-] profiler.hmac_keys = **** {{(pid=110666) log_opt_values /opt/stack/data/venv/lib/python3.12/site-packages/oslo_config/cfg.py:3006}}
May 18 18:30:30.181727 np0000174493 nova-conductor[110666]: DEBUG cotyledon.oslo_config_glue [-] profiler.sentinel_service_name = mymaster {{(pid=110666) log_opt_values /opt/stack/data/venv/lib/python3.12/site-packages/oslo_config/cfg.py:3006}}
May 18 18:30:30.181727 np0000174493 nova-conductor[110666]: DEBUG cotyledon.oslo_config_glue [-] profiler.socket_timeout = 0.1 {{(pid=110666) log_opt_values /opt/stack/data/venv/lib/python3.12/site-packages/oslo_config/cfg.py:3006}}
May 18 18:30:30.181727 np0000174493 nova-conductor[110666]: DEBUG cotyledon.oslo_config_glue [-] profiler.trace_requests = False {{(pid=110666) log_opt_values /opt/stack/data/venv/lib/python3.12/site-packages/oslo_config/cfg.py:3006}}
May 18 18:30:30.181954 np0000174493 nova-conductor[110666]: DEBUG cotyledon.oslo_config_glue [-] profiler.trace_sqlalchemy = False {{(pid=110666) log_opt_values /opt/stack/data/venv/lib/python3.12/site-packages/oslo_config/cfg.py:3006}}
May 18 18:30:30.181954 np0000174493 nova-conductor[110666]: DEBUG cotyledon.oslo_config_glue [-] profiler_jaeger.process_tags = {} {{(pid=110666) log_opt_values /opt/stack/data/venv/lib/python3.12/site-packages/oslo_config/cfg.py:3006}}
May 18 18:30:30.181954 np0000174493 nova-conductor[110666]: DEBUG cotyledon.oslo_config_glue [-] profiler_jaeger.service_name_prefix = None {{(pid=110666) log_opt_values /opt/stack/data/venv/lib/python3.12/site-packages/oslo_config/cfg.py:3006}}
May 18 18:30:30.181954 np0000174493 nova-conductor[110666]: DEBUG cotyledon.oslo_config_glue [-] profiler_otlp.service_name_prefix = None {{(pid=110666) log_opt_values /opt/stack/data/venv/lib/python3.12/site-packages/oslo_config/cfg.py:3006}}
May 18 18:30:30.181954 np0000174493 nova-conductor[110666]: DEBUG cotyledon.oslo_config_glue [-] oslo_messaging_rabbit.amqp_auto_delete = False {{(pid=110666) log_opt_values /opt/stack/data/venv/lib/python3.12/site-packages/oslo_config/cfg.py:3006}}
May 18 18:30:30.181954 np0000174493 nova-conductor[110666]: DEBUG cotyledon.oslo_config_glue [-] oslo_messaging_rabbit.amqp_durable_queues = False {{(pid=110666) log_opt_values /opt/stack/data/venv/lib/python3.12/site-packages/oslo_config/cfg.py:3006}}
May 18 18:30:30.181954 np0000174493 nova-conductor[110666]: DEBUG cotyledon.oslo_config_glue [-] oslo_messaging_rabbit.conn_pool_min_size = 2 {{(pid=110666) log_opt_values /opt/stack/data/venv/lib/python3.12/site-packages/oslo_config/cfg.py:3006}}
May 18 18:30:30.181954 np0000174493 nova-conductor[110666]: DEBUG cotyledon.oslo_config_glue [-] oslo_messaging_rabbit.conn_pool_ttl = 1200 {{(pid=110666) log_opt_values /opt/stack/data/venv/lib/python3.12/site-packages/oslo_config/cfg.py:3006}}
May 18 18:30:30.181954 np0000174493 nova-conductor[110666]: DEBUG cotyledon.oslo_config_glue [-] oslo_messaging_rabbit.direct_mandatory_flag = True {{(pid=110666) log_opt_values /opt/stack/data/venv/lib/python3.12/site-packages/oslo_config/cfg.py:3006}}
May 18 18:30:30.182166 np0000174493 nova-conductor[110666]: DEBUG cotyledon.oslo_config_glue [-] oslo_messaging_rabbit.enable_cancel_on_failover = False {{(pid=110666) log_opt_values /opt/stack/data/venv/lib/python3.12/site-packages/oslo_config/cfg.py:3006}}
May 18 18:30:30.182166 np0000174493 nova-conductor[110666]: DEBUG cotyledon.oslo_config_glue [-] oslo_messaging_rabbit.heartbeat_in_pthread = False {{(pid=110666) log_opt_values /opt/stack/data/venv/lib/python3.12/site-packages/oslo_config/cfg.py:3006}}
May 18 18:30:30.182166 np0000174493 nova-conductor[110666]: DEBUG cotyledon.oslo_config_glue [-] oslo_messaging_rabbit.heartbeat_rate = 3 {{(pid=110666) log_opt_values /opt/stack/data/venv/lib/python3.12/site-packages/oslo_config/cfg.py:3006}}
May 18 18:30:30.182166 np0000174493 nova-conductor[110666]: DEBUG cotyledon.oslo_config_glue [-] oslo_messaging_rabbit.heartbeat_timeout_threshold = 60 {{(pid=110666) log_opt_values /opt/stack/data/venv/lib/python3.12/site-packages/oslo_config/cfg.py:3006}}
May 18 18:30:30.182166 np0000174493 nova-conductor[110666]: DEBUG cotyledon.oslo_config_glue [-] oslo_messaging_rabbit.hostname = np0000174493 {{(pid=110666) log_opt_values /opt/stack/data/venv/lib/python3.12/site-packages/oslo_config/cfg.py:3006}}
May 18 18:30:30.182166 np0000174493 nova-conductor[110666]: DEBUG cotyledon.oslo_config_glue [-] oslo_messaging_rabbit.kombu_compression = None {{(pid=110666) log_opt_values /opt/stack/data/venv/lib/python3.12/site-packages/oslo_config/cfg.py:3006}}
May 18 18:30:30.182166 np0000174493 nova-conductor[110666]: DEBUG cotyledon.oslo_config_glue [-] oslo_messaging_rabbit.kombu_failover_strategy = round-robin {{(pid=110666) log_opt_values /opt/stack/data/venv/lib/python3.12/site-packages/oslo_config/cfg.py:3006}}
May 18 18:30:30.182166 np0000174493 nova-conductor[110666]: DEBUG cotyledon.oslo_config_glue [-] oslo_messaging_rabbit.kombu_missing_consumer_retry_timeout = 60 {{(pid=110666) log_opt_values /opt/stack/data/venv/lib/python3.12/site-packages/oslo_config/cfg.py:3006}}
May 18 18:30:30.182352 np0000174493 nova-conductor[110666]: DEBUG cotyledon.oslo_config_glue [-] oslo_messaging_rabbit.kombu_reconnect_delay = 1.0 {{(pid=110666) log_opt_values /opt/stack/data/venv/lib/python3.12/site-packages/oslo_config/cfg.py:3006}}
May 18 18:30:30.182352 np0000174493 nova-conductor[110666]: DEBUG cotyledon.oslo_config_glue [-] oslo_messaging_rabbit.kombu_reconnect_splay = 0.0 {{(pid=110666) log_opt_values /opt/stack/data/venv/lib/python3.12/site-packages/oslo_config/cfg.py:3006}}
May 18 18:30:30.182352 np0000174493 nova-conductor[110666]: DEBUG cotyledon.oslo_config_glue [-] oslo_messaging_rabbit.processname = nova-conductor {{(pid=110666) log_opt_values /opt/stack/data/venv/lib/python3.12/site-packages/oslo_config/cfg.py:3006}}
May 18 18:30:30.182352 np0000174493 nova-conductor[110666]: DEBUG cotyledon.oslo_config_glue [-] oslo_messaging_rabbit.rabbit_ha_queues = False {{(pid=110666) log_opt_values /opt/stack/data/venv/lib/python3.12/site-packages/oslo_config/cfg.py:3006}}
May 18 18:30:30.182352 np0000174493 nova-conductor[110666]: DEBUG cotyledon.oslo_config_glue [-] oslo_messaging_rabbit.rabbit_interval_max = 30 {{(pid=110666) log_opt_values /opt/stack/data/venv/lib/python3.12/site-packages/oslo_config/cfg.py:3006}}
May 18 18:30:30.182352 np0000174493 nova-conductor[110666]: DEBUG cotyledon.oslo_config_glue [-] oslo_messaging_rabbit.rabbit_login_method = AMQPLAIN {{(pid=110666) log_opt_values /opt/stack/data/venv/lib/python3.12/site-packages/oslo_config/cfg.py:3006}}
May 18 18:30:30.182352 np0000174493 nova-conductor[110666]: DEBUG cotyledon.oslo_config_glue [-] oslo_messaging_rabbit.rabbit_qos_prefetch_count = 0 {{(pid=110666) log_opt_values /opt/stack/data/venv/lib/python3.12/site-packages/oslo_config/cfg.py:3006}}
May 18 18:30:30.182352 np0000174493 nova-conductor[110666]: DEBUG cotyledon.oslo_config_glue [-] oslo_messaging_rabbit.rabbit_quorum_delivery_limit = 0 {{(pid=110666) log_opt_values /opt/stack/data/venv/lib/python3.12/site-packages/oslo_config/cfg.py:3006}}
May 18 18:30:30.182352 np0000174493 nova-conductor[110666]: DEBUG cotyledon.oslo_config_glue [-] oslo_messaging_rabbit.rabbit_quorum_max_memory_bytes = 0 {{(pid=110666) log_opt_values /opt/stack/data/venv/lib/python3.12/site-packages/oslo_config/cfg.py:3006}}
May 18 18:30:30.182563 np0000174493 nova-conductor[110666]: DEBUG cotyledon.oslo_config_glue [-] oslo_messaging_rabbit.rabbit_quorum_max_memory_length = 0 {{(pid=110666) log_opt_values /opt/stack/data/venv/lib/python3.12/site-packages/oslo_config/cfg.py:3006}}
May 18 18:30:30.182563 np0000174493 nova-conductor[110666]: DEBUG cotyledon.oslo_config_glue [-] oslo_messaging_rabbit.rabbit_quorum_queue = False {{(pid=110666) log_opt_values /opt/stack/data/venv/lib/python3.12/site-packages/oslo_config/cfg.py:3006}}
May 18 18:30:30.182563 np0000174493 nova-conductor[110666]: DEBUG cotyledon.oslo_config_glue [-] oslo_messaging_rabbit.rabbit_retry_backoff = 2 {{(pid=110666) log_opt_values /opt/stack/data/venv/lib/python3.12/site-packages/oslo_config/cfg.py:3006}}
May 18 18:30:30.182563 np0000174493 nova-conductor[110666]: DEBUG cotyledon.oslo_config_glue [-] oslo_messaging_rabbit.rabbit_retry_interval = 1 {{(pid=110666) log_opt_values /opt/stack/data/venv/lib/python3.12/site-packages/oslo_config/cfg.py:3006}}
May 18 18:30:30.182563 np0000174493 nova-conductor[110666]: DEBUG cotyledon.oslo_config_glue [-] oslo_messaging_rabbit.rabbit_stream_fanout = False {{(pid=110666) log_opt_values /opt/stack/data/venv/lib/python3.12/site-packages/oslo_config/cfg.py:3006}}
May 18 18:30:30.182563 np0000174493 nova-conductor[110666]: DEBUG cotyledon.oslo_config_glue [-] oslo_messaging_rabbit.rabbit_transient_queues_ttl = 1800 {{(pid=110666) log_opt_values /opt/stack/data/venv/lib/python3.12/site-packages/oslo_config/cfg.py:3006}}
May 18 18:30:30.182563 np0000174493 nova-conductor[110666]: DEBUG cotyledon.oslo_config_glue [-] oslo_messaging_rabbit.rabbit_transient_quorum_queue = False {{(pid=110666) log_opt_values /opt/stack/data/venv/lib/python3.12/site-packages/oslo_config/cfg.py:3006}}
May 18 18:30:30.182563 np0000174493 nova-conductor[110666]: DEBUG cotyledon.oslo_config_glue [-] oslo_messaging_rabbit.rpc_conn_pool_size = 30 {{(pid=110666) log_opt_values /opt/stack/data/venv/lib/python3.12/site-packages/oslo_config/cfg.py:3006}}
May 18 18:30:30.182563 np0000174493 nova-conductor[110666]: DEBUG cotyledon.oslo_config_glue [-] oslo_messaging_rabbit.ssl = False {{(pid=110666) log_opt_values /opt/stack/data/venv/lib/python3.12/site-packages/oslo_config/cfg.py:3006}}
May 18 18:30:30.182802 np0000174493 nova-conductor[110666]: DEBUG cotyledon.oslo_config_glue [-] oslo_messaging_rabbit.ssl_ca_file = {{(pid=110666) log_opt_values /opt/stack/data/venv/lib/python3.12/site-packages/oslo_config/cfg.py:3006}}
May 18 18:30:30.182802 np0000174493 nova-conductor[110666]: DEBUG cotyledon.oslo_config_glue [-] oslo_messaging_rabbit.ssl_cert_file = {{(pid=110666) log_opt_values /opt/stack/data/venv/lib/python3.12/site-packages/oslo_config/cfg.py:3006}}
May 18 18:30:30.182802 np0000174493 nova-conductor[110666]: DEBUG cotyledon.oslo_config_glue [-] oslo_messaging_rabbit.ssl_enforce_fips_mode = False {{(pid=110666) log_opt_values /opt/stack/data/venv/lib/python3.12/site-packages/oslo_config/cfg.py:3006}}
May 18 18:30:30.182802 np0000174493 nova-conductor[110666]: DEBUG cotyledon.oslo_config_glue [-] oslo_messaging_rabbit.ssl_key_file = {{(pid=110666) log_opt_values /opt/stack/data/venv/lib/python3.12/site-packages/oslo_config/cfg.py:3006}}
May 18 18:30:30.182802 np0000174493 nova-conductor[110666]: DEBUG cotyledon.oslo_config_glue [-] oslo_messaging_rabbit.ssl_version = {{(pid=110666) log_opt_values /opt/stack/data/venv/lib/python3.12/site-packages/oslo_config/cfg.py:3006}}
May 18 18:30:30.182802 np0000174493 nova-conductor[110666]: DEBUG cotyledon.oslo_config_glue [-] oslo_messaging_rabbit.use_queue_manager = False {{(pid=110666) log_opt_values /opt/stack/data/venv/lib/python3.12/site-packages/oslo_config/cfg.py:3006}}
May 18 18:30:30.182802 np0000174493 nova-conductor[110666]: DEBUG cotyledon.oslo_config_glue [-] oslo_messaging_notifications.driver = ['messagingv2'] {{(pid=110666) log_opt_values /opt/stack/data/venv/lib/python3.12/site-packages/oslo_config/cfg.py:3006}}
May 18 18:30:30.182802 np0000174493 nova-conductor[110666]: DEBUG cotyledon.oslo_config_glue [-] oslo_messaging_notifications.retry = -1 {{(pid=110666) log_opt_values /opt/stack/data/venv/lib/python3.12/site-packages/oslo_config/cfg.py:3006}}
May 18 18:30:30.182802 np0000174493 nova-conductor[110666]: DEBUG cotyledon.oslo_config_glue [-] oslo_messaging_notifications.topics = ['notifications'] {{(pid=110666) log_opt_values /opt/stack/data/venv/lib/python3.12/site-packages/oslo_config/cfg.py:3006}}
May 18 18:30:30.183028 np0000174493 nova-conductor[110666]: DEBUG cotyledon.oslo_config_glue [-] oslo_messaging_notifications.transport_url = **** {{(pid=110666) log_opt_values /opt/stack/data/venv/lib/python3.12/site-packages/oslo_config/cfg.py:3006}}
May 18 18:30:30.183028 np0000174493 nova-conductor[110666]: DEBUG cotyledon.oslo_config_glue [-] oslo_limit.auth_section = None {{(pid=110666) log_opt_values /opt/stack/data/venv/lib/python3.12/site-packages/oslo_config/cfg.py:3006}}
May 18 18:30:30.183028 np0000174493 nova-conductor[110666]: DEBUG cotyledon.oslo_config_glue [-] oslo_limit.auth_type = None {{(pid=110666) log_opt_values /opt/stack/data/venv/lib/python3.12/site-packages/oslo_config/cfg.py:3006}}
May 18 18:30:30.183028 np0000174493 nova-conductor[110666]: DEBUG cotyledon.oslo_config_glue [-] oslo_limit.cafile = None {{(pid=110666) log_opt_values /opt/stack/data/venv/lib/python3.12/site-packages/oslo_config/cfg.py:3006}}
May 18 18:30:30.183028 np0000174493 nova-conductor[110666]: DEBUG cotyledon.oslo_config_glue [-] oslo_limit.certfile = None {{(pid=110666) log_opt_values /opt/stack/data/venv/lib/python3.12/site-packages/oslo_config/cfg.py:3006}}
May 18 18:30:30.183028 np0000174493 nova-conductor[110666]: DEBUG cotyledon.oslo_config_glue [-] oslo_limit.collect_timing = False {{(pid=110666) log_opt_values /opt/stack/data/venv/lib/python3.12/site-packages/oslo_config/cfg.py:3006}}
May 18 18:30:30.183028 np0000174493 nova-conductor[110666]: DEBUG cotyledon.oslo_config_glue [-] oslo_limit.connect_retries = None {{(pid=110666) log_opt_values /opt/stack/data/venv/lib/python3.12/site-packages/oslo_config/cfg.py:3006}}
May 18 18:30:30.183028 np0000174493 nova-conductor[110666]: DEBUG cotyledon.oslo_config_glue [-] oslo_limit.connect_retry_delay = None {{(pid=110666) log_opt_values /opt/stack/data/venv/lib/python3.12/site-packages/oslo_config/cfg.py:3006}}
May 18 18:30:30.183028 np0000174493 nova-conductor[110666]: DEBUG cotyledon.oslo_config_glue [-] oslo_limit.endpoint_id = None {{(pid=110666) log_opt_values /opt/stack/data/venv/lib/python3.12/site-packages/oslo_config/cfg.py:3006}}
May 18 18:30:30.183242 np0000174493 nova-conductor[110666]: DEBUG cotyledon.oslo_config_glue [-] oslo_limit.endpoint_interface = public {{(pid=110666) log_opt_values /opt/stack/data/venv/lib/python3.12/site-packages/oslo_config/cfg.py:3006}}
May 18 18:30:30.183242 np0000174493 nova-conductor[110666]: DEBUG cotyledon.oslo_config_glue [-] oslo_limit.endpoint_override = None {{(pid=110666) log_opt_values /opt/stack/data/venv/lib/python3.12/site-packages/oslo_config/cfg.py:3006}}
May 18 18:30:30.183242 np0000174493 nova-conductor[110666]: DEBUG cotyledon.oslo_config_glue [-] oslo_limit.endpoint_region_name = None {{(pid=110666) log_opt_values /opt/stack/data/venv/lib/python3.12/site-packages/oslo_config/cfg.py:3006}}
May 18 18:30:30.183242 np0000174493 nova-conductor[110666]: DEBUG cotyledon.oslo_config_glue [-] oslo_limit.endpoint_service_name = None {{(pid=110666) log_opt_values /opt/stack/data/venv/lib/python3.12/site-packages/oslo_config/cfg.py:3006}}
May 18 18:30:30.183242 np0000174493 nova-conductor[110666]: DEBUG cotyledon.oslo_config_glue [-] oslo_limit.endpoint_service_type = None {{(pid=110666) log_opt_values /opt/stack/data/venv/lib/python3.12/site-packages/oslo_config/cfg.py:3006}}
May 18 18:30:30.183242 np0000174493 nova-conductor[110666]: DEBUG cotyledon.oslo_config_glue [-] oslo_limit.insecure = False {{(pid=110666) log_opt_values /opt/stack/data/venv/lib/python3.12/site-packages/oslo_config/cfg.py:3006}}
May 18 18:30:30.183242 np0000174493 nova-conductor[110666]: DEBUG cotyledon.oslo_config_glue [-] oslo_limit.keyfile = None {{(pid=110666) log_opt_values /opt/stack/data/venv/lib/python3.12/site-packages/oslo_config/cfg.py:3006}}
May 18 18:30:30.183242 np0000174493 nova-conductor[110666]: DEBUG cotyledon.oslo_config_glue [-] oslo_limit.max_version = None {{(pid=110666) log_opt_values /opt/stack/data/venv/lib/python3.12/site-packages/oslo_config/cfg.py:3006}}
May 18 18:30:30.183242 np0000174493 nova-conductor[110666]: DEBUG cotyledon.oslo_config_glue [-] oslo_limit.min_version = None {{(pid=110666) log_opt_values /opt/stack/data/venv/lib/python3.12/site-packages/oslo_config/cfg.py:3006}}
May 18 18:30:30.183454 np0000174493 nova-conductor[110666]: DEBUG cotyledon.oslo_config_glue [-] oslo_limit.region_name = None {{(pid=110666) log_opt_values /opt/stack/data/venv/lib/python3.12/site-packages/oslo_config/cfg.py:3006}}
May 18 18:30:30.183454 np0000174493 nova-conductor[110666]: DEBUG cotyledon.oslo_config_glue [-] oslo_limit.retriable_status_codes = None {{(pid=110666) log_opt_values /opt/stack/data/venv/lib/python3.12/site-packages/oslo_config/cfg.py:3006}}
May 18 18:30:30.183454 np0000174493 nova-conductor[110666]: DEBUG cotyledon.oslo_config_glue [-] oslo_limit.service_name = None {{(pid=110666) log_opt_values /opt/stack/data/venv/lib/python3.12/site-packages/oslo_config/cfg.py:3006}}
May 18 18:30:30.183454 np0000174493 nova-conductor[110666]: DEBUG cotyledon.oslo_config_glue [-] oslo_limit.service_type = None {{(pid=110666) log_opt_values /opt/stack/data/venv/lib/python3.12/site-packages/oslo_config/cfg.py:3006}}
May 18 18:30:30.183454 np0000174493 nova-conductor[110666]: DEBUG cotyledon.oslo_config_glue [-] oslo_limit.split_loggers = False {{(pid=110666) log_opt_values /opt/stack/data/venv/lib/python3.12/site-packages/oslo_config/cfg.py:3006}}
May 18 18:30:30.183454 np0000174493 nova-conductor[110666]: DEBUG cotyledon.oslo_config_glue [-] oslo_limit.status_code_retries = None {{(pid=110666) log_opt_values /opt/stack/data/venv/lib/python3.12/site-packages/oslo_config/cfg.py:3006}}
May 18 18:30:30.183454 np0000174493 nova-conductor[110666]: DEBUG cotyledon.oslo_config_glue [-] oslo_limit.status_code_retry_delay = None {{(pid=110666) log_opt_values /opt/stack/data/venv/lib/python3.12/site-packages/oslo_config/cfg.py:3006}}
May 18 18:30:30.183454 np0000174493 nova-conductor[110666]: DEBUG cotyledon.oslo_config_glue [-] oslo_limit.timeout = None {{(pid=110666) log_opt_values /opt/stack/data/venv/lib/python3.12/site-packages/oslo_config/cfg.py:3006}}
May 18 18:30:30.183454 np0000174493 nova-conductor[110666]: DEBUG cotyledon.oslo_config_glue [-] oslo_limit.valid_interfaces = None {{(pid=110666) log_opt_values /opt/stack/data/venv/lib/python3.12/site-packages/oslo_config/cfg.py:3006}}
May 18 18:30:30.184580 np0000174493 nova-conductor[110666]: DEBUG cotyledon.oslo_config_glue [-] oslo_limit.version = None {{(pid=110666) log_opt_values /opt/stack/data/venv/lib/python3.12/site-packages/oslo_config/cfg.py:3006}}
May 18 18:30:30.184580 np0000174493 nova-conductor[110666]: DEBUG cotyledon.oslo_config_glue [-] oslo_reports.file_event_handler = None {{(pid=110666) log_opt_values /opt/stack/data/venv/lib/python3.12/site-packages/oslo_config/cfg.py:3006}}
May 18 18:30:30.184580 np0000174493 nova-conductor[110666]: DEBUG cotyledon.oslo_config_glue [-] oslo_reports.file_event_handler_interval = 1 {{(pid=110666) log_opt_values /opt/stack/data/venv/lib/python3.12/site-packages/oslo_config/cfg.py:3006}}
May 18 18:30:30.184580 np0000174493 nova-conductor[110666]: DEBUG cotyledon.oslo_config_glue [-] oslo_reports.log_dir = None {{(pid=110666) log_opt_values /opt/stack/data/venv/lib/python3.12/site-packages/oslo_config/cfg.py:3006}}
May 18 18:30:30.184580 np0000174493 nova-conductor[110666]: DEBUG cotyledon.oslo_config_glue [-] ******************************************************************************** {{(pid=110666) log_opt_values /opt/stack/data/venv/lib/python3.12/site-packages/oslo_config/cfg.py:3013}}
May 18 18:30:30.184580 np0000174493 nova-conductor[110666]: DEBUG cotyledon._service_worker [-] Run service ServiceWrapper(3) [110666] {{(pid=110666) wait_forever /opt/stack/data/venv/lib/python3.12/site-packages/cotyledon/_service_worker.py:218}}
May 18 18:30:30.184580 np0000174493 nova-conductor[110666]: INFO nova.service [-] Starting conductor node (version 33.1.0)
May 18 18:30:30.184907 np0000174493 nova-conductor[110647]: INFO dbcounter [None req-e8087826-4676-4324-a29f-93f0c90441bf None None] Registered counter for database nova_cell0
May 18 18:30:30.185210 np0000174493 nova-conductor[110652]: DEBUG dbcounter [-] [110652] Writer thread running {{(pid=110652) stat_writer /opt/stack/data/venv/lib/python3.12/site-packages/dbcounter.py:102}}
May 18 18:30:30.185243 np0000174493 nova-conductor[110658]: DEBUG oslo_db.sqlalchemy.engines [None req-526fc893-599b-407f-96fe-2f41ec10e103 None None] MySQL server mode set to STRICT_TRANS_TABLES,STRICT_ALL_TABLES,NO_ZERO_IN_DATE,NO_ZERO_DATE,ERROR_FOR_DIVISION_BY_ZERO,TRADITIONAL,NO_ENGINE_SUBSTITUTION {{(pid=110658) _check_effective_sql_mode /opt/stack/data/venv/lib/python3.12/site-packages/oslo_db/sqlalchemy/engines.py:325}}
May 18 18:30:30.185274 np0000174493 nova-conductor[110666]: INFO dbcounter [None req-a9f86f08-f73a-4163-90a0-6fa31f2016e3 None None] Registered counter for database nova_cell0
May 18 18:30:30.185301 np0000174493 nova-conductor[110647]: DEBUG oslo_db.sqlalchemy.engines [None req-e8087826-4676-4324-a29f-93f0c90441bf None None] MySQL server mode set to STRICT_TRANS_TABLES,STRICT_ALL_TABLES,NO_ZERO_IN_DATE,NO_ZERO_DATE,ERROR_FOR_DIVISION_BY_ZERO,TRADITIONAL,NO_ENGINE_SUBSTITUTION {{(pid=110647) _check_effective_sql_mode /opt/stack/data/venv/lib/python3.12/site-packages/oslo_db/sqlalchemy/engines.py:325}}
May 18 18:30:30.185331 np0000174493 nova-conductor[110652]: DEBUG nova.service [None req-0b3f2819-1bf3-414b-b328-abb2abb5e5e1 None None] Creating RPC server for service: nova-conductor on topic: conductor {{(pid=110652) start /opt/stack/nova/nova/service.py:195}}
May 18 18:30:30.185356 np0000174493 nova-conductor[110666]: DEBUG oslo_db.sqlalchemy.engines [None req-a9f86f08-f73a-4163-90a0-6fa31f2016e3 None None] MySQL server mode set to STRICT_TRANS_TABLES,STRICT_ALL_TABLES,NO_ZERO_IN_DATE,NO_ZERO_DATE,ERROR_FOR_DIVISION_BY_ZERO,TRADITIONAL,NO_ENGINE_SUBSTITUTION {{(pid=110666) _check_effective_sql_mode /opt/stack/data/venv/lib/python3.12/site-packages/oslo_db/sqlalchemy/engines.py:325}}
May 18 18:30:30.185400 np0000174493 nova-conductor[110647]: DEBUG dbcounter [-] [110647] Writer thread running {{(pid=110647) stat_writer /opt/stack/data/venv/lib/python3.12/site-packages/dbcounter.py:102}}
May 18 18:30:30.185429 np0000174493 nova-conductor[110658]: DEBUG dbcounter [-] [110658] Writer thread running {{(pid=110658) stat_writer /opt/stack/data/venv/lib/python3.12/site-packages/dbcounter.py:102}}
May 18 18:30:30.185458 np0000174493 nova-conductor[110647]: DEBUG nova.service [None req-e8087826-4676-4324-a29f-93f0c90441bf None None] Creating RPC server for service: nova-conductor on topic: conductor {{(pid=110647) start /opt/stack/nova/nova/service.py:195}}
May 18 18:30:30.185482 np0000174493 nova-conductor[110658]: DEBUG nova.service [None req-526fc893-599b-407f-96fe-2f41ec10e103 None None] Creating RPC server for service: nova-conductor on topic: conductor {{(pid=110658) start /opt/stack/nova/nova/service.py:195}}
May 18 18:30:30.189194 np0000174493 nova-conductor[110666]: DEBUG dbcounter [-] [110666] Writer thread running {{(pid=110666) stat_writer /opt/stack/data/venv/lib/python3.12/site-packages/dbcounter.py:102}}
May 18 18:30:30.192260 np0000174493 nova-conductor[110666]: DEBUG nova.service [None req-a9f86f08-f73a-4163-90a0-6fa31f2016e3 None None] Creating RPC server for service: nova-conductor on topic: conductor {{(pid=110666) start /opt/stack/nova/nova/service.py:195}}
May 18 18:30:30.207799 np0000174493 nova-conductor[110658]: DEBUG nova.service [None req-526fc893-599b-407f-96fe-2f41ec10e103 None None] Join ServiceGroup membership for this service conductor {{(pid=110658) start /opt/stack/nova/nova/service.py:221}}
May 18 18:30:30.208204 np0000174493 nova-conductor[110647]: DEBUG nova.service [None req-e8087826-4676-4324-a29f-93f0c90441bf None None] Join ServiceGroup membership for this service conductor {{(pid=110647) start /opt/stack/nova/nova/service.py:221}}
May 18 18:30:30.208256 np0000174493 nova-conductor[110658]: DEBUG nova.servicegroup.drivers.db [None req-526fc893-599b-407f-96fe-2f41ec10e103 None None] DB_Driver: join new ServiceGroup member np0000174493 to the conductor group, service = {{(pid=110658) join /opt/stack/nova/nova/servicegroup/drivers/db.py:44}}
May 18 18:30:30.208400 np0000174493 nova-conductor[110647]: DEBUG nova.servicegroup.drivers.db [None req-e8087826-4676-4324-a29f-93f0c90441bf None None] DB_Driver: join new ServiceGroup member np0000174493 to the conductor group, service = {{(pid=110647) join /opt/stack/nova/nova/servicegroup/drivers/db.py:44}}
May 18 18:30:30.212863 np0000174493 nova-conductor[110666]: DEBUG nova.service [None req-a9f86f08-f73a-4163-90a0-6fa31f2016e3 None None] Join ServiceGroup membership for this service conductor {{(pid=110666) start /opt/stack/nova/nova/service.py:221}}
May 18 18:30:30.212941 np0000174493 nova-conductor[110652]: DEBUG nova.service [None req-0b3f2819-1bf3-414b-b328-abb2abb5e5e1 None None] Join ServiceGroup membership for this service conductor {{(pid=110652) start /opt/stack/nova/nova/service.py:221}}
May 18 18:30:30.213249 np0000174493 nova-conductor[110666]: DEBUG nova.servicegroup.drivers.db [None req-a9f86f08-f73a-4163-90a0-6fa31f2016e3 None None] DB_Driver: join new ServiceGroup member np0000174493 to the conductor group, service = {{(pid=110666) join /opt/stack/nova/nova/servicegroup/drivers/db.py:44}}
May 18 18:30:30.213503 np0000174493 nova-conductor[110652]: DEBUG nova.servicegroup.drivers.db [None req-0b3f2819-1bf3-414b-b328-abb2abb5e5e1 None None] DB_Driver: join new ServiceGroup member np0000174493 to the conductor group, service = {{(pid=110652) join /opt/stack/nova/nova/servicegroup/drivers/db.py:44}}
May 18 18:30:35.231086 np0000174493 nova-conductor[110658]: DEBUG oslo.service.backend._threading.loopingcall [-] Fixed interval looping call 'nova.servicegroup.drivers.db.DbDriver._report_state' sleeping for 119.98 seconds {{(pid=110658) _run_loop /opt/stack/data/venv/lib/python3.12/site-packages/oslo_service/backend/_threading/loopingcall.py:125}}
May 18 18:30:35.232310 np0000174493 nova-conductor[110647]: DEBUG oslo.service.backend._threading.loopingcall [-] Fixed interval looping call 'nova.servicegroup.drivers.db.DbDriver._report_state' sleeping for 119.98 seconds {{(pid=110647) _run_loop /opt/stack/data/venv/lib/python3.12/site-packages/oslo_service/backend/_threading/loopingcall.py:125}}
May 18 18:30:35.234342 np0000174493 nova-conductor[110666]: DEBUG oslo.service.backend._threading.loopingcall [-] Fixed interval looping call 'nova.servicegroup.drivers.db.DbDriver._report_state' sleeping for 119.98 seconds {{(pid=110666) _run_loop /opt/stack/data/venv/lib/python3.12/site-packages/oslo_service/backend/_threading/loopingcall.py:125}}
May 18 18:30:35.235104 np0000174493 nova-conductor[110652]: DEBUG oslo.service.backend._threading.loopingcall [-] Fixed interval looping call 'nova.servicegroup.drivers.db.DbDriver._report_state' sleeping for 119.98 seconds {{(pid=110652) _run_loop /opt/stack/data/venv/lib/python3.12/site-packages/oslo_service/backend/_threading/loopingcall.py:125}}
May 18 18:30:38.804932 np0000174493 nova-conductor[109851]: DEBUG dbcounter [-] [109851] Writing DB stats nova_api:SELECT=1 {{(pid=109851) stat_writer /opt/stack/data/venv/lib/python3.12/site-packages/dbcounter.py:115}}
May 18 18:30:38.900507 np0000174493 nova-conductor[109851]: DEBUG dbcounter [-] [109851] Writing DB stats nova_cell0:SELECT=1 {{(pid=109851) stat_writer /opt/stack/data/venv/lib/python3.12/site-packages/dbcounter.py:115}}
May 18 18:30:38.903506 np0000174493 nova-conductor[109851]: DEBUG dbcounter [-] [109851] Writing DB stats nova_cell1:SELECT=1 {{(pid=109851) stat_writer /opt/stack/data/venv/lib/python3.12/site-packages/dbcounter.py:115}}
May 18 18:30:45.225655 np0000174493 nova-conductor[110658]: DEBUG dbcounter [-] [110658] Writing DB stats nova_cell0:SELECT=3,nova_cell0:UPDATE=1 {{(pid=110658) stat_writer /opt/stack/data/venv/lib/python3.12/site-packages/dbcounter.py:115}}
May 18 18:30:45.228633 np0000174493 nova-conductor[110647]: DEBUG dbcounter [-] [110647] Writing DB stats nova_cell0:SELECT=3,nova_cell0:UPDATE=1 {{(pid=110647) stat_writer /opt/stack/data/venv/lib/python3.12/site-packages/dbcounter.py:115}}
May 18 18:30:45.230430 np0000174493 nova-conductor[110666]: DEBUG dbcounter [-] [110666] Writing DB stats nova_cell0:SELECT=3 {{(pid=110666) stat_writer /opt/stack/data/venv/lib/python3.12/site-packages/dbcounter.py:115}}
May 18 18:30:45.233790 np0000174493 nova-conductor[110652]: DEBUG dbcounter [-] [110652] Writing DB stats nova_cell0:SELECT=4,nova_cell0:INSERT=1,nova_cell0:UPDATE=1 {{(pid=110652) stat_writer /opt/stack/data/venv/lib/python3.12/site-packages/dbcounter.py:115}}
May 18 18:30:54.212833 np0000174493 nova-conductor[110647]: DEBUG oslo.service.backend._threading.loopingcall [None req-e231af4f-2922-4606-bc6a-683726bb7a49 None None] Dynamic interval looping call 'nova.service.Service.periodic_tasks' sleeping for 60.00 seconds {{(pid=110647) _run_loop /opt/stack/data/venv/lib/python3.12/site-packages/oslo_service/backend/_threading/loopingcall.py:125}}
May 18 18:31:09.211996 np0000174493 nova-conductor[110658]: DEBUG oslo.service.backend._threading.loopingcall [None req-1d8cb146-2a53-4590-a557-011ba0b8cf92 None None] Dynamic interval looping call 'nova.service.Service.periodic_tasks' sleeping for 60.00 seconds {{(pid=110658) _run_loop /opt/stack/data/venv/lib/python3.12/site-packages/oslo_service/backend/_threading/loopingcall.py:125}}
May 18 18:31:17.220557 np0000174493 nova-conductor[110652]: DEBUG oslo.service.backend._threading.loopingcall [None req-43bd11ed-1bd6-47f0-96d1-3715ee76956d None None] Dynamic interval looping call 'nova.service.Service.periodic_tasks' sleeping for 60.00 seconds {{(pid=110652) _run_loop /opt/stack/data/venv/lib/python3.12/site-packages/oslo_service/backend/_threading/loopingcall.py:125}}
May 18 18:31:18.215966 np0000174493 nova-conductor[110666]: DEBUG oslo.service.backend._threading.loopingcall [None req-000cab9a-8ee6-43a9-8235-77fd4680c51a None None] Dynamic interval looping call 'nova.service.Service.periodic_tasks' sleeping for 60.00 seconds {{(pid=110666) _run_loop /opt/stack/data/venv/lib/python3.12/site-packages/oslo_service/backend/_threading/loopingcall.py:125}}
May 18 18:31:54.213833 np0000174493 nova-conductor[110647]: DEBUG oslo.service.backend._threading.loopingcall [None req-e231af4f-2922-4606-bc6a-683726bb7a49 None None] Dynamic interval looping call 'nova.service.Service.periodic_tasks' sleeping for 60.00 seconds {{(pid=110647) _run_loop /opt/stack/data/venv/lib/python3.12/site-packages/oslo_service/backend/_threading/loopingcall.py:125}}
May 18 18:32:09.212789 np0000174493 nova-conductor[110658]: DEBUG oslo.service.backend._threading.loopingcall [None req-1d8cb146-2a53-4590-a557-011ba0b8cf92 None None] Dynamic interval looping call 'nova.service.Service.periodic_tasks' sleeping for 60.00 seconds {{(pid=110658) _run_loop /opt/stack/data/venv/lib/python3.12/site-packages/oslo_service/backend/_threading/loopingcall.py:125}}
May 18 18:32:17.221496 np0000174493 nova-conductor[110652]: DEBUG oslo.service.backend._threading.loopingcall [None req-43bd11ed-1bd6-47f0-96d1-3715ee76956d None None] Dynamic interval looping call 'nova.service.Service.periodic_tasks' sleeping for 60.00 seconds {{(pid=110652) _run_loop /opt/stack/data/venv/lib/python3.12/site-packages/oslo_service/backend/_threading/loopingcall.py:125}}
May 18 18:32:18.217278 np0000174493 nova-conductor[110666]: DEBUG oslo.service.backend._threading.loopingcall [None req-000cab9a-8ee6-43a9-8235-77fd4680c51a None None] Dynamic interval looping call 'nova.service.Service.periodic_tasks' sleeping for 60.00 seconds {{(pid=110666) _run_loop /opt/stack/data/venv/lib/python3.12/site-packages/oslo_service/backend/_threading/loopingcall.py:125}}
May 18 18:32:35.222565 np0000174493 nova-conductor[110658]: DEBUG oslo.service.backend._threading.loopingcall [-] Fixed interval looping call 'nova.servicegroup.drivers.db.DbDriver._report_state' sleeping for 119.99 seconds {{(pid=110658) _run_loop /opt/stack/data/venv/lib/python3.12/site-packages/oslo_service/backend/_threading/loopingcall.py:125}}
May 18 18:32:35.223585 np0000174493 nova-conductor[110647]: DEBUG oslo.service.backend._threading.loopingcall [-] Fixed interval looping call 'nova.servicegroup.drivers.db.DbDriver._report_state' sleeping for 119.99 seconds {{(pid=110647) _run_loop /opt/stack/data/venv/lib/python3.12/site-packages/oslo_service/backend/_threading/loopingcall.py:125}}
May 18 18:32:35.224398 np0000174493 nova-conductor[110652]: DEBUG oslo.service.backend._threading.loopingcall [-] Fixed interval looping call 'nova.servicegroup.drivers.db.DbDriver._report_state' sleeping for 119.99 seconds {{(pid=110652) _run_loop /opt/stack/data/venv/lib/python3.12/site-packages/oslo_service/backend/_threading/loopingcall.py:125}}
May 18 18:32:35.226724 np0000174493 nova-conductor[110666]: DEBUG oslo.service.backend._threading.loopingcall [-] Fixed interval looping call 'nova.servicegroup.drivers.db.DbDriver._report_state' sleeping for 119.99 seconds {{(pid=110666) _run_loop /opt/stack/data/venv/lib/python3.12/site-packages/oslo_service/backend/_threading/loopingcall.py:125}}
May 18 18:32:45.216195 np0000174493 nova-conductor[110658]: DEBUG dbcounter [-] [110658] Writing DB stats nova_cell0:SELECT=1,nova_cell0:UPDATE=1 {{(pid=110658) stat_writer /opt/stack/data/venv/lib/python3.12/site-packages/dbcounter.py:115}}
May 18 18:32:45.218357 np0000174493 nova-conductor[110647]: DEBUG dbcounter [-] [110647] Writing DB stats nova_cell0:SELECT=1,nova_cell0:UPDATE=1 {{(pid=110647) stat_writer /opt/stack/data/venv/lib/python3.12/site-packages/dbcounter.py:115}}
May 18 18:32:45.222041 np0000174493 nova-conductor[110652]: DEBUG dbcounter [-] [110652] Writing DB stats nova_cell0:SELECT=1,nova_cell0:UPDATE=1 {{(pid=110652) stat_writer /opt/stack/data/venv/lib/python3.12/site-packages/dbcounter.py:115}}
May 18 18:32:45.224854 np0000174493 nova-conductor[110666]: DEBUG dbcounter [-] [110666] Writing DB stats nova_cell0:SELECT=1,nova_cell0:UPDATE=1 {{(pid=110666) stat_writer /opt/stack/data/venv/lib/python3.12/site-packages/dbcounter.py:115}}
May 18 18:32:54.214806 np0000174493 nova-conductor[110647]: DEBUG oslo.service.backend._threading.loopingcall [None req-e231af4f-2922-4606-bc6a-683726bb7a49 None None] Dynamic interval looping call 'nova.service.Service.periodic_tasks' sleeping for 60.00 seconds {{(pid=110647) _run_loop /opt/stack/data/venv/lib/python3.12/site-packages/oslo_service/backend/_threading/loopingcall.py:125}}
May 18 18:33:09.213505 np0000174493 nova-conductor[110658]: DEBUG oslo.service.backend._threading.loopingcall [None req-1d8cb146-2a53-4590-a557-011ba0b8cf92 None None] Dynamic interval looping call 'nova.service.Service.periodic_tasks' sleeping for 60.00 seconds {{(pid=110658) _run_loop /opt/stack/data/venv/lib/python3.12/site-packages/oslo_service/backend/_threading/loopingcall.py:125}}
May 18 18:33:17.222373 np0000174493 nova-conductor[110652]: DEBUG oslo.service.backend._threading.loopingcall [None req-43bd11ed-1bd6-47f0-96d1-3715ee76956d None None] Dynamic interval looping call 'nova.service.Service.periodic_tasks' sleeping for 60.00 seconds {{(pid=110652) _run_loop /opt/stack/data/venv/lib/python3.12/site-packages/oslo_service/backend/_threading/loopingcall.py:125}}
May 18 18:33:18.218131 np0000174493 nova-conductor[110666]: DEBUG oslo.service.backend._threading.loopingcall [None req-000cab9a-8ee6-43a9-8235-77fd4680c51a None None] Dynamic interval looping call 'nova.service.Service.periodic_tasks' sleeping for 60.00 seconds {{(pid=110666) _run_loop /opt/stack/data/venv/lib/python3.12/site-packages/oslo_service/backend/_threading/loopingcall.py:125}}
May 18 18:33:54.215414 np0000174493 nova-conductor[110647]: DEBUG oslo.service.backend._threading.loopingcall [None req-e231af4f-2922-4606-bc6a-683726bb7a49 None None] Dynamic interval looping call 'nova.service.Service.periodic_tasks' sleeping for 60.00 seconds {{(pid=110647) _run_loop /opt/stack/data/venv/lib/python3.12/site-packages/oslo_service/backend/_threading/loopingcall.py:125}}
May 18 18:34:09.214355 np0000174493 nova-conductor[110658]: DEBUG oslo.service.backend._threading.loopingcall [None req-1d8cb146-2a53-4590-a557-011ba0b8cf92 None None] Dynamic interval looping call 'nova.service.Service.periodic_tasks' sleeping for 60.00 seconds {{(pid=110658) _run_loop /opt/stack/data/venv/lib/python3.12/site-packages/oslo_service/backend/_threading/loopingcall.py:125}}