2026-02-26 04:08:07.137 7 INFO neutron_taas.services.taas.taas_plugin [None req-d1863117-1027-4be6-afc5-5da6194bbb6a 0d3231fe3af94ff3b6c759578ea03b76 e52ec618fbff49f8b517423e1067a46a - - default default] TaaS: Handle Delete Port: 72cf3fbb-0d69-4f72-aa57-b8fb5a5e49e1
2026-02-26 04:08:07.139 7 INFO neutron_taas.services.taas.tap_mirror_plugin [None req-d1863117-1027-4be6-afc5-5da6194bbb6a 0d3231fe3af94ff3b6c759578ea03b76 e52ec618fbff49f8b517423e1067a46a - - default default] Tap Mirror: Handle Delete Port: 72cf3fbb-0d69-4f72-aa57-b8fb5a5e49e1 [pid: 7|app: 0|req: 563/1074] 10.0.0.18 () {32 vars in 725 bytes} [Thu Feb 26 04:08:07 2026] DELETE /v2.0/networks/79abdcac-4fb8-43ba-85ff-79a19bff5905 => generated 0 bytes in 302 msecs (HTTP/1.1 204) 3 headers in 131 bytes (1 switches on core 0)
2026-02-26 04:08:07.443 8 INFO neutron.db.segments_db [None req-2771c613-d0b6-4770-ba4b-01282dd5585c 0d3231fe3af94ff3b6c759578ea03b76 e52ec618fbff49f8b517423e1067a46a - - default default] Added segment 598c545b-d200-4144-9d89-095244a9836e of type geneve for network cabd9ba3-2673-4937-9711-4b28d684691f
2026-02-26 04:08:07.555 8 INFO neutron.db.ovn_revision_numbers_db [None req-2771c613-d0b6-4770-ba4b-01282dd5585c 0d3231fe3af94ff3b6c759578ea03b76 e52ec618fbff49f8b517423e1067a46a - - default default] Successfully bumped revision number for resource cabd9ba3-2673-4937-9711-4b28d684691f (type: networks) to 1
2026-02-26 04:08:07.588 7 INFO neutron.services.segments.plugin [-] Segment d26a943a-e21d-4c79-a0ad-bb477cf83bdc resource provider aggregate not found
2026-02-26 04:08:07.598 7 INFO neutron.services.segments.plugin [-] Segment d26a943a-e21d-4c79-a0ad-bb477cf83bdc resource provider aggregate not found
2026-02-26 04:08:07.606 7 INFO neutron.services.segments.plugin [-] Segment d26a943a-e21d-4c79-a0ad-bb477cf83bdc resource provider not found; error: Placement Client Error (4xx): {"errors": [{"status": 404, "title": "Not Found", "detail": "The resource could not be found.\n\n No resource provider with uuid d26a943a-e21d-4c79-a0ad-bb477cf83bdc found for delete ", "request_id": "req-1cfc6692-5e93-4586-859e-9d8f02d7b262"}]}
2026-02-26 04:08:07.621 7 INFO neutron.services.segments.plugin [-] Segment d26a943a-e21d-4c79-a0ad-bb477cf83bdc resource provider not found; error: Placement Client Error (4xx): {"errors": [{"status": 404, "title": "Not Found", "detail": "The resource could not be found.\n\n No resource provider with uuid d26a943a-e21d-4c79-a0ad-bb477cf83bdc found for delete ", "request_id": "req-cd32866a-fd42-4dd3-96f9-194ba4e0f62e"}]}
2026-02-26 04:08:07.722 7 INFO neutron.db.ovn_revision_numbers_db [None req-0254d15f-b1c1-437b-b413-46d623c91364 801e7c8e5e4a4e8483fb08616e3799ab e4664680d80f4ec59d73a99f9661bcd3 - - default default] Successfully bumped revision number for resource d212f89f-6952-4fef-94ac-19b535a6877d (type: security_groups) to 1
2026-02-26 04:08:07.735 7 INFO neutron.db.ovn_revision_numbers_db [None req-0254d15f-b1c1-437b-b413-46d623c91364 801e7c8e5e4a4e8483fb08616e3799ab e4664680d80f4ec59d73a99f9661bcd3 - - default default] Successfully bumped revision number for resource 40dd28ad-eed1-4bfa-88a5-22a2af2dfbc7 (type: security_group_rules) to 0
2026-02-26 04:08:07.742 8 WARNING neutron.scheduler.dhcp_agent_scheduler [None req-2771c613-d0b6-4770-ba4b-01282dd5585c 0d3231fe3af94ff3b6c759578ea03b76 e52ec618fbff49f8b517423e1067a46a - - default default] No more DHCP agents
2026-02-26 04:08:07.743 8 WARNING neutron.api.rpc.agentnotifiers.dhcp_rpc_agent_api [None req-2771c613-d0b6-4770-ba4b-01282dd5585c 0d3231fe3af94ff3b6c759578ea03b76 e52ec618fbff49f8b517423e1067a46a - - default default] Unable to schedule network cabd9ba3-2673-4937-9711-4b28d684691f: no agents available; will retry on subsequent port and subnet creation events.
2026-02-26 04:08:07.757 7 INFO neutron.db.ovn_revision_numbers_db [None req-0254d15f-b1c1-437b-b413-46d623c91364 801e7c8e5e4a4e8483fb08616e3799ab e4664680d80f4ec59d73a99f9661bcd3 - - default default] Successfully bumped revision number for resource 5315a736-3678-45dd-ae65-1facad76ea49 (type: security_group_rules) to 0
2026-02-26 04:08:07.782 7 INFO neutron.db.ovn_revision_numbers_db [None req-0254d15f-b1c1-437b-b413-46d623c91364 801e7c8e5e4a4e8483fb08616e3799ab e4664680d80f4ec59d73a99f9661bcd3 - - default default] Successfully bumped revision number for resource aca37caf-a5c5-40b7-9f02-ab35e11ca46a (type: security_group_rules) to 0
2026-02-26 04:08:07.805 7 INFO neutron.db.ovn_revision_numbers_db [None req-0254d15f-b1c1-437b-b413-46d623c91364 801e7c8e5e4a4e8483fb08616e3799ab e4664680d80f4ec59d73a99f9661bcd3 - - default default] Successfully bumped revision number for resource b44e8085-96fe-42e5-a13f-037ff576f4be (type: security_group_rules) to 0
2026-02-26 04:08:07.820 8 INFO neutron.db.ovn_revision_numbers_db [None req-2771c613-d0b6-4770-ba4b-01282dd5585c 0d3231fe3af94ff3b6c759578ea03b76 e52ec618fbff49f8b517423e1067a46a - - default default] Successfully bumped revision number for resource 40297530-0aed-4e43-a3db-c66e1c9662ad (type: ports) to 1 [pid: 8|app: 0|req: 512/1075] 10.0.0.18 () {34 vars in 669 bytes} [Thu Feb 26 04:08:07 2026] POST /v2.0/networks => generated 652 bytes in 507 msecs (HTTP/1.1 201) 4 headers in 162 bytes (1 switches on core 0)
2026-02-26 04:08:07.876 7 INFO neutron.db.segments_db [None req-0254d15f-b1c1-437b-b413-46d623c91364 801e7c8e5e4a4e8483fb08616e3799ab e4664680d80f4ec59d73a99f9661bcd3 - - default default] Added segment d1490a6b-d17b-4e02-9065-b08b85783590 of type geneve for network fd191101-c71e-4a61-a5aa-5ab07f41b414
2026-02-26 04:08:07.985 7 INFO neutron.db.ovn_revision_numbers_db [None req-0254d15f-b1c1-437b-b413-46d623c91364 801e7c8e5e4a4e8483fb08616e3799ab e4664680d80f4ec59d73a99f9661bcd3 - - default default] Successfully bumped revision number for resource fd191101-c71e-4a61-a5aa-5ab07f41b414 (type: networks) to 1
2026-02-26 04:08:08.057 8 WARNING neutron.scheduler.dhcp_agent_scheduler [None req-16c70264-c200-4e0e-a180-b0cefc7dc958 0d3231fe3af94ff3b6c759578ea03b76 e52ec618fbff49f8b517423e1067a46a - - default default] No more DHCP agents
2026-02-26 04:08:08.058 8 WARNING neutron.api.rpc.agentnotifiers.dhcp_rpc_agent_api [None req-16c70264-c200-4e0e-a180-b0cefc7dc958 0d3231fe3af94ff3b6c759578ea03b76 e52ec618fbff49f8b517423e1067a46a - - default default] Unable to schedule network cabd9ba3-2673-4937-9711-4b28d684691f: no agents available; will retry on subsequent port and subnet creation events.
2026-02-26 04:08:08.102 8 INFO neutron.db.ovn_revision_numbers_db [None req-16c70264-c200-4e0e-a180-b0cefc7dc958 0d3231fe3af94ff3b6c759578ea03b76 e52ec618fbff49f8b517423e1067a46a - - default default] Successfully bumped revision number for resource 03af3ccd-9019-4525-b6fd-e4575e367ecd (type: subnets) to 0 [pid: 8|app: 0|req: 513/1076] 10.0.0.18 () {34 vars in 668 bytes} [Thu Feb 26 04:08:07 2026] POST /v2.0/subnets => generated 646 bytes in 265 msecs (HTTP/1.1 201) 4 headers in 162 bytes (1 switches on core 0)
2026-02-26 04:08:08.163 7 WARNING neutron.scheduler.dhcp_agent_scheduler [None req-0254d15f-b1c1-437b-b413-46d623c91364 801e7c8e5e4a4e8483fb08616e3799ab e4664680d80f4ec59d73a99f9661bcd3 - - default default] No more DHCP agents
2026-02-26 04:08:08.165 7 WARNING neutron.api.rpc.agentnotifiers.dhcp_rpc_agent_api [None req-0254d15f-b1c1-437b-b413-46d623c91364 801e7c8e5e4a4e8483fb08616e3799ab e4664680d80f4ec59d73a99f9661bcd3 - - default default] Unable to schedule network fd191101-c71e-4a61-a5aa-5ab07f41b414: no agents available; will retry on subsequent port and subnet creation events.
2026-02-26 04:08:08.245 7 INFO neutron.db.ovn_revision_numbers_db [None req-0254d15f-b1c1-437b-b413-46d623c91364 801e7c8e5e4a4e8483fb08616e3799ab e4664680d80f4ec59d73a99f9661bcd3 - - default default] Successfully bumped revision number for resource 64f01f90-217b-418a-9b0e-2c54dee44b61 (type: ports) to 1
2026-02-26 04:08:08.251 8 INFO neutron.db.ovn_revision_numbers_db [None req-24d55609-2114-4150-86fa-a33af42a25a5 0d3231fe3af94ff3b6c759578ea03b76 e52ec618fbff49f8b517423e1067a46a - - default default] Successfully bumped revision number for resource a2e7ff31-790d-4065-a5db-cae60951c902 (type: routers) to 1 [pid: 8|app: 0|req: 514/1077] 10.0.0.18 () {34 vars in 668 bytes} [Thu Feb 26 04:08:08 2026] POST /v2.0/routers => generated 607 bytes in 144 msecs (HTTP/1.1 201) 4 headers in 162 bytes (1 switches on core 0)
2026-02-26 04:08:08.269 7 WARNING neutron.plugins.ml2.drivers.ovn.mech_driver.ovsdb.ovn_client [None req-f329cef0-7509-4c93-a0c7-791263d738d8 - - - - - -] No port found with ID f58d8195-9464-4737-80e0-14439609a1ec: RuntimeError: No port found with ID f58d8195-9464-4737-80e0-14439609a1ec [pid: 7|app: 0|req: 564/1078] 10.0.0.18 () {34 vars in 669 bytes} [Thu Feb 26 04:08:07 2026] POST /v2.0/networks => generated 667 bytes in 909 msecs (HTTP/1.1 201) 4 headers in 162 bytes (1 switches on core 0)
2026-02-26 04:08:08.304 7 INFO neutron.plugins.ml2.drivers.ovn.mech_driver.mech_driver [None req-f329cef0-7509-4c93-a0c7-791263d738d8 - - - - - -] OVN reports status down for port: 40297530-0aed-4e43-a3db-c66e1c9662ad
2026-02-26 04:08:08.426 7 INFO neutron.plugins.ml2.drivers.ovn.mech_driver.mech_driver [None req-f329cef0-7509-4c93-a0c7-791263d738d8 - - - - - -] OVN reports status down for port: 64f01f90-217b-418a-9b0e-2c54dee44b61
2026-02-26 04:08:08.541 8 INFO neutron.db.ovn_revision_numbers_db [None req-54104353-f212-4809-8680-2cb995d7e935 e8b58a9c2af840328264db785614629d 211a65eaff9e4b4da9a9b39fc4f7dc23 - - default default] Successfully bumped revision number for resource 059b2e55-51dc-4ce5-8471-39db10c7f066 (type: security_groups) to 1
2026-02-26 04:08:08.553 8 INFO neutron.db.ovn_revision_numbers_db [None req-54104353-f212-4809-8680-2cb995d7e935 e8b58a9c2af840328264db785614629d 211a65eaff9e4b4da9a9b39fc4f7dc23 - - default default] Successfully bumped revision number for resource 0da9fdb2-8d1b-49ae-ade0-f7fe3223db95 (type: security_group_rules) to 0
2026-02-26 04:08:08.568 8 INFO neutron.db.ovn_revision_numbers_db [None req-54104353-f212-4809-8680-2cb995d7e935 e8b58a9c2af840328264db785614629d 211a65eaff9e4b4da9a9b39fc4f7dc23 - - default default] Successfully bumped revision number for resource 3c9f67fd-ea0d-43c6-a5ba-ab3848802fc3 (type: security_group_rules) to 0
2026-02-26 04:08:08.580 8 INFO neutron.db.ovn_revision_numbers_db [None req-54104353-f212-4809-8680-2cb995d7e935 e8b58a9c2af840328264db785614629d 211a65eaff9e4b4da9a9b39fc4f7dc23 - - default default] Successfully bumped revision number for resource b1f7534e-1e04-4c97-81d5-e219448dbbd9 (type: security_group_rules) to 0
2026-02-26 04:08:08.594 8 INFO neutron.db.ovn_revision_numbers_db [None req-54104353-f212-4809-8680-2cb995d7e935 e8b58a9c2af840328264db785614629d 211a65eaff9e4b4da9a9b39fc4f7dc23 - - default default] Successfully bumped revision number for resource b94fdfdb-2f86-41ba-a473-e972afa776fd (type: security_group_rules) to 0
2026-02-26 04:08:08.670 8 INFO neutron.db.segments_db [None req-54104353-f212-4809-8680-2cb995d7e935 e8b58a9c2af840328264db785614629d 211a65eaff9e4b4da9a9b39fc4f7dc23 - - default default] Added segment 49d4db05-4820-4032-be72-42c8f57adb94 of type geneve for network f7651aa4-7064-4831-a77b-0e4714d67a49
2026-02-26 04:08:08.712 7 WARNING neutron.scheduler.dhcp_agent_scheduler [None req-36575fe0-ce34-4c13-aff1-85cc7ccc5257 0d3231fe3af94ff3b6c759578ea03b76 e52ec618fbff49f8b517423e1067a46a - - default default] No more DHCP agents
2026-02-26 04:08:08.714 7 WARNING neutron.api.rpc.agentnotifiers.dhcp_rpc_agent_api [None req-36575fe0-ce34-4c13-aff1-85cc7ccc5257 0d3231fe3af94ff3b6c759578ea03b76 e52ec618fbff49f8b517423e1067a46a - - default default] Unable to schedule network cabd9ba3-2673-4937-9711-4b28d684691f: no agents available; will retry on subsequent port and subnet creation events.
2026-02-26 04:08:08.779 8 INFO neutron.db.ovn_revision_numbers_db [None req-54104353-f212-4809-8680-2cb995d7e935 e8b58a9c2af840328264db785614629d 211a65eaff9e4b4da9a9b39fc4f7dc23 - - default default] Successfully bumped revision number for resource f7651aa4-7064-4831-a77b-0e4714d67a49 (type: networks) to 1
2026-02-26 04:08:08.809 7 INFO neutron.plugins.ml2.drivers.ovn.mech_driver.mech_driver [None req-f329cef0-7509-4c93-a0c7-791263d738d8 - - - - - -] OVN reports status down for port: 16cc9a20-fc8e-4cc6-9db5-6f5933c021f2
2026-02-26 04:08:08.873 7 INFO neutron.db.ovn_revision_numbers_db [None req-36575fe0-ce34-4c13-aff1-85cc7ccc5257 0d3231fe3af94ff3b6c759578ea03b76 e52ec618fbff49f8b517423e1067a46a - - default default] Successfully bumped revision number for resource 16cc9a20-fc8e-4cc6-9db5-6f5933c021f2 (type: ports) to 1
2026-02-26 04:08:08.957 8 WARNING neutron.scheduler.dhcp_agent_scheduler [None req-54104353-f212-4809-8680-2cb995d7e935 e8b58a9c2af840328264db785614629d 211a65eaff9e4b4da9a9b39fc4f7dc23 - - default default] No more DHCP agents
2026-02-26 04:08:08.959 8 WARNING neutron.api.rpc.agentnotifiers.dhcp_rpc_agent_api [None req-54104353-f212-4809-8680-2cb995d7e935 e8b58a9c2af840328264db785614629d 211a65eaff9e4b4da9a9b39fc4f7dc23 - - default default] Unable to schedule network f7651aa4-7064-4831-a77b-0e4714d67a49: no agents available; will retry on subsequent port and subnet creation events. [pid: 7|app: 0|req: 565/1079] 10.0.0.18 () {34 vars in 664 bytes} [Thu Feb 26 04:08:08 2026] POST /v2.0/ports => generated 964 bytes in 694 msecs (HTTP/1.1 201) 4 headers in 162 bytes (1 switches on core 0) /var/lib/openstack/lib/python3.12/site-packages/pycadf/identifier.py:70: UserWarning: Invalid uuid: neutron. To ensure interoperability, identifiers should be a valid uuid. warnings.warn(('Invalid uuid: %s. To ensure interoperability, '
2026-02-26 04:08:09.023 7 INFO neutron.plugins.ml2.drivers.ovn.mech_driver.mech_driver [None req-f329cef0-7509-4c93-a0c7-791263d738d8 - - - - - -] OVN reports status down for port: 393bab86-6600-449a-bc31-9f6f814d73ce
2026-02-26 04:08:09.041 8 INFO neutron.db.ovn_revision_numbers_db [None req-54104353-f212-4809-8680-2cb995d7e935 e8b58a9c2af840328264db785614629d 211a65eaff9e4b4da9a9b39fc4f7dc23 - - default default] Successfully bumped revision number for resource 393bab86-6600-449a-bc31-9f6f814d73ce (type: ports) to 1 [pid: 8|app: 0|req: 515/1080] 10.0.0.18 () {34 vars in 669 bytes} [Thu Feb 26 04:08:08 2026] POST /v2.0/networks => generated 669 bytes in 797 msecs (HTTP/1.1 201) 4 headers in 162 bytes (1 switches on core 0)
2026-02-26 04:08:09.232 7 WARNING neutron.scheduler.dhcp_agent_scheduler [None req-0ca40454-b71d-4d71-958c-5ae3fe42d75d 801e7c8e5e4a4e8483fb08616e3799ab e4664680d80f4ec59d73a99f9661bcd3 - - default default] No more DHCP agents
2026-02-26 04:08:09.233 7 WARNING neutron.api.rpc.agentnotifiers.dhcp_rpc_agent_api [None req-0ca40454-b71d-4d71-958c-5ae3fe42d75d 801e7c8e5e4a4e8483fb08616e3799ab e4664680d80f4ec59d73a99f9661bcd3 - - default default] Unable to schedule network fd191101-c71e-4a61-a5aa-5ab07f41b414: no agents available; will retry on subsequent port and subnet creation events.
2026-02-26 04:08:09.340 7 INFO neutron.db.ovn_revision_numbers_db [None req-0ca40454-b71d-4d71-958c-5ae3fe42d75d 801e7c8e5e4a4e8483fb08616e3799ab e4664680d80f4ec59d73a99f9661bcd3 - - default default] Successfully bumped revision number for resource 716cef78-b219-4008-8e52-a00b94cc2297 (type: ports) to 1 [pid: 7|app: 0|req: 566/1081] 10.0.0.18 () {34 vars in 664 bytes} [Thu Feb 26 04:08:08 2026] POST /v2.0/ports => generated 779 bytes in 417 msecs (HTTP/1.1 201) 4 headers in 162 bytes (1 switches on core 0) /var/lib/openstack/lib/python3.12/site-packages/pycadf/identifier.py:70: UserWarning: Invalid uuid: neutron. To ensure interoperability, identifiers should be a valid uuid. warnings.warn(('Invalid uuid: %s. To ensure interoperability, '
2026-02-26 04:08:09.538 8 INFO neutron.db.ovn_revision_numbers_db [None req-5ff446fc-cba9-490b-80c0-214bc6d40b11 0d3231fe3af94ff3b6c759578ea03b76 e52ec618fbff49f8b517423e1067a46a - - default default] Successfully bumped revision number for resource 16cc9a20-fc8e-4cc6-9db5-6f5933c021f2 (type: ports) to 2
2026-02-26 04:08:09.554 7 INFO neutron.plugins.ml2.drivers.ovn.mech_driver.mech_driver [None req-f329cef0-7509-4c93-a0c7-791263d738d8 - - - - - -] OVN reports status up for port: 16cc9a20-fc8e-4cc6-9db5-6f5933c021f2
2026-02-26 04:08:09.581 7 INFO neutron.plugins.ml2.plugin [None req-f329cef0-7509-4c93-a0c7-791263d738d8 - - - - - -] Attempt 1 to provision port 16cc9a20-fc8e-4cc6-9db5-6f5933c021f2
2026-02-26 04:08:09.644 7 WARNING neutron.scheduler.dhcp_agent_scheduler [None req-852a5ed4-5037-4c70-b2c7-93e030f43fbb e8b58a9c2af840328264db785614629d 211a65eaff9e4b4da9a9b39fc4f7dc23 - - default default] No more DHCP agents
2026-02-26 04:08:09.648 7 WARNING neutron.api.rpc.agentnotifiers.dhcp_rpc_agent_api [None req-852a5ed4-5037-4c70-b2c7-93e030f43fbb e8b58a9c2af840328264db785614629d 211a65eaff9e4b4da9a9b39fc4f7dc23 - - default default] Unable to schedule network f7651aa4-7064-4831-a77b-0e4714d67a49: no agents available; will retry on subsequent port and subnet creation events.
2026-02-26 04:08:09.682 7 INFO neutron.db.ovn_revision_numbers_db [None req-852a5ed4-5037-4c70-b2c7-93e030f43fbb e8b58a9c2af840328264db785614629d 211a65eaff9e4b4da9a9b39fc4f7dc23 - - default default] Successfully bumped revision number for resource a8766566-2d8b-4df9-bcc3-886c1bef5158 (type: subnets) to 0 [pid: 7|app: 0|req: 567/1082] 10.0.0.18 () {34 vars in 668 bytes} [Thu Feb 26 04:08:09 2026] POST /v2.0/subnets => generated 627 bytes in 314 msecs (HTTP/1.1 201) 4 headers in 162 bytes (1 switches on core 0)
2026-02-26 04:08:09.842 7 INFO neutron.db.segments_db [None req-47bea21e-2a17-4660-9bc4-cf0a738059ec 801e7c8e5e4a4e8483fb08616e3799ab e4664680d80f4ec59d73a99f9661bcd3 - - default default] Added segment c3466c7c-d80c-4fb7-92d9-1e6446f9b495 of type geneve for network a1a35c06-681f-4cbe-9d1d-cdd25aa8b0f9
2026-02-26 04:08:10.105 7 INFO neutron.db.ovn_revision_numbers_db [None req-f329cef0-7509-4c93-a0c7-791263d738d8 - - - - - -] Successfully bumped revision number for resource 16cc9a20-fc8e-4cc6-9db5-6f5933c021f2 (type: ports) to 3
2026-02-26 04:08:10.107 7 INFO neutron.db.ovn_revision_numbers_db [None req-47bea21e-2a17-4660-9bc4-cf0a738059ec 801e7c8e5e4a4e8483fb08616e3799ab e4664680d80f4ec59d73a99f9661bcd3 - - default default] Successfully bumped revision number for resource a1a35c06-681f-4cbe-9d1d-cdd25aa8b0f9 (type: networks) to 1
2026-02-26 04:08:10.233 8 WARNING neutron.plugins.ml2.drivers.ovn.mech_driver.ovsdb.ovn_client [None req-b9427888-0326-4938-b5a2-441364244333 - - - - - -] No port found with ID 7ccfe203-526d-4dac-9065-53fef7526c7f: RuntimeError: No port found with ID 7ccfe203-526d-4dac-9065-53fef7526c7f
2026-02-26 04:08:10.247 8 INFO neutron.plugins.ml2.drivers.ovn.mech_driver.mech_driver [None req-b9427888-0326-4938-b5a2-441364244333 - - - - - -] OVN reports status down for port: 716cef78-b219-4008-8e52-a00b94cc2297
2026-02-26 04:08:10.318 7 WARNING neutron.scheduler.dhcp_agent_scheduler [None req-47bea21e-2a17-4660-9bc4-cf0a738059ec 801e7c8e5e4a4e8483fb08616e3799ab e4664680d80f4ec59d73a99f9661bcd3 - - default default] No more DHCP agents
2026-02-26 04:08:10.320 7 WARNING neutron.api.rpc.agentnotifiers.dhcp_rpc_agent_api [None req-47bea21e-2a17-4660-9bc4-cf0a738059ec 801e7c8e5e4a4e8483fb08616e3799ab e4664680d80f4ec59d73a99f9661bcd3 - - default default] Unable to schedule network a1a35c06-681f-4cbe-9d1d-cdd25aa8b0f9: no agents available; will retry on subsequent port and subnet creation events.
2026-02-26 04:08:10.403 7 INFO neutron.db.ovn_revision_numbers_db [None req-47bea21e-2a17-4660-9bc4-cf0a738059ec 801e7c8e5e4a4e8483fb08616e3799ab e4664680d80f4ec59d73a99f9661bcd3 - - default default] Successfully bumped revision number for resource 3f3eaf47-d4c4-4d9c-8f2a-75da23702269 (type: ports) to 1 [pid: 7|app: 0|req: 568/1083] 10.0.0.18 () {34 vars in 669 bytes} [Thu Feb 26 04:08:09 2026] POST /v2.0/networks => generated 655 bytes in 725 msecs (HTTP/1.1 201) 4 headers in 162 bytes (1 switches on core 0) /var/lib/openstack/lib/python3.12/site-packages/pycadf/identifier.py:70: UserWarning: Invalid uuid: neutron. To ensure interoperability, identifiers should be a valid uuid. warnings.warn(('Invalid uuid: %s. To ensure interoperability, '
2026-02-26 04:08:10.718 8 WARNING neutron.scheduler.dhcp_agent_scheduler [None req-5ff446fc-cba9-490b-80c0-214bc6d40b11 0d3231fe3af94ff3b6c759578ea03b76 e52ec618fbff49f8b517423e1067a46a - - default default] No more DHCP agents
2026-02-26 04:08:10.719 8 WARNING neutron.api.rpc.agentnotifiers.dhcp_rpc_agent_api [None req-5ff446fc-cba9-490b-80c0-214bc6d40b11 0d3231fe3af94ff3b6c759578ea03b76 e52ec618fbff49f8b517423e1067a46a - - default default] Unable to schedule network cabd9ba3-2673-4937-9711-4b28d684691f: no agents available; will retry on subsequent port and subnet creation events.
2026-02-26 04:08:10.833 7 WARNING neutron.scheduler.dhcp_agent_scheduler [None req-36df593a-8416-4e8c-80cb-a1badb744469 e8b58a9c2af840328264db785614629d 211a65eaff9e4b4da9a9b39fc4f7dc23 - - default default] No more DHCP agents
2026-02-26 04:08:10.834 7 WARNING neutron.api.rpc.agentnotifiers.dhcp_rpc_agent_api [None req-36df593a-8416-4e8c-80cb-a1badb744469 e8b58a9c2af840328264db785614629d 211a65eaff9e4b4da9a9b39fc4f7dc23 - - default default] Unable to schedule network 70d93cc0-a20f-4890-8095-6e70eb1a39d1: no agents available; will retry on subsequent port and subnet creation events.
2026-02-26 04:08:10.897 8 INFO neutron.db.ovn_revision_numbers_db [None req-5ff446fc-cba9-490b-80c0-214bc6d40b11 0d3231fe3af94ff3b6c759578ea03b76 e52ec618fbff49f8b517423e1067a46a - - default default] Successfully bumped revision number for resource 16cc9a20-fc8e-4cc6-9db5-6f5933c021f2 (type: router_ports) to 3 [pid: 8|app: 0|req: 516/1084] 10.0.0.18 () {34 vars in 782 bytes} [Thu Feb 26 04:08:09 2026] PUT /v2.0/routers/a2e7ff31-790d-4065-a5db-cae60951c902/add_router_interface => generated 309 bytes in 1838 msecs (HTTP/1.1 200) 4 headers in 157 bytes (1 switches on core 0) /var/lib/openstack/lib/python3.12/site-packages/pycadf/identifier.py:70: UserWarning: Invalid uuid: neutron. To ensure interoperability, identifiers should be a valid uuid. warnings.warn(('Invalid uuid: %s. To ensure interoperability, ' [pid: 8|app: 0|req: 517/1085] 10.0.0.142 () {32 vars in 801 bytes} [Thu Feb 26 04:08:10 2026] GET /v2.0/extensions => generated 20541 bytes in 10 msecs (HTTP/1.1 200) 4 headers in 159 bytes (1 switches on core 0)
2026-02-26 04:08:11.022 7 INFO neutron.db.ovn_revision_numbers_db [None req-36df593a-8416-4e8c-80cb-a1badb744469 e8b58a9c2af840328264db785614629d 211a65eaff9e4b4da9a9b39fc4f7dc23 - - default default] Successfully bumped revision number for resource ca59b811-1b63-4c6f-b073-963eecb942e9 (type: ports) to 1
2026-02-26 04:08:11.035 8 INFO neutron.plugins.ml2.drivers.ovn.mech_driver.mech_driver [None req-b9427888-0326-4938-b5a2-441364244333 - - - - - -] OVN reports status down for port: ca59b811-1b63-4c6f-b073-963eecb942e9
2026-02-26 04:08:11.205 8 WARNING neutron.scheduler.dhcp_agent_scheduler [None req-216643fd-e735-4ba7-9480-d62445c85202 801e7c8e5e4a4e8483fb08616e3799ab e4664680d80f4ec59d73a99f9661bcd3 - - default default] No more DHCP agents
2026-02-26 04:08:11.206 8 WARNING neutron.api.rpc.agentnotifiers.dhcp_rpc_agent_api [None req-216643fd-e735-4ba7-9480-d62445c85202 801e7c8e5e4a4e8483fb08616e3799ab e4664680d80f4ec59d73a99f9661bcd3 - - default default] Unable to schedule network a1a35c06-681f-4cbe-9d1d-cdd25aa8b0f9: no agents available; will retry on subsequent port and subnet creation events.
2026-02-26 04:08:11.239 8 INFO neutron.db.ovn_revision_numbers_db [None req-216643fd-e735-4ba7-9480-d62445c85202 801e7c8e5e4a4e8483fb08616e3799ab e4664680d80f4ec59d73a99f9661bcd3 - - default default] Successfully bumped revision number for resource da315c37-5f77-4939-8c3b-3aecac0095fb (type: subnets) to 0 [pid: 8|app: 0|req: 518/1086] 10.0.0.18 () {34 vars in 668 bytes} [Thu Feb 26 04:08:10 2026] POST /v2.0/subnets => generated 646 bytes in 339 msecs (HTTP/1.1 201) 4 headers in 162 bytes (1 switches on core 0) [pid: 8|app: 0|req: 519/1087] 10.0.0.18 () {32 vars in 716 bytes} [Thu Feb 26 04:08:11 2026] GET /v2.0/ports/16cc9a20-fc8e-4cc6-9db5-6f5933c021f2 => generated 1026 bytes in 42 msecs (HTTP/1.1 200) 4 headers in 158 bytes (1 switches on core 0) [pid: 8|app: 0|req: 522/1090] 10.0.0.142 () {30 vars in 724 bytes} [Thu Feb 26 04:08:11 2026] GET /v2.0/quotas/aa2b90052ad4411993743ae1307d45db/details => generated 847 bytes in 88 msecs (HTTP/1.1 200) 4 headers in 157 bytes (1 switches on core 0)
2026-02-26 04:08:11.643 7 INFO neutron.plugins.ml2.drivers.ovn.mech_driver.ovsdb.commands [None req-3ae06e62-ba73-410e-b044-035f3a0d304e - - - - - -] Schedule LRP lrp-ca59b811-1b63-4c6f-b073-963eecb942e9 on gateway f419b6d8-3bf0-4bc0-9d00-30616f6973ae with priority 1
2026-02-26 04:08:11.695 7 INFO neutron.db.ovn_revision_numbers_db [None req-36df593a-8416-4e8c-80cb-a1badb744469 e8b58a9c2af840328264db785614629d 211a65eaff9e4b4da9a9b39fc4f7dc23 - - default default] Successfully bumped revision number for resource ca59b811-1b63-4c6f-b073-963eecb942e9 (type: router_ports) to 1
2026-02-26 04:08:11.706 8 WARNING neutron.scheduler.dhcp_agent_scheduler [None req-59576b53-349e-4fe2-a9fe-d4c5ab115172 801e7c8e5e4a4e8483fb08616e3799ab e4664680d80f4ec59d73a99f9661bcd3 - - default default] No more DHCP agents
2026-02-26 04:08:11.709 8 WARNING neutron.api.rpc.agentnotifiers.dhcp_rpc_agent_api [None req-59576b53-349e-4fe2-a9fe-d4c5ab115172 801e7c8e5e4a4e8483fb08616e3799ab e4664680d80f4ec59d73a99f9661bcd3 - - default default] Unable to schedule network a1a35c06-681f-4cbe-9d1d-cdd25aa8b0f9: no agents available; will retry on subsequent port and subnet creation events.
2026-02-26 04:08:11.717 8 INFO neutron.plugins.ml2.drivers.ovn.mech_driver.mech_driver [None req-b9427888-0326-4938-b5a2-441364244333 - - - - - -] OVN reports status up for port: ca59b811-1b63-4c6f-b073-963eecb942e9
2026-02-26 04:08:11.743 8 INFO neutron.plugins.ml2.plugin [None req-b9427888-0326-4938-b5a2-441364244333 - - - - - -] Attempt 1 to provision port ca59b811-1b63-4c6f-b073-963eecb942e9
2026-02-26 04:08:11.761 7 INFO neutron.db.ovn_revision_numbers_db [None req-36df593a-8416-4e8c-80cb-a1badb744469 e8b58a9c2af840328264db785614629d 211a65eaff9e4b4da9a9b39fc4f7dc23 - - default default] Successfully bumped revision number for resource b527016d-d2a5-425a-ac51-9e09260cde07 (type: routers) to 2 [pid: 7|app: 0|req: 569/1091] 10.0.0.18 () {34 vars in 668 bytes} [Thu Feb 26 04:08:10 2026] POST /v2.0/routers => generated 955 bytes in 1345 msecs (HTTP/1.1 201) 4 headers in 162 bytes (1 switches on core 0)
2026-02-26 04:08:11.897 8 INFO neutron.db.ovn_revision_numbers_db [None req-59576b53-349e-4fe2-a9fe-d4c5ab115172 801e7c8e5e4a4e8483fb08616e3799ab e4664680d80f4ec59d73a99f9661bcd3 - - default default] Successfully bumped revision number for resource 66ff3d15-d243-4338-8618-897746c86bed (type: ports) to 1 [pid: 8|app: 0|req: 523/1092] 10.0.0.18 () {34 vars in 664 bytes} [Thu Feb 26 04:08:11 2026] POST /v2.0/ports => generated 966 bytes in 536 msecs (HTTP/1.1 201) 4 headers in 162 bytes (1 switches on core 0) /var/lib/openstack/lib/python3.12/site-packages/pycadf/identifier.py:70: UserWarning: Invalid uuid: neutron. To ensure interoperability, identifiers should be a valid uuid. warnings.warn(('Invalid uuid: %s. To ensure interoperability, '
2026-02-26 04:08:12.412 8 WARNING neutron.scheduler.dhcp_agent_scheduler [None req-02696661-517f-4b31-be78-3371eedc23f6 e8b58a9c2af840328264db785614629d 211a65eaff9e4b4da9a9b39fc4f7dc23 - - default default] No more DHCP agents
2026-02-26 04:08:12.414 8 WARNING neutron.api.rpc.agentnotifiers.dhcp_rpc_agent_api [None req-02696661-517f-4b31-be78-3371eedc23f6 e8b58a9c2af840328264db785614629d 211a65eaff9e4b4da9a9b39fc4f7dc23 - - default default] Unable to schedule network f7651aa4-7064-4831-a77b-0e4714d67a49: no agents available; will retry on subsequent port and subnet creation events.
2026-02-26 04:08:12.548 8 INFO neutron.db.ovn_revision_numbers_db [None req-02696661-517f-4b31-be78-3371eedc23f6 e8b58a9c2af840328264db785614629d 211a65eaff9e4b4da9a9b39fc4f7dc23 - - default default] Successfully bumped revision number for resource a03e9dab-d7af-46b4-9956-ad6732e5ecd4 (type: ports) to 1
2026-02-26 04:08:12.842 7 INFO neutron_taas.services.taas.taas_plugin [None req-e682d76a-bd9c-4627-a156-7a642063e01e 0d3231fe3af94ff3b6c759578ea03b76 e52ec618fbff49f8b517423e1067a46a - - default default] TaaS: Handle Delete Port: 16cc9a20-fc8e-4cc6-9db5-6f5933c021f2
2026-02-26 04:08:12.845 7 INFO neutron_taas.services.taas.tap_mirror_plugin [None req-e682d76a-bd9c-4627-a156-7a642063e01e 0d3231fe3af94ff3b6c759578ea03b76 e52ec618fbff49f8b517423e1067a46a - - default default] Tap Mirror: Handle Delete Port: 16cc9a20-fc8e-4cc6-9db5-6f5933c021f2 [pid: 7|app: 0|req: 570/1093] 10.0.0.18 () {34 vars in 788 bytes} [Thu Feb 26 04:08:11 2026] PUT /v2.0/routers/a2e7ff31-790d-4065-a5db-cae60951c902/remove_router_interface => generated 309 bytes in 1399 msecs (HTTP/1.1 200) 4 headers in 157 bytes (1 switches on core 0) /var/lib/openstack/lib/python3.12/site-packages/pycadf/identifier.py:70: UserWarning: Invalid uuid: neutron. To ensure interoperability, identifiers should be a valid uuid. warnings.warn(('Invalid uuid: %s. To ensure interoperability, '
2026-02-26 04:08:13.280 8 WARNING neutron.scheduler.dhcp_agent_scheduler [None req-02696661-517f-4b31-be78-3371eedc23f6 e8b58a9c2af840328264db785614629d 211a65eaff9e4b4da9a9b39fc4f7dc23 - - default default] No more DHCP agents
2026-02-26 04:08:13.292 8 WARNING neutron.api.rpc.agentnotifiers.dhcp_rpc_agent_api [None req-02696661-517f-4b31-be78-3371eedc23f6 e8b58a9c2af840328264db785614629d 211a65eaff9e4b4da9a9b39fc4f7dc23 - - default default] Unable to schedule network f7651aa4-7064-4831-a77b-0e4714d67a49: no agents available; will retry on subsequent port and subnet creation events.
2026-02-26 04:08:13.384 7 INFO neutron_taas.services.taas.taas_plugin [None req-e4c33434-f1d6-418f-b1fb-de348ae4d6fc 801e7c8e5e4a4e8483fb08616e3799ab e4664680d80f4ec59d73a99f9661bcd3 - - default default] TaaS: Handle Delete Port: 66ff3d15-d243-4338-8618-897746c86bed
2026-02-26 04:08:13.387 7 INFO neutron_taas.services.taas.tap_mirror_plugin [None req-e4c33434-f1d6-418f-b1fb-de348ae4d6fc 801e7c8e5e4a4e8483fb08616e3799ab e4664680d80f4ec59d73a99f9661bcd3 - - default default] Tap Mirror: Handle Delete Port: 66ff3d15-d243-4338-8618-897746c86bed [pid: 7|app: 0|req: 571/1094] 10.0.0.18 () {32 vars in 719 bytes} [Thu Feb 26 04:08:13 2026] DELETE /v2.0/ports/66ff3d15-d243-4338-8618-897746c86bed => generated 0 bytes in 346 msecs (HTTP/1.1 204) 3 headers in 131 bytes (1 switches on core 0)
2026-02-26 04:08:13.571 7 INFO neutron.api.v2.resource [None req-5d1e1a29-7b3d-41c4-8d91-b5ebe49ce97b 0d3231fe3af94ff3b6c759578ea03b76 e52ec618fbff49f8b517423e1067a46a - - default default] remove_router_interface failed (client error): The resource could not be found. [pid: 7|app: 0|req: 572/1095] 10.0.0.18 () {34 vars in 788 bytes} [Thu Feb 26 04:08:13 2026] PUT /v2.0/routers/a2e7ff31-790d-4065-a5db-cae60951c902/remove_router_interface => generated 197 bytes in 44 msecs (HTTP/1.1 404) 4 headers in 164 bytes (1 switches on core 0)
2026-02-26 04:08:13.583 7 INFO neutron.pecan_wsgi.hooks.translation [None req-838de44a-4816-4eb2-91f1-43cdce64a2bf 801e7c8e5e4a4e8483fb08616e3799ab e4664680d80f4ec59d73a99f9661bcd3 - - default default] DELETE failed (client error): The resource could not be found. [pid: 7|app: 0|req: 573/1096] 10.0.0.18 () {32 vars in 719 bytes} [Thu Feb 26 04:08:13 2026] DELETE /v2.0/ports/66ff3d15-d243-4338-8618-897746c86bed => generated 132 bytes in 13 msecs (HTTP/1.1 404) 4 headers in 164 bytes (1 switches on core 0) [pid: 7|app: 0|req: 574/1097] 10.0.0.18 () {32 vars in 735 bytes} [Thu Feb 26 04:08:13 2026] GET /v2.0/ports?device_id=a2e7ff31-790d-4065-a5db-cae60951c902 => generated 12 bytes in 39 msecs (HTTP/1.1 200) 4 headers in 156 bytes (1 switches on core 0)
2026-02-26 04:08:13.638 8 INFO neutron.db.ovn_revision_numbers_db [None req-02696661-517f-4b31-be78-3371eedc23f6 e8b58a9c2af840328264db785614629d 211a65eaff9e4b4da9a9b39fc4f7dc23 - - default default] Successfully bumped revision number for resource a03e9dab-d7af-46b4-9956-ad6732e5ecd4 (type: router_ports) to 1 [pid: 8|app: 0|req: 524/1098] 10.0.0.18 () {34 vars in 782 bytes} [Thu Feb 26 04:08:11 2026] PUT /v2.0/routers/b527016d-d2a5-425a-ac51-9e09260cde07/add_router_interface => generated 309 bytes in 1719 msecs (HTTP/1.1 200) 4 headers in 157 bytes (1 switches on core 0)
2026-02-26 04:08:13.651 7 INFO neutron.pecan_wsgi.hooks.translation [None req-e2ed56aa-3623-41ce-9aed-7d2c22502ec7 801e7c8e5e4a4e8483fb08616e3799ab e4664680d80f4ec59d73a99f9661bcd3 - - default default] GET failed (client error): The resource could not be found. [pid: 7|app: 0|req: 575/1099] 10.0.0.18 () {32 vars in 716 bytes} [Thu Feb 26 04:08:13 2026] GET /v2.0/ports/66ff3d15-d243-4338-8618-897746c86bed => generated 132 bytes in 26 msecs (HTTP/1.1 404) 4 headers in 164 bytes (1 switches on core 0) [pid: 8|app: 0|req: 525/1100] 10.0.0.18 () {32 vars in 723 bytes} [Thu Feb 26 04:08:13 2026] DELETE /v2.0/routers/a2e7ff31-790d-4065-a5db-cae60951c902 => generated 0 bytes in 186 msecs (HTTP/1.1 204) 2 headers in 112 bytes (1 switches on core 0) [pid: 8|app: 0|req: 526/1101] 10.0.0.18 () {32 vars in 723 bytes} [Thu Feb 26 04:08:13 2026] DELETE /v2.0/subnets/da315c37-5f77-4939-8c3b-3aecac0095fb => generated 0 bytes in 144 msecs (HTTP/1.1 204) 3 headers in 131 bytes (1 switches on core 0)
2026-02-26 04:08:14.017 7 WARNING neutron.scheduler.dhcp_agent_scheduler [None req-90e17059-89b5-4a0c-88d6-2ba66301e82f e8b58a9c2af840328264db785614629d 211a65eaff9e4b4da9a9b39fc4f7dc23 - - default default] No more DHCP agents
2026-02-26 04:08:14.018 7 WARNING neutron.api.rpc.agentnotifiers.dhcp_rpc_agent_api [None req-90e17059-89b5-4a0c-88d6-2ba66301e82f e8b58a9c2af840328264db785614629d 211a65eaff9e4b4da9a9b39fc4f7dc23 - - default default] Unable to schedule network f7651aa4-7064-4831-a77b-0e4714d67a49: no agents available; will retry on subsequent port and subnet creation events. [pid: 8|app: 0|req: 527/1102] 10.0.0.18 () {32 vars in 723 bytes} [Thu Feb 26 04:08:13 2026] DELETE /v2.0/subnets/03af3ccd-9019-4525-b6fd-e4575e367ecd => generated 0 bytes in 130 msecs (HTTP/1.1 204) 3 headers in 131 bytes (1 switches on core 0)
2026-02-26 04:08:14.187 7 INFO neutron.db.ovn_revision_numbers_db [None req-90e17059-89b5-4a0c-88d6-2ba66301e82f e8b58a9c2af840328264db785614629d 211a65eaff9e4b4da9a9b39fc4f7dc23 - - default default] Successfully bumped revision number for resource 60033d54-fb1d-4207-abd9-dc501d28d5c8 (type: ports) to 1 [pid: 7|app: 0|req: 576/1103] 10.0.0.18 () {34 vars in 664 bytes} [Thu Feb 26 04:08:13 2026] POST /v2.0/ports => generated 955 bytes in 554 msecs (HTTP/1.1 201) 4 headers in 162 bytes (1 switches on core 0) /var/lib/openstack/lib/python3.12/site-packages/pycadf/identifier.py:70: UserWarning: Invalid uuid: neutron. To ensure interoperability, identifiers should be a valid uuid. warnings.warn(('Invalid uuid: %s. To ensure interoperability, '
2026-02-26 04:08:14.238 8 INFO neutron_taas.services.taas.taas_plugin [None req-2e828aef-61ba-4c7d-bf10-556ad378d03e 801e7c8e5e4a4e8483fb08616e3799ab e4664680d80f4ec59d73a99f9661bcd3 - - default default] TaaS: Handle Delete Port: 3f3eaf47-d4c4-4d9c-8f2a-75da23702269
2026-02-26 04:08:14.240 8 INFO neutron_taas.services.taas.tap_mirror_plugin [None req-2e828aef-61ba-4c7d-bf10-556ad378d03e 801e7c8e5e4a4e8483fb08616e3799ab e4664680d80f4ec59d73a99f9661bcd3 - - default default] Tap Mirror: Handle Delete Port: 3f3eaf47-d4c4-4d9c-8f2a-75da23702269
2026-02-26 04:08:14.311 7 INFO neutron_taas.services.taas.taas_plugin [None req-498f44cf-8b68-4ec8-804e-63ea40740799 0d3231fe3af94ff3b6c759578ea03b76 e52ec618fbff49f8b517423e1067a46a - - default default] TaaS: Handle Delete Port: 40297530-0aed-4e43-a3db-c66e1c9662ad
2026-02-26 04:08:14.319 7 INFO neutron_taas.services.taas.tap_mirror_plugin [None req-498f44cf-8b68-4ec8-804e-63ea40740799 0d3231fe3af94ff3b6c759578ea03b76 e52ec618fbff49f8b517423e1067a46a - - default default] Tap Mirror: Handle Delete Port: 40297530-0aed-4e43-a3db-c66e1c9662ad
2026-02-26 04:08:14.382 8 INFO neutron.services.segments.plugin [-] Segment c3466c7c-d80c-4fb7-92d9-1e6446f9b495 resource provider aggregate not found
2026-02-26 04:08:14.387 8 INFO neutron.services.segments.plugin [-] Segment c3466c7c-d80c-4fb7-92d9-1e6446f9b495 resource provider aggregate not found
2026-02-26 04:08:14.403 8 INFO neutron.services.segments.plugin [-] Segment c3466c7c-d80c-4fb7-92d9-1e6446f9b495 resource provider not found; error: Placement Client Error (4xx): {"errors": [{"status": 404, "title": "Not Found", "detail": "The resource could not be found.\n\n No resource provider with uuid c3466c7c-d80c-4fb7-92d9-1e6446f9b495 found for delete ", "request_id": "req-71954ecf-0f20-4546-8c29-299a9ffbd3ab"}]}
2026-02-26 04:08:14.406 8 INFO neutron.services.segments.plugin [-] Segment c3466c7c-d80c-4fb7-92d9-1e6446f9b495 resource provider not found; error: Placement Client Error (4xx): {"errors": [{"status": 404, "title": "Not Found", "detail": "The resource could not be found.\n\n No resource provider with uuid c3466c7c-d80c-4fb7-92d9-1e6446f9b495 found for delete ", "request_id": "req-7c3c2a63-4075-4dd4-aad1-df031e9f9e8c"}]} [pid: 8|app: 0|req: 528/1104] 10.0.0.18 () {32 vars in 725 bytes} [Thu Feb 26 04:08:14 2026] DELETE /v2.0/networks/a1a35c06-681f-4cbe-9d1d-cdd25aa8b0f9 => generated 0 bytes in 354 msecs (HTTP/1.1 204) 3 headers in 131 bytes (1 switches on core 0)
2026-02-26 04:08:14.511 7 INFO neutron.services.segments.plugin [-] Segment 598c545b-d200-4144-9d89-095244a9836e resource provider aggregate not found
2026-02-26 04:08:14.519 7 INFO neutron.services.segments.plugin [-] Segment 598c545b-d200-4144-9d89-095244a9836e resource provider aggregate not found
2026-02-26 04:08:14.533 7 INFO neutron.services.segments.plugin [-] Segment 598c545b-d200-4144-9d89-095244a9836e resource provider not found; error: Placement Client Error (4xx): {"errors": [{"status": 404, "title": "Not Found", "detail": "The resource could not be found.\n\n No resource provider with uuid 598c545b-d200-4144-9d89-095244a9836e found for delete ", "request_id": "req-3692d458-812d-4be3-b4c1-325980209dde"}]}
2026-02-26 04:08:14.546 7 INFO neutron.services.segments.plugin [-] Segment 598c545b-d200-4144-9d89-095244a9836e resource provider not found; error: Placement Client Error (4xx): {"errors": [{"status": 404, "title": "Not Found", "detail": "The resource could not be found.\n\n No resource provider with uuid 598c545b-d200-4144-9d89-095244a9836e found for delete ", "request_id": "req-91043eb6-9e67-40d0-a51f-e23572c9dd9b"}]} [pid: 7|app: 0|req: 577/1105] 10.0.0.18 () {32 vars in 725 bytes} [Thu Feb 26 04:08:14 2026] DELETE /v2.0/networks/cabd9ba3-2673-4937-9711-4b28d684691f => generated 0 bytes in 365 msecs (HTTP/1.1 204) 3 headers in 131 bytes (1 switches on core 0)
2026-02-26 04:08:14.654 7 INFO neutron.db.segments_db [None req-74960d11-a2d0-4427-b2b4-9af86b9c5f6d 801e7c8e5e4a4e8483fb08616e3799ab e4664680d80f4ec59d73a99f9661bcd3 - - default default] Added segment 9a6ce055-1995-4205-b69d-0d1bf477a16b of type geneve for network 9180e6cd-9a83-4bbd-93e0-a60e6748d7ac
2026-02-26 04:08:14.738 8 WARNING neutron.scheduler.dhcp_agent_scheduler [None req-c8e2f3b4-8143-43aa-b22b-ba938ab8f6d9 e8b58a9c2af840328264db785614629d 211a65eaff9e4b4da9a9b39fc4f7dc23 - - default default] No more DHCP agents
2026-02-26 04:08:14.740 8 WARNING neutron.api.rpc.agentnotifiers.dhcp_rpc_agent_api [None req-c8e2f3b4-8143-43aa-b22b-ba938ab8f6d9 e8b58a9c2af840328264db785614629d 211a65eaff9e4b4da9a9b39fc4f7dc23 - - default default] Unable to schedule network f7651aa4-7064-4831-a77b-0e4714d67a49: no agents available; will retry on subsequent port and subnet creation events.
2026-02-26 04:08:14.758 7 INFO neutron.db.ovn_revision_numbers_db [None req-74960d11-a2d0-4427-b2b4-9af86b9c5f6d 801e7c8e5e4a4e8483fb08616e3799ab e4664680d80f4ec59d73a99f9661bcd3 - - default default] Successfully bumped revision number for resource 9180e6cd-9a83-4bbd-93e0-a60e6748d7ac (type: networks) to 1
2026-02-26 04:08:14.902 8 INFO neutron.db.ovn_revision_numbers_db [None req-c8e2f3b4-8143-43aa-b22b-ba938ab8f6d9 e8b58a9c2af840328264db785614629d 211a65eaff9e4b4da9a9b39fc4f7dc23 - - default default] Successfully bumped revision number for resource 8b485136-9a79-40cc-9c74-819037fe467e (type: ports) to 1 [pid: 8|app: 0|req: 529/1106] 10.0.0.18 () {34 vars in 664 bytes} [Thu Feb 26 04:08:14 2026] POST /v2.0/ports => generated 958 bytes in 504 msecs (HTTP/1.1 201) 4 headers in 162 bytes (1 switches on core 0)
2026-02-26 04:08:14.981 7 WARNING neutron.scheduler.dhcp_agent_scheduler [None req-74960d11-a2d0-4427-b2b4-9af86b9c5f6d 801e7c8e5e4a4e8483fb08616e3799ab e4664680d80f4ec59d73a99f9661bcd3 - - default default] No more DHCP agents
2026-02-26 04:08:14.982 7 WARNING neutron.api.rpc.agentnotifiers.dhcp_rpc_agent_api [None req-74960d11-a2d0-4427-b2b4-9af86b9c5f6d 801e7c8e5e4a4e8483fb08616e3799ab e4664680d80f4ec59d73a99f9661bcd3 - - default default] Unable to schedule network 9180e6cd-9a83-4bbd-93e0-a60e6748d7ac: no agents available; will retry on subsequent port and subnet creation events. /var/lib/openstack/lib/python3.12/site-packages/pycadf/identifier.py:70: UserWarning: Invalid uuid: neutron. To ensure interoperability, identifiers should be a valid uuid. warnings.warn(('Invalid uuid: %s. To ensure interoperability, '
2026-02-26 04:08:15.063 7 INFO neutron.db.ovn_revision_numbers_db [None req-74960d11-a2d0-4427-b2b4-9af86b9c5f6d 801e7c8e5e4a4e8483fb08616e3799ab e4664680d80f4ec59d73a99f9661bcd3 - - default default] Successfully bumped revision number for resource c2a9be13-9a05-4796-9b5f-1924a8bcc58c (type: ports) to 1 [pid: 7|app: 0|req: 578/1107] 10.0.0.18 () {34 vars in 669 bytes} [Thu Feb 26 04:08:14 2026] POST /v2.0/networks => generated 655 bytes in 515 msecs (HTTP/1.1 201) 4 headers in 162 bytes (1 switches on core 0)
2026-02-26 04:08:15.170 7 INFO neutron.db.segments_db [None req-4122330b-31fb-4b58-906b-a2bb513dcc0c 0d3231fe3af94ff3b6c759578ea03b76 e52ec618fbff49f8b517423e1067a46a - - default default] Added segment 49f7cc4b-b649-4ef9-960f-cd33c1975b3c of type geneve for network 318f2bad-50a2-4f08-b023-b595d7c2d6fd
2026-02-26 04:08:15.182 8 INFO neutron.db.ovn_revision_numbers_db [None req-d1a357a3-484b-4f0b-a5ab-b4b2994aca9b 2644739ac5e14290a2214a11be3bbcfa 7601539739e34243a6ddb9b29540082e - - default default] Successfully bumped revision number for resource fe46a749-b558-4419-a901-cfd513302e66 (type: security_groups) to 1
2026-02-26 04:08:15.192 8 INFO neutron.db.ovn_revision_numbers_db [None req-d1a357a3-484b-4f0b-a5ab-b4b2994aca9b 2644739ac5e14290a2214a11be3bbcfa 7601539739e34243a6ddb9b29540082e - - default default] Successfully bumped revision number for resource 4e5e1164-ccc7-4501-9026-500fd99c2534 (type: security_group_rules) to 0
2026-02-26 04:08:15.203 8 INFO neutron.db.ovn_revision_numbers_db [None req-d1a357a3-484b-4f0b-a5ab-b4b2994aca9b 2644739ac5e14290a2214a11be3bbcfa 7601539739e34243a6ddb9b29540082e - - default default] Successfully bumped revision number for resource 6fe46457-10d4-4b4d-8cb7-93b1116584a2 (type: security_group_rules) to 0
2026-02-26 04:08:15.215 8 INFO neutron.db.ovn_revision_numbers_db [None req-d1a357a3-484b-4f0b-a5ab-b4b2994aca9b 2644739ac5e14290a2214a11be3bbcfa 7601539739e34243a6ddb9b29540082e - - default default] Successfully bumped revision number for resource a72194c9-63d6-429c-98e3-fbb5b5360e36 (type: security_group_rules) to 0
2026-02-26 04:08:15.226 8 INFO neutron.db.ovn_revision_numbers_db [None req-d1a357a3-484b-4f0b-a5ab-b4b2994aca9b 2644739ac5e14290a2214a11be3bbcfa 7601539739e34243a6ddb9b29540082e - - default default] Successfully bumped revision number for resource ee5a3550-acc3-499d-a283-4a0baff9c6f1 (type: security_group_rules) to 0 [pid: 8|app: 0|req: 530/1108] 10.0.0.18 () {32 vars in 773 bytes} [Thu Feb 26 04:08:14 2026] GET /v2.0/security-groups?tenant_id=aa2b90052ad4411993743ae1307d45db&name=default => generated 2925 bytes in 303 msecs (HTTP/1.1 200) 4 headers in 158 bytes (1 switches on core 0)
2026-02-26 04:08:15.281 7 INFO neutron.db.ovn_revision_numbers_db [None req-4122330b-31fb-4b58-906b-a2bb513dcc0c 0d3231fe3af94ff3b6c759578ea03b76 e52ec618fbff49f8b517423e1067a46a - - default default] Successfully bumped revision number for resource 318f2bad-50a2-4f08-b023-b595d7c2d6fd (type: networks) to 1
2026-02-26 04:08:15.435 7 WARNING neutron.scheduler.dhcp_agent_scheduler [None req-4122330b-31fb-4b58-906b-a2bb513dcc0c 0d3231fe3af94ff3b6c759578ea03b76 e52ec618fbff49f8b517423e1067a46a - - default default] No more DHCP agents
2026-02-26 04:08:15.436 7 WARNING neutron.api.rpc.agentnotifiers.dhcp_rpc_agent_api [None req-4122330b-31fb-4b58-906b-a2bb513dcc0c 0d3231fe3af94ff3b6c759578ea03b76 e52ec618fbff49f8b517423e1067a46a - - default default] Unable to schedule network 318f2bad-50a2-4f08-b023-b595d7c2d6fd: no agents available; will retry on subsequent port and subnet creation events.
2026-02-26 04:08:15.500 8 WARNING neutron.scheduler.dhcp_agent_scheduler [None req-3e85683c-7083-4fd0-b5db-73942d7a8e31 e8b58a9c2af840328264db785614629d 211a65eaff9e4b4da9a9b39fc4f7dc23 - - default default] No more DHCP agents
2026-02-26 04:08:15.502 8 WARNING neutron.api.rpc.agentnotifiers.dhcp_rpc_agent_api [None req-3e85683c-7083-4fd0-b5db-73942d7a8e31 e8b58a9c2af840328264db785614629d 211a65eaff9e4b4da9a9b39fc4f7dc23 - - default default] Unable to schedule network 70d93cc0-a20f-4890-8095-6e70eb1a39d1: no agents available; will retry on subsequent port and subnet creation events.
2026-02-26 04:08:15.519 7 INFO neutron.db.ovn_revision_numbers_db [None req-4122330b-31fb-4b58-906b-a2bb513dcc0c 0d3231fe3af94ff3b6c759578ea03b76 e52ec618fbff49f8b517423e1067a46a - - default default] Successfully bumped revision number for resource 7e38db1f-4fd7-4b6f-9c04-32f570b2b814 (type: ports) to 1 [pid: 7|app: 0|req: 579/1109] 10.0.0.18 () {34 vars in 669 bytes} [Thu Feb 26 04:08:15 2026] POST /v2.0/networks => generated 653 bytes in 453 msecs (HTTP/1.1 201) 4 headers in 162 bytes (1 switches on core 0)
2026-02-26 04:08:15.714 7 WARNING neutron.scheduler.dhcp_agent_scheduler [None req-2dea4a2c-89b8-4f2c-bae6-4d0dede6db77 801e7c8e5e4a4e8483fb08616e3799ab e4664680d80f4ec59d73a99f9661bcd3 - - default default] No more DHCP agents
2026-02-26 04:08:15.715 7 WARNING neutron.api.rpc.agentnotifiers.dhcp_rpc_agent_api [None req-2dea4a2c-89b8-4f2c-bae6-4d0dede6db77 801e7c8e5e4a4e8483fb08616e3799ab e4664680d80f4ec59d73a99f9661bcd3 - - default default] Unable to schedule network 9180e6cd-9a83-4bbd-93e0-a60e6748d7ac: no agents available; will retry on subsequent port and subnet creation events.
2026-02-26 04:08:15.743 7 WARNING neutron.plugins.ml2.drivers.ovn.mech_driver.ovsdb.ovn_client [None req-1684a3d7-d4c0-4b00-919c-e70fbe16dafb - - - - - -] No port found with ID 16cc9a20-fc8e-4cc6-9db5-6f5933c021f2: RuntimeError: No port found with ID 16cc9a20-fc8e-4cc6-9db5-6f5933c021f2
2026-02-26 04:08:15.744 7 INFO neutron.plugins.ml2.drivers.ovn.mech_driver.mech_driver [None req-1684a3d7-d4c0-4b00-919c-e70fbe16dafb - - - - - -] OVN reports status down for port: 3f3eaf47-d4c4-4d9c-8f2a-75da23702269
2026-02-26 04:08:15.775 7 INFO neutron.plugins.ml2.drivers.ovn.mech_driver.mech_driver [None req-1684a3d7-d4c0-4b00-919c-e70fbe16dafb - - - - - -] OVN reports status down for port: 66ff3d15-d243-4338-8618-897746c86bed
2026-02-26 04:08:15.790 7 INFO neutron.plugins.ml2.drivers.ovn.mech_driver.mech_driver [None req-1684a3d7-d4c0-4b00-919c-e70fbe16dafb - - - - - -] OVN reports status down for port: a03e9dab-d7af-46b4-9956-ad6732e5ecd4
2026-02-26 04:08:15.799 7 INFO neutron.db.ovn_revision_numbers_db [None req-2dea4a2c-89b8-4f2c-bae6-4d0dede6db77 801e7c8e5e4a4e8483fb08616e3799ab e4664680d80f4ec59d73a99f9661bcd3 - - default default] Successfully bumped revision number for resource 7182c820-da8a-4ad8-8cf8-2253f65a0b5b (type: subnets) to 0 [pid: 7|app: 0|req: 580/1110] 10.0.0.18 () {34 vars in 668 bytes} [Thu Feb 26 04:08:15 2026] POST /v2.0/subnets => generated 646 bytes in 289 msecs (HTTP/1.1 201) 4 headers in 162 bytes (1 switches on core 0)
2026-02-26 04:08:15.893 7 WARNING neutron.plugins.ml2.drivers.ovn.mech_driver.ovsdb.ovn_client [None req-1684a3d7-d4c0-4b00-919c-e70fbe16dafb - - - - - -] Logical_Switch_Port %s host information not removed, the port state is up
2026-02-26 04:08:15.895 7 INFO neutron.plugins.ml2.drivers.ovn.mech_driver.mech_driver [None req-1684a3d7-d4c0-4b00-919c-e70fbe16dafb - - - - - -] OVN reports status up for port: a03e9dab-d7af-46b4-9956-ad6732e5ecd4
2026-02-26 04:08:15.921 7 INFO neutron.plugins.ml2.plugin [None req-1684a3d7-d4c0-4b00-919c-e70fbe16dafb - - - - - -] Attempt 1 to provision port a03e9dab-d7af-46b4-9956-ad6732e5ecd4 [pid: 7|app: 0|req: 581/1111] 10.0.0.18 () {32 vars in 739 bytes} [Thu Feb 26 04:08:15 2026] DELETE /v2.0/security-groups/fe46a749-b558-4419-a901-cfd513302e66 => generated 0 bytes in 412 msecs (HTTP/1.1 204) 2 headers in 112 bytes (1 switches on core 0)
2026-02-26 04:08:16.620 7 INFO neutron.db.ovn_revision_numbers_db [None req-1684a3d7-d4c0-4b00-919c-e70fbe16dafb - - - - - -] Successfully bumped revision number for resource a03e9dab-d7af-46b4-9956-ad6732e5ecd4 (type: ports) to 2
2026-02-26 04:08:16.664 7 WARNING neutron.scheduler.dhcp_agent_scheduler [None req-39d1fc28-6434-4c55-87f7-28b0c8a877a8 0d3231fe3af94ff3b6c759578ea03b76 e52ec618fbff49f8b517423e1067a46a - - default default] No more DHCP agents
