2026-02-26 04:07:40.472 7 INFO neutron.db.segments_db [None req-05cd73b4-283a-40d6-b406-2937d75d9747 5c661a01b80c40678d913a052c072015 a9e9e9d9ca1a4831b62cfb1d9d687a58 - - default default] Added segment 3d73e24f-0fce-44b4-8efd-5f784aef3ebe of type geneve for network 03fb521d-7a51-4882-aefa-9d81b2341b74
2026-02-26 04:07:40.486 8 WARNING neutron.plugins.ml2.drivers.ovn.mech_driver.ovsdb.ovn_client [None req-a76b66fa-17ba-4408-8f2f-2f3123af93a1 - - - - - -] No hosting information found for port 254ba1be-fba1-4643-898b-91a70aaccee4: RuntimeError: No hosting information found for port 254ba1be-fba1-4643-898b-91a70aaccee4
2026-02-26 04:07:40.588 7 INFO neutron.db.ovn_revision_numbers_db [None req-05cd73b4-283a-40d6-b406-2937d75d9747 5c661a01b80c40678d913a052c072015 a9e9e9d9ca1a4831b62cfb1d9d687a58 - - default default] Successfully bumped revision number for resource 3c319bbb-6911-44a9-ac2d-668865c0a881 (type: networks) to 1
2026-02-26 04:07:40.641 8 INFO neutron.db.ovn_revision_numbers_db [None req-a76b66fa-17ba-4408-8f2f-2f3123af93a1 - - - - - -] Successfully bumped revision number for resource 254ba1be-fba1-4643-898b-91a70aaccee4 (type: router_ports) to 2
2026-02-26 04:07:40.702 8 INFO neutron.services.segments.plugin [-] Segment 2be4d72b-448c-432d-8f2b-309179223780 resource provider aggregate not found
2026-02-26 04:07:40.722 8 INFO neutron.services.segments.plugin [-] Segment 2be4d72b-448c-432d-8f2b-309179223780 resource provider aggregate not found
2026-02-26 04:07:40.732 8 INFO neutron.services.segments.plugin [-] Segment 2be4d72b-448c-432d-8f2b-309179223780 resource provider not found; error: Placement Client Error (4xx): {"errors": [{"status": 404, "title": "Not Found", "detail": "The resource could not be found.\n\n No resource provider with uuid 2be4d72b-448c-432d-8f2b-309179223780 found for delete ", "request_id": "req-4b24120a-84dd-4aba-83f5-f15a170c1604"}]}
2026-02-26 04:07:40.747 8 INFO neutron.services.segments.plugin [-] Segment 2be4d72b-448c-432d-8f2b-309179223780 resource provider not found; error: Placement Client Error (4xx): {"errors": [{"status": 404, "title": "Not Found", "detail": "The resource could not be found.\n\n No resource provider with uuid 2be4d72b-448c-432d-8f2b-309179223780 found for delete ", "request_id": "req-2bda80e2-8143-4bf5-be95-480098af64cc"}]} [pid: 8|app: 0|req: 438/923] 10.0.0.18 () {32 vars in 725 bytes} [Thu Feb 26 04:07:40 2026] DELETE /v2.0/networks/f7e40368-34ac-4ad0-a649-2610db6b146d => generated 0 bytes in 635 msecs (HTTP/1.1 204) 3 headers in 131 bytes (1 switches on core 0)
2026-02-26 04:07:40.769 7 WARNING neutron.scheduler.dhcp_agent_scheduler [None req-05cd73b4-283a-40d6-b406-2937d75d9747 5c661a01b80c40678d913a052c072015 a9e9e9d9ca1a4831b62cfb1d9d687a58 - - default default] No more DHCP agents
2026-02-26 04:07:40.771 7 WARNING neutron.api.rpc.agentnotifiers.dhcp_rpc_agent_api [None req-05cd73b4-283a-40d6-b406-2937d75d9747 5c661a01b80c40678d913a052c072015 a9e9e9d9ca1a4831b62cfb1d9d687a58 - - default default] Unable to schedule network 3c319bbb-6911-44a9-ac2d-668865c0a881: no agents available; will retry on subsequent port and subnet creation events.
2026-02-26 04:07:40.819 7 INFO neutron.plugins.ml2.drivers.ovn.mech_driver.mech_driver [None req-65d977ee-43b1-451a-9b7b-dc8558036687 - - - - - -] OVN reports status down for port: 5f07bf75-c72b-4787-8e9f-e24473a3c296
2026-02-26 04:07:40.884 7 INFO neutron.db.ovn_revision_numbers_db [None req-05cd73b4-283a-40d6-b406-2937d75d9747 5c661a01b80c40678d913a052c072015 a9e9e9d9ca1a4831b62cfb1d9d687a58 - - default default] Successfully bumped revision number for resource 5f07bf75-c72b-4787-8e9f-e24473a3c296 (type: ports) to 1 [pid: 8|app: 0|req: 439/924] 10.0.0.18 () {32 vars in 739 bytes} [Thu Feb 26 04:07:40 2026] DELETE /v2.0/security-groups/f40ced80-064e-42a5-81cb-b0b40b2be381 => generated 0 bytes in 170 msecs (HTTP/1.1 204) 2 headers in 112 bytes (1 switches on core 0)
2026-02-26 04:07:40.942 8 INFO neutron.pecan_wsgi.hooks.translation [None req-5491a533-e2d8-4ee5-b912-f05c627a011d 7f492b118da1423a911f01ea81f114b5 ee3d04dc951f4544baf7ca87bc27ebc5 - - default default] DELETE failed (client error): The resource could not be found. [pid: 8|app: 0|req: 440/925] 10.0.0.18 () {32 vars in 725 bytes} [Thu Feb 26 04:07:40 2026] DELETE /v2.0/networks/f7e40368-34ac-4ad0-a649-2610db6b146d => generated 138 bytes in 13 msecs (HTTP/1.1 404) 4 headers in 164 bytes (1 switches on core 0)
2026-02-26 04:07:40.958 8 INFO neutron.api.v2.resource [None req-f1687a2d-d6ab-435c-9d07-3f697d9e32b1 0cbf9cdff1db44cf9bc2edff3c15f064 b1fdcf24b1314f438ce350be6edcc715 - - default default] show failed (client error): The resource could not be found. [pid: 8|app: 0|req: 441/926] 10.0.0.18 () {32 vars in 736 bytes} [Thu Feb 26 04:07:40 2026] GET /v2.0/security-groups/f40ced80-064e-42a5-81cb-b0b40b2be381 => generated 146 bytes in 14 msecs (HTTP/1.1 404) 4 headers in 164 bytes (1 switches on core 0)
2026-02-26 04:07:40.996 7 INFO neutron.db.ovn_revision_numbers_db [None req-05cd73b4-283a-40d6-b406-2937d75d9747 5c661a01b80c40678d913a052c072015 a9e9e9d9ca1a4831b62cfb1d9d687a58 - - default default] Successfully bumped revision number for resource 03fb521d-7a51-4882-aefa-9d81b2341b74 (type: networks) to 1 [pid: 8|app: 0|req: 442/927] 10.0.0.18 () {32 vars in 693 bytes} [Thu Feb 26 04:07:40 2026] GET /v2.0/networks?router%3Aexternal=True => generated 689 bytes in 68 msecs (HTTP/1.1 200) 4 headers in 157 bytes (1 switches on core 0)
2026-02-26 04:07:41.145 8 INFO neutron_taas.services.taas.taas_plugin [None req-db6fdd08-1f88-4a20-8b5d-8e03a535a980 0cbf9cdff1db44cf9bc2edff3c15f064 b1fdcf24b1314f438ce350be6edcc715 - - default default] TaaS: Handle Delete Port: 7adcf347-c88a-48af-8f4f-fa634d76b008
2026-02-26 04:07:41.149 8 INFO neutron_taas.services.taas.tap_mirror_plugin [None req-db6fdd08-1f88-4a20-8b5d-8e03a535a980 0cbf9cdff1db44cf9bc2edff3c15f064 b1fdcf24b1314f438ce350be6edcc715 - - default default] Tap Mirror: Handle Delete Port: 7adcf347-c88a-48af-8f4f-fa634d76b008
2026-02-26 04:07:41.149 7 WARNING neutron.scheduler.dhcp_agent_scheduler [None req-05cd73b4-283a-40d6-b406-2937d75d9747 5c661a01b80c40678d913a052c072015 a9e9e9d9ca1a4831b62cfb1d9d687a58 - - default default] No more DHCP agents
2026-02-26 04:07:41.151 7 WARNING neutron.api.rpc.agentnotifiers.dhcp_rpc_agent_api [None req-05cd73b4-283a-40d6-b406-2937d75d9747 5c661a01b80c40678d913a052c072015 a9e9e9d9ca1a4831b62cfb1d9d687a58 - - default default] Unable to schedule network 03fb521d-7a51-4882-aefa-9d81b2341b74: no agents available; will retry on subsequent port and subnet creation events.
2026-02-26 04:07:41.204 7 INFO neutron.plugins.ml2.drivers.ovn.mech_driver.mech_driver [None req-65d977ee-43b1-451a-9b7b-dc8558036687 - - - - - -] OVN reports status down for port: 18a3c340-d56a-436a-809f-86e8c7c5ceb6
2026-02-26 04:07:41.260 7 INFO neutron.db.ovn_revision_numbers_db [None req-05cd73b4-283a-40d6-b406-2937d75d9747 5c661a01b80c40678d913a052c072015 a9e9e9d9ca1a4831b62cfb1d9d687a58 - - default default] Successfully bumped revision number for resource 18a3c340-d56a-436a-809f-86e8c7c5ceb6 (type: ports) to 1 [pid: 7|app: 0|req: 486/928] 10.0.0.18 () {34 vars in 669 bytes} [Thu Feb 26 04:07:39 2026] POST /v2.0/networks => generated 1284 bytes in 1386 msecs (HTTP/1.1 201) 4 headers in 163 bytes (1 switches on core 0) [pid: 8|app: 0|req: 443/929] 10.0.0.18 () {32 vars in 731 bytes} [Thu Feb 26 04:07:41 2026] DELETE /v2.0/floatingips/d1d1c3d9-a741-470e-ba19-49905af8646b => generated 0 bytes in 281 msecs (HTTP/1.1 204) 2 headers in 112 bytes (1 switches on core 0) [pid: 8|app: 0|req: 445/932] 10.0.0.18 () {32 vars in 741 bytes} [Thu Feb 26 04:07:41 2026] GET /v2.0/subnets?network_id=70d93cc0-a20f-4890-8095-6e70eb1a39d1 => generated 649 bytes in 32 msecs (HTTP/1.1 200) 4 headers in 157 bytes (1 switches on core 0) [pid: 8|app: 0|req: 446/933] 10.0.0.18 () {32 vars in 648 bytes} [Thu Feb 26 04:07:41 2026] GET /v2.0/networks => generated 1971 bytes in 52 msecs (HTTP/1.1 200) 4 headers in 158 bytes (1 switches on core 0)
2026-02-26 04:07:41.538 7 INFO neutron.db.ovn_revision_numbers_db [None req-66fadd5c-dd6a-4f28-87f0-d892ab4ba06c 2644739ac5e14290a2214a11be3bbcfa 7601539739e34243a6ddb9b29540082e - - default default] Successfully bumped revision number for resource a6e61c02-55fb-4594-b280-f73fa259b635 (type: security_groups) to 1
2026-02-26 04:07:41.556 7 INFO neutron.db.ovn_revision_numbers_db [None req-66fadd5c-dd6a-4f28-87f0-d892ab4ba06c 2644739ac5e14290a2214a11be3bbcfa 7601539739e34243a6ddb9b29540082e - - default default] Successfully bumped revision number for resource 00fbd90a-9fad-4823-9845-1c96904bf271 (type: security_group_rules) to 0
2026-02-26 04:07:41.569 7 INFO neutron.db.ovn_revision_numbers_db [None req-66fadd5c-dd6a-4f28-87f0-d892ab4ba06c 2644739ac5e14290a2214a11be3bbcfa 7601539739e34243a6ddb9b29540082e - - default default] Successfully bumped revision number for resource 8a5e5c30-911e-4c5c-a324-33da991ba962 (type: security_group_rules) to 0
2026-02-26 04:07:41.586 7 INFO neutron.db.ovn_revision_numbers_db [None req-66fadd5c-dd6a-4f28-87f0-d892ab4ba06c 2644739ac5e14290a2214a11be3bbcfa 7601539739e34243a6ddb9b29540082e - - default default] Successfully bumped revision number for resource d06350a1-2299-43ee-a091-7a2d039c1991 (type: security_group_rules) to 0
2026-02-26 04:07:41.600 7 INFO neutron.db.ovn_revision_numbers_db [None req-66fadd5c-dd6a-4f28-87f0-d892ab4ba06c 2644739ac5e14290a2214a11be3bbcfa 7601539739e34243a6ddb9b29540082e - - default default] Successfully bumped revision number for resource d58ce2b5-2421-4d0e-9678-7d9006f72c04 (type: security_group_rules) to 0 [pid: 7|app: 0|req: 488/934] 10.0.0.18 () {32 vars in 773 bytes} [Thu Feb 26 04:07:41 2026] GET /v2.0/security-groups?tenant_id=2270d6fce13c4893bfe21874df25ac27&name=default => generated 2925 bytes in 319 msecs (HTTP/1.1 200) 4 headers in 158 bytes (1 switches on core 0) [pid: 7|app: 0|req: 489/935] 10.0.0.18 () {32 vars in 652 bytes} [Thu Feb 26 04:07:41 2026] GET /v2.0/extensions => generated 20541 bytes in 5 msecs (HTTP/1.1 200) 4 headers in 159 bytes (1 switches on core 0)
2026-02-26 04:07:41.676 8 INFO neutron_taas.services.taas.taas_plugin [None req-9246562f-97f5-4957-8924-9a28987643bb 2644739ac5e14290a2214a11be3bbcfa 7601539739e34243a6ddb9b29540082e - - default default] TaaS: Handle Delete Port: 254ba1be-fba1-4643-898b-91a70aaccee4
2026-02-26 04:07:41.681 8 INFO neutron_taas.services.taas.tap_mirror_plugin [None req-9246562f-97f5-4957-8924-9a28987643bb 2644739ac5e14290a2214a11be3bbcfa 7601539739e34243a6ddb9b29540082e - - default default] Tap Mirror: Handle Delete Port: 254ba1be-fba1-4643-898b-91a70aaccee4
2026-02-26 04:07:41.737 7 INFO neutron_taas.services.taas.taas_plugin [None req-84f32115-5bd6-4171-add4-df4b81449ce1 5c661a01b80c40678d913a052c072015 a9e9e9d9ca1a4831b62cfb1d9d687a58 - - default default] TaaS: Handle Delete Port: 5f07bf75-c72b-4787-8e9f-e24473a3c296
2026-02-26 04:07:41.739 7 INFO neutron_taas.services.taas.tap_mirror_plugin [None req-84f32115-5bd6-4171-add4-df4b81449ce1 5c661a01b80c40678d913a052c072015 a9e9e9d9ca1a4831b62cfb1d9d687a58 - - default default] Tap Mirror: Handle Delete Port: 5f07bf75-c72b-4787-8e9f-e24473a3c296
2026-02-26 04:07:41.937 7 INFO neutron.services.segments.plugin [-] Segment 5d3cb5f1-aee0-47aa-a935-550583699d84 resource provider aggregate not found
2026-02-26 04:07:41.942 7 INFO neutron.services.segments.plugin [-] Segment 5d3cb5f1-aee0-47aa-a935-550583699d84 resource provider aggregate not found
2026-02-26 04:07:41.957 7 INFO neutron.services.segments.plugin [-] Segment 5d3cb5f1-aee0-47aa-a935-550583699d84 resource provider not found; error: Placement Client Error (4xx): {"errors": [{"status": 404, "title": "Not Found", "detail": "The resource could not be found.\n\n No resource provider with uuid 5d3cb5f1-aee0-47aa-a935-550583699d84 found for delete ", "request_id": "req-711103ab-42fe-4d43-8dfb-bc1456609bbf"}]}
2026-02-26 04:07:41.960 7 INFO neutron.services.segments.plugin [-] Segment 5d3cb5f1-aee0-47aa-a935-550583699d84 resource provider not found; error: Placement Client Error (4xx): {"errors": [{"status": 404, "title": "Not Found", "detail": "The resource could not be found.\n\n No resource provider with uuid 5d3cb5f1-aee0-47aa-a935-550583699d84 found for delete ", "request_id": "req-431610c4-13b4-42b3-b121-65d7feddf42d"}]} [pid: 7|app: 0|req: 490/936] 10.0.0.18 () {32 vars in 725 bytes} [Thu Feb 26 04:07:41 2026] DELETE /v2.0/networks/3c319bbb-6911-44a9-ac2d-668865c0a881 => generated 0 bytes in 349 msecs (HTTP/1.1 204) 3 headers in 131 bytes (1 switches on core 0) [pid: 7|app: 0|req: 491/937] 10.0.0.18 () {32 vars in 739 bytes} [Thu Feb 26 04:07:41 2026] DELETE /v2.0/security-groups/a6e61c02-55fb-4594-b280-f73fa259b635 => generated 0 bytes in 176 msecs (HTTP/1.1 204) 2 headers in 112 bytes (1 switches on core 0) [pid: 7|app: 0|req: 492/938] 10.0.0.18 () {32 vars in 648 bytes} [Thu Feb 26 04:07:42 2026] GET /v2.0/networks => generated 1387 bytes in 47 msecs (HTTP/1.1 200) 4 headers in 158 bytes (1 switches on core 0)
2026-02-26 04:07:42.299 7 INFO neutron_taas.services.taas.taas_plugin [None req-f298b86e-6e8f-4060-afd1-16959d203b6d 5c661a01b80c40678d913a052c072015 a9e9e9d9ca1a4831b62cfb1d9d687a58 - - default default] TaaS: Handle Delete Port: 18a3c340-d56a-436a-809f-86e8c7c5ceb6
2026-02-26 04:07:42.302 7 INFO neutron_taas.services.taas.tap_mirror_plugin [None req-f298b86e-6e8f-4060-afd1-16959d203b6d 5c661a01b80c40678d913a052c072015 a9e9e9d9ca1a4831b62cfb1d9d687a58 - - default default] Tap Mirror: Handle Delete Port: 18a3c340-d56a-436a-809f-86e8c7c5ceb6 [pid: 8|app: 0|req: 447/939] 10.0.0.18 () {34 vars in 788 bytes} [Thu Feb 26 04:07:41 2026] PUT /v2.0/routers/7a2d066d-7317-44eb-9abf-22c9b4be710b/remove_router_interface => generated 309 bytes in 972 msecs (HTTP/1.1 200) 4 headers in 157 bytes (1 switches on core 0) /var/lib/openstack/lib/python3.12/site-packages/pycadf/identifier.py:70: UserWarning: Invalid uuid: neutron. To ensure interoperability, identifiers should be a valid uuid. warnings.warn(('Invalid uuid: %s. To ensure interoperability, ' [pid: 8|app: 0|req: 448/940] 10.0.0.18 () {32 vars in 646 bytes} [Thu Feb 26 04:07:42 2026] GET /v2.0/subnets => generated 1312 bytes in 57 msecs (HTTP/1.1 200) 4 headers in 158 bytes (1 switches on core 0) [pid: 7|app: 0|req: 493/941] 10.0.0.18 () {32 vars in 725 bytes} [Thu Feb 26 04:07:42 2026] DELETE /v2.0/networks/03fb521d-7a51-4882-aefa-9d81b2341b74 => generated 0 bytes in 309 msecs (HTTP/1.1 204) 3 headers in 131 bytes (1 switches on core 0)
2026-02-26 04:07:42.581 8 INFO neutron.db.ovn_revision_numbers_db [None req-3f244595-4afe-46cd-bb76-c59563a9ad28 2644739ac5e14290a2214a11be3bbcfa 7601539739e34243a6ddb9b29540082e - - default default] Successfully bumped revision number for resource e52f65dd-fc1d-4368-8b91-1cb2297de713 (type: security_groups) to 1
2026-02-26 04:07:42.592 8 INFO neutron.db.ovn_revision_numbers_db [None req-3f244595-4afe-46cd-bb76-c59563a9ad28 2644739ac5e14290a2214a11be3bbcfa 7601539739e34243a6ddb9b29540082e - - default default] Successfully bumped revision number for resource 0669dbd2-4402-40a6-ac7a-5354276239c4 (type: security_group_rules) to 0
2026-02-26 04:07:42.606 8 INFO neutron.db.ovn_revision_numbers_db [None req-3f244595-4afe-46cd-bb76-c59563a9ad28 2644739ac5e14290a2214a11be3bbcfa 7601539739e34243a6ddb9b29540082e - - default default] Successfully bumped revision number for resource 0c8cc1db-ad9f-492f-8b1a-e16e3137080e (type: security_group_rules) to 0
2026-02-26 04:07:42.627 8 INFO neutron.db.ovn_revision_numbers_db [None req-3f244595-4afe-46cd-bb76-c59563a9ad28 2644739ac5e14290a2214a11be3bbcfa 7601539739e34243a6ddb9b29540082e - - default default] Successfully bumped revision number for resource 781a0578-7aef-4c78-9389-448fabb38bd6 (type: security_group_rules) to 0
2026-02-26 04:07:42.637 8 INFO neutron.db.ovn_revision_numbers_db [None req-3f244595-4afe-46cd-bb76-c59563a9ad28 2644739ac5e14290a2214a11be3bbcfa 7601539739e34243a6ddb9b29540082e - - default default] Successfully bumped revision number for resource 9a201328-5a29-43ec-9989-1674c07e4623 (type: security_group_rules) to 0 [pid: 8|app: 0|req: 449/942] 10.0.0.18 () {32 vars in 773 bytes} [Thu Feb 26 04:07:42 2026] GET /v2.0/security-groups?tenant_id=445fdb1725164ca0bf215f4050461296&name=default => generated 2925 bytes in 247 msecs (HTTP/1.1 200) 4 headers in 158 bytes (1 switches on core 0) [pid: 8|app: 0|req: 450/943] 10.0.0.18 () {32 vars in 722 bytes} [Thu Feb 26 04:07:42 2026] GET /v2.0/networks/bb521dd5-10e5-433d-86c5-11196beb51cb => generated 709 bytes in 37 msecs (HTTP/1.1 200) 4 headers in 157 bytes (1 switches on core 0) [pid: 8|app: 0|req: 451/944] 10.0.0.18 () {32 vars in 648 bytes} [Thu Feb 26 04:07:42 2026] GET /v2.0/networks => generated 689 bytes in 41 msecs (HTTP/1.1 200) 4 headers in 157 bytes (1 switches on core 0)
2026-02-26 04:07:42.819 7 INFO neutron_taas.services.taas.taas_plugin [None req-143d6adb-250d-4ae4-ab9f-3b77ea1be72a 2644739ac5e14290a2214a11be3bbcfa 7601539739e34243a6ddb9b29540082e - - default default] TaaS: Handle Delete Port: 0bbfcb19-a96e-4e28-a073-17a2551e0d02
2026-02-26 04:07:42.823 7 INFO neutron_taas.services.taas.tap_mirror_plugin [None req-143d6adb-250d-4ae4-ab9f-3b77ea1be72a 2644739ac5e14290a2214a11be3bbcfa 7601539739e34243a6ddb9b29540082e - - default default] Tap Mirror: Handle Delete Port: 0bbfcb19-a96e-4e28-a073-17a2551e0d02 [pid: 8|app: 0|req: 452/945] 10.0.0.18 () {32 vars in 739 bytes} [Thu Feb 26 04:07:42 2026] DELETE /v2.0/security-groups/e52f65dd-fc1d-4368-8b91-1cb2297de713 => generated 0 bytes in 210 msecs (HTTP/1.1 204) 2 headers in 112 bytes (1 switches on core 0) [pid: 8|app: 0|req: 453/946] 10.0.0.18 () {32 vars in 720 bytes} [Thu Feb 26 04:07:42 2026] GET /v2.0/subnets/9e9d3a5f-ef4e-490b-ab1e-8205eecec329 => generated 673 bytes in 21 msecs (HTTP/1.1 200) 4 headers in 157 bytes (1 switches on core 0)
2026-02-26 04:07:43.084 8 INFO neutron.db.segments_db [None req-b74f6bce-3ebd-42c7-bedd-e78483460eae 5c661a01b80c40678d913a052c072015 a9e9e9d9ca1a4831b62cfb1d9d687a58 - - default default] Added segment f0f909b2-4584-487c-b2cd-9d35ea8fdca9 of type geneve for network 55a504f1-b324-41d3-9415-ad23a5d92bcc [pid: 7|app: 0|req: 494/947] 10.0.0.18 () {32 vars in 723 bytes} [Thu Feb 26 04:07:42 2026] DELETE /v2.0/routers/7a2d066d-7317-44eb-9abf-22c9b4be710b => generated 0 bytes in 685 msecs (HTTP/1.1 204) 2 headers in 112 bytes (1 switches on core 0)
2026-02-26 04:07:43.215 7 INFO neutron.pecan_wsgi.hooks.translation [None req-8271413f-3b2d-49cb-a21c-03a4b8ab53a1 7f492b118da1423a911f01ea81f114b5 ee3d04dc951f4544baf7ca87bc27ebc5 - - default default] DELETE failed (client error): The resource could not be found. [pid: 7|app: 0|req: 495/948] 10.0.0.18 () {32 vars in 723 bytes} [Thu Feb 26 04:07:43 2026] DELETE /v2.0/subnets/5610a046-7e1c-4d1c-b313-16bf59145766 => generated 136 bytes in 12 msecs (HTTP/1.1 404) 4 headers in 164 bytes (1 switches on core 0)
2026-02-26 04:07:43.218 8 INFO neutron.db.ovn_revision_numbers_db [None req-b74f6bce-3ebd-42c7-bedd-e78483460eae 5c661a01b80c40678d913a052c072015 a9e9e9d9ca1a4831b62cfb1d9d687a58 - - default default] Successfully bumped revision number for resource 55a504f1-b324-41d3-9415-ad23a5d92bcc (type: networks) to 1
2026-02-26 04:07:43.385 8 WARNING neutron.scheduler.dhcp_agent_scheduler [None req-b74f6bce-3ebd-42c7-bedd-e78483460eae 5c661a01b80c40678d913a052c072015 a9e9e9d9ca1a4831b62cfb1d9d687a58 - - default default] No more DHCP agents
2026-02-26 04:07:43.387 8 WARNING neutron.api.rpc.agentnotifiers.dhcp_rpc_agent_api [None req-b74f6bce-3ebd-42c7-bedd-e78483460eae 5c661a01b80c40678d913a052c072015 a9e9e9d9ca1a4831b62cfb1d9d687a58 - - default default] Unable to schedule network 55a504f1-b324-41d3-9415-ad23a5d92bcc: no agents available; will retry on subsequent port and subnet creation events. [pid: 7|app: 0|req: 496/949] 10.0.0.18 () {32 vars in 723 bytes} [Thu Feb 26 04:07:43 2026] DELETE /v2.0/subnets/0fd1e648-98b1-4108-8bbd-b8a980e1e44d => generated 0 bytes in 193 msecs (HTTP/1.1 204) 3 headers in 131 bytes (1 switches on core 0)
2026-02-26 04:07:43.420 7 INFO neutron.pecan_wsgi.hooks.translation [None req-6f12b919-9bd5-484d-8517-a25430132d57 7f492b118da1423a911f01ea81f114b5 ee3d04dc951f4544baf7ca87bc27ebc5 - - default default] DELETE failed (client error): The resource could not be found. [pid: 7|app: 0|req: 497/950] 10.0.0.18 () {32 vars in 725 bytes} [Thu Feb 26 04:07:43 2026] DELETE /v2.0/networks/f7e40368-34ac-4ad0-a649-2610db6b146d => generated 138 bytes in 16 msecs (HTTP/1.1 404) 4 headers in 164 bytes (1 switches on core 0)
2026-02-26 04:07:43.443 8 INFO neutron.plugins.ml2.drivers.ovn.mech_driver.mech_driver [None req-a76b66fa-17ba-4408-8f2f-2f3123af93a1 - - - - - -] OVN reports status down for port: 29b0e4ab-b8af-4a04-bcdb-60464d0cbc34
2026-02-26 04:07:43.509 8 INFO neutron.db.ovn_revision_numbers_db [None req-b74f6bce-3ebd-42c7-bedd-e78483460eae 5c661a01b80c40678d913a052c072015 a9e9e9d9ca1a4831b62cfb1d9d687a58 - - default default] Successfully bumped revision number for resource 29b0e4ab-b8af-4a04-bcdb-60464d0cbc34 (type: ports) to 1
2026-02-26 04:07:43.546 7 INFO neutron_taas.services.taas.taas_plugin [None req-51c4c2ac-ee02-4e5d-bbc4-ba6b2eb1f766 2644739ac5e14290a2214a11be3bbcfa 7601539739e34243a6ddb9b29540082e - - default default] TaaS: Handle Delete Port: 99441ef0-b425-4ab5-b40d-be283385b01e
2026-02-26 04:07:43.549 7 INFO neutron_taas.services.taas.tap_mirror_plugin [None req-51c4c2ac-ee02-4e5d-bbc4-ba6b2eb1f766 2644739ac5e14290a2214a11be3bbcfa 7601539739e34243a6ddb9b29540082e - - default default] Tap Mirror: Handle Delete Port: 99441ef0-b425-4ab5-b40d-be283385b01e [pid: 8|app: 0|req: 454/951] 10.0.0.18 () {34 vars in 669 bytes} [Thu Feb 26 04:07:42 2026] POST /v2.0/networks => generated 673 bytes in 573 msecs (HTTP/1.1 201) 4 headers in 162 bytes (1 switches on core 0) [pid: 8|app: 0|req: 455/952] 10.0.0.18 () {32 vars in 723 bytes} [Thu Feb 26 04:07:43 2026] DELETE /v2.0/subnets/9e9d3a5f-ef4e-490b-ab1e-8205eecec329 => generated 0 bytes in 138 msecs (HTTP/1.1 204) 3 headers in 131 bytes (1 switches on core 0) [pid: 7|app: 0|req: 498/953] 10.0.0.18 () {32 vars in 725 bytes} [Thu Feb 26 04:07:43 2026] DELETE /v2.0/networks/b113056f-b970-46e3-aa38-4088970a2f0a => generated 0 bytes in 348 msecs (HTTP/1.1 204) 3 headers in 131 bytes (1 switches on core 0)
2026-02-26 04:07:43.808 8 INFO neutron.db.segments_db [None req-89a167ad-7309-4dc3-8035-a3a96cfe3599 5c661a01b80c40678d913a052c072015 a9e9e9d9ca1a4831b62cfb1d9d687a58 - - default default] Added segment 59a49949-b9f7-4d05-a03f-5371bcc16aca of type geneve for network 93f77710-8811-49c8-8dfb-331a16ade144
2026-02-26 04:07:43.894 8 INFO neutron.db.ovn_revision_numbers_db [None req-89a167ad-7309-4dc3-8035-a3a96cfe3599 5c661a01b80c40678d913a052c072015 a9e9e9d9ca1a4831b62cfb1d9d687a58 - - default default] Successfully bumped revision number for resource 93f77710-8811-49c8-8dfb-331a16ade144 (type: networks) to 1
2026-02-26 04:07:43.902 7 INFO neutron_taas.services.taas.taas_plugin [None req-be045338-c39d-42cd-95a0-c784a398d2a5 7f492b118da1423a911f01ea81f114b5 ee3d04dc951f4544baf7ca87bc27ebc5 - - default default] TaaS: Handle Delete Port: 7b57d25f-a730-439c-9461-68cdf929a4ad
2026-02-26 04:07:43.905 7 INFO neutron_taas.services.taas.tap_mirror_plugin [None req-be045338-c39d-42cd-95a0-c784a398d2a5 7f492b118da1423a911f01ea81f114b5 ee3d04dc951f4544baf7ca87bc27ebc5 - - default default] Tap Mirror: Handle Delete Port: 7b57d25f-a730-439c-9461-68cdf929a4ad
2026-02-26 04:07:43.985 7 INFO neutron.services.segments.plugin [-] Segment 3d73e24f-0fce-44b4-8efd-5f784aef3ebe resource provider aggregate not found
2026-02-26 04:07:43.989 7 INFO neutron.services.segments.plugin [-] Segment 3d73e24f-0fce-44b4-8efd-5f784aef3ebe resource provider aggregate not found
2026-02-26 04:07:44.009 7 INFO neutron.services.segments.plugin [-] Segment 3d73e24f-0fce-44b4-8efd-5f784aef3ebe resource provider not found; error: Placement Client Error (4xx): {"errors": [{"status": 404, "title": "Not Found", "detail": "The resource could not be found.\n\n No resource provider with uuid 3d73e24f-0fce-44b4-8efd-5f784aef3ebe found for delete ", "request_id": "req-5c5563ff-f53d-47e1-949a-319658f256fc"}]}
2026-02-26 04:07:44.017 7 INFO neutron.services.segments.plugin [-] Segment 3d73e24f-0fce-44b4-8efd-5f784aef3ebe resource provider not found; error: Placement Client Error (4xx): {"errors": [{"status": 404, "title": "Not Found", "detail": "The resource could not be found.\n\n No resource provider with uuid 3d73e24f-0fce-44b4-8efd-5f784aef3ebe found for delete ", "request_id": "req-c9301532-21b3-4034-9077-f2ab5a09ed36"}]}
2026-02-26 04:07:44.034 7 INFO neutron.services.segments.plugin [-] Segment 13c1ac7e-2ddd-473c-8d17-412b840c68ca resource provider aggregate not found
2026-02-26 04:07:44.041 7 INFO neutron.services.segments.plugin [-] Segment 13c1ac7e-2ddd-473c-8d17-412b840c68ca resource provider aggregate not found
2026-02-26 04:07:44.053 7 INFO neutron.services.segments.plugin [-] Segment 13c1ac7e-2ddd-473c-8d17-412b840c68ca resource provider not found; error: Placement Client Error (4xx): {"errors": [{"status": 404, "title": "Not Found", "detail": "The resource could not be found.\n\n No resource provider with uuid 13c1ac7e-2ddd-473c-8d17-412b840c68ca found for delete ", "request_id": "req-c357111d-883c-40f8-a637-00811105c146"}]}
2026-02-26 04:07:44.063 7 INFO neutron.services.segments.plugin [-] Segment 13c1ac7e-2ddd-473c-8d17-412b840c68ca resource provider not found; error: Placement Client Error (4xx): {"errors": [{"status": 404, "title": "Not Found", "detail": "The resource could not be found.\n\n No resource provider with uuid 13c1ac7e-2ddd-473c-8d17-412b840c68ca found for delete ", "request_id": "req-7b837570-9f10-46a4-9bf2-ef8250e5ad6e"}]}
2026-02-26 04:07:44.063 8 WARNING neutron.scheduler.dhcp_agent_scheduler [None req-89a167ad-7309-4dc3-8035-a3a96cfe3599 5c661a01b80c40678d913a052c072015 a9e9e9d9ca1a4831b62cfb1d9d687a58 - - default default] No more DHCP agents
2026-02-26 04:07:44.065 8 WARNING neutron.api.rpc.agentnotifiers.dhcp_rpc_agent_api [None req-89a167ad-7309-4dc3-8035-a3a96cfe3599 5c661a01b80c40678d913a052c072015 a9e9e9d9ca1a4831b62cfb1d9d687a58 - - default default] Unable to schedule network 93f77710-8811-49c8-8dfb-331a16ade144: no agents available; will retry on subsequent port and subnet creation events.
2026-02-26 04:07:44.137 8 INFO neutron.db.ovn_revision_numbers_db [None req-89a167ad-7309-4dc3-8035-a3a96cfe3599 5c661a01b80c40678d913a052c072015 a9e9e9d9ca1a4831b62cfb1d9d687a58 - - default default] Successfully bumped revision number for resource 97217e55-0ab0-4d3e-8a22-5ab964259ef5 (type: ports) to 1
2026-02-26 04:07:44.144 7 INFO neutron.plugins.ml2.drivers.ovn.mech_driver.mech_driver [None req-65d977ee-43b1-451a-9b7b-dc8558036687 - - - - - -] OVN reports status down for port: 97217e55-0ab0-4d3e-8a22-5ab964259ef5 [pid: 8|app: 0|req: 456/954] 10.0.0.18 () {34 vars in 669 bytes} [Thu Feb 26 04:07:43 2026] POST /v2.0/networks => generated 673 bytes in 461 msecs (HTTP/1.1 201) 4 headers in 162 bytes (1 switches on core 0) [pid: 8|app: 0|req: 457/955] 10.0.0.18 () {32 vars in 773 bytes} [Thu Feb 26 04:07:44 2026] GET /v2.0/security-groups?tenant_id=b1fdcf24b1314f438ce350be6edcc715&name=default => generated 2925 bytes in 38 msecs (HTTP/1.1 200) 4 headers in 158 bytes (1 switches on core 0) [pid: 7|app: 0|req: 499/956] 10.0.0.18 () {32 vars in 725 bytes} [Thu Feb 26 04:07:43 2026] DELETE /v2.0/networks/bb521dd5-10e5-433d-86c5-11196beb51cb => generated 0 bytes in 436 msecs (HTTP/1.1 204) 3 headers in 131 bytes (1 switches on core 0) [pid: 7|app: 0|req: 500/957] 10.0.0.18 () {32 vars in 739 bytes} [Thu Feb 26 04:07:44 2026] DELETE /v2.0/security-groups/a1cc7aa0-518e-4246-8362-9e584a0eed38 => generated 0 bytes in 273 msecs (HTTP/1.1 204) 2 headers in 112 bytes (1 switches on core 0)
2026-02-26 04:07:44.592 8 WARNING neutron.scheduler.dhcp_agent_scheduler [None req-26568b36-c74a-4fb4-a8b8-ef8386bd38f2 5c661a01b80c40678d913a052c072015 a9e9e9d9ca1a4831b62cfb1d9d687a58 - - default default] No more DHCP agents
2026-02-26 04:07:44.593 8 WARNING neutron.api.rpc.agentnotifiers.dhcp_rpc_agent_api [None req-26568b36-c74a-4fb4-a8b8-ef8386bd38f2 5c661a01b80c40678d913a052c072015 a9e9e9d9ca1a4831b62cfb1d9d687a58 - - default default] Unable to schedule network 55a504f1-b324-41d3-9415-ad23a5d92bcc: no agents available; will retry on subsequent port and subnet creation events.
2026-02-26 04:07:44.644 7 INFO neutron.plugins.ml2.drivers.ovn.mech_driver.mech_driver [None req-65d977ee-43b1-451a-9b7b-dc8558036687 - - - - - -] OVN reports status down for port: a5d77460-5ebc-4b37-9dca-8c6f3731421c
2026-02-26 04:07:44.684 8 INFO neutron.db.ovn_revision_numbers_db [None req-26568b36-c74a-4fb4-a8b8-ef8386bd38f2 5c661a01b80c40678d913a052c072015 a9e9e9d9ca1a4831b62cfb1d9d687a58 - - default default] Successfully bumped revision number for resource a5d77460-5ebc-4b37-9dca-8c6f3731421c (type: ports) to 1
2026-02-26 04:07:44.736 8 WARNING neutron.scheduler.dhcp_agent_scheduler [None req-26568b36-c74a-4fb4-a8b8-ef8386bd38f2 5c661a01b80c40678d913a052c072015 a9e9e9d9ca1a4831b62cfb1d9d687a58 - - default default] No more DHCP agents
2026-02-26 04:07:44.737 8 WARNING neutron.api.rpc.agentnotifiers.dhcp_rpc_agent_api [None req-26568b36-c74a-4fb4-a8b8-ef8386bd38f2 5c661a01b80c40678d913a052c072015 a9e9e9d9ca1a4831b62cfb1d9d687a58 - - default default] Unable to schedule network 93f77710-8811-49c8-8dfb-331a16ade144: no agents available; will retry on subsequent port and subnet creation events.
2026-02-26 04:07:44.796 7 INFO neutron.plugins.ml2.drivers.ovn.mech_driver.mech_driver [None req-65d977ee-43b1-451a-9b7b-dc8558036687 - - - - - -] OVN reports status down for port: b0971dea-2e0b-4679-8aaf-4bb608d807f9
2026-02-26 04:07:44.817 8 INFO neutron.db.ovn_revision_numbers_db [None req-26568b36-c74a-4fb4-a8b8-ef8386bd38f2 5c661a01b80c40678d913a052c072015 a9e9e9d9ca1a4831b62cfb1d9d687a58 - - default default] Successfully bumped revision number for resource b0971dea-2e0b-4679-8aaf-4bb608d807f9 (type: ports) to 1 [pid: 7|app: 0|req: 501/958] 10.0.0.18 () {32 vars in 773 bytes} [Thu Feb 26 04:07:44 2026] GET /v2.0/security-groups?tenant_id=ee3d04dc951f4544baf7ca87bc27ebc5&name=default => generated 2925 bytes in 149 msecs (HTTP/1.1 200) 4 headers in 158 bytes (1 switches on core 0) [pid: 8|app: 0|req: 458/959] 10.0.0.18 () {34 vars in 664 bytes} [Thu Feb 26 04:07:44 2026] POST /v2.0/ports => generated 1503 bytes in 706 msecs (HTTP/1.1 201) 4 headers in 163 bytes (1 switches on core 0) /var/lib/openstack/lib/python3.12/site-packages/pycadf/identifier.py:70: UserWarning: Invalid uuid: neutron. To ensure interoperability, identifiers should be a valid uuid. warnings.warn(('Invalid uuid: %s. To ensure interoperability, ' [pid: 8|app: 0|req: 459/960] 10.0.0.18 () {32 vars in 642 bytes} [Thu Feb 26 04:07:44 2026] GET /v2.0/ports => generated 3015 bytes in 81 msecs (HTTP/1.1 200) 4 headers in 158 bytes (1 switches on core 0) [pid: 7|app: 0|req: 502/961] 10.0.0.18 () {32 vars in 739 bytes} [Thu Feb 26 04:07:44 2026] DELETE /v2.0/security-groups/12bf8d84-4030-4441-adbb-8b52bf3499a2 => generated 0 bytes in 274 msecs (HTTP/1.1 204) 2 headers in 112 bytes (1 switches on core 0)
2026-02-26 04:07:45.181 8 INFO neutron_taas.services.taas.taas_plugin [None req-fb98f1f4-c073-409c-a9e5-d1830570ce19 5c661a01b80c40678d913a052c072015 a9e9e9d9ca1a4831b62cfb1d9d687a58 - - default default] TaaS: Handle Delete Port: a5d77460-5ebc-4b37-9dca-8c6f3731421c
2026-02-26 04:07:45.188 8 INFO neutron_taas.services.taas.tap_mirror_plugin [None req-fb98f1f4-c073-409c-a9e5-d1830570ce19 5c661a01b80c40678d913a052c072015 a9e9e9d9ca1a4831b62cfb1d9d687a58 - - default default] Tap Mirror: Handle Delete Port: a5d77460-5ebc-4b37-9dca-8c6f3731421c [pid: 8|app: 0|req: 460/962] 10.0.0.18 () {32 vars in 719 bytes} [Thu Feb 26 04:07:44 2026] DELETE /v2.0/ports/a5d77460-5ebc-4b37-9dca-8c6f3731421c => generated 0 bytes in 330 msecs (HTTP/1.1 204) 3 headers in 131 bytes (1 switches on core 0)
2026-02-26 04:07:45.502 7 INFO neutron_taas.services.taas.taas_plugin [None req-c3931f6f-7b1a-4e94-8283-be6a93575273 5c661a01b80c40678d913a052c072015 a9e9e9d9ca1a4831b62cfb1d9d687a58 - - default default] TaaS: Handle Delete Port: b0971dea-2e0b-4679-8aaf-4bb608d807f9
2026-02-26 04:07:45.507 7 INFO neutron_taas.services.taas.tap_mirror_plugin [None req-c3931f6f-7b1a-4e94-8283-be6a93575273 5c661a01b80c40678d913a052c072015 a9e9e9d9ca1a4831b62cfb1d9d687a58 - - default default] Tap Mirror: Handle Delete Port: b0971dea-2e0b-4679-8aaf-4bb608d807f9 [pid: 7|app: 0|req: 503/963] 10.0.0.18 () {32 vars in 719 bytes} [Thu Feb 26 04:07:45 2026] DELETE /v2.0/ports/b0971dea-2e0b-4679-8aaf-4bb608d807f9 => generated 0 bytes in 290 msecs (HTTP/1.1 204) 3 headers in 131 bytes (1 switches on core 0) [pid: 8|app: 0|req: 461/964] 10.0.0.18 () {32 vars in 642 bytes} [Thu Feb 26 04:07:45 2026] GET /v2.0/ports => generated 1523 bytes in 45 msecs (HTTP/1.1 200) 4 headers in 158 bytes (1 switches on core 0)
2026-02-26 04:07:45.766 7 INFO neutron.db.segments_db [None req-7f178091-3f71-4519-b4a8-67070310d879 5c661a01b80c40678d913a052c072015 a9e9e9d9ca1a4831b62cfb1d9d687a58 - - default default] Added segment f6d55d8e-01ea-4dbd-b725-9e418e6f4632 of type geneve for network e573a814-7ec8-4e48-8f2a-3d7c4fad4cf2
2026-02-26 04:07:45.888 7 INFO neutron.db.ovn_revision_numbers_db [None req-7f178091-3f71-4519-b4a8-67070310d879 5c661a01b80c40678d913a052c072015 a9e9e9d9ca1a4831b62cfb1d9d687a58 - - default default] Successfully bumped revision number for resource e573a814-7ec8-4e48-8f2a-3d7c4fad4cf2 (type: networks) to 1
2026-02-26 04:07:46.031 7 WARNING neutron.scheduler.dhcp_agent_scheduler [None req-7f178091-3f71-4519-b4a8-67070310d879 5c661a01b80c40678d913a052c072015 a9e9e9d9ca1a4831b62cfb1d9d687a58 - - default default] No more DHCP agents
2026-02-26 04:07:46.033 7 WARNING neutron.api.rpc.agentnotifiers.dhcp_rpc_agent_api [None req-7f178091-3f71-4519-b4a8-67070310d879 5c661a01b80c40678d913a052c072015 a9e9e9d9ca1a4831b62cfb1d9d687a58 - - default default] Unable to schedule network e573a814-7ec8-4e48-8f2a-3d7c4fad4cf2: no agents available; will retry on subsequent port and subnet creation events.
2026-02-26 04:07:46.085 7 INFO neutron.services.segments.plugin [-] Segment 85ff242c-a2c9-467c-b895-d30bfffd0bf6 resource provider aggregate not found
2026-02-26 04:07:46.092 7 INFO neutron.services.segments.plugin [-] Segment 85ff242c-a2c9-467c-b895-d30bfffd0bf6 resource provider aggregate not found
2026-02-26 04:07:46.094 8 INFO neutron.plugins.ml2.drivers.ovn.mech_driver.mech_driver [None req-a76b66fa-17ba-4408-8f2f-2f3123af93a1 - - - - - -] OVN reports status down for port: 00839c26-e6f1-417f-8d60-7a11a8792ef7
2026-02-26 04:07:46.105 7 INFO neutron.services.segments.plugin [-] Segment 85ff242c-a2c9-467c-b895-d30bfffd0bf6 resource provider not found; error: Placement Client Error (4xx): {"errors": [{"status": 404, "title": "Not Found", "detail": "The resource could not be found.\n\n No resource provider with uuid 85ff242c-a2c9-467c-b895-d30bfffd0bf6 found for delete ", "request_id": "req-49516dd7-2722-421f-aee4-95204e3bae91"}]}
2026-02-26 04:07:46.106 7 INFO neutron.services.segments.plugin [-] Segment 85ff242c-a2c9-467c-b895-d30bfffd0bf6 resource provider not found; error: Placement Client Error (4xx): {"errors": [{"status": 404, "title": "Not Found", "detail": "The resource could not be found.\n\n No resource provider with uuid 85ff242c-a2c9-467c-b895-d30bfffd0bf6 found for delete ", "request_id": "req-0f4119c6-31eb-40f6-b8bd-337ef397de43"}]}
2026-02-26 04:07:46.130 7 INFO neutron.db.ovn_revision_numbers_db [None req-7f178091-3f71-4519-b4a8-67070310d879 5c661a01b80c40678d913a052c072015 a9e9e9d9ca1a4831b62cfb1d9d687a58 - - default default] Successfully bumped revision number for resource 00839c26-e6f1-417f-8d60-7a11a8792ef7 (type: ports) to 1 [pid: 7|app: 0|req: 504/965] 10.0.0.18 () {34 vars in 669 bytes} [Thu Feb 26 04:07:45 2026] POST /v2.0/networks => generated 672 bytes in 470 msecs (HTTP/1.1 201) 4 headers in 162 bytes (1 switches on core 0)
2026-02-26 04:07:46.245 7 INFO neutron.db.segments_db [None req-a013c6e9-99ba-49af-a049-5177cfa8cf21 5c661a01b80c40678d913a052c072015 a9e9e9d9ca1a4831b62cfb1d9d687a58 - - default default] Added segment 99c4a952-75b5-40d5-8833-f9ea9df04af4 of type geneve for network 8706f70b-df8a-4dab-b34c-82cb145c039e
2026-02-26 04:07:46.361 7 INFO neutron.db.ovn_revision_numbers_db [None req-a013c6e9-99ba-49af-a049-5177cfa8cf21 5c661a01b80c40678d913a052c072015 a9e9e9d9ca1a4831b62cfb1d9d687a58 - - default default] Successfully bumped revision number for resource 8706f70b-df8a-4dab-b34c-82cb145c039e (type: networks) to 1
2026-02-26 04:07:46.509 8 INFO neutron.db.ovn_revision_numbers_db [None req-e180ab82-6d8f-4952-8917-d574c0372b8a 2644739ac5e14290a2214a11be3bbcfa 7601539739e34243a6ddb9b29540082e - - default default] Successfully bumped revision number for resource dddefa37-a1e2-4f95-b8fa-cbbbbe5a5537 (type: security_groups) to 1
2026-02-26 04:07:46.549 8 INFO neutron.db.ovn_revision_numbers_db [None req-e180ab82-6d8f-4952-8917-d574c0372b8a 2644739ac5e14290a2214a11be3bbcfa 7601539739e34243a6ddb9b29540082e - - default default] Successfully bumped revision number for resource 01851a08-5fd1-4716-a330-888492eef9cf (type: security_group_rules) to 0
2026-02-26 04:07:46.565 8 INFO neutron.db.ovn_revision_numbers_db [None req-e180ab82-6d8f-4952-8917-d574c0372b8a 2644739ac5e14290a2214a11be3bbcfa 7601539739e34243a6ddb9b29540082e - - default default] Successfully bumped revision number for resource 7f3cefd8-3136-48c3-902d-dbf342782023 (type: security_group_rules) to 0
2026-02-26 04:07:46.570 7 WARNING neutron.scheduler.dhcp_agent_scheduler [None req-a013c6e9-99ba-49af-a049-5177cfa8cf21 5c661a01b80c40678d913a052c072015 a9e9e9d9ca1a4831b62cfb1d9d687a58 - - default default] No more DHCP agents
2026-02-26 04:07:46.571 7 WARNING neutron.api.rpc.agentnotifiers.dhcp_rpc_agent_api [None req-a013c6e9-99ba-49af-a049-5177cfa8cf21 5c661a01b80c40678d913a052c072015 a9e9e9d9ca1a4831b62cfb1d9d687a58 - - default default] Unable to schedule network 8706f70b-df8a-4dab-b34c-82cb145c039e: no agents available; will retry on subsequent port and subnet creation events.
2026-02-26 04:07:46.580 8 INFO neutron.db.ovn_revision_numbers_db [None req-e180ab82-6d8f-4952-8917-d574c0372b8a 2644739ac5e14290a2214a11be3bbcfa 7601539739e34243a6ddb9b29540082e - - default default] Successfully bumped revision number for resource b05b85dc-f075-45a9-b03e-159c9e467944 (type: security_group_rules) to 0
2026-02-26 04:07:46.594 8 INFO neutron.db.ovn_revision_numbers_db [None req-e180ab82-6d8f-4952-8917-d574c0372b8a 2644739ac5e14290a2214a11be3bbcfa 7601539739e34243a6ddb9b29540082e - - default default] Successfully bumped revision number for resource fe83e456-64f6-4746-8af4-e60523bb9b61 (type: security_group_rules) to 0
2026-02-26 04:07:46.625 7 INFO neutron.plugins.ml2.drivers.ovn.mech_driver.mech_driver [None req-65d977ee-43b1-451a-9b7b-dc8558036687 - - - - - -] OVN reports status down for port: d6cd5893-e05b-489e-a377-0ef211ec6b69
2026-02-26 04:07:46.685 8 INFO neutron.db.segments_db [None req-e180ab82-6d8f-4952-8917-d574c0372b8a 2644739ac5e14290a2214a11be3bbcfa 7601539739e34243a6ddb9b29540082e - - default default] Added segment 2ddbba98-cbff-437f-a7bd-8501e1373d6e of type geneve for network 8ea8d7ff-c8e9-4407-a74e-b31eb0bb5184
2026-02-26 04:07:46.706 7 INFO neutron.db.ovn_revision_numbers_db [None req-a013c6e9-99ba-49af-a049-5177cfa8cf21 5c661a01b80c40678d913a052c072015 a9e9e9d9ca1a4831b62cfb1d9d687a58 - - default default] Successfully bumped revision number for resource d6cd5893-e05b-489e-a377-0ef211ec6b69 (type: ports) to 1 [pid: 7|app: 0|req: 505/966] 10.0.0.18 () {34 vars in 669 bytes} [Thu Feb 26 04:07:46 2026] POST /v2.0/networks => generated 673 bytes in 586 msecs (HTTP/1.1 201) 4 headers in 162 bytes (1 switches on core 0)
2026-02-26 04:07:46.804 8 INFO neutron.db.ovn_revision_numbers_db [None req-e180ab82-6d8f-4952-8917-d574c0372b8a 2644739ac5e14290a2214a11be3bbcfa 7601539739e34243a6ddb9b29540082e - - default default] Successfully bumped revision number for resource 8ea8d7ff-c8e9-4407-a74e-b31eb0bb5184 (type: networks) to 1
2026-02-26 04:07:46.986 8 WARNING neutron.scheduler.dhcp_agent_scheduler [None req-e180ab82-6d8f-4952-8917-d574c0372b8a 2644739ac5e14290a2214a11be3bbcfa 7601539739e34243a6ddb9b29540082e - - default default] No more DHCP agents
2026-02-26 04:07:46.987 8 WARNING neutron.api.rpc.agentnotifiers.dhcp_rpc_agent_api [None req-e180ab82-6d8f-4952-8917-d574c0372b8a 2644739ac5e14290a2214a11be3bbcfa 7601539739e34243a6ddb9b29540082e - - default default] Unable to schedule network 8ea8d7ff-c8e9-4407-a74e-b31eb0bb5184: no agents available; will retry on subsequent port and subnet creation events.
2026-02-26 04:07:47.040 7 INFO neutron.db.ovn_revision_numbers_db [None req-87ff3126-a157-41f9-b31f-e4755c959b02 2644739ac5e14290a2214a11be3bbcfa 7601539739e34243a6ddb9b29540082e - - default default] Successfully bumped revision number for resource c6009d17-368b-4c73-90c7-3ba91b5682bf (type: security_groups) to 1
2026-02-26 04:07:47.043 7 INFO neutron.plugins.ml2.drivers.ovn.mech_driver.mech_driver [None req-65d977ee-43b1-451a-9b7b-dc8558036687 - - - - - -] OVN reports status down for port: ee1df9c1-989a-4719-bd1a-43a255b5e918
2026-02-26 04:07:47.066 7 INFO neutron.db.ovn_revision_numbers_db [None req-87ff3126-a157-41f9-b31f-e4755c959b02 2644739ac5e14290a2214a11be3bbcfa 7601539739e34243a6ddb9b29540082e - - default default] Successfully bumped revision number for resource 51df9c87-b78f-40c6-b0f4-9484b6427c68 (type: security_group_rules) to 0
2026-02-26 04:07:47.066 8 INFO neutron.db.ovn_revision_numbers_db [None req-e180ab82-6d8f-4952-8917-d574c0372b8a 2644739ac5e14290a2214a11be3bbcfa 7601539739e34243a6ddb9b29540082e - - default default] Successfully bumped revision number for resource ee1df9c1-989a-4719-bd1a-43a255b5e918 (type: ports) to 1 [pid: 8|app: 0|req: 462/967] 10.0.0.18 () {34 vars in 670 bytes} [Thu Feb 26 04:07:46 2026] POST /v2.0/networks => generated 767 bytes in 930 msecs (HTTP/1.1 201) 4 headers in 162 bytes (1 switches on core 0)
2026-02-26 04:07:47.095 7 INFO neutron.db.ovn_revision_numbers_db [None req-87ff3126-a157-41f9-b31f-e4755c959b02 2644739ac5e14290a2214a11be3bbcfa 7601539739e34243a6ddb9b29540082e - - default default] Successfully bumped revision number for resource 5d0b506f-8fba-454a-b98a-7c408260548f (type: security_group_rules) to 0
2026-02-26 04:07:47.113 7 INFO neutron.db.ovn_revision_numbers_db [None req-87ff3126-a157-41f9-b31f-e4755c959b02 2644739ac5e14290a2214a11be3bbcfa 7601539739e34243a6ddb9b29540082e - - default default] Successfully bumped revision number for resource cfc3ac4c-2fea-4eaa-a1e9-5c48d2360761 (type: security_group_rules) to 0
2026-02-26 04:07:47.138 7 INFO neutron.db.ovn_revision_numbers_db [None req-87ff3126-a157-41f9-b31f-e4755c959b02 2644739ac5e14290a2214a11be3bbcfa 7601539739e34243a6ddb9b29540082e - - default default] Successfully bumped revision number for resource f01c1d31-418e-4268-afcd-f1cf0ae255ba (type: security_group_rules) to 0 [pid: 7|app: 0|req: 506/968] 10.0.0.18 () {32 vars in 773 bytes} [Thu Feb 26 04:07:46 2026] GET /v2.0/security-groups?tenant_id=45ccd1f1aec94c469f90f7cd8a77c4d4&name=default => generated 2925 bytes in 426 msecs (HTTP/1.1 200) 4 headers in 158 bytes (1 switches on core 0)
2026-02-26 04:07:47.274 8 INFO neutron.db.ovn_revision_numbers_db [None req-fba38ff1-07eb-4b90-88e9-51829e90aeb5 63378d9c955d421bbda2e643f5066b2d bb65560696934a79ae85502c6867cff9 - - default default] Successfully bumped revision number for resource 5fbcd51c-7879-45c4-96df-4d72edca7110 (type: security_groups) to 1
2026-02-26 04:07:47.287 8 INFO neutron.db.ovn_revision_numbers_db [None req-fba38ff1-07eb-4b90-88e9-51829e90aeb5 63378d9c955d421bbda2e643f5066b2d bb65560696934a79ae85502c6867cff9 - - default default] Successfully bumped revision number for resource 0981e07a-202f-4921-bb15-d39f5e08cea8 (type: security_group_rules) to 0
2026-02-26 04:07:47.300 8 INFO neutron.db.ovn_revision_numbers_db [None req-fba38ff1-07eb-4b90-88e9-51829e90aeb5 63378d9c955d421bbda2e643f5066b2d bb65560696934a79ae85502c6867cff9 - - default default] Successfully bumped revision number for resource 4c325ed5-9c1f-4d75-bc3e-0a5a19a01e6b (type: security_group_rules) to 0
2026-02-26 04:07:47.313 8 INFO neutron.db.ovn_revision_numbers_db [None req-fba38ff1-07eb-4b90-88e9-51829e90aeb5 63378d9c955d421bbda2e643f5066b2d bb65560696934a79ae85502c6867cff9 - - default default] Successfully bumped revision number for resource 5d6b91d7-a4dd-4d6f-b455-0d7e467374c3 (type: security_group_rules) to 0
2026-02-26 04:07:47.323 7 WARNING neutron.scheduler.dhcp_agent_scheduler [None req-5c2306c6-45fb-4852-985b-883b173b8e10 2644739ac5e14290a2214a11be3bbcfa 7601539739e34243a6ddb9b29540082e - - default default] No more DHCP agents
2026-02-26 04:07:47.324 7 WARNING neutron.api.rpc.agentnotifiers.dhcp_rpc_agent_api [None req-5c2306c6-45fb-4852-985b-883b173b8e10 2644739ac5e14290a2214a11be3bbcfa 7601539739e34243a6ddb9b29540082e - - default default] Unable to schedule network 8ea8d7ff-c8e9-4407-a74e-b31eb0bb5184: no agents available; will retry on subsequent port and subnet creation events.
2026-02-26 04:07:47.325 8 INFO neutron.db.ovn_revision_numbers_db [None req-fba38ff1-07eb-4b90-88e9-51829e90aeb5 63378d9c955d421bbda2e643f5066b2d bb65560696934a79ae85502c6867cff9 - - default default] Successfully bumped revision number for resource c8676d24-a19a-485f-9334-d97ac162ef12 (type: security_group_rules) to 0
2026-02-26 04:07:47.403 8 INFO neutron.db.segments_db [None req-fba38ff1-07eb-4b90-88e9-51829e90aeb5 63378d9c955d421bbda2e643f5066b2d bb65560696934a79ae85502c6867cff9 - - default default] Added segment 01b14bf8-6a79-4430-a32b-13093115e8df of type geneve for network 114c0c12-6143-40ec-94a6-8a89bbb6480e
2026-02-26 04:07:47.520 8 INFO neutron.db.ovn_revision_numbers_db [None req-fba38ff1-07eb-4b90-88e9-51829e90aeb5 63378d9c955d421bbda2e643f5066b2d bb65560696934a79ae85502c6867cff9 - - default default] Successfully bumped revision number for resource 114c0c12-6143-40ec-94a6-8a89bbb6480e (type: networks) to 1
2026-02-26 04:07:47.672 8 WARNING neutron.scheduler.dhcp_agent_scheduler [None req-fba38ff1-07eb-4b90-88e9-51829e90aeb5 63378d9c955d421bbda2e643f5066b2d bb65560696934a79ae85502c6867cff9 - - default default] No more DHCP agents
2026-02-26 04:07:47.674 8 WARNING neutron.api.rpc.agentnotifiers.dhcp_rpc_agent_api [None req-fba38ff1-07eb-4b90-88e9-51829e90aeb5 63378d9c955d421bbda2e643f5066b2d bb65560696934a79ae85502c6867cff9 - - default default] Unable to schedule network 114c0c12-6143-40ec-94a6-8a89bbb6480e: no agents available; will retry on subsequent port and subnet creation events.
2026-02-26 04:07:47.746 8 INFO neutron.db.ovn_revision_numbers_db [None req-fba38ff1-07eb-4b90-88e9-51829e90aeb5 63378d9c955d421bbda2e643f5066b2d bb65560696934a79ae85502c6867cff9 - - default default] Successfully bumped revision number for resource c700cd90-342c-4576-9e3a-013648c58c25 (type: ports) to 1
2026-02-26 04:07:47.749 7 INFO neutron.plugins.ml2.drivers.ovn.mech_driver.mech_driver [None req-65d977ee-43b1-451a-9b7b-dc8558036687 - - - - - -] OVN reports status down for port: c700cd90-342c-4576-9e3a-013648c58c25 [pid: 8|app: 0|req: 463/969] 10.0.0.18 () {34 vars in 669 bytes} [Thu Feb 26 04:07:47 2026] POST /v2.0/networks => generated 663 bytes in 682 msecs (HTTP/1.1 201) 4 headers in 162 bytes (1 switches on core 0)
2026-02-26 04:07:47.863 7 INFO neutron.db.ovn_revision_numbers_db [None req-2974d8e7-ed56-483a-bff6-163dac3e3606 - - - - - -] Successfully bumped revision number for resource ee1df9c1-989a-4719-bd1a-43a255b5e918 (type: ports) to 2
2026-02-26 04:07:47.908 7 INFO neutron.db.ovn_revision_numbers_db [None req-2974d8e7-ed56-483a-bff6-163dac3e3606 - - - - - -] Successfully bumped revision number for resource 9b391558-341b-45fd-8a73-b411acb9f409 (type: subnets) to 0 [pid: 7|app: 0|req: 507/970] 10.0.0.18 () {34 vars in 668 bytes} [Thu Feb 26 04:07:47 2026] POST /v2.0/subnets => generated 692 bytes in 748 msecs (HTTP/1.1 201) 4 headers in 162 bytes (1 switches on core 0) [pid: 8|app: 0|req: 464/971] 10.0.0.18 () {32 vars in 739 bytes} [Thu Feb 26 04:07:47 2026] DELETE /v2.0/security-groups/c6009d17-368b-4c73-90c7-3ba91b5682bf => generated 0 bytes in 203 msecs (HTTP/1.1 204) 2 headers in 112 bytes (1 switches on core 0)
2026-02-26 04:07:48.151 8 WARNING neutron.scheduler.dhcp_agent_scheduler [None req-b87d9393-5f9e-4f3e-aeb1-172d41f0da03 63378d9c955d421bbda2e643f5066b2d bb65560696934a79ae85502c6867cff9 - - default default] No more DHCP agents
2026-02-26 04:07:48.152 8 WARNING neutron.api.rpc.agentnotifiers.dhcp_rpc_agent_api [None req-b87d9393-5f9e-4f3e-aeb1-172d41f0da03 63378d9c955d421bbda2e643f5066b2d bb65560696934a79ae85502c6867cff9 - - default default] Unable to schedule network 114c0c12-6143-40ec-94a6-8a89bbb6480e: no agents available; will retry on subsequent port and subnet creation events.
2026-02-26 04:07:48.236 7 WARNING neutron.scheduler.dhcp_agent_scheduler [None req-ac78cb05-53a5-4f86-a390-514ed5faf34a 5c661a01b80c40678d913a052c072015 a9e9e9d9ca1a4831b62cfb1d9d687a58 - - default default] No more DHCP agents
2026-02-26 04:07:48.237 7 WARNING neutron.api.rpc.agentnotifiers.dhcp_rpc_agent_api [None req-ac78cb05-53a5-4f86-a390-514ed5faf34a 5c661a01b80c40678d913a052c072015 a9e9e9d9ca1a4831b62cfb1d9d687a58 - - default default] Unable to schedule network e573a814-7ec8-4e48-8f2a-3d7c4fad4cf2: no agents available; will retry on subsequent port and subnet creation events.
