2026-02-26 04:07:48.268 7 INFO neutron.db.ovn_revision_numbers_db [None req-ac78cb05-53a5-4f86-a390-514ed5faf34a 5c661a01b80c40678d913a052c072015 a9e9e9d9ca1a4831b62cfb1d9d687a58 - - default default] Successfully bumped revision number for resource 63f015e2-ec48-4849-98e4-6af31b4fd7f3 (type: subnets) to 0
2026-02-26 04:07:48.292 7 WARNING neutron.scheduler.dhcp_agent_scheduler [None req-ac78cb05-53a5-4f86-a390-514ed5faf34a 5c661a01b80c40678d913a052c072015 a9e9e9d9ca1a4831b62cfb1d9d687a58 - - default default] No more DHCP agents
2026-02-26 04:07:48.293 7 WARNING neutron.api.rpc.agentnotifiers.dhcp_rpc_agent_api [None req-ac78cb05-53a5-4f86-a390-514ed5faf34a 5c661a01b80c40678d913a052c072015 a9e9e9d9ca1a4831b62cfb1d9d687a58 - - default default] Unable to schedule network 8706f70b-df8a-4dab-b34c-82cb145c039e: no agents available; will retry on subsequent port and subnet creation events.
2026-02-26 04:07:48.324 7 INFO neutron.db.ovn_revision_numbers_db [None req-ac78cb05-53a5-4f86-a390-514ed5faf34a 5c661a01b80c40678d913a052c072015 a9e9e9d9ca1a4831b62cfb1d9d687a58 - - default default] Successfully bumped revision number for resource b326befb-6565-487a-be5a-18c3f54ad3da (type: subnets) to 0 [pid: 7|app: 0|req: 508/972] 10.0.0.18 () {34 vars in 668 bytes} [Thu Feb 26 04:07:47 2026] POST /v2.0/subnets => generated 1323 bytes in 417 msecs (HTTP/1.1 201) 4 headers in 163 bytes (1 switches on core 0)
2026-02-26 04:07:48.528 8 INFO neutron.db.ovn_revision_numbers_db [None req-75e41039-e22e-462f-85de-8a538f3fb778 - - - - - -] Successfully bumped revision number for resource c700cd90-342c-4576-9e3a-013648c58c25 (type: ports) to 2
2026-02-26 04:07:48.563 8 INFO neutron.db.ovn_revision_numbers_db [None req-75e41039-e22e-462f-85de-8a538f3fb778 - - - - - -] Successfully bumped revision number for resource eca839aa-3862-4f28-ad9c-b2706e3d97ea (type: subnets) to 0 [pid: 8|app: 0|req: 465/973] 10.0.0.18 () {34 vars in 668 bytes} [Thu Feb 26 04:07:47 2026] POST /v2.0/subnets => generated 641 bytes in 612 msecs (HTTP/1.1 201) 4 headers in 162 bytes (1 switches on core 0)
2026-02-26 04:07:48.718 8 INFO neutron.db.ovn_revision_numbers_db [None req-57dbb601-e4d2-455e-8b2f-232cd21ef2f2 2644739ac5e14290a2214a11be3bbcfa 7601539739e34243a6ddb9b29540082e - - default default] Successfully bumped revision number for resource bed6a8fc-d489-4b3f-80e8-1e9ff3df2703 (type: security_groups) to 1
2026-02-26 04:07:48.729 8 INFO neutron.db.ovn_revision_numbers_db [None req-57dbb601-e4d2-455e-8b2f-232cd21ef2f2 2644739ac5e14290a2214a11be3bbcfa 7601539739e34243a6ddb9b29540082e - - default default] Successfully bumped revision number for resource 5e7e81d6-1647-4aff-97cf-c3ebeb07b3e2 (type: security_group_rules) to 0
2026-02-26 04:07:48.741 8 INFO neutron.db.ovn_revision_numbers_db [None req-57dbb601-e4d2-455e-8b2f-232cd21ef2f2 2644739ac5e14290a2214a11be3bbcfa 7601539739e34243a6ddb9b29540082e - - default default] Successfully bumped revision number for resource 90e5ec91-6c61-4007-bf44-8476bee00a18 (type: security_group_rules) to 0
2026-02-26 04:07:48.753 8 INFO neutron.db.ovn_revision_numbers_db [None req-57dbb601-e4d2-455e-8b2f-232cd21ef2f2 2644739ac5e14290a2214a11be3bbcfa 7601539739e34243a6ddb9b29540082e - - default default] Successfully bumped revision number for resource 96b89432-7571-438b-b62f-863db77f94ea (type: security_group_rules) to 0
2026-02-26 04:07:48.764 8 INFO neutron.db.ovn_revision_numbers_db [None req-57dbb601-e4d2-455e-8b2f-232cd21ef2f2 2644739ac5e14290a2214a11be3bbcfa 7601539739e34243a6ddb9b29540082e - - default default] Successfully bumped revision number for resource cc0ae2cc-07e6-409a-a6d8-3cd1ce91b276 (type: security_group_rules) to 0
2026-02-26 04:07:48.789 7 WARNING neutron.scheduler.dhcp_agent_scheduler [None req-2952080c-f239-41f4-821f-d29135cb6341 2644739ac5e14290a2214a11be3bbcfa 7601539739e34243a6ddb9b29540082e - - default default] No more DHCP agents
2026-02-26 04:07:48.791 7 WARNING neutron.api.rpc.agentnotifiers.dhcp_rpc_agent_api [None req-2952080c-f239-41f4-821f-d29135cb6341 2644739ac5e14290a2214a11be3bbcfa 7601539739e34243a6ddb9b29540082e - - default default] Unable to schedule network 70d93cc0-a20f-4890-8095-6e70eb1a39d1: no agents available; will retry on subsequent port and subnet creation events. [pid: 8|app: 0|req: 466/974] 10.0.0.18 () {32 vars in 773 bytes} [Thu Feb 26 04:07:48 2026] GET /v2.0/security-groups?tenant_id=b41e8f75a0f64c6a81f593dfeb461275&name=default => generated 2925 bytes in 216 msecs (HTTP/1.1 200) 4 headers in 158 bytes (1 switches on core 0) [pid: 8|app: 0|req: 467/975] 10.0.0.18 () {32 vars in 646 bytes} [Thu Feb 26 04:07:48 2026] GET /v2.0/subnets => generated 1959 bytes in 31 msecs (HTTP/1.1 200) 4 headers in 158 bytes (1 switches on core 0)
2026-02-26 04:07:48.896 8 INFO neutron.plugins.ml2.drivers.ovn.mech_driver.mech_driver [None req-a76b66fa-17ba-4408-8f2f-2f3123af93a1 - - - - - -] OVN reports status down for port: 2966b9ad-8e6e-482d-93f2-31c76c10e4ca
2026-02-26 04:07:48.908 8 INFO neutron.db.segments_db [None req-7bcebdff-bad4-4d2c-aa14-c68fcde599f1 63378d9c955d421bbda2e643f5066b2d bb65560696934a79ae85502c6867cff9 - - default default] Added segment 5a3b1ade-b9c5-4d8e-899a-fa346b8cb091 of type geneve for network a01cac06-cb9a-49ec-ac65-04e618d180a9
2026-02-26 04:07:48.916 7 INFO neutron.db.ovn_revision_numbers_db [None req-2952080c-f239-41f4-821f-d29135cb6341 2644739ac5e14290a2214a11be3bbcfa 7601539739e34243a6ddb9b29540082e - - default default] Successfully bumped revision number for resource 2966b9ad-8e6e-482d-93f2-31c76c10e4ca (type: ports) to 1
2026-02-26 04:07:49.026 8 INFO neutron.db.ovn_revision_numbers_db [None req-7bcebdff-bad4-4d2c-aa14-c68fcde599f1 63378d9c955d421bbda2e643f5066b2d bb65560696934a79ae85502c6867cff9 - - default default] Successfully bumped revision number for resource a01cac06-cb9a-49ec-ac65-04e618d180a9 (type: networks) to 1
2026-02-26 04:07:49.176 8 WARNING neutron.scheduler.dhcp_agent_scheduler [None req-7bcebdff-bad4-4d2c-aa14-c68fcde599f1 63378d9c955d421bbda2e643f5066b2d bb65560696934a79ae85502c6867cff9 - - default default] No more DHCP agents
2026-02-26 04:07:49.177 8 WARNING neutron.api.rpc.agentnotifiers.dhcp_rpc_agent_api [None req-7bcebdff-bad4-4d2c-aa14-c68fcde599f1 63378d9c955d421bbda2e643f5066b2d bb65560696934a79ae85502c6867cff9 - - default default] Unable to schedule network a01cac06-cb9a-49ec-ac65-04e618d180a9: no agents available; will retry on subsequent port and subnet creation events.
2026-02-26 04:07:49.250 8 INFO neutron.db.ovn_revision_numbers_db [None req-7bcebdff-bad4-4d2c-aa14-c68fcde599f1 63378d9c955d421bbda2e643f5066b2d bb65560696934a79ae85502c6867cff9 - - default default] Successfully bumped revision number for resource 3254cdcf-bbc5-4bd5-be4e-cd8ddcc51dda (type: ports) to 1
2026-02-26 04:07:49.251 7 INFO neutron.plugins.ml2.drivers.ovn.mech_driver.mech_driver [None req-65d977ee-43b1-451a-9b7b-dc8558036687 - - - - - -] OVN reports status down for port: 3254cdcf-bbc5-4bd5-be4e-cd8ddcc51dda [pid: 8|app: 0|req: 468/976] 10.0.0.18 () {34 vars in 669 bytes} [Thu Feb 26 04:07:48 2026] POST /v2.0/networks => generated 663 bytes in 438 msecs (HTTP/1.1 201) 4 headers in 162 bytes (1 switches on core 0) [pid: 8|app: 0|req: 469/977] 10.0.0.18 () {32 vars in 739 bytes} [Thu Feb 26 04:07:49 2026] DELETE /v2.0/security-groups/bed6a8fc-d489-4b3f-80e8-1e9ff3df2703 => generated 0 bytes in 210 msecs (HTTP/1.1 204) 2 headers in 112 bytes (1 switches on core 0)
2026-02-26 04:07:49.578 7 INFO neutron.plugins.ml2.drivers.ovn.mech_driver.ovsdb.commands [None req-3ae06e62-ba73-410e-b044-035f3a0d304e - - - - - -] Schedule LRP lrp-2966b9ad-8e6e-482d-93f2-31c76c10e4ca on gateway f419b6d8-3bf0-4bc0-9d00-30616f6973ae with priority 1
2026-02-26 04:07:49.649 7 INFO neutron.plugins.ml2.drivers.ovn.mech_driver.ovsdb.ovsdb_monitor [None req-a7ddf561-99c4-4b2a-82c9-7733c2c191a6 - - - - - -] Router a1ba973d-52f5-460d-a45e-b9a6a68a400f is bound to host instance
2026-02-26 04:07:49.658 8 INFO neutron.plugins.ml2.drivers.ovn.mech_driver.mech_driver [None req-a76b66fa-17ba-4408-8f2f-2f3123af93a1 - - - - - -] OVN reports status up for port: 2966b9ad-8e6e-482d-93f2-31c76c10e4ca
2026-02-26 04:07:49.678 8 INFO neutron.plugins.ml2.plugin [None req-a76b66fa-17ba-4408-8f2f-2f3123af93a1 - - - - - -] Attempt 1 to provision port 2966b9ad-8e6e-482d-93f2-31c76c10e4ca [pid: 8|app: 0|req: 470/978] 10.0.0.18 () {32 vars in 723 bytes} [Thu Feb 26 04:07:49 2026] DELETE /v2.0/subnets/63f015e2-ec48-4849-98e4-6af31b4fd7f3 => generated 0 bytes in 221 msecs (HTTP/1.1 204) 3 headers in 131 bytes (1 switches on core 0)
2026-02-26 04:07:49.726 7 INFO neutron.db.ovn_revision_numbers_db [None req-2952080c-f239-41f4-821f-d29135cb6341 2644739ac5e14290a2214a11be3bbcfa 7601539739e34243a6ddb9b29540082e - - default default] Successfully bumped revision number for resource 2966b9ad-8e6e-482d-93f2-31c76c10e4ca (type: router_ports) to 1
2026-02-26 04:07:49.867 8 INFO neutron.db.ovn_revision_numbers_db [None req-1860e26d-4c9e-4433-b69b-56a8417513b4 63378d9c955d421bbda2e643f5066b2d bb65560696934a79ae85502c6867cff9 - - default default] Successfully bumped revision number for resource a01cac06-cb9a-49ec-ac65-04e618d180a9 (type: networks) to 2 [pid: 8|app: 0|req: 471/979] 10.0.0.18 () {34 vars in 742 bytes} [Thu Feb 26 04:07:49 2026] PUT /v2.0/networks/a01cac06-cb9a-49ec-ac65-04e618d180a9 => generated 636 bytes in 170 msecs (HTTP/1.1 200) 4 headers in 157 bytes (1 switches on core 0)
2026-02-26 04:07:49.879 7 INFO neutron.db.ovn_revision_numbers_db [None req-2952080c-f239-41f4-821f-d29135cb6341 2644739ac5e14290a2214a11be3bbcfa 7601539739e34243a6ddb9b29540082e - - default default] Successfully bumped revision number for resource a1ba973d-52f5-460d-a45e-b9a6a68a400f (type: routers) to 2 [pid: 7|app: 0|req: 509/980] 10.0.0.18 () {34 vars in 668 bytes} [Thu Feb 26 04:07:48 2026] POST /v2.0/routers => generated 970 bytes in 1569 msecs (HTTP/1.1 201) 4 headers in 162 bytes (1 switches on core 0) [pid: 8|app: 0|req: 472/981] 10.0.0.18 () {32 vars in 723 bytes} [Thu Feb 26 04:07:49 2026] DELETE /v2.0/subnets/b326befb-6565-487a-be5a-18c3f54ad3da => generated 0 bytes in 134 msecs (HTTP/1.1 204) 3 headers in 131 bytes (1 switches on core 0)
2026-02-26 04:07:50.264 7 WARNING neutron.scheduler.dhcp_agent_scheduler [None req-8cc44b4e-dcae-4da3-87e3-5d7f0227ab39 63378d9c955d421bbda2e643f5066b2d bb65560696934a79ae85502c6867cff9 - - default default] No more DHCP agents
2026-02-26 04:07:50.267 7 WARNING neutron.api.rpc.agentnotifiers.dhcp_rpc_agent_api [None req-8cc44b4e-dcae-4da3-87e3-5d7f0227ab39 63378d9c955d421bbda2e643f5066b2d bb65560696934a79ae85502c6867cff9 - - default default] Unable to schedule network a01cac06-cb9a-49ec-ac65-04e618d180a9: no agents available; will retry on subsequent port and subnet creation events.
2026-02-26 04:07:50.420 8 WARNING neutron.scheduler.dhcp_agent_scheduler [None req-b678846a-9593-4d81-9f68-07ca7d73c08a 2644739ac5e14290a2214a11be3bbcfa 7601539739e34243a6ddb9b29540082e - - default default] No more DHCP agents
2026-02-26 04:07:50.422 8 WARNING neutron.api.rpc.agentnotifiers.dhcp_rpc_agent_api [None req-b678846a-9593-4d81-9f68-07ca7d73c08a 2644739ac5e14290a2214a11be3bbcfa 7601539739e34243a6ddb9b29540082e - - default default] Unable to schedule network 8ea8d7ff-c8e9-4407-a74e-b31eb0bb5184: no agents available; will retry on subsequent port and subnet creation events.
2026-02-26 04:07:50.631 7 INFO neutron.plugins.ml2.drivers.ovn.mech_driver.mech_driver [None req-65d977ee-43b1-451a-9b7b-dc8558036687 - - - - - -] OVN reports status down for port: 6b1a9674-399a-4933-af3b-ae49c359eea7
2026-02-26 04:07:50.647 8 INFO neutron.db.ovn_revision_numbers_db [None req-b678846a-9593-4d81-9f68-07ca7d73c08a 2644739ac5e14290a2214a11be3bbcfa 7601539739e34243a6ddb9b29540082e - - default default] Successfully bumped revision number for resource 6b1a9674-399a-4933-af3b-ae49c359eea7 (type: ports) to 1
2026-02-26 04:07:51.188 7 INFO neutron.plugins.ml2.drivers.ovn.mech_driver.mech_driver [None req-65d977ee-43b1-451a-9b7b-dc8558036687 - - - - - -] OVN reports status up for port: 6b1a9674-399a-4933-af3b-ae49c359eea7
2026-02-26 04:07:51.212 7 INFO neutron.plugins.ml2.plugin [None req-65d977ee-43b1-451a-9b7b-dc8558036687 - - - - - -] Attempt 1 to provision port 6b1a9674-399a-4933-af3b-ae49c359eea7
2026-02-26 04:07:51.253 8 WARNING neutron.scheduler.dhcp_agent_scheduler [None req-b678846a-9593-4d81-9f68-07ca7d73c08a 2644739ac5e14290a2214a11be3bbcfa 7601539739e34243a6ddb9b29540082e - - default default] No more DHCP agents
2026-02-26 04:07:51.254 8 WARNING neutron.api.rpc.agentnotifiers.dhcp_rpc_agent_api [None req-b678846a-9593-4d81-9f68-07ca7d73c08a 2644739ac5e14290a2214a11be3bbcfa 7601539739e34243a6ddb9b29540082e - - default default] Unable to schedule network 8ea8d7ff-c8e9-4407-a74e-b31eb0bb5184: no agents available; will retry on subsequent port and subnet creation events.
2026-02-26 04:07:51.487 7 INFO neutron.db.ovn_revision_numbers_db [None req-13142ca4-e0b0-4435-80e9-df5e58fa75c5 - - - - - -] Successfully bumped revision number for resource 3254cdcf-bbc5-4bd5-be4e-cd8ddcc51dda (type: ports) to 2
2026-02-26 04:07:51.577 7 INFO neutron.db.ovn_revision_numbers_db [None req-9d6bc398-6b85-4f28-be33-51b94a2d7282 - - - - - -] Successfully bumped revision number for resource 2966b9ad-8e6e-482d-93f2-31c76c10e4ca (type: ports) to 4
2026-02-26 04:07:51.629 7 INFO neutron.db.ovn_revision_numbers_db [None req-13142ca4-e0b0-4435-80e9-df5e58fa75c5 - - - - - -] Successfully bumped revision number for resource a5cdd456-776f-48b2-82e3-336938582ca5 (type: subnets) to 0 [pid: 7|app: 0|req: 510/982] 10.0.0.18 () {34 vars in 668 bytes} [Thu Feb 26 04:07:49 2026] POST /v2.0/subnets => generated 626 bytes in 1783 msecs (HTTP/1.1 201) 4 headers in 162 bytes (1 switches on core 0)
2026-02-26 04:07:51.707 8 INFO neutron.db.ovn_revision_numbers_db [None req-b678846a-9593-4d81-9f68-07ca7d73c08a 2644739ac5e14290a2214a11be3bbcfa 7601539739e34243a6ddb9b29540082e - - default default] Successfully bumped revision number for resource 6b1a9674-399a-4933-af3b-ae49c359eea7 (type: router_ports) to 1 [pid: 8|app: 0|req: 473/983] 10.0.0.18 () {34 vars in 782 bytes} [Thu Feb 26 04:07:50 2026] PUT /v2.0/routers/a1ba973d-52f5-460d-a45e-b9a6a68a400f/add_router_interface => generated 309 bytes in 1706 msecs (HTTP/1.1 200) 4 headers in 157 bytes (1 switches on core 0)
2026-02-26 04:07:52.024 8 INFO neutron.db.ovn_revision_numbers_db [None req-4df2f27f-7749-4da2-a3f5-63d73f1e3f2d 87171e2af0624b37a42319168efb0e8a 19f85b5d9d224b9887b020fb2a01b9d0 - - default default] Successfully bumped revision number for resource 4e6834fd-9fae-476f-8f2b-17033a0b8262 (type: security_groups) to 1
2026-02-26 04:07:52.037 8 INFO neutron.db.ovn_revision_numbers_db [None req-4df2f27f-7749-4da2-a3f5-63d73f1e3f2d 87171e2af0624b37a42319168efb0e8a 19f85b5d9d224b9887b020fb2a01b9d0 - - default default] Successfully bumped revision number for resource 7112727f-4ef5-496f-bdef-a98912464bbb (type: security_group_rules) to 0
2026-02-26 04:07:52.049 8 INFO neutron.db.ovn_revision_numbers_db [None req-4df2f27f-7749-4da2-a3f5-63d73f1e3f2d 87171e2af0624b37a42319168efb0e8a 19f85b5d9d224b9887b020fb2a01b9d0 - - default default] Successfully bumped revision number for resource a9dab2cf-ae15-4395-b0bd-1e69b85e5b32 (type: security_group_rules) to 0
2026-02-26 04:07:52.073 8 INFO neutron.db.ovn_revision_numbers_db [None req-4df2f27f-7749-4da2-a3f5-63d73f1e3f2d 87171e2af0624b37a42319168efb0e8a 19f85b5d9d224b9887b020fb2a01b9d0 - - default default] Successfully bumped revision number for resource ca05f5d4-c22c-4a00-9375-bde143211b10 (type: security_group_rules) to 0
2026-02-26 04:07:52.086 8 INFO neutron.db.ovn_revision_numbers_db [None req-4df2f27f-7749-4da2-a3f5-63d73f1e3f2d 87171e2af0624b37a42319168efb0e8a 19f85b5d9d224b9887b020fb2a01b9d0 - - default default] Successfully bumped revision number for resource d2e09f51-4151-4a1e-9e5e-d10f304d80ab (type: security_group_rules) to 0
2026-02-26 04:07:52.181 8 INFO neutron.db.segments_db [None req-4df2f27f-7749-4da2-a3f5-63d73f1e3f2d 87171e2af0624b37a42319168efb0e8a 19f85b5d9d224b9887b020fb2a01b9d0 - - default default] Added segment 41a8425c-68ac-48d1-9c97-d1c3e399a5ca of type geneve for network 32613ea0-862f-48fe-b35c-710771710f0d
2026-02-26 04:07:52.262 8 INFO neutron.db.segments_db [None req-4df2f27f-7749-4da2-a3f5-63d73f1e3f2d 87171e2af0624b37a42319168efb0e8a 19f85b5d9d224b9887b020fb2a01b9d0 - - default default] Added segment 31ba3861-4646-4ebc-ab0f-ca622399abef of type geneve for network d8a84fed-bc4d-4db1-a862-26da5342a73b [pid: 7|app: 0|req: 511/984] 10.0.0.18 () {32 vars in 646 bytes} [Thu Feb 26 04:07:51 2026] GET /v2.0/subnets => generated 649 bytes in 637 msecs (HTTP/1.1 200) 4 headers in 157 bytes (1 switches on core 0)
2026-02-26 04:07:52.367 8 INFO neutron.db.ovn_revision_numbers_db [None req-4df2f27f-7749-4da2-a3f5-63d73f1e3f2d 87171e2af0624b37a42319168efb0e8a 19f85b5d9d224b9887b020fb2a01b9d0 - - default default] Successfully bumped revision number for resource 32613ea0-862f-48fe-b35c-710771710f0d (type: networks) to 1
2026-02-26 04:07:52.559 8 WARNING neutron.scheduler.dhcp_agent_scheduler [None req-4df2f27f-7749-4da2-a3f5-63d73f1e3f2d 87171e2af0624b37a42319168efb0e8a 19f85b5d9d224b9887b020fb2a01b9d0 - - default default] No more DHCP agents
2026-02-26 04:07:52.563 8 WARNING neutron.api.rpc.agentnotifiers.dhcp_rpc_agent_api [None req-4df2f27f-7749-4da2-a3f5-63d73f1e3f2d 87171e2af0624b37a42319168efb0e8a 19f85b5d9d224b9887b020fb2a01b9d0 - - default default] Unable to schedule network 32613ea0-862f-48fe-b35c-710771710f0d: no agents available; will retry on subsequent port and subnet creation events.
2026-02-26 04:07:52.645 8 INFO neutron.plugins.ml2.drivers.ovn.mech_driver.mech_driver [None req-a76b66fa-17ba-4408-8f2f-2f3123af93a1 - - - - - -] OVN reports status down for port: a30a5566-7e3c-406b-b77c-c209eb2c1fc3
2026-02-26 04:07:52.681 8 INFO neutron.db.ovn_revision_numbers_db [None req-4df2f27f-7749-4da2-a3f5-63d73f1e3f2d 87171e2af0624b37a42319168efb0e8a 19f85b5d9d224b9887b020fb2a01b9d0 - - default default] Successfully bumped revision number for resource a30a5566-7e3c-406b-b77c-c209eb2c1fc3 (type: ports) to 1
2026-02-26 04:07:52.782 8 INFO neutron.db.ovn_revision_numbers_db [None req-4df2f27f-7749-4da2-a3f5-63d73f1e3f2d 87171e2af0624b37a42319168efb0e8a 19f85b5d9d224b9887b020fb2a01b9d0 - - default default] Successfully bumped revision number for resource d8a84fed-bc4d-4db1-a862-26da5342a73b (type: networks) to 1
2026-02-26 04:07:52.947 8 WARNING neutron.scheduler.dhcp_agent_scheduler [None req-4df2f27f-7749-4da2-a3f5-63d73f1e3f2d 87171e2af0624b37a42319168efb0e8a 19f85b5d9d224b9887b020fb2a01b9d0 - - default default] No more DHCP agents
2026-02-26 04:07:52.948 8 WARNING neutron.api.rpc.agentnotifiers.dhcp_rpc_agent_api [None req-4df2f27f-7749-4da2-a3f5-63d73f1e3f2d 87171e2af0624b37a42319168efb0e8a 19f85b5d9d224b9887b020fb2a01b9d0 - - default default] Unable to schedule network d8a84fed-bc4d-4db1-a862-26da5342a73b: no agents available; will retry on subsequent port and subnet creation events.
2026-02-26 04:07:52.992 8 INFO neutron.plugins.ml2.drivers.ovn.mech_driver.mech_driver [None req-a76b66fa-17ba-4408-8f2f-2f3123af93a1 - - - - - -] OVN reports status down for port: 4a210f01-c9e9-40b6-a85c-6ec8f017c701
2026-02-26 04:07:53.053 8 INFO neutron.db.ovn_revision_numbers_db [None req-4df2f27f-7749-4da2-a3f5-63d73f1e3f2d 87171e2af0624b37a42319168efb0e8a 19f85b5d9d224b9887b020fb2a01b9d0 - - default default] Successfully bumped revision number for resource 4a210f01-c9e9-40b6-a85c-6ec8f017c701 (type: ports) to 1 [pid: 8|app: 0|req: 474/985] 10.0.0.18 () {34 vars in 669 bytes} [Thu Feb 26 04:07:51 2026] POST /v2.0/networks => generated 1284 bytes in 1401 msecs (HTTP/1.1 201) 4 headers in 163 bytes (1 switches on core 0)
2026-02-26 04:07:53.227 8 INFO neutron_taas.services.taas.taas_plugin [None req-eed78e54-5611-4f6d-8622-db894425a2d7 5c661a01b80c40678d913a052c072015 a9e9e9d9ca1a4831b62cfb1d9d687a58 - - default default] TaaS: Handle Delete Port: d6cd5893-e05b-489e-a377-0ef211ec6b69
2026-02-26 04:07:53.229 7 INFO neutron.db.ovn_revision_numbers_db [None req-0f017523-0758-4910-94d0-7aefa8fdf919 63378d9c955d421bbda2e643f5066b2d bb65560696934a79ae85502c6867cff9 - - default default] Successfully bumped revision number for resource a5cdd456-776f-48b2-82e3-336938582ca5 (type: subnets) to 1
2026-02-26 04:07:53.230 8 INFO neutron_taas.services.taas.tap_mirror_plugin [None req-eed78e54-5611-4f6d-8622-db894425a2d7 5c661a01b80c40678d913a052c072015 a9e9e9d9ca1a4831b62cfb1d9d687a58 - - default default] Tap Mirror: Handle Delete Port: d6cd5893-e05b-489e-a377-0ef211ec6b69
2026-02-26 04:07:53.237 7 INFO neutron.db.ovn_revision_numbers_db [None req-65d977ee-43b1-451a-9b7b-dc8558036687 - - - - - -] Successfully bumped revision number for resource 6b1a9674-399a-4933-af3b-ae49c359eea7 (type: ports) to 2 [pid: 7|app: 0|req: 512/986] 10.0.0.18 () {34 vars in 740 bytes} [Thu Feb 26 04:07:52 2026] PUT /v2.0/subnets/a5cdd456-776f-48b2-82e3-336938582ca5 => generated 636 bytes in 918 msecs (HTTP/1.1 200) 4 headers in 157 bytes (1 switches on core 0)
2026-02-26 04:07:53.407 8 INFO neutron.services.segments.plugin [-] Segment 99c4a952-75b5-40d5-8833-f9ea9df04af4 resource provider aggregate not found
2026-02-26 04:07:53.415 8 INFO neutron.services.segments.plugin [-] Segment 99c4a952-75b5-40d5-8833-f9ea9df04af4 resource provider aggregate not found
2026-02-26 04:07:53.428 8 INFO neutron.services.segments.plugin [-] Segment 99c4a952-75b5-40d5-8833-f9ea9df04af4 resource provider not found; error: Placement Client Error (4xx): {"errors": [{"status": 404, "title": "Not Found", "detail": "The resource could not be found.\n\n No resource provider with uuid 99c4a952-75b5-40d5-8833-f9ea9df04af4 found for delete ", "request_id": "req-3dfe23a8-3df4-4cdb-91b7-47697043a9ea"}]}
2026-02-26 04:07:53.430 8 INFO neutron.services.segments.plugin [-] Segment 99c4a952-75b5-40d5-8833-f9ea9df04af4 resource provider not found; error: Placement Client Error (4xx): {"errors": [{"status": 404, "title": "Not Found", "detail": "The resource could not be found.\n\n No resource provider with uuid 99c4a952-75b5-40d5-8833-f9ea9df04af4 found for delete ", "request_id": "req-98ecb071-9aa4-44b5-9654-a2c40f5fa95e"}]} [pid: 8|app: 0|req: 475/987] 10.0.0.18 () {32 vars in 725 bytes} [Thu Feb 26 04:07:53 2026] DELETE /v2.0/networks/8706f70b-df8a-4dab-b34c-82cb145c039e => generated 0 bytes in 337 msecs (HTTP/1.1 204) 3 headers in 131 bytes (1 switches on core 0) [pid: 7|app: 0|req: 513/988] 10.0.0.28 () {34 vars in 981 bytes} [Thu Feb 26 04:07:53 2026] GET /v2.0/networks?id=8ea8d7ff-c8e9-4407-a74e-b31eb0bb5184 => generated 715 bytes in 237 msecs (HTTP/1.1 200) 4 headers in 157 bytes (1 switches on core 0) [pid: 8|app: 0|req: 476/989] 10.0.0.18 () {32 vars in 648 bytes} [Thu Feb 26 04:07:53 2026] GET /v2.0/networks => generated 1971 bytes in 63 msecs (HTTP/1.1 200) 4 headers in 158 bytes (1 switches on core 0)
2026-02-26 04:07:53.652 8 INFO neutron_taas.services.taas.taas_plugin [None req-d89b8550-5a11-408d-88d2-23d7c2f31bff 5c661a01b80c40678d913a052c072015 a9e9e9d9ca1a4831b62cfb1d9d687a58 - - default default] TaaS: Handle Delete Port: 00839c26-e6f1-417f-8d60-7a11a8792ef7
2026-02-26 04:07:53.655 8 INFO neutron_taas.services.taas.tap_mirror_plugin [None req-d89b8550-5a11-408d-88d2-23d7c2f31bff 5c661a01b80c40678d913a052c072015 a9e9e9d9ca1a4831b62cfb1d9d687a58 - - default default] Tap Mirror: Handle Delete Port: 00839c26-e6f1-417f-8d60-7a11a8792ef7
2026-02-26 04:07:53.662 7 INFO neutron.db.ovn_revision_numbers_db [None req-9d6bc398-6b85-4f28-be33-51b94a2d7282 - - - - - -] Successfully bumped revision number for resource 2966b9ad-8e6e-482d-93f2-31c76c10e4ca (type: ports) to 5
2026-02-26 04:07:53.872 7 INFO neutron_taas.services.taas.taas_plugin [None req-688cbd8e-d87e-4108-adb2-23c51ebfd567 63378d9c955d421bbda2e643f5066b2d bb65560696934a79ae85502c6867cff9 - - default default] TaaS: Handle Delete Port: 3254cdcf-bbc5-4bd5-be4e-cd8ddcc51dda
2026-02-26 04:07:53.875 7 INFO neutron_taas.services.taas.tap_mirror_plugin [None req-688cbd8e-d87e-4108-adb2-23c51ebfd567 63378d9c955d421bbda2e643f5066b2d bb65560696934a79ae85502c6867cff9 - - default default] Tap Mirror: Handle Delete Port: 3254cdcf-bbc5-4bd5-be4e-cd8ddcc51dda [pid: 8|app: 0|req: 477/990] 10.0.0.18 () {32 vars in 725 bytes} [Thu Feb 26 04:07:53 2026] DELETE /v2.0/networks/e573a814-7ec8-4e48-8f2a-3d7c4fad4cf2 => generated 0 bytes in 399 msecs (HTTP/1.1 204) 3 headers in 131 bytes (1 switches on core 0) [pid: 8|app: 0|req: 478/991] 10.0.0.28 () {34 vars in 964 bytes} [Thu Feb 26 04:07:53 2026] GET /v2.0/quotas/789f8df98b63452788fa8a2227d716ff => generated 292 bytes in 13 msecs (HTTP/1.1 200) 4 headers in 157 bytes (1 switches on core 0)
2026-02-26 04:07:54.053 8 INFO neutron_taas.services.taas.taas_plugin [None req-c999596e-6ba4-4a55-b07c-1c21514694f0 87171e2af0624b37a42319168efb0e8a 19f85b5d9d224b9887b020fb2a01b9d0 - - default default] TaaS: Handle Delete Port: a30a5566-7e3c-406b-b77c-c209eb2c1fc3
2026-02-26 04:07:54.056 8 INFO neutron_taas.services.taas.tap_mirror_plugin [None req-c999596e-6ba4-4a55-b07c-1c21514694f0 87171e2af0624b37a42319168efb0e8a 19f85b5d9d224b9887b020fb2a01b9d0 - - default default] Tap Mirror: Handle Delete Port: a30a5566-7e3c-406b-b77c-c209eb2c1fc3
2026-02-26 04:07:54.208 7 INFO neutron.services.segments.plugin [-] Segment 5a3b1ade-b9c5-4d8e-899a-fa346b8cb091 resource provider aggregate not found
2026-02-26 04:07:54.214 7 INFO neutron.services.segments.plugin [-] Segment 5a3b1ade-b9c5-4d8e-899a-fa346b8cb091 resource provider aggregate not found
2026-02-26 04:07:54.230 7 INFO neutron.services.segments.plugin [-] Segment 5a3b1ade-b9c5-4d8e-899a-fa346b8cb091 resource provider not found; error: Placement Client Error (4xx): {"errors": [{"status": 404, "title": "Not Found", "detail": "The resource could not be found.\n\n No resource provider with uuid 5a3b1ade-b9c5-4d8e-899a-fa346b8cb091 found for delete ", "request_id": "req-e1a8e35a-60c9-4306-959d-ceb6ee5c3a47"}]}
2026-02-26 04:07:54.233 7 INFO neutron.services.segments.plugin [-] Segment 5a3b1ade-b9c5-4d8e-899a-fa346b8cb091 resource provider not found; error: Placement Client Error (4xx): {"errors": [{"status": 404, "title": "Not Found", "detail": "The resource could not be found.\n\n No resource provider with uuid 5a3b1ade-b9c5-4d8e-899a-fa346b8cb091 found for delete ", "request_id": "req-f014a4d2-247c-4c5c-b5a3-edbcadb8612a"}]} [pid: 8|app: 0|req: 479/992] 10.0.0.18 () {32 vars in 725 bytes} [Thu Feb 26 04:07:53 2026] DELETE /v2.0/networks/32613ea0-862f-48fe-b35c-710771710f0d => generated 0 bytes in 337 msecs (HTTP/1.1 204) 3 headers in 131 bytes (1 switches on core 0) [pid: 7|app: 0|req: 514/993] 10.0.0.18 () {32 vars in 725 bytes} [Thu Feb 26 04:07:53 2026] DELETE /v2.0/networks/a01cac06-cb9a-49ec-ac65-04e618d180a9 => generated 0 bytes in 776 msecs (HTTP/1.1 204) 3 headers in 131 bytes (1 switches on core 0) [pid: 7|app: 0|req: 515/994] 10.0.0.28 () {34 vars in 1001 bytes} [Thu Feb 26 04:07:54 2026] GET /v2.0/ports?tenant_id=789f8df98b63452788fa8a2227d716ff&fields=id => generated 103 bytes in 71 msecs (HTTP/1.1 200) 4 headers in 157 bytes (1 switches on core 0)
2026-02-26 04:07:54.375 8 INFO neutron_taas.services.taas.taas_plugin [None req-eb02120f-4d72-4b9a-af33-aaf2e45595fa 5c661a01b80c40678d913a052c072015 a9e9e9d9ca1a4831b62cfb1d9d687a58 - - default default] TaaS: Handle Delete Port: 97217e55-0ab0-4d3e-8a22-5ab964259ef5
2026-02-26 04:07:54.379 8 INFO neutron_taas.services.taas.tap_mirror_plugin [None req-eb02120f-4d72-4b9a-af33-aaf2e45595fa 5c661a01b80c40678d913a052c072015 a9e9e9d9ca1a4831b62cfb1d9d687a58 - - default default] Tap Mirror: Handle Delete Port: 97217e55-0ab0-4d3e-8a22-5ab964259ef5
2026-02-26 04:07:54.516 7 INFO neutron_taas.services.taas.taas_plugin [None req-0ccdf34a-5233-4008-9b2a-22d2f8b614bb 87171e2af0624b37a42319168efb0e8a 19f85b5d9d224b9887b020fb2a01b9d0 - - default default] TaaS: Handle Delete Port: 4a210f01-c9e9-40b6-a85c-6ec8f017c701
2026-02-26 04:07:54.520 7 INFO neutron_taas.services.taas.tap_mirror_plugin [None req-0ccdf34a-5233-4008-9b2a-22d2f8b614bb 87171e2af0624b37a42319168efb0e8a 19f85b5d9d224b9887b020fb2a01b9d0 - - default default] Tap Mirror: Handle Delete Port: 4a210f01-c9e9-40b6-a85c-6ec8f017c701 [pid: 8|app: 0|req: 480/995] 10.0.0.18 () {32 vars in 725 bytes} [Thu Feb 26 04:07:54 2026] DELETE /v2.0/networks/93f77710-8811-49c8-8dfb-331a16ade144 => generated 0 bytes in 301 msecs (HTTP/1.1 204) 3 headers in 131 bytes (1 switches on core 0)
2026-02-26 04:07:54.577 8 INFO neutron.pecan_wsgi.hooks.translation [None req-664cb02f-2f41-45e6-9ff4-85a63435527b 63378d9c955d421bbda2e643f5066b2d bb65560696934a79ae85502c6867cff9 - - default default] DELETE failed (client error): The resource could not be found. [pid: 8|app: 0|req: 481/996] 10.0.0.18 () {32 vars in 725 bytes} [Thu Feb 26 04:07:54 2026] DELETE /v2.0/networks/a01cac06-cb9a-49ec-ac65-04e618d180a9 => generated 138 bytes in 13 msecs (HTTP/1.1 404) 4 headers in 164 bytes (1 switches on core 0) [pid: 8|app: 0|req: 482/997] 10.0.0.28 () {34 vars in 1007 bytes} [Thu Feb 26 04:07:54 2026] GET /v2.0/networks/8ea8d7ff-c8e9-4407-a74e-b31eb0bb5184?fields=segments => generated 14 bytes in 31 msecs (HTTP/1.1 200) 4 headers in 156 bytes (1 switches on core 0)
2026-02-26 04:07:54.736 8 INFO neutron_taas.services.taas.taas_plugin [None req-79b112fd-655e-4249-b871-17deb0335d5a 5c661a01b80c40678d913a052c072015 a9e9e9d9ca1a4831b62cfb1d9d687a58 - - default default] TaaS: Handle Delete Port: 29b0e4ab-b8af-4a04-bcdb-60464d0cbc34
2026-02-26 04:07:54.739 8 INFO neutron_taas.services.taas.tap_mirror_plugin [None req-79b112fd-655e-4249-b871-17deb0335d5a 5c661a01b80c40678d913a052c072015 a9e9e9d9ca1a4831b62cfb1d9d687a58 - - default default] Tap Mirror: Handle Delete Port: 29b0e4ab-b8af-4a04-bcdb-60464d0cbc34 [pid: 7|app: 0|req: 516/998] 10.0.0.18 () {32 vars in 725 bytes} [Thu Feb 26 04:07:54 2026] DELETE /v2.0/networks/d8a84fed-bc4d-4db1-a862-26da5342a73b => generated 0 bytes in 440 msecs (HTTP/1.1 204) 3 headers in 131 bytes (1 switches on core 0) [pid: 7|app: 0|req: 517/999] 10.0.0.18 () {32 vars in 693 bytes} [Thu Feb 26 04:07:54 2026] GET /v2.0/networks?router%3Aexternal=True => generated 689 bytes in 60 msecs (HTTP/1.1 200) 4 headers in 157 bytes (1 switches on core 0) [pid: 7|app: 0|req: 518/1000] 10.0.0.28 () {34 vars in 1107 bytes} [Thu Feb 26 04:07:54 2026] GET /v2.0/networks/8ea8d7ff-c8e9-4407-a74e-b31eb0bb5184?fields=provider%3Aphysical_network&fields=provider%3Anetwork_type => generated 79 bytes in 53 msecs (HTTP/1.1 200) 4 headers in 156 bytes (1 switches on core 0) [pid: 7|app: 0|req: 519/1001] 10.0.0.18 () {32 vars in 648 bytes} [Thu Feb 26 04:07:54 2026] GET /v2.0/networks => generated 689 bytes in 56 msecs (HTTP/1.1 200) 4 headers in 157 bytes (1 switches on core 0) [pid: 8|app: 0|req: 483/1002] 10.0.0.18 () {32 vars in 725 bytes} [Thu Feb 26 04:07:54 2026] DELETE /v2.0/networks/55a504f1-b324-41d3-9415-ad23a5d92bcc => generated 0 bytes in 350 msecs (HTTP/1.1 204) 3 headers in 131 bytes (1 switches on core 0) [pid: 7|app: 0|req: 520/1003] 10.0.0.18 () {32 vars in 741 bytes} [Thu Feb 26 04:07:54 2026] GET /v2.0/subnets?network_id=70d93cc0-a20f-4890-8095-6e70eb1a39d1 => generated 649 bytes in 56 msecs (HTTP/1.1 200) 4 headers in 157 bytes (1 switches on core 0) [pid: 7|app: 0|req: 521/1004] 10.0.0.18 () {32 vars in 652 bytes} [Thu Feb 26 04:07:55 2026] GET /v2.0/extensions => generated 20541 bytes in 6 msecs (HTTP/1.1 200) 4 headers in 159 bytes (1 switches on core 0)
2026-02-26 04:07:55.051 8 INFO neutron.db.segments_db [None req-b843e5af-439d-4c30-87bf-daf5d8ed244f 87171e2af0624b37a42319168efb0e8a 19f85b5d9d224b9887b020fb2a01b9d0 - - default default] Added segment 4c75bfd2-b78b-4d08-9011-7b8d4ae7a677 of type geneve for network bc27b799-77f2-4cc2-9c70-07a85c37ff58 [pid: 7|app: 0|req: 522/1005] 10.0.0.18 () {32 vars in 648 bytes} [Thu Feb 26 04:07:55 2026] GET /v2.0/networks => generated 1385 bytes in 61 msecs (HTTP/1.1 200) 4 headers in 158 bytes (1 switches on core 0) [pid: 7|app: 0|req: 523/1006] 10.0.0.28 () {34 vars in 989 bytes} [Thu Feb 26 04:07:55 2026] GET /v2.0/ports?device_id=07c986e1-9bf6-4c57-8875-aa9dacc10427 => generated 12 bytes in 16 msecs (HTTP/1.1 200) 4 headers in 156 bytes (1 switches on core 0) [pid: 7|app: 0|req: 524/1007] 10.0.0.18 () {32 vars in 646 bytes} [Thu Feb 26 04:07:55 2026] GET /v2.0/subnets => generated 1280 bytes in 25 msecs (HTTP/1.1 200) 4 headers in 158 bytes (1 switches on core 0)
2026-02-26 04:07:55.166 8 INFO neutron.db.ovn_revision_numbers_db [None req-b843e5af-439d-4c30-87bf-daf5d8ed244f 87171e2af0624b37a42319168efb0e8a 19f85b5d9d224b9887b020fb2a01b9d0 - - default default] Successfully bumped revision number for resource bc27b799-77f2-4cc2-9c70-07a85c37ff58 (type: networks) to 1 [pid: 7|app: 0|req: 525/1008] 10.0.0.18 () {32 vars in 722 bytes} [Thu Feb 26 04:07:55 2026] GET /v2.0/networks/114c0c12-6143-40ec-94a6-8a89bbb6480e => generated 707 bytes in 52 msecs (HTTP/1.1 200) 4 headers in 157 bytes (1 switches on core 0) [pid: 7|app: 0|req: 526/1009] 10.0.0.18 () {32 vars in 720 bytes} [Thu Feb 26 04:07:55 2026] GET /v2.0/subnets/eca839aa-3862-4f28-ad9c-b2706e3d97ea => generated 641 bytes in 24 msecs (HTTP/1.1 200) 4 headers in 157 bytes (1 switches on core 0)
2026-02-26 04:07:55.243 7 INFO neutron.pecan_wsgi.hooks.translation [None req-58f13a75-c3e8-40e3-b576-11bdf7970326 63378d9c955d421bbda2e643f5066b2d bb65560696934a79ae85502c6867cff9 - - default default] DELETE failed (client error): The resource could not be found. [pid: 7|app: 0|req: 527/1010] 10.0.0.18 () {32 vars in 723 bytes} [Thu Feb 26 04:07:55 2026] DELETE /v2.0/subnets/a5cdd456-776f-48b2-82e3-336938582ca5 => generated 136 bytes in 13 msecs (HTTP/1.1 404) 4 headers in 164 bytes (1 switches on core 0)
2026-02-26 04:07:55.258 7 INFO neutron.pecan_wsgi.hooks.translation [None req-668d0158-0529-45b5-b9fe-41bffa0a42b5 63378d9c955d421bbda2e643f5066b2d bb65560696934a79ae85502c6867cff9 - - default default] DELETE failed (client error): The resource could not be found. [pid: 7|app: 0|req: 528/1011] 10.0.0.18 () {32 vars in 725 bytes} [Thu Feb 26 04:07:55 2026] DELETE /v2.0/networks/a01cac06-cb9a-49ec-ac65-04e618d180a9 => generated 138 bytes in 12 msecs (HTTP/1.1 404) 4 headers in 164 bytes (1 switches on core 0)
2026-02-26 04:07:55.339 8 WARNING neutron.scheduler.dhcp_agent_scheduler [None req-b843e5af-439d-4c30-87bf-daf5d8ed244f 87171e2af0624b37a42319168efb0e8a 19f85b5d9d224b9887b020fb2a01b9d0 - - default default] No more DHCP agents
2026-02-26 04:07:55.340 8 WARNING neutron.api.rpc.agentnotifiers.dhcp_rpc_agent_api [None req-b843e5af-439d-4c30-87bf-daf5d8ed244f 87171e2af0624b37a42319168efb0e8a 19f85b5d9d224b9887b020fb2a01b9d0 - - default default] Unable to schedule network bc27b799-77f2-4cc2-9c70-07a85c37ff58: no agents available; will retry on subsequent port and subnet creation events.
2026-02-26 04:07:55.392 8 INFO neutron.plugins.ml2.drivers.ovn.mech_driver.mech_driver [None req-a76b66fa-17ba-4408-8f2f-2f3123af93a1 - - - - - -] OVN reports status down for port: 78570e5f-7731-41e6-b4ec-a94aafec61aa
2026-02-26 04:07:55.457 8 INFO neutron.services.segments.plugin [-] Segment f6d55d8e-01ea-4dbd-b725-9e418e6f4632 resource provider aggregate not found
2026-02-26 04:07:55.462 8 INFO neutron.db.ovn_revision_numbers_db [None req-b843e5af-439d-4c30-87bf-daf5d8ed244f 87171e2af0624b37a42319168efb0e8a 19f85b5d9d224b9887b020fb2a01b9d0 - - default default] Successfully bumped revision number for resource 78570e5f-7731-41e6-b4ec-a94aafec61aa (type: ports) to 1
2026-02-26 04:07:55.467 8 INFO neutron.services.segments.plugin [-] Segment f6d55d8e-01ea-4dbd-b725-9e418e6f4632 resource provider aggregate not found [pid: 7|app: 0|req: 529/1012] 10.0.0.18 () {32 vars in 723 bytes} [Thu Feb 26 04:07:55 2026] DELETE /v2.0/subnets/eca839aa-3862-4f28-ad9c-b2706e3d97ea => generated 0 bytes in 206 msecs (HTTP/1.1 204) 3 headers in 131 bytes (1 switches on core 0)
2026-02-26 04:07:55.484 8 INFO neutron.services.segments.plugin [-] Segment f6d55d8e-01ea-4dbd-b725-9e418e6f4632 resource provider not found; error: Placement Client Error (4xx): {"errors": [{"status": 404, "title": "Not Found", "detail": "The resource could not be found.\n\n No resource provider with uuid f6d55d8e-01ea-4dbd-b725-9e418e6f4632 found for delete ", "request_id": "req-c1518afb-ff6f-4f27-995f-0736c102546a"}]}
2026-02-26 04:07:55.514 8 INFO neutron.services.segments.plugin [-] Segment 41a8425c-68ac-48d1-9c97-d1c3e399a5ca resource provider aggregate not found
2026-02-26 04:07:55.514 8 INFO neutron.services.segments.plugin [-] Segment f6d55d8e-01ea-4dbd-b725-9e418e6f4632 resource provider not found; error: Placement Client Error (4xx): {"errors": [{"status": 404, "title": "Not Found", "detail": "The resource could not be found.\n\n No resource provider with uuid f6d55d8e-01ea-4dbd-b725-9e418e6f4632 found for delete ", "request_id": "req-756b6b53-c89a-4f42-aa78-8921adf51a92"}]}
2026-02-26 04:07:55.558 8 INFO neutron.services.segments.plugin [-] Segment 41a8425c-68ac-48d1-9c97-d1c3e399a5ca resource provider not found; error: Placement Client Error (4xx): {"errors": [{"status": 404, "title": "Not Found", "detail": "The resource could not be found.\n\n No resource provider with uuid 41a8425c-68ac-48d1-9c97-d1c3e399a5ca found for delete ", "request_id": "req-df55715f-a37a-4501-a82b-a12157526d5b"}]}
2026-02-26 04:07:55.559 8 INFO neutron.services.segments.plugin [-] Segment 41a8425c-68ac-48d1-9c97-d1c3e399a5ca resource provider aggregate not found
2026-02-26 04:07:55.581 8 INFO neutron.services.segments.plugin [-] Segment 59a49949-b9f7-4d05-a03f-5371bcc16aca resource provider aggregate not found [pid: 8|app: 0|req: 484/1013] 10.0.0.18 () {34 vars in 669 bytes} [Thu Feb 26 04:07:54 2026] POST /v2.0/networks => generated 667 bytes in 626 msecs (HTTP/1.1 201) 4 headers in 162 bytes (1 switches on core 0)
2026-02-26 04:07:55.591 8 INFO neutron.services.segments.plugin [-] Segment 41a8425c-68ac-48d1-9c97-d1c3e399a5ca resource provider not found; error: Placement Client Error (4xx): {"errors": [{"status": 404, "title": "Not Found", "detail": "The resource could not be found.\n\n No resource provider with uuid 41a8425c-68ac-48d1-9c97-d1c3e399a5ca found for delete ", "request_id": "req-71d256ba-dd33-46ca-8cc6-e91a2c56ebf4"}]}
2026-02-26 04:07:55.603 7 INFO neutron_taas.services.taas.taas_plugin [None req-d22bdd35-e158-4083-b97b-1e9e87b17af0 63378d9c955d421bbda2e643f5066b2d bb65560696934a79ae85502c6867cff9 - - default default] TaaS: Handle Delete Port: c700cd90-342c-4576-9e3a-013648c58c25
2026-02-26 04:07:55.606 7 INFO neutron_taas.services.taas.tap_mirror_plugin [None req-d22bdd35-e158-4083-b97b-1e9e87b17af0 63378d9c955d421bbda2e643f5066b2d bb65560696934a79ae85502c6867cff9 - - default default] Tap Mirror: Handle Delete Port: c700cd90-342c-4576-9e3a-013648c58c25
2026-02-26 04:07:55.610 8 INFO neutron.services.segments.plugin [-] Segment 59a49949-b9f7-4d05-a03f-5371bcc16aca resource provider not found; error: Placement Client Error (4xx): {"errors": [{"status": 404, "title": "Not Found", "detail": "The resource could not be found.\n\n No resource provider with uuid 59a49949-b9f7-4d05-a03f-5371bcc16aca found for delete ", "request_id": "req-42b651e5-0971-4659-b40f-630baa2a6509"}]}
2026-02-26 04:07:55.619 8 INFO neutron.services.segments.plugin [-] Segment 59a49949-b9f7-4d05-a03f-5371bcc16aca resource provider aggregate not found
2026-02-26 04:07:55.626 8 INFO neutron.services.segments.plugin [-] Segment f0f909b2-4584-487c-b2cd-9d35ea8fdca9 resource provider aggregate not found
2026-02-26 04:07:55.633 8 INFO neutron.services.segments.plugin [-] Segment 59a49949-b9f7-4d05-a03f-5371bcc16aca resource provider not found; error: Placement Client Error (4xx): {"errors": [{"status": 404, "title": "Not Found", "detail": "The resource could not be found.\n\n No resource provider with uuid 59a49949-b9f7-4d05-a03f-5371bcc16aca found for delete ", "request_id": "req-b524a6a1-fcfd-41e4-a20e-78a088eba4b4"}]}
2026-02-26 04:07:55.638 8 INFO neutron.services.segments.plugin [-] Segment f0f909b2-4584-487c-b2cd-9d35ea8fdca9 resource provider not found; error: Placement Client Error (4xx): {"errors": [{"status": 404, "title": "Not Found", "detail": "The resource could not be found.\n\n No resource provider with uuid f0f909b2-4584-487c-b2cd-9d35ea8fdca9 found for delete ", "request_id": "req-ea33c5e7-c672-4c5c-9e50-38e84cab2183"}]}
2026-02-26 04:07:55.643 8 INFO neutron.services.segments.plugin [-] Segment f0f909b2-4584-487c-b2cd-9d35ea8fdca9 resource provider aggregate not found
2026-02-26 04:07:55.656 8 INFO neutron.services.segments.plugin [-] Segment f0f909b2-4584-487c-b2cd-9d35ea8fdca9 resource provider not found; error: Placement Client Error (4xx): {"errors": [{"status": 404, "title": "Not Found", "detail": "The resource could not be found.\n\n No resource provider with uuid f0f909b2-4584-487c-b2cd-9d35ea8fdca9 found for delete ", "request_id": "req-dd87049d-a2e7-48fc-abaa-d4421630b66f"}]} [pid: 8|app: 0|req: 485/1014] 10.0.0.18 () {32 vars in 773 bytes} [Thu Feb 26 04:07:55 2026] GET /v2.0/security-groups?tenant_id=a9e9e9d9ca1a4831b62cfb1d9d687a58&name=default => generated 2925 bytes in 156 msecs (HTTP/1.1 200) 4 headers in 158 bytes (1 switches on core 0)
2026-02-26 04:07:55.839 8 INFO neutron.db.segments_db [None req-312fbdcd-fb33-4b6a-85a7-1fe67775e918 87171e2af0624b37a42319168efb0e8a 19f85b5d9d224b9887b020fb2a01b9d0 - - default default] Added segment f774c996-9eb4-4c80-88fb-648c0e6a9da6 of type geneve for network d4a8f4a7-00e3-4ee9-bcbf-5cd66f3f11d8 [pid: 7|app: 0|req: 530/1015] 10.0.0.18 () {32 vars in 725 bytes} [Thu Feb 26 04:07:55 2026] DELETE /v2.0/networks/114c0c12-6143-40ec-94a6-8a89bbb6480e => generated 0 bytes in 384 msecs (HTTP/1.1 204) 3 headers in 131 bytes (1 switches on core 0)
2026-02-26 04:07:55.954 8 INFO neutron.db.ovn_revision_numbers_db [None req-312fbdcd-fb33-4b6a-85a7-1fe67775e918 87171e2af0624b37a42319168efb0e8a 19f85b5d9d224b9887b020fb2a01b9d0 - - default default] Successfully bumped revision number for resource d4a8f4a7-00e3-4ee9-bcbf-5cd66f3f11d8 (type: networks) to 1 [pid: 7|app: 0|req: 531/1016] 10.0.0.18 () {32 vars in 739 bytes} [Thu Feb 26 04:07:55 2026] DELETE /v2.0/security-groups/f48625c0-9a00-4a8e-ae9f-6a474fc22a68 => generated 0 bytes in 248 msecs (HTTP/1.1 204) 2 headers in 112 bytes (1 switches on core 0)
2026-02-26 04:07:56.144 8 WARNING neutron.scheduler.dhcp_agent_scheduler [None req-312fbdcd-fb33-4b6a-85a7-1fe67775e918 87171e2af0624b37a42319168efb0e8a 19f85b5d9d224b9887b020fb2a01b9d0 - - default default] No more DHCP agents
2026-02-26 04:07:56.145 8 WARNING neutron.api.rpc.agentnotifiers.dhcp_rpc_agent_api [None req-312fbdcd-fb33-4b6a-85a7-1fe67775e918 87171e2af0624b37a42319168efb0e8a 19f85b5d9d224b9887b020fb2a01b9d0 - - default default] Unable to schedule network d4a8f4a7-00e3-4ee9-bcbf-5cd66f3f11d8: no agents available; will retry on subsequent port and subnet creation events.
2026-02-26 04:07:56.224 8 INFO neutron.db.ovn_revision_numbers_db [None req-312fbdcd-fb33-4b6a-85a7-1fe67775e918 87171e2af0624b37a42319168efb0e8a 19f85b5d9d224b9887b020fb2a01b9d0 - - default default] Successfully bumped revision number for resource 40f6f603-2d1b-4f13-91f3-05985b01dd78 (type: ports) to 1 [pid: 7|app: 0|req: 534/1019] 10.0.0.28 () {34 vars in 989 bytes} [Thu Feb 26 04:07:56 2026] GET /v2.0/ports?device_id=07c986e1-9bf6-4c57-8875-aa9dacc10427 => generated 12 bytes in 64 msecs (HTTP/1.1 200) 4 headers in 156 bytes (1 switches on core 0) [pid: 8|app: 0|req: 486/1020] 10.0.0.18 () {34 vars in 669 bytes} [Thu Feb 26 04:07:55 2026] POST /v2.0/networks => generated 669 bytes in 501 msecs (HTTP/1.1 201) 4 headers in 162 bytes (1 switches on core 0)
2026-02-26 04:07:56.254 7 INFO neutron.services.segments.plugin [-] Segment 31ba3861-4646-4ebc-ab0f-ca622399abef resource provider aggregate not found
2026-02-26 04:07:56.272 7 INFO neutron.services.segments.plugin [-] Segment 31ba3861-4646-4ebc-ab0f-ca622399abef resource provider aggregate not found
2026-02-26 04:07:56.279 7 INFO neutron.services.segments.plugin [-] Segment 31ba3861-4646-4ebc-ab0f-ca622399abef resource provider not found; error: Placement Client Error (4xx): {"errors": [{"status": 404, "title": "Not Found", "detail": "The resource could not be found.\n\n No resource provider with uuid 31ba3861-4646-4ebc-ab0f-ca622399abef found for delete ", "request_id": "req-56e39daa-bb7a-4e88-83a8-d07b425a3d13"}]}
2026-02-26 04:07:56.300 7 INFO neutron.services.segments.plugin [-] Segment 31ba3861-4646-4ebc-ab0f-ca622399abef resource provider not found; error: Placement Client Error (4xx): {"errors": [{"status": 404, "title": "Not Found", "detail": "The resource could not be found.\n\n No resource provider with uuid 31ba3861-4646-4ebc-ab0f-ca622399abef found for delete ", "request_id": "req-40aa1d4d-b9bb-44eb-92e9-3ab431fd0723"}]}
2026-02-26 04:07:56.309 7 INFO neutron.services.segments.plugin [-] Segment 01b14bf8-6a79-4430-a32b-13093115e8df resource provider aggregate not found
2026-02-26 04:07:56.325 7 INFO neutron.services.segments.plugin [-] Segment 01b14bf8-6a79-4430-a32b-13093115e8df resource provider aggregate not found
2026-02-26 04:07:56.333 7 INFO neutron.services.segments.plugin [-] Segment 01b14bf8-6a79-4430-a32b-13093115e8df resource provider not found; error: Placement Client Error (4xx): {"errors": [{"status": 404, "title": "Not Found", "detail": "The resource could not be found.\n\n No resource provider with uuid 01b14bf8-6a79-4430-a32b-13093115e8df found for delete ", "request_id": "req-a85e38f1-1225-426f-8812-7271c872bb8c"}]}
2026-02-26 04:07:56.362 7 INFO neutron.services.segments.plugin [-] Segment 01b14bf8-6a79-4430-a32b-13093115e8df resource provider not found; error: Placement Client Error (4xx): {"errors": [{"status": 404, "title": "Not Found", "detail": "The resource could not be found.\n\n No resource provider with uuid 01b14bf8-6a79-4430-a32b-13093115e8df found for delete ", "request_id": "req-e2b7d9a1-e01d-4fd4-8c96-00cac6209057"}]} [pid: 8|app: 0|req: 487/1021] 10.0.0.28 () {34 vars in 989 bytes} [Thu Feb 26 04:07:56 2026] GET /v2.0/ports?device_id=07c986e1-9bf6-4c57-8875-aa9dacc10427 => generated 12 bytes in 22 msecs (HTTP/1.1 200) 4 headers in 156 bytes (1 switches on core 0) [pid: 8|app: 0|req: 488/1022] 10.0.0.18 () {32 vars in 773 bytes} [Thu Feb 26 04:07:56 2026] GET /v2.0/security-groups?tenant_id=bb65560696934a79ae85502c6867cff9&name=default => generated 2925 bytes in 204 msecs (HTTP/1.1 200) 4 headers in 158 bytes (1 switches on core 0)
2026-02-26 04:07:56.847 7 WARNING neutron.scheduler.dhcp_agent_scheduler [None req-5c26e992-2624-406a-a3cb-d8f6597fd439 87171e2af0624b37a42319168efb0e8a 19f85b5d9d224b9887b020fb2a01b9d0 - - default default] No more DHCP agents
2026-02-26 04:07:56.848 7 WARNING neutron.api.rpc.agentnotifiers.dhcp_rpc_agent_api [None req-5c26e992-2624-406a-a3cb-d8f6597fd439 87171e2af0624b37a42319168efb0e8a 19f85b5d9d224b9887b020fb2a01b9d0 - - default default] Unable to schedule network bc27b799-77f2-4cc2-9c70-07a85c37ff58: no agents available; will retry on subsequent port and subnet creation events.
2026-02-26 04:07:56.862 8 INFO neutron_taas.services.taas.taas_plugin [None req-8294ed73-8e31-4ef6-b1ca-3f1b1623a435 2644739ac5e14290a2214a11be3bbcfa 7601539739e34243a6ddb9b29540082e - - default default] TaaS: Handle Delete Port: 6b1a9674-399a-4933-af3b-ae49c359eea7
2026-02-26 04:07:56.872 8 INFO neutron_taas.services.taas.tap_mirror_plugin [None req-8294ed73-8e31-4ef6-b1ca-3f1b1623a435 2644739ac5e14290a2214a11be3bbcfa 7601539739e34243a6ddb9b29540082e - - default default] Tap Mirror: Handle Delete Port: 6b1a9674-399a-4933-af3b-ae49c359eea7
2026-02-26 04:07:56.945 7 INFO neutron.db.ovn_revision_numbers_db [None req-5c26e992-2624-406a-a3cb-d8f6597fd439 87171e2af0624b37a42319168efb0e8a 19f85b5d9d224b9887b020fb2a01b9d0 - - default default] Successfully bumped revision number for resource 381833bb-0cd2-4789-af1a-b7ce84eec4f1 (type: ports) to 1
2026-02-26 04:07:56.976 7 WARNING neutron.scheduler.dhcp_agent_scheduler [None req-5c26e992-2624-406a-a3cb-d8f6597fd439 87171e2af0624b37a42319168efb0e8a 19f85b5d9d224b9887b020fb2a01b9d0 - - default default] No more DHCP agents
2026-02-26 04:07:56.979 7 WARNING neutron.api.rpc.agentnotifiers.dhcp_rpc_agent_api [None req-5c26e992-2624-406a-a3cb-d8f6597fd439 87171e2af0624b37a42319168efb0e8a 19f85b5d9d224b9887b020fb2a01b9d0 - - default default] Unable to schedule network d4a8f4a7-00e3-4ee9-bcbf-5cd66f3f11d8: no agents available; will retry on subsequent port and subnet creation events.
2026-02-26 04:07:57.035 8 INFO neutron.plugins.ml2.drivers.ovn.mech_driver.mech_driver [None req-a76b66fa-17ba-4408-8f2f-2f3123af93a1 - - - - - -] OVN reports status down for port: 2bf655b9-f5e5-4b82-be7d-ee1d90ed8d54
